2024-05-03T18:36:58.150 INFO:teuthology.orchestra.run.smithi032.stdout:/usr/bin/ceph: stderr
2024-05-03T18:36:57.513+0000 7f36f67a0700 1 -- 172.21.15.32:0/4178890853 shutdown_connections
2024-05-03T18:36:58.150 INFO:teuthology.orchestra.run.smithi032.stdout:/usr/bin/ceph: stderr
2024-05-03T18:36:57.513+0000 7f36f67a0700 1 --2- 172.21.15.32:0/4178890853 >> [v2:172.21.15.32:3300/0,v1:172.21.15.32:6789/0] conn(0x7f36f0107e90 0x7f36f019bde0 unknown :-1 s=CLOSED pgs=10 cs=0 l=1 rev1=1 crypto rx=0 tx=0 comp rx=0 tx=0).stop
2024-05-03T18:36:58.150 INFO:teuthology.orchestra.run.smithi032.stdout:/usr/bin/ceph: stderr
2024-05-03T18:36:57.513+0000 7f36f67a0700 1 -- 172.21.15.32:0/4178890853 >> 172.21.15.32:0/4178890853 conn(0x7f36f01034d0 msgr2=0x7f36f0103fa0 unknown :-1 s=STATE_NONE l=0).mark_down
2024-05-03T18:36:58.150 INFO:teuthology.orchestra.run.smithi032.stdout:/usr/bin/ceph: stderr
2024-05-03T18:36:57.513+0000 7f36f67a0700 1 -- 172.21.15.32:0/4178890853 shutdown_connections
2024-05-03T18:36:58.150 INFO:teuthology.orchestra.run.smithi032.stdout:/usr/bin/ceph: stderr
2024-05-03T18:36:57.513+0000 7f36f67a0700 1 -- 172.21.15.32:0/4178890853 wait complete.
2024-05-03T18:36:58.150 INFO:teuthology.orchestra.run.smithi032.stdout:mgr not available, waiting (3/15)...
2024-05-03T18:36:58.564 INFO:journalctl@ceph.mgr.x.smithi032.stdout:May 03 18:36:58 smithi032 ceph-f500455e-097b-11ef-bc97-c7b262605968-mgr-x[29995]:
2024-05-03T18:36:58.147+0000 7fc81ed94200 -1 mgr[py] Module nfs has missing NOTIFY_TYPES member
2024-05-03T18:36:58.818 INFO:journalctl@ceph.mon.a.smithi032.stdout:May 03 18:36:58 smithi032 ceph-mon[29763]: Activating manager daemon x
2024-05-03T18:36:58.818 INFO:journalctl@ceph.mon.a.smithi032.stdout:May 03 18:36:58 smithi032 ceph-mon[29763]: mgrmap e2: x(active, starting, since 0.00310742s)
2024-05-03T18:36:58.818 INFO:journalctl@ceph.mon.a.smithi032.stdout:May 03 18:36:58 smithi032 ceph-mon[29763]: from='mgr.14100 172.21.15.32:0/1920787905' entity='mgr.x' cmd=[{"prefix": "mds metadata"}]: dispatch
2024-05-03T18:36:58.818 INFO:journalctl@ceph.mon.a.smithi032.stdout:May 03 18:36:58 smithi032 ceph-mon[29763]: from='mgr.14100 172.21.15.32:0/1920787905' entity='mgr.x' cmd=[{"prefix": "osd metadata"}]: dispatch
2024-05-03T18:36:58.818 INFO:journalctl@ceph.mon.a.smithi032.stdout:May 03 18:36:58 smithi032 ceph-mon[29763]: from='mgr.14100 172.21.15.32:0/1920787905' entity='mgr.x' cmd=[{"prefix": "mon metadata"}]: dispatch
2024-05-03T18:36:58.818 INFO:journalctl@ceph.mon.a.smithi032.stdout:May 03 18:36:58 smithi032 ceph-mon[29763]: from='mgr.14100 172.21.15.32:0/1920787905' entity='mgr.x' cmd=[{"prefix": "mon metadata", "id": "a"}]: dispatch
2024-05-03T18:36:58.819 INFO:journalctl@ceph.mon.a.smithi032.stdout:May 03 18:36:58 smithi032 ceph-mon[29763]: from='mgr.14100 172.21.15.32:0/1920787905' entity='mgr.x' cmd=[{"prefix": "mgr metadata", "who": "x", "id": "x"}]: dispatch
2024-05-03T18:36:58.819 INFO:journalctl@ceph.mon.a.smithi032.stdout:May 03 18:36:58 smithi032 ceph-mon[29763]: Manager daemon x is now available
2024-05-03T18:36:58.819 INFO:journalctl@ceph.mon.a.smithi032.stdout:May 03 18:36:58 smithi032 ceph-mon[29763]: from='mgr.14100 172.21.15.32:0/1920787905' entity='mgr.x' cmd=[{"prefix":"config rm","who":"mgr","name":"mgr/rbd_support/x/mirror_snapshot_schedule"}]: dispatch
2024-05-03T18:36:58.819 INFO:journalctl@ceph.mon.a.smithi032.stdout:May 03 18:36:58 smithi032 ceph-mon[29763]: from='mgr.14100 172.21.15.32:0/1920787905' entity='mgr.x' cmd=[{"prefix":"config rm","who":"mgr","name":"mgr/rbd_support/x/trash_purge_schedule"}]: dispatch
2024-05-03T18:36:58.819 INFO:journalctl@ceph.mon.a.smithi032.stdout:May 03 18:36:58 smithi032 ceph-mon[29763]: from='mgr.14100 172.21.15.32:0/1920787905' entity='mgr.x'
2024-05-03T18:36:58.819 INFO:journalctl@ceph.mon.a.smithi032.stdout:May 03 18:36:58 smithi032 ceph-mon[29763]: from='mgr.14100 172.21.15.32:0/1920787905' entity='mgr.x'
2024-05-03T18:36:58.819 INFO:journalctl@ceph.mon.a.smithi032.stdout:May 03 18:36:58 smithi032 ceph-mon[29763]: from='mgr.14100 172.21.15.32:0/1920787905' entity='mgr.x'
2024-05-03T18:37:00.568 INFO:journalctl@ceph.mon.a.smithi032.stdout:May 03 18:37:00 smithi032 ceph-mon[29763]: mgrmap e3: x(active, since 1.00793s)
2024-05-03T18:37:01.567 INFO:journalctl@ceph.mon.a.smithi032.stdout:May 03 18:37:01 smithi032 ceph-mon[29763]: mgrmap e4: x(active, since 2s)
2024-05-03T18:37:04.495 INFO:journalctl@ceph.mon.a.smithi032.stdout:May 03 18:37:04 smithi032 ceph-mon[29763]: from='client.? 172.21.15.32:0/2696088645' entity='client.admin' cmd=[{"prefix": "status", "format": "json-pretty"}]: dispatch
2024-05-03T18:37:09.314 INFO:teuthology.orchestra.run.smithi032.stdout:/usr/bin/ceph: stdout
2024-05-03T18:37:09.314 INFO:teuthology.orchestra.run.smithi032.stdout:/usr/bin/ceph: stdout {
2024-05-03T18:37:09.314 INFO:teuthology.orchestra.run.smithi032.stdout:/usr/bin/ceph: stdout "fsid": "f500455e-097b-11ef-bc97-c7b262605968",
2024-05-03T18:37:09.314 INFO:teuthology.orchestra.run.smithi032.stdout:/usr/bin/ceph: stdout "health": {
2024-05-03T18:37:09.314 INFO:teuthology.orchestra.run.smithi032.stdout:/usr/bin/ceph: stdout "status": "HEALTH_OK",
2024-05-03T18:37:09.314 INFO:teuthology.orchestra.run.smithi032.stdout:/usr/bin/ceph: stdout "checks": {},
2024-05-03T18:37:09.314 INFO:teuthology.orchestra.run.smithi032.stdout:/usr/bin/ceph: stdout "mutes": []
2024-05-03T18:37:09.314 INFO:teuthology.orchestra.run.smithi032.stdout:/usr/bin/ceph: stdout },
2024-05-03T18:37:09.314 INFO:teuthology.orchestra.run.smithi032.stdout:/usr/bin/ceph: stdout "election_epoch": 5,
2024-05-03T18:37:09.314 INFO:teuthology.orchestra.run.smithi032.stdout:/usr/bin/ceph: stdout "quorum": [
2024-05-03T18:37:09.315 INFO:teuthology.orchestra.run.smithi032.stdout:/usr/bin/ceph: stdout 0
2024-05-03T18:37:09.315 INFO:teuthology.orchestra.run.smithi032.stdout:/usr/bin/ceph: stdout ],
2024-05-03T18:37:09.315 INFO:teuthology.orchestra.run.smithi032.stdout:/usr/bin/ceph: stdout "quorum_names": [
2024-05-03T18:37:09.315 INFO:teuthology.orchestra.run.smithi032.stdout:/usr/bin/ceph: stdout "a"
2024-05-03T18:37:09.315 INFO:teuthology.orchestra.run.smithi032.stdout:/usr/bin/ceph: stdout ],
2024-05-03T18:37:09.315 INFO:teuthology.orchestra.run.smithi032.stdout:/usr/bin/ceph: stdout "quorum_age": 15,
2024-05-03T18:37:09.315 INFO:teuthology.orchestra.run.smithi032.stdout:/usr/bin/ceph: stdout "monmap": {
2024-05-03T18:37:09.315 INFO:teuthology.orchestra.run.smithi032.stdout:/usr/bin/ceph: stdout "epoch": 1,
2024-05-03T18:37:09.315 INFO:teuthology.orchestra.run.smithi032.stdout:/usr/bin/ceph: stdout "min_mon_release_name": "squid",
2024-05-03T18:37:09.315 INFO:teuthology.orchestra.run.smithi032.stdout:/usr/bin/ceph: stdout "num_mons": 1
2024-05-03T18:37:09.315 INFO:teuthology.orchestra.run.smithi032.stdout:/usr/bin/ceph: stdout },
2024-05-03T18:37:09.315 INFO:teuthology.orchestra.run.smithi032.stdout:/usr/bin/ceph: stdout "osdmap": {
2024-05-03T18:37:09.315 INFO:teuthology.orchestra.run.smithi032.stdout:/usr/bin/ceph: stdout "epoch": 1,
2024-05-03T18:37:09.315 INFO:teuthology.orchestra.run.smithi032.stdout:/usr/bin/ceph: stdout "num_osds": 0,
2024-05-03T18:37:09.315 INFO:teuthology.orchestra.run.smithi032.stdout:/usr/bin/ceph: stdout "num_up_osds": 0,
2024-05-03T18:37:09.316 INFO:teuthology.orchestra.run.smithi032.stdout:/usr/bin/ceph: stdout "osd_up_since": 0,
2024-05-03T18:37:09.316 INFO:teuthology.orchestra.run.smithi032.stdout:/usr/bin/ceph: stdout "num_in_osds": 0,
2024-05-03T18:37:09.316 INFO:teuthology.orchestra.run.smithi032.stdout:/usr/bin/ceph: stdout "osd_in_since": 0,
2024-05-03T18:37:09.316 INFO:teuthology.orchestra.run.smithi032.stdout:/usr/bin/ceph: stdout "num_remapped_pgs": 0
2024-05-03T18:37:09.316 INFO:teuthology.orchestra.run.smithi032.stdout:/usr/bin/ceph: stdout },
2024-05-03T18:37:09.316 INFO:teuthology.orchestra.run.smithi032.stdout:/usr/bin/ceph: stdout "pgmap": {
2024-05-03T18:37:09.316 INFO:teuthology.orchestra.run.smithi032.stdout:/usr/bin/ceph: stdout "pgs_by_state": [],
2024-05-03T18:37:09.316 INFO:teuthology.orchestra.run.smithi032.stdout:/usr/bin/ceph: stdout "num_pgs": 0,
2024-05-03T18:37:09.316 INFO:teuthology.orchestra.run.smithi032.stdout:/usr/bin/ceph: stdout "num_pools": 0,
2024-05-03T18:37:09.316 INFO:teuthology.orchestra.run.smithi032.stdout:/usr/bin/ceph: stdout "num_objects": 0,
2024-05-03T18:37:09.316 INFO:teuthology.orchestra.run.smithi032.stdout:/usr/bin/ceph: stdout "data_bytes": 0,
2024-05-03T18:37:09.316 INFO:teuthology.orchestra.run.smithi032.stdout:/usr/bin/ceph: stdout "bytes_used": 0,
2024-05-03T18:37:09.316 INFO:teuthology.orchestra.run.smithi032.stdout:/usr/bin/ceph: stdout "bytes_avail": 0,
2024-05-03T18:37:09.316 INFO:teuthology.orchestra.run.smithi032.stdout:/usr/bin/ceph: stdout "bytes_total": 0
2024-05-03T18:37:09.316 INFO:teuthology.orchestra.run.smithi032.stdout:/usr/bin/ceph: stdout },
2024-05-03T18:37:09.316 INFO:teuthology.orchestra.run.smithi032.stdout:/usr/bin/ceph: stdout "fsmap": {
2024-05-03T18:37:09.317 INFO:teuthology.orchestra.run.smithi032.stdout:/usr/bin/ceph: stdout "epoch": 1,
2024-05-03T18:37:09.317 INFO:teuthology.orchestra.run.smithi032.stdout:/usr/bin/ceph: stdout "by_rank": [],
2024-05-03T18:37:09.317 INFO:teuthology.orchestra.run.smithi032.stdout:/usr/bin/ceph: stdout "up:standby": 0
2024-05-03T18:37:09.317 INFO:teuthology.orchestra.run.smithi032.stdout:/usr/bin/ceph: stdout },
2024-05-03T18:37:09.317 INFO:teuthology.orchestra.run.smithi032.stdout:/usr/bin/ceph: stdout "mgrmap": {
2024-05-03T18:37:09.317 INFO:teuthology.orchestra.run.smithi032.stdout:/usr/bin/ceph: stdout "available": true,
2024-05-03T18:37:09.317 INFO:teuthology.orchestra.run.smithi032.stdout:/usr/bin/ceph: stdout "num_standbys": 0,
2024-05-03T18:37:09.317 INFO:teuthology.orchestra.run.smithi032.stdout:/usr/bin/ceph: stdout "modules": [
2024-05-03T18:37:09.317 INFO:teuthology.orchestra.run.smithi032.stdout:/usr/bin/ceph: stdout "iostat",
2024-05-03T18:37:09.317 INFO:teuthology.orchestra.run.smithi032.stdout:/usr/bin/ceph: stdout "nfs",
2024-05-03T18:37:09.317 INFO:teuthology.orchestra.run.smithi032.stdout:/usr/bin/ceph: stdout "restful"
2024-05-03T18:37:09.318 INFO:teuthology.orchestra.run.smithi032.stdout:/usr/bin/ceph: stdout ],
2024-05-03T18:37:09.318 INFO:teuthology.orchestra.run.smithi032.stdout:/usr/bin/ceph: stdout "services": {}
2024-05-03T18:37:09.318 INFO:teuthology.orchestra.run.smithi032.stdout:/usr/bin/ceph: stdout },
2024-05-03T18:37:09.318 INFO:teuthology.orchestra.run.smithi032.stdout:/usr/bin/ceph: stdout "servicemap": {
2024-05-03T18:37:09.318 INFO:teuthology.orchestra.run.smithi032.stdout:/usr/bin/ceph: stdout "epoch": 1,
2024-05-03T18:37:09.318 INFO:teuthology.orchestra.run.smithi032.stdout:/usr/bin/ceph: stdout "modified": "2024-05-03T18:36:43.751410+0000",
2024-05-03T18:37:09.318 INFO:teuthology.orchestra.run.smithi032.stdout:/usr/bin/ceph: stdout "services": {}
2024-05-03T18:37:09.318 INFO:teuthology.orchestra.run.smithi032.stdout:/usr/bin/ceph: stdout },
2024-05-03T18:37:09.318 INFO:teuthology.orchestra.run.smithi032.stdout:/usr/bin/ceph: stdout "progress_events": {}
2024-05-03T18:37:09.318 INFO:teuthology.orchestra.run.smithi032.stdout:/usr/bin/ceph: stdout }
2024-05-03T18:37:09.318 INFO:teuthology.orchestra.run.smithi032.stdout:/usr/bin/ceph: stderr
2024-05-03T18:37:03.888+0000 7f99b2aa6700 1 Processor -- start
2024-05-03T18:37:09.318 INFO:teuthology.orchestra.run.smithi032.stdout:/usr/bin/ceph: stderr
2024-05-03T18:37:03.888+0000 7f99b2aa6700 1 -- start start
2024-05-03T18:37:09.318 INFO:teuthology.orchestra.run.smithi032.stdout:/usr/bin/ceph: stderr
2024-05-03T18:37:03.888+0000 7f99b2aa6700 1 --2- >> [v2:172.21.15.32:3300/0,v1:172.21.15.32:6789/0] conn(0x7f99ac107850 0x7f99ac107c70 unknown :-1 s=NONE pgs=0 cs=0 l=0 rev1=0 crypto rx=0 tx=0 comp rx=0 tx=0).connect
2024-05-03T18:37:09.318 INFO:teuthology.orchestra.run.smithi032.stdout:/usr/bin/ceph: stderr
2024-05-03T18:37:03.888+0000 7f99b2aa6700 1 -- --> [v2:172.21.15.32:3300/0,v1:172.21.15.32:6789/0] -- mon_getmap magic: 0 -- 0x7f99ac07ce60 con 0x7f99ac107850
2024-05-03T18:37:09.319 INFO:teuthology.orchestra.run.smithi032.stdout:/usr/bin/ceph: stderr
2024-05-03T18:37:03.888+0000 7f99b0842700 1 --2- >> [v2:172.21.15.32:3300/0,v1:172.21.15.32:6789/0] conn(0x7f99ac107850 0x7f99ac107c70 unknown :-1 s=BANNER_CONNECTING pgs=0 cs=0 l=0 rev1=0 crypto rx=0 tx=0 comp rx=0 tx=0)._handle_peer_banner_payload supported=3 required=0
2024-05-03T18:37:09.319 INFO:teuthology.orchestra.run.smithi032.stdout:/usr/bin/ceph: stderr
2024-05-03T18:37:03.888+0000 7f99b0842700 1 --2- >> [v2:172.21.15.32:3300/0,v1:172.21.15.32:6789/0] conn(0x7f99ac107850 0x7f99ac107c70 unknown :-1 s=HELLO_CONNECTING pgs=0 cs=0 l=0 rev1=1 crypto rx=0 tx=0 comp rx=0 tx=0).handle_hello peer v2:172.21.15.32:3300/0 says I am v2:172.21.15.32:52510/0 (socket says 172.21.15.32:52510)
2024-05-03T18:37:09.319 INFO:teuthology.orchestra.run.smithi032.stdout:/usr/bin/ceph: stderr
2024-05-03T18:37:03.888+0000 7f99b0842700 1 -- 172.21.15.32:0/3109312036 learned_addr learned my addr 172.21.15.32:0/3109312036 (peer_addr_for_me v2:172.21.15.32:0/0)
2024-05-03T18:37:09.319 INFO:teuthology.orchestra.run.smithi032.stdout:/usr/bin/ceph: stderr
2024-05-03T18:37:03.889+0000 7f99b0842700 1 -- 172.21.15.32:0/3109312036 --> [v2:172.21.15.32:3300/0,v1:172.21.15.32:6789/0] -- mon_subscribe({config=0+,monmap=0+}) -- 0x7f99ac1081b0 con 0x7f99ac107850
2024-05-03T18:37:09.319 INFO:teuthology.orchestra.run.smithi032.stdout:/usr/bin/ceph: stderr
2024-05-03T18:37:03.889+0000 7f99b0842700 1 --2- 172.21.15.32:0/3109312036 >> [v2:172.21.15.32:3300/0,v1:172.21.15.32:6789/0] conn(0x7f99ac107850 0x7f99ac107c70 secure :-1 s=READY pgs=18 cs=0 l=1 rev1=1 crypto rx=0x7f99a00098a0 tx=0x7f99a0009bb0 comp rx=0 tx=0).ready entity=mon.0 client_cookie=1bf179b82516f726 server_cookie=0 in_seq=0 out_seq=0
2024-05-03T18:37:09.319 INFO:teuthology.orchestra.run.smithi032.stdout:/usr/bin/ceph: stderr
2024-05-03T18:37:03.889+0000 7f99ab7fe700 1 -- 172.21.15.32:0/3109312036 <== mon.0 v2:172.21.15.32:3300/0 1 ==== mon_map magic: 0 ==== 205+0+0 (secure 0 0 0) 0x7f99a0004160 con 0x7f99ac107850
2024-05-03T18:37:09.319 INFO:teuthology.orchestra.run.smithi032.stdout:/usr/bin/ceph: stderr
2024-05-03T18:37:03.889+0000 7f99ab7fe700 1 -- 172.21.15.32:0/3109312036 <== mon.0 v2:172.21.15.32:3300/0 2 ==== config(26 keys) ==== 1070+0+0 (secure 0 0 0) 0x7f99a0004300 con 0x7f99ac107850
2024-05-03T18:37:09.319 INFO:teuthology.orchestra.run.smithi032.stdout:/usr/bin/ceph: stderr
2024-05-03T18:37:03.889+0000 7f99ab7fe700 1 -- 172.21.15.32:0/3109312036 <== mon.0 v2:172.21.15.32:3300/0 3 ==== mon_map magic: 0 ==== 205+0+0 (secure 0 0 0) 0x7f99a0011af0 con 0x7f99ac107850
2024-05-03T18:37:09.319 INFO:teuthology.orchestra.run.smithi032.stdout:/usr/bin/ceph: stderr
2024-05-03T18:37:03.890+0000 7f99b2aa6700 1 -- 172.21.15.32:0/3109312036 >> [v2:172.21.15.32:3300/0,v1:172.21.15.32:6789/0] conn(0x7f99ac107850 msgr2=0x7f99ac107c70 secure :-1 s=STATE_CONNECTION_ESTABLISHED l=1).mark_down
2024-05-03T18:37:09.319 INFO:teuthology.orchestra.run.smithi032.stdout:/usr/bin/ceph: stderr
2024-05-03T18:37:03.890+0000 7f99b2aa6700 1 --2- 172.21.15.32:0/3109312036 >> [v2:172.21.15.32:3300/0,v1:172.21.15.32:6789/0] conn(0x7f99ac107850 0x7f99ac107c70 secure :-1 s=READY pgs=18 cs=0 l=1 rev1=1 crypto rx=0x7f99a00098a0 tx=0x7f99a0009bb0 comp rx=0 tx=0).stop
2024-05-03T18:37:09.319 INFO:teuthology.orchestra.run.smithi032.stdout:/usr/bin/ceph: stderr
2024-05-03T18:37:03.890+0000 7f99b2aa6700 1 -- 172.21.15.32:0/3109312036 shutdown_connections
2024-05-03T18:37:09.319 INFO:teuthology.orchestra.run.smithi032.stdout:/usr/bin/ceph: stderr
2024-05-03T18:37:03.890+0000 7f99b2aa6700 1 --2- 172.21.15.32:0/3109312036 >> [v2:172.21.15.32:3300/0,v1:172.21.15.32:6789/0] conn(0x7f99ac107850 0x7f99ac107c70 unknown :-1 s=CLOSED pgs=18 cs=0 l=1 rev1=1 crypto rx=0 tx=0 comp rx=0 tx=0).stop
2024-05-03T18:37:09.319 INFO:teuthology.orchestra.run.smithi032.stdout:/usr/bin/ceph: stderr
2024-05-03T18:37:03.890+0000 7f99b2aa6700 1 -- 172.21.15.32:0/3109312036 >> 172.21.15.32:0/3109312036 conn(0x7f99ac1034d0 msgr2=0x7f99ac1058f0 unknown :-1 s=STATE_NONE l=0).mark_down
2024-05-03T18:37:09.319 INFO:teuthology.orchestra.run.smithi032.stdout:/usr/bin/ceph: stderr
2024-05-03T18:37:03.890+0000 7f99b2aa6700 1 -- 172.21.15.32:0/3109312036 shutdown_connections
2024-05-03T18:37:09.319 INFO:teuthology.orchestra.run.smithi032.stdout:/usr/bin/ceph: stderr
2024-05-03T18:37:03.890+0000 7f99b2aa6700 1 -- 172.21.15.32:0/3109312036 wait complete.
2024-05-03T18:37:09.320 INFO:teuthology.orchestra.run.smithi032.stdout:/usr/bin/ceph: stderr
2024-05-03T18:37:03.890+0000 7f99b2aa6700 1 Processor -- start
2024-05-03T18:37:09.320 INFO:teuthology.orchestra.run.smithi032.stdout:/usr/bin/ceph: stderr
2024-05-03T18:37:03.891+0000 7f99b2aa6700 1 -- start start
2024-05-03T18:37:09.320 INFO:teuthology.orchestra.run.smithi032.stdout:/usr/bin/ceph: stderr
2024-05-03T18:37:03.891+0000 7f99b2aa6700 1 --2- >> [v2:172.21.15.32:3300/0,v1:172.21.15.32:6789/0] conn(0x7f99ac107850 0x7f99ac19f140 unknown :-1 s=NONE pgs=0 cs=0 l=1 rev1=0 crypto rx=0 tx=0 comp rx=0 tx=0).connect
2024-05-03T18:37:09.320 INFO:teuthology.orchestra.run.smithi032.stdout:/usr/bin/ceph: stderr
2024-05-03T18:37:03.891+0000 7f99b2aa6700 1 -- --> [v2:172.21.15.32:3300/0,v1:172.21.15.32:6789/0] -- mon_getmap magic: 0 -- 0x7f99ac1091e0 con 0x7f99ac107850
2024-05-03T18:37:09.320 INFO:teuthology.orchestra.run.smithi032.stdout:/usr/bin/ceph: stderr
2024-05-03T18:37:03.891+0000 7f99b0842700 1 --2- >> [v2:172.21.15.32:3300/0,v1:172.21.15.32:6789/0] conn(0x7f99ac107850 0x7f99ac19f140 unknown :-1 s=BANNER_CONNECTING pgs=0 cs=0 l=1 rev1=0 crypto rx=0 tx=0 comp rx=0 tx=0)._handle_peer_banner_payload supported=3 required=0
2024-05-03T18:37:09.320 INFO:teuthology.orchestra.run.smithi032.stdout:/usr/bin/ceph: stderr
2024-05-03T18:37:03.891+0000 7f99b0842700 1 --2- >> [v2:172.21.15.32:3300/0,v1:172.21.15.32:6789/0] conn(0x7f99ac107850 0x7f99ac19f140 unknown :-1 s=HELLO_CONNECTING pgs=0 cs=0 l=1 rev1=1 crypto rx=0 tx=0 comp rx=0 tx=0).handle_hello peer v2:172.21.15.32:3300/0 says I am v2:172.21.15.32:52522/0 (socket says 172.21.15.32:52522)
2024-05-03T18:37:09.320 INFO:teuthology.orchestra.run.smithi032.stdout:/usr/bin/ceph: stderr
2024-05-03T18:37:03.891+0000 7f99b0842700 1 -- 172.21.15.32:0/2696088645 learned_addr learned my addr 172.21.15.32:0/2696088645 (peer_addr_for_me v2:172.21.15.32:0/0)
2024-05-03T18:37:09.320 INFO:teuthology.orchestra.run.smithi032.stdout:/usr/bin/ceph: stderr
2024-05-03T18:37:03.891+0000 7f99b0842700 1 -- 172.21.15.32:0/2696088645 --> [v2:172.21.15.32:3300/0,v1:172.21.15.32:6789/0] -- mon_subscribe({config=0+,monmap=0+}) -- 0x7f99ac19f680 con 0x7f99ac107850
2024-05-03T18:37:09.320 INFO:teuthology.orchestra.run.smithi032.stdout:/usr/bin/ceph: stderr
2024-05-03T18:37:03.891+0000 7f99b0842700 1 --2- 172.21.15.32:0/2696088645 >> [v2:172.21.15.32:3300/0,v1:172.21.15.32:6789/0] conn(0x7f99ac107850 0x7f99ac19f140 secure :-1 s=READY pgs=19 cs=0 l=1 rev1=1 crypto rx=0x7f99a0011ac0 tx=0x7f99a0011ba0 comp rx=0 tx=0).ready entity=mon.0 client_cookie=0 server_cookie=0 in_seq=0 out_seq=0
2024-05-03T18:37:09.320 INFO:teuthology.orchestra.run.smithi032.stdout:/usr/bin/ceph: stderr
2024-05-03T18:37:03.891+0000 7f99a9ffb700 1 -- 172.21.15.32:0/2696088645 <== mon.0 v2:172.21.15.32:3300/0 1 ==== mon_map magic: 0 ==== 205+0+0 (secure 0 0 0) 0x7f99a0003970 con 0x7f99ac107850
2024-05-03T18:37:09.320 INFO:teuthology.orchestra.run.smithi032.stdout:/usr/bin/ceph: stderr
2024-05-03T18:37:03.891+0000 7f99a9ffb700 1 -- 172.21.15.32:0/2696088645 <== mon.0 v2:172.21.15.32:3300/0 2 ==== config(26 keys) ==== 1070+0+0 (secure 0 0 0) 0x7f99a0003b10 con 0x7f99ac107850
2024-05-03T18:37:09.320 INFO:teuthology.orchestra.run.smithi032.stdout:/usr/bin/ceph: stderr
2024-05-03T18:37:03.891+0000 7f99b2aa6700 1 -- 172.21.15.32:0/2696088645 --> [v2:172.21.15.32:3300/0,v1:172.21.15.32:6789/0] -- mon_subscribe({mgrmap=0+}) -- 0x7f99ac19f910 con 0x7f99ac107850
2024-05-03T18:37:09.320 INFO:teuthology.orchestra.run.smithi032.stdout:/usr/bin/ceph: stderr
2024-05-03T18:37:03.892+0000 7f99a9ffb700 1 -- 172.21.15.32:0/2696088645 <== mon.0 v2:172.21.15.32:3300/0 3 ==== mon_map magic: 0 ==== 205+0+0 (secure 0 0 0) 0x7f99a0024610 con 0x7f99ac107850
2024-05-03T18:37:09.320 INFO:teuthology.orchestra.run.smithi032.stdout:/usr/bin/ceph: stderr
2024-05-03T18:37:03.892+0000 7f99b2aa6700 1 -- 172.21.15.32:0/2696088645 --> [v2:172.21.15.32:3300/0,v1:172.21.15.32:6789/0] -- mon_subscribe({osdmap=0}) -- 0x7f99ac1a2600 con 0x7f99ac107850
2024-05-03T18:37:09.321 INFO:teuthology.orchestra.run.smithi032.stdout:/usr/bin/ceph: stderr
2024-05-03T18:37:03.892+0000 7f99a9ffb700 1 -- 172.21.15.32:0/2696088645 <== mon.0 v2:172.21.15.32:3300/0 4 ==== mgrmap(e 4) ==== 50211+0+0 (secure 0 0 0) 0x7f99a0024890 con 0x7f99ac107850
2024-05-03T18:37:09.321 INFO:teuthology.orchestra.run.smithi032.stdout:/usr/bin/ceph: stderr
2024-05-03T18:37:03.893+0000 7f99b2aa6700 1 -- 172.21.15.32:0/2696088645 --> [v2:172.21.15.32:3300/0,v1:172.21.15.32:6789/0] -- mon_command({"prefix": "get_command_descriptions"} v 0) -- 0x7f99ac064b00 con 0x7f99ac107850
2024-05-03T18:37:09.321 INFO:teuthology.orchestra.run.smithi032.stdout:/usr/bin/ceph: stderr
2024-05-03T18:37:03.893+0000 7f99a9ffb700 1 --2- 172.21.15.32:0/2696088645 >> [v2:172.21.15.32:6800/3945405684,v1:172.21.15.32:6801/3945405684] conn(0x7f999c03e420 0x7f999c0408e0 unknown :-1 s=NONE pgs=0 cs=0 l=1 rev1=0 crypto rx=0 tx=0 comp rx=0 tx=0).connect
2024-05-03T18:37:09.321 INFO:teuthology.orchestra.run.smithi032.stdout:/usr/bin/ceph: stderr
2024-05-03T18:37:03.893+0000 7f99a9ffb700 1 -- 172.21.15.32:0/2696088645 <== mon.0 v2:172.21.15.32:3300/0 5 ==== osd_map(1..1 src has 1..1) ==== 725+0+0 (secure 0 0 0) 0x7f99a00547b0 con 0x7f99ac107850
2024-05-03T18:37:09.321 INFO:teuthology.orchestra.run.smithi032.stdout:/usr/bin/ceph: stderr
2024-05-03T18:37:03.893+0000 7f99abfff700 1 --2- 172.21.15.32:0/2696088645 >> [v2:172.21.15.32:6800/3945405684,v1:172.21.15.32:6801/3945405684] conn(0x7f999c03e420 0x7f999c0408e0 unknown :-1 s=BANNER_CONNECTING pgs=0 cs=0 l=1 rev1=0 crypto rx=0 tx=0 comp rx=0 tx=0)._handle_peer_banner_payload supported=3 required=0
2024-05-03T18:37:09.321 INFO:teuthology.orchestra.run.smithi032.stdout:/usr/bin/ceph: stderr
2024-05-03T18:37:03.893+0000 7f99abfff700 1 --2- 172.21.15.32:0/2696088645 >> [v2:172.21.15.32:6800/3945405684,v1:172.21.15.32:6801/3945405684] conn(0x7f999c03e420 0x7f999c0408e0 secure :-1 s=READY pgs=6 cs=0 l=1 rev1=1 crypto rx=0x7f9998006fd0 tx=0x7f9998006e40 comp rx=0 tx=0).ready entity=mgr.14100 client_cookie=0 server_cookie=0 in_seq=0 out_seq=0
2024-05-03T18:37:09.321 INFO:teuthology.orchestra.run.smithi032.stdout:/usr/bin/ceph: stderr
2024-05-03T18:37:03.898+0000 7f99a9ffb700 1 -- 172.21.15.32:0/2696088645 <== mon.0 v2:172.21.15.32:3300/0 6 ==== mon_command_ack([{"prefix": "get_command_descriptions"}]=0 v0) ==== 72+0+191839 (secure 0 0 0) 0x7f99a002c350 con 0x7f99ac107850
2024-05-03T18:37:09.321 INFO:teuthology.orchestra.run.smithi032.stdout:/usr/bin/ceph: stderr
2024-05-03T18:37:04.209+0000 7f99b2aa6700 1 -- 172.21.15.32:0/2696088645 --> [v2:172.21.15.32:3300/0,v1:172.21.15.32:6789/0] -- mon_command({"prefix": "status", "format": "json-pretty"} v 0) -- 0x7f99ac0008d0 con 0x7f99ac107850
2024-05-03T18:37:09.321 INFO:teuthology.orchestra.run.smithi032.stdout:/usr/bin/ceph: stderr
2024-05-03T18:37:04.210+0000 7f99a9ffb700 1 -- 172.21.15.32:0/2696088645 <== mon.0 v2:172.21.15.32:3300/0 7 ==== mon_command_ack([{"prefix": "status", "format": "json-pretty"}]=0 v0) ==== 79+0+1239 (secure 0 0 0) 0x7f99a00172b0 con 0x7f99ac107850
2024-05-03T18:37:09.321 INFO:teuthology.orchestra.run.smithi032.stdout:/usr/bin/ceph: stderr
2024-05-03T18:37:04.212+0000 7f99b2aa6700 1 -- 172.21.15.32:0/2696088645 >> [v2:172.21.15.32:6800/3945405684,v1:172.21.15.32:6801/3945405684] conn(0x7f999c03e420 msgr2=0x7f999c0408e0 secure :-1 s=STATE_CONNECTION_ESTABLISHED l=1).mark_down
2024-05-03T18:37:09.321 INFO:teuthology.orchestra.run.smithi032.stdout:/usr/bin/ceph: stderr
2024-05-03T18:37:04.212+0000 7f99b2aa6700 1 --2- 172.21.15.32:0/2696088645 >> [v2:172.21.15.32:6800/3945405684,v1:172.21.15.32:6801/3945405684] conn(0x7f999c03e420 0x7f999c0408e0 secure :-1 s=READY pgs=6 cs=0 l=1 rev1=1 crypto rx=0x7f9998006fd0 tx=0x7f9998006e40 comp rx=0 tx=0).stop
2024-05-03T18:37:09.321 INFO:teuthology.orchestra.run.smithi032.stdout:/usr/bin/ceph: stderr
2024-05-03T18:37:04.212+0000 7f99b2aa6700 1 -- 172.21.15.32:0/2696088645 >> [v2:172.21.15.32:3300/0,v1:172.21.15.32:6789/0] conn(0x7f99ac107850 msgr2=0x7f99ac19f140 secure :-1 s=STATE_CONNECTION_ESTABLISHED l=1).mark_down
2024-05-03T18:37:09.321 INFO:teuthology.orchestra.run.smithi032.stdout:/usr/bin/ceph: stderr
2024-05-03T18:37:04.212+0000 7f99b2aa6700 1 --2- 172.21.15.32:0/2696088645 >> [v2:172.21.15.32:3300/0,v1:172.21.15.32:6789/0] conn(0x7f99ac107850 0x7f99ac19f140 secure :-1 s=READY pgs=19 cs=0 l=1 rev1=1 crypto rx=0x7f99a0011ac0 tx=0x7f99a0011ba0 comp rx=0 tx=0).stop
2024-05-03T18:37:09.321 INFO:teuthology.orchestra.run.smithi032.stdout:/usr/bin/ceph: stderr
2024-05-03T18:37:04.212+0000 7f99b2aa6700 1 -- 172.21.15.32:0/2696088645 shutdown_connections
2024-05-03T18:37:09.321 INFO:teuthology.orchestra.run.smithi032.stdout:/usr/bin/ceph: stderr
2024-05-03T18:37:04.212+0000 7f99b2aa6700 1 --2- 172.21.15.32:0/2696088645 >> [v2:172.21.15.32:6800/3945405684,v1:172.21.15.32:6801/3945405684] conn(0x7f999c03e420 0x7f999c0408e0 unknown :-1 s=CLOSED pgs=6 cs=0 l=1 rev1=1 crypto rx=0 tx=0 comp rx=0 tx=0).stop
2024-05-03T18:37:09.322 INFO:teuthology.orchestra.run.smithi032.stdout:/usr/bin/ceph: stderr
2024-05-03T18:37:04.212+0000 7f99b2aa6700 1 --2- 172.21.15.32:0/2696088645 >> [v2:172.21.15.32:3300/0,v1:172.21.15.32:6789/0] conn(0x7f99ac107850 0x7f99ac19f140 unknown :-1 s=CLOSED pgs=19 cs=0 l=1 rev1=1 crypto rx=0 tx=0 comp rx=0 tx=0).stop
2024-05-03T18:37:09.322 INFO:teuthology.orchestra.run.smithi032.stdout:/usr/bin/ceph: stderr
2024-05-03T18:37:04.212+0000 7f99b2aa6700 1 -- 172.21.15.32:0/2696088645 >> 172.21.15.32:0/2696088645 conn(0x7f99ac1034d0 msgr2=0x7f99ac195e00 unknown :-1 s=STATE_NONE l=0).mark_down
2024-05-03T18:37:09.322 INFO:teuthology.orchestra.run.smithi032.stdout:/usr/bin/ceph: stderr
2024-05-03T18:37:04.213+0000 7f99b2aa6700 1 -- 172.21.15.32:0/2696088645 shutdown_connections
2024-05-03T18:37:09.322 INFO:teuthology.orchestra.run.smithi032.stdout:/usr/bin/ceph: stderr
2024-05-03T18:37:04.213+0000 7f99b2aa6700 1 -- 172.21.15.32:0/2696088645 wait complete.
2024-05-03T18:37:09.322 INFO:teuthology.orchestra.run.smithi032.stdout:mgr is available
2024-05-03T18:37:10.318 INFO:journalctl@ceph.mon.a.smithi032.stdout:May 03 18:37:09 smithi032 ceph-mon[29763]: from='client.? 172.21.15.32:0/4261131945' entity='client.admin' cmd=[{"prefix": "config assimilate-conf"}]: dispatch
2024-05-03T18:37:10.448 INFO:teuthology.orchestra.run.smithi032.stdout:/usr/bin/ceph: stdout
2024-05-03T18:37:10.449 INFO:teuthology.orchestra.run.smithi032.stdout:/usr/bin/ceph: stdout [global]
2024-05-03T18:37:10.449 INFO:teuthology.orchestra.run.smithi032.stdout:/usr/bin/ceph: stdout fsid = f500455e-097b-11ef-bc97-c7b262605968
2024-05-03T18:37:10.449 INFO:teuthology.orchestra.run.smithi032.stdout:/usr/bin/ceph: stdout mon_cluster_log_file_level = debug
2024-05-03T18:37:10.449 INFO:teuthology.orchestra.run.smithi032.stdout:/usr/bin/ceph: stdout mon_osd_allow_pg_remap = true
2024-05-03T18:37:10.449 INFO:teuthology.orchestra.run.smithi032.stdout:/usr/bin/ceph: stdout mon_osd_allow_primary_affinity = true
2024-05-03T18:37:10.449 INFO:teuthology.orchestra.run.smithi032.stdout:/usr/bin/ceph: stdout mon_warn_on_no_sortbitwise = false
2024-05-03T18:37:10.449 INFO:teuthology.orchestra.run.smithi032.stdout:/usr/bin/ceph: stdout osd_crush_chooseleaf_type = 0
2024-05-03T18:37:10.449 INFO:teuthology.orchestra.run.smithi032.stdout:/usr/bin/ceph: stdout
2024-05-03T18:37:10.449 INFO:teuthology.orchestra.run.smithi032.stdout:/usr/bin/ceph: stdout [mgr]
2024-05-03T18:37:10.449 INFO:teuthology.orchestra.run.smithi032.stdout:/usr/bin/ceph: stdout mgr/telemetry/nag = false
2024-05-03T18:37:10.449 INFO:teuthology.orchestra.run.smithi032.stdout:/usr/bin/ceph: stdout
2024-05-03T18:37:10.449 INFO:teuthology.orchestra.run.smithi032.stdout:/usr/bin/ceph: stdout [osd]
2024-05-03T18:37:10.449 INFO:teuthology.orchestra.run.smithi032.stdout:/usr/bin/ceph: stdout bdev_async_discard = True
2024-05-03T18:37:10.449 INFO:teuthology.orchestra.run.smithi032.stdout:/usr/bin/ceph: stdout mon_osd_backfillfull_ratio = 0.85
2024-05-03T18:37:10.450 INFO:teuthology.orchestra.run.smithi032.stdout:/usr/bin/ceph: stdout mon_osd_full_ratio = 0.9
2024-05-03T18:37:10.450 INFO:teuthology.orchestra.run.smithi032.stdout:/usr/bin/ceph: stdout mon_osd_nearfull_ratio = 0.8
2024-05-03T18:37:10.450 INFO:teuthology.orchestra.run.smithi032.stdout:/usr/bin/ceph: stdout osd_map_max_advance = 10
2024-05-03T18:37:10.450 INFO:teuthology.orchestra.run.smithi032.stdout:/usr/bin/ceph: stdout osd_sloppy_crc = true
2024-05-03T18:37:10.450 INFO:teuthology.orchestra.run.smithi032.stdout:/usr/bin/ceph: stderr
2024-05-03T18:37:09.720+0000 7fcd541c5700 1 Processor -- start
2024-05-03T18:37:10.450 INFO:teuthology.orchestra.run.smithi032.stdout:/usr/bin/ceph: stderr
2024-05-03T18:37:09.720+0000 7fcd541c5700 1 -- start start
2024-05-03T18:37:10.450 INFO:teuthology.orchestra.run.smithi032.stdout:/usr/bin/ceph: stderr
2024-05-03T18:37:09.720+0000 7fcd541c5700 1 --2- >> [v2:172.21.15.32:3300/0,v1:172.21.15.32:6789/0] conn(0x7fcd4c07ee10 0x7fcd4c07d310 unknown :-1 s=NONE pgs=0 cs=0 l=0 rev1=0 crypto rx=0 tx=0 comp rx=0 tx=0).connect
2024-05-03T18:37:10.450 INFO:teuthology.orchestra.run.smithi032.stdout:/usr/bin/ceph: stderr
2024-05-03T18:37:09.720+0000 7fcd541c5700 1 -- --> [v2:172.21.15.32:3300/0,v1:172.21.15.32:6789/0] -- mon_getmap magic: 0 -- 0x7fcd4c07d850 con 0x7fcd4c07ee10
2024-05-03T18:37:10.450 INFO:teuthology.orchestra.run.smithi032.stdout:/usr/bin/ceph: stderr
2024-05-03T18:37:09.721+0000 7fcd51f61700 1 --2- >> [v2:172.21.15.32:3300/0,v1:172.21.15.32:6789/0] conn(0x7fcd4c07ee10 0x7fcd4c07d310 unknown :-1 s=BANNER_CONNECTING pgs=0 cs=0 l=0 rev1=0 crypto rx=0 tx=0 comp rx=0 tx=0)._handle_peer_banner_payload supported=3 required=0
2024-05-03T18:37:10.450 INFO:teuthology.orchestra.run.smithi032.stdout:/usr/bin/ceph: stderr
2024-05-03T18:37:09.721+0000 7fcd51f61700 1 --2- >> [v2:172.21.15.32:3300/0,v1:172.21.15.32:6789/0] conn(0x7fcd4c07ee10 0x7fcd4c07d310 unknown :-1 s=HELLO_CONNECTING pgs=0 cs=0 l=0 rev1=1 crypto rx=0 tx=0 comp rx=0 tx=0).handle_hello peer v2:172.21.15.32:3300/0 says I am v2:172.21.15.32:52524/0 (socket says 172.21.15.32:52524)
2024-05-03T18:37:10.450 INFO:teuthology.orchestra.run.smithi032.stdout:/usr/bin/ceph: stderr
2024-05-03T18:37:09.721+0000 7fcd51f61700 1 -- 172.21.15.32:0/1737766658 learned_addr learned my addr 172.21.15.32:0/1737766658 (peer_addr_for_me v2:172.21.15.32:0/0)
2024-05-03T18:37:10.450 INFO:teuthology.orchestra.run.smithi032.stdout:/usr/bin/ceph: stderr
2024-05-03T18:37:09.721+0000 7fcd51f61700 1 -- 172.21.15.32:0/1737766658 --> [v2:172.21.15.32:3300/0,v1:172.21.15.32:6789/0] -- mon_subscribe({config=0+,monmap=0+}) -- 0x7fcd4c07d9d0 con 0x7fcd4c07ee10
2024-05-03T18:37:10.450 INFO:teuthology.orchestra.run.smithi032.stdout:/usr/bin/ceph: stderr
2024-05-03T18:37:09.721+0000 7fcd51f61700 1 --2- 172.21.15.32:0/1737766658 >> [v2:172.21.15.32:3300/0,v1:172.21.15.32:6789/0] conn(0x7fcd4c07ee10 0x7fcd4c07d310 secure :-1 s=READY pgs=20 cs=0 l=1 rev1=1 crypto rx=0x7fcd44009e80 tx=0x7fcd4400b330 comp rx=0 tx=0).ready entity=mon.0 client_cookie=7e6f2edbf11fe987 server_cookie=0 in_seq=0 out_seq=0
2024-05-03T18:37:10.451 INFO:teuthology.orchestra.run.smithi032.stdout:/usr/bin/ceph: stderr
2024-05-03T18:37:09.721+0000 7fcd50f5f700 1 -- 172.21.15.32:0/1737766658 <== mon.0 v2:172.21.15.32:3300/0 1 ==== mon_map magic: 0 ==== 205+0+0 (secure 0 0 0) 0x7fcd44017070 con 0x7fcd4c07ee10
2024-05-03T18:37:10.451 INFO:teuthology.orchestra.run.smithi032.stdout:/usr/bin/ceph: stderr
2024-05-03T18:37:09.721+0000 7fcd50f5f700 1 -- 172.21.15.32:0/1737766658 <== mon.0 v2:172.21.15.32:3300/0 2 ==== config(26 keys) ==== 1070+0+0 (secure 0 0 0) 0x7fcd4400b8c0 con 0x7fcd4c07ee10
2024-05-03T18:37:10.451 INFO:teuthology.orchestra.run.smithi032.stdout:/usr/bin/ceph: stderr
2024-05-03T18:37:09.721+0000 7fcd50f5f700 1 -- 172.21.15.32:0/1737766658 <== mon.0 v2:172.21.15.32:3300/0 3 ==== mon_map magic: 0 ==== 205+0+0 (secure 0 0 0) 0x7fcd44004490 con 0x7fcd4c07ee10
2024-05-03T18:37:10.451 INFO:teuthology.orchestra.run.smithi032.stdout:/usr/bin/ceph: stderr
2024-05-03T18:37:09.722+0000 7fcd541c5700 1 -- 172.21.15.32:0/1737766658 >> [v2:172.21.15.32:3300/0,v1:172.21.15.32:6789/0] conn(0x7fcd4c07ee10 msgr2=0x7fcd4c07d310 secure :-1 s=STATE_CONNECTION_ESTABLISHED l=1).mark_down
2024-05-03T18:37:10.451 INFO:teuthology.orchestra.run.smithi032.stdout:/usr/bin/ceph: stderr
2024-05-03T18:37:09.722+0000 7fcd541c5700 1 --2- 172.21.15.32:0/1737766658 >> [v2:172.21.15.32:3300/0,v1:172.21.15.32:6789/0] conn(0x7fcd4c07ee10 0x7fcd4c07d310 secure :-1 s=READY pgs=20 cs=0 l=1 rev1=1 crypto rx=0x7fcd44009e80 tx=0x7fcd4400b330 comp rx=0 tx=0).stop
2024-05-03T18:37:10.451 INFO:teuthology.orchestra.run.smithi032.stdout:/usr/bin/ceph: stderr
2024-05-03T18:37:09.722+0000 7fcd541c5700 1 -- 172.21.15.32:0/1737766658 shutdown_connections
2024-05-03T18:37:10.451 INFO:teuthology.orchestra.run.smithi032.stdout:/usr/bin/ceph: stderr
2024-05-03T18:37:09.722+0000 7fcd541c5700 1 --2- 172.21.15.32:0/1737766658 >> [v2:172.21.15.32:3300/0,v1:172.21.15.32:6789/0] conn(0x7fcd4c07ee10 0x7fcd4c07d310 unknown :-1 s=CLOSED pgs=20 cs=0 l=1 rev1=1 crypto rx=0 tx=0 comp rx=0 tx=0).stop
2024-05-03T18:37:10.451 INFO:teuthology.orchestra.run.smithi032.stdout:/usr/bin/ceph: stderr
2024-05-03T18:37:09.722+0000 7fcd541c5700 1 -- 172.21.15.32:0/1737766658 >> 172.21.15.32:0/1737766658 conn(0x7fcd4c104650 msgr2=0x7fcd4c106a70 unknown :-1 s=STATE_NONE l=0).mark_down
2024-05-03T18:37:10.451 INFO:teuthology.orchestra.run.smithi032.stdout:/usr/bin/ceph: stderr
2024-05-03T18:37:09.722+0000 7fcd541c5700 1 -- 172.21.15.32:0/1737766658 shutdown_connections
2024-05-03T18:37:10.451 INFO:teuthology.orchestra.run.smithi032.stdout:/usr/bin/ceph: stderr
2024-05-03T18:37:09.722+0000 7fcd541c5700 1 -- 172.21.15.32:0/1737766658 wait complete.
2024-05-03T18:37:10.451 INFO:teuthology.orchestra.run.smithi032.stdout:/usr/bin/ceph: stderr
2024-05-03T18:37:09.723+0000 7fcd541c5700 1 Processor -- start
2024-05-03T18:37:10.451 INFO:teuthology.orchestra.run.smithi032.stdout:/usr/bin/ceph: stderr
2024-05-03T18:37:09.723+0000 7fcd541c5700 1 -- start start
2024-05-03T18:37:10.451 INFO:teuthology.orchestra.run.smithi032.stdout:/usr/bin/ceph: stderr
2024-05-03T18:37:09.723+0000 7fcd541c5700 1 --2- >> [v2:172.21.15.32:3300/0,v1:172.21.15.32:6789/0] conn(0x7fcd4c07ee10 0x7fcd4c19f0b0 unknown :-1 s=NONE pgs=0 cs=0 l=1 rev1=0 crypto rx=0 tx=0 comp rx=0 tx=0).connect
2024-05-03T18:37:10.451 INFO:teuthology.orchestra.run.smithi032.stdout:/usr/bin/ceph: stderr
2024-05-03T18:37:09.723+0000 7fcd541c5700 1 -- --> [v2:172.21.15.32:3300/0,v1:172.21.15.32:6789/0] -- mon_getmap magic: 0 -- 0x7fcd4c10f560 con 0x7fcd4c07ee10
2024-05-03T18:37:10.451 INFO:teuthology.orchestra.run.smithi032.stdout:/usr/bin/ceph: stderr
2024-05-03T18:37:09.723+0000 7fcd51f61700 1 --2- >> [v2:172.21.15.32:3300/0,v1:172.21.15.32:6789/0] conn(0x7fcd4c07ee10 0x7fcd4c19f0b0 unknown :-1 s=BANNER_CONNECTING pgs=0 cs=0 l=1 rev1=0 crypto rx=0 tx=0 comp rx=0 tx=0)._handle_peer_banner_payload supported=3 required=0
2024-05-03T18:37:10.452 INFO:teuthology.orchestra.run.smithi032.stdout:/usr/bin/ceph: stderr
2024-05-03T18:37:09.723+0000 7fcd51f61700 1 --2- >> [v2:172.21.15.32:3300/0,v1:172.21.15.32:6789/0] conn(0x7fcd4c07ee10 0x7fcd4c19f0b0 unknown :-1 s=HELLO_CONNECTING pgs=0 cs=0 l=1 rev1=1 crypto rx=0 tx=0 comp rx=0 tx=0).handle_hello peer v2:172.21.15.32:3300/0 says I am v2:172.21.15.32:52532/0 (socket says 172.21.15.32:52532)
2024-05-03T18:37:10.452 INFO:teuthology.orchestra.run.smithi032.stdout:/usr/bin/ceph: stderr
2024-05-03T18:37:09.723+0000 7fcd51f61700 1 -- 172.21.15.32:0/4261131945 learned_addr learned my addr 172.21.15.32:0/4261131945 (peer_addr_for_me v2:172.21.15.32:0/0)
2024-05-03T18:37:10.452 INFO:teuthology.orchestra.run.smithi032.stdout:/usr/bin/ceph: stderr
2024-05-03T18:37:09.723+0000 7fcd51f61700 1 -- 172.21.15.32:0/4261131945 --> [v2:172.21.15.32:3300/0,v1:172.21.15.32:6789/0] -- mon_subscribe({config=0+,monmap=0+}) -- 0x7fcd4c19f5f0 con 0x7fcd4c07ee10
2024-05-03T18:37:10.452 INFO:teuthology.orchestra.run.smithi032.stdout:/usr/bin/ceph: stderr
2024-05-03T18:37:09.723+0000 7fcd51f61700 1 --2- 172.21.15.32:0/4261131945 >> [v2:172.21.15.32:3300/0,v1:172.21.15.32:6789/0] conn(0x7fcd4c07ee10 0x7fcd4c19f0b0 secure :-1 s=READY pgs=21 cs=0 l=1 rev1=1 crypto rx=0x7fcd4400b7b0 tx=0x7fcd4400be20 comp rx=0 tx=0).ready entity=mon.0 client_cookie=0 server_cookie=0 in_seq=0 out_seq=0
2024-05-03T18:37:10.452 INFO:teuthology.orchestra.run.smithi032.stdout:/usr/bin/ceph: stderr
2024-05-03T18:37:09.724+0000 7fcd4affd700 1 -- 172.21.15.32:0/4261131945 <== mon.0 v2:172.21.15.32:3300/0 1 ==== mon_map magic: 0 ==== 205+0+0 (secure 0 0 0) 0x7fcd44020020 con 0x7fcd4c07ee10
2024-05-03T18:37:10.452 INFO:teuthology.orchestra.run.smithi032.stdout:/usr/bin/ceph: stderr
2024-05-03T18:37:09.724+0000 7fcd4affd700 1 -- 172.21.15.32:0/4261131945 <== mon.0 v2:172.21.15.32:3300/0 2 ==== config(26 keys) ==== 1070+0+0 (secure 0 0 0) 0x7fcd44012430 con 0x7fcd4c07ee10
2024-05-03T18:37:10.452 INFO:teuthology.orchestra.run.smithi032.stdout:/usr/bin/ceph: stderr
2024-05-03T18:37:09.724+0000 7fcd541c5700 1 -- 172.21.15.32:0/4261131945 --> [v2:172.21.15.32:3300/0,v1:172.21.15.32:6789/0] -- mon_subscribe({mgrmap=0+}) -- 0x7fcd4c19f880 con 0x7fcd4c07ee10
2024-05-03T18:37:10.452 INFO:teuthology.orchestra.run.smithi032.stdout:/usr/bin/ceph: stderr
2024-05-03T18:37:09.724+0000 7fcd4affd700 1 -- 172.21.15.32:0/4261131945 <== mon.0 v2:172.21.15.32:3300/0 3 ==== mon_map magic: 0 ==== 205+0+0 (secure 0 0 0) 0x7fcd44017040 con 0x7fcd4c07ee10
2024-05-03T18:37:10.452 INFO:teuthology.orchestra.run.smithi032.stdout:/usr/bin/ceph: stderr
2024-05-03T18:37:09.724+0000 7fcd541c5700 1 -- 172.21.15.32:0/4261131945 --> [v2:172.21.15.32:3300/0,v1:172.21.15.32:6789/0] -- mon_subscribe({osdmap=0}) -- 0x7fcd4c1a2570 con 0x7fcd4c07ee10
2024-05-03T18:37:10.452 INFO:teuthology.orchestra.run.smithi032.stdout:/usr/bin/ceph: stderr
2024-05-03T18:37:09.725+0000 7fcd4affd700 1 -- 172.21.15.32:0/4261131945 <== mon.0 v2:172.21.15.32:3300/0 4 ==== mgrmap(e 4) ==== 50211+0+0 (secure 0 0 0) 0x7fcd44023020 con 0x7fcd4c07ee10
2024-05-03T18:37:10.452 INFO:teuthology.orchestra.run.smithi032.stdout:/usr/bin/ceph: stderr
2024-05-03T18:37:09.725+0000 7fcd4affd700 1 --2- 172.21.15.32:0/4261131945 >> [v2:172.21.15.32:6800/3945405684,v1:172.21.15.32:6801/3945405684] conn(0x7fcd3403e420 0x7fcd340408e0 unknown :-1 s=NONE pgs=0 cs=0 l=1 rev1=0 crypto rx=0 tx=0 comp rx=0 tx=0).connect
2024-05-03T18:37:10.452 INFO:teuthology.orchestra.run.smithi032.stdout:/usr/bin/ceph: stderr
2024-05-03T18:37:09.725+0000 7fcd541c5700 1 -- 172.21.15.32:0/4261131945 --> [v2:172.21.15.32:3300/0,v1:172.21.15.32:6789/0] -- mon_command({"prefix": "get_command_descriptions"} v 0) -- 0x7fcd4c064b00 con 0x7fcd4c07ee10
2024-05-03T18:37:10.452 INFO:teuthology.orchestra.run.smithi032.stdout:/usr/bin/ceph: stderr
2024-05-03T18:37:09.725+0000 7fcd51760700 1 --2- 172.21.15.32:0/4261131945 >> [v2:172.21.15.32:6800/3945405684,v1:172.21.15.32:6801/3945405684] conn(0x7fcd3403e420 0x7fcd340408e0 unknown :-1 s=BANNER_CONNECTING pgs=0 cs=0 l=1 rev1=0 crypto rx=0 tx=0 comp rx=0 tx=0)._handle_peer_banner_payload supported=3 required=0
2024-05-03T18:37:10.452 INFO:teuthology.orchestra.run.smithi032.stdout:/usr/bin/ceph: stderr
2024-05-03T18:37:09.725+0000 7fcd4affd700 1 -- 172.21.15.32:0/4261131945 <== mon.0 v2:172.21.15.32:3300/0 5 ==== osd_map(1..1 src has 1..1) ==== 725+0+0 (secure 0 0 0) 0x7fcd4400f050 con 0x7fcd4c07ee10
2024-05-03T18:37:10.453 INFO:teuthology.orchestra.run.smithi032.stdout:/usr/bin/ceph: stderr
2024-05-03T18:37:09.725+0000 7fcd51760700 1 --2- 172.21.15.32:0/4261131945 >> [v2:172.21.15.32:6800/3945405684,v1:172.21.15.32:6801/3945405684] conn(0x7fcd3403e420 0x7fcd340408e0 secure :-1 s=READY pgs=7 cs=0 l=1 rev1=1 crypto rx=0x7fcd40006fd0 tx=0x7fcd40006e40 comp rx=0 tx=0).ready entity=mgr.14100 client_cookie=0 server_cookie=0 in_seq=0 out_seq=0
2024-05-03T18:37:10.453 INFO:teuthology.orchestra.run.smithi032.stdout:/usr/bin/ceph: stderr
2024-05-03T18:37:09.730+0000 7fcd4affd700 1 -- 172.21.15.32:0/4261131945 <== mon.0 v2:172.21.15.32:3300/0 6 ==== mon_command_ack([{"prefix": "get_command_descriptions"}]=0 v0) ==== 72+0+191839 (secure 0 0 0) 0x7fcd4402a020 con 0x7fcd4c07ee10
2024-05-03T18:37:10.453 INFO:teuthology.orchestra.run.smithi032.stdout:/usr/bin/ceph: stderr
2024-05-03T18:37:09.942+0000 7fcd541c5700 1 -- 172.21.15.32:0/4261131945 --> [v2:172.21.15.32:3300/0,v1:172.21.15.32:6789/0] -- mon_command({"prefix": "config assimilate-conf"} v 0) -- 0x7fcd4c1a2740 con 0x7fcd4c07ee10
2024-05-03T18:37:10.453 INFO:teuthology.orchestra.run.smithi032.stdout:/usr/bin/ceph: stderr
2024-05-03T18:37:09.943+0000 7fcd4affd700 1 -- 172.21.15.32:0/4261131945 <== mon.0 v2:172.21.15.32:3300/0 7 ==== mon_command_ack([{"prefix": "config assimilate-conf"}]=0 v3) ==== 70+0+436 (secure 0 0 0) 0x7fcd4c1a2740 con 0x7fcd4c07ee10
2024-05-03T18:37:10.453 INFO:teuthology.orchestra.run.smithi032.stdout:/usr/bin/ceph: stderr
2024-05-03T18:37:09.945+0000 7fcd541c5700 1 -- 172.21.15.32:0/4261131945 >> [v2:172.21.15.32:6800/3945405684,v1:172.21.15.32:6801/3945405684] conn(0x7fcd3403e420 msgr2=0x7fcd340408e0 secure :-1 s=STATE_CONNECTION_ESTABLISHED l=1).mark_down
2024-05-03T18:37:10.453 INFO:teuthology.orchestra.run.smithi032.stdout:/usr/bin/ceph: stderr
2024-05-03T18:37:09.945+0000 7fcd541c5700 1 --2- 172.21.15.32:0/4261131945 >> [v2:172.21.15.32:6800/3945405684,v1:172.21.15.32:6801/3945405684] conn(0x7fcd3403e420 0x7fcd340408e0 secure :-1 s=READY pgs=7 cs=0 l=1 rev1=1 crypto rx=0x7fcd40006fd0 tx=0x7fcd40006e40 comp rx=0 tx=0).stop
2024-05-03T18:37:10.453 INFO:teuthology.orchestra.run.smithi032.stdout:/usr/bin/ceph: stderr
2024-05-03T18:37:09.945+0000 7fcd541c5700 1 -- 172.21.15.32:0/4261131945 >> [v2:172.21.15.32:3300/0,v1:172.21.15.32:6789/0] conn(0x7fcd4c07ee10 msgr2=0x7fcd4c19f0b0 secure :-1 s=STATE_CONNECTION_ESTABLISHED l=1).mark_down
2024-05-03T18:37:10.453 INFO:teuthology.orchestra.run.smithi032.stdout:/usr/bin/ceph: stderr
2024-05-03T18:37:09.945+0000 7fcd541c5700 1 --2- 172.21.15.32:0/4261131945 >> [v2:172.21.15.32:3300/0,v1:172.21.15.32:6789/0] conn(0x7fcd4c07ee10 0x7fcd4c19f0b0 secure :-1 s=READY pgs=21 cs=0 l=1 rev1=1 crypto rx=0x7fcd4400b7b0 tx=0x7fcd4400be20 comp rx=0 tx=0).stop
2024-05-03T18:37:10.453 INFO:teuthology.orchestra.run.smithi032.stdout:/usr/bin/ceph: stderr
2024-05-03T18:37:09.946+0000 7fcd541c5700 1 -- 172.21.15.32:0/4261131945 shutdown_connections
2024-05-03T18:37:10.453 INFO:teuthology.orchestra.run.smithi032.stdout:/usr/bin/ceph: stderr
2024-05-03T18:37:09.946+0000 7fcd541c5700 1 --2- 172.21.15.32:0/4261131945 >> [v2:172.21.15.32:6800/3945405684,v1:172.21.15.32:6801/3945405684] conn(0x7fcd3403e420 0x7fcd340408e0 unknown :-1 s=CLOSED pgs=7 cs=0 l=1 rev1=1 crypto rx=0 tx=0 comp rx=0 tx=0).stop
2024-05-03T18:37:10.453 INFO:teuthology.orchestra.run.smithi032.stdout:/usr/bin/ceph: stderr
2024-05-03T18:37:09.946+0000 7fcd541c5700 1 --2- 172.21.15.32:0/4261131945 >> [v2:172.21.15.32:3300/0,v1:172.21.15.32:6789/0] conn(0x7fcd4c07ee10 0x7fcd4c19f0b0 unknown :-1 s=CLOSED pgs=21 cs=0 l=1 rev1=1 crypto rx=0 tx=0 comp rx=0 tx=0).stop
2024-05-03T18:37:10.453 INFO:teuthology.orchestra.run.smithi032.stdout:/usr/bin/ceph: stderr
2024-05-03T18:37:09.946+0000 7fcd541c5700 1 -- 172.21.15.32:0/4261131945 >> 172.21.15.32:0/4261131945 conn(0x7fcd4c104650 msgr2=0x7fcd4c1051b0 unknown :-1 s=STATE_NONE l=0).mark_down
2024-05-03T18:37:10.453 INFO:teuthology.orchestra.run.smithi032.stdout:/usr/bin/ceph: stderr
2024-05-03T18:37:09.946+0000 7fcd541c5700 1 -- 172.21.15.32:0/4261131945 shutdown_connections
2024-05-03T18:37:10.453 INFO:teuthology.orchestra.run.smithi032.stdout:/usr/bin/ceph: stderr
2024-05-03T18:37:09.946+0000 7fcd541c5700 1 -- 172.21.15.32:0/4261131945 wait complete.
2024-05-03T18:37:10.453 INFO:teuthology.orchestra.run.smithi032.stdout:Enabling cephadm module...
2024-05-03T18:37:11.546 INFO:journalctl@ceph.mon.a.smithi032.stdout:May 03 18:37:11 smithi032 ceph-mon[29763]: from='client.? 172.21.15.32:0/712549075' entity='client.admin' cmd=[{"prefix": "mgr module enable", "module": "cephadm"}]: dispatch
2024-05-03T18:37:11.547 INFO:journalctl@ceph.mgr.x.smithi032.stdout:May 03 18:37:11 smithi032 ceph-f500455e-097b-11ef-bc97-c7b262605968-mgr-x[29995]: ignoring --setuser ceph since I am not root
2024-05-03T18:37:11.547 INFO:journalctl@ceph.mgr.x.smithi032.stdout:May 03 18:37:11 smithi032 ceph-f500455e-097b-11ef-bc97-c7b262605968-mgr-x[29995]: ignoring --setgroup ceph since I am not root
2024-05-03T18:37:11.547 INFO:journalctl@ceph.mgr.x.smithi032.stdout:May 03 18:37:11 smithi032 ceph-f500455e-097b-11ef-bc97-c7b262605968-mgr-x[29995]:
2024-05-03T18:37:11.354+0000 7f283e3ae200 -1 mgr[py] Module balancer has missing NOTIFY_TYPES member
2024-05-03T18:37:11.547 INFO:journalctl@ceph.mgr.x.smithi032.stdout:May 03 18:37:11 smithi032 ceph-f500455e-097b-11ef-bc97-c7b262605968-mgr-x[29995]:
2024-05-03T18:37:11.546+0000 7f283e3ae200 -1 mgr[py] Module orchestrator has missing NOTIFY_TYPES member
2024-05-03T18:37:11.664 INFO:teuthology.orchestra.run.smithi032.stdout:/usr/bin/ceph: stderr
2024-05-03T18:37:10.838+0000 7f9c88b7b700 1 Processor -- start
2024-05-03T18:37:11.665 INFO:teuthology.orchestra.run.smithi032.stdout:/usr/bin/ceph: stderr
2024-05-03T18:37:10.838+0000 7f9c88b7b700 1 -- start start
2024-05-03T18:37:11.665 INFO:teuthology.orchestra.run.smithi032.stdout:/usr/bin/ceph: stderr
2024-05-03T18:37:10.838+0000 7f9c88b7b700 1 --2- >> [v2:172.21.15.32:3300/0,v1:172.21.15.32:6789/0] conn(0x7f9c84107e90 0x7f9c841082b0 unknown :-1 s=NONE pgs=0 cs=0 l=0 rev1=0 crypto rx=0 tx=0 comp rx=0 tx=0).connect
2024-05-03T18:37:11.665 INFO:teuthology.orchestra.run.smithi032.stdout:/usr/bin/ceph: stderr
2024-05-03T18:37:10.838+0000 7f9c88b7b700 1 -- --> [v2:172.21.15.32:3300/0,v1:172.21.15.32:6789/0] -- mon_getmap magic: 0 -- 0x7f9c841087f0 con 0x7f9c84107e90
2024-05-03T18:37:11.670 INFO:teuthology.orchestra.run.smithi032.stdout:/usr/bin/ceph: stderr
2024-05-03T18:37:10.838+0000 7f9c8259c700 1 --2- >> [v2:172.21.15.32:3300/0,v1:172.21.15.32:6789/0] conn(0x7f9c84107e90 0x7f9c841082b0 unknown :-1 s=BANNER_CONNECTING pgs=0 cs=0 l=0 rev1=0 crypto rx=0 tx=0 comp rx=0 tx=0)._handle_peer_banner_payload supported=3 required=0
2024-05-03T18:37:11.670 INFO:teuthology.orchestra.run.smithi032.stdout:/usr/bin/ceph: stderr
2024-05-03T18:37:10.839+0000 7f9c8259c700 1 --2- >> [v2:172.21.15.32:3300/0,v1:172.21.15.32:6789/0] conn(0x7f9c84107e90 0x7f9c841082b0 unknown :-1 s=HELLO_CONNECTING pgs=0 cs=0 l=0 rev1=1 crypto rx=0 tx=0 comp rx=0 tx=0).handle_hello peer v2:172.21.15.32:3300/0 says I am v2:172.21.15.32:52548/0 (socket says 172.21.15.32:52548)
2024-05-03T18:37:11.670 INFO:teuthology.orchestra.run.smithi032.stdout:/usr/bin/ceph: stderr
2024-05-03T18:37:10.839+0000 7f9c8259c700 1 -- 172.21.15.32:0/1181899593 learned_addr learned my addr 172.21.15.32:0/1181899593 (peer_addr_for_me v2:172.21.15.32:0/0)
2024-05-03T18:37:11.670 INFO:teuthology.orchestra.run.smithi032.stdout:/usr/bin/ceph: stderr
2024-05-03T18:37:10.839+0000 7f9c8259c700 1 -- 172.21.15.32:0/1181899593 --> [v2:172.21.15.32:3300/0,v1:172.21.15.32:6789/0] -- mon_subscribe({config=0+,monmap=0+}) -- 0x7f9c84108ff0 con 0x7f9c84107e90
2024-05-03T18:37:11.670 INFO:teuthology.orchestra.run.smithi032.stdout:/usr/bin/ceph: stderr
2024-05-03T18:37:10.839+0000 7f9c8259c700 1 --2- 172.21.15.32:0/1181899593 >> [v2:172.21.15.32:3300/0,v1:172.21.15.32:6789/0] conn(0x7f9c84107e90 0x7f9c841082b0 secure :-1 s=READY pgs=22 cs=0 l=1 rev1=1 crypto rx=0x7f9c740098a0 tx=0x7f9c74009bb0 comp rx=0 tx=0).ready entity=mon.0 client_cookie=7881b8cc3711d478 server_cookie=0 in_seq=0 out_seq=0
2024-05-03T18:37:11.671 INFO:teuthology.orchestra.run.smithi032.stdout:/usr/bin/ceph: stderr
2024-05-03T18:37:10.839+0000 7f9c8159a700 1 -- 172.21.15.32:0/1181899593 <== mon.0 v2:172.21.15.32:3300/0 1 ==== mon_map magic: 0 ==== 205+0+0 (secure 0 0 0) 0x7f9c74004160 con 0x7f9c84107e90
2024-05-03T18:37:11.671 INFO:teuthology.orchestra.run.smithi032.stdout:/usr/bin/ceph: stderr
2024-05-03T18:37:10.839+0000 7f9c8159a700 1 -- 172.21.15.32:0/1181899593 <== mon.0 v2:172.21.15.32:3300/0 2 ==== config(26 keys) ==== 1070+0+0 (secure 0 0 0) 0x7f9c74004300 con 0x7f9c84107e90
2024-05-03T18:37:11.671 INFO:teuthology.orchestra.run.smithi032.stdout:/usr/bin/ceph: stderr
2024-05-03T18:37:10.839+0000 7f9c8159a700 1 -- 172.21.15.32:0/1181899593 <== mon.0 v2:172.21.15.32:3300/0 3 ==== mon_map magic: 0 ==== 205+0+0 (secure 0 0 0) 0x7f9c74011af0 con 0x7f9c84107e90
2024-05-03T18:37:11.671 INFO:teuthology.orchestra.run.smithi032.stdout:/usr/bin/ceph: stderr
2024-05-03T18:37:10.840+0000 7f9c88b7b700 1 -- 172.21.15.32:0/1181899593 >> [v2:172.21.15.32:3300/0,v1:172.21.15.32:6789/0] conn(0x7f9c84107e90 msgr2=0x7f9c841082b0 secure :-1 s=STATE_CONNECTION_ESTABLISHED l=1).mark_down
2024-05-03T18:37:11.671 INFO:teuthology.orchestra.run.smithi032.stdout:/usr/bin/ceph: stderr
2024-05-03T18:37:10.840+0000 7f9c88b7b700 1 --2- 172.21.15.32:0/1181899593 >> [v2:172.21.15.32:3300/0,v1:172.21.15.32:6789/0] conn(0x7f9c84107e90 0x7f9c841082b0 secure :-1 s=READY pgs=22 cs=0 l=1 rev1=1 crypto rx=0x7f9c740098a0 tx=0x7f9c74009bb0 comp rx=0 tx=0).stop
