2024-05-03T20:26:00.094 INFO:teuthology.orchestra.run.smithi181.stdout:/usr/bin/ceph: stderr
2024-05-03T20:25:58.958+0000 7f3a6ce95700 1 -- 172.21.15.181:0/651123354 learned_addr learned my addr 172.21.15.181:0/651123354 (peer_addr_for_me v2:172.21.15.181:0/0)
2024-05-03T20:26:00.094 INFO:teuthology.orchestra.run.smithi181.stdout:/usr/bin/ceph: stderr
2024-05-03T20:25:58.959+0000 7f3a6ce95700 1 -- 172.21.15.181:0/651123354 --> [v2:172.21.15.181:3300/0,v1:172.21.15.181:6789/0] -- mon_subscribe({config=0+,monmap=0+}) -- 0x7f3a6810a0f0 con 0x7f3a68108f10
2024-05-03T20:26:00.094 INFO:teuthology.orchestra.run.smithi181.stdout:/usr/bin/ceph: stderr
2024-05-03T20:25:58.959+0000 7f3a6ce95700 1 --2- 172.21.15.181:0/651123354 >> [v2:172.21.15.181:3300/0,v1:172.21.15.181:6789/0] conn(0x7f3a68108f10 0x7f3a68109350 secure :-1 s=READY pgs=22 cs=0 l=1 rev1=1 crypto rx=0x7f3a5c0098a0 tx=0x7f3a5c009bb0 comp rx=0 tx=0).ready entity=mon.0 client_cookie=48cccc24d7ab0152 server_cookie=0 in_seq=0 out_seq=0
2024-05-03T20:26:00.094 INFO:teuthology.orchestra.run.smithi181.stdout:/usr/bin/ceph: stderr
2024-05-03T20:25:58.959+0000 7f3a677fe700 1 -- 172.21.15.181:0/651123354 <== mon.0 v2:172.21.15.181:3300/0 1 ==== mon_map magic: 0 ==== 205+0+0 (secure 0 0 0) 0x7f3a5c004160 con 0x7f3a68108f10
2024-05-03T20:26:00.094 INFO:teuthology.orchestra.run.smithi181.stdout:/usr/bin/ceph: stderr
2024-05-03T20:25:58.959+0000 7f3a677fe700 1 -- 172.21.15.181:0/651123354 <== mon.0 v2:172.21.15.181:3300/0 2 ==== config(26 keys) ==== 1070+0+0 (secure 0 0 0) 0x7f3a5c004300 con 0x7f3a68108f10
2024-05-03T20:26:00.094 INFO:teuthology.orchestra.run.smithi181.stdout:/usr/bin/ceph: stderr
2024-05-03T20:25:58.959+0000 7f3a677fe700 1 -- 172.21.15.181:0/651123354 <== mon.0 v2:172.21.15.181:3300/0 3 ==== mon_map magic: 0 ==== 205+0+0 (secure 0 0 0) 0x7f3a5c011af0 con 0x7f3a68108f10
2024-05-03T20:26:00.094 INFO:teuthology.orchestra.run.smithi181.stdout:/usr/bin/ceph: stderr
2024-05-03T20:25:58.959+0000 7f3a6f0f9700 1 -- 172.21.15.181:0/651123354 >> [v2:172.21.15.181:3300/0,v1:172.21.15.181:6789/0] conn(0x7f3a68108f10 msgr2=0x7f3a68109350 secure :-1 s=STATE_CONNECTION_ESTABLISHED l=1).mark_down
2024-05-03T20:26:00.094 INFO:teuthology.orchestra.run.smithi181.stdout:/usr/bin/ceph: stderr
2024-05-03T20:25:58.959+0000 7f3a6f0f9700 1 --2- 172.21.15.181:0/651123354 >> [v2:172.21.15.181:3300/0,v1:172.21.15.181:6789/0] conn(0x7f3a68108f10 0x7f3a68109350 secure :-1 s=READY pgs=22 cs=0 l=1 rev1=1 crypto rx=0x7f3a5c0098a0 tx=0x7f3a5c009bb0 comp rx=0 tx=0).stop
2024-05-03T20:26:00.094 INFO:teuthology.orchestra.run.smithi181.stdout:/usr/bin/ceph: stderr
2024-05-03T20:25:58.959+0000 7f3a6f0f9700 1 -- 172.21.15.181:0/651123354 shutdown_connections
2024-05-03T20:26:00.094 INFO:teuthology.orchestra.run.smithi181.stdout:/usr/bin/ceph: stderr
2024-05-03T20:25:58.959+0000 7f3a6f0f9700 1 --2- 172.21.15.181:0/651123354 >> [v2:172.21.15.181:3300/0,v1:172.21.15.181:6789/0] conn(0x7f3a68108f10 0x7f3a68109350 unknown :-1 s=CLOSED pgs=22 cs=0 l=1 rev1=1 crypto rx=0 tx=0 comp rx=0 tx=0).stop
2024-05-03T20:26:00.095 INFO:teuthology.orchestra.run.smithi181.stdout:/usr/bin/ceph: stderr
2024-05-03T20:25:58.959+0000 7f3a6f0f9700 1 -- 172.21.15.181:0/651123354 >> 172.21.15.181:0/651123354 conn(0x7f3a68104520 msgr2=0x7f3a68106940 unknown :-1 s=STATE_NONE l=0).mark_down
2024-05-03T20:26:00.095 INFO:teuthology.orchestra.run.smithi181.stdout:/usr/bin/ceph: stderr
2024-05-03T20:25:58.959+0000 7f3a6f0f9700 1 -- 172.21.15.181:0/651123354 shutdown_connections
2024-05-03T20:26:00.095 INFO:teuthology.orchestra.run.smithi181.stdout:/usr/bin/ceph: stderr
2024-05-03T20:25:58.959+0000 7f3a6f0f9700 1 -- 172.21.15.181:0/651123354 wait complete.
2024-05-03T20:26:00.095 INFO:teuthology.orchestra.run.smithi181.stdout:/usr/bin/ceph: stderr
2024-05-03T20:25:58.960+0000 7f3a6f0f9700 1 Processor -- start
2024-05-03T20:26:00.095 INFO:teuthology.orchestra.run.smithi181.stdout:/usr/bin/ceph: stderr
2024-05-03T20:25:58.960+0000 7f3a6f0f9700 1 -- start start
2024-05-03T20:26:00.095 INFO:teuthology.orchestra.run.smithi181.stdout:/usr/bin/ceph: stderr
2024-05-03T20:25:58.960+0000 7f3a6f0f9700 1 --2- >> [v2:172.21.15.181:3300/0,v1:172.21.15.181:6789/0] conn(0x7f3a68108f10 0x7f3a6819cda0 unknown :-1 s=NONE pgs=0 cs=0 l=1 rev1=0 crypto rx=0 tx=0 comp rx=0 tx=0).connect
2024-05-03T20:26:00.095 INFO:teuthology.orchestra.run.smithi181.stdout:/usr/bin/ceph: stderr
2024-05-03T20:25:58.960+0000 7f3a6f0f9700 1 -- --> [v2:172.21.15.181:3300/0,v1:172.21.15.181:6789/0] -- mon_getmap magic: 0 -- 0x7f3a6810af10 con 0x7f3a68108f10
2024-05-03T20:26:00.095 INFO:teuthology.orchestra.run.smithi181.stdout:/usr/bin/ceph: stderr
2024-05-03T20:25:58.960+0000 7f3a6ce95700 1 --2- >> [v2:172.21.15.181:3300/0,v1:172.21.15.181:6789/0] conn(0x7f3a68108f10 0x7f3a6819cda0 unknown :-1 s=BANNER_CONNECTING pgs=0 cs=0 l=1 rev1=0 crypto rx=0 tx=0 comp rx=0 tx=0)._handle_peer_banner_payload supported=3 required=0
2024-05-03T20:26:00.095 INFO:teuthology.orchestra.run.smithi181.stdout:/usr/bin/ceph: stderr
2024-05-03T20:25:58.960+0000 7f3a6ce95700 1 --2- >> [v2:172.21.15.181:3300/0,v1:172.21.15.181:6789/0] conn(0x7f3a68108f10 0x7f3a6819cda0 unknown :-1 s=HELLO_CONNECTING pgs=0 cs=0 l=1 rev1=1 crypto rx=0 tx=0 comp rx=0 tx=0).handle_hello peer v2:172.21.15.181:3300/0 says I am v2:172.21.15.181:60508/0 (socket says 172.21.15.181:60508)
2024-05-03T20:26:00.095 INFO:teuthology.orchestra.run.smithi181.stdout:/usr/bin/ceph: stderr
2024-05-03T20:25:58.960+0000 7f3a6ce95700 1 -- 172.21.15.181:0/3715620813 learned_addr learned my addr 172.21.15.181:0/3715620813 (peer_addr_for_me v2:172.21.15.181:0/0)
2024-05-03T20:26:00.095 INFO:teuthology.orchestra.run.smithi181.stdout:/usr/bin/ceph: stderr
2024-05-03T20:25:58.961+0000 7f3a6ce95700 1 -- 172.21.15.181:0/3715620813 --> [v2:172.21.15.181:3300/0,v1:172.21.15.181:6789/0] -- mon_subscribe({config=0+,monmap=0+}) -- 0x7f3a6819d2e0 con 0x7f3a68108f10
2024-05-03T20:26:00.095 INFO:teuthology.orchestra.run.smithi181.stdout:/usr/bin/ceph: stderr
2024-05-03T20:25:58.961+0000 7f3a6ce95700 1 --2- 172.21.15.181:0/3715620813 >> [v2:172.21.15.181:3300/0,v1:172.21.15.181:6789/0] conn(0x7f3a68108f10 0x7f3a6819cda0 secure :-1 s=READY pgs=23 cs=0 l=1 rev1=1 crypto rx=0x7f3a5c000c00 tx=0x7f3a5c011b70 comp rx=0 tx=0).ready entity=mon.0 client_cookie=0 server_cookie=0 in_seq=0 out_seq=0
2024-05-03T20:26:00.095 INFO:teuthology.orchestra.run.smithi181.stdout:/usr/bin/ceph: stderr
2024-05-03T20:25:58.961+0000 7f3a65ffb700 1 -- 172.21.15.181:0/3715620813 <== mon.0 v2:172.21.15.181:3300/0 1 ==== mon_map magic: 0 ==== 205+0+0 (secure 0 0 0) 0x7f3a5c003b20 con 0x7f3a68108f10
2024-05-03T20:26:00.095 INFO:teuthology.orchestra.run.smithi181.stdout:/usr/bin/ceph: stderr
2024-05-03T20:25:58.961+0000 7f3a65ffb700 1 -- 172.21.15.181:0/3715620813 <== mon.0 v2:172.21.15.181:3300/0 2 ==== config(26 keys) ==== 1070+0+0 (secure 0 0 0) 0x7f3a5c01a8c0 con 0x7f3a68108f10
2024-05-03T20:26:00.096 INFO:teuthology.orchestra.run.smithi181.stdout:/usr/bin/ceph: stderr
2024-05-03T20:25:58.961+0000 7f3a65ffb700 1 -- 172.21.15.181:0/3715620813 <== mon.0 v2:172.21.15.181:3300/0 3 ==== mon_map magic: 0 ==== 205+0+0 (secure 0 0 0) 0x7f3a5c024940 con 0x7f3a68108f10
2024-05-03T20:26:00.096 INFO:teuthology.orchestra.run.smithi181.stdout:/usr/bin/ceph: stderr
2024-05-03T20:25:58.961+0000 7f3a6f0f9700 1 -- 172.21.15.181:0/3715620813 --> [v2:172.21.15.181:3300/0,v1:172.21.15.181:6789/0] -- mon_subscribe({mgrmap=0+}) -- 0x7f3a6819d570 con 0x7f3a68108f10
2024-05-03T20:26:00.096 INFO:teuthology.orchestra.run.smithi181.stdout:/usr/bin/ceph: stderr
2024-05-03T20:25:58.961+0000 7f3a6f0f9700 1 -- 172.21.15.181:0/3715620813 --> [v2:172.21.15.181:3300/0,v1:172.21.15.181:6789/0] -- mon_subscribe({osdmap=0}) -- 0x7f3a681a0220 con 0x7f3a68108f10
2024-05-03T20:26:00.096 INFO:teuthology.orchestra.run.smithi181.stdout:/usr/bin/ceph: stderr
2024-05-03T20:25:58.962+0000 7f3a65ffb700 1 -- 172.21.15.181:0/3715620813 <== mon.0 v2:172.21.15.181:3300/0 4 ==== mgrmap(e 4) ==== 50211+0+0 (secure 0 0 0) 0x7f3a5c022020 con 0x7f3a68108f10
2024-05-03T20:26:00.096 INFO:teuthology.orchestra.run.smithi181.stdout:/usr/bin/ceph: stderr
2024-05-03T20:25:58.962+0000 7f3a6f0f9700 1 -- 172.21.15.181:0/3715620813 --> [v2:172.21.15.181:3300/0,v1:172.21.15.181:6789/0] -- mon_command({"prefix": "get_command_descriptions"} v 0) -- 0x7f3a68064b00 con 0x7f3a68108f10
2024-05-03T20:26:00.096 INFO:teuthology.orchestra.run.smithi181.stdout:/usr/bin/ceph: stderr
2024-05-03T20:25:58.962+0000 7f3a65ffb700 1 --2- 172.21.15.181:0/3715620813 >> [v2:172.21.15.181:6800/1802984663,v1:172.21.15.181:6801/1802984663] conn(0x7f3a5803e4e0 0x7f3a580409a0 unknown :-1 s=NONE pgs=0 cs=0 l=1 rev1=0 crypto rx=0 tx=0 comp rx=0 tx=0).connect
2024-05-03T20:26:00.096 INFO:teuthology.orchestra.run.smithi181.stdout:/usr/bin/ceph: stderr
2024-05-03T20:25:58.962+0000 7f3a65ffb700 1 -- 172.21.15.181:0/3715620813 <== mon.0 v2:172.21.15.181:3300/0 5 ==== osd_map(1..1 src has 1..1) ==== 725+0+0 (secure 0 0 0) 0x7f3a5c0533f0 con 0x7f3a68108f10
2024-05-03T20:26:00.096 INFO:teuthology.orchestra.run.smithi181.stdout:/usr/bin/ceph: stderr
2024-05-03T20:25:58.962+0000 7f3a67fff700 1 --2- 172.21.15.181:0/3715620813 >> [v2:172.21.15.181:6800/1802984663,v1:172.21.15.181:6801/1802984663] conn(0x7f3a5803e4e0 0x7f3a580409a0 unknown :-1 s=BANNER_CONNECTING pgs=0 cs=0 l=1 rev1=0 crypto rx=0 tx=0 comp rx=0 tx=0)._handle_peer_banner_payload supported=3 required=0
2024-05-03T20:26:00.096 INFO:teuthology.orchestra.run.smithi181.stdout:/usr/bin/ceph: stderr
2024-05-03T20:25:58.963+0000 7f3a67fff700 1 --2- 172.21.15.181:0/3715620813 >> [v2:172.21.15.181:6800/1802984663,v1:172.21.15.181:6801/1802984663] conn(0x7f3a5803e4e0 0x7f3a580409a0 secure :-1 s=READY pgs=8 cs=0 l=1 rev1=1 crypto rx=0x7f3a54006fd0 tx=0x7f3a54006e40 comp rx=0 tx=0).ready entity=mgr.14100 client_cookie=0 server_cookie=0 in_seq=0 out_seq=0
2024-05-03T20:26:00.096 INFO:teuthology.orchestra.run.smithi181.stdout:/usr/bin/ceph: stderr
2024-05-03T20:25:58.967+0000 7f3a65ffb700 1 -- 172.21.15.181:0/3715620813 <== mon.0 v2:172.21.15.181:3300/0 6 ==== mon_command_ack([{"prefix": "get_command_descriptions"}]=0 v0) ==== 72+0+191839 (secure 0 0 0) 0x7f3a5c0042a0 con 0x7f3a68108f10
2024-05-03T20:26:00.096 INFO:teuthology.orchestra.run.smithi181.stdout:/usr/bin/ceph: stderr
2024-05-03T20:25:59.228+0000 7f3a6f0f9700 1 -- 172.21.15.181:0/3715620813 --> [v2:172.21.15.181:3300/0,v1:172.21.15.181:6789/0] -- mon_command({"prefix": "mgr module enable", "module": "cephadm"} v 0) -- 0x7f3a681a0440 con 0x7f3a68108f10
2024-05-03T20:26:00.096 INFO:teuthology.orchestra.run.smithi181.stdout:/usr/bin/ceph: stderr
2024-05-03T20:25:59.471+0000 7f3a65ffb700 1 -- 172.21.15.181:0/3715620813 <== mon.0 v2:172.21.15.181:3300/0 7 ==== mon_command_ack([{"prefix": "mgr module enable", "module": "cephadm"}]=0 v5) ==== 86+0+0 (secure 0 0 0) 0x7f3a681a0440 con 0x7f3a68108f10
2024-05-03T20:26:00.096 INFO:teuthology.orchestra.run.smithi181.stdout:/usr/bin/ceph: stderr
2024-05-03T20:25:59.472+0000 7f3a65ffb700 1 -- 172.21.15.181:0/3715620813 <== mon.0 v2:172.21.15.181:3300/0 8 ==== mgrmap(e 5) ==== 50222+0+0 (secure 0 0 0) 0x7f3a5c04d090 con 0x7f3a68108f10
2024-05-03T20:26:00.096 INFO:teuthology.orchestra.run.smithi181.stdout:/usr/bin/ceph: stderr
2024-05-03T20:25:59.474+0000 7f3a6f0f9700 1 -- 172.21.15.181:0/3715620813 >> [v2:172.21.15.181:6800/1802984663,v1:172.21.15.181:6801/1802984663] conn(0x7f3a5803e4e0 msgr2=0x7f3a580409a0 secure :-1 s=STATE_CONNECTION_ESTABLISHED l=1).mark_down
2024-05-03T20:26:00.096 INFO:teuthology.orchestra.run.smithi181.stdout:/usr/bin/ceph: stderr
2024-05-03T20:25:59.474+0000 7f3a6f0f9700 1 --2- 172.21.15.181:0/3715620813 >> [v2:172.21.15.181:6800/1802984663,v1:172.21.15.181:6801/1802984663] conn(0x7f3a5803e4e0 0x7f3a580409a0 secure :-1 s=READY pgs=8 cs=0 l=1 rev1=1 crypto rx=0x7f3a54006fd0 tx=0x7f3a54006e40 comp rx=0 tx=0).stop
2024-05-03T20:26:00.097 INFO:teuthology.orchestra.run.smithi181.stdout:/usr/bin/ceph: stderr
2024-05-03T20:25:59.474+0000 7f3a6f0f9700 1 -- 172.21.15.181:0/3715620813 >> [v2:172.21.15.181:3300/0,v1:172.21.15.181:6789/0] conn(0x7f3a68108f10 msgr2=0x7f3a6819cda0 secure :-1 s=STATE_CONNECTION_ESTABLISHED l=1).mark_down
2024-05-03T20:26:00.097 INFO:teuthology.orchestra.run.smithi181.stdout:/usr/bin/ceph: stderr
2024-05-03T20:25:59.474+0000 7f3a6f0f9700 1 --2- 172.21.15.181:0/3715620813 >> [v2:172.21.15.181:3300/0,v1:172.21.15.181:6789/0] conn(0x7f3a68108f10 0x7f3a6819cda0 secure :-1 s=READY pgs=23 cs=0 l=1 rev1=1 crypto rx=0x7f3a5c000c00 tx=0x7f3a5c011b70 comp rx=0 tx=0).stop
2024-05-03T20:26:00.097 INFO:teuthology.orchestra.run.smithi181.stdout:/usr/bin/ceph: stderr
2024-05-03T20:25:59.474+0000 7f3a6f0f9700 1 -- 172.21.15.181:0/3715620813 shutdown_connections
2024-05-03T20:26:00.097 INFO:teuthology.orchestra.run.smithi181.stdout:/usr/bin/ceph: stderr
2024-05-03T20:25:59.474+0000 7f3a6f0f9700 1 --2- 172.21.15.181:0/3715620813 >> [v2:172.21.15.181:6800/1802984663,v1:172.21.15.181:6801/1802984663] conn(0x7f3a5803e4e0 0x7f3a580409a0 unknown :-1 s=CLOSED pgs=8 cs=0 l=1 rev1=1 crypto rx=0 tx=0 comp rx=0 tx=0).stop
2024-05-03T20:26:00.097 INFO:teuthology.orchestra.run.smithi181.stdout:/usr/bin/ceph: stderr
2024-05-03T20:25:59.474+0000 7f3a6f0f9700 1 --2- 172.21.15.181:0/3715620813 >> [v2:172.21.15.181:3300/0,v1:172.21.15.181:6789/0] conn(0x7f3a68108f10 0x7f3a6819cda0 unknown :-1 s=CLOSED pgs=23 cs=0 l=1 rev1=1 crypto rx=0 tx=0 comp rx=0 tx=0).stop
2024-05-03T20:26:00.097 INFO:teuthology.orchestra.run.smithi181.stdout:/usr/bin/ceph: stderr
2024-05-03T20:25:59.474+0000 7f3a6f0f9700 1 -- 172.21.15.181:0/3715620813 >> 172.21.15.181:0/3715620813 conn(0x7f3a68104520 msgr2=0x7f3a68104f80 unknown :-1 s=STATE_NONE l=0).mark_down
2024-05-03T20:26:00.097 INFO:teuthology.orchestra.run.smithi181.stdout:/usr/bin/ceph: stderr
2024-05-03T20:25:59.474+0000 7f3a6f0f9700 1 -- 172.21.15.181:0/3715620813 shutdown_connections
2024-05-03T20:26:00.097 INFO:teuthology.orchestra.run.smithi181.stdout:/usr/bin/ceph: stderr
2024-05-03T20:25:59.474+0000 7f3a6f0f9700 1 -- 172.21.15.181:0/3715620813 wait complete.
2024-05-03T20:26:00.336 INFO:journalctl@ceph.mgr.x.smithi181.stdout:May 03 20:26:00 smithi181 ceph-1cd058ee-098b-11ef-bc97-c7b262605968-mgr-x[30033]:
2024-05-03T20:26:00.244+0000 7f0142b8c200 -1 mgr[py] Module progress has missing NOTIFY_TYPES member
2024-05-03T20:26:00.336 INFO:journalctl@ceph.mgr.x.smithi181.stdout:May 03 20:26:00 smithi181 ceph-1cd058ee-098b-11ef-bc97-c7b262605968-mgr-x[30033]:
2024-05-03T20:26:00.330+0000 7f0142b8c200 -1 mgr[py] Module influx has missing NOTIFY_TYPES member
2024-05-03T20:26:00.713 INFO:journalctl@ceph.mon.a.smithi181.stdout:May 03 20:26:00 smithi181 ceph-mon[29801]: from='client.? 172.21.15.181:0/3715620813' entity='client.admin' cmd='[{"prefix": "mgr module enable", "module": "cephadm"}]': finished
2024-05-03T20:26:00.713 INFO:journalctl@ceph.mon.a.smithi181.stdout:May 03 20:26:00 smithi181 ceph-mon[29801]: mgrmap e5: x(active, since 6s)
2024-05-03T20:26:01.510 INFO:teuthology.orchestra.run.smithi181.stdout:/usr/bin/ceph: stdout {
2024-05-03T20:26:01.510 INFO:teuthology.orchestra.run.smithi181.stdout:/usr/bin/ceph: stdout "epoch": 5,
2024-05-03T20:26:01.510 INFO:teuthology.orchestra.run.smithi181.stdout:/usr/bin/ceph: stdout "available": true,
2024-05-03T20:26:01.510 INFO:teuthology.orchestra.run.smithi181.stdout:/usr/bin/ceph: stdout "active_name": "x",
2024-05-03T20:26:01.510 INFO:teuthology.orchestra.run.smithi181.stdout:/usr/bin/ceph: stdout "num_standby": 0
2024-05-03T20:26:01.510 INFO:teuthology.orchestra.run.smithi181.stdout:/usr/bin/ceph: stdout }
2024-05-03T20:26:01.510 INFO:teuthology.orchestra.run.smithi181.stdout:/usr/bin/ceph: stderr
2024-05-03T20:26:00.565+0000 7efe6f37f700 1 Processor -- start
2024-05-03T20:26:01.511 INFO:teuthology.orchestra.run.smithi181.stdout:/usr/bin/ceph: stderr
2024-05-03T20:26:00.565+0000 7efe6f37f700 1 -- start start
2024-05-03T20:26:01.511 INFO:teuthology.orchestra.run.smithi181.stdout:/usr/bin/ceph: stderr
2024-05-03T20:26:00.566+0000 7efe6f37f700 1 --2- >> [v2:172.21.15.181:3300/0,v1:172.21.15.181:6789/0] conn(0x7efe681099e0 0x7efe6810bdd0 unknown :-1 s=NONE pgs=0 cs=0 l=0 rev1=0 crypto rx=0 tx=0 comp rx=0 tx=0).connect
2024-05-03T20:26:01.511 INFO:teuthology.orchestra.run.smithi181.stdout:/usr/bin/ceph: stderr
2024-05-03T20:26:00.566+0000 7efe6f37f700 1 -- --> [v2:172.21.15.181:3300/0,v1:172.21.15.181:6789/0] -- mon_getmap magic: 0 -- 0x7efe6807ce90 con 0x7efe681099e0
2024-05-03T20:26:01.511 INFO:teuthology.orchestra.run.smithi181.stdout:/usr/bin/ceph: stderr
2024-05-03T20:26:00.566+0000 7efe6d11b700 1 --2- >> [v2:172.21.15.181:3300/0,v1:172.21.15.181:6789/0] conn(0x7efe681099e0 0x7efe6810bdd0 unknown :-1 s=BANNER_CONNECTING pgs=0 cs=0 l=0 rev1=0 crypto rx=0 tx=0 comp rx=0 tx=0)._handle_peer_banner_payload supported=3 required=0
2024-05-03T20:26:01.511 INFO:teuthology.orchestra.run.smithi181.stdout:/usr/bin/ceph: stderr
2024-05-03T20:26:00.566+0000 7efe6d11b700 1 --2- >> [v2:172.21.15.181:3300/0,v1:172.21.15.181:6789/0] conn(0x7efe681099e0 0x7efe6810bdd0 unknown :-1 s=HELLO_CONNECTING pgs=0 cs=0 l=0 rev1=1 crypto rx=0 tx=0 comp rx=0 tx=0).handle_hello peer v2:172.21.15.181:3300/0 says I am v2:172.21.15.181:60532/0 (socket says 172.21.15.181:60532)
2024-05-03T20:26:01.511 INFO:teuthology.orchestra.run.smithi181.stdout:/usr/bin/ceph: stderr
2024-05-03T20:26:00.566+0000 7efe6d11b700 1 -- 172.21.15.181:0/753757481 learned_addr learned my addr 172.21.15.181:0/753757481 (peer_addr_for_me v2:172.21.15.181:0/0)
2024-05-03T20:26:01.511 INFO:teuthology.orchestra.run.smithi181.stdout:/usr/bin/ceph: stderr
2024-05-03T20:26:00.566+0000 7efe6d11b700 1 -- 172.21.15.181:0/753757481 --> [v2:172.21.15.181:3300/0,v1:172.21.15.181:6789/0] -- mon_subscribe({config=0+,monmap=0+}) -- 0x7efe6810c310 con 0x7efe681099e0
2024-05-03T20:26:01.511 INFO:teuthology.orchestra.run.smithi181.stdout:/usr/bin/ceph: stderr
2024-05-03T20:26:00.566+0000 7efe6d11b700 1 --2- 172.21.15.181:0/753757481 >> [v2:172.21.15.181:3300/0,v1:172.21.15.181:6789/0] conn(0x7efe681099e0 0x7efe6810bdd0 secure :-1 s=READY pgs=26 cs=0 l=1 rev1=1 crypto rx=0x7efe640098a0 tx=0x7efe64009bb0 comp rx=0 tx=0).ready entity=mon.0 client_cookie=801f821d28b2c259 server_cookie=0 in_seq=0 out_seq=0
2024-05-03T20:26:01.511 INFO:teuthology.orchestra.run.smithi181.stdout:/usr/bin/ceph: stderr
2024-05-03T20:26:00.566+0000 7efe5ffff700 1 -- 172.21.15.181:0/753757481 <== mon.0 v2:172.21.15.181:3300/0 1 ==== mon_map magic: 0 ==== 205+0+0 (secure 0 0 0) 0x7efe64004160 con 0x7efe681099e0
2024-05-03T20:26:01.511 INFO:teuthology.orchestra.run.smithi181.stdout:/usr/bin/ceph: stderr
2024-05-03T20:26:00.566+0000 7efe5ffff700 1 -- 172.21.15.181:0/753757481 <== mon.0 v2:172.21.15.181:3300/0 2 ==== config(26 keys) ==== 1070+0+0 (secure 0 0 0) 0x7efe64004300 con 0x7efe681099e0
2024-05-03T20:26:01.511 INFO:teuthology.orchestra.run.smithi181.stdout:/usr/bin/ceph: stderr
2024-05-03T20:26:00.566+0000 7efe5ffff700 1 -- 172.21.15.181:0/753757481 <== mon.0 v2:172.21.15.181:3300/0 3 ==== mon_map magic: 0 ==== 205+0+0 (secure 0 0 0) 0x7efe64011af0 con 0x7efe681099e0
2024-05-03T20:26:01.511 INFO:teuthology.orchestra.run.smithi181.stdout:/usr/bin/ceph: stderr
2024-05-03T20:26:00.567+0000 7efe6f37f700 1 -- 172.21.15.181:0/753757481 >> [v2:172.21.15.181:3300/0,v1:172.21.15.181:6789/0] conn(0x7efe681099e0 msgr2=0x7efe6810bdd0 secure :-1 s=STATE_CONNECTION_ESTABLISHED l=1).mark_down
2024-05-03T20:26:01.511 INFO:teuthology.orchestra.run.smithi181.stdout:/usr/bin/ceph: stderr
2024-05-03T20:26:00.567+0000 7efe6f37f700 1 --2- 172.21.15.181:0/753757481 >> [v2:172.21.15.181:3300/0,v1:172.21.15.181:6789/0] conn(0x7efe681099e0 0x7efe6810bdd0 secure :-1 s=READY pgs=26 cs=0 l=1 rev1=1 crypto rx=0x7efe640098a0 tx=0x7efe64009bb0 comp rx=0 tx=0).stop
2024-05-03T20:26:01.511 INFO:teuthology.orchestra.run.smithi181.stdout:/usr/bin/ceph: stderr
2024-05-03T20:26:00.567+0000 7efe6f37f700 1 -- 172.21.15.181:0/753757481 shutdown_connections
2024-05-03T20:26:01.511 INFO:teuthology.orchestra.run.smithi181.stdout:/usr/bin/ceph: stderr
2024-05-03T20:26:00.567+0000 7efe6f37f700 1 --2- 172.21.15.181:0/753757481 >> [v2:172.21.15.181:3300/0,v1:172.21.15.181:6789/0] conn(0x7efe681099e0 0x7efe6810bdd0 unknown :-1 s=CLOSED pgs=26 cs=0 l=1 rev1=1 crypto rx=0 tx=0 comp rx=0 tx=0).stop
2024-05-03T20:26:01.512 INFO:teuthology.orchestra.run.smithi181.stdout:/usr/bin/ceph: stderr
2024-05-03T20:26:00.567+0000 7efe6f37f700 1 -- 172.21.15.181:0/753757481 >> 172.21.15.181:0/753757481 conn(0x7efe68103450 msgr2=0x7efe68105870 unknown :-1 s=STATE_NONE l=0).mark_down
2024-05-03T20:26:01.512 INFO:teuthology.orchestra.run.smithi181.stdout:/usr/bin/ceph: stderr
2024-05-03T20:26:00.567+0000 7efe6f37f700 1 -- 172.21.15.181:0/753757481 shutdown_connections
2024-05-03T20:26:01.512 INFO:teuthology.orchestra.run.smithi181.stdout:/usr/bin/ceph: stderr
2024-05-03T20:26:00.567+0000 7efe6f37f700 1 -- 172.21.15.181:0/753757481 wait complete.
2024-05-03T20:26:01.512 INFO:teuthology.orchestra.run.smithi181.stdout:/usr/bin/ceph: stderr
2024-05-03T20:26:00.568+0000 7efe6f37f700 1 Processor -- start
2024-05-03T20:26:01.512 INFO:teuthology.orchestra.run.smithi181.stdout:/usr/bin/ceph: stderr
2024-05-03T20:26:00.568+0000 7efe6f37f700 1 -- start start
2024-05-03T20:26:01.512 INFO:teuthology.orchestra.run.smithi181.stdout:/usr/bin/ceph: stderr
2024-05-03T20:26:00.568+0000 7efe6f37f700 1 --2- >> [v2:172.21.15.181:3300/0,v1:172.21.15.181:6789/0] conn(0x7efe681099e0 0x7efe68109260 unknown :-1 s=NONE pgs=0 cs=0 l=1 rev1=0 crypto rx=0 tx=0 comp rx=0 tx=0).connect
2024-05-03T20:26:01.512 INFO:teuthology.orchestra.run.smithi181.stdout:/usr/bin/ceph: stderr
2024-05-03T20:26:00.568+0000 7efe6f37f700 1 -- --> [v2:172.21.15.181:3300/0,v1:172.21.15.181:6789/0] -- mon_getmap magic: 0 -- 0x7efe6810d270 con 0x7efe681099e0
2024-05-03T20:26:01.512 INFO:teuthology.orchestra.run.smithi181.stdout:/usr/bin/ceph: stderr
2024-05-03T20:26:00.568+0000 7efe6d11b700 1 --2- >> [v2:172.21.15.181:3300/0,v1:172.21.15.181:6789/0] conn(0x7efe681099e0 0x7efe68109260 unknown :-1 s=BANNER_CONNECTING pgs=0 cs=0 l=1 rev1=0 crypto rx=0 tx=0 comp rx=0 tx=0)._handle_peer_banner_payload supported=3 required=0
2024-05-03T20:26:01.512 INFO:teuthology.orchestra.run.smithi181.stdout:/usr/bin/ceph: stderr
2024-05-03T20:26:00.568+0000 7efe6d11b700 1 --2- >> [v2:172.21.15.181:3300/0,v1:172.21.15.181:6789/0] conn(0x7efe681099e0 0x7efe68109260 unknown :-1 s=HELLO_CONNECTING pgs=0 cs=0 l=1 rev1=1 crypto rx=0 tx=0 comp rx=0 tx=0).handle_hello peer v2:172.21.15.181:3300/0 says I am v2:172.21.15.181:60542/0 (socket says 172.21.15.181:60542)
2024-05-03T20:26:01.512 INFO:teuthology.orchestra.run.smithi181.stdout:/usr/bin/ceph: stderr
2024-05-03T20:26:00.568+0000 7efe6d11b700 1 -- 172.21.15.181:0/3671009750 learned_addr learned my addr 172.21.15.181:0/3671009750 (peer_addr_for_me v2:172.21.15.181:0/0)
2024-05-03T20:26:01.512 INFO:teuthology.orchestra.run.smithi181.stdout:/usr/bin/ceph: stderr
2024-05-03T20:26:00.568+0000 7efe6d11b700 1 -- 172.21.15.181:0/3671009750 --> [v2:172.21.15.181:3300/0,v1:172.21.15.181:6789/0] -- mon_subscribe({config=0+,monmap=0+}) -- 0x7efe681097a0 con 0x7efe681099e0
2024-05-03T20:26:01.512 INFO:teuthology.orchestra.run.smithi181.stdout:/usr/bin/ceph: stderr
2024-05-03T20:26:00.568+0000 7efe6d11b700 1 --2- 172.21.15.181:0/3671009750 >> [v2:172.21.15.181:3300/0,v1:172.21.15.181:6789/0] conn(0x7efe681099e0 0x7efe68109260 secure :-1 s=READY pgs=27 cs=0 l=1 rev1=1 crypto rx=0x7efe64011ac0 tx=0x7efe64011ba0 comp rx=0 tx=0).ready entity=mon.0 client_cookie=0 server_cookie=0 in_seq=0 out_seq=0
2024-05-03T20:26:01.512 INFO:teuthology.orchestra.run.smithi181.stdout:/usr/bin/ceph: stderr
2024-05-03T20:26:00.569+0000 7efe5e7fc700 1 -- 172.21.15.181:0/3671009750 <== mon.0 v2:172.21.15.181:3300/0 1 ==== mon_map magic: 0 ==== 205+0+0 (secure 0 0 0) 0x7efe64003970 con 0x7efe681099e0
2024-05-03T20:26:01.512 INFO:teuthology.orchestra.run.smithi181.stdout:/usr/bin/ceph: stderr
2024-05-03T20:26:00.569+0000 7efe6f37f700 1 -- 172.21.15.181:0/3671009750 --> [v2:172.21.15.181:3300/0,v1:172.21.15.181:6789/0] -- mon_subscribe({mgrmap=0+}) -- 0x7efe68107990 con 0x7efe681099e0
2024-05-03T20:26:01.512 INFO:teuthology.orchestra.run.smithi181.stdout:/usr/bin/ceph: stderr
2024-05-03T20:26:00.569+0000 7efe5e7fc700 1 -- 172.21.15.181:0/3671009750 <== mon.0 v2:172.21.15.181:3300/0 2 ==== config(26 keys) ==== 1070+0+0 (secure 0 0 0) 0x7efe64003b10 con 0x7efe681099e0
2024-05-03T20:26:01.513 INFO:teuthology.orchestra.run.smithi181.stdout:/usr/bin/ceph: stderr
2024-05-03T20:26:00.569+0000 7efe5e7fc700 1 -- 172.21.15.181:0/3671009750 <== mon.0 v2:172.21.15.181:3300/0 3 ==== mon_map magic: 0 ==== 205+0+0 (secure 0 0 0) 0x7efe64024610 con 0x7efe681099e0
2024-05-03T20:26:01.513 INFO:teuthology.orchestra.run.smithi181.stdout:/usr/bin/ceph: stderr
2024-05-03T20:26:00.569+0000 7efe6f37f700 1 -- 172.21.15.181:0/3671009750 --> [v2:172.21.15.181:3300/0,v1:172.21.15.181:6789/0] -- mon_subscribe({osdmap=0}) -- 0x7efe68107ed0 con 0x7efe681099e0
2024-05-03T20:26:01.513 INFO:teuthology.orchestra.run.smithi181.stdout:/usr/bin/ceph: stderr
2024-05-03T20:26:00.569+0000 7efe5e7fc700 1 -- 172.21.15.181:0/3671009750 <== mon.0 v2:172.21.15.181:3300/0 4 ==== mgrmap(e 5) ==== 50222+0+0 (secure 0 0 0) 0x7efe64024890 con 0x7efe681099e0
2024-05-03T20:26:01.513 INFO:teuthology.orchestra.run.smithi181.stdout:/usr/bin/ceph: stderr
2024-05-03T20:26:00.570+0000 7efe5e7fc700 1 --2- 172.21.15.181:0/3671009750 >> [v2:172.21.15.181:6800/1802984663,v1:172.21.15.181:6801/1802984663] conn(0x7efe5403e530 0x7efe540409f0 unknown :-1 s=NONE pgs=0 cs=0 l=1 rev1=0 crypto rx=0 tx=0 comp rx=0 tx=0).connect
2024-05-03T20:26:01.513 INFO:teuthology.orchestra.run.smithi181.stdout:/usr/bin/ceph: stderr
2024-05-03T20:26:00.570+0000 7efe6f37f700 1 -- 172.21.15.181:0/3671009750 --> [v2:172.21.15.181:3300/0,v1:172.21.15.181:6789/0] -- mon_command({"prefix": "get_command_descriptions"} v 0) -- 0x7efe68064b00 con 0x7efe681099e0
2024-05-03T20:26:01.513 INFO:teuthology.orchestra.run.smithi181.stdout:/usr/bin/ceph: stderr
2024-05-03T20:26:00.570+0000 7efe5e7fc700 1 -- 172.21.15.181:0/3671009750 <== mon.0 v2:172.21.15.181:3300/0 5 ==== osd_map(1..1 src has 1..1) ==== 725+0+0 (secure 0 0 0) 0x7efe64053890 con 0x7efe681099e0
2024-05-03T20:26:01.513 INFO:teuthology.orchestra.run.smithi181.stdout:/usr/bin/ceph: stderr
2024-05-03T20:26:00.570+0000 7efe6c91a700 1 -- 172.21.15.181:0/3671009750 >> [v2:172.21.15.181:6800/1802984663,v1:172.21.15.181:6801/1802984663] conn(0x7efe5403e530 msgr2=0x7efe540409f0 unknown :-1 s=STATE_CONNECTING_RE l=1).process reconnect failed to v2:172.21.15.181:6800/1802984663
2024-05-03T20:26:01.513 INFO:teuthology.orchestra.run.smithi181.stdout:/usr/bin/ceph: stderr
2024-05-03T20:26:00.570+0000 7efe6c91a700 1 --2- 172.21.15.181:0/3671009750 >> [v2:172.21.15.181:6800/1802984663,v1:172.21.15.181:6801/1802984663] conn(0x7efe5403e530 0x7efe540409f0 unknown :-1 s=START_CONNECT pgs=0 cs=0 l=1 rev1=0 crypto rx=0 tx=0 comp rx=0 tx=0)._fault waiting 0.200000
2024-05-03T20:26:01.513 INFO:teuthology.orchestra.run.smithi181.stdout:/usr/bin/ceph: stderr
2024-05-03T20:26:00.575+0000 7efe5e7fc700 1 -- 172.21.15.181:0/3671009750 <== mon.0 v2:172.21.15.181:3300/0 6 ==== mon_command_ack([{"prefix": "get_command_descriptions"}]=0 v0) ==== 72+0+191839 (secure 0 0 0) 0x7efe6402c350 con 0x7efe681099e0
2024-05-03T20:26:01.513 INFO:teuthology.orchestra.run.smithi181.stdout:/usr/bin/ceph: stderr
2024-05-03T20:26:00.771+0000 7efe6c91a700 1 -- 172.21.15.181:0/3671009750 >> [v2:172.21.15.181:6800/1802984663,v1:172.21.15.181:6801/1802984663] conn(0x7efe5403e530 msgr2=0x7efe540409f0 unknown :-1 s=STATE_CONNECTING_RE l=1).process reconnect failed to v2:172.21.15.181:6800/1802984663
2024-05-03T20:26:01.513 INFO:teuthology.orchestra.run.smithi181.stdout:/usr/bin/ceph: stderr
2024-05-03T20:26:00.771+0000 7efe6c91a700 1 --2- 172.21.15.181:0/3671009750 >> [v2:172.21.15.181:6800/1802984663,v1:172.21.15.181:6801/1802984663] conn(0x7efe5403e530 0x7efe540409f0 unknown :-1 s=START_CONNECT pgs=0 cs=0 l=1 rev1=0 crypto rx=0 tx=0 comp rx=0 tx=0)._fault waiting 0.400000
2024-05-03T20:26:01.513 INFO:teuthology.orchestra.run.smithi181.stdout:/usr/bin/ceph: stderr
2024-05-03T20:26:00.877+0000 7efe6f37f700 1 -- 172.21.15.181:0/3671009750 --> [v2:172.21.15.181:3300/0,v1:172.21.15.181:6789/0] -- mon_command({"prefix": "mgr stat"} v 0) -- 0x7efe68108680 con 0x7efe681099e0
2024-05-03T20:26:01.513 INFO:teuthology.orchestra.run.smithi181.stdout:/usr/bin/ceph: stderr
2024-05-03T20:26:00.878+0000 7efe5e7fc700 1 -- 172.21.15.181:0/3671009750 <== mon.0 v2:172.21.15.181:3300/0 7 ==== mon_command_ack([{"prefix": "mgr stat"}]=0 v5) ==== 56+0+88 (secure 0 0 0) 0x7efe640172b0 con 0x7efe681099e0
2024-05-03T20:26:01.513 INFO:teuthology.orchestra.run.smithi181.stdout:/usr/bin/ceph: stderr
2024-05-03T20:26:00.880+0000 7efe6f37f700 1 -- 172.21.15.181:0/3671009750 >> [v2:172.21.15.181:6800/1802984663,v1:172.21.15.181:6801/1802984663] conn(0x7efe5403e530 msgr2=0x7efe540409f0 unknown :-1 s=STATE_CONNECTING l=1).mark_down
2024-05-03T20:26:01.513 INFO:teuthology.orchestra.run.smithi181.stdout:/usr/bin/ceph: stderr
2024-05-03T20:26:00.880+0000 7efe6f37f700 1 --2- 172.21.15.181:0/3671009750 >> [v2:172.21.15.181:6800/1802984663,v1:172.21.15.181:6801/1802984663] conn(0x7efe5403e530 0x7efe540409f0 unknown :-1 s=START_CONNECT pgs=0 cs=0 l=1 rev1=0 crypto rx=0 tx=0 comp rx=0 tx=0).stop
2024-05-03T20:26:01.514 INFO:teuthology.orchestra.run.smithi181.stdout:/usr/bin/ceph: stderr
2024-05-03T20:26:00.880+0000 7efe6f37f700 1 -- 172.21.15.181:0/3671009750 >> [v2:172.21.15.181:3300/0,v1:172.21.15.181:6789/0] conn(0x7efe681099e0 msgr2=0x7efe68109260 secure :-1 s=STATE_CONNECTION_ESTABLISHED l=1).mark_down
2024-05-03T20:26:01.514 INFO:teuthology.orchestra.run.smithi181.stdout:/usr/bin/ceph: stderr
2024-05-03T20:26:00.880+0000 7efe6f37f700 1 --2- 172.21.15.181:0/3671009750 >> [v2:172.21.15.181:3300/0,v1:172.21.15.181:6789/0] conn(0x7efe681099e0 0x7efe68109260 secure :-1 s=READY pgs=27 cs=0 l=1 rev1=1 crypto rx=0x7efe64011ac0 tx=0x7efe64011ba0 comp rx=0 tx=0).stop
2024-05-03T20:26:01.514 INFO:teuthology.orchestra.run.smithi181.stdout:/usr/bin/ceph: stderr
2024-05-03T20:26:00.880+0000 7efe6f37f700 1 -- 172.21.15.181:0/3671009750 shutdown_connections
2024-05-03T20:26:01.514 INFO:teuthology.orchestra.run.smithi181.stdout:/usr/bin/ceph: stderr
2024-05-03T20:26:00.880+0000 7efe6f37f700 1 --2- 172.21.15.181:0/3671009750 >> [v2:172.21.15.181:6800/1802984663,v1:172.21.15.181:6801/1802984663] conn(0x7efe5403e530 0x7efe540409f0 unknown :-1 s=CLOSED pgs=0 cs=0 l=1 rev1=0 crypto rx=0 tx=0 comp rx=0 tx=0).stop
2024-05-03T20:26:01.514 INFO:teuthology.orchestra.run.smithi181.stdout:/usr/bin/ceph: stderr
2024-05-03T20:26:00.880+0000 7efe6f37f700 1 --2- 172.21.15.181:0/3671009750 >> [v2:172.21.15.181:3300/0,v1:172.21.15.181:6789/0] conn(0x7efe681099e0 0x7efe68109260 unknown :-1 s=CLOSED pgs=27 cs=0 l=1 rev1=1 crypto rx=0 tx=0 comp rx=0 tx=0).stop
2024-05-03T20:26:01.514 INFO:teuthology.orchestra.run.smithi181.stdout:/usr/bin/ceph: stderr
2024-05-03T20:26:00.880+0000 7efe6f37f700 1 -- 172.21.15.181:0/3671009750 >> 172.21.15.181:0/3671009750 conn(0x7efe68103450 msgr2=0x7efe68103f20 unknown :-1 s=STATE_NONE l=0).mark_down
2024-05-03T20:26:01.514 INFO:teuthology.orchestra.run.smithi181.stdout:/usr/bin/ceph: stderr
2024-05-03T20:26:00.880+0000 7efe6f37f700 1 -- 172.21.15.181:0/3671009750 shutdown_connections
2024-05-03T20:26:01.514 INFO:teuthology.orchestra.run.smithi181.stdout:/usr/bin/ceph: stderr
2024-05-03T20:26:00.880+0000 7efe6f37f700 1 -- 172.21.15.181:0/3671009750 wait complete.
2024-05-03T20:26:01.514 INFO:teuthology.orchestra.run.smithi181.stdout:Waiting for the mgr to restart...
2024-05-03T20:26:01.514 INFO:teuthology.orchestra.run.smithi181.stdout:Waiting for mgr epoch 5...
2024-05-03T20:26:01.727 INFO:journalctl@ceph.mon.a.smithi181.stdout:May 03 20:26:01 smithi181 ceph-mon[29801]: from='client.? 172.21.15.181:0/3671009750' entity='client.admin' cmd=[{"prefix": "mgr stat"}]: dispatch
2024-05-03T20:26:01.727 INFO:journalctl@ceph.mgr.x.smithi181.stdout:May 03 20:26:01 smithi181 ceph-1cd058ee-098b-11ef-bc97-c7b262605968-mgr-x[30033]:
2024-05-03T20:26:01.555+0000 7f0142b8c200 -1 mgr[py] Module telegraf has missing NOTIFY_TYPES member
2024-05-03T20:26:01.727 INFO:journalctl@ceph.mgr.x.smithi181.stdout:May 03 20:26:01 smithi181 ceph-1cd058ee-098b-11ef-bc97-c7b262605968-mgr-x[30033]:
2024-05-03T20:26:01.727+0000 7f0142b8c200 -1 mgr[py] Module osd_support has missing NOTIFY_TYPES member
2024-05-03T20:26:02.126 INFO:journalctl@ceph.mgr.x.smithi181.stdout:May 03 20:26:01 smithi181 ceph-1cd058ee-098b-11ef-bc97-c7b262605968-mgr-x[30033]:
2024-05-03T20:26:01.903+0000 7f0142b8c200 -1 mgr[py] Module iostat has missing NOTIFY_TYPES member
2024-05-03T20:26:02.463 INFO:journalctl@ceph.mgr.x.smithi181.stdout:May 03 20:26:02 smithi181 ceph-1cd058ee-098b-11ef-bc97-c7b262605968-mgr-x[30033]:
2024-05-03T20:26:02.195+0000 7f0142b8c200 -1 mgr[py] Module alerts has missing NOTIFY_TYPES member
2024-05-03T20:26:02.464 INFO:journalctl@ceph.mgr.x.smithi181.stdout:May 03 20:26:02 smithi181 ceph-1cd058ee-098b-11ef-bc97-c7b262605968-mgr-x[30033]:
2024-05-03T20:26:02.287+0000 7f0142b8c200 -1 mgr[py] Module selftest has missing NOTIFY_TYPES member
2024-05-03T20:26:02.963 INFO:journalctl@ceph.mgr.x.smithi181.stdout:May 03 20:26:02 smithi181 ceph-1cd058ee-098b-11ef-bc97-c7b262605968-mgr-x[30033]:
2024-05-03T20:26:02.490+0000 7f0142b8c200 -1 mgr[py] Module pg_autoscaler has missing NOTIFY_TYPES member
2024-05-03T20:26:02.963 INFO:journalctl@ceph.mgr.x.smithi181.stdout:May 03 20:26:02 smithi181 ceph-1cd058ee-098b-11ef-bc97-c7b262605968-mgr-x[30033]:
2024-05-03T20:26:02.680+0000 7f0142b8c200 -1 mgr[py] Module test_orchestrator has missing NOTIFY_TYPES member
2024-05-03T20:26:03.713 INFO:journalctl@ceph.mgr.x.smithi181.stdout:May 03 20:26:03 smithi181 ceph-1cd058ee-098b-11ef-bc97-c7b262605968-mgr-x[30033]:
2024-05-03T20:26:03.281+0000 7f0142b8c200 -1 mgr[py] Module rook has missing NOTIFY_TYPES member
2024-05-03T20:26:03.713 INFO:journalctl@ceph.mgr.x.smithi181.stdout:May 03 20:26:03 smithi181 ceph-1cd058ee-098b-11ef-bc97-c7b262605968-mgr-x[30033]:
2024-05-03T20:26:03.501+0000 7f0142b8c200 -1 mgr[py] Module smb has missing NOTIFY_TYPES member
2024-05-03T20:26:04.213 INFO:journalctl@ceph.mgr.x.smithi181.stdout:May 03 20:26:03 smithi181 ceph-1cd058ee-098b-11ef-bc97-c7b262605968-mgr-x[30033]:
2024-05-03T20:26:03.922+0000 7f0142b8c200 -1 mgr[py] Module volumes has missing NOTIFY_TYPES member
2024-05-03T20:26:04.213 INFO:journalctl@ceph.mgr.x.smithi181.stdout:May 03 20:26:04 smithi181 ceph-1cd058ee-098b-11ef-bc97-c7b262605968-mgr-x[30033]:
2024-05-03T20:26:04.018+0000 7f0142b8c200 -1 mgr[py] Module crash has missing NOTIFY_TYPES member
2024-05-03T20:26:04.713 INFO:journalctl@ceph.mgr.x.smithi181.stdout:May 03 20:26:04 smithi181 ceph-1cd058ee-098b-11ef-bc97-c7b262605968-mgr-x[30033]:
2024-05-03T20:26:04.389+0000 7f0142b8c200 -1 mgr[py] Module rgw has missing NOTIFY_TYPES member
2024-05-03T20:26:05.080 INFO:journalctl@ceph.mgr.x.smithi181.stdout:May 03 20:26:04 smithi181 ceph-1cd058ee-098b-11ef-bc97-c7b262605968-mgr-x[30033]:
2024-05-03T20:26:04.742+0000 7f0142b8c200 -1 mgr[py] Module prometheus has missing NOTIFY_TYPES member
2024-05-03T20:26:05.080 INFO:journalctl@ceph.mgr.x.smithi181.stdout:May 03 20:26:04 smithi181 ceph-1cd058ee-098b-11ef-bc97-c7b262605968-mgr-x[30033]:
2024-05-03T20:26:04.837+0000 7f0142b8c200 -1 mgr[py] Module devicehealth has missing NOTIFY_TYPES member
2024-05-03T20:26:05.463 INFO:journalctl@ceph.mgr.x.smithi181.stdout:May 03 20:26:05 smithi181 ceph-1cd058ee-098b-11ef-bc97-c7b262605968-mgr-x[30033]:
2024-05-03T20:26:05.080+0000 7f0142b8c200 -1 mgr[py] Module telemetry has missing NOTIFY_TYPES member
2024-05-03T20:26:05.463 INFO:journalctl@ceph.mgr.x.smithi181.stdout:May 03 20:26:05 smithi181 ceph-1cd058ee-098b-11ef-bc97-c7b262605968-mgr-x[30033]:
2024-05-03T20:26:05.215+0000 7f0142b8c200 -1 mgr[py] Module diskprediction_local has missing NOTIFY_TYPES member
2024-05-03T20:26:05.963 INFO:journalctl@ceph.mgr.x.smithi181.stdout:May 03 20:26:05 smithi181 ceph-1cd058ee-098b-11ef-bc97-c7b262605968-mgr-x[30033]:
2024-05-03T20:26:05.525+0000 7f0142b8c200 -1 mgr[py] Module osd_perf_query has missing NOTIFY_TYPES member
2024-05-03T20:26:05.963 INFO:journalctl@ceph.mgr.x.smithi181.stdout:May 03 20:26:05 smithi181 ceph-1cd058ee-098b-11ef-bc97-c7b262605968-mgr-x[30033]:
2024-05-03T20:26:05.641+0000 7f0142b8c200 -1 mgr[py] Module rbd_support has missing NOTIFY_TYPES member
2024-05-03T20:26:05.963 INFO:journalctl@ceph.mgr.x.smithi181.stdout:May 03 20:26:05 smithi181 ceph-1cd058ee-098b-11ef-bc97-c7b262605968-mgr-x[30033]:
2024-05-03T20:26:05.733+0000 7f0142b8c200 -1 mgr[py] Module zabbix has missing NOTIFY_TYPES member
2024-05-03T20:26:06.612 INFO:journalctl@ceph.mgr.x.smithi181.stdout:May 03 20:26:06 smithi181 ceph-1cd058ee-098b-11ef-bc97-c7b262605968-mgr-x[30033]:
2024-05-03T20:26:06.338+0000 7f0142b8c200 -1 mgr[py] Module status has missing NOTIFY_TYPES member
2024-05-03T20:26:06.613 INFO:journalctl@ceph.mgr.x.smithi181.stdout:May 03 20:26:06 smithi181 ceph-1cd058ee-098b-11ef-bc97-c7b262605968-mgr-x[30033]:
2024-05-03T20:26:06.559+0000 7f0142b8c200 -1 mgr[py] Module nfs has missing NOTIFY_TYPES member
2024-05-03T20:26:06.963 INFO:journalctl@ceph.mon.a.smithi181.stdout:May 03 20:26:06 smithi181 ceph-mon[29801]: Active manager daemon x restarted
2024-05-03T20:26:06.964 INFO:journalctl@ceph.mon.a.smithi181.stdout:May 03 20:26:06 smithi181 ceph-mon[29801]: Activating manager daemon x
2024-05-03T20:26:06.964 INFO:journalctl@ceph.mon.a.smithi181.stdout:May 03 20:26:06 smithi181 ceph-mon[29801]: osdmap e2: 0 total, 0 up, 0 in
2024-05-03T20:26:06.964 INFO:journalctl@ceph.mon.a.smithi181.stdout:May 03 20:26:06 smithi181 ceph-mon[29801]: mgrmap e6: x(active, starting, since 0.00389018s)
2024-05-03T20:26:06.964 INFO:journalctl@ceph.mon.a.smithi181.stdout:May 03 20:26:06 smithi181 ceph-mon[29801]: from='mgr.14120 172.21.15.181:0/2717494325' entity='mgr.x' cmd=[{"prefix": "mon metadata", "id": "a"}]: dispatch
2024-05-03T20:26:06.964 INFO:journalctl@ceph.mon.a.smithi181.stdout:May 03 20:26:06 smithi181 ceph-mon[29801]: from='mgr.14120 172.21.15.181:0/2717494325' entity='mgr.x' cmd=[{"prefix": "mgr metadata", "who": "x", "id": "x"}]: dispatch
2024-05-03T20:26:06.964 INFO:journalctl@ceph.mon.a.smithi181.stdout:May 03 20:26:06 smithi181 ceph-mon[29801]: from='mgr.14120 172.21.15.181:0/2717494325' entity='mgr.x' cmd=[{"prefix": "mds metadata"}]: dispatch
2024-05-03T20:26:06.964 INFO:journalctl@ceph.mon.a.smithi181.stdout:May 03 20:26:06 smithi181 ceph-mon[29801]: from='mgr.14120 172.21.15.181:0/2717494325' entity='mgr.x' cmd=[{"prefix": "osd metadata"}]: dispatch
2024-05-03T20:26:06.964 INFO:journalctl@ceph.mon.a.smithi181.stdout:May 03 20:26:06 smithi181 ceph-mon[29801]: from='mgr.14120 172.21.15.181:0/2717494325' entity='mgr.x' cmd=[{"prefix": "mon metadata"}]: dispatch
2024-05-03T20:26:06.964 INFO:journalctl@ceph.mon.a.smithi181.stdout:May 03 20:26:06 smithi181 ceph-mon[29801]: Manager daemon x is now available
2024-05-03T20:26:06.964 INFO:journalctl@ceph.mon.a.smithi181.stdout:May 03 20:26:06 smithi181 ceph-mon[29801]: from='mgr.14120 172.21.15.181:0/2717494325' entity='mgr.x'
2024-05-03T20:26:06.964 INFO:journalctl@ceph.mon.a.smithi181.stdout:May 03 20:26:06 smithi181 ceph-mon[29801]: from='mgr.14120 172.21.15.181:0/2717494325' entity='mgr.x'
2024-05-03T20:26:06.964 INFO:journalctl@ceph.mon.a.smithi181.stdout:May 03 20:26:06 smithi181 ceph-mon[29801]: from='mgr.14120 172.21.15.181:0/2717494325' entity='mgr.x' cmd=[{"prefix": "config dump", "format": "json"}]: dispatch
2024-05-03T20:26:06.964 INFO:journalctl@ceph.mon.a.smithi181.stdout:May 03 20:26:06 smithi181 ceph-mon[29801]: from='mgr.14120 172.21.15.181:0/2717494325' entity='mgr.x' cmd=[{"prefix": "config dump", "format": "json"}]: dispatch
2024-05-03T20:26:06.964 INFO:journalctl@ceph.mon.a.smithi181.stdout:May 03 20:26:06 smithi181 ceph-mon[29801]: from='mgr.14120 172.21.15.181:0/2717494325' entity='mgr.x' cmd=[{"prefix":"config rm","who":"mgr","name":"mgr/rbd_support/x/mirror_snapshot_schedule"}]: dispatch
2024-05-03T20:26:07.713 INFO:journalctl@ceph.mon.a.smithi181.stdout:May 03 20:26:07 smithi181 ceph-mon[29801]: Found migration_current of "None". Setting to last migration.
2024-05-03T20:26:07.713 INFO:journalctl@ceph.mon.a.smithi181.stdout:May 03 20:26:07 smithi181 ceph-mon[29801]: from='mgr.14120 172.21.15.181:0/2717494325' entity='mgr.x' cmd=[{"prefix":"config rm","who":"mgr","name":"mgr/rbd_support/x/trash_purge_schedule"}]: dispatch
2024-05-03T20:26:07.713 INFO:journalctl@ceph.mon.a.smithi181.stdout:May 03 20:26:07 smithi181 ceph-mon[29801]: from='mgr.14120 172.21.15.181:0/2717494325' entity='mgr.x'
2024-05-03T20:26:07.713 INFO:journalctl@ceph.mon.a.smithi181.stdout:May 03 20:26:07 smithi181 ceph-mon[29801]: from='mgr.14120 172.21.15.181:0/2717494325' entity='mgr.x'
2024-05-03T20:26:07.713 INFO:journalctl@ceph.mon.a.smithi181.stdout:May 03 20:26:07 smithi181 ceph-mon[29801]: mgrmap e7: x(active, since 1.00672s)
2024-05-03T20:26:08.192 INFO:teuthology.orchestra.run.smithi181.stdout:/usr/bin/ceph: stdout {
2024-05-03T20:26:08.192 INFO:teuthology.orchestra.run.smithi181.stdout:/usr/bin/ceph: stdout "mgrmap_epoch": 7,
2024-05-03T20:26:08.192 INFO:teuthology.orchestra.run.smithi181.stdout:/usr/bin/ceph: stdout "initialized": true
2024-05-03T20:26:08.192 INFO:teuthology.orchestra.run.smithi181.stdout:/usr/bin/ceph: stdout }
2024-05-03T20:26:08.193 INFO:teuthology.orchestra.run.smithi181.stdout:/usr/bin/ceph: stderr
2024-05-03T20:26:01.920+0000 7f663fc09700 1 Processor -- start
2024-05-03T20:26:08.193 INFO:teuthology.orchestra.run.smithi181.stdout:/usr/bin/ceph: stderr
2024-05-03T20:26:01.921+0000 7f663fc09700 1 -- start start
2024-05-03T20:26:08.193 INFO:teuthology.orchestra.run.smithi181.stdout:/usr/bin/ceph: stderr
2024-05-03T20:26:01.921+0000 7f663fc09700 1 --2- >> [v2:172.21.15.181:3300/0,v1:172.21.15.181:6789/0] conn(0x7f6638107e70 0x7f6638108290 unknown :-1 s=NONE pgs=0 cs=0 l=0 rev1=0 crypto rx=0 tx=0 comp rx=0 tx=0).connect
2024-05-03T20:26:08.193 INFO:teuthology.orchestra.run.smithi181.stdout:/usr/bin/ceph: stderr
2024-05-03T20:26:01.921+0000 7f663fc09700 1 -- --> [v2:172.21.15.181:3300/0,v1:172.21.15.181:6789/0] -- mon_getmap magic: 0 -- 0x7f66381087d0 con 0x7f6638107e70
2024-05-03T20:26:08.193 INFO:teuthology.orchestra.run.smithi181.stdout:/usr/bin/ceph: stderr
2024-05-03T20:26:01.921+0000 7f663d9a5700 1 --2- >> [v2:172.21.15.181:3300/0,v1:172.21.15.181:6789/0] conn(0x7f6638107e70 0x7f6638108290 unknown :-1 s=BANNER_CONNECTING pgs=0 cs=0 l=0 rev1=0 crypto rx=0 tx=0 comp rx=0 tx=0)._handle_peer_banner_payload supported=3 required=0
2024-05-03T20:26:08.193 INFO:teuthology.orchestra.run.smithi181.stdout:/usr/bin/ceph: stderr
2024-05-03T20:26:01.921+0000 7f663d9a5700 1 --2- >> [v2:172.21.15.181:3300/0,v1:172.21.15.181:6789/0] conn(0x7f6638107e70 0x7f6638108290 unknown :-1 s=HELLO_CONNECTING pgs=0 cs=0 l=0 rev1=1 crypto rx=0 tx=0 comp rx=0 tx=0).handle_hello peer v2:172.21.15.181:3300/0 says I am v2:172.21.15.181:60554/0 (socket says 172.21.15.181:60554)
2024-05-03T20:26:08.193 INFO:teuthology.orchestra.run.smithi181.stdout:/usr/bin/ceph: stderr
2024-05-03T20:26:01.921+0000 7f663d9a5700 1 -- 172.21.15.181:0/508896985 learned_addr learned my addr 172.21.15.181:0/508896985 (peer_addr_for_me v2:172.21.15.181:0/0)
2024-05-03T20:26:08.193 INFO:teuthology.orchestra.run.smithi181.stdout:/usr/bin/ceph: stderr
2024-05-03T20:26:01.921+0000 7f663d9a5700 1 -- 172.21.15.181:0/508896985 --> [v2:172.21.15.181:3300/0,v1:172.21.15.181:6789/0] -- mon_subscribe({config=0+,monmap=0+}) -- 0x7f6638108fd0 con 0x7f6638107e70
2024-05-03T20:26:08.193 INFO:teuthology.orchestra.run.smithi181.stdout:/usr/bin/ceph: stderr
2024-05-03T20:26:01.921+0000 7f663d9a5700 1 --2- 172.21.15.181:0/508896985 >> [v2:172.21.15.181:3300/0,v1:172.21.15.181:6789/0] conn(0x7f6638107e70 0x7f6638108290 secure :-1 s=READY pgs=28 cs=0 l=1 rev1=1 crypto rx=0x7f66340098a0 tx=0x7f6634009bb0 comp rx=0 tx=0).ready entity=mon.0 client_cookie=2f281aa12738c935 server_cookie=0 in_seq=0 out_seq=0
2024-05-03T20:26:08.193 INFO:teuthology.orchestra.run.smithi181.stdout:/usr/bin/ceph: stderr
2024-05-03T20:26:01.922+0000 7f663c9a3700 1 -- 172.21.15.181:0/508896985 <== mon.0 v2:172.21.15.181:3300/0 1 ==== mon_map magic: 0 ==== 205+0+0 (secure 0 0 0) 0x7f6634004160 con 0x7f6638107e70
2024-05-03T20:26:08.193 INFO:teuthology.orchestra.run.smithi181.stdout:/usr/bin/ceph: stderr
2024-05-03T20:26:01.922+0000 7f663c9a3700 1 -- 172.21.15.181:0/508896985 <== mon.0 v2:172.21.15.181:3300/0 2 ==== config(26 keys) ==== 1070+0+0 (secure 0 0 0) 0x7f6634004300 con 0x7f6638107e70
2024-05-03T20:26:08.193 INFO:teuthology.orchestra.run.smithi181.stdout:/usr/bin/ceph: stderr
2024-05-03T20:26:01.922+0000 7f663c9a3700 1 -- 172.21.15.181:0/508896985 <== mon.0 v2:172.21.15.181:3300/0 3 ==== mon_map magic: 0 ==== 205+0+0 (secure 0 0 0) 0x7f6634011af0 con 0x7f6638107e70
2024-05-03T20:26:08.193 INFO:teuthology.orchestra.run.smithi181.stdout:/usr/bin/ceph: stderr
2024-05-03T20:26:01.922+0000 7f663fc09700 1 -- 172.21.15.181:0/508896985 >> [v2:172.21.15.181:3300/0,v1:172.21.15.181:6789/0] conn(0x7f6638107e70 msgr2=0x7f6638108290 secure :-1 s=STATE_CONNECTION_ESTABLISHED l=1).mark_down
2024-05-03T20:26:08.193 INFO:teuthology.orchestra.run.smithi181.stdout:/usr/bin/ceph: stderr
2024-05-03T20:26:01.922+0000 7f663fc09700 1 --2- 172.21.15.181:0/508896985 >> [v2:172.21.15.181:3300/0,v1:172.21.15.181:6789/0] conn(0x7f6638107e70 0x7f6638108290 secure :-1 s=READY pgs=28 cs=0 l=1 rev1=1 crypto rx=0x7f66340098a0 tx=0x7f6634009bb0 comp rx=0 tx=0).stop
2024-05-03T20:26:08.194 INFO:teuthology.orchestra.run.smithi181.stdout:/usr/bin/ceph: stderr
2024-05-03T20:26:01.922+0000 7f663fc09700 1 -- 172.21.15.181:0/508896985 shutdown_connections
2024-05-03T20:26:08.194 INFO:teuthology.orchestra.run.smithi181.stdout:/usr/bin/ceph: stderr
2024-05-03T20:26:01.922+0000 7f663fc09700 1 --2- 172.21.15.181:0/508896985 >> [v2:172.21.15.181:3300/0,v1:172.21.15.181:6789/0] conn(0x7f6638107e70 0x7f6638108290 unknown :-1 s=CLOSED pgs=28 cs=0 l=1 rev1=1 crypto rx=0 tx=0 comp rx=0 tx=0).stop
2024-05-03T20:26:08.194 INFO:teuthology.orchestra.run.smithi181.stdout:/usr/bin/ceph: stderr
2024-05-03T20:26:01.922+0000 7f663fc09700 1 -- 172.21.15.181:0/508896985 >> 172.21.15.181:0/508896985 conn(0x7f6638103450 msgr2=0x7f6638105870 unknown :-1 s=STATE_NONE l=0).mark_down
2024-05-03T20:26:08.194 INFO:teuthology.orchestra.run.smithi181.stdout:/usr/bin/ceph: stderr
2024-05-03T20:26:01.922+0000 7f663fc09700 1 -- 172.21.15.181:0/508896985 shutdown_connections
2024-05-03T20:26:08.194 INFO:teuthology.orchestra.run.smithi181.stdout:/usr/bin/ceph: stderr
2024-05-03T20:26:01.922+0000 7f663fc09700 1 -- 172.21.15.181:0/508896985 wait complete.
2024-05-03T20:26:08.194 INFO:teuthology.orchestra.run.smithi181.stdout:/usr/bin/ceph: stderr
2024-05-03T20:26:01.923+0000 7f663fc09700 1 Processor -- start
2024-05-03T20:26:08.194 INFO:teuthology.orchestra.run.smithi181.stdout:/usr/bin/ceph: stderr
2024-05-03T20:26:01.923+0000 7f663fc09700 1 -- start start
2024-05-03T20:26:08.194 INFO:teuthology.orchestra.run.smithi181.stdout:/usr/bin/ceph: stderr
2024-05-03T20:26:01.923+0000 7f663fc09700 1 --2- >> [v2:172.21.15.181:3300/0,v1:172.21.15.181:6789/0] conn(0x7f6638107e70 0x7f663819bce0 unknown :-1 s=NONE pgs=0 cs=0 l=1 rev1=0 crypto rx=0 tx=0 comp rx=0 tx=0).connect
2024-05-03T20:26:08.194 INFO:teuthology.orchestra.run.smithi181.stdout:/usr/bin/ceph: stderr
2024-05-03T20:26:01.923+0000 7f663fc09700 1 -- --> [v2:172.21.15.181:3300/0,v1:172.21.15.181:6789/0] -- mon_getmap magic: 0 -- 0x7f663810c290 con 0x7f6638107e70
2024-05-03T20:26:08.194 INFO:teuthology.orchestra.run.smithi181.stdout:/usr/bin/ceph: stderr
2024-05-03T20:26:01.923+0000 7f663d9a5700 1 --2- >> [v2:172.21.15.181:3300/0,v1:172.21.15.181:6789/0] conn(0x7f6638107e70 0x7f663819bce0 unknown :-1 s=BANNER_CONNECTING pgs=0 cs=0 l=1 rev1=0 crypto rx=0 tx=0 comp rx=0 tx=0)._handle_peer_banner_payload supported=3 required=0
2024-05-03T20:26:08.194 INFO:teuthology.orchestra.run.smithi181.stdout:/usr/bin/ceph: stderr
2024-05-03T20:26:01.923+0000 7f663d9a5700 1 --2- >> [v2:172.21.15.181:3300/0,v1:172.21.15.181:6789/0] conn(0x7f6638107e70 0x7f663819bce0 unknown :-1 s=HELLO_CONNECTING pgs=0 cs=0 l=1 rev1=1 crypto rx=0 tx=0 comp rx=0 tx=0).handle_hello peer v2:172.21.15.181:3300/0 says I am v2:172.21.15.181:60556/0 (socket says 172.21.15.181:60556)
2024-05-03T20:26:08.194 INFO:teuthology.orchestra.run.smithi181.stdout:/usr/bin/ceph: stderr
2024-05-03T20:26:01.923+0000 7f663d9a5700 1 -- 172.21.15.181:0/1726137374 learned_addr learned my addr 172.21.15.181:0/1726137374 (peer_addr_for_me v2:172.21.15.181:0/0)
2024-05-03T20:26:08.194 INFO:teuthology.orchestra.run.smithi181.stdout:/usr/bin/ceph: stderr
2024-05-03T20:26:01.924+0000 7f663d9a5700 1 -- 172.21.15.181:0/1726137374 --> [v2:172.21.15.181:3300/0,v1:172.21.15.181:6789/0] -- mon_subscribe({config=0+,monmap=0+}) -- 0x7f663819c220 con 0x7f6638107e70
2024-05-03T20:26:08.195 INFO:teuthology.orchestra.run.smithi181.stdout:/usr/bin/ceph: stderr
2024-05-03T20:26:01.924+0000 7f663d9a5700 1 --2- 172.21.15.181:0/1726137374 >> [v2:172.21.15.181:3300/0,v1:172.21.15.181:6789/0] conn(0x7f6638107e70 0x7f663819bce0 secure :-1 s=READY pgs=29 cs=0 l=1 rev1=1 crypto rx=0x7f6634011670 tx=0x7f6634004250 comp rx=0 tx=0).ready entity=mon.0 client_cookie=0 server_cookie=0 in_seq=0 out_seq=0
2024-05-03T20:26:08.195 INFO:teuthology.orchestra.run.smithi181.stdout:/usr/bin/ceph: stderr
