2024-05-03T21:11:09.248+0000 7fe514ff9700 1 --2- 172.21.15.67:0/2394836913 >> [v2:172.21.15.67:6800/2576113038,v1:172.21.15.67:6801/2576113038] conn(0x7fe50403e350 0x7fe504040810 unknown :-1 s=NONE pgs=0 cs=0 l=1 rev1=0 crypto rx=0 tx=0 comp rx=0 tx=0).connect
2024-05-03T21:11:10.041 INFO:teuthology.orchestra.run.smithi067.stdout:/usr/bin/ceph: stderr
2024-05-03T21:11:09.248+0000 7fe514ff9700 1 -- 172.21.15.67:0/2394836913 <== mon.0 v2:172.21.15.67:3300/0 5 ==== osd_map(2..2 src has 1..2) ==== 940+0+0 (secure 0 0 0) 0x7fe50800f050 con 0x7fe518109270
2024-05-03T21:11:10.041 INFO:teuthology.orchestra.run.smithi067.stdout:/usr/bin/ceph: stderr
2024-05-03T21:11:09.248+0000 7fe516ffd700 1 --2- 172.21.15.67:0/2394836913 >> [v2:172.21.15.67:6800/2576113038,v1:172.21.15.67:6801/2576113038] conn(0x7fe50403e350 0x7fe504040810 unknown :-1 s=BANNER_CONNECTING pgs=0 cs=0 l=1 rev1=0 crypto rx=0 tx=0 comp rx=0 tx=0)._handle_peer_banner_payload supported=3 required=0
2024-05-03T21:11:10.041 INFO:teuthology.orchestra.run.smithi067.stdout:/usr/bin/ceph: stderr
2024-05-03T21:11:09.248+0000 7fe516ffd700 1 --2- 172.21.15.67:0/2394836913 >> [v2:172.21.15.67:6800/2576113038,v1:172.21.15.67:6801/2576113038] conn(0x7fe50403e350 0x7fe504040810 secure :-1 s=READY pgs=7 cs=0 l=1 rev1=1 crypto rx=0x7fe500006fd0 tx=0x7fe500006e40 comp rx=0 tx=0).ready entity=mgr.14118 client_cookie=0 server_cookie=0 in_seq=0 out_seq=0
2024-05-03T21:11:10.041 INFO:teuthology.orchestra.run.smithi067.stdout:/usr/bin/ceph: stderr
2024-05-03T21:11:09.253+0000 7fe514ff9700 1 -- 172.21.15.67:0/2394836913 <== mon.0 v2:172.21.15.67:3300/0 6 ==== mon_command_ack([{"prefix": "get_command_descriptions"}]=0 v0) ==== 72+0+191839 (secure 0 0 0) 0x7fe50802b020 con 0x7fe518109270
2024-05-03T21:11:10.041 INFO:teuthology.orchestra.run.smithi067.stdout:/usr/bin/ceph: stderr
2024-05-03T21:11:09.394+0000 7fe514ff9700 1 -- 172.21.15.67:0/2394836913 <== mon.0 v2:172.21.15.67:3300/0 7 ==== mgrmap(e 8) ==== 50222+0+0 (secure 0 0 0) 0x7fe50802ecf0 con 0x7fe518109270
2024-05-03T21:11:10.041 INFO:teuthology.orchestra.run.smithi067.stdout:/usr/bin/ceph: stderr
2024-05-03T21:11:09.485+0000 7fe51de6b700 1 -- 172.21.15.67:0/2394836913 --> [v2:172.21.15.67:6800/2576113038,v1:172.21.15.67:6801/2576113038] -- mgr_command(tid 0: {"prefix": "orch set backend", "module_name": "cephadm", "target": ["mon-mgr", ""]}) -- 0x7fe4f8000bf0 con 0x7fe50403e350
2024-05-03T21:11:10.041 INFO:teuthology.orchestra.run.smithi067.stdout:/usr/bin/ceph: stderr
2024-05-03T21:11:09.490+0000 7fe514ff9700 1 -- 172.21.15.67:0/2394836913 <== mgr.14118 v2:172.21.15.67:6800/2576113038 1 ==== mgr_command_reply(tid 0: 0 ) ==== 8+0+0 (secure 0 0 0) 0x7fe4f8000bf0 con 0x7fe50403e350
2024-05-03T21:11:10.041 INFO:teuthology.orchestra.run.smithi067.stdout:/usr/bin/ceph: stderr
2024-05-03T21:11:09.493+0000 7fe51de6b700 1 -- 172.21.15.67:0/2394836913 >> [v2:172.21.15.67:6800/2576113038,v1:172.21.15.67:6801/2576113038] conn(0x7fe50403e350 msgr2=0x7fe504040810 secure :-1 s=STATE_CONNECTION_ESTABLISHED l=1).mark_down
2024-05-03T21:11:10.041 INFO:teuthology.orchestra.run.smithi067.stdout:/usr/bin/ceph: stderr
2024-05-03T21:11:09.493+0000 7fe51de6b700 1 --2- 172.21.15.67:0/2394836913 >> [v2:172.21.15.67:6800/2576113038,v1:172.21.15.67:6801/2576113038] conn(0x7fe50403e350 0x7fe504040810 secure :-1 s=READY pgs=7 cs=0 l=1 rev1=1 crypto rx=0x7fe500006fd0 tx=0x7fe500006e40 comp rx=0 tx=0).stop
2024-05-03T21:11:10.041 INFO:teuthology.orchestra.run.smithi067.stdout:/usr/bin/ceph: stderr
2024-05-03T21:11:09.493+0000 7fe51de6b700 1 -- 172.21.15.67:0/2394836913 >> [v2:172.21.15.67:3300/0,v1:172.21.15.67:6789/0] conn(0x7fe518109270 msgr2=0x7fe51819d1b0 secure :-1 s=STATE_CONNECTION_ESTABLISHED l=1).mark_down
2024-05-03T21:11:10.042 INFO:teuthology.orchestra.run.smithi067.stdout:/usr/bin/ceph: stderr
2024-05-03T21:11:09.493+0000 7fe51de6b700 1 --2- 172.21.15.67:0/2394836913 >> [v2:172.21.15.67:3300/0,v1:172.21.15.67:6789/0] conn(0x7fe518109270 0x7fe51819d1b0 secure :-1 s=READY pgs=36 cs=0 l=1 rev1=1 crypto rx=0x7fe50800b7b0 tx=0x7fe508003d00 comp rx=0 tx=0).stop
2024-05-03T21:11:10.042 INFO:teuthology.orchestra.run.smithi067.stdout:/usr/bin/ceph: stderr
2024-05-03T21:11:09.493+0000 7fe51de6b700 1 -- 172.21.15.67:0/2394836913 shutdown_connections
2024-05-03T21:11:10.042 INFO:teuthology.orchestra.run.smithi067.stdout:/usr/bin/ceph: stderr
2024-05-03T21:11:09.493+0000 7fe51de6b700 1 --2- 172.21.15.67:0/2394836913 >> [v2:172.21.15.67:6800/2576113038,v1:172.21.15.67:6801/2576113038] conn(0x7fe50403e350 0x7fe504040810 unknown :-1 s=CLOSED pgs=7 cs=0 l=1 rev1=1 crypto rx=0 tx=0 comp rx=0 tx=0).stop
2024-05-03T21:11:10.042 INFO:teuthology.orchestra.run.smithi067.stdout:/usr/bin/ceph: stderr
2024-05-03T21:11:09.493+0000 7fe51de6b700 1 --2- 172.21.15.67:0/2394836913 >> [v2:172.21.15.67:3300/0,v1:172.21.15.67:6789/0] conn(0x7fe518109270 0x7fe51819d1b0 unknown :-1 s=CLOSED pgs=36 cs=0 l=1 rev1=1 crypto rx=0 tx=0 comp rx=0 tx=0).stop
2024-05-03T21:11:10.042 INFO:teuthology.orchestra.run.smithi067.stdout:/usr/bin/ceph: stderr
2024-05-03T21:11:09.493+0000 7fe51de6b700 1 -- 172.21.15.67:0/2394836913 >> 172.21.15.67:0/2394836913 conn(0x7fe518104950 msgr2=0x7fe5181053f0 unknown :-1 s=STATE_NONE l=0).mark_down
2024-05-03T21:11:10.042 INFO:teuthology.orchestra.run.smithi067.stdout:/usr/bin/ceph: stderr
2024-05-03T21:11:09.493+0000 7fe51de6b700 1 -- 172.21.15.67:0/2394836913 shutdown_connections
2024-05-03T21:11:10.042 INFO:teuthology.orchestra.run.smithi067.stdout:/usr/bin/ceph: stderr
2024-05-03T21:11:09.493+0000 7fe51de6b700 1 -- 172.21.15.67:0/2394836913 wait complete.
2024-05-03T21:11:10.428 INFO:journalctl@ceph.mon.a.smithi067.stdout:May 03 21:11:10 smithi067 ceph-mon[29730]: mgrmap e8: x(active, since 2s)
2024-05-03T21:11:10.428 INFO:journalctl@ceph.mon.a.smithi067.stdout:May 03 21:11:10 smithi067 ceph-mon[29730]: from='client.14130 -' entity='client.admin' cmd=[{"prefix": "orch set backend", "module_name": "cephadm", "target": ["mon-mgr", ""]}]: dispatch
2024-05-03T21:11:10.428 INFO:journalctl@ceph.mon.a.smithi067.stdout:May 03 21:11:10 smithi067 ceph-mon[29730]: from='mgr.14118 172.21.15.67:0/4082808469' entity='mgr.x'
2024-05-03T21:11:10.428 INFO:journalctl@ceph.mon.a.smithi067.stdout:May 03 21:11:10 smithi067 ceph-mon[29730]: from='mgr.14118 172.21.15.67:0/4082808469' entity='mgr.x' cmd=[{"prefix": "config dump", "format": "json"}]: dispatch
2024-05-03T21:11:11.219 INFO:teuthology.orchestra.run.smithi067.stdout:/usr/bin/ceph: stdout value unchanged
2024-05-03T21:11:11.219 INFO:teuthology.orchestra.run.smithi067.stdout:/usr/bin/ceph: stderr
2024-05-03T21:11:10.426+0000 7f56caa9a700 1 Processor -- start
2024-05-03T21:11:11.219 INFO:teuthology.orchestra.run.smithi067.stdout:/usr/bin/ceph: stderr
2024-05-03T21:11:10.426+0000 7f56caa9a700 1 -- start start
2024-05-03T21:11:11.219 INFO:teuthology.orchestra.run.smithi067.stdout:/usr/bin/ceph: stderr
2024-05-03T21:11:10.426+0000 7f56caa9a700 1 --2- >> [v2:172.21.15.67:3300/0,v1:172.21.15.67:6789/0] conn(0x7f56c41081b0 0x7f56c41085d0 unknown :-1 s=NONE pgs=0 cs=0 l=0 rev1=0 crypto rx=0 tx=0 comp rx=0 tx=0).connect
2024-05-03T21:11:11.219 INFO:teuthology.orchestra.run.smithi067.stdout:/usr/bin/ceph: stderr
2024-05-03T21:11:10.426+0000 7f56caa9a700 1 -- --> [v2:172.21.15.67:3300/0,v1:172.21.15.67:6789/0] -- mon_getmap magic: 0 -- 0x7f56c4108ba0 con 0x7f56c41081b0
2024-05-03T21:11:11.219 INFO:teuthology.orchestra.run.smithi067.stdout:/usr/bin/ceph: stderr
2024-05-03T21:11:10.427+0000 7f56c8836700 1 --2- >> [v2:172.21.15.67:3300/0,v1:172.21.15.67:6789/0] conn(0x7f56c41081b0 0x7f56c41085d0 unknown :-1 s=BANNER_CONNECTING pgs=0 cs=0 l=0 rev1=0 crypto rx=0 tx=0 comp rx=0 tx=0)._handle_peer_banner_payload supported=3 required=0
2024-05-03T21:11:11.219 INFO:teuthology.orchestra.run.smithi067.stdout:/usr/bin/ceph: stderr
2024-05-03T21:11:10.427+0000 7f56c8836700 1 --2- >> [v2:172.21.15.67:3300/0,v1:172.21.15.67:6789/0] conn(0x7f56c41081b0 0x7f56c41085d0 unknown :-1 s=HELLO_CONNECTING pgs=0 cs=0 l=0 rev1=1 crypto rx=0 tx=0 comp rx=0 tx=0).handle_hello peer v2:172.21.15.67:3300/0 says I am v2:172.21.15.67:43794/0 (socket says 172.21.15.67:43794)
2024-05-03T21:11:11.219 INFO:teuthology.orchestra.run.smithi067.stdout:/usr/bin/ceph: stderr
2024-05-03T21:11:10.427+0000 7f56c8836700 1 -- 172.21.15.67:0/147210659 learned_addr learned my addr 172.21.15.67:0/147210659 (peer_addr_for_me v2:172.21.15.67:0/0)
2024-05-03T21:11:11.219 INFO:teuthology.orchestra.run.smithi067.stdout:/usr/bin/ceph: stderr
2024-05-03T21:11:10.427+0000 7f56c8836700 1 -- 172.21.15.67:0/147210659 --> [v2:172.21.15.67:3300/0,v1:172.21.15.67:6789/0] -- mon_subscribe({config=0+,monmap=0+}) -- 0x7f56c41093b0 con 0x7f56c41081b0
2024-05-03T21:11:11.219 INFO:teuthology.orchestra.run.smithi067.stdout:/usr/bin/ceph: stderr
2024-05-03T21:11:10.427+0000 7f56c8836700 1 --2- 172.21.15.67:0/147210659 >> [v2:172.21.15.67:3300/0,v1:172.21.15.67:6789/0] conn(0x7f56c41081b0 0x7f56c41085d0 secure :-1 s=READY pgs=37 cs=0 l=1 rev1=1 crypto rx=0x7f56b80098a0 tx=0x7f56b8009bb0 comp rx=0 tx=0).ready entity=mon.0 client_cookie=ef473e471f7a1d19 server_cookie=0 in_seq=0 out_seq=0
2024-05-03T21:11:11.219 INFO:teuthology.orchestra.run.smithi067.stdout:/usr/bin/ceph: stderr
2024-05-03T21:11:10.427+0000 7f56c37fe700 1 -- 172.21.15.67:0/147210659 <== mon.0 v2:172.21.15.67:3300/0 1 ==== mon_map magic: 0 ==== 205+0+0 (secure 0 0 0) 0x7f56b8004160 con 0x7f56c41081b0
2024-05-03T21:11:11.220 INFO:teuthology.orchestra.run.smithi067.stdout:/usr/bin/ceph: stderr
2024-05-03T21:11:10.427+0000 7f56c37fe700 1 -- 172.21.15.67:0/147210659 <== mon.0 v2:172.21.15.67:3300/0 2 ==== config(28 keys) ==== 1139+0+0 (secure 0 0 0) 0x7f56b8004300 con 0x7f56c41081b0
2024-05-03T21:11:11.220 INFO:teuthology.orchestra.run.smithi067.stdout:/usr/bin/ceph: stderr
2024-05-03T21:11:10.427+0000 7f56c37fe700 1 -- 172.21.15.67:0/147210659 <== mon.0 v2:172.21.15.67:3300/0 3 ==== mon_map magic: 0 ==== 205+0+0 (secure 0 0 0) 0x7f56b8011c00 con 0x7f56c41081b0
2024-05-03T21:11:11.220 INFO:teuthology.orchestra.run.smithi067.stdout:/usr/bin/ceph: stderr
2024-05-03T21:11:10.428+0000 7f56caa9a700 1 -- 172.21.15.67:0/147210659 >> [v2:172.21.15.67:3300/0,v1:172.21.15.67:6789/0] conn(0x7f56c41081b0 msgr2=0x7f56c41085d0 secure :-1 s=STATE_CONNECTION_ESTABLISHED l=1).mark_down
2024-05-03T21:11:11.220 INFO:teuthology.orchestra.run.smithi067.stdout:/usr/bin/ceph: stderr
2024-05-03T21:11:10.428+0000 7f56caa9a700 1 --2- 172.21.15.67:0/147210659 >> [v2:172.21.15.67:3300/0,v1:172.21.15.67:6789/0] conn(0x7f56c41081b0 0x7f56c41085d0 secure :-1 s=READY pgs=37 cs=0 l=1 rev1=1 crypto rx=0x7f56b80098a0 tx=0x7f56b8009bb0 comp rx=0 tx=0).stop
2024-05-03T21:11:11.220 INFO:teuthology.orchestra.run.smithi067.stdout:/usr/bin/ceph: stderr
2024-05-03T21:11:10.428+0000 7f56caa9a700 1 -- 172.21.15.67:0/147210659 shutdown_connections
2024-05-03T21:11:11.220 INFO:teuthology.orchestra.run.smithi067.stdout:/usr/bin/ceph: stderr
2024-05-03T21:11:10.428+0000 7f56caa9a700 1 --2- 172.21.15.67:0/147210659 >> [v2:172.21.15.67:3300/0,v1:172.21.15.67:6789/0] conn(0x7f56c41081b0 0x7f56c41085d0 unknown :-1 s=CLOSED pgs=37 cs=0 l=1 rev1=1 crypto rx=0 tx=0 comp rx=0 tx=0).stop
2024-05-03T21:11:11.220 INFO:teuthology.orchestra.run.smithi067.stdout:/usr/bin/ceph: stderr
2024-05-03T21:11:10.428+0000 7f56caa9a700 1 -- 172.21.15.67:0/147210659 >> 172.21.15.67:0/147210659 conn(0x7f56c4103790 msgr2=0x7f56c4105bb0 unknown :-1 s=STATE_NONE l=0).mark_down
2024-05-03T21:11:11.220 INFO:teuthology.orchestra.run.smithi067.stdout:/usr/bin/ceph: stderr
2024-05-03T21:11:10.428+0000 7f56caa9a700 1 -- 172.21.15.67:0/147210659 shutdown_connections
2024-05-03T21:11:11.220 INFO:teuthology.orchestra.run.smithi067.stdout:/usr/bin/ceph: stderr
2024-05-03T21:11:10.428+0000 7f56caa9a700 1 -- 172.21.15.67:0/147210659 wait complete.
2024-05-03T21:11:11.220 INFO:teuthology.orchestra.run.smithi067.stdout:/usr/bin/ceph: stderr
2024-05-03T21:11:10.429+0000 7f56caa9a700 1 Processor -- start
2024-05-03T21:11:11.220 INFO:teuthology.orchestra.run.smithi067.stdout:/usr/bin/ceph: stderr
2024-05-03T21:11:10.429+0000 7f56caa9a700 1 -- start start
2024-05-03T21:11:11.220 INFO:teuthology.orchestra.run.smithi067.stdout:/usr/bin/ceph: stderr
2024-05-03T21:11:10.429+0000 7f56caa9a700 1 --2- >> [v2:172.21.15.67:3300/0,v1:172.21.15.67:6789/0] conn(0x7f56c41081b0 0x7f56c419f530 unknown :-1 s=NONE pgs=0 cs=0 l=1 rev1=0 crypto rx=0 tx=0 comp rx=0 tx=0).connect
2024-05-03T21:11:11.220 INFO:teuthology.orchestra.run.smithi067.stdout:/usr/bin/ceph: stderr
2024-05-03T21:11:10.429+0000 7f56caa9a700 1 -- --> [v2:172.21.15.67:3300/0,v1:172.21.15.67:6789/0] -- mon_getmap magic: 0 -- 0x7f56c410c760 con 0x7f56c41081b0
2024-05-03T21:11:11.220 INFO:teuthology.orchestra.run.smithi067.stdout:/usr/bin/ceph: stderr
2024-05-03T21:11:10.429+0000 7f56c8836700 1 --2- >> [v2:172.21.15.67:3300/0,v1:172.21.15.67:6789/0] conn(0x7f56c41081b0 0x7f56c419f530 unknown :-1 s=BANNER_CONNECTING pgs=0 cs=0 l=1 rev1=0 crypto rx=0 tx=0 comp rx=0 tx=0)._handle_peer_banner_payload supported=3 required=0
2024-05-03T21:11:11.220 INFO:teuthology.orchestra.run.smithi067.stdout:/usr/bin/ceph: stderr
2024-05-03T21:11:10.429+0000 7f56c8836700 1 --2- >> [v2:172.21.15.67:3300/0,v1:172.21.15.67:6789/0] conn(0x7f56c41081b0 0x7f56c419f530 unknown :-1 s=HELLO_CONNECTING pgs=0 cs=0 l=1 rev1=1 crypto rx=0 tx=0 comp rx=0 tx=0).handle_hello peer v2:172.21.15.67:3300/0 says I am v2:172.21.15.67:43802/0 (socket says 172.21.15.67:43802)
2024-05-03T21:11:11.221 INFO:teuthology.orchestra.run.smithi067.stdout:/usr/bin/ceph: stderr
2024-05-03T21:11:10.429+0000 7f56c8836700 1 -- 172.21.15.67:0/3112173468 learned_addr learned my addr 172.21.15.67:0/3112173468 (peer_addr_for_me v2:172.21.15.67:0/0)
2024-05-03T21:11:11.221 INFO:teuthology.orchestra.run.smithi067.stdout:/usr/bin/ceph: stderr
2024-05-03T21:11:10.429+0000 7f56c8836700 1 -- 172.21.15.67:0/3112173468 --> [v2:172.21.15.67:3300/0,v1:172.21.15.67:6789/0] -- mon_subscribe({config=0+,monmap=0+}) -- 0x7f56c419fa70 con 0x7f56c41081b0
2024-05-03T21:11:11.221 INFO:teuthology.orchestra.run.smithi067.stdout:/usr/bin/ceph: stderr
2024-05-03T21:11:10.429+0000 7f56c8836700 1 --2- 172.21.15.67:0/3112173468 >> [v2:172.21.15.67:3300/0,v1:172.21.15.67:6789/0] conn(0x7f56c41081b0 0x7f56c419f530 secure :-1 s=READY pgs=38 cs=0 l=1 rev1=1 crypto rx=0x7f56b8009fb0 tx=0x7f56b8011c60 comp rx=0 tx=0).ready entity=mon.0 client_cookie=0 server_cookie=0 in_seq=0 out_seq=0
2024-05-03T21:11:11.221 INFO:teuthology.orchestra.run.smithi067.stdout:/usr/bin/ceph: stderr
2024-05-03T21:11:10.430+0000 7f56c1ffb700 1 -- 172.21.15.67:0/3112173468 <== mon.0 v2:172.21.15.67:3300/0 1 ==== mon_map magic: 0 ==== 205+0+0 (secure 0 0 0) 0x7f56b80038b0 con 0x7f56c41081b0
2024-05-03T21:11:11.221 INFO:teuthology.orchestra.run.smithi067.stdout:/usr/bin/ceph: stderr
2024-05-03T21:11:10.430+0000 7f56caa9a700 1 -- 172.21.15.67:0/3112173468 --> [v2:172.21.15.67:3300/0,v1:172.21.15.67:6789/0] -- mon_subscribe({mgrmap=0+}) -- 0x7f56c419fd00 con 0x7f56c41081b0
2024-05-03T21:11:11.221 INFO:teuthology.orchestra.run.smithi067.stdout:/usr/bin/ceph: stderr
2024-05-03T21:11:10.430+0000 7f56c1ffb700 1 -- 172.21.15.67:0/3112173468 <== mon.0 v2:172.21.15.67:3300/0 2 ==== config(28 keys) ==== 1139+0+0 (secure 0 0 0) 0x7f56b801a430 con 0x7f56c41081b0
2024-05-03T21:11:11.221 INFO:teuthology.orchestra.run.smithi067.stdout:/usr/bin/ceph: stderr
2024-05-03T21:11:10.430+0000 7f56c1ffb700 1 -- 172.21.15.67:0/3112173468 <== mon.0 v2:172.21.15.67:3300/0 3 ==== mon_map magic: 0 ==== 205+0+0 (secure 0 0 0) 0x7f56b80195e0 con 0x7f56c41081b0
2024-05-03T21:11:11.221 INFO:teuthology.orchestra.run.smithi067.stdout:/usr/bin/ceph: stderr
2024-05-03T21:11:10.430+0000 7f56caa9a700 1 -- 172.21.15.67:0/3112173468 --> [v2:172.21.15.67:3300/0,v1:172.21.15.67:6789/0] -- mon_subscribe({osdmap=0}) -- 0x7f56c41a29f0 con 0x7f56c41081b0
2024-05-03T21:11:11.221 INFO:teuthology.orchestra.run.smithi067.stdout:/usr/bin/ceph: stderr
2024-05-03T21:11:10.431+0000 7f56c1ffb700 1 -- 172.21.15.67:0/3112173468 <== mon.0 v2:172.21.15.67:3300/0 4 ==== mgrmap(e 8) ==== 50222+0+0 (secure 0 0 0) 0x7f56b801aa50 con 0x7f56c41081b0
2024-05-03T21:11:11.221 INFO:teuthology.orchestra.run.smithi067.stdout:/usr/bin/ceph: stderr
2024-05-03T21:11:10.431+0000 7f56caa9a700 1 -- 172.21.15.67:0/3112173468 --> [v2:172.21.15.67:3300/0,v1:172.21.15.67:6789/0] -- mon_command({"prefix": "get_command_descriptions"} v 0) -- 0x7f56c410c8e0 con 0x7f56c41081b0
2024-05-03T21:11:11.221 INFO:teuthology.orchestra.run.smithi067.stdout:/usr/bin/ceph: stderr
2024-05-03T21:11:10.431+0000 7f56c1ffb700 1 --2- 172.21.15.67:0/3112173468 >> [v2:172.21.15.67:6800/2576113038,v1:172.21.15.67:6801/2576113038] conn(0x7f56b403e470 0x7f56b4040930 unknown :-1 s=NONE pgs=0 cs=0 l=1 rev1=0 crypto rx=0 tx=0 comp rx=0 tx=0).connect
2024-05-03T21:11:11.221 INFO:teuthology.orchestra.run.smithi067.stdout:/usr/bin/ceph: stderr
2024-05-03T21:11:10.431+0000 7f56c1ffb700 1 -- 172.21.15.67:0/3112173468 <== mon.0 v2:172.21.15.67:3300/0 5 ==== osd_map(2..2 src has 1..2) ==== 940+0+0 (secure 0 0 0) 0x7f56b8053920 con 0x7f56c41081b0
2024-05-03T21:11:11.222 INFO:teuthology.orchestra.run.smithi067.stdout:/usr/bin/ceph: stderr
2024-05-03T21:11:10.431+0000 7f56c3fff700 1 --2- 172.21.15.67:0/3112173468 >> [v2:172.21.15.67:6800/2576113038,v1:172.21.15.67:6801/2576113038] conn(0x7f56b403e470 0x7f56b4040930 unknown :-1 s=BANNER_CONNECTING pgs=0 cs=0 l=1 rev1=0 crypto rx=0 tx=0 comp rx=0 tx=0)._handle_peer_banner_payload supported=3 required=0
2024-05-03T21:11:11.222 INFO:teuthology.orchestra.run.smithi067.stdout:/usr/bin/ceph: stderr
2024-05-03T21:11:10.431+0000 7f56c3fff700 1 --2- 172.21.15.67:0/3112173468 >> [v2:172.21.15.67:6800/2576113038,v1:172.21.15.67:6801/2576113038] conn(0x7f56b403e470 0x7f56b4040930 secure :-1 s=READY pgs=8 cs=0 l=1 rev1=1 crypto rx=0x7f56b0006fd0 tx=0x7f56b0006e40 comp rx=0 tx=0).ready entity=mgr.14118 client_cookie=0 server_cookie=0 in_seq=0 out_seq=0
2024-05-03T21:11:11.222 INFO:teuthology.orchestra.run.smithi067.stdout:/usr/bin/ceph: stderr
2024-05-03T21:11:10.436+0000 7f56c1ffb700 1 -- 172.21.15.67:0/3112173468 <== mon.0 v2:172.21.15.67:3300/0 6 ==== mon_command_ack([{"prefix": "get_command_descriptions"}]=0 v0) ==== 72+0+191839 (secure 0 0 0) 0x7f56b8003be0 con 0x7f56c41081b0
2024-05-03T21:11:11.222 INFO:teuthology.orchestra.run.smithi067.stdout:/usr/bin/ceph: stderr
2024-05-03T21:11:10.658+0000 7f56caa9a700 1 -- 172.21.15.67:0/3112173468 --> [v2:172.21.15.67:6800/2576113038,v1:172.21.15.67:6801/2576113038] -- mgr_command(tid 0: {"prefix": "cephadm set-user", "user": "root", "target": ["mon-mgr", ""]}) -- 0x7f56c402e840 con 0x7f56b403e470
2024-05-03T21:11:11.222 INFO:teuthology.orchestra.run.smithi067.stdout:/usr/bin/ceph: stderr
2024-05-03T21:11:10.659+0000 7f56c1ffb700 1 -- 172.21.15.67:0/3112173468 <== mgr.14118 v2:172.21.15.67:6800/2576113038 1 ==== mgr_command_reply(tid 0: 0 ) ==== 8+0+16 (secure 0 0 0) 0x7f56c402e840 con 0x7f56b403e470
2024-05-03T21:11:11.222 INFO:teuthology.orchestra.run.smithi067.stdout:/usr/bin/ceph: stderr
2024-05-03T21:11:10.661+0000 7f56caa9a700 1 -- 172.21.15.67:0/3112173468 >> [v2:172.21.15.67:6800/2576113038,v1:172.21.15.67:6801/2576113038] conn(0x7f56b403e470 msgr2=0x7f56b4040930 secure :-1 s=STATE_CONNECTION_ESTABLISHED l=1).mark_down
2024-05-03T21:11:11.222 INFO:teuthology.orchestra.run.smithi067.stdout:/usr/bin/ceph: stderr
2024-05-03T21:11:10.661+0000 7f56caa9a700 1 --2- 172.21.15.67:0/3112173468 >> [v2:172.21.15.67:6800/2576113038,v1:172.21.15.67:6801/2576113038] conn(0x7f56b403e470 0x7f56b4040930 secure :-1 s=READY pgs=8 cs=0 l=1 rev1=1 crypto rx=0x7f56b0006fd0 tx=0x7f56b0006e40 comp rx=0 tx=0).stop
2024-05-03T21:11:11.222 INFO:teuthology.orchestra.run.smithi067.stdout:/usr/bin/ceph: stderr
2024-05-03T21:11:10.661+0000 7f56caa9a700 1 -- 172.21.15.67:0/3112173468 >> [v2:172.21.15.67:3300/0,v1:172.21.15.67:6789/0] conn(0x7f56c41081b0 msgr2=0x7f56c419f530 secure :-1 s=STATE_CONNECTION_ESTABLISHED l=1).mark_down
2024-05-03T21:11:11.222 INFO:teuthology.orchestra.run.smithi067.stdout:/usr/bin/ceph: stderr
2024-05-03T21:11:10.661+0000 7f56caa9a700 1 --2- 172.21.15.67:0/3112173468 >> [v2:172.21.15.67:3300/0,v1:172.21.15.67:6789/0] conn(0x7f56c41081b0 0x7f56c419f530 secure :-1 s=READY pgs=38 cs=0 l=1 rev1=1 crypto rx=0x7f56b8009fb0 tx=0x7f56b8011c60 comp rx=0 tx=0).stop
2024-05-03T21:11:11.222 INFO:teuthology.orchestra.run.smithi067.stdout:/usr/bin/ceph: stderr
2024-05-03T21:11:10.661+0000 7f56caa9a700 1 -- 172.21.15.67:0/3112173468 shutdown_connections
2024-05-03T21:11:11.222 INFO:teuthology.orchestra.run.smithi067.stdout:/usr/bin/ceph: stderr
2024-05-03T21:11:10.661+0000 7f56caa9a700 1 --2- 172.21.15.67:0/3112173468 >> [v2:172.21.15.67:6800/2576113038,v1:172.21.15.67:6801/2576113038] conn(0x7f56b403e470 0x7f56b4040930 unknown :-1 s=CLOSED pgs=8 cs=0 l=1 rev1=1 crypto rx=0 tx=0 comp rx=0 tx=0).stop
2024-05-03T21:11:11.222 INFO:teuthology.orchestra.run.smithi067.stdout:/usr/bin/ceph: stderr
2024-05-03T21:11:10.661+0000 7f56caa9a700 1 --2- 172.21.15.67:0/3112173468 >> [v2:172.21.15.67:3300/0,v1:172.21.15.67:6789/0] conn(0x7f56c41081b0 0x7f56c419f530 unknown :-1 s=CLOSED pgs=38 cs=0 l=1 rev1=1 crypto rx=0 tx=0 comp rx=0 tx=0).stop
2024-05-03T21:11:11.222 INFO:teuthology.orchestra.run.smithi067.stdout:/usr/bin/ceph: stderr
2024-05-03T21:11:10.661+0000 7f56caa9a700 1 -- 172.21.15.67:0/3112173468 >> 172.21.15.67:0/3112173468 conn(0x7f56c4103790 msgr2=0x7f56c41046b0 unknown :-1 s=STATE_NONE l=0).mark_down
2024-05-03T21:11:11.222 INFO:teuthology.orchestra.run.smithi067.stdout:/usr/bin/ceph: stderr
2024-05-03T21:11:10.661+0000 7f56caa9a700 1 -- 172.21.15.67:0/3112173468 shutdown_connections
2024-05-03T21:11:11.223 INFO:teuthology.orchestra.run.smithi067.stdout:/usr/bin/ceph: stderr
2024-05-03T21:11:10.661+0000 7f56caa9a700 1 -- 172.21.15.67:0/3112173468 wait complete.
2024-05-03T21:11:11.223 INFO:teuthology.orchestra.run.smithi067.stdout:Generating ssh key...
2024-05-03T21:11:11.621 INFO:journalctl@ceph.mon.a.smithi067.stdout:May 03 21:11:11 smithi067 ceph-mon[29730]: from='client.14132 -' entity='client.admin' cmd=[{"prefix": "cephadm set-user", "user": "root", "target": ["mon-mgr", ""]}]: dispatch
2024-05-03T21:11:12.221 INFO:journalctl@ceph.mgr.x.smithi067.stdout:May 03 21:11:12 smithi067 ceph-713bc57a-0991-11ef-bc97-c7b262605968-mgr-x[29964]: Generating public/private rsa key pair.
2024-05-03T21:11:12.221 INFO:journalctl@ceph.mgr.x.smithi067.stdout:May 03 21:11:12 smithi067 ceph-713bc57a-0991-11ef-bc97-c7b262605968-mgr-x[29964]: Your identification has been saved in /tmp/tmp1pr6gqk3/key.
2024-05-03T21:11:12.221 INFO:journalctl@ceph.mgr.x.smithi067.stdout:May 03 21:11:12 smithi067 ceph-713bc57a-0991-11ef-bc97-c7b262605968-mgr-x[29964]: Your public key has been saved in /tmp/tmp1pr6gqk3/key.pub.
2024-05-03T21:11:12.221 INFO:journalctl@ceph.mgr.x.smithi067.stdout:May 03 21:11:12 smithi067 ceph-713bc57a-0991-11ef-bc97-c7b262605968-mgr-x[29964]: The key fingerprint is:
2024-05-03T21:11:12.221 INFO:journalctl@ceph.mgr.x.smithi067.stdout:May 03 21:11:12 smithi067 ceph-713bc57a-0991-11ef-bc97-c7b262605968-mgr-x[29964]: SHA256:26IKJBGZC4R4a6SaZ5Z0lO7/Ug1EcnS7E6utR5h2YLM ceph-713bc57a-0991-11ef-bc97-c7b262605968
2024-05-03T21:11:12.221 INFO:journalctl@ceph.mgr.x.smithi067.stdout:May 03 21:11:12 smithi067 ceph-713bc57a-0991-11ef-bc97-c7b262605968-mgr-x[29964]: The key's randomart image is:
2024-05-03T21:11:12.222 INFO:journalctl@ceph.mgr.x.smithi067.stdout:May 03 21:11:12 smithi067 ceph-713bc57a-0991-11ef-bc97-c7b262605968-mgr-x[29964]: +---[RSA 3072]----+
2024-05-03T21:11:12.222 INFO:journalctl@ceph.mgr.x.smithi067.stdout:May 03 21:11:12 smithi067 ceph-713bc57a-0991-11ef-bc97-c7b262605968-mgr-x[29964]: |=+ ..o+ . |
2024-05-03T21:11:12.222 INFO:journalctl@ceph.mgr.x.smithi067.stdout:May 03 21:11:12 smithi067 ceph-713bc57a-0991-11ef-bc97-c7b262605968-mgr-x[29964]: |*.o o o.. . |
2024-05-03T21:11:12.222 INFO:journalctl@ceph.mgr.x.smithi067.stdout:May 03 21:11:12 smithi067 ceph-713bc57a-0991-11ef-bc97-c7b262605968-mgr-x[29964]: |o= + . o |
2024-05-03T21:11:12.222 INFO:journalctl@ceph.mgr.x.smithi067.stdout:May 03 21:11:12 smithi067 ceph-713bc57a-0991-11ef-bc97-c7b262605968-mgr-x[29964]: |o.+ o = + |
2024-05-03T21:11:12.222 INFO:journalctl@ceph.mgr.x.smithi067.stdout:May 03 21:11:12 smithi067 ceph-713bc57a-0991-11ef-bc97-c7b262605968-mgr-x[29964]: |o+.+ .SO+ |
2024-05-03T21:11:12.222 INFO:journalctl@ceph.mgr.x.smithi067.stdout:May 03 21:11:12 smithi067 ceph-713bc57a-0991-11ef-bc97-c7b262605968-mgr-x[29964]: |oo= . E=+. |
2024-05-03T21:11:12.222 INFO:journalctl@ceph.mgr.x.smithi067.stdout:May 03 21:11:12 smithi067 ceph-713bc57a-0991-11ef-bc97-c7b262605968-mgr-x[29964]: | +. . o+oo |
2024-05-03T21:11:12.222 INFO:journalctl@ceph.mgr.x.smithi067.stdout:May 03 21:11:12 smithi067 ceph-713bc57a-0991-11ef-bc97-c7b262605968-mgr-x[29964]: | . o. o. |
2024-05-03T21:11:12.222 INFO:journalctl@ceph.mgr.x.smithi067.stdout:May 03 21:11:12 smithi067 ceph-713bc57a-0991-11ef-bc97-c7b262605968-mgr-x[29964]: | ...oo. |
2024-05-03T21:11:12.222 INFO:journalctl@ceph.mgr.x.smithi067.stdout:May 03 21:11:12 smithi067 ceph-713bc57a-0991-11ef-bc97-c7b262605968-mgr-x[29964]: +----[SHA256]-----+
2024-05-03T21:11:12.608 INFO:journalctl@ceph.mon.a.smithi067.stdout:May 03 21:11:12 smithi067 ceph-mon[29730]: from='client.14134 -' entity='client.admin' cmd=[{"prefix": "cephadm generate-key", "target": ["mon-mgr", ""]}]: dispatch
2024-05-03T21:11:12.608 INFO:journalctl@ceph.mon.a.smithi067.stdout:May 03 21:11:12 smithi067 ceph-mon[29730]: Generating ssh key...
2024-05-03T21:11:12.608 INFO:journalctl@ceph.mon.a.smithi067.stdout:May 03 21:11:12 smithi067 ceph-mon[29730]: from='mgr.14118 172.21.15.67:0/4082808469' entity='mgr.x'
2024-05-03T21:11:12.608 INFO:journalctl@ceph.mon.a.smithi067.stdout:May 03 21:11:12 smithi067 ceph-mon[29730]: from='mgr.14118 172.21.15.67:0/4082808469' entity='mgr.x'
2024-05-03T21:11:12.616 INFO:teuthology.orchestra.run.smithi067.stdout:/usr/bin/ceph: stderr
2024-05-03T21:11:11.657+0000 7f9e9421c700 1 Processor -- start
2024-05-03T21:11:12.616 INFO:teuthology.orchestra.run.smithi067.stdout:/usr/bin/ceph: stderr
2024-05-03T21:11:11.657+0000 7f9e9421c700 1 -- start start
2024-05-03T21:11:12.616 INFO:teuthology.orchestra.run.smithi067.stdout:/usr/bin/ceph: stderr
2024-05-03T21:11:11.657+0000 7f9e9421c700 1 --2- >> [v2:172.21.15.67:3300/0,v1:172.21.15.67:6789/0] conn(0x7f9e8c107b30 0x7f9e8c107f50 unknown :-1 s=NONE pgs=0 cs=0 l=0 rev1=0 crypto rx=0 tx=0 comp rx=0 tx=0).connect
2024-05-03T21:11:12.616 INFO:teuthology.orchestra.run.smithi067.stdout:/usr/bin/ceph: stderr
2024-05-03T21:11:11.658+0000 7f9e9421c700 1 -- --> [v2:172.21.15.67:3300/0,v1:172.21.15.67:6789/0] -- mon_getmap magic: 0 -- 0x7f9e8c076f70 con 0x7f9e8c107b30
2024-05-03T21:11:12.616 INFO:teuthology.orchestra.run.smithi067.stdout:/usr/bin/ceph: stderr
2024-05-03T21:11:11.658+0000 7f9e91fb8700 1 --2- >> [v2:172.21.15.67:3300/0,v1:172.21.15.67:6789/0] conn(0x7f9e8c107b30 0x7f9e8c107f50 unknown :-1 s=BANNER_CONNECTING pgs=0 cs=0 l=0 rev1=0 crypto rx=0 tx=0 comp rx=0 tx=0)._handle_peer_banner_payload supported=3 required=0
2024-05-03T21:11:12.616 INFO:teuthology.orchestra.run.smithi067.stdout:/usr/bin/ceph: stderr
2024-05-03T21:11:11.658+0000 7f9e91fb8700 1 --2- >> [v2:172.21.15.67:3300/0,v1:172.21.15.67:6789/0] conn(0x7f9e8c107b30 0x7f9e8c107f50 unknown :-1 s=HELLO_CONNECTING pgs=0 cs=0 l=0 rev1=1 crypto rx=0 tx=0 comp rx=0 tx=0).handle_hello peer v2:172.21.15.67:3300/0 says I am v2:172.21.15.67:43814/0 (socket says 172.21.15.67:43814)
2024-05-03T21:11:12.616 INFO:teuthology.orchestra.run.smithi067.stdout:/usr/bin/ceph: stderr
2024-05-03T21:11:11.658+0000 7f9e91fb8700 1 -- 172.21.15.67:0/66785246 learned_addr learned my addr 172.21.15.67:0/66785246 (peer_addr_for_me v2:172.21.15.67:0/0)
2024-05-03T21:11:12.616 INFO:teuthology.orchestra.run.smithi067.stdout:/usr/bin/ceph: stderr
2024-05-03T21:11:11.658+0000 7f9e91fb8700 1 -- 172.21.15.67:0/66785246 --> [v2:172.21.15.67:3300/0,v1:172.21.15.67:6789/0] -- mon_subscribe({config=0+,monmap=0+}) -- 0x7f9e8c108490 con 0x7f9e8c107b30
2024-05-03T21:11:12.617 INFO:teuthology.orchestra.run.smithi067.stdout:/usr/bin/ceph: stderr
2024-05-03T21:11:11.658+0000 7f9e91fb8700 1 --2- 172.21.15.67:0/66785246 >> [v2:172.21.15.67:3300/0,v1:172.21.15.67:6789/0] conn(0x7f9e8c107b30 0x7f9e8c107f50 secure :-1 s=READY pgs=39 cs=0 l=1 rev1=1 crypto rx=0x7f9e7c009e80 tx=0x7f9e7c00b330 comp rx=0 tx=0).ready entity=mon.0 client_cookie=ce4b71cd3d0e305a server_cookie=0 in_seq=0 out_seq=0
2024-05-03T21:11:12.617 INFO:teuthology.orchestra.run.smithi067.stdout:/usr/bin/ceph: stderr
2024-05-03T21:11:11.658+0000 7f9e90fb6700 1 -- 172.21.15.67:0/66785246 <== mon.0 v2:172.21.15.67:3300/0 1 ==== mon_map magic: 0 ==== 205+0+0 (secure 0 0 0) 0x7f9e7c017070 con 0x7f9e8c107b30
2024-05-03T21:11:12.617 INFO:teuthology.orchestra.run.smithi067.stdout:/usr/bin/ceph: stderr
2024-05-03T21:11:11.658+0000 7f9e90fb6700 1 -- 172.21.15.67:0/66785246 <== mon.0 v2:172.21.15.67:3300/0 2 ==== config(28 keys) ==== 1139+0+0 (secure 0 0 0) 0x7f9e7c00b8c0 con 0x7f9e8c107b30
2024-05-03T21:11:12.617 INFO:teuthology.orchestra.run.smithi067.stdout:/usr/bin/ceph: stderr
2024-05-03T21:11:11.658+0000 7f9e90fb6700 1 -- 172.21.15.67:0/66785246 <== mon.0 v2:172.21.15.67:3300/0 3 ==== mon_map magic: 0 ==== 205+0+0 (secure 0 0 0) 0x7f9e7c004620 con 0x7f9e8c107b30
2024-05-03T21:11:12.617 INFO:teuthology.orchestra.run.smithi067.stdout:/usr/bin/ceph: stderr
2024-05-03T21:11:11.659+0000 7f9e9421c700 1 -- 172.21.15.67:0/66785246 >> [v2:172.21.15.67:3300/0,v1:172.21.15.67:6789/0] conn(0x7f9e8c107b30 msgr2=0x7f9e8c107f50 secure :-1 s=STATE_CONNECTION_ESTABLISHED l=1).mark_down
2024-05-03T21:11:12.617 INFO:teuthology.orchestra.run.smithi067.stdout:/usr/bin/ceph: stderr
2024-05-03T21:11:11.659+0000 7f9e9421c700 1 --2- 172.21.15.67:0/66785246 >> [v2:172.21.15.67:3300/0,v1:172.21.15.67:6789/0] conn(0x7f9e8c107b30 0x7f9e8c107f50 secure :-1 s=READY pgs=39 cs=0 l=1 rev1=1 crypto rx=0x7f9e7c009e80 tx=0x7f9e7c00b330 comp rx=0 tx=0).stop
2024-05-03T21:11:12.617 INFO:teuthology.orchestra.run.smithi067.stdout:/usr/bin/ceph: stderr
2024-05-03T21:11:11.659+0000 7f9e9421c700 1 -- 172.21.15.67:0/66785246 shutdown_connections
2024-05-03T21:11:12.617 INFO:teuthology.orchestra.run.smithi067.stdout:/usr/bin/ceph: stderr
2024-05-03T21:11:11.659+0000 7f9e9421c700 1 --2- 172.21.15.67:0/66785246 >> [v2:172.21.15.67:3300/0,v1:172.21.15.67:6789/0] conn(0x7f9e8c107b30 0x7f9e8c107f50 unknown :-1 s=CLOSED pgs=39 cs=0 l=1 rev1=1 crypto rx=0 tx=0 comp rx=0 tx=0).stop
2024-05-03T21:11:12.617 INFO:teuthology.orchestra.run.smithi067.stdout:/usr/bin/ceph: stderr
2024-05-03T21:11:11.659+0000 7f9e9421c700 1 -- 172.21.15.67:0/66785246 >> 172.21.15.67:0/66785246 conn(0x7f9e8c103750 msgr2=0x7f9e8c105b70 unknown :-1 s=STATE_NONE l=0).mark_down
2024-05-03T21:11:12.617 INFO:teuthology.orchestra.run.smithi067.stdout:/usr/bin/ceph: stderr
2024-05-03T21:11:11.659+0000 7f9e9421c700 1 -- 172.21.15.67:0/66785246 shutdown_connections
2024-05-03T21:11:12.617 INFO:teuthology.orchestra.run.smithi067.stdout:/usr/bin/ceph: stderr
2024-05-03T21:11:11.659+0000 7f9e9421c700 1 -- 172.21.15.67:0/66785246 wait complete.
2024-05-03T21:11:12.617 INFO:teuthology.orchestra.run.smithi067.stdout:/usr/bin/ceph: stderr
2024-05-03T21:11:11.660+0000 7f9e9421c700 1 Processor -- start
2024-05-03T21:11:12.617 INFO:teuthology.orchestra.run.smithi067.stdout:/usr/bin/ceph: stderr
2024-05-03T21:11:11.660+0000 7f9e9421c700 1 -- start start
2024-05-03T21:11:12.617 INFO:teuthology.orchestra.run.smithi067.stdout:/usr/bin/ceph: stderr
2024-05-03T21:11:11.660+0000 7f9e9421c700 1 --2- >> [v2:172.21.15.67:3300/0,v1:172.21.15.67:6789/0] conn(0x7f9e8c107b30 0x7f9e8c19f410 unknown :-1 s=NONE pgs=0 cs=0 l=1 rev1=0 crypto rx=0 tx=0 comp rx=0 tx=0).connect
2024-05-03T21:11:12.618 INFO:teuthology.orchestra.run.smithi067.stdout:/usr/bin/ceph: stderr
2024-05-03T21:11:11.660+0000 7f9e9421c700 1 -- --> [v2:172.21.15.67:3300/0,v1:172.21.15.67:6789/0] -- mon_getmap magic: 0 -- 0x7f9e8c109580 con 0x7f9e8c107b30
2024-05-03T21:11:12.618 INFO:teuthology.orchestra.run.smithi067.stdout:/usr/bin/ceph: stderr
2024-05-03T21:11:11.660+0000 7f9e91fb8700 1 --2- >> [v2:172.21.15.67:3300/0,v1:172.21.15.67:6789/0] conn(0x7f9e8c107b30 0x7f9e8c19f410 unknown :-1 s=BANNER_CONNECTING pgs=0 cs=0 l=1 rev1=0 crypto rx=0 tx=0 comp rx=0 tx=0)._handle_peer_banner_payload supported=3 required=0
2024-05-03T21:11:12.618 INFO:teuthology.orchestra.run.smithi067.stdout:/usr/bin/ceph: stderr
2024-05-03T21:11:11.660+0000 7f9e91fb8700 1 --2- >> [v2:172.21.15.67:3300/0,v1:172.21.15.67:6789/0] conn(0x7f9e8c107b30 0x7f9e8c19f410 unknown :-1 s=HELLO_CONNECTING pgs=0 cs=0 l=1 rev1=1 crypto rx=0 tx=0 comp rx=0 tx=0).handle_hello peer v2:172.21.15.67:3300/0 says I am v2:172.21.15.67:43826/0 (socket says 172.21.15.67:43826)
2024-05-03T21:11:12.618 INFO:teuthology.orchestra.run.smithi067.stdout:/usr/bin/ceph: stderr
2024-05-03T21:11:11.660+0000 7f9e91fb8700 1 -- 172.21.15.67:0/1306175622 learned_addr learned my addr 172.21.15.67:0/1306175622 (peer_addr_for_me v2:172.21.15.67:0/0)
2024-05-03T21:11:12.618 INFO:teuthology.orchestra.run.smithi067.stdout:/usr/bin/ceph: stderr
2024-05-03T21:11:11.660+0000 7f9e91fb8700 1 -- 172.21.15.67:0/1306175622 --> [v2:172.21.15.67:3300/0,v1:172.21.15.67:6789/0] -- mon_subscribe({config=0+,monmap=0+}) -- 0x7f9e8c19f950 con 0x7f9e8c107b30
2024-05-03T21:11:12.618 INFO:teuthology.orchestra.run.smithi067.stdout:/usr/bin/ceph: stderr
2024-05-03T21:11:11.661+0000 7f9e91fb8700 1 --2- 172.21.15.67:0/1306175622 >> [v2:172.21.15.67:3300/0,v1:172.21.15.67:6789/0] conn(0x7f9e8c107b30 0x7f9e8c19f410 secure :-1 s=READY pgs=40 cs=0 l=1 rev1=1 crypto rx=0x7f9e7c0043d0 tx=0x7f9e7c003d00 comp rx=0 tx=0).ready entity=mon.0 client_cookie=0 server_cookie=0 in_seq=0 out_seq=0
2024-05-03T21:11:12.618 INFO:teuthology.orchestra.run.smithi067.stdout:/usr/bin/ceph: stderr
2024-05-03T21:11:11.661+0000 7f9e8affd700 1 -- 172.21.15.67:0/1306175622 <== mon.0 v2:172.21.15.67:3300/0 1 ==== mon_map magic: 0 ==== 205+0+0 (secure 0 0 0) 0x7f9e7c021020 con 0x7f9e8c107b30
2024-05-03T21:11:12.618 INFO:teuthology.orchestra.run.smithi067.stdout:/usr/bin/ceph: stderr
2024-05-03T21:11:11.661+0000 7f9e8affd700 1 -- 172.21.15.67:0/1306175622 <== mon.0 v2:172.21.15.67:3300/0 2 ==== config(28 keys) ==== 1139+0+0 (secure 0 0 0) 0x7f9e7c0094d0 con 0x7f9e8c107b30
2024-05-03T21:11:12.618 INFO:teuthology.orchestra.run.smithi067.stdout:/usr/bin/ceph: stderr
2024-05-03T21:11:11.661+0000 7f9e8affd700 1 -- 172.21.15.67:0/1306175622 <== mon.0 v2:172.21.15.67:3300/0 3 ==== mon_map magic: 0 ==== 205+0+0 (secure 0 0 0) 0x7f9e7c017040 con 0x7f9e8c107b30
2024-05-03T21:11:12.618 INFO:teuthology.orchestra.run.smithi067.stdout:/usr/bin/ceph: stderr
2024-05-03T21:11:11.661+0000 7f9e9421c700 1 -- 172.21.15.67:0/1306175622 --> [v2:172.21.15.67:3300/0,v1:172.21.15.67:6789/0] -- mon_subscribe({mgrmap=0+}) -- 0x7f9e8c19fbe0 con 0x7f9e8c107b30
2024-05-03T21:11:12.618 INFO:teuthology.orchestra.run.smithi067.stdout:/usr/bin/ceph: stderr
2024-05-03T21:11:11.661+0000 7f9e9421c700 1 -- 172.21.15.67:0/1306175622 --> [v2:172.21.15.67:3300/0,v1:172.21.15.67:6789/0] -- mon_subscribe({osdmap=0}) -- 0x7f9e8c1a28d0 con 0x7f9e8c107b30
2024-05-03T21:11:12.618 INFO:teuthology.orchestra.run.smithi067.stdout:/usr/bin/ceph: stderr
2024-05-03T21:11:11.662+0000 7f9e8affd700 1 -- 172.21.15.67:0/1306175622 <== mon.0 v2:172.21.15.67:3300/0 4 ==== mgrmap(e 8) ==== 50222+0+0 (secure 0 0 0) 0x7f9e7c024020 con 0x7f9e8c107b30
2024-05-03T21:11:12.619 INFO:teuthology.orchestra.run.smithi067.stdout:/usr/bin/ceph: stderr
2024-05-03T21:11:11.662+0000 7f9e9421c700 1 -- 172.21.15.67:0/1306175622 --> [v2:172.21.15.67:3300/0,v1:172.21.15.67:6789/0] -- mon_command({"prefix": "get_command_descriptions"} v 0) -- 0x7f9e8c064b00 con 0x7f9e8c107b30
2024-05-03T21:11:12.619 INFO:teuthology.orchestra.run.smithi067.stdout:/usr/bin/ceph: stderr
2024-05-03T21:11:11.662+0000 7f9e8affd700 1 --2- 172.21.15.67:0/1306175622 >> [v2:172.21.15.67:6800/2576113038,v1:172.21.15.67:6801/2576113038] conn(0x7f9e7403e420 0x7f9e740408e0 unknown :-1 s=NONE pgs=0 cs=0 l=1 rev1=0 crypto rx=0 tx=0 comp rx=0 tx=0).connect
2024-05-03T21:11:12.619 INFO:teuthology.orchestra.run.smithi067.stdout:/usr/bin/ceph: stderr
2024-05-03T21:11:11.662+0000 7f9e8affd700 1 -- 172.21.15.67:0/1306175622 <== mon.0 v2:172.21.15.67:3300/0 5 ==== osd_map(2..2 src has 1..2) ==== 940+0+0 (secure 0 0 0) 0x7f9e7c00f050 con 0x7f9e8c107b30
2024-05-03T21:11:12.619 INFO:teuthology.orchestra.run.smithi067.stdout:/usr/bin/ceph: stderr
2024-05-03T21:11:11.662+0000 7f9e917b7700 1 --2- 172.21.15.67:0/1306175622 >> [v2:172.21.15.67:6800/2576113038,v1:172.21.15.67:6801/2576113038] conn(0x7f9e7403e420 0x7f9e740408e0 unknown :-1 s=BANNER_CONNECTING pgs=0 cs=0 l=1 rev1=0 crypto rx=0 tx=0 comp rx=0 tx=0)._handle_peer_banner_payload supported=3 required=0
2024-05-03T21:11:12.619 INFO:teuthology.orchestra.run.smithi067.stdout:/usr/bin/ceph: stderr
2024-05-03T21:11:11.663+0000 7f9e917b7700 1 --2- 172.21.15.67:0/1306175622 >> [v2:172.21.15.67:6800/2576113038,v1:172.21.15.67:6801/2576113038] conn(0x7f9e7403e420 0x7f9e740408e0 secure :-1 s=READY pgs=9 cs=0 l=1 rev1=1 crypto rx=0x7f9e80006fd0 tx=0x7f9e80006e40 comp rx=0 tx=0).ready entity=mgr.14118 client_cookie=0 server_cookie=0 in_seq=0 out_seq=0
2024-05-03T21:11:12.619 INFO:teuthology.orchestra.run.smithi067.stdout:/usr/bin/ceph: stderr
2024-05-03T21:11:11.667+0000 7f9e8affd700 1 -- 172.21.15.67:0/1306175622 <== mon.0 v2:172.21.15.67:3300/0 6 ==== mon_command_ack([{"prefix": "get_command_descriptions"}]=0 v0) ==== 72+0+191839 (secure 0 0 0) 0x7f9e7c02b020 con 0x7f9e8c107b30
2024-05-03T21:11:12.619 INFO:teuthology.orchestra.run.smithi067.stdout:/usr/bin/ceph: stderr
2024-05-03T21:11:11.886+0000 7f9e9421c700 1 -- 172.21.15.67:0/1306175622 --> [v2:172.21.15.67:6800/2576113038,v1:172.21.15.67:6801/2576113038] -- mgr_command(tid 0: {"prefix": "cephadm generate-key", "target": ["mon-mgr", ""]}) -- 0x7f9e8c02e8f0 con 0x7f9e7403e420
2024-05-03T21:11:12.619 INFO:teuthology.orchestra.run.smithi067.stdout:/usr/bin/ceph: stderr
2024-05-03T21:11:12.035+0000 7f9e8affd700 1 -- 172.21.15.67:0/1306175622 <== mgr.14118 v2:172.21.15.67:6800/2576113038 1 ==== mgr_command_reply(tid 0: 0 ) ==== 8+0+0 (secure 0 0 0) 0x7f9e8c02e8f0 con 0x7f9e7403e420
2024-05-03T21:11:12.619 INFO:teuthology.orchestra.run.smithi067.stdout:/usr/bin/ceph: stderr
2024-05-03T21:11:12.037+0000 7f9e9421c700 1 -- 172.21.15.67:0/1306175622 >> [v2:172.21.15.67:6800/2576113038,v1:172.21.15.67:6801/2576113038] conn(0x7f9e7403e420 msgr2=0x7f9e740408e0 secure :-1 s=STATE_CONNECTION_ESTABLISHED l=1).mark_down
2024-05-03T21:11:12.619 INFO:teuthology.orchestra.run.smithi067.stdout:/usr/bin/ceph: stderr
2024-05-03T21:11:12.037+0000 7f9e9421c700 1 --2- 172.21.15.67:0/1306175622 >> [v2:172.21.15.67:6800/2576113038,v1:172.21.15.67:6801/2576113038] conn(0x7f9e7403e420 0x7f9e740408e0 secure :-1 s=READY pgs=9 cs=0 l=1 rev1=1 crypto rx=0x7f9e80006fd0 tx=0x7f9e80006e40 comp rx=0 tx=0).stop
2024-05-03T21:11:12.619 INFO:teuthology.orchestra.run.smithi067.stdout:/usr/bin/ceph: stderr
2024-05-03T21:11:12.037+0000 7f9e9421c700 1 -- 172.21.15.67:0/1306175622 >> [v2:172.21.15.67:3300/0,v1:172.21.15.67:6789/0] conn(0x7f9e8c107b30 msgr2=0x7f9e8c19f410 secure :-1 s=STATE_CONNECTION_ESTABLISHED l=1).mark_down
2024-05-03T21:11:12.619 INFO:teuthology.orchestra.run.smithi067.stdout:/usr/bin/ceph: stderr
2024-05-03T21:11:12.037+0000 7f9e9421c700 1 --2- 172.21.15.67:0/1306175622 >> [v2:172.21.15.67:3300/0,v1:172.21.15.67:6789/0] conn(0x7f9e8c107b30 0x7f9e8c19f410 secure :-1 s=READY pgs=40 cs=0 l=1 rev1=1 crypto rx=0x7f9e7c0043d0 tx=0x7f9e7c003d00 comp rx=0 tx=0).stop
2024-05-03T21:11:12.619 INFO:teuthology.orchestra.run.smithi067.stdout:/usr/bin/ceph: stderr
2024-05-03T21:11:12.037+0000 7f9e9421c700 1 -- 172.21.15.67:0/1306175622 shutdown_connections
2024-05-03T21:11:12.620 INFO:teuthology.orchestra.run.smithi067.stdout:/usr/bin/ceph: stderr
2024-05-03T21:11:12.037+0000 7f9e9421c700 1 --2- 172.21.15.67:0/1306175622 >> [v2:172.21.15.67:6800/2576113038,v1:172.21.15.67:6801/2576113038] conn(0x7f9e7403e420 0x7f9e740408e0 unknown :-1 s=CLOSED pgs=9 cs=0 l=1 rev1=1 crypto rx=0 tx=0 comp rx=0 tx=0).stop
2024-05-03T21:11:12.620 INFO:teuthology.orchestra.run.smithi067.stdout:/usr/bin/ceph: stderr
2024-05-03T21:11:12.037+0000 7f9e9421c700 1 --2- 172.21.15.67:0/1306175622 >> [v2:172.21.15.67:3300/0,v1:172.21.15.67:6789/0] conn(0x7f9e8c107b30 0x7f9e8c19f410 unknown :-1 s=CLOSED pgs=40 cs=0 l=1 rev1=1 crypto rx=0 tx=0 comp rx=0 tx=0).stop
2024-05-03T21:11:12.620 INFO:teuthology.orchestra.run.smithi067.stdout:/usr/bin/ceph: stderr
2024-05-03T21:11:12.037+0000 7f9e9421c700 1 -- 172.21.15.67:0/1306175622 >> 172.21.15.67:0/1306175622 conn(0x7f9e8c103750 msgr2=0x7f9e8c195fd0 unknown :-1 s=STATE_NONE l=0).mark_down
2024-05-03T21:11:12.620 INFO:teuthology.orchestra.run.smithi067.stdout:/usr/bin/ceph: stderr
2024-05-03T21:11:12.037+0000 7f9e9421c700 1 -- 172.21.15.67:0/1306175622 shutdown_connections
2024-05-03T21:11:12.620 INFO:teuthology.orchestra.run.smithi067.stdout:/usr/bin/ceph: stderr
2024-05-03T21:11:12.037+0000 7f9e9421c700 1 -- 172.21.15.67:0/1306175622 wait complete.
2024-05-03T21:11:13.881 INFO:teuthology.orchestra.run.smithi067.stdout:/usr/bin/ceph: stdout ssh-rsa AAAAB3NzaC1yc2EAAAADAQABAAABgQC/J7oMsbQ7wmnz8fHnpQAQlJo7xVjtRYwju3LjA335iqv29dC8Yq4lVSe5WbJdwxhrNYDPzkAbdX8JqGo43dfJKXeZ/ThoEzTVypm0JJmLN/xTJ6fckSUSmuMXVZGoyUlVZLczOc81cal2gw64UrsR8/gmF9l11lonPXKDwqkFFyN63BgLtXeImIEwZI9jBdHr7LECXjEbJTgwjeb/CDP3SIOARk/Vx4s+GIxbMLNxZd0e+7r1+uIlkBNk5FZb10B0RI+KVPOUp85Wgr/BX7gJAItsQCbH/Io04CtlytXCDpBr8iXJynjU69xUTcQN2kNYPhmCulb2VCV0gcB/cfufcoj4oqTBcP0846E/DdNrQ1cVKM1kedZdFK37T3thRUx1LlSzrdqCxX4NJklj9p5yhEs4N2SO3gmS3i/vdNHcIJ61LZuFsKqOmINIyRqq0wkoRWhdLxJRp5l/pwMR9rW7Mukcqw+fM3KDga0wLgvTSGdBw5EkxZzJQnCD0FGuJYc= ceph-713bc57a-0991-11ef-bc97-c7b262605968
2024-05-03T21:11:13.881 INFO:teuthology.orchestra.run.smithi067.stdout:/usr/bin/ceph: stderr
2024-05-03T21:11:13.080+0000 7f5fadc76700 1 Processor -- start
2024-05-03T21:11:13.881 INFO:teuthology.orchestra.run.smithi067.stdout:/usr/bin/ceph: stderr
2024-05-03T21:11:13.080+0000 7f5fadc76700 1 -- start start
2024-05-03T21:11:13.882 INFO:teuthology.orchestra.run.smithi067.stdout:/usr/bin/ceph: stderr
2024-05-03T21:11:13.080+0000 7f5fadc76700 1 --2- >> [v2:172.21.15.67:3300/0,v1:172.21.15.67:6789/0] conn(0x7f5fa8109d30 0x7f5fa810c120 unknown :-1 s=NONE pgs=0 cs=0 l=0 rev1=0 crypto rx=0 tx=0 comp rx=0 tx=0).connect
2024-05-03T21:11:13.882 INFO:teuthology.orchestra.run.smithi067.stdout:/usr/bin/ceph: stderr
2024-05-03T21:11:13.080+0000 7f5fadc76700 1 -- --> [v2:172.21.15.67:3300/0,v1:172.21.15.67:6789/0] -- mon_getmap magic: 0 -- 0x7f5fa807ce90 con 0x7f5fa8109d30
2024-05-03T21:11:13.882 INFO:teuthology.orchestra.run.smithi067.stdout:/usr/bin/ceph: stderr
2024-05-03T21:11:13.080+0000 7f5fa77fe700 1 --2- >> [v2:172.21.15.67:3300/0,v1:172.21.15.67:6789/0] conn(0x7f5fa8109d30 0x7f5fa810c120 unknown :-1 s=BANNER_CONNECTING pgs=0 cs=0 l=0 rev1=0 crypto rx=0 tx=0 comp rx=0 tx=0)._handle_peer_banner_payload supported=3 required=0
2024-05-03T21:11:13.882 INFO:teuthology.orchestra.run.smithi067.stdout:/usr/bin/ceph: stderr
2024-05-03T21:11:13.081+0000 7f5fa77fe700 1 --2- >> [v2:172.21.15.67:3300/0,v1:172.21.15.67:6789/0] conn(0x7f5fa8109d30 0x7f5fa810c120 unknown :-1 s=HELLO_CONNECTING pgs=0 cs=0 l=0 rev1=1 crypto rx=0 tx=0 comp rx=0 tx=0).handle_hello peer v2:172.21.15.67:3300/0 says I am v2:172.21.15.67:43832/0 (socket says 172.21.15.67:43832)
2024-05-03T21:11:13.882 INFO:teuthology.orchestra.run.smithi067.stdout:/usr/bin/ceph: stderr
2024-05-03T21:11:13.081+0000 7f5fa77fe700 1 -- 172.21.15.67:0/388217374 learned_addr learned my addr 172.21.15.67:0/388217374 (peer_addr_for_me v2:172.21.15.67:0/0)
2024-05-03T21:11:13.882 INFO:teuthology.orchestra.run.smithi067.stdout:/usr/bin/ceph: stderr
2024-05-03T21:11:13.081+0000 7f5fa77fe700 1 -- 172.21.15.67:0/388217374 --> [v2:172.21.15.67:3300/0,v1:172.21.15.67:6789/0] -- mon_subscribe({config=0+,monmap=0+}) -- 0x7f5fa810c660 con 0x7f5fa8109d30
2024-05-03T21:11:13.882 INFO:teuthology.orchestra.run.smithi067.stdout:/usr/bin/ceph: stderr
2024-05-03T21:11:13.081+0000 7f5fa77fe700 1 --2- 172.21.15.67:0/388217374 >> [v2:172.21.15.67:3300/0,v1:172.21.15.67:6789/0] conn(0x7f5fa8109d30 0x7f5fa810c120 secure :-1 s=READY pgs=41 cs=0 l=1 rev1=1 crypto rx=0x7f5f98009e80 tx=0x7f5f9800b330 comp rx=0 tx=0).ready entity=mon.0 client_cookie=381404b57432f9c9 server_cookie=0 in_seq=0 out_seq=0
2024-05-03T21:11:13.882 INFO:teuthology.orchestra.run.smithi067.stdout:/usr/bin/ceph: stderr
2024-05-03T21:11:13.081+0000 7f5fa67fc700 1 -- 172.21.15.67:0/388217374 <== mon.0 v2:172.21.15.67:3300/0 1 ==== mon_map magic: 0 ==== 205+0+0 (secure 0 0 0) 0x7f5f98017070 con 0x7f5fa8109d30
2024-05-03T21:11:13.882 INFO:teuthology.orchestra.run.smithi067.stdout:/usr/bin/ceph: stderr
2024-05-03T21:11:13.081+0000 7f5fa67fc700 1 -- 172.21.15.67:0/388217374 <== mon.0 v2:172.21.15.67:3300/0 2 ==== config(28 keys) ==== 1139+0+0 (secure 0 0 0) 0x7f5f9800b8c0 con 0x7f5fa8109d30
2024-05-03T21:11:13.882 INFO:teuthology.orchestra.run.smithi067.stdout:/usr/bin/ceph: stderr
2024-05-03T21:11:13.081+0000 7f5fa67fc700 1 -- 172.21.15.67:0/388217374 <== mon.0 v2:172.21.15.67:3300/0 3 ==== mon_map magic: 0 ==== 205+0+0 (secure 0 0 0) 0x7f5f98004620 con 0x7f5fa8109d30
2024-05-03T21:11:13.882 INFO:teuthology.orchestra.run.smithi067.stdout:/usr/bin/ceph: stderr
2024-05-03T21:11:13.082+0000 7f5fadc76700 1 -- 172.21.15.67:0/388217374 >> [v2:172.21.15.67:3300/0,v1:172.21.15.67:6789/0] conn(0x7f5fa8109d30 msgr2=0x7f5fa810c120 secure :-1 s=STATE_CONNECTION_ESTABLISHED l=1).mark_down
2024-05-03T21:11:13.882 INFO:teuthology.orchestra.run.smithi067.stdout:/usr/bin/ceph: stderr
2024-05-03T21:11:13.082+0000 7f5fadc76700 1 --2- 172.21.15.67:0/388217374 >> [v2:172.21.15.67:3300/0,v1:172.21.15.67:6789/0] conn(0x7f5fa8109d30 0x7f5fa810c120 secure :-1 s=READY pgs=41 cs=0 l=1 rev1=1 crypto rx=0x7f5f98009e80 tx=0x7f5f9800b330 comp rx=0 tx=0).stop
2024-05-03T21:11:13.882 INFO:teuthology.orchestra.run.smithi067.stdout:/usr/bin/ceph: stderr
2024-05-03T21:11:13.082+0000 7f5fadc76700 1 -- 172.21.15.67:0/388217374 shutdown_connections
2024-05-03T21:11:13.883 INFO:teuthology.orchestra.run.smithi067.stdout:/usr/bin/ceph: stderr
2024-05-03T21:11:13.082+0000 7f5fadc76700 1 --2- 172.21.15.67:0/388217374 >> [v2:172.21.15.67:3300/0,v1:172.21.15.67:6789/0] conn(0x7f5fa8109d30 0x7f5fa810c120 unknown :-1 s=CLOSED pgs=41 cs=0 l=1 rev1=1 crypto rx=0 tx=0 comp rx=0 tx=0).stop
2024-05-03T21:11:13.883 INFO:teuthology.orchestra.run.smithi067.stdout:/usr/bin/ceph: stderr
2024-05-03T21:11:13.082+0000 7f5fadc76700 1 -- 172.21.15.67:0/388217374 >> 172.21.15.67:0/388217374 conn(0x7f5fa8103760 msgr2=0x7f5fa8105b80 unknown :-1 s=STATE_NONE l=0).mark_down
2024-05-03T21:11:13.883 INFO:teuthology.orchestra.run.smithi067.stdout:/usr/bin/ceph: stderr
2024-05-03T21:11:13.082+0000 7f5fadc76700 1 -- 172.21.15.67:0/388217374 shutdown_connections
2024-05-03T21:11:13.883 INFO:teuthology.orchestra.run.smithi067.stdout:/usr/bin/ceph: stderr
2024-05-03T21:11:13.082+0000 7f5fadc76700 1 -- 172.21.15.67:0/388217374 wait complete.
2024-05-03T21:11:13.883 INFO:teuthology.orchestra.run.smithi067.stdout:/usr/bin/ceph: stderr
2024-05-03T21:11:13.083+0000 7f5fadc76700 1 Processor -- start
2024-05-03T21:11:13.883 INFO:teuthology.orchestra.run.smithi067.stdout:/usr/bin/ceph: stderr
2024-05-03T21:11:13.083+0000 7f5fadc76700 1 -- start start
2024-05-03T21:11:13.883 INFO:teuthology.orchestra.run.smithi067.stdout:/usr/bin/ceph: stderr
2024-05-03T21:11:13.083+0000 7f5fadc76700 1 --2- >> [v2:172.21.15.67:3300/0,v1:172.21.15.67:6789/0] conn(0x7f5fa8109d30 0x7f5fa819d220 unknown :-1 s=NONE pgs=0 cs=0 l=1 rev1=0 crypto rx=0 tx=0 comp rx=0 tx=0).connect
2024-05-03T21:11:13.883 INFO:teuthology.orchestra.run.smithi067.stdout:/usr/bin/ceph: stderr
2024-05-03T21:11:13.083+0000 7f5fadc76700 1 -- --> [v2:172.21.15.67:3300/0,v1:172.21.15.67:6789/0] -- mon_getmap magic: 0 -- 0x7f5fa810d6e0 con 0x7f5fa8109d30
2024-05-03T21:11:13.883 INFO:teuthology.orchestra.run.smithi067.stdout:/usr/bin/ceph: stderr
2024-05-03T21:11:13.083+0000 7f5fa77fe700 1 --2- >> [v2:172.21.15.67:3300/0,v1:172.21.15.67:6789/0] conn(0x7f5fa8109d30 0x7f5fa819d220 unknown :-1 s=BANNER_CONNECTING pgs=0 cs=0 l=1 rev1=0 crypto rx=0 tx=0 comp rx=0 tx=0)._handle_peer_banner_payload supported=3 required=0
2024-05-03T21:11:13.883 INFO:teuthology.orchestra.run.smithi067.stdout:/usr/bin/ceph: stderr
2024-05-03T21:11:13.083+0000 7f5fa77fe700 1 --2- >> [v2:172.21.15.67:3300/0,v1:172.21.15.67:6789/0] conn(0x7f5fa8109d30 0x7f5fa819d220 unknown :-1 s=HELLO_CONNECTING pgs=0 cs=0 l=1 rev1=1 crypto rx=0 tx=0 comp rx=0 tx=0).handle_hello peer v2:172.21.15.67:3300/0 says I am v2:172.21.15.67:43842/0 (socket says 172.21.15.67:43842)
2024-05-03T21:11:13.883 INFO:teuthology.orchestra.run.smithi067.stdout:/usr/bin/ceph: stderr
2024-05-03T21:11:13.083+0000 7f5fa77fe700 1 -- 172.21.15.67:0/2973202293 learned_addr learned my addr 172.21.15.67:0/2973202293 (peer_addr_for_me v2:172.21.15.67:0/0)
2024-05-03T21:11:13.883 INFO:teuthology.orchestra.run.smithi067.stdout:/usr/bin/ceph: stderr
2024-05-03T21:11:13.083+0000 7f5fa77fe700 1 -- 172.21.15.67:0/2973202293 --> [v2:172.21.15.67:3300/0,v1:172.21.15.67:6789/0] -- mon_subscribe({config=0+,monmap=0+}) -- 0x7f5fa819d760 con 0x7f5fa8109d30
2024-05-03T21:11:13.884 INFO:teuthology.orchestra.run.smithi067.stdout:/usr/bin/ceph: stderr
