2024-05-03T22:02:39.534+0000 7fe424200700 1 -- 172.21.15.82:0/4046944784 >> 172.21.15.82:0/4046944784 conn(0x7fe41c1042a0 msgr2=0x7fe41c106700 unknown :-1 s=STATE_NONE l=0).mark_down
2024-05-03T22:02:40.769 INFO:teuthology.orchestra.run.smithi082.stdout:/usr/bin/ceph: stderr
2024-05-03T22:02:39.534+0000 7fe424200700 1 -- 172.21.15.82:0/4046944784 shutdown_connections
2024-05-03T22:02:40.769 INFO:teuthology.orchestra.run.smithi082.stdout:/usr/bin/ceph: stderr
2024-05-03T22:02:39.534+0000 7fe424200700 1 -- 172.21.15.82:0/4046944784 wait complete.
2024-05-03T22:02:40.769 INFO:teuthology.orchestra.run.smithi082.stdout:/usr/bin/ceph: stderr
2024-05-03T22:02:39.536+0000 7fe424200700 1 Processor -- start
2024-05-03T22:02:40.769 INFO:teuthology.orchestra.run.smithi082.stdout:/usr/bin/ceph: stderr
2024-05-03T22:02:39.536+0000 7fe424200700 1 -- start start
2024-05-03T22:02:40.769 INFO:teuthology.orchestra.run.smithi082.stdout:/usr/bin/ceph: stderr
2024-05-03T22:02:39.536+0000 7fe424200700 1 --2- >> [v2:172.21.15.82:3300/0,v1:172.21.15.82:6789/0] conn(0x7fe41c108d20 0x7fe41c1a5360 unknown :-1 s=NONE pgs=0 cs=0 l=1 rev1=0 crypto rx=0 tx=0 comp rx=0 tx=0).connect
2024-05-03T22:02:40.769 INFO:teuthology.orchestra.run.smithi082.stdout:/usr/bin/ceph: stderr
2024-05-03T22:02:39.536+0000 7fe424200700 1 -- --> [v2:172.21.15.82:3300/0,v1:172.21.15.82:6789/0] -- mon_getmap magic: 0 -- 0x7fe41c10d150 con 0x7fe41c108d20
2024-05-03T22:02:40.769 INFO:teuthology.orchestra.run.smithi082.stdout:/usr/bin/ceph: stderr
2024-05-03T22:02:39.537+0000 7fe421800700 1 --2- >> [v2:172.21.15.82:3300/0,v1:172.21.15.82:6789/0] conn(0x7fe41c108d20 0x7fe41c1a5360 unknown :-1 s=BANNER_CONNECTING pgs=0 cs=0 l=1 rev1=0 crypto rx=0 tx=0 comp rx=0 tx=0)._handle_peer_banner_payload supported=3 required=0
2024-05-03T22:02:40.769 INFO:teuthology.orchestra.run.smithi082.stdout:/usr/bin/ceph: stderr
2024-05-03T22:02:39.537+0000 7fe421800700 1 --2- >> [v2:172.21.15.82:3300/0,v1:172.21.15.82:6789/0] conn(0x7fe41c108d20 0x7fe41c1a5360 unknown :-1 s=HELLO_CONNECTING pgs=0 cs=0 l=1 rev1=1 crypto rx=0 tx=0 comp rx=0 tx=0).handle_hello peer v2:172.21.15.82:3300/0 says I am v2:172.21.15.82:59726/0 (socket says 172.21.15.82:59726)
2024-05-03T22:02:40.770 INFO:teuthology.orchestra.run.smithi082.stdout:/usr/bin/ceph: stderr
2024-05-03T22:02:39.537+0000 7fe421800700 1 -- 172.21.15.82:0/2003529606 learned_addr learned my addr 172.21.15.82:0/2003529606 (peer_addr_for_me v2:172.21.15.82:0/0)
2024-05-03T22:02:40.770 INFO:teuthology.orchestra.run.smithi082.stdout:/usr/bin/ceph: stderr
2024-05-03T22:02:39.537+0000 7fe421800700 1 -- 172.21.15.82:0/2003529606 --> [v2:172.21.15.82:3300/0,v1:172.21.15.82:6789/0] -- mon_subscribe({config=0+,monmap=0+}) -- 0x7fe41c1a58a0 con 0x7fe41c108d20
2024-05-03T22:02:40.770 INFO:teuthology.orchestra.run.smithi082.stdout:/usr/bin/ceph: stderr
2024-05-03T22:02:39.538+0000 7fe421800700 1 --2- 172.21.15.82:0/2003529606 >> [v2:172.21.15.82:3300/0,v1:172.21.15.82:6789/0] conn(0x7fe41c108d20 0x7fe41c1a5360 secure :-1 s=READY pgs=71 cs=0 l=1 rev1=1 crypto rx=0x7fe410011670 tx=0x7fe410011a30 comp rx=0 tx=0).ready entity=mon.0 client_cookie=0 server_cookie=0 in_seq=0 out_seq=0
2024-05-03T22:02:40.770 INFO:teuthology.orchestra.run.smithi082.stdout:/usr/bin/ceph: stderr
2024-05-03T22:02:39.538+0000 7fe41a000700 1 -- 172.21.15.82:0/2003529606 <== mon.0 v2:172.21.15.82:3300/0 1 ==== mon_map magic: 0 ==== 205+0+0 (secure 0 0 0) 0x7fe410003aa0 con 0x7fe41c108d20
2024-05-03T22:02:40.770 INFO:teuthology.orchestra.run.smithi082.stdout:/usr/bin/ceph: stderr
2024-05-03T22:02:39.538+0000 7fe41a000700 1 -- 172.21.15.82:0/2003529606 <== mon.0 v2:172.21.15.82:3300/0 2 ==== config(25 keys) ==== 1063+0+0 (secure 0 0 0) 0x7fe41001b8d0 con 0x7fe41c108d20
2024-05-03T22:02:40.770 INFO:teuthology.orchestra.run.smithi082.stdout:/usr/bin/ceph: stderr
2024-05-03T22:02:39.538+0000 7fe424200700 1 -- 172.21.15.82:0/2003529606 --> [v2:172.21.15.82:3300/0,v1:172.21.15.82:6789/0] -- mon_subscribe({mgrmap=0+}) -- 0x7fe41c1a5b30 con 0x7fe41c108d20
2024-05-03T22:02:40.770 INFO:teuthology.orchestra.run.smithi082.stdout:/usr/bin/ceph: stderr
2024-05-03T22:02:39.539+0000 7fe424200700 1 -- 172.21.15.82:0/2003529606 --> [v2:172.21.15.82:3300/0,v1:172.21.15.82:6789/0] -- mon_subscribe({osdmap=0}) -- 0x7fe41c1a8820 con 0x7fe41c108d20
2024-05-03T22:02:40.770 INFO:teuthology.orchestra.run.smithi082.stdout:/usr/bin/ceph: stderr
2024-05-03T22:02:39.539+0000 7fe41a000700 1 -- 172.21.15.82:0/2003529606 <== mon.0 v2:172.21.15.82:3300/0 3 ==== mon_map magic: 0 ==== 205+0+0 (secure 0 0 0) 0x7fe4100197f0 con 0x7fe41c108d20
2024-05-03T22:02:40.770 INFO:teuthology.orchestra.run.smithi082.stdout:/usr/bin/ceph: stderr
2024-05-03T22:02:39.540+0000 7fe41a000700 1 -- 172.21.15.82:0/2003529606 <== mon.0 v2:172.21.15.82:3300/0 4 ==== mgrmap(e 12) ==== 50235+0+0 (secure 0 0 0) 0x7fe410019990 con 0x7fe41c108d20
2024-05-03T22:02:40.770 INFO:teuthology.orchestra.run.smithi082.stdout:/usr/bin/ceph: stderr
2024-05-03T22:02:39.540+0000 7fe424200700 1 -- 172.21.15.82:0/2003529606 --> [v2:172.21.15.82:3300/0,v1:172.21.15.82:6789/0] -- mon_command({"prefix": "get_command_descriptions"} v 0) -- 0x7fe3fc005360 con 0x7fe41c108d20
2024-05-03T22:02:40.770 INFO:teuthology.orchestra.run.smithi082.stdout:/usr/bin/ceph: stderr
2024-05-03T22:02:39.541+0000 7fe41a000700 1 --2- 172.21.15.82:0/2003529606 >> [v2:172.21.15.82:6800/3338115086,v1:172.21.15.82:6801/3338115086] conn(0x7fe40403e4d0 0x7fe404040990 unknown :-1 s=NONE pgs=0 cs=0 l=1 rev1=0 crypto rx=0 tx=0 comp rx=0 tx=0).connect
2024-05-03T22:02:40.770 INFO:teuthology.orchestra.run.smithi082.stdout:/usr/bin/ceph: stderr
2024-05-03T22:02:39.541+0000 7fe41a000700 1 -- 172.21.15.82:0/2003529606 <== mon.0 v2:172.21.15.82:3300/0 5 ==== osd_map(3..3 src has 1..3) ==== 1155+0+0 (secure 0 0 0) 0x7fe410053ff0 con 0x7fe41c108d20
2024-05-03T22:02:40.770 INFO:teuthology.orchestra.run.smithi082.stdout:/usr/bin/ceph: stderr
2024-05-03T22:02:39.541+0000 7fe420e00700 1 --2- 172.21.15.82:0/2003529606 >> [v2:172.21.15.82:6800/3338115086,v1:172.21.15.82:6801/3338115086] conn(0x7fe40403e4d0 0x7fe404040990 unknown :-1 s=BANNER_CONNECTING pgs=0 cs=0 l=1 rev1=0 crypto rx=0 tx=0 comp rx=0 tx=0)._handle_peer_banner_payload supported=3 required=0
2024-05-03T22:02:40.771 INFO:teuthology.orchestra.run.smithi082.stdout:/usr/bin/ceph: stderr
2024-05-03T22:02:39.542+0000 7fe420e00700 1 --2- 172.21.15.82:0/2003529606 >> [v2:172.21.15.82:6800/3338115086,v1:172.21.15.82:6801/3338115086] conn(0x7fe40403e4d0 0x7fe404040990 secure :-1 s=READY pgs=7 cs=0 l=1 rev1=1 crypto rx=0x7fe408006fd0 tx=0x7fe408006e40 comp rx=0 tx=0).ready entity=mgr.14152 client_cookie=0 server_cookie=0 in_seq=0 out_seq=0
2024-05-03T22:02:40.771 INFO:teuthology.orchestra.run.smithi082.stdout:/usr/bin/ceph: stderr
2024-05-03T22:02:39.547+0000 7fe41a000700 1 -- 172.21.15.82:0/2003529606 <== mon.0 v2:172.21.15.82:3300/0 6 ==== mon_command_ack([{"prefix": "get_command_descriptions"}]=0 v0) ==== 72+0+191839 (secure 0 0 0) 0x7fe41001f030 con 0x7fe41c108d20
2024-05-03T22:02:40.771 INFO:teuthology.orchestra.run.smithi082.stdout:/usr/bin/ceph: stderr
2024-05-03T22:02:39.789+0000 7fe424200700 1 -- 172.21.15.82:0/2003529606 --> [v2:172.21.15.82:6800/3338115086,v1:172.21.15.82:6801/3338115086] -- mgr_command(tid 0: {"prefix": "dashboard create-self-signed-cert", "target": ["mon-mgr", ""]}) -- 0x7fe3fc000bf0 con 0x7fe40403e4d0
2024-05-03T22:02:40.771 INFO:teuthology.orchestra.run.smithi082.stdout:/usr/bin/ceph: stderr
2024-05-03T22:02:39.956+0000 7fe41a000700 1 -- 172.21.15.82:0/2003529606 <== mgr.14152 v2:172.21.15.82:6800/3338115086 1 ==== mgr_command_reply(tid 0: 0 ) ==== 8+0+32 (secure 0 0 0) 0x7fe3fc000bf0 con 0x7fe40403e4d0
2024-05-03T22:02:40.771 INFO:teuthology.orchestra.run.smithi082.stdout:/usr/bin/ceph: stderr
2024-05-03T22:02:39.959+0000 7fe424200700 1 -- 172.21.15.82:0/2003529606 >> [v2:172.21.15.82:6800/3338115086,v1:172.21.15.82:6801/3338115086] conn(0x7fe40403e4d0 msgr2=0x7fe404040990 secure :-1 s=STATE_CONNECTION_ESTABLISHED l=1).mark_down
2024-05-03T22:02:40.771 INFO:teuthology.orchestra.run.smithi082.stdout:/usr/bin/ceph: stderr
2024-05-03T22:02:39.959+0000 7fe424200700 1 --2- 172.21.15.82:0/2003529606 >> [v2:172.21.15.82:6800/3338115086,v1:172.21.15.82:6801/3338115086] conn(0x7fe40403e4d0 0x7fe404040990 secure :-1 s=READY pgs=7 cs=0 l=1 rev1=1 crypto rx=0x7fe408006fd0 tx=0x7fe408006e40 comp rx=0 tx=0).stop
2024-05-03T22:02:40.771 INFO:teuthology.orchestra.run.smithi082.stdout:/usr/bin/ceph: stderr
2024-05-03T22:02:39.959+0000 7fe424200700 1 -- 172.21.15.82:0/2003529606 >> [v2:172.21.15.82:3300/0,v1:172.21.15.82:6789/0] conn(0x7fe41c108d20 msgr2=0x7fe41c1a5360 secure :-1 s=STATE_CONNECTION_ESTABLISHED l=1).mark_down
2024-05-03T22:02:40.771 INFO:teuthology.orchestra.run.smithi082.stdout:/usr/bin/ceph: stderr
2024-05-03T22:02:39.959+0000 7fe424200700 1 --2- 172.21.15.82:0/2003529606 >> [v2:172.21.15.82:3300/0,v1:172.21.15.82:6789/0] conn(0x7fe41c108d20 0x7fe41c1a5360 secure :-1 s=READY pgs=71 cs=0 l=1 rev1=1 crypto rx=0x7fe410011670 tx=0x7fe410011a30 comp rx=0 tx=0).stop
2024-05-03T22:02:40.771 INFO:teuthology.orchestra.run.smithi082.stdout:/usr/bin/ceph: stderr
2024-05-03T22:02:39.960+0000 7fe424200700 1 -- 172.21.15.82:0/2003529606 shutdown_connections
2024-05-03T22:02:40.771 INFO:teuthology.orchestra.run.smithi082.stdout:/usr/bin/ceph: stderr
2024-05-03T22:02:39.960+0000 7fe424200700 1 --2- 172.21.15.82:0/2003529606 >> [v2:172.21.15.82:6800/3338115086,v1:172.21.15.82:6801/3338115086] conn(0x7fe40403e4d0 0x7fe404040990 unknown :-1 s=CLOSED pgs=7 cs=0 l=1 rev1=1 crypto rx=0 tx=0 comp rx=0 tx=0).stop
2024-05-03T22:02:40.771 INFO:teuthology.orchestra.run.smithi082.stdout:/usr/bin/ceph: stderr
2024-05-03T22:02:39.960+0000 7fe424200700 1 --2- 172.21.15.82:0/2003529606 >> [v2:172.21.15.82:3300/0,v1:172.21.15.82:6789/0] conn(0x7fe41c108d20 0x7fe41c1a5360 unknown :-1 s=CLOSED pgs=71 cs=0 l=1 rev1=1 crypto rx=0 tx=0 comp rx=0 tx=0).stop
2024-05-03T22:02:40.771 INFO:teuthology.orchestra.run.smithi082.stdout:/usr/bin/ceph: stderr
2024-05-03T22:02:39.960+0000 7fe424200700 1 -- 172.21.15.82:0/2003529606 >> 172.21.15.82:0/2003529606 conn(0x7fe41c1042a0 msgr2=0x7fe41c104dd0 unknown :-1 s=STATE_NONE l=0).mark_down
2024-05-03T22:02:40.771 INFO:teuthology.orchestra.run.smithi082.stdout:/usr/bin/ceph: stderr
2024-05-03T22:02:39.960+0000 7fe424200700 1 -- 172.21.15.82:0/2003529606 shutdown_connections
2024-05-03T22:02:40.771 INFO:teuthology.orchestra.run.smithi082.stdout:/usr/bin/ceph: stderr
2024-05-03T22:02:39.960+0000 7fe424200700 1 -- 172.21.15.82:0/2003529606 wait complete.
2024-05-03T22:02:40.771 INFO:teuthology.orchestra.run.smithi082.stdout:Creating initial admin user...
2024-05-03T22:02:42.815 INFO:teuthology.orchestra.run.smithi082.stdout:/usr/bin/ceph: stdout {"username": "admin", "password": "$2b$12$aKlSYi23ZxIjZGkO.dsre.RQtLKPUxC94.iPoFcQrNkriYg.X.Xa2", "roles": ["administrator"], "name": null, "email": null, "lastUpdate": 1714773761, "enabled": true, "pwdExpirationDate": null, "pwdUpdateRequired": true}
2024-05-03T22:02:42.816 INFO:teuthology.orchestra.run.smithi082.stdout:/usr/bin/ceph: stderr
2024-05-03T22:02:41.435+0000 7fd5fce00700 1 Processor -- start
2024-05-03T22:02:42.816 INFO:teuthology.orchestra.run.smithi082.stdout:/usr/bin/ceph: stderr
2024-05-03T22:02:41.435+0000 7fd5fce00700 1 -- start start
2024-05-03T22:02:42.816 INFO:teuthology.orchestra.run.smithi082.stdout:/usr/bin/ceph: stderr
2024-05-03T22:02:41.435+0000 7fd5fce00700 1 --2- >> [v2:172.21.15.82:3300/0,v1:172.21.15.82:6789/0] conn(0x7fd5f8109810 0x7fd5f810bc00 unknown :-1 s=NONE pgs=0 cs=0 l=0 rev1=0 crypto rx=0 tx=0 comp rx=0 tx=0).connect
2024-05-03T22:02:42.816 INFO:teuthology.orchestra.run.smithi082.stdout:/usr/bin/ceph: stderr
2024-05-03T22:02:41.435+0000 7fd5fce00700 1 -- --> [v2:172.21.15.82:3300/0,v1:172.21.15.82:6789/0] -- mon_getmap magic: 0 -- 0x7fd5f807ce60 con 0x7fd5f8109810
2024-05-03T22:02:42.816 INFO:teuthology.orchestra.run.smithi082.stdout:/usr/bin/ceph: stderr
2024-05-03T22:02:41.436+0000 7fd5f5e00700 1 --2- >> [v2:172.21.15.82:3300/0,v1:172.21.15.82:6789/0] conn(0x7fd5f8109810 0x7fd5f810bc00 unknown :-1 s=BANNER_CONNECTING pgs=0 cs=0 l=0 rev1=0 crypto rx=0 tx=0 comp rx=0 tx=0)._handle_peer_banner_payload supported=3 required=0
2024-05-03T22:02:42.816 INFO:teuthology.orchestra.run.smithi082.stdout:/usr/bin/ceph: stderr
2024-05-03T22:02:41.436+0000 7fd5f5e00700 1 --2- >> [v2:172.21.15.82:3300/0,v1:172.21.15.82:6789/0] conn(0x7fd5f8109810 0x7fd5f810bc00 unknown :-1 s=HELLO_CONNECTING pgs=0 cs=0 l=0 rev1=1 crypto rx=0 tx=0 comp rx=0 tx=0).handle_hello peer v2:172.21.15.82:3300/0 says I am v2:172.21.15.82:59742/0 (socket says 172.21.15.82:59742)
2024-05-03T22:02:42.819 INFO:teuthology.orchestra.run.smithi082.stdout:/usr/bin/ceph: stderr
2024-05-03T22:02:41.436+0000 7fd5f5e00700 1 -- 172.21.15.82:0/1369707106 learned_addr learned my addr 172.21.15.82:0/1369707106 (peer_addr_for_me v2:172.21.15.82:0/0)
2024-05-03T22:02:42.819 INFO:teuthology.orchestra.run.smithi082.stdout:/usr/bin/ceph: stderr
2024-05-03T22:02:41.436+0000 7fd5f5e00700 1 -- 172.21.15.82:0/1369707106 --> [v2:172.21.15.82:3300/0,v1:172.21.15.82:6789/0] -- mon_subscribe({config=0+,monmap=0+}) -- 0x7fd5f810c140 con 0x7fd5f8109810
2024-05-03T22:02:42.819 INFO:teuthology.orchestra.run.smithi082.stdout:/usr/bin/ceph: stderr
2024-05-03T22:02:41.437+0000 7fd5f5e00700 1 --2- 172.21.15.82:0/1369707106 >> [v2:172.21.15.82:3300/0,v1:172.21.15.82:6789/0] conn(0x7fd5f8109810 0x7fd5f810bc00 secure :-1 s=READY pgs=72 cs=0 l=1 rev1=1 crypto rx=0x7fd5e80098a0 tx=0x7fd5e8009bb0 comp rx=0 tx=0).ready entity=mon.0 client_cookie=6065318da59d6686 server_cookie=0 in_seq=0 out_seq=0
2024-05-03T22:02:42.819 INFO:teuthology.orchestra.run.smithi082.stdout:/usr/bin/ceph: stderr
2024-05-03T22:02:41.437+0000 7fd5f4a00700 1 -- 172.21.15.82:0/1369707106 <== mon.0 v2:172.21.15.82:3300/0 1 ==== mon_map magic: 0 ==== 205+0+0 (secure 0 0 0) 0x7fd5e8004160 con 0x7fd5f8109810
2024-05-03T22:02:42.819 INFO:teuthology.orchestra.run.smithi082.stdout:/usr/bin/ceph: stderr
2024-05-03T22:02:41.437+0000 7fd5f4a00700 1 -- 172.21.15.82:0/1369707106 <== mon.0 v2:172.21.15.82:3300/0 2 ==== config(25 keys) ==== 1063+0+0 (secure 0 0 0) 0x7fd5e8004300 con 0x7fd5f8109810
2024-05-03T22:02:42.819 INFO:teuthology.orchestra.run.smithi082.stdout:/usr/bin/ceph: stderr
2024-05-03T22:02:41.437+0000 7fd5f4a00700 1 -- 172.21.15.82:0/1369707106 <== mon.0 v2:172.21.15.82:3300/0 3 ==== mon_map magic: 0 ==== 205+0+0 (secure 0 0 0) 0x7fd5e8011960 con 0x7fd5f8109810
2024-05-03T22:02:42.819 INFO:teuthology.orchestra.run.smithi082.stdout:/usr/bin/ceph: stderr
2024-05-03T22:02:41.438+0000 7fd5fce00700 1 -- 172.21.15.82:0/1369707106 >> [v2:172.21.15.82:3300/0,v1:172.21.15.82:6789/0] conn(0x7fd5f8109810 msgr2=0x7fd5f810bc00 secure :-1 s=STATE_CONNECTION_ESTABLISHED l=1).mark_down
2024-05-03T22:02:42.819 INFO:teuthology.orchestra.run.smithi082.stdout:/usr/bin/ceph: stderr
2024-05-03T22:02:41.438+0000 7fd5fce00700 1 --2- 172.21.15.82:0/1369707106 >> [v2:172.21.15.82:3300/0,v1:172.21.15.82:6789/0] conn(0x7fd5f8109810 0x7fd5f810bc00 secure :-1 s=READY pgs=72 cs=0 l=1 rev1=1 crypto rx=0x7fd5e80098a0 tx=0x7fd5e8009bb0 comp rx=0 tx=0).stop
2024-05-03T22:02:42.819 INFO:teuthology.orchestra.run.smithi082.stdout:/usr/bin/ceph: stderr
2024-05-03T22:02:41.438+0000 7fd5fce00700 1 -- 172.21.15.82:0/1369707106 shutdown_connections
2024-05-03T22:02:42.819 INFO:teuthology.orchestra.run.smithi082.stdout:/usr/bin/ceph: stderr
2024-05-03T22:02:41.438+0000 7fd5fce00700 1 --2- 172.21.15.82:0/1369707106 >> [v2:172.21.15.82:3300/0,v1:172.21.15.82:6789/0] conn(0x7fd5f8109810 0x7fd5f810bc00 unknown :-1 s=CLOSED pgs=72 cs=0 l=1 rev1=1 crypto rx=0 tx=0 comp rx=0 tx=0).stop
2024-05-03T22:02:42.819 INFO:teuthology.orchestra.run.smithi082.stdout:/usr/bin/ceph: stderr
2024-05-03T22:02:41.438+0000 7fd5fce00700 1 -- 172.21.15.82:0/1369707106 >> 172.21.15.82:0/1369707106 conn(0x7fd5f8103200 msgr2=0x7fd5f8105620 unknown :-1 s=STATE_NONE l=0).mark_down
2024-05-03T22:02:42.820 INFO:teuthology.orchestra.run.smithi082.stdout:/usr/bin/ceph: stderr
2024-05-03T22:02:41.438+0000 7fd5fce00700 1 -- 172.21.15.82:0/1369707106 shutdown_connections
2024-05-03T22:02:42.820 INFO:teuthology.orchestra.run.smithi082.stdout:/usr/bin/ceph: stderr
2024-05-03T22:02:41.438+0000 7fd5fce00700 1 -- 172.21.15.82:0/1369707106 wait complete.
2024-05-03T22:02:42.820 INFO:teuthology.orchestra.run.smithi082.stdout:/usr/bin/ceph: stderr
2024-05-03T22:02:41.439+0000 7fd5fce00700 1 Processor -- start
2024-05-03T22:02:42.820 INFO:teuthology.orchestra.run.smithi082.stdout:/usr/bin/ceph: stderr
2024-05-03T22:02:41.439+0000 7fd5fce00700 1 -- start start
2024-05-03T22:02:42.820 INFO:teuthology.orchestra.run.smithi082.stdout:/usr/bin/ceph: stderr
2024-05-03T22:02:41.440+0000 7fd5fce00700 1 --2- >> [v2:172.21.15.82:3300/0,v1:172.21.15.82:6789/0] conn(0x7fd5f8109810 0x7fd5f819ed40 unknown :-1 s=NONE pgs=0 cs=0 l=1 rev1=0 crypto rx=0 tx=0 comp rx=0 tx=0).connect
2024-05-03T22:02:42.820 INFO:teuthology.orchestra.run.smithi082.stdout:/usr/bin/ceph: stderr
2024-05-03T22:02:41.440+0000 7fd5fce00700 1 -- --> [v2:172.21.15.82:3300/0,v1:172.21.15.82:6789/0] -- mon_getmap magic: 0 -- 0x7fd5f810d090 con 0x7fd5f8109810
2024-05-03T22:02:42.820 INFO:teuthology.orchestra.run.smithi082.stdout:/usr/bin/ceph: stderr
2024-05-03T22:02:41.440+0000 7fd5f5e00700 1 --2- >> [v2:172.21.15.82:3300/0,v1:172.21.15.82:6789/0] conn(0x7fd5f8109810 0x7fd5f819ed40 unknown :-1 s=BANNER_CONNECTING pgs=0 cs=0 l=1 rev1=0 crypto rx=0 tx=0 comp rx=0 tx=0)._handle_peer_banner_payload supported=3 required=0
2024-05-03T22:02:42.820 INFO:teuthology.orchestra.run.smithi082.stdout:/usr/bin/ceph: stderr
2024-05-03T22:02:41.440+0000 7fd5f5e00700 1 --2- >> [v2:172.21.15.82:3300/0,v1:172.21.15.82:6789/0] conn(0x7fd5f8109810 0x7fd5f819ed40 unknown :-1 s=HELLO_CONNECTING pgs=0 cs=0 l=1 rev1=1 crypto rx=0 tx=0 comp rx=0 tx=0).handle_hello peer v2:172.21.15.82:3300/0 says I am v2:172.21.15.82:59758/0 (socket says 172.21.15.82:59758)
2024-05-03T22:02:42.820 INFO:teuthology.orchestra.run.smithi082.stdout:/usr/bin/ceph: stderr
2024-05-03T22:02:41.440+0000 7fd5f5e00700 1 -- 172.21.15.82:0/1354516474 learned_addr learned my addr 172.21.15.82:0/1354516474 (peer_addr_for_me v2:172.21.15.82:0/0)
2024-05-03T22:02:42.820 INFO:teuthology.orchestra.run.smithi082.stdout:/usr/bin/ceph: stderr
2024-05-03T22:02:41.440+0000 7fd5f5e00700 1 -- 172.21.15.82:0/1354516474 --> [v2:172.21.15.82:3300/0,v1:172.21.15.82:6789/0] -- mon_subscribe({config=0+,monmap=0+}) -- 0x7fd5f819f280 con 0x7fd5f8109810
2024-05-03T22:02:42.820 INFO:teuthology.orchestra.run.smithi082.stdout:/usr/bin/ceph: stderr
2024-05-03T22:02:41.441+0000 7fd5f5e00700 1 --2- 172.21.15.82:0/1354516474 >> [v2:172.21.15.82:3300/0,v1:172.21.15.82:6789/0] conn(0x7fd5f8109810 0x7fd5f819ed40 secure :-1 s=READY pgs=73 cs=0 l=1 rev1=1 crypto rx=0x7fd5e8011670 tx=0x7fd5e8011a30 comp rx=0 tx=0).ready entity=mon.0 client_cookie=0 server_cookie=0 in_seq=0 out_seq=0
2024-05-03T22:02:42.820 INFO:teuthology.orchestra.run.smithi082.stdout:/usr/bin/ceph: stderr
2024-05-03T22:02:41.441+0000 7fd5eea00700 1 -- 172.21.15.82:0/1354516474 <== mon.0 v2:172.21.15.82:3300/0 1 ==== mon_map magic: 0 ==== 205+0+0 (secure 0 0 0) 0x7fd5e801f070 con 0x7fd5f8109810
2024-05-03T22:02:42.822 INFO:teuthology.orchestra.run.smithi082.stdout:/usr/bin/ceph: stderr
2024-05-03T22:02:41.441+0000 7fd5eea00700 1 -- 172.21.15.82:0/1354516474 <== mon.0 v2:172.21.15.82:3300/0 2 ==== config(25 keys) ==== 1063+0+0 (secure 0 0 0) 0x7fd5e8003b20 con 0x7fd5f8109810
2024-05-03T22:02:42.822 INFO:teuthology.orchestra.run.smithi082.stdout:/usr/bin/ceph: stderr
2024-05-03T22:02:41.441+0000 7fd5eea00700 1 -- 172.21.15.82:0/1354516474 <== mon.0 v2:172.21.15.82:3300/0 3 ==== mon_map magic: 0 ==== 205+0+0 (secure 0 0 0) 0x7fd5e80195f0 con 0x7fd5f8109810
2024-05-03T22:02:42.822 INFO:teuthology.orchestra.run.smithi082.stdout:/usr/bin/ceph: stderr
2024-05-03T22:02:41.441+0000 7fd5fce00700 1 -- 172.21.15.82:0/1354516474 --> [v2:172.21.15.82:3300/0,v1:172.21.15.82:6789/0] -- mon_subscribe({mgrmap=0+}) -- 0x7fd5f819f510 con 0x7fd5f8109810
2024-05-03T22:02:42.822 INFO:teuthology.orchestra.run.smithi082.stdout:/usr/bin/ceph: stderr
2024-05-03T22:02:41.441+0000 7fd5fce00700 1 -- 172.21.15.82:0/1354516474 --> [v2:172.21.15.82:3300/0,v1:172.21.15.82:6789/0] -- mon_subscribe({osdmap=0}) -- 0x7fd5f81a2200 con 0x7fd5f8109810
2024-05-03T22:02:42.822 INFO:teuthology.orchestra.run.smithi082.stdout:/usr/bin/ceph: stderr
2024-05-03T22:02:41.442+0000 7fd5fce00700 1 -- 172.21.15.82:0/1354516474 --> [v2:172.21.15.82:3300/0,v1:172.21.15.82:6789/0] -- mon_command({"prefix": "get_command_descriptions"} v 0) -- 0x7fd5f8064b00 con 0x7fd5f8109810
2024-05-03T22:02:42.822 INFO:teuthology.orchestra.run.smithi082.stdout:/usr/bin/ceph: stderr
2024-05-03T22:02:41.442+0000 7fd5eea00700 1 -- 172.21.15.82:0/1354516474 <== mon.0 v2:172.21.15.82:3300/0 4 ==== mgrmap(e 12) ==== 50235+0+0 (secure 0 0 0) 0x7fd5e8022070 con 0x7fd5f8109810
2024-05-03T22:02:42.822 INFO:teuthology.orchestra.run.smithi082.stdout:/usr/bin/ceph: stderr
2024-05-03T22:02:41.443+0000 7fd5eea00700 1 --2- 172.21.15.82:0/1354516474 >> [v2:172.21.15.82:6800/3338115086,v1:172.21.15.82:6801/3338115086] conn(0x7fd5dc03e4c0 0x7fd5dc040980 unknown :-1 s=NONE pgs=0 cs=0 l=1 rev1=0 crypto rx=0 tx=0 comp rx=0 tx=0).connect
2024-05-03T22:02:42.822 INFO:teuthology.orchestra.run.smithi082.stdout:/usr/bin/ceph: stderr
2024-05-03T22:02:41.443+0000 7fd5eea00700 1 -- 172.21.15.82:0/1354516474 <== mon.0 v2:172.21.15.82:3300/0 5 ==== osd_map(3..3 src has 1..3) ==== 1155+0+0 (secure 0 0 0) 0x7fd5e8053db0 con 0x7fd5f8109810
2024-05-03T22:02:42.823 INFO:teuthology.orchestra.run.smithi082.stdout:/usr/bin/ceph: stderr
2024-05-03T22:02:41.443+0000 7fd5f5400700 1 --2- 172.21.15.82:0/1354516474 >> [v2:172.21.15.82:6800/3338115086,v1:172.21.15.82:6801/3338115086] conn(0x7fd5dc03e4c0 0x7fd5dc040980 unknown :-1 s=BANNER_CONNECTING pgs=0 cs=0 l=1 rev1=0 crypto rx=0 tx=0 comp rx=0 tx=0)._handle_peer_banner_payload supported=3 required=0
2024-05-03T22:02:42.823 INFO:teuthology.orchestra.run.smithi082.stdout:/usr/bin/ceph: stderr
2024-05-03T22:02:41.444+0000 7fd5f5400700 1 --2- 172.21.15.82:0/1354516474 >> [v2:172.21.15.82:6800/3338115086,v1:172.21.15.82:6801/3338115086] conn(0x7fd5dc03e4c0 0x7fd5dc040980 secure :-1 s=READY pgs=8 cs=0 l=1 rev1=1 crypto rx=0x7fd5e4006fd0 tx=0x7fd5e4006e40 comp rx=0 tx=0).ready entity=mgr.14152 client_cookie=0 server_cookie=0 in_seq=0 out_seq=0
2024-05-03T22:02:42.823 INFO:teuthology.orchestra.run.smithi082.stdout:/usr/bin/ceph: stderr
2024-05-03T22:02:41.448+0000 7fd5eea00700 1 -- 172.21.15.82:0/1354516474 <== mon.0 v2:172.21.15.82:3300/0 6 ==== mon_command_ack([{"prefix": "get_command_descriptions"}]=0 v0) ==== 72+0+191839 (secure 0 0 0) 0x7fd5e8058070 con 0x7fd5f8109810
2024-05-03T22:02:42.823 INFO:teuthology.orchestra.run.smithi082.stdout:/usr/bin/ceph: stderr
2024-05-03T22:02:41.712+0000 7fd5fce00700 1 -- 172.21.15.82:0/1354516474 --> [v2:172.21.15.82:6800/3338115086,v1:172.21.15.82:6801/3338115086] -- mgr_command(tid 0: {"prefix": "dashboard ac-user-create", "username": "admin", "rolename": "administrator", "force_password": true, "pwd_update_required": true, "target": ["mon-mgr", ""]}) -- 0x7fd5f819f9f0 con 0x7fd5dc03e4c0
2024-05-03T22:02:42.823 INFO:teuthology.orchestra.run.smithi082.stdout:/usr/bin/ceph: stderr
2024-05-03T22:02:41.970+0000 7fd5eea00700 1 -- 172.21.15.82:0/1354516474 <== mgr.14152 v2:172.21.15.82:6800/3338115086 1 ==== mgr_command_reply(tid 0: 0 ) ==== 8+0+252 (secure 0 0 0) 0x7fd5f819f9f0 con 0x7fd5dc03e4c0
2024-05-03T22:02:42.824 INFO:teuthology.orchestra.run.smithi082.stdout:/usr/bin/ceph: stderr
2024-05-03T22:02:41.974+0000 7fd5fce00700 1 -- 172.21.15.82:0/1354516474 >> [v2:172.21.15.82:6800/3338115086,v1:172.21.15.82:6801/3338115086] conn(0x7fd5dc03e4c0 msgr2=0x7fd5dc040980 secure :-1 s=STATE_CONNECTION_ESTABLISHED l=1).mark_down
2024-05-03T22:02:42.824 INFO:teuthology.orchestra.run.smithi082.stdout:/usr/bin/ceph: stderr
2024-05-03T22:02:41.974+0000 7fd5fce00700 1 --2- 172.21.15.82:0/1354516474 >> [v2:172.21.15.82:6800/3338115086,v1:172.21.15.82:6801/3338115086] conn(0x7fd5dc03e4c0 0x7fd5dc040980 secure :-1 s=READY pgs=8 cs=0 l=1 rev1=1 crypto rx=0x7fd5e4006fd0 tx=0x7fd5e4006e40 comp rx=0 tx=0).stop
2024-05-03T22:02:42.824 INFO:teuthology.orchestra.run.smithi082.stdout:/usr/bin/ceph: stderr
2024-05-03T22:02:41.974+0000 7fd5fce00700 1 -- 172.21.15.82:0/1354516474 >> [v2:172.21.15.82:3300/0,v1:172.21.15.82:6789/0] conn(0x7fd5f8109810 msgr2=0x7fd5f819ed40 secure :-1 s=STATE_CONNECTION_ESTABLISHED l=1).mark_down
2024-05-03T22:02:42.825 INFO:teuthology.orchestra.run.smithi082.stdout:/usr/bin/ceph: stderr
2024-05-03T22:02:41.974+0000 7fd5fce00700 1 --2- 172.21.15.82:0/1354516474 >> [v2:172.21.15.82:3300/0,v1:172.21.15.82:6789/0] conn(0x7fd5f8109810 0x7fd5f819ed40 secure :-1 s=READY pgs=73 cs=0 l=1 rev1=1 crypto rx=0x7fd5e8011670 tx=0x7fd5e8011a30 comp rx=0 tx=0).stop
2024-05-03T22:02:42.825 INFO:teuthology.orchestra.run.smithi082.stdout:/usr/bin/ceph: stderr
2024-05-03T22:02:41.975+0000 7fd5fce00700 1 -- 172.21.15.82:0/1354516474 shutdown_connections
2024-05-03T22:02:42.825 INFO:teuthology.orchestra.run.smithi082.stdout:/usr/bin/ceph: stderr
2024-05-03T22:02:41.975+0000 7fd5fce00700 1 --2- 172.21.15.82:0/1354516474 >> [v2:172.21.15.82:6800/3338115086,v1:172.21.15.82:6801/3338115086] conn(0x7fd5dc03e4c0 0x7fd5dc040980 unknown :-1 s=CLOSED pgs=8 cs=0 l=1 rev1=1 crypto rx=0 tx=0 comp rx=0 tx=0).stop
2024-05-03T22:02:42.825 INFO:teuthology.orchestra.run.smithi082.stdout:/usr/bin/ceph: stderr
2024-05-03T22:02:41.975+0000 7fd5fce00700 1 --2- 172.21.15.82:0/1354516474 >> [v2:172.21.15.82:3300/0,v1:172.21.15.82:6789/0] conn(0x7fd5f8109810 0x7fd5f819ed40 unknown :-1 s=CLOSED pgs=73 cs=0 l=1 rev1=1 crypto rx=0 tx=0 comp rx=0 tx=0).stop
2024-05-03T22:02:42.825 INFO:teuthology.orchestra.run.smithi082.stdout:/usr/bin/ceph: stderr
2024-05-03T22:02:41.975+0000 7fd5fce00700 1 -- 172.21.15.82:0/1354516474 >> 172.21.15.82:0/1354516474 conn(0x7fd5f8103200 msgr2=0x7fd5f8103c00 unknown :-1 s=STATE_NONE l=0).mark_down
2024-05-03T22:02:42.825 INFO:teuthology.orchestra.run.smithi082.stdout:/usr/bin/ceph: stderr
2024-05-03T22:02:41.975+0000 7fd5fce00700 1 -- 172.21.15.82:0/1354516474 shutdown_connections
2024-05-03T22:02:42.825 INFO:teuthology.orchestra.run.smithi082.stdout:/usr/bin/ceph: stderr
2024-05-03T22:02:41.975+0000 7fd5fce00700 1 -- 172.21.15.82:0/1354516474 wait complete.
2024-05-03T22:02:42.825 INFO:teuthology.orchestra.run.smithi082.stdout:Fetching dashboard port number...
2024-05-03T22:02:43.121 INFO:journalctl@ceph.mon.a.smithi082.stdout:May 03 22:02:42 smithi082 ceph-mon[28404]: from='client.14166 -' entity='client.admin' cmd=[{"prefix": "dashboard ac-user-create", "username": "admin", "rolename": "administrator", "force_password": true, "pwd_update_required": true, "target": ["mon-mgr", ""]}]: dispatch
2024-05-03T22:02:43.121 INFO:journalctl@ceph.mon.a.smithi082.stdout:May 03 22:02:42 smithi082 ceph-mon[28404]: from='mgr.14152 172.21.15.82:0/3079014384' entity='mgr.x'
2024-05-03T22:02:43.121 INFO:journalctl@ceph.mon.a.smithi082.stdout:May 03 22:02:42 smithi082 ceph-mon[28404]: from='mgr.14152 172.21.15.82:0/3079014384' entity='mgr.x'
2024-05-03T22:02:44.226 INFO:journalctl@ceph.mon.a.smithi082.stdout:May 03 22:02:43 smithi082 ceph-mon[28404]: mgrmap e13: x(active, since 6s)
2024-05-03T22:02:44.226 INFO:journalctl@ceph.mon.a.smithi082.stdout:May 03 22:02:43 smithi082 ceph-mon[28404]: from='client.? 172.21.15.82:0/371865903' entity='client.admin' cmd=[{"prefix": "config get", "who": "mgr", "key": "mgr/dashboard/ssl_server_port"}]: dispatch
2024-05-03T22:02:45.303 INFO:teuthology.orchestra.run.smithi082.stdout:/usr/bin/ceph: stdout 8443
2024-05-03T22:02:45.304 INFO:teuthology.orchestra.run.smithi082.stdout:/usr/bin/ceph: stderr
2024-05-03T22:02:43.684+0000 7f511de00700 1 Processor -- start
2024-05-03T22:02:45.304 INFO:teuthology.orchestra.run.smithi082.stdout:/usr/bin/ceph: stderr
2024-05-03T22:02:43.684+0000 7f511de00700 1 -- start start
2024-05-03T22:02:45.304 INFO:teuthology.orchestra.run.smithi082.stdout:/usr/bin/ceph: stderr
2024-05-03T22:02:43.684+0000 7f511de00700 1 --2- >> [v2:172.21.15.82:3300/0,v1:172.21.15.82:6789/0] conn(0x7f5118108d10 0x7f5118109130 unknown :-1 s=NONE pgs=0 cs=0 l=0 rev1=0 crypto rx=0 tx=0 comp rx=0 tx=0).connect
2024-05-03T22:02:45.304 INFO:teuthology.orchestra.run.smithi082.stdout:/usr/bin/ceph: stderr
2024-05-03T22:02:43.684+0000 7f511de00700 1 -- --> [v2:172.21.15.82:3300/0,v1:172.21.15.82:6789/0] -- mon_getmap magic: 0 -- 0x7f5118109700 con 0x7f5118108d10
2024-05-03T22:02:45.304 INFO:teuthology.orchestra.run.smithi082.stdout:/usr/bin/ceph: stderr
2024-05-03T22:02:43.685+0000 7f5116a00700 1 --2- >> [v2:172.21.15.82:3300/0,v1:172.21.15.82:6789/0] conn(0x7f5118108d10 0x7f5118109130 unknown :-1 s=BANNER_CONNECTING pgs=0 cs=0 l=0 rev1=0 crypto rx=0 tx=0 comp rx=0 tx=0)._handle_peer_banner_payload supported=3 required=0
2024-05-03T22:02:45.305 INFO:teuthology.orchestra.run.smithi082.stdout:/usr/bin/ceph: stderr
2024-05-03T22:02:43.685+0000 7f5116a00700 1 --2- >> [v2:172.21.15.82:3300/0,v1:172.21.15.82:6789/0] conn(0x7f5118108d10 0x7f5118109130 unknown :-1 s=HELLO_CONNECTING pgs=0 cs=0 l=0 rev1=1 crypto rx=0 tx=0 comp rx=0 tx=0).handle_hello peer v2:172.21.15.82:3300/0 says I am v2:172.21.15.82:59762/0 (socket says 172.21.15.82:59762)
2024-05-03T22:02:45.305 INFO:teuthology.orchestra.run.smithi082.stdout:/usr/bin/ceph: stderr
2024-05-03T22:02:43.685+0000 7f5116a00700 1 -- 172.21.15.82:0/1899598270 learned_addr learned my addr 172.21.15.82:0/1899598270 (peer_addr_for_me v2:172.21.15.82:0/0)
2024-05-03T22:02:45.305 INFO:teuthology.orchestra.run.smithi082.stdout:/usr/bin/ceph: stderr
2024-05-03T22:02:43.685+0000 7f5116a00700 1 -- 172.21.15.82:0/1899598270 --> [v2:172.21.15.82:3300/0,v1:172.21.15.82:6789/0] -- mon_subscribe({config=0+,monmap=0+}) -- 0x7f5118109f10 con 0x7f5118108d10
2024-05-03T22:02:45.305 INFO:teuthology.orchestra.run.smithi082.stdout:/usr/bin/ceph: stderr
2024-05-03T22:02:43.686+0000 7f5116a00700 1 --2- 172.21.15.82:0/1899598270 >> [v2:172.21.15.82:3300/0,v1:172.21.15.82:6789/0] conn(0x7f5118108d10 0x7f5118109130 secure :-1 s=READY pgs=74 cs=0 l=1 rev1=1 crypto rx=0x7f51080098a0 tx=0x7f5108009bb0 comp rx=0 tx=0).ready entity=mon.0 client_cookie=3b3a2ccae3bd93bb server_cookie=0 in_seq=0 out_seq=0
2024-05-03T22:02:45.305 INFO:teuthology.orchestra.run.smithi082.stdout:/usr/bin/ceph: stderr
2024-05-03T22:02:43.686+0000 7f5115600700 1 -- 172.21.15.82:0/1899598270 <== mon.0 v2:172.21.15.82:3300/0 1 ==== mon_map magic: 0 ==== 205+0+0 (secure 0 0 0) 0x7f5108004160 con 0x7f5118108d10
2024-05-03T22:02:45.307 INFO:teuthology.orchestra.run.smithi082.stdout:/usr/bin/ceph: stderr
2024-05-03T22:02:43.686+0000 7f5115600700 1 -- 172.21.15.82:0/1899598270 <== mon.0 v2:172.21.15.82:3300/0 2 ==== config(25 keys) ==== 1063+0+0 (secure 0 0 0) 0x7f5108004300 con 0x7f5118108d10
2024-05-03T22:02:45.307 INFO:teuthology.orchestra.run.smithi082.stdout:/usr/bin/ceph: stderr
2024-05-03T22:02:43.686+0000 7f5115600700 1 -- 172.21.15.82:0/1899598270 <== mon.0 v2:172.21.15.82:3300/0 3 ==== mon_map magic: 0 ==== 205+0+0 (secure 0 0 0) 0x7f5108011960 con 0x7f5118108d10
2024-05-03T22:02:45.307 INFO:teuthology.orchestra.run.smithi082.stdout:/usr/bin/ceph: stderr
2024-05-03T22:02:43.687+0000 7f511de00700 1 -- 172.21.15.82:0/1899598270 >> [v2:172.21.15.82:3300/0,v1:172.21.15.82:6789/0] conn(0x7f5118108d10 msgr2=0x7f5118109130 secure :-1 s=STATE_CONNECTION_ESTABLISHED l=1).mark_down
2024-05-03T22:02:45.307 INFO:teuthology.orchestra.run.smithi082.stdout:/usr/bin/ceph: stderr
2024-05-03T22:02:43.687+0000 7f511de00700 1 --2- 172.21.15.82:0/1899598270 >> [v2:172.21.15.82:3300/0,v1:172.21.15.82:6789/0] conn(0x7f5118108d10 0x7f5118109130 secure :-1 s=READY pgs=74 cs=0 l=1 rev1=1 crypto rx=0x7f51080098a0 tx=0x7f5108009bb0 comp rx=0 tx=0).stop
2024-05-03T22:02:45.307 INFO:teuthology.orchestra.run.smithi082.stdout:/usr/bin/ceph: stderr
2024-05-03T22:02:43.687+0000 7f511de00700 1 -- 172.21.15.82:0/1899598270 shutdown_connections
2024-05-03T22:02:45.307 INFO:teuthology.orchestra.run.smithi082.stdout:/usr/bin/ceph: stderr
2024-05-03T22:02:43.687+0000 7f511de00700 1 --2- 172.21.15.82:0/1899598270 >> [v2:172.21.15.82:3300/0,v1:172.21.15.82:6789/0] conn(0x7f5118108d10 0x7f5118109130 unknown :-1 s=CLOSED pgs=74 cs=0 l=1 rev1=1 crypto rx=0 tx=0 comp rx=0 tx=0).stop
2024-05-03T22:02:45.307 INFO:teuthology.orchestra.run.smithi082.stdout:/usr/bin/ceph: stderr
2024-05-03T22:02:43.687+0000 7f511de00700 1 -- 172.21.15.82:0/1899598270 >> 172.21.15.82:0/1899598270 conn(0x7f51181042d0 msgr2=0x7f51181066f0 unknown :-1 s=STATE_NONE l=0).mark_down
2024-05-03T22:02:45.307 INFO:teuthology.orchestra.run.smithi082.stdout:/usr/bin/ceph: stderr
2024-05-03T22:02:43.687+0000 7f511de00700 1 -- 172.21.15.82:0/1899598270 shutdown_connections
2024-05-03T22:02:45.307 INFO:teuthology.orchestra.run.smithi082.stdout:/usr/bin/ceph: stderr
2024-05-03T22:02:43.687+0000 7f511de00700 1 -- 172.21.15.82:0/1899598270 wait complete.
2024-05-03T22:02:45.309 INFO:teuthology.orchestra.run.smithi082.stdout:/usr/bin/ceph: stderr
2024-05-03T22:02:43.688+0000 7f511de00700 1 Processor -- start
2024-05-03T22:02:45.309 INFO:teuthology.orchestra.run.smithi082.stdout:/usr/bin/ceph: stderr
2024-05-03T22:02:43.688+0000 7f511de00700 1 -- start start
2024-05-03T22:02:45.309 INFO:teuthology.orchestra.run.smithi082.stdout:/usr/bin/ceph: stderr
2024-05-03T22:02:43.688+0000 7f511de00700 1 --2- >> [v2:172.21.15.82:3300/0,v1:172.21.15.82:6789/0] conn(0x7f5118108d10 0x7f511819eda0 unknown :-1 s=NONE pgs=0 cs=0 l=1 rev1=0 crypto rx=0 tx=0 comp rx=0 tx=0).connect
2024-05-03T22:02:45.309 INFO:teuthology.orchestra.run.smithi082.stdout:/usr/bin/ceph: stderr
2024-05-03T22:02:43.688+0000 7f511de00700 1 -- --> [v2:172.21.15.82:3300/0,v1:172.21.15.82:6789/0] -- mon_getmap magic: 0 -- 0x7f511810d140 con 0x7f5118108d10
2024-05-03T22:02:45.309 INFO:teuthology.orchestra.run.smithi082.stdout:/usr/bin/ceph: stderr
2024-05-03T22:02:43.689+0000 7f5116a00700 1 --2- >> [v2:172.21.15.82:3300/0,v1:172.21.15.82:6789/0] conn(0x7f5118108d10 0x7f511819eda0 unknown :-1 s=BANNER_CONNECTING pgs=0 cs=0 l=1 rev1=0 crypto rx=0 tx=0 comp rx=0 tx=0)._handle_peer_banner_payload supported=3 required=0
2024-05-03T22:02:45.309 INFO:teuthology.orchestra.run.smithi082.stdout:/usr/bin/ceph: stderr
2024-05-03T22:02:43.689+0000 7f5116a00700 1 --2- >> [v2:172.21.15.82:3300/0,v1:172.21.15.82:6789/0] conn(0x7f5118108d10 0x7f511819eda0 unknown :-1 s=HELLO_CONNECTING pgs=0 cs=0 l=1 rev1=1 crypto rx=0 tx=0 comp rx=0 tx=0).handle_hello peer v2:172.21.15.82:3300/0 says I am v2:172.21.15.82:59772/0 (socket says 172.21.15.82:59772)
2024-05-03T22:02:45.310 INFO:teuthology.orchestra.run.smithi082.stdout:/usr/bin/ceph: stderr
2024-05-03T22:02:43.689+0000 7f5116a00700 1 -- 172.21.15.82:0/371865903 learned_addr learned my addr 172.21.15.82:0/371865903 (peer_addr_for_me v2:172.21.15.82:0/0)
2024-05-03T22:02:45.310 INFO:teuthology.orchestra.run.smithi082.stdout:/usr/bin/ceph: stderr
2024-05-03T22:02:43.689+0000 7f5116a00700 1 -- 172.21.15.82:0/371865903 --> [v2:172.21.15.82:3300/0,v1:172.21.15.82:6789/0] -- mon_subscribe({config=0+,monmap=0+}) -- 0x7f511819f2e0 con 0x7f5118108d10
2024-05-03T22:02:45.310 INFO:teuthology.orchestra.run.smithi082.stdout:/usr/bin/ceph: stderr
2024-05-03T22:02:43.689+0000 7f5116a00700 1 --2- 172.21.15.82:0/371865903 >> [v2:172.21.15.82:3300/0,v1:172.21.15.82:6789/0] conn(0x7f5118108d10 0x7f511819eda0 secure :-1 s=READY pgs=75 cs=0 l=1 rev1=1 crypto rx=0x7f5108011670 tx=0x7f5108011a30 comp rx=0 tx=0).ready entity=mon.0 client_cookie=0 server_cookie=0 in_seq=0 out_seq=0
2024-05-03T22:02:45.310 INFO:teuthology.orchestra.run.smithi082.stdout:/usr/bin/ceph: stderr
2024-05-03T22:02:43.689+0000 7f511ca00700 1 -- 172.21.15.82:0/371865903 <== mon.0 v2:172.21.15.82:3300/0 1 ==== mon_map magic: 0 ==== 205+0+0 (secure 0 0 0) 0x7f510801f070 con 0x7f5118108d10
2024-05-03T22:02:45.310 INFO:teuthology.orchestra.run.smithi082.stdout:/usr/bin/ceph: stderr
2024-05-03T22:02:43.689+0000 7f511ca00700 1 -- 172.21.15.82:0/371865903 <== mon.0 v2:172.21.15.82:3300/0 2 ==== config(25 keys) ==== 1063+0+0 (secure 0 0 0) 0x7f5108003b20 con 0x7f5118108d10
2024-05-03T22:02:45.310 INFO:teuthology.orchestra.run.smithi082.stdout:/usr/bin/ceph: stderr
2024-05-03T22:02:43.689+0000 7f511ca00700 1 -- 172.21.15.82:0/371865903 <== mon.0 v2:172.21.15.82:3300/0 3 ==== mon_map magic: 0 ==== 205+0+0 (secure 0 0 0) 0x7f5108019580 con 0x7f5118108d10
2024-05-03T22:02:45.310 INFO:teuthology.orchestra.run.smithi082.stdout:/usr/bin/ceph: stderr
2024-05-03T22:02:43.689+0000 7f511de00700 1 -- 172.21.15.82:0/371865903 --> [v2:172.21.15.82:3300/0,v1:172.21.15.82:6789/0] -- mon_subscribe({mgrmap=0+}) -- 0x7f511819f570 con 0x7f5118108d10
2024-05-03T22:02:45.310 INFO:teuthology.orchestra.run.smithi082.stdout:/usr/bin/ceph: stderr
2024-05-03T22:02:43.690+0000 7f511de00700 1 -- 172.21.15.82:0/371865903 --> [v2:172.21.15.82:3300/0,v1:172.21.15.82:6789/0] -- mon_subscribe({osdmap=0}) -- 0x7f51181a2260 con 0x7f5118108d10
2024-05-03T22:02:45.310 INFO:teuthology.orchestra.run.smithi082.stdout:/usr/bin/ceph: stderr
2024-05-03T22:02:43.691+0000 7f511de00700 1 -- 172.21.15.82:0/371865903 --> [v2:172.21.15.82:3300/0,v1:172.21.15.82:6789/0] -- mon_command({"prefix": "get_command_descriptions"} v 0) -- 0x7f5118064b00 con 0x7f5118108d10
2024-05-03T22:02:45.310 INFO:teuthology.orchestra.run.smithi082.stdout:/usr/bin/ceph: stderr
2024-05-03T22:02:43.691+0000 7f511ca00700 1 -- 172.21.15.82:0/371865903 <== mon.0 v2:172.21.15.82:3300/0 4 ==== mgrmap(e 13) ==== 50278+0+0 (secure 0 0 0) 0x7f5108022070 con 0x7f5118108d10
2024-05-03T22:02:45.310 INFO:teuthology.orchestra.run.smithi082.stdout:/usr/bin/ceph: stderr
2024-05-03T22:02:43.691+0000 7f511ca00700 1 --2- 172.21.15.82:0/371865903 >> [v2:172.21.15.82:6800/3338115086,v1:172.21.15.82:6801/3338115086] conn(0x7f50fc03e560 0x7f50fc040a20 unknown :-1 s=NONE pgs=0 cs=0 l=1 rev1=0 crypto rx=0 tx=0 comp rx=0 tx=0).connect
2024-05-03T22:02:45.312 INFO:teuthology.orchestra.run.smithi082.stdout:/usr/bin/ceph: stderr
2024-05-03T22:02:43.691+0000 7f511ca00700 1 -- 172.21.15.82:0/371865903 <== mon.0 v2:172.21.15.82:3300/0 5 ==== osd_map(3..3 src has 1..3) ==== 1155+0+0 (secure 0 0 0) 0x7f5108053c10 con 0x7f5118108d10
2024-05-03T22:02:45.312 INFO:teuthology.orchestra.run.smithi082.stdout:/usr/bin/ceph: stderr
2024-05-03T22:02:43.692+0000 7f5116000700 1 --2- 172.21.15.82:0/371865903 >> [v2:172.21.15.82:6800/3338115086,v1:172.21.15.82:6801/3338115086] conn(0x7f50fc03e560 0x7f50fc040a20 unknown :-1 s=BANNER_CONNECTING pgs=0 cs=0 l=1 rev1=0 crypto rx=0 tx=0 comp rx=0 tx=0)._handle_peer_banner_payload supported=3 required=0
2024-05-03T22:02:45.312 INFO:teuthology.orchestra.run.smithi082.stdout:/usr/bin/ceph: stderr
2024-05-03T22:02:43.692+0000 7f5116000700 1 --2- 172.21.15.82:0/371865903 >> [v2:172.21.15.82:6800/3338115086,v1:172.21.15.82:6801/3338115086] conn(0x7f50fc03e560 0x7f50fc040a20 secure :-1 s=READY pgs=9 cs=0 l=1 rev1=1 crypto rx=0x7f5104006fd0 tx=0x7f5104006e40 comp rx=0 tx=0).ready entity=mgr.14152 client_cookie=0 server_cookie=0 in_seq=0 out_seq=0
2024-05-03T22:02:45.312 INFO:teuthology.orchestra.run.smithi082.stdout:/usr/bin/ceph: stderr
2024-05-03T22:02:43.697+0000 7f511ca00700 1 -- 172.21.15.82:0/371865903 <== mon.0 v2:172.21.15.82:3300/0 6 ==== mon_command_ack([{"prefix": "get_command_descriptions"}]=0 v0) ==== 72+0+191839 (secure 0 0 0) 0x7f51080172b0 con 0x7f5118108d10
2024-05-03T22:02:45.312 INFO:teuthology.orchestra.run.smithi082.stdout:/usr/bin/ceph: stderr
2024-05-03T22:02:43.932+0000 7f511de00700 1 -- 172.21.15.82:0/371865903 --> [v2:172.21.15.82:3300/0,v1:172.21.15.82:6789/0] -- mon_command({"prefix": "config get", "who": "mgr", "key": "mgr/dashboard/ssl_server_port"} v 0) -- 0x7f51181a2810 con 0x7f5118108d10
2024-05-03T22:02:45.312 INFO:teuthology.orchestra.run.smithi082.stdout:/usr/bin/ceph: stderr
2024-05-03T22:02:43.933+0000 7f511ca00700 1 -- 172.21.15.82:0/371865903 <== mon.0 v2:172.21.15.82:3300/0 7 ==== mon_command_ack([{"prefix": "config get", "who": "mgr", "key": "mgr/dashboard/ssl_server_port"}]=0 v8) ==== 112+0+5 (secure 0 0 0) 0x7f510801ba80 con 0x7f5118108d10
2024-05-03T22:02:45.312 INFO:teuthology.orchestra.run.smithi082.stdout:/usr/bin/ceph: stderr
2024-05-03T22:02:43.937+0000 7f511de00700 1 -- 172.21.15.82:0/371865903 >> [v2:172.21.15.82:6800/3338115086,v1:172.21.15.82:6801/3338115086] conn(0x7f50fc03e560 msgr2=0x7f50fc040a20 secure :-1 s=STATE_CONNECTION_ESTABLISHED l=1).mark_down
2024-05-03T22:02:45.312 INFO:teuthology.orchestra.run.smithi082.stdout:/usr/bin/ceph: stderr
2024-05-03T22:02:43.937+0000 7f511de00700 1 --2- 172.21.15.82:0/371865903 >> [v2:172.21.15.82:6800/3338115086,v1:172.21.15.82:6801/3338115086] conn(0x7f50fc03e560 0x7f50fc040a20 secure :-1 s=READY pgs=9 cs=0 l=1 rev1=1 crypto rx=0x7f5104006fd0 tx=0x7f5104006e40 comp rx=0 tx=0).stop
2024-05-03T22:02:45.312 INFO:teuthology.orchestra.run.smithi082.stdout:/usr/bin/ceph: stderr
2024-05-03T22:02:43.937+0000 7f511de00700 1 -- 172.21.15.82:0/371865903 >> [v2:172.21.15.82:3300/0,v1:172.21.15.82:6789/0] conn(0x7f5118108d10 msgr2=0x7f511819eda0 secure :-1 s=STATE_CONNECTION_ESTABLISHED l=1).mark_down
2024-05-03T22:02:45.313 INFO:teuthology.orchestra.run.smithi082.stdout:/usr/bin/ceph: stderr
2024-05-03T22:02:43.937+0000 7f511de00700 1 --2- 172.21.15.82:0/371865903 >> [v2:172.21.15.82:3300/0,v1:172.21.15.82:6789/0] conn(0x7f5118108d10 0x7f511819eda0 secure :-1 s=READY pgs=75 cs=0 l=1 rev1=1 crypto rx=0x7f5108011670 tx=0x7f5108011a30 comp rx=0 tx=0).stop
2024-05-03T22:02:45.313 INFO:teuthology.orchestra.run.smithi082.stdout:/usr/bin/ceph: stderr
2024-05-03T22:02:43.937+0000 7f511de00700 1 -- 172.21.15.82:0/371865903 shutdown_connections
2024-05-03T22:02:45.313 INFO:teuthology.orchestra.run.smithi082.stdout:/usr/bin/ceph: stderr
2024-05-03T22:02:43.937+0000 7f511de00700 1 --2- 172.21.15.82:0/371865903 >> [v2:172.21.15.82:6800/3338115086,v1:172.21.15.82:6801/3338115086] conn(0x7f50fc03e560 0x7f50fc040a20 unknown :-1 s=CLOSED pgs=9 cs=0 l=1 rev1=1 crypto rx=0 tx=0 comp rx=0 tx=0).stop
2024-05-03T22:02:45.313 INFO:teuthology.orchestra.run.smithi082.stdout:/usr/bin/ceph: stderr
2024-05-03T22:02:43.937+0000 7f511de00700 1 --2- 172.21.15.82:0/371865903 >> [v2:172.21.15.82:3300/0,v1:172.21.15.82:6789/0] conn(0x7f5118108d10 0x7f511819eda0 unknown :-1 s=CLOSED pgs=75 cs=0 l=1 rev1=1 crypto rx=0 tx=0 comp rx=0 tx=0).stop
2024-05-03T22:02:45.313 INFO:teuthology.orchestra.run.smithi082.stdout:/usr/bin/ceph: stderr
2024-05-03T22:02:43.937+0000 7f511de00700 1 -- 172.21.15.82:0/371865903 >> 172.21.15.82:0/371865903 conn(0x7f51181042d0 msgr2=0x7f5118104d00 unknown :-1 s=STATE_NONE l=0).mark_down
2024-05-03T22:02:45.313 INFO:teuthology.orchestra.run.smithi082.stdout:/usr/bin/ceph: stderr
2024-05-03T22:02:43.937+0000 7f511de00700 1 -- 172.21.15.82:0/371865903 shutdown_connections
2024-05-03T22:02:45.313 INFO:teuthology.orchestra.run.smithi082.stdout:/usr/bin/ceph: stderr
2024-05-03T22:02:43.937+0000 7f511de00700 1 -- 172.21.15.82:0/371865903 wait complete.
2024-05-03T22:02:45.350 INFO:teuthology.orchestra.run.smithi082.stdout:Non-zero exit code 1 from systemctl is-enabled firewalld.service
2024-05-03T22:02:45.350 INFO:teuthology.orchestra.run.smithi082.stdout:systemctl: stdout disabled
2024-05-03T22:02:45.376 INFO:teuthology.orchestra.run.smithi082.stdout:Non-zero exit code 3 from systemctl is-active firewalld.service
2024-05-03T22:02:45.377 INFO:teuthology.orchestra.run.smithi082.stdout:systemctl: stdout inactive
2024-05-03T22:02:45.377 INFO:teuthology.orchestra.run.smithi082.stdout:firewalld.service is not enabled
2024-05-03T22:02:45.377 INFO:teuthology.orchestra.run.smithi082.stdout:Not possible to open ports <[8443]>. firewalld.service is not available
2024-05-03T22:02:45.385 INFO:teuthology.orchestra.run.smithi082.stdout:Ceph Dashboard is now available at:
2024-05-03T22:02:45.385 INFO:teuthology.orchestra.run.smithi082.stdout:
2024-05-03T22:02:45.385 INFO:teuthology.orchestra.run.smithi082.stdout: URL: https://smithi082.front.sepia.ceph.com:8443/
2024-05-03T22:02:45.385 INFO:teuthology.orchestra.run.smithi082.stdout: User: admin
2024-05-03T22:02:45.385 INFO:teuthology.orchestra.run.smithi082.stdout: Password: 8gxsy4ixu2
2024-05-03T22:02:45.385 INFO:teuthology.orchestra.run.smithi082.stdout:
2024-05-03T22:02:45.386 INFO:teuthology.orchestra.run.smithi082.stdout:Saving cluster configuration to /var/lib/ceph/81cd0262-0998-11ef-bc97-c7b262605968/config directory
2024-05-03T22:02:45.388 INFO:teuthology.orchestra.run.smithi082.stdout:Enabling autotune for osd_memory_target
2024-05-03T22:02:47.086 INFO:teuthology.orchestra.run.smithi082.stdout:/usr/bin/ceph: stderr
2024-05-03T22:02:46.049+0000 7fc320a00700 1 Processor -- start
2024-05-03T22:02:47.086 INFO:teuthology.orchestra.run.smithi082.stdout:/usr/bin/ceph: stderr
2024-05-03T22:02:46.049+0000 7fc320a00700 1 -- start start
2024-05-03T22:02:47.086 INFO:teuthology.orchestra.run.smithi082.stdout:/usr/bin/ceph: stderr
2024-05-03T22:02:46.050+0000 7fc320a00700 1 --2- >> [v2:172.21.15.82:3300/0,v1:172.21.15.82:6789/0] conn(0x7fc31c10ada0 0x7fc31c10b1c0 unknown :-1 s=NONE pgs=0 cs=0 l=0 rev1=0 crypto rx=0 tx=0 comp rx=0 tx=0).connect
2024-05-03T22:02:47.086 INFO:teuthology.orchestra.run.smithi082.stdout:/usr/bin/ceph: stderr
2024-05-03T22:02:46.050+0000 7fc320a00700 1 -- --> [v2:172.21.15.82:3300/0,v1:172.21.15.82:6789/0] -- mon_getmap magic: 0 -- 0x7fc31c10b790 con 0x7fc31c10ada0
2024-05-03T22:02:47.086 INFO:teuthology.orchestra.run.smithi082.stdout:/usr/bin/ceph: stderr
2024-05-03T22:02:46.050+0000 7fc31a800700 1 --2- >> [v2:172.21.15.82:3300/0,v1:172.21.15.82:6789/0] conn(0x7fc31c10ada0 0x7fc31c10b1c0 unknown :-1 s=BANNER_CONNECTING pgs=0 cs=0 l=0 rev1=0 crypto rx=0 tx=0 comp rx=0 tx=0)._handle_peer_banner_payload supported=3 required=0
2024-05-03T22:02:47.086 INFO:teuthology.orchestra.run.smithi082.stdout:/usr/bin/ceph: stderr
2024-05-03T22:02:46.050+0000 7fc31a800700 1 --2- >> [v2:172.21.15.82:3300/0,v1:172.21.15.82:6789/0] conn(0x7fc31c10ada0 0x7fc31c10b1c0 unknown :-1 s=HELLO_CONNECTING pgs=0 cs=0 l=0 rev1=1 crypto rx=0 tx=0 comp rx=0 tx=0).handle_hello peer v2:172.21.15.82:3300/0 says I am v2:172.21.15.82:38028/0 (socket says 172.21.15.82:38028)
2024-05-03T22:02:47.086 INFO:teuthology.orchestra.run.smithi082.stdout:/usr/bin/ceph: stderr
2024-05-03T22:02:46.050+0000 7fc31a800700 1 -- 172.21.15.82:0/4163044919 learned_addr learned my addr 172.21.15.82:0/4163044919 (peer_addr_for_me v2:172.21.15.82:0/0)
2024-05-03T22:02:47.087 INFO:teuthology.orchestra.run.smithi082.stdout:/usr/bin/ceph: stderr
2024-05-03T22:02:46.051+0000 7fc31a800700 1 -- 172.21.15.82:0/4163044919 --> [v2:172.21.15.82:3300/0,v1:172.21.15.82:6789/0] -- mon_subscribe({config=0+,monmap=0+}) -- 0x7fc31c10bf50 con 0x7fc31c10ada0
2024-05-03T22:02:47.087 INFO:teuthology.orchestra.run.smithi082.stdout:/usr/bin/ceph: stderr
2024-05-03T22:02:46.051+0000 7fc31a800700 1 --2- 172.21.15.82:0/4163044919 >> [v2:172.21.15.82:3300/0,v1:172.21.15.82:6789/0] conn(0x7fc31c10ada0 0x7fc31c10b1c0 secure :-1 s=READY pgs=76 cs=0 l=1 rev1=1 crypto rx=0x7fc30c0098a0 tx=0x7fc30c009bb0 comp rx=0 tx=0).ready entity=mon.0 client_cookie=7772dec8cf3703df server_cookie=0 in_seq=0 out_seq=0
2024-05-03T22:02:47.087 INFO:teuthology.orchestra.run.smithi082.stdout:/usr/bin/ceph: stderr
2024-05-03T22:02:46.051+0000 7fc319400700 1 -- 172.21.15.82:0/4163044919 <== mon.0 v2:172.21.15.82:3300/0 1 ==== mon_map magic: 0 ==== 205+0+0 (secure 0 0 0) 0x7fc30c004160 con 0x7fc31c10ada0
2024-05-03T22:02:47.087 INFO:teuthology.orchestra.run.smithi082.stdout:/usr/bin/ceph: stderr
2024-05-03T22:02:46.051+0000 7fc319400700 1 -- 172.21.15.82:0/4163044919 <== mon.0 v2:172.21.15.82:3300/0 2 ==== config(25 keys) ==== 1063+0+0 (secure 0 0 0) 0x7fc30c004300 con 0x7fc31c10ada0
2024-05-03T22:02:47.087 INFO:teuthology.orchestra.run.smithi082.stdout:/usr/bin/ceph: stderr
2024-05-03T22:02:46.051+0000 7fc319400700 1 -- 172.21.15.82:0/4163044919 <== mon.0 v2:172.21.15.82:3300/0 3 ==== mon_map magic: 0 ==== 205+0+0 (secure 0 0 0) 0x7fc30c011960 con 0x7fc31c10ada0
2024-05-03T22:02:47.087 INFO:teuthology.orchestra.run.smithi082.stdout:/usr/bin/ceph: stderr
2024-05-03T22:02:46.052+0000 7fc320a00700 1 -- 172.21.15.82:0/4163044919 >> [v2:172.21.15.82:3300/0,v1:172.21.15.82:6789/0] conn(0x7fc31c10ada0 msgr2=0x7fc31c10b1c0 secure :-1 s=STATE_CONNECTION_ESTABLISHED l=1).mark_down
2024-05-03T22:02:47.087 INFO:teuthology.orchestra.run.smithi082.stdout:/usr/bin/ceph: stderr
2024-05-03T22:02:46.052+0000 7fc320a00700 1 --2- 172.21.15.82:0/4163044919 >> [v2:172.21.15.82:3300/0,v1:172.21.15.82:6789/0] conn(0x7fc31c10ada0 0x7fc31c10b1c0 secure :-1 s=READY pgs=76 cs=0 l=1 rev1=1 crypto rx=0x7fc30c0098a0 tx=0x7fc30c009bb0 comp rx=0 tx=0).stop
2024-05-03T22:02:47.087 INFO:teuthology.orchestra.run.smithi082.stdout:/usr/bin/ceph: stderr
2024-05-03T22:02:46.052+0000 7fc320a00700 1 -- 172.21.15.82:0/4163044919 shutdown_connections
2024-05-03T22:02:47.087 INFO:teuthology.orchestra.run.smithi082.stdout:/usr/bin/ceph: stderr
2024-05-03T22:02:46.052+0000 7fc320a00700 1 --2- 172.21.15.82:0/4163044919 >> [v2:172.21.15.82:3300/0,v1:172.21.15.82:6789/0] conn(0x7fc31c10ada0 0x7fc31c10b1c0 unknown :-1 s=CLOSED pgs=76 cs=0 l=1 rev1=1 crypto rx=0 tx=0 comp rx=0 tx=0).stop
2024-05-03T22:02:47.087 INFO:teuthology.orchestra.run.smithi082.stdout:/usr/bin/ceph: stderr
2024-05-03T22:02:46.052+0000 7fc320a00700 1 -- 172.21.15.82:0/4163044919 >> 172.21.15.82:0/4163044919 conn(0x7fc31c07e100 msgr2=0x7fc31c07e550 unknown :-1 s=STATE_NONE l=0).mark_down
2024-05-03T22:02:47.087 INFO:teuthology.orchestra.run.smithi082.stdout:/usr/bin/ceph: stderr
