2024-05-03T22:29:21.449+0000 7f703be00700 1 -- 172.21.15.44:0/1899791314 shutdown_connections
2024-05-03T22:29:22.391 INFO:teuthology.orchestra.run.smithi044.stdout:/usr/bin/ceph: stderr
2024-05-03T22:29:21.449+0000 7f703be00700 1 --2- 172.21.15.44:0/1899791314 >> [v2:172.21.15.44:3300/0,v1:172.21.15.44:6789/0] conn(0x7f703c108d40 0x7f703c109160 unknown :-1 s=CLOSED pgs=20 cs=0 l=1 rev1=1 crypto rx=0 tx=0 comp rx=0 tx=0).stop
2024-05-03T22:29:22.391 INFO:teuthology.orchestra.run.smithi044.stdout:/usr/bin/ceph: stderr
2024-05-03T22:29:21.449+0000 7f703be00700 1 -- 172.21.15.44:0/1899791314 >> 172.21.15.44:0/1899791314 conn(0x7f703c1042c0 msgr2=0x7f703c106720 unknown :-1 s=STATE_NONE l=0).mark_down
2024-05-03T22:29:22.391 INFO:teuthology.orchestra.run.smithi044.stdout:/usr/bin/ceph: stderr
2024-05-03T22:29:21.449+0000 7f703be00700 1 -- 172.21.15.44:0/1899791314 shutdown_connections
2024-05-03T22:29:22.392 INFO:teuthology.orchestra.run.smithi044.stdout:/usr/bin/ceph: stderr
2024-05-03T22:29:21.449+0000 7f703be00700 1 -- 172.21.15.44:0/1899791314 wait complete.
2024-05-03T22:29:22.392 INFO:teuthology.orchestra.run.smithi044.stdout:/usr/bin/ceph: stderr
2024-05-03T22:29:21.450+0000 7f703be00700 1 Processor -- start
2024-05-03T22:29:22.392 INFO:teuthology.orchestra.run.smithi044.stdout:/usr/bin/ceph: stderr
2024-05-03T22:29:21.451+0000 7f703be00700 1 -- start start
2024-05-03T22:29:22.392 INFO:teuthology.orchestra.run.smithi044.stdout:/usr/bin/ceph: stderr
2024-05-03T22:29:21.451+0000 7f703be00700 1 --2- >> [v2:172.21.15.44:3300/0,v1:172.21.15.44:6789/0] conn(0x7f703c108d40 0x7f703c19cd20 unknown :-1 s=NONE pgs=0 cs=0 l=1 rev1=0 crypto rx=0 tx=0 comp rx=0 tx=0).connect
2024-05-03T22:29:22.392 INFO:teuthology.orchestra.run.smithi044.stdout:/usr/bin/ceph: stderr
2024-05-03T22:29:21.451+0000 7f703be00700 1 -- --> [v2:172.21.15.44:3300/0,v1:172.21.15.44:6789/0] -- mon_getmap magic: 0 -- 0x7f703c10d2f0 con 0x7f703c108d40
2024-05-03T22:29:22.392 INFO:teuthology.orchestra.run.smithi044.stdout:/usr/bin/ceph: stderr
2024-05-03T22:29:21.451+0000 7f703aa00700 1 --2- >> [v2:172.21.15.44:3300/0,v1:172.21.15.44:6789/0] conn(0x7f703c108d40 0x7f703c19cd20 unknown :-1 s=BANNER_CONNECTING pgs=0 cs=0 l=1 rev1=0 crypto rx=0 tx=0 comp rx=0 tx=0)._handle_peer_banner_payload supported=3 required=0
2024-05-03T22:29:22.392 INFO:teuthology.orchestra.run.smithi044.stdout:/usr/bin/ceph: stderr
2024-05-03T22:29:21.451+0000 7f703aa00700 1 --2- >> [v2:172.21.15.44:3300/0,v1:172.21.15.44:6789/0] conn(0x7f703c108d40 0x7f703c19cd20 unknown :-1 s=HELLO_CONNECTING pgs=0 cs=0 l=1 rev1=1 crypto rx=0 tx=0 comp rx=0 tx=0).handle_hello peer v2:172.21.15.44:3300/0 says I am v2:172.21.15.44:59442/0 (socket says 172.21.15.44:59442)
2024-05-03T22:29:22.392 INFO:teuthology.orchestra.run.smithi044.stdout:/usr/bin/ceph: stderr
2024-05-03T22:29:21.451+0000 7f703aa00700 1 -- 172.21.15.44:0/3402077330 learned_addr learned my addr 172.21.15.44:0/3402077330 (peer_addr_for_me v2:172.21.15.44:0/0)
2024-05-03T22:29:22.392 INFO:teuthology.orchestra.run.smithi044.stdout:/usr/bin/ceph: stderr
2024-05-03T22:29:21.452+0000 7f703aa00700 1 -- 172.21.15.44:0/3402077330 --> [v2:172.21.15.44:3300/0,v1:172.21.15.44:6789/0] -- mon_subscribe({config=0+,monmap=0+}) -- 0x7f703c19d260 con 0x7f703c108d40
2024-05-03T22:29:22.392 INFO:teuthology.orchestra.run.smithi044.stdout:/usr/bin/ceph: stderr
2024-05-03T22:29:21.452+0000 7f703aa00700 1 --2- 172.21.15.44:0/3402077330 >> [v2:172.21.15.44:3300/0,v1:172.21.15.44:6789/0] conn(0x7f703c108d40 0x7f703c19cd20 secure :-1 s=READY pgs=21 cs=0 l=1 rev1=1 crypto rx=0x7f702c011840 tx=0x7f702c011c00 comp rx=0 tx=0).ready entity=mon.0 client_cookie=0 server_cookie=0 in_seq=0 out_seq=0
2024-05-03T22:29:22.392 INFO:teuthology.orchestra.run.smithi044.stdout:/usr/bin/ceph: stderr
2024-05-03T22:29:21.452+0000 7f7033400700 1 -- 172.21.15.44:0/3402077330 <== mon.0 v2:172.21.15.44:3300/0 1 ==== mon_map magic: 0 ==== 205+0+0 (secure 0 0 0) 0x7f702c003aa0 con 0x7f703c108d40
2024-05-03T22:29:22.392 INFO:teuthology.orchestra.run.smithi044.stdout:/usr/bin/ceph: stderr
2024-05-03T22:29:21.453+0000 7f7033400700 1 -- 172.21.15.44:0/3402077330 <== mon.0 v2:172.21.15.44:3300/0 2 ==== config(27 keys) ==== 1101+0+0 (secure 0 0 0) 0x7f702c003c40 con 0x7f703c108d40
2024-05-03T22:29:22.393 INFO:teuthology.orchestra.run.smithi044.stdout:/usr/bin/ceph: stderr
2024-05-03T22:29:21.453+0000 7f7033400700 1 -- 172.21.15.44:0/3402077330 <== mon.0 v2:172.21.15.44:3300/0 3 ==== mon_map magic: 0 ==== 205+0+0 (secure 0 0 0) 0x7f702c0247f0 con 0x7f703c108d40
2024-05-03T22:29:22.393 INFO:teuthology.orchestra.run.smithi044.stdout:/usr/bin/ceph: stderr
2024-05-03T22:29:21.453+0000 7f703be00700 1 -- 172.21.15.44:0/3402077330 --> [v2:172.21.15.44:3300/0,v1:172.21.15.44:6789/0] -- mon_subscribe({mgrmap=0+}) -- 0x7f703c19d4f0 con 0x7f703c108d40
2024-05-03T22:29:22.393 INFO:teuthology.orchestra.run.smithi044.stdout:/usr/bin/ceph: stderr
2024-05-03T22:29:21.453+0000 7f703be00700 1 -- 172.21.15.44:0/3402077330 --> [v2:172.21.15.44:3300/0,v1:172.21.15.44:6789/0] -- mon_subscribe({osdmap=0}) -- 0x7f703c1a01d0 con 0x7f703c108d40
2024-05-03T22:29:22.393 INFO:teuthology.orchestra.run.smithi044.stdout:/usr/bin/ceph: stderr
2024-05-03T22:29:21.454+0000 7f7033400700 1 -- 172.21.15.44:0/3402077330 <== mon.0 v2:172.21.15.44:3300/0 4 ==== mgrmap(e 4) ==== 50211+0+0 (secure 0 0 0) 0x7f702c022020 con 0x7f703c108d40
2024-05-03T22:29:22.393 INFO:teuthology.orchestra.run.smithi044.stdout:/usr/bin/ceph: stderr
2024-05-03T22:29:21.454+0000 7f703be00700 1 -- 172.21.15.44:0/3402077330 --> [v2:172.21.15.44:3300/0,v1:172.21.15.44:6789/0] -- mon_command({"prefix": "get_command_descriptions"} v 0) -- 0x7f703c064b00 con 0x7f703c108d40
2024-05-03T22:29:22.393 INFO:teuthology.orchestra.run.smithi044.stdout:/usr/bin/ceph: stderr
2024-05-03T22:29:21.455+0000 7f7033400700 1 --2- 172.21.15.44:0/3402077330 >> [v2:172.21.15.44:6800/950841500,v1:172.21.15.44:6801/950841500] conn(0x7f702003e470 0x7f7020040930 unknown :-1 s=NONE pgs=0 cs=0 l=1 rev1=0 crypto rx=0 tx=0 comp rx=0 tx=0).connect
2024-05-03T22:29:22.393 INFO:teuthology.orchestra.run.smithi044.stdout:/usr/bin/ceph: stderr
2024-05-03T22:29:21.455+0000 7f7033400700 1 -- 172.21.15.44:0/3402077330 <== mon.0 v2:172.21.15.44:3300/0 5 ==== osd_map(1..1 src has 1..1) ==== 725+0+0 (secure 0 0 0) 0x7f702c053190 con 0x7f703c108d40
2024-05-03T22:29:22.393 INFO:teuthology.orchestra.run.smithi044.stdout:/usr/bin/ceph: stderr
2024-05-03T22:29:21.455+0000 7f703a000700 1 --2- 172.21.15.44:0/3402077330 >> [v2:172.21.15.44:6800/950841500,v1:172.21.15.44:6801/950841500] conn(0x7f702003e470 0x7f7020040930 unknown :-1 s=BANNER_CONNECTING pgs=0 cs=0 l=1 rev1=0 crypto rx=0 tx=0 comp rx=0 tx=0)._handle_peer_banner_payload supported=3 required=0
2024-05-03T22:29:22.393 INFO:teuthology.orchestra.run.smithi044.stdout:/usr/bin/ceph: stderr
2024-05-03T22:29:21.456+0000 7f703a000700 1 --2- 172.21.15.44:0/3402077330 >> [v2:172.21.15.44:6800/950841500,v1:172.21.15.44:6801/950841500] conn(0x7f702003e470 0x7f7020040930 secure :-1 s=READY pgs=7 cs=0 l=1 rev1=1 crypto rx=0x7f7028006fd0 tx=0x7f7028006e40 comp rx=0 tx=0).ready entity=mgr.14100 client_cookie=0 server_cookie=0 in_seq=0 out_seq=0
2024-05-03T22:29:22.393 INFO:teuthology.orchestra.run.smithi044.stdout:/usr/bin/ceph: stderr
2024-05-03T22:29:21.461+0000 7f7033400700 1 -- 172.21.15.44:0/3402077330 <== mon.0 v2:172.21.15.44:3300/0 6 ==== mon_command_ack([{"prefix": "get_command_descriptions"}]=0 v0) ==== 72+0+191839 (secure 0 0 0) 0x7f702c00b3e0 con 0x7f703c108d40
2024-05-03T22:29:22.393 INFO:teuthology.orchestra.run.smithi044.stdout:/usr/bin/ceph: stderr
2024-05-03T22:29:21.700+0000 7f703be00700 1 -- 172.21.15.44:0/3402077330 --> [v2:172.21.15.44:3300/0,v1:172.21.15.44:6789/0] -- mon_command({"prefix": "config assimilate-conf"} v 0) -- 0x7f703c1a03a0 con 0x7f703c108d40
2024-05-03T22:29:22.393 INFO:teuthology.orchestra.run.smithi044.stdout:/usr/bin/ceph: stderr
2024-05-03T22:29:21.701+0000 7f7033400700 1 -- 172.21.15.44:0/3402077330 <== mon.0 v2:172.21.15.44:3300/0 7 ==== mon_command_ack([{"prefix": "config assimilate-conf"}]=0 v3) ==== 70+0+409 (secure 0 0 0) 0x7f703c1a03a0 con 0x7f703c108d40
2024-05-03T22:29:22.393 INFO:teuthology.orchestra.run.smithi044.stdout:/usr/bin/ceph: stderr
2024-05-03T22:29:21.704+0000 7f703be00700 1 -- 172.21.15.44:0/3402077330 >> [v2:172.21.15.44:6800/950841500,v1:172.21.15.44:6801/950841500] conn(0x7f702003e470 msgr2=0x7f7020040930 secure :-1 s=STATE_CONNECTION_ESTABLISHED l=1).mark_down
2024-05-03T22:29:22.394 INFO:teuthology.orchestra.run.smithi044.stdout:/usr/bin/ceph: stderr
2024-05-03T22:29:21.704+0000 7f703be00700 1 --2- 172.21.15.44:0/3402077330 >> [v2:172.21.15.44:6800/950841500,v1:172.21.15.44:6801/950841500] conn(0x7f702003e470 0x7f7020040930 secure :-1 s=READY pgs=7 cs=0 l=1 rev1=1 crypto rx=0x7f7028006fd0 tx=0x7f7028006e40 comp rx=0 tx=0).stop
2024-05-03T22:29:22.394 INFO:teuthology.orchestra.run.smithi044.stdout:/usr/bin/ceph: stderr
2024-05-03T22:29:21.704+0000 7f703be00700 1 -- 172.21.15.44:0/3402077330 >> [v2:172.21.15.44:3300/0,v1:172.21.15.44:6789/0] conn(0x7f703c108d40 msgr2=0x7f703c19cd20 secure :-1 s=STATE_CONNECTION_ESTABLISHED l=1).mark_down
2024-05-03T22:29:22.394 INFO:teuthology.orchestra.run.smithi044.stdout:/usr/bin/ceph: stderr
2024-05-03T22:29:21.704+0000 7f703be00700 1 --2- 172.21.15.44:0/3402077330 >> [v2:172.21.15.44:3300/0,v1:172.21.15.44:6789/0] conn(0x7f703c108d40 0x7f703c19cd20 secure :-1 s=READY pgs=21 cs=0 l=1 rev1=1 crypto rx=0x7f702c011840 tx=0x7f702c011c00 comp rx=0 tx=0).stop
2024-05-03T22:29:22.394 INFO:teuthology.orchestra.run.smithi044.stdout:/usr/bin/ceph: stderr
2024-05-03T22:29:21.704+0000 7f703be00700 1 -- 172.21.15.44:0/3402077330 shutdown_connections
2024-05-03T22:29:22.394 INFO:teuthology.orchestra.run.smithi044.stdout:/usr/bin/ceph: stderr
2024-05-03T22:29:21.704+0000 7f703be00700 1 --2- 172.21.15.44:0/3402077330 >> [v2:172.21.15.44:6800/950841500,v1:172.21.15.44:6801/950841500] conn(0x7f702003e470 0x7f7020040930 unknown :-1 s=CLOSED pgs=7 cs=0 l=1 rev1=1 crypto rx=0 tx=0 comp rx=0 tx=0).stop
2024-05-03T22:29:22.394 INFO:teuthology.orchestra.run.smithi044.stdout:/usr/bin/ceph: stderr
2024-05-03T22:29:21.704+0000 7f703be00700 1 --2- 172.21.15.44:0/3402077330 >> [v2:172.21.15.44:3300/0,v1:172.21.15.44:6789/0] conn(0x7f703c108d40 0x7f703c19cd20 unknown :-1 s=CLOSED pgs=21 cs=0 l=1 rev1=1 crypto rx=0 tx=0 comp rx=0 tx=0).stop
2024-05-03T22:29:22.394 INFO:teuthology.orchestra.run.smithi044.stdout:/usr/bin/ceph: stderr
2024-05-03T22:29:21.704+0000 7f703be00700 1 -- 172.21.15.44:0/3402077330 >> 172.21.15.44:0/3402077330 conn(0x7f703c1042c0 msgr2=0x7f703c104ee0 unknown :-1 s=STATE_NONE l=0).mark_down
2024-05-03T22:29:22.394 INFO:teuthology.orchestra.run.smithi044.stdout:/usr/bin/ceph: stderr
2024-05-03T22:29:21.704+0000 7f703be00700 1 -- 172.21.15.44:0/3402077330 shutdown_connections
2024-05-03T22:29:22.394 INFO:teuthology.orchestra.run.smithi044.stdout:/usr/bin/ceph: stderr
2024-05-03T22:29:21.704+0000 7f703be00700 1 -- 172.21.15.44:0/3402077330 wait complete.
2024-05-03T22:29:22.394 INFO:teuthology.orchestra.run.smithi044.stdout:Enabling cephadm module...
2024-05-03T22:29:23.650 INFO:journalctl@ceph.mon.a.smithi044.stdout:May 03 22:29:23 smithi044 ceph-mon[28604]: from='client.? 172.21.15.44:0/3054669588' entity='client.admin' cmd=[{"prefix": "mgr module enable", "module": "cephadm"}]: dispatch
2024-05-03T22:29:23.650 INFO:journalctl@ceph.mgr.x.smithi044.stdout:May 03 22:29:23 smithi044 ceph-5b0efdca-099c-11ef-bc97-c7b262605968-mgr-x[28840]: ignoring --setuser ceph since I am not root
2024-05-03T22:29:23.650 INFO:journalctl@ceph.mgr.x.smithi044.stdout:May 03 22:29:23 smithi044 ceph-5b0efdca-099c-11ef-bc97-c7b262605968-mgr-x[28840]: ignoring --setgroup ceph since I am not root
2024-05-03T22:29:23.650 INFO:journalctl@ceph.mgr.x.smithi044.stdout:May 03 22:29:23 smithi044 ceph-5b0efdca-099c-11ef-bc97-c7b262605968-mgr-x[28840]:
2024-05-03T22:29:23.647+0000 7fe4f5f6f200 -1 mgr[py] Module balancer has missing NOTIFY_TYPES member
2024-05-03T22:29:24.036 INFO:teuthology.orchestra.run.smithi044.stdout:/usr/bin/ceph: stderr
2024-05-03T22:29:22.961+0000 7f472ca00700 1 Processor -- start
2024-05-03T22:29:24.036 INFO:teuthology.orchestra.run.smithi044.stdout:/usr/bin/ceph: stderr
2024-05-03T22:29:22.961+0000 7f472ca00700 1 -- start start
2024-05-03T22:29:24.036 INFO:teuthology.orchestra.run.smithi044.stdout:/usr/bin/ceph: stderr
2024-05-03T22:29:22.962+0000 7f472ca00700 1 --2- >> [v2:172.21.15.44:3300/0,v1:172.21.15.44:6789/0] conn(0x7f472810b0e0 0x7f472810b500 unknown :-1 s=NONE pgs=0 cs=0 l=0 rev1=0 crypto rx=0 tx=0 comp rx=0 tx=0).connect
2024-05-03T22:29:24.036 INFO:teuthology.orchestra.run.smithi044.stdout:/usr/bin/ceph: stderr
2024-05-03T22:29:22.962+0000 7f472ca00700 1 -- --> [v2:172.21.15.44:3300/0,v1:172.21.15.44:6789/0] -- mon_getmap magic: 0 -- 0x7f472810ba40 con 0x7f472810b0e0
2024-05-03T22:29:24.036 INFO:teuthology.orchestra.run.smithi044.stdout:/usr/bin/ceph: stderr
2024-05-03T22:29:22.962+0000 7f4727400700 1 --2- >> [v2:172.21.15.44:3300/0,v1:172.21.15.44:6789/0] conn(0x7f472810b0e0 0x7f472810b500 unknown :-1 s=BANNER_CONNECTING pgs=0 cs=0 l=0 rev1=0 crypto rx=0 tx=0 comp rx=0 tx=0)._handle_peer_banner_payload supported=3 required=0
2024-05-03T22:29:24.036 INFO:teuthology.orchestra.run.smithi044.stdout:/usr/bin/ceph: stderr
2024-05-03T22:29:22.962+0000 7f4727400700 1 --2- >> [v2:172.21.15.44:3300/0,v1:172.21.15.44:6789/0] conn(0x7f472810b0e0 0x7f472810b500 unknown :-1 s=HELLO_CONNECTING pgs=0 cs=0 l=0 rev1=1 crypto rx=0 tx=0 comp rx=0 tx=0).handle_hello peer v2:172.21.15.44:3300/0 says I am v2:172.21.15.44:59444/0 (socket says 172.21.15.44:59444)
2024-05-03T22:29:24.036 INFO:teuthology.orchestra.run.smithi044.stdout:/usr/bin/ceph: stderr
2024-05-03T22:29:22.962+0000 7f4727400700 1 -- 172.21.15.44:0/859495014 learned_addr learned my addr 172.21.15.44:0/859495014 (peer_addr_for_me v2:172.21.15.44:0/0)
2024-05-03T22:29:24.036 INFO:teuthology.orchestra.run.smithi044.stdout:/usr/bin/ceph: stderr
2024-05-03T22:29:22.963+0000 7f4727400700 1 -- 172.21.15.44:0/859495014 --> [v2:172.21.15.44:3300/0,v1:172.21.15.44:6789/0] -- mon_subscribe({config=0+,monmap=0+}) -- 0x7f472810c0c0 con 0x7f472810b0e0
2024-05-03T22:29:24.036 INFO:teuthology.orchestra.run.smithi044.stdout:/usr/bin/ceph: stderr
2024-05-03T22:29:22.963+0000 7f4727400700 1 --2- 172.21.15.44:0/859495014 >> [v2:172.21.15.44:3300/0,v1:172.21.15.44:6789/0] conn(0x7f472810b0e0 0x7f472810b500 secure :-1 s=READY pgs=22 cs=0 l=1 rev1=1 crypto rx=0x7f47180098a0 tx=0x7f4718009bb0 comp rx=0 tx=0).ready entity=mon.0 client_cookie=2dc716ba1c2e7205 server_cookie=0 in_seq=0 out_seq=0
2024-05-03T22:29:24.036 INFO:teuthology.orchestra.run.smithi044.stdout:/usr/bin/ceph: stderr
2024-05-03T22:29:22.964+0000 7f4726000700 1 -- 172.21.15.44:0/859495014 <== mon.0 v2:172.21.15.44:3300/0 1 ==== mon_map magic: 0 ==== 205+0+0 (secure 0 0 0) 0x7f4718004160 con 0x7f472810b0e0
2024-05-03T22:29:24.037 INFO:teuthology.orchestra.run.smithi044.stdout:/usr/bin/ceph: stderr
2024-05-03T22:29:22.964+0000 7f4726000700 1 -- 172.21.15.44:0/859495014 <== mon.0 v2:172.21.15.44:3300/0 2 ==== config(27 keys) ==== 1101+0+0 (secure 0 0 0) 0x7f4718004300 con 0x7f472810b0e0
2024-05-03T22:29:24.037 INFO:teuthology.orchestra.run.smithi044.stdout:/usr/bin/ceph: stderr
2024-05-03T22:29:22.964+0000 7f4726000700 1 -- 172.21.15.44:0/859495014 <== mon.0 v2:172.21.15.44:3300/0 3 ==== mon_map magic: 0 ==== 205+0+0 (secure 0 0 0) 0x7f4718011b30 con 0x7f472810b0e0
2024-05-03T22:29:24.037 INFO:teuthology.orchestra.run.smithi044.stdout:/usr/bin/ceph: stderr
2024-05-03T22:29:22.964+0000 7f472ca00700 1 -- 172.21.15.44:0/859495014 >> [v2:172.21.15.44:3300/0,v1:172.21.15.44:6789/0] conn(0x7f472810b0e0 msgr2=0x7f472810b500 secure :-1 s=STATE_CONNECTION_ESTABLISHED l=1).mark_down
2024-05-03T22:29:24.037 INFO:teuthology.orchestra.run.smithi044.stdout:/usr/bin/ceph: stderr
2024-05-03T22:29:22.964+0000 7f472ca00700 1 --2- 172.21.15.44:0/859495014 >> [v2:172.21.15.44:3300/0,v1:172.21.15.44:6789/0] conn(0x7f472810b0e0 0x7f472810b500 secure :-1 s=READY pgs=22 cs=0 l=1 rev1=1 crypto rx=0x7f47180098a0 tx=0x7f4718009bb0 comp rx=0 tx=0).stop
2024-05-03T22:29:24.037 INFO:teuthology.orchestra.run.smithi044.stdout:/usr/bin/ceph: stderr
2024-05-03T22:29:22.964+0000 7f472ca00700 1 -- 172.21.15.44:0/859495014 shutdown_connections
2024-05-03T22:29:24.037 INFO:teuthology.orchestra.run.smithi044.stdout:/usr/bin/ceph: stderr
2024-05-03T22:29:22.964+0000 7f472ca00700 1 --2- 172.21.15.44:0/859495014 >> [v2:172.21.15.44:3300/0,v1:172.21.15.44:6789/0] conn(0x7f472810b0e0 0x7f472810b500 unknown :-1 s=CLOSED pgs=22 cs=0 l=1 rev1=1 crypto rx=0 tx=0 comp rx=0 tx=0).stop
2024-05-03T22:29:24.037 INFO:teuthology.orchestra.run.smithi044.stdout:/usr/bin/ceph: stderr
2024-05-03T22:29:22.964+0000 7f472ca00700 1 -- 172.21.15.44:0/859495014 >> 172.21.15.44:0/859495014 conn(0x7f472807e2f0 msgr2=0x7f472807e740 unknown :-1 s=STATE_NONE l=0).mark_down
2024-05-03T22:29:24.037 INFO:teuthology.orchestra.run.smithi044.stdout:/usr/bin/ceph: stderr
2024-05-03T22:29:22.965+0000 7f472ca00700 1 -- 172.21.15.44:0/859495014 shutdown_connections
2024-05-03T22:29:24.037 INFO:teuthology.orchestra.run.smithi044.stdout:/usr/bin/ceph: stderr
2024-05-03T22:29:22.965+0000 7f472ca00700 1 -- 172.21.15.44:0/859495014 wait complete.
2024-05-03T22:29:24.037 INFO:teuthology.orchestra.run.smithi044.stdout:/usr/bin/ceph: stderr
2024-05-03T22:29:22.966+0000 7f472ca00700 1 Processor -- start
2024-05-03T22:29:24.037 INFO:teuthology.orchestra.run.smithi044.stdout:/usr/bin/ceph: stderr
2024-05-03T22:29:22.966+0000 7f472ca00700 1 -- start start
2024-05-03T22:29:24.037 INFO:teuthology.orchestra.run.smithi044.stdout:/usr/bin/ceph: stderr
2024-05-03T22:29:22.966+0000 7f472ca00700 1 --2- >> [v2:172.21.15.44:3300/0,v1:172.21.15.44:6789/0] conn(0x7f472810b0e0 0x7f472819ef30 unknown :-1 s=NONE pgs=0 cs=0 l=1 rev1=0 crypto rx=0 tx=0 comp rx=0 tx=0).connect
2024-05-03T22:29:24.037 INFO:teuthology.orchestra.run.smithi044.stdout:/usr/bin/ceph: stderr
2024-05-03T22:29:22.966+0000 7f472ca00700 1 -- --> [v2:172.21.15.44:3300/0,v1:172.21.15.44:6789/0] -- mon_getmap magic: 0 -- 0x7f472810f380 con 0x7f472810b0e0
2024-05-03T22:29:24.038 INFO:teuthology.orchestra.run.smithi044.stdout:/usr/bin/ceph: stderr
2024-05-03T22:29:22.966+0000 7f4727400700 1 --2- >> [v2:172.21.15.44:3300/0,v1:172.21.15.44:6789/0] conn(0x7f472810b0e0 0x7f472819ef30 unknown :-1 s=BANNER_CONNECTING pgs=0 cs=0 l=1 rev1=0 crypto rx=0 tx=0 comp rx=0 tx=0)._handle_peer_banner_payload supported=3 required=0
2024-05-03T22:29:24.038 INFO:teuthology.orchestra.run.smithi044.stdout:/usr/bin/ceph: stderr
2024-05-03T22:29:22.967+0000 7f4727400700 1 --2- >> [v2:172.21.15.44:3300/0,v1:172.21.15.44:6789/0] conn(0x7f472810b0e0 0x7f472819ef30 unknown :-1 s=HELLO_CONNECTING pgs=0 cs=0 l=1 rev1=1 crypto rx=0 tx=0 comp rx=0 tx=0).handle_hello peer v2:172.21.15.44:3300/0 says I am v2:172.21.15.44:59460/0 (socket says 172.21.15.44:59460)
2024-05-03T22:29:24.038 INFO:teuthology.orchestra.run.smithi044.stdout:/usr/bin/ceph: stderr
2024-05-03T22:29:22.967+0000 7f4727400700 1 -- 172.21.15.44:0/3054669588 learned_addr learned my addr 172.21.15.44:0/3054669588 (peer_addr_for_me v2:172.21.15.44:0/0)
2024-05-03T22:29:24.038 INFO:teuthology.orchestra.run.smithi044.stdout:/usr/bin/ceph: stderr
2024-05-03T22:29:22.967+0000 7f4727400700 1 -- 172.21.15.44:0/3054669588 --> [v2:172.21.15.44:3300/0,v1:172.21.15.44:6789/0] -- mon_subscribe({config=0+,monmap=0+}) -- 0x7f472819f470 con 0x7f472810b0e0
2024-05-03T22:29:24.038 INFO:teuthology.orchestra.run.smithi044.stdout:/usr/bin/ceph: stderr
2024-05-03T22:29:22.967+0000 7f4727400700 1 --2- 172.21.15.44:0/3054669588 >> [v2:172.21.15.44:3300/0,v1:172.21.15.44:6789/0] conn(0x7f472810b0e0 0x7f472819ef30 secure :-1 s=READY pgs=23 cs=0 l=1 rev1=1 crypto rx=0x7f4718011670 tx=0x7f4718011c00 comp rx=0 tx=0).ready entity=mon.0 client_cookie=0 server_cookie=0 in_seq=0 out_seq=0
2024-05-03T22:29:24.038 INFO:teuthology.orchestra.run.smithi044.stdout:/usr/bin/ceph: stderr
2024-05-03T22:29:22.968+0000 7f471fe00700 1 -- 172.21.15.44:0/3054669588 <== mon.0 v2:172.21.15.44:3300/0 1 ==== mon_map magic: 0 ==== 205+0+0 (secure 0 0 0) 0x7f47180038b0 con 0x7f472810b0e0
2024-05-03T22:29:24.038 INFO:teuthology.orchestra.run.smithi044.stdout:/usr/bin/ceph: stderr
2024-05-03T22:29:22.968+0000 7f471fe00700 1 -- 172.21.15.44:0/3054669588 <== mon.0 v2:172.21.15.44:3300/0 2 ==== config(27 keys) ==== 1101+0+0 (secure 0 0 0) 0x7f471801a430 con 0x7f472810b0e0
2024-05-03T22:29:24.038 INFO:teuthology.orchestra.run.smithi044.stdout:/usr/bin/ceph: stderr
2024-05-03T22:29:22.968+0000 7f472ca00700 1 -- 172.21.15.44:0/3054669588 --> [v2:172.21.15.44:3300/0,v1:172.21.15.44:6789/0] -- mon_subscribe({mgrmap=0+}) -- 0x7f472819f700 con 0x7f472810b0e0
2024-05-03T22:29:24.038 INFO:teuthology.orchestra.run.smithi044.stdout:/usr/bin/ceph: stderr
2024-05-03T22:29:22.968+0000 7f471fe00700 1 -- 172.21.15.44:0/3054669588 <== mon.0 v2:172.21.15.44:3300/0 3 ==== mon_map magic: 0 ==== 205+0+0 (secure 0 0 0) 0x7f47180195a0 con 0x7f472810b0e0
2024-05-03T22:29:24.038 INFO:teuthology.orchestra.run.smithi044.stdout:/usr/bin/ceph: stderr
2024-05-03T22:29:22.968+0000 7f472ca00700 1 -- 172.21.15.44:0/3054669588 --> [v2:172.21.15.44:3300/0,v1:172.21.15.44:6789/0] -- mon_subscribe({osdmap=0}) -- 0x7f47281a23f0 con 0x7f472810b0e0
2024-05-03T22:29:24.038 INFO:teuthology.orchestra.run.smithi044.stdout:/usr/bin/ceph: stderr
2024-05-03T22:29:22.969+0000 7f472ca00700 1 -- 172.21.15.44:0/3054669588 --> [v2:172.21.15.44:3300/0,v1:172.21.15.44:6789/0] -- mon_command({"prefix": "get_command_descriptions"} v 0) -- 0x7f472810f500 con 0x7f472810b0e0
2024-05-03T22:29:24.038 INFO:teuthology.orchestra.run.smithi044.stdout:/usr/bin/ceph: stderr
2024-05-03T22:29:22.969+0000 7f471fe00700 1 -- 172.21.15.44:0/3054669588 <== mon.0 v2:172.21.15.44:3300/0 4 ==== mgrmap(e 4) ==== 50211+0+0 (secure 0 0 0) 0x7f471801aa50 con 0x7f472810b0e0
2024-05-03T22:29:24.038 INFO:teuthology.orchestra.run.smithi044.stdout:/usr/bin/ceph: stderr
2024-05-03T22:29:22.969+0000 7f471fe00700 1 --2- 172.21.15.44:0/3054669588 >> [v2:172.21.15.44:6800/950841500,v1:172.21.15.44:6801/950841500] conn(0x7f470c03e3d0 0x7f470c040890 unknown :-1 s=NONE pgs=0 cs=0 l=1 rev1=0 crypto rx=0 tx=0 comp rx=0 tx=0).connect
2024-05-03T22:29:24.038 INFO:teuthology.orchestra.run.smithi044.stdout:/usr/bin/ceph: stderr
2024-05-03T22:29:22.970+0000 7f471fe00700 1 -- 172.21.15.44:0/3054669588 <== mon.0 v2:172.21.15.44:3300/0 5 ==== osd_map(1..1 src has 1..1) ==== 725+0+0 (secure 0 0 0) 0x7f4718053830 con 0x7f472810b0e0
2024-05-03T22:29:24.039 INFO:teuthology.orchestra.run.smithi044.stdout:/usr/bin/ceph: stderr
2024-05-03T22:29:22.970+0000 7f4726a00700 1 --2- 172.21.15.44:0/3054669588 >> [v2:172.21.15.44:6800/950841500,v1:172.21.15.44:6801/950841500] conn(0x7f470c03e3d0 0x7f470c040890 unknown :-1 s=BANNER_CONNECTING pgs=0 cs=0 l=1 rev1=0 crypto rx=0 tx=0 comp rx=0 tx=0)._handle_peer_banner_payload supported=3 required=0
2024-05-03T22:29:24.039 INFO:teuthology.orchestra.run.smithi044.stdout:/usr/bin/ceph: stderr
2024-05-03T22:29:22.971+0000 7f4726a00700 1 --2- 172.21.15.44:0/3054669588 >> [v2:172.21.15.44:6800/950841500,v1:172.21.15.44:6801/950841500] conn(0x7f470c03e3d0 0x7f470c040890 secure :-1 s=READY pgs=8 cs=0 l=1 rev1=1 crypto rx=0x7f4714006fd0 tx=0x7f4714006e40 comp rx=0 tx=0).ready entity=mgr.14100 client_cookie=0 server_cookie=0 in_seq=0 out_seq=0
2024-05-03T22:29:24.039 INFO:teuthology.orchestra.run.smithi044.stdout:/usr/bin/ceph: stderr
2024-05-03T22:29:22.975+0000 7f471fe00700 1 -- 172.21.15.44:0/3054669588 <== mon.0 v2:172.21.15.44:3300/0 6 ==== mon_command_ack([{"prefix": "get_command_descriptions"}]=0 v0) ==== 72+0+191839 (secure 0 0 0) 0x7f4718008040 con 0x7f472810b0e0
2024-05-03T22:29:24.039 INFO:teuthology.orchestra.run.smithi044.stdout:/usr/bin/ceph: stderr
2024-05-03T22:29:23.275+0000 7f472ca00700 1 -- 172.21.15.44:0/3054669588 --> [v2:172.21.15.44:3300/0,v1:172.21.15.44:6789/0] -- mon_command({"prefix": "mgr module enable", "module": "cephadm"} v 0) -- 0x7f47281a25c0 con 0x7f472810b0e0
2024-05-03T22:29:24.039 INFO:teuthology.orchestra.run.smithi044.stdout:/usr/bin/ceph: stderr
2024-05-03T22:29:23.329+0000 7f471fe00700 1 -- 172.21.15.44:0/3054669588 <== mon.0 v2:172.21.15.44:3300/0 7 ==== mon_command_ack([{"prefix": "mgr module enable", "module": "cephadm"}]=0 v5) ==== 86+0+0 (secure 0 0 0) 0x7f471800b3e0 con 0x7f472810b0e0
2024-05-03T22:29:24.039 INFO:teuthology.orchestra.run.smithi044.stdout:/usr/bin/ceph: stderr
2024-05-03T22:29:23.333+0000 7f471fe00700 1 -- 172.21.15.44:0/3054669588 <== mon.0 v2:172.21.15.44:3300/0 8 ==== mgrmap(e 5) ==== 50222+0+0 (secure 0 0 0) 0x7f4718055cf0 con 0x7f472810b0e0
2024-05-03T22:29:24.039 INFO:teuthology.orchestra.run.smithi044.stdout:/usr/bin/ceph: stderr
2024-05-03T22:29:23.334+0000 7f472ca00700 1 -- 172.21.15.44:0/3054669588 >> [v2:172.21.15.44:6800/950841500,v1:172.21.15.44:6801/950841500] conn(0x7f470c03e3d0 msgr2=0x7f470c040890 secure :-1 s=STATE_CONNECTION_ESTABLISHED l=1).mark_down
2024-05-03T22:29:24.039 INFO:teuthology.orchestra.run.smithi044.stdout:/usr/bin/ceph: stderr
2024-05-03T22:29:23.334+0000 7f472ca00700 1 --2- 172.21.15.44:0/3054669588 >> [v2:172.21.15.44:6800/950841500,v1:172.21.15.44:6801/950841500] conn(0x7f470c03e3d0 0x7f470c040890 secure :-1 s=READY pgs=8 cs=0 l=1 rev1=1 crypto rx=0x7f4714006fd0 tx=0x7f4714006e40 comp rx=0 tx=0).stop
2024-05-03T22:29:24.039 INFO:teuthology.orchestra.run.smithi044.stdout:/usr/bin/ceph: stderr
2024-05-03T22:29:23.334+0000 7f472ca00700 1 -- 172.21.15.44:0/3054669588 >> [v2:172.21.15.44:3300/0,v1:172.21.15.44:6789/0] conn(0x7f472810b0e0 msgr2=0x7f472819ef30 secure :-1 s=STATE_CONNECTION_ESTABLISHED l=1).mark_down
2024-05-03T22:29:24.039 INFO:teuthology.orchestra.run.smithi044.stdout:/usr/bin/ceph: stderr
2024-05-03T22:29:23.334+0000 7f472ca00700 1 --2- 172.21.15.44:0/3054669588 >> [v2:172.21.15.44:3300/0,v1:172.21.15.44:6789/0] conn(0x7f472810b0e0 0x7f472819ef30 secure :-1 s=READY pgs=23 cs=0 l=1 rev1=1 crypto rx=0x7f4718011670 tx=0x7f4718011c00 comp rx=0 tx=0).stop
2024-05-03T22:29:24.039 INFO:teuthology.orchestra.run.smithi044.stdout:/usr/bin/ceph: stderr
2024-05-03T22:29:23.335+0000 7f472ca00700 1 -- 172.21.15.44:0/3054669588 shutdown_connections
2024-05-03T22:29:24.039 INFO:teuthology.orchestra.run.smithi044.stdout:/usr/bin/ceph: stderr
2024-05-03T22:29:23.335+0000 7f472ca00700 1 --2- 172.21.15.44:0/3054669588 >> [v2:172.21.15.44:6800/950841500,v1:172.21.15.44:6801/950841500] conn(0x7f470c03e3d0 0x7f470c040890 unknown :-1 s=CLOSED pgs=8 cs=0 l=1 rev1=1 crypto rx=0 tx=0 comp rx=0 tx=0).stop
2024-05-03T22:29:24.039 INFO:teuthology.orchestra.run.smithi044.stdout:/usr/bin/ceph: stderr
2024-05-03T22:29:23.335+0000 7f472ca00700 1 --2- 172.21.15.44:0/3054669588 >> [v2:172.21.15.44:3300/0,v1:172.21.15.44:6789/0] conn(0x7f472810b0e0 0x7f472819ef30 unknown :-1 s=CLOSED pgs=23 cs=0 l=1 rev1=1 crypto rx=0 tx=0 comp rx=0 tx=0).stop
2024-05-03T22:29:24.039 INFO:teuthology.orchestra.run.smithi044.stdout:/usr/bin/ceph: stderr
2024-05-03T22:29:23.335+0000 7f472ca00700 1 -- 172.21.15.44:0/3054669588 >> 172.21.15.44:0/3054669588 conn(0x7f472807e2f0 msgr2=0x7f4728108de0 unknown :-1 s=STATE_NONE l=0).mark_down
2024-05-03T22:29:24.040 INFO:teuthology.orchestra.run.smithi044.stdout:/usr/bin/ceph: stderr
2024-05-03T22:29:23.335+0000 7f472ca00700 1 -- 172.21.15.44:0/3054669588 shutdown_connections
2024-05-03T22:29:24.040 INFO:teuthology.orchestra.run.smithi044.stdout:/usr/bin/ceph: stderr
2024-05-03T22:29:23.335+0000 7f472ca00700 1 -- 172.21.15.44:0/3054669588 wait complete.
2024-05-03T22:29:24.189 INFO:journalctl@ceph.mgr.x.smithi044.stdout:May 03 22:29:23 smithi044 ceph-5b0efdca-099c-11ef-bc97-c7b262605968-mgr-x[28840]:
2024-05-03T22:29:23.900+0000 7fe4f5f6f200 -1 mgr[py] Module orchestrator has missing NOTIFY_TYPES member
2024-05-03T22:29:24.189 INFO:journalctl@ceph.mgr.x.smithi044.stdout:May 03 22:29:24 smithi044 ceph-5b0efdca-099c-11ef-bc97-c7b262605968-mgr-x[28840]:
2024-05-03T22:29:24.040+0000 7fe4f5f6f200 -1 mgr[py] Module snap_schedule has missing NOTIFY_TYPES member
2024-05-03T22:29:24.462 INFO:journalctl@ceph.mon.a.smithi044.stdout:May 03 22:29:24 smithi044 ceph-mon[28604]: from='client.? 172.21.15.44:0/3054669588' entity='client.admin' cmd='[{"prefix": "mgr module enable", "module": "cephadm"}]': finished
2024-05-03T22:29:24.462 INFO:journalctl@ceph.mon.a.smithi044.stdout:May 03 22:29:24 smithi044 ceph-mon[28604]: mgrmap e5: x(active, since 5s)
2024-05-03T22:29:24.751 INFO:journalctl@ceph.mgr.x.smithi044.stdout:May 03 22:29:24 smithi044 ceph-5b0efdca-099c-11ef-bc97-c7b262605968-mgr-x[28840]:
2024-05-03T22:29:24.460+0000 7fe4f5f6f200 -1 mgr[py] Module progress has missing NOTIFY_TYPES member
2024-05-03T22:29:24.752 INFO:journalctl@ceph.mgr.x.smithi044.stdout:May 03 22:29:24 smithi044 ceph-5b0efdca-099c-11ef-bc97-c7b262605968-mgr-x[28840]:
2024-05-03T22:29:24.578+0000 7fe4f5f6f200 -1 mgr[py] Module influx has missing NOTIFY_TYPES member
2024-05-03T22:29:25.501 INFO:journalctl@ceph.mon.a.smithi044.stdout:May 03 22:29:25 smithi044 ceph-mon[28604]: from='client.? 172.21.15.44:0/1914957641' entity='client.admin' cmd=[{"prefix": "mgr stat"}]: dispatch
2024-05-03T22:29:25.593 INFO:teuthology.orchestra.run.smithi044.stdout:/usr/bin/ceph: stdout {
2024-05-03T22:29:25.593 INFO:teuthology.orchestra.run.smithi044.stdout:/usr/bin/ceph: stdout "epoch": 5,
2024-05-03T22:29:25.593 INFO:teuthology.orchestra.run.smithi044.stdout:/usr/bin/ceph: stdout "available": true,
2024-05-03T22:29:25.594 INFO:teuthology.orchestra.run.smithi044.stdout:/usr/bin/ceph: stdout "active_name": "x",
2024-05-03T22:29:25.594 INFO:teuthology.orchestra.run.smithi044.stdout:/usr/bin/ceph: stdout "num_standby": 0
2024-05-03T22:29:25.594 INFO:teuthology.orchestra.run.smithi044.stdout:/usr/bin/ceph: stdout }
2024-05-03T22:29:25.594 INFO:teuthology.orchestra.run.smithi044.stdout:/usr/bin/ceph: stderr
2024-05-03T22:29:24.617+0000 7f0bf4e00700 1 Processor -- start
2024-05-03T22:29:25.594 INFO:teuthology.orchestra.run.smithi044.stdout:/usr/bin/ceph: stderr
2024-05-03T22:29:24.618+0000 7f0bf4e00700 1 -- start start
2024-05-03T22:29:25.594 INFO:teuthology.orchestra.run.smithi044.stdout:/usr/bin/ceph: stderr
2024-05-03T22:29:24.618+0000 7f0bf4e00700 1 --2- >> [v2:172.21.15.44:3300/0,v1:172.21.15.44:6789/0] conn(0x7f0bf0109a30 0x7f0bf010be20 unknown :-1 s=NONE pgs=0 cs=0 l=0 rev1=0 crypto rx=0 tx=0 comp rx=0 tx=0).connect
2024-05-03T22:29:25.594 INFO:teuthology.orchestra.run.smithi044.stdout:/usr/bin/ceph: stderr
2024-05-03T22:29:24.618+0000 7f0bf4e00700 1 -- --> [v2:172.21.15.44:3300/0,v1:172.21.15.44:6789/0] -- mon_getmap magic: 0 -- 0x7f0bf007ce30 con 0x7f0bf0109a30
2024-05-03T22:29:25.594 INFO:teuthology.orchestra.run.smithi044.stdout:/usr/bin/ceph: stderr
2024-05-03T22:29:24.618+0000 7f0bede00700 1 --2- >> [v2:172.21.15.44:3300/0,v1:172.21.15.44:6789/0] conn(0x7f0bf0109a30 0x7f0bf010be20 unknown :-1 s=BANNER_CONNECTING pgs=0 cs=0 l=0 rev1=0 crypto rx=0 tx=0 comp rx=0 tx=0)._handle_peer_banner_payload supported=3 required=0
2024-05-03T22:29:25.594 INFO:teuthology.orchestra.run.smithi044.stdout:/usr/bin/ceph: stderr
2024-05-03T22:29:24.619+0000 7f0bede00700 1 --2- >> [v2:172.21.15.44:3300/0,v1:172.21.15.44:6789/0] conn(0x7f0bf0109a30 0x7f0bf010be20 unknown :-1 s=HELLO_CONNECTING pgs=0 cs=0 l=0 rev1=1 crypto rx=0 tx=0 comp rx=0 tx=0).handle_hello peer v2:172.21.15.44:3300/0 says I am v2:172.21.15.44:59472/0 (socket says 172.21.15.44:59472)
2024-05-03T22:29:25.594 INFO:teuthology.orchestra.run.smithi044.stdout:/usr/bin/ceph: stderr
2024-05-03T22:29:24.619+0000 7f0bede00700 1 -- 172.21.15.44:0/482121789 learned_addr learned my addr 172.21.15.44:0/482121789 (peer_addr_for_me v2:172.21.15.44:0/0)
2024-05-03T22:29:25.594 INFO:teuthology.orchestra.run.smithi044.stdout:/usr/bin/ceph: stderr
2024-05-03T22:29:24.619+0000 7f0bede00700 1 -- 172.21.15.44:0/482121789 --> [v2:172.21.15.44:3300/0,v1:172.21.15.44:6789/0] -- mon_subscribe({config=0+,monmap=0+}) -- 0x7f0bf010c360 con 0x7f0bf0109a30
2024-05-03T22:29:25.594 INFO:teuthology.orchestra.run.smithi044.stdout:/usr/bin/ceph: stderr
2024-05-03T22:29:24.619+0000 7f0bede00700 1 --2- 172.21.15.44:0/482121789 >> [v2:172.21.15.44:3300/0,v1:172.21.15.44:6789/0] conn(0x7f0bf0109a30 0x7f0bf010be20 secure :-1 s=READY pgs=26 cs=0 l=1 rev1=1 crypto rx=0x7f0be00098a0 tx=0x7f0be0009bb0 comp rx=0 tx=0).ready entity=mon.0 client_cookie=b32b482e70756dea server_cookie=0 in_seq=0 out_seq=0
2024-05-03T22:29:25.594 INFO:teuthology.orchestra.run.smithi044.stdout:/usr/bin/ceph: stderr
2024-05-03T22:29:24.620+0000 7f0beca00700 1 -- 172.21.15.44:0/482121789 <== mon.0 v2:172.21.15.44:3300/0 1 ==== mon_map magic: 0 ==== 205+0+0 (secure 0 0 0) 0x7f0be0004160 con 0x7f0bf0109a30
2024-05-03T22:29:25.595 INFO:teuthology.orchestra.run.smithi044.stdout:/usr/bin/ceph: stderr
2024-05-03T22:29:24.620+0000 7f0beca00700 1 -- 172.21.15.44:0/482121789 <== mon.0 v2:172.21.15.44:3300/0 2 ==== config(27 keys) ==== 1101+0+0 (secure 0 0 0) 0x7f0be0004300 con 0x7f0bf0109a30
2024-05-03T22:29:25.595 INFO:teuthology.orchestra.run.smithi044.stdout:/usr/bin/ceph: stderr
2024-05-03T22:29:24.620+0000 7f0beca00700 1 -- 172.21.15.44:0/482121789 <== mon.0 v2:172.21.15.44:3300/0 3 ==== mon_map magic: 0 ==== 205+0+0 (secure 0 0 0) 0x7f0be0011b30 con 0x7f0bf0109a30
2024-05-03T22:29:25.595 INFO:teuthology.orchestra.run.smithi044.stdout:/usr/bin/ceph: stderr
2024-05-03T22:29:24.620+0000 7f0bf4e00700 1 -- 172.21.15.44:0/482121789 >> [v2:172.21.15.44:3300/0,v1:172.21.15.44:6789/0] conn(0x7f0bf0109a30 msgr2=0x7f0bf010be20 secure :-1 s=STATE_CONNECTION_ESTABLISHED l=1).mark_down
2024-05-03T22:29:25.595 INFO:teuthology.orchestra.run.smithi044.stdout:/usr/bin/ceph: stderr
2024-05-03T22:29:24.620+0000 7f0bf4e00700 1 --2- 172.21.15.44:0/482121789 >> [v2:172.21.15.44:3300/0,v1:172.21.15.44:6789/0] conn(0x7f0bf0109a30 0x7f0bf010be20 secure :-1 s=READY pgs=26 cs=0 l=1 rev1=1 crypto rx=0x7f0be00098a0 tx=0x7f0be0009bb0 comp rx=0 tx=0).stop
2024-05-03T22:29:25.595 INFO:teuthology.orchestra.run.smithi044.stdout:/usr/bin/ceph: stderr
2024-05-03T22:29:24.621+0000 7f0bf4e00700 1 -- 172.21.15.44:0/482121789 shutdown_connections
2024-05-03T22:29:25.595 INFO:teuthology.orchestra.run.smithi044.stdout:/usr/bin/ceph: stderr
2024-05-03T22:29:24.621+0000 7f0bf4e00700 1 --2- 172.21.15.44:0/482121789 >> [v2:172.21.15.44:3300/0,v1:172.21.15.44:6789/0] conn(0x7f0bf0109a30 0x7f0bf010be20 unknown :-1 s=CLOSED pgs=26 cs=0 l=1 rev1=1 crypto rx=0 tx=0 comp rx=0 tx=0).stop
2024-05-03T22:29:25.595 INFO:teuthology.orchestra.run.smithi044.stdout:/usr/bin/ceph: stderr
2024-05-03T22:29:24.621+0000 7f0bf4e00700 1 -- 172.21.15.44:0/482121789 >> 172.21.15.44:0/482121789 conn(0x7f0bf01033e0 msgr2=0x7f0bf0105840 unknown :-1 s=STATE_NONE l=0).mark_down
2024-05-03T22:29:25.595 INFO:teuthology.orchestra.run.smithi044.stdout:/usr/bin/ceph: stderr
2024-05-03T22:29:24.621+0000 7f0bf4e00700 1 -- 172.21.15.44:0/482121789 shutdown_connections
2024-05-03T22:29:25.595 INFO:teuthology.orchestra.run.smithi044.stdout:/usr/bin/ceph: stderr
2024-05-03T22:29:24.621+0000 7f0bf4e00700 1 -- 172.21.15.44:0/482121789 wait complete.
2024-05-03T22:29:25.595 INFO:teuthology.orchestra.run.smithi044.stdout:/usr/bin/ceph: stderr
2024-05-03T22:29:24.622+0000 7f0bf4e00700 1 Processor -- start
2024-05-03T22:29:25.595 INFO:teuthology.orchestra.run.smithi044.stdout:/usr/bin/ceph: stderr
2024-05-03T22:29:24.622+0000 7f0bf4e00700 1 -- start start
2024-05-03T22:29:25.595 INFO:teuthology.orchestra.run.smithi044.stdout:/usr/bin/ceph: stderr
2024-05-03T22:29:24.623+0000 7f0bf4e00700 1 --2- >> [v2:172.21.15.44:3300/0,v1:172.21.15.44:6789/0] conn(0x7f0bf0109a30 0x7f0bf019cec0 unknown :-1 s=NONE pgs=0 cs=0 l=1 rev1=0 crypto rx=0 tx=0 comp rx=0 tx=0).connect
2024-05-03T22:29:25.595 INFO:teuthology.orchestra.run.smithi044.stdout:/usr/bin/ceph: stderr
2024-05-03T22:29:24.623+0000 7f0bf4e00700 1 -- --> [v2:172.21.15.44:3300/0,v1:172.21.15.44:6789/0] -- mon_getmap magic: 0 -- 0x7f0bf010d2c0 con 0x7f0bf0109a30
2024-05-03T22:29:25.595 INFO:teuthology.orchestra.run.smithi044.stdout:/usr/bin/ceph: stderr
2024-05-03T22:29:24.623+0000 7f0bede00700 1 --2- >> [v2:172.21.15.44:3300/0,v1:172.21.15.44:6789/0] conn(0x7f0bf0109a30 0x7f0bf019cec0 unknown :-1 s=BANNER_CONNECTING pgs=0 cs=0 l=1 rev1=0 crypto rx=0 tx=0 comp rx=0 tx=0)._handle_peer_banner_payload supported=3 required=0
2024-05-03T22:29:25.596 INFO:teuthology.orchestra.run.smithi044.stdout:/usr/bin/ceph: stderr
2024-05-03T22:29:24.623+0000 7f0bede00700 1 --2- >> [v2:172.21.15.44:3300/0,v1:172.21.15.44:6789/0] conn(0x7f0bf0109a30 0x7f0bf019cec0 unknown :-1 s=HELLO_CONNECTING pgs=0 cs=0 l=1 rev1=1 crypto rx=0 tx=0 comp rx=0 tx=0).handle_hello peer v2:172.21.15.44:3300/0 says I am v2:172.21.15.44:59474/0 (socket says 172.21.15.44:59474)
2024-05-03T22:29:25.596 INFO:teuthology.orchestra.run.smithi044.stdout:/usr/bin/ceph: stderr
2024-05-03T22:29:24.623+0000 7f0bede00700 1 -- 172.21.15.44:0/1914957641 learned_addr learned my addr 172.21.15.44:0/1914957641 (peer_addr_for_me v2:172.21.15.44:0/0)
2024-05-03T22:29:25.596 INFO:teuthology.orchestra.run.smithi044.stdout:/usr/bin/ceph: stderr
2024-05-03T22:29:24.623+0000 7f0bede00700 1 -- 172.21.15.44:0/1914957641 --> [v2:172.21.15.44:3300/0,v1:172.21.15.44:6789/0] -- mon_subscribe({config=0+,monmap=0+}) -- 0x7f0bf019d400 con 0x7f0bf0109a30
2024-05-03T22:29:25.596 INFO:teuthology.orchestra.run.smithi044.stdout:/usr/bin/ceph: stderr
2024-05-03T22:29:24.624+0000 7f0bede00700 1 --2- 172.21.15.44:0/1914957641 >> [v2:172.21.15.44:3300/0,v1:172.21.15.44:6789/0] conn(0x7f0bf0109a30 0x7f0bf019cec0 secure :-1 s=READY pgs=27 cs=0 l=1 rev1=1 crypto rx=0x7f0be0011b50 tx=0x7f0be0011c30 comp rx=0 tx=0).ready entity=mon.0 client_cookie=0 server_cookie=0 in_seq=0 out_seq=0
2024-05-03T22:29:25.596 INFO:teuthology.orchestra.run.smithi044.stdout:/usr/bin/ceph: stderr
2024-05-03T22:29:24.624+0000 7f0be6a00700 1 -- 172.21.15.44:0/1914957641 <== mon.0 v2:172.21.15.44:3300/0 1 ==== mon_map magic: 0 ==== 205+0+0 (secure 0 0 0) 0x7f0be0003aa0 con 0x7f0bf0109a30
2024-05-03T22:29:25.596 INFO:teuthology.orchestra.run.smithi044.stdout:/usr/bin/ceph: stderr
2024-05-03T22:29:24.624+0000 7f0be6a00700 1 -- 172.21.15.44:0/1914957641 <== mon.0 v2:172.21.15.44:3300/0 2 ==== config(27 keys) ==== 1101+0+0 (secure 0 0 0) 0x7f0be0020070 con 0x7f0bf0109a30
2024-05-03T22:29:25.596 INFO:teuthology.orchestra.run.smithi044.stdout:/usr/bin/ceph: stderr
2024-05-03T22:29:24.624+0000 7f0be6a00700 1 -- 172.21.15.44:0/1914957641 <== mon.0 v2:172.21.15.44:3300/0 3 ==== mon_map magic: 0 ==== 205+0+0 (secure 0 0 0) 0x7f0be0019550 con 0x7f0bf0109a30
2024-05-03T22:29:25.596 INFO:teuthology.orchestra.run.smithi044.stdout:/usr/bin/ceph: stderr
2024-05-03T22:29:24.624+0000 7f0bf4e00700 1 -- 172.21.15.44:0/1914957641 --> [v2:172.21.15.44:3300/0,v1:172.21.15.44:6789/0] -- mon_subscribe({mgrmap=0+}) -- 0x7f0bf019d690 con 0x7f0bf0109a30
2024-05-03T22:29:25.596 INFO:teuthology.orchestra.run.smithi044.stdout:/usr/bin/ceph: stderr
2024-05-03T22:29:24.624+0000 7f0bf4e00700 1 -- 172.21.15.44:0/1914957641 --> [v2:172.21.15.44:3300/0,v1:172.21.15.44:6789/0] -- mon_subscribe({osdmap=0}) -- 0x7f0bf01a0380 con 0x7f0bf0109a30
2024-05-03T22:29:25.596 INFO:teuthology.orchestra.run.smithi044.stdout:/usr/bin/ceph: stderr
2024-05-03T22:29:24.625+0000 7f0bf4e00700 1 -- 172.21.15.44:0/1914957641 --> [v2:172.21.15.44:3300/0,v1:172.21.15.44:6789/0] -- mon_command({"prefix": "get_command_descriptions"} v 0) -- 0x7f0bf0064b00 con 0x7f0bf0109a30
2024-05-03T22:29:25.596 INFO:teuthology.orchestra.run.smithi044.stdout:/usr/bin/ceph: stderr
2024-05-03T22:29:24.625+0000 7f0be6a00700 1 -- 172.21.15.44:0/1914957641 <== mon.0 v2:172.21.15.44:3300/0 4 ==== mgrmap(e 5) ==== 50222+0+0 (secure 0 0 0) 0x7f0be001a430 con 0x7f0bf0109a30
2024-05-03T22:29:25.596 INFO:teuthology.orchestra.run.smithi044.stdout:/usr/bin/ceph: stderr
2024-05-03T22:29:24.626+0000 7f0be6a00700 1 --2- 172.21.15.44:0/1914957641 >> [v2:172.21.15.44:6800/950841500,v1:172.21.15.44:6801/950841500] conn(0x7f0bd403e4c0 0x7f0bd4040980 unknown :-1 s=NONE pgs=0 cs=0 l=1 rev1=0 crypto rx=0 tx=0 comp rx=0 tx=0).connect
2024-05-03T22:29:25.596 INFO:teuthology.orchestra.run.smithi044.stdout:/usr/bin/ceph: stderr
2024-05-03T22:29:24.626+0000 7f0be6a00700 1 -- 172.21.15.44:0/1914957641 <== mon.0 v2:172.21.15.44:3300/0 5 ==== osd_map(1..1 src has 1..1) ==== 725+0+0 (secure 0 0 0) 0x7f0be0053990 con 0x7f0bf0109a30
2024-05-03T22:29:25.596 INFO:teuthology.orchestra.run.smithi044.stdout:/usr/bin/ceph: stderr
2024-05-03T22:29:24.626+0000 7f0bed400700 1 -- 172.21.15.44:0/1914957641 >> [v2:172.21.15.44:6800/950841500,v1:172.21.15.44:6801/950841500] conn(0x7f0bd403e4c0 msgr2=0x7f0bd4040980 unknown :-1 s=STATE_CONNECTING_RE l=1).process reconnect failed to v2:172.21.15.44:6800/950841500
2024-05-03T22:29:25.597 INFO:teuthology.orchestra.run.smithi044.stdout:/usr/bin/ceph: stderr
2024-05-03T22:29:24.626+0000 7f0bed400700 1 --2- 172.21.15.44:0/1914957641 >> [v2:172.21.15.44:6800/950841500,v1:172.21.15.44:6801/950841500] conn(0x7f0bd403e4c0 0x7f0bd4040980 unknown :-1 s=START_CONNECT pgs=0 cs=0 l=1 rev1=0 crypto rx=0 tx=0 comp rx=0 tx=0)._fault waiting 0.200000
2024-05-03T22:29:25.597 INFO:teuthology.orchestra.run.smithi044.stdout:/usr/bin/ceph: stderr
2024-05-03T22:29:24.631+0000 7f0be6a00700 1 -- 172.21.15.44:0/1914957641 <== mon.0 v2:172.21.15.44:3300/0 6 ==== mon_command_ack([{"prefix": "get_command_descriptions"}]=0 v0) ==== 72+0+191839 (secure 0 0 0) 0x7f0be000e260 con 0x7f0bf0109a30
2024-05-03T22:29:25.597 INFO:teuthology.orchestra.run.smithi044.stdout:/usr/bin/ceph: stderr
2024-05-03T22:29:24.827+0000 7f0bed400700 1 -- 172.21.15.44:0/1914957641 >> [v2:172.21.15.44:6800/950841500,v1:172.21.15.44:6801/950841500] conn(0x7f0bd403e4c0 msgr2=0x7f0bd4040980 unknown :-1 s=STATE_CONNECTING_RE l=1).process reconnect failed to v2:172.21.15.44:6800/950841500
2024-05-03T22:29:25.597 INFO:teuthology.orchestra.run.smithi044.stdout:/usr/bin/ceph: stderr
2024-05-03T22:29:24.827+0000 7f0bed400700 1 --2- 172.21.15.44:0/1914957641 >> [v2:172.21.15.44:6800/950841500,v1:172.21.15.44:6801/950841500] conn(0x7f0bd403e4c0 0x7f0bd4040980 unknown :-1 s=START_CONNECT pgs=0 cs=0 l=1 rev1=0 crypto rx=0 tx=0 comp rx=0 tx=0)._fault waiting 0.400000
2024-05-03T22:29:25.597 INFO:teuthology.orchestra.run.smithi044.stdout:/usr/bin/ceph: stderr
2024-05-03T22:29:24.927+0000 7f0bf4e00700 1 -- 172.21.15.44:0/1914957641 --> [v2:172.21.15.44:3300/0,v1:172.21.15.44:6789/0] -- mon_command({"prefix": "mgr stat"} v 0) -- 0x7f0bf01a0550 con 0x7f0bf0109a30
2024-05-03T22:29:25.597 INFO:teuthology.orchestra.run.smithi044.stdout:/usr/bin/ceph: stderr
2024-05-03T22:29:24.928+0000 7f0be6a00700 1 -- 172.21.15.44:0/1914957641 <== mon.0 v2:172.21.15.44:3300/0 7 ==== mon_command_ack([{"prefix": "mgr stat"}]=0 v5) ==== 56+0+88 (secure 0 0 0) 0x7f0bf01a0550 con 0x7f0bf0109a30
2024-05-03T22:29:25.597 INFO:teuthology.orchestra.run.smithi044.stdout:/usr/bin/ceph: stderr
2024-05-03T22:29:24.931+0000 7f0bf4e00700 1 -- 172.21.15.44:0/1914957641 >> [v2:172.21.15.44:6800/950841500,v1:172.21.15.44:6801/950841500] conn(0x7f0bd403e4c0 msgr2=0x7f0bd4040980 unknown :-1 s=STATE_CONNECTING l=1).mark_down
2024-05-03T22:29:25.597 INFO:teuthology.orchestra.run.smithi044.stdout:/usr/bin/ceph: stderr
2024-05-03T22:29:24.931+0000 7f0bf4e00700 1 --2- 172.21.15.44:0/1914957641 >> [v2:172.21.15.44:6800/950841500,v1:172.21.15.44:6801/950841500] conn(0x7f0bd403e4c0 0x7f0bd4040980 unknown :-1 s=START_CONNECT pgs=0 cs=0 l=1 rev1=0 crypto rx=0 tx=0 comp rx=0 tx=0).stop
2024-05-03T22:29:25.597 INFO:teuthology.orchestra.run.smithi044.stdout:/usr/bin/ceph: stderr
2024-05-03T22:29:24.931+0000 7f0bf4e00700 1 -- 172.21.15.44:0/1914957641 >> [v2:172.21.15.44:3300/0,v1:172.21.15.44:6789/0] conn(0x7f0bf0109a30 msgr2=0x7f0bf019cec0 secure :-1 s=STATE_CONNECTION_ESTABLISHED l=1).mark_down
2024-05-03T22:29:25.597 INFO:teuthology.orchestra.run.smithi044.stdout:/usr/bin/ceph: stderr
2024-05-03T22:29:24.931+0000 7f0bf4e00700 1 --2- 172.21.15.44:0/1914957641 >> [v2:172.21.15.44:3300/0,v1:172.21.15.44:6789/0] conn(0x7f0bf0109a30 0x7f0bf019cec0 secure :-1 s=READY pgs=27 cs=0 l=1 rev1=1 crypto rx=0x7f0be0011b50 tx=0x7f0be0011c30 comp rx=0 tx=0).stop
2024-05-03T22:29:25.597 INFO:teuthology.orchestra.run.smithi044.stdout:/usr/bin/ceph: stderr
2024-05-03T22:29:24.931+0000 7f0bf4e00700 1 -- 172.21.15.44:0/1914957641 shutdown_connections
2024-05-03T22:29:25.597 INFO:teuthology.orchestra.run.smithi044.stdout:/usr/bin/ceph: stderr
2024-05-03T22:29:24.931+0000 7f0bf4e00700 1 --2- 172.21.15.44:0/1914957641 >> [v2:172.21.15.44:6800/950841500,v1:172.21.15.44:6801/950841500] conn(0x7f0bd403e4c0 0x7f0bd4040980 unknown :-1 s=CLOSED pgs=0 cs=0 l=1 rev1=0 crypto rx=0 tx=0 comp rx=0 tx=0).stop
2024-05-03T22:29:25.597 INFO:teuthology.orchestra.run.smithi044.stdout:/usr/bin/ceph: stderr
2024-05-03T22:29:24.931+0000 7f0bf4e00700 1 --2- 172.21.15.44:0/1914957641 >> [v2:172.21.15.44:3300/0,v1:172.21.15.44:6789/0] conn(0x7f0bf0109a30 0x7f0bf019cec0 unknown :-1 s=CLOSED pgs=27 cs=0 l=1 rev1=1 crypto rx=0 tx=0 comp rx=0 tx=0).stop
2024-05-03T22:29:25.597 INFO:teuthology.orchestra.run.smithi044.stdout:/usr/bin/ceph: stderr
2024-05-03T22:29:24.931+0000 7f0bf4e00700 1 -- 172.21.15.44:0/1914957641 >> 172.21.15.44:0/1914957641 conn(0x7f0bf01033e0 msgr2=0x7f0bf0103f90 unknown :-1 s=STATE_NONE l=0).mark_down
2024-05-03T22:29:25.597 INFO:teuthology.orchestra.run.smithi044.stdout:/usr/bin/ceph: stderr
2024-05-03T22:29:24.931+0000 7f0bf4e00700 1 -- 172.21.15.44:0/1914957641 shutdown_connections
2024-05-03T22:29:25.598 INFO:teuthology.orchestra.run.smithi044.stdout:/usr/bin/ceph: stderr
2024-05-03T22:29:24.931+0000 7f0bf4e00700 1 -- 172.21.15.44:0/1914957641 wait complete.
2024-05-03T22:29:25.598 INFO:teuthology.orchestra.run.smithi044.stdout:Waiting for the mgr to restart...
2024-05-03T22:29:25.598 INFO:teuthology.orchestra.run.smithi044.stdout:Waiting for mgr epoch 5...
2024-05-03T22:29:26.429 INFO:journalctl@ceph.mgr.x.smithi044.stdout:May 03 22:29:26 smithi044 ceph-5b0efdca-099c-11ef-bc97-c7b262605968-mgr-x[28840]:
2024-05-03T22:29:26.191+0000 7fe4f5f6f200 -1 mgr[py] Module telegraf has missing NOTIFY_TYPES member
2024-05-03T22:29:26.429 INFO:journalctl@ceph.mgr.x.smithi044.stdout:May 03 22:29:26 smithi044 ceph-5b0efdca-099c-11ef-bc97-c7b262605968-mgr-x[28840]:
2024-05-03T22:29:26.426+0000 7fe4f5f6f200 -1 mgr[py] Module osd_support has missing NOTIFY_TYPES member
2024-05-03T22:29:26.716 INFO:journalctl@ceph.mgr.x.smithi044.stdout:May 03 22:29:26 smithi044 ceph-5b0efdca-099c-11ef-bc97-c7b262605968-mgr-x[28840]:
2024-05-03T22:29:26.646+0000 7fe4f5f6f200 -1 mgr[py] Module iostat has missing NOTIFY_TYPES member
2024-05-03T22:29:27.427 INFO:journalctl@ceph.mgr.x.smithi044.stdout:May 03 22:29:27 smithi044 ceph-5b0efdca-099c-11ef-bc97-c7b262605968-mgr-x[28840]:
2024-05-03T22:29:27.041+0000 7fe4f5f6f200 -1 mgr[py] Module alerts has missing NOTIFY_TYPES member
2024-05-03T22:29:27.427 INFO:journalctl@ceph.mgr.x.smithi044.stdout:May 03 22:29:27 smithi044 ceph-5b0efdca-099c-11ef-bc97-c7b262605968-mgr-x[28840]:
2024-05-03T22:29:27.168+0000 7fe4f5f6f200 -1 mgr[py] Module selftest has missing NOTIFY_TYPES member
2024-05-03T22:29:27.688 INFO:journalctl@ceph.mgr.x.smithi044.stdout:May 03 22:29:27 smithi044 ceph-5b0efdca-099c-11ef-bc97-c7b262605968-mgr-x[28840]:
2024-05-03T22:29:27.424+0000 7fe4f5f6f200 -1 mgr[py] Module pg_autoscaler has missing NOTIFY_TYPES member
2024-05-03T22:29:27.688 INFO:journalctl@ceph.mgr.x.smithi044.stdout:May 03 22:29:27 smithi044 ceph-5b0efdca-099c-11ef-bc97-c7b262605968-mgr-x[28840]:
2024-05-03T22:29:27.685+0000 7fe4f5f6f200 -1 mgr[py] Module test_orchestrator has missing NOTIFY_TYPES member
2024-05-03T22:29:28.798 INFO:journalctl@ceph.mgr.x.smithi044.stdout:May 03 22:29:28 smithi044 ceph-5b0efdca-099c-11ef-bc97-c7b262605968-mgr-x[28840]:
2024-05-03T22:29:28.501+0000 7fe4f5f6f200 -1 mgr[py] Module rook has missing NOTIFY_TYPES member
2024-05-03T22:29:28.798 INFO:journalctl@ceph.mgr.x.smithi044.stdout:May 03 22:29:28 smithi044 ceph-5b0efdca-099c-11ef-bc97-c7b262605968-mgr-x[28840]:
2024-05-03T22:29:28.796+0000 7fe4f5f6f200 -1 mgr[py] Module smb has missing NOTIFY_TYPES member
2024-05-03T22:29:29.751 INFO:journalctl@ceph.mgr.x.smithi044.stdout:May 03 22:29:29 smithi044 ceph-5b0efdca-099c-11ef-bc97-c7b262605968-mgr-x[28840]:
2024-05-03T22:29:29.369+0000 7fe4f5f6f200 -1 mgr[py] Module volumes has missing NOTIFY_TYPES member
2024-05-03T22:29:29.751 INFO:journalctl@ceph.mgr.x.smithi044.stdout:May 03 22:29:29 smithi044 ceph-5b0efdca-099c-11ef-bc97-c7b262605968-mgr-x[28840]:
2024-05-03T22:29:29.500+0000 7fe4f5f6f200 -1 mgr[py] Module crash has missing NOTIFY_TYPES member
2024-05-03T22:29:30.251 INFO:journalctl@ceph.mgr.x.smithi044.stdout:May 03 22:29:29 smithi044 ceph-5b0efdca-099c-11ef-bc97-c7b262605968-mgr-x[28840]:
2024-05-03T22:29:29.974+0000 7fe4f5f6f200 -1 mgr[py] Module rgw has missing NOTIFY_TYPES member
2024-05-03T22:29:30.751 INFO:journalctl@ceph.mgr.x.smithi044.stdout:May 03 22:29:30 smithi044 ceph-5b0efdca-099c-11ef-bc97-c7b262605968-mgr-x[28840]:
2024-05-03T22:29:30.444+0000 7fe4f5f6f200 -1 mgr[py] Module prometheus has missing NOTIFY_TYPES member
2024-05-03T22:29:30.752 INFO:journalctl@ceph.mgr.x.smithi044.stdout:May 03 22:29:30 smithi044 ceph-5b0efdca-099c-11ef-bc97-c7b262605968-mgr-x[28840]:
2024-05-03T22:29:30.572+0000 7fe4f5f6f200 -1 mgr[py] Module devicehealth has missing NOTIFY_TYPES member
2024-05-03T22:29:31.251 INFO:journalctl@ceph.mgr.x.smithi044.stdout:May 03 22:29:30 smithi044 ceph-5b0efdca-099c-11ef-bc97-c7b262605968-mgr-x[28840]:
2024-05-03T22:29:30.905+0000 7fe4f5f6f200 -1 mgr[py] Module telemetry has missing NOTIFY_TYPES member
