2024-05-03T22:29:31.252 INFO:journalctl@ceph.mgr.x.smithi044.stdout:May 03 22:29:31 smithi044 ceph-5b0efdca-099c-11ef-bc97-c7b262605968-mgr-x[28840]:
2024-05-03T22:29:31.089+0000 7fe4f5f6f200 -1 mgr[py] Module diskprediction_local has missing NOTIFY_TYPES member
2024-05-03T22:29:31.751 INFO:journalctl@ceph.mgr.x.smithi044.stdout:May 03 22:29:31 smithi044 ceph-5b0efdca-099c-11ef-bc97-c7b262605968-mgr-x[28840]:
2024-05-03T22:29:31.469+0000 7fe4f5f6f200 -1 mgr[py] Module osd_perf_query has missing NOTIFY_TYPES member
2024-05-03T22:29:31.751 INFO:journalctl@ceph.mgr.x.smithi044.stdout:May 03 22:29:31 smithi044 ceph-5b0efdca-099c-11ef-bc97-c7b262605968-mgr-x[28840]:
2024-05-03T22:29:31.625+0000 7fe4f5f6f200 -1 mgr[py] Module rbd_support has missing NOTIFY_TYPES member
2024-05-03T22:29:32.251 INFO:journalctl@ceph.mgr.x.smithi044.stdout:May 03 22:29:31 smithi044 ceph-5b0efdca-099c-11ef-bc97-c7b262605968-mgr-x[28840]:
2024-05-03T22:29:31.751+0000 7fe4f5f6f200 -1 mgr[py] Module zabbix has missing NOTIFY_TYPES member
2024-05-03T22:29:32.751 INFO:journalctl@ceph.mgr.x.smithi044.stdout:May 03 22:29:32 smithi044 ceph-5b0efdca-099c-11ef-bc97-c7b262605968-mgr-x[28840]:
2024-05-03T22:29:32.542+0000 7fe4f5f6f200 -1 mgr[py] Module status has missing NOTIFY_TYPES member
2024-05-03T22:29:33.251 INFO:journalctl@ceph.mgr.x.smithi044.stdout:May 03 22:29:32 smithi044 ceph-5b0efdca-099c-11ef-bc97-c7b262605968-mgr-x[28840]:
2024-05-03T22:29:32.841+0000 7fe4f5f6f200 -1 mgr[py] Module nfs has missing NOTIFY_TYPES member
2024-05-03T22:29:33.252 INFO:journalctl@ceph.mon.a.smithi044.stdout:May 03 22:29:32 smithi044 ceph-mon[28604]: Active manager daemon x restarted
2024-05-03T22:29:33.252 INFO:journalctl@ceph.mon.a.smithi044.stdout:May 03 22:29:32 smithi044 ceph-mon[28604]: Activating manager daemon x
2024-05-03T22:29:33.252 INFO:journalctl@ceph.mon.a.smithi044.stdout:May 03 22:29:32 smithi044 ceph-mon[28604]: osdmap e2: 0 total, 0 up, 0 in
2024-05-03T22:29:33.252 INFO:journalctl@ceph.mon.a.smithi044.stdout:May 03 22:29:32 smithi044 ceph-mon[28604]: mgrmap e6: x(active, starting, since 0.0104984s)
2024-05-03T22:29:33.252 INFO:journalctl@ceph.mon.a.smithi044.stdout:May 03 22:29:32 smithi044 ceph-mon[28604]: from='mgr.14120 172.21.15.44:0/1656287351' entity='mgr.x' cmd=[{"prefix": "mon metadata", "id": "a"}]: dispatch
2024-05-03T22:29:33.252 INFO:journalctl@ceph.mon.a.smithi044.stdout:May 03 22:29:32 smithi044 ceph-mon[28604]: from='mgr.14120 172.21.15.44:0/1656287351' entity='mgr.x' cmd=[{"prefix": "mgr metadata", "who": "x", "id": "x"}]: dispatch
2024-05-03T22:29:33.252 INFO:journalctl@ceph.mon.a.smithi044.stdout:May 03 22:29:32 smithi044 ceph-mon[28604]: from='mgr.14120 172.21.15.44:0/1656287351' entity='mgr.x' cmd=[{"prefix": "mds metadata"}]: dispatch
2024-05-03T22:29:33.252 INFO:journalctl@ceph.mon.a.smithi044.stdout:May 03 22:29:32 smithi044 ceph-mon[28604]: from='mgr.14120 172.21.15.44:0/1656287351' entity='mgr.x' cmd=[{"prefix": "osd metadata"}]: dispatch
2024-05-03T22:29:33.252 INFO:journalctl@ceph.mon.a.smithi044.stdout:May 03 22:29:32 smithi044 ceph-mon[28604]: from='mgr.14120 172.21.15.44:0/1656287351' entity='mgr.x' cmd=[{"prefix": "mon metadata"}]: dispatch
2024-05-03T22:29:33.252 INFO:journalctl@ceph.mon.a.smithi044.stdout:May 03 22:29:32 smithi044 ceph-mon[28604]: Manager daemon x is now available
2024-05-03T22:29:34.252 INFO:journalctl@ceph.mon.a.smithi044.stdout:May 03 22:29:33 smithi044 ceph-mon[28604]: Found migration_current of "None". Setting to last migration.
2024-05-03T22:29:34.252 INFO:journalctl@ceph.mon.a.smithi044.stdout:May 03 22:29:33 smithi044 ceph-mon[28604]: from='mgr.14120 172.21.15.44:0/1656287351' entity='mgr.x'
2024-05-03T22:29:34.252 INFO:journalctl@ceph.mon.a.smithi044.stdout:May 03 22:29:33 smithi044 ceph-mon[28604]: from='mgr.14120 172.21.15.44:0/1656287351' entity='mgr.x'
2024-05-03T22:29:34.252 INFO:journalctl@ceph.mon.a.smithi044.stdout:May 03 22:29:33 smithi044 ceph-mon[28604]: from='mgr.14120 172.21.15.44:0/1656287351' entity='mgr.x' cmd=[{"prefix": "config dump", "format": "json"}]: dispatch
2024-05-03T22:29:34.252 INFO:journalctl@ceph.mon.a.smithi044.stdout:May 03 22:29:33 smithi044 ceph-mon[28604]: from='mgr.14120 172.21.15.44:0/1656287351' entity='mgr.x' cmd=[{"prefix": "config dump", "format": "json"}]: dispatch
2024-05-03T22:29:34.252 INFO:journalctl@ceph.mon.a.smithi044.stdout:May 03 22:29:33 smithi044 ceph-mon[28604]: from='mgr.14120 172.21.15.44:0/1656287351' entity='mgr.x' cmd=[{"prefix":"config rm","who":"mgr","name":"mgr/rbd_support/x/mirror_snapshot_schedule"}]: dispatch
2024-05-03T22:29:34.252 INFO:journalctl@ceph.mon.a.smithi044.stdout:May 03 22:29:33 smithi044 ceph-mon[28604]: from='mgr.14120 172.21.15.44:0/1656287351' entity='mgr.x' cmd=[{"prefix":"config rm","who":"mgr","name":"mgr/rbd_support/x/trash_purge_schedule"}]: dispatch
2024-05-03T22:29:34.252 INFO:journalctl@ceph.mon.a.smithi044.stdout:May 03 22:29:33 smithi044 ceph-mon[28604]: from='mgr.14120 172.21.15.44:0/1656287351' entity='mgr.x'
2024-05-03T22:29:34.253 INFO:journalctl@ceph.mon.a.smithi044.stdout:May 03 22:29:33 smithi044 ceph-mon[28604]: from='mgr.14120 172.21.15.44:0/1656287351' entity='mgr.x'
2024-05-03T22:29:34.253 INFO:journalctl@ceph.mon.a.smithi044.stdout:May 03 22:29:33 smithi044 ceph-mon[28604]: mgrmap e7: x(active, since 1.01826s)
2024-05-03T22:29:34.614 INFO:teuthology.orchestra.run.smithi044.stdout:/usr/bin/ceph: stdout {
2024-05-03T22:29:34.614 INFO:teuthology.orchestra.run.smithi044.stdout:/usr/bin/ceph: stdout "mgrmap_epoch": 7,
2024-05-03T22:29:34.614 INFO:teuthology.orchestra.run.smithi044.stdout:/usr/bin/ceph: stdout "initialized": true
2024-05-03T22:29:34.615 INFO:teuthology.orchestra.run.smithi044.stdout:/usr/bin/ceph: stdout }
2024-05-03T22:29:34.615 INFO:teuthology.orchestra.run.smithi044.stdout:/usr/bin/ceph: stderr
2024-05-03T22:29:26.103+0000 7f9921000700 1 Processor -- start
2024-05-03T22:29:34.615 INFO:teuthology.orchestra.run.smithi044.stdout:/usr/bin/ceph: stderr
2024-05-03T22:29:26.103+0000 7f9921000700 1 -- start start
2024-05-03T22:29:34.615 INFO:teuthology.orchestra.run.smithi044.stdout:/usr/bin/ceph: stderr
2024-05-03T22:29:26.103+0000 7f9921000700 1 --2- >> [v2:172.21.15.44:3300/0,v1:172.21.15.44:6789/0] conn(0x7f991c07ee40 0x7f991c07d2a0 unknown :-1 s=NONE pgs=0 cs=0 l=0 rev1=0 crypto rx=0 tx=0 comp rx=0 tx=0).connect
2024-05-03T22:29:34.615 INFO:teuthology.orchestra.run.smithi044.stdout:/usr/bin/ceph: stderr
2024-05-03T22:29:26.103+0000 7f9921000700 1 -- --> [v2:172.21.15.44:3300/0,v1:172.21.15.44:6789/0] -- mon_getmap magic: 0 -- 0x7f991c07d870 con 0x7f991c07ee40
2024-05-03T22:29:34.615 INFO:teuthology.orchestra.run.smithi044.stdout:/usr/bin/ceph: stderr
2024-05-03T22:29:26.104+0000 7f9919e00700 1 --2- >> [v2:172.21.15.44:3300/0,v1:172.21.15.44:6789/0] conn(0x7f991c07ee40 0x7f991c07d2a0 unknown :-1 s=BANNER_CONNECTING pgs=0 cs=0 l=0 rev1=0 crypto rx=0 tx=0 comp rx=0 tx=0)._handle_peer_banner_payload supported=3 required=0
2024-05-03T22:29:34.616 INFO:teuthology.orchestra.run.smithi044.stdout:/usr/bin/ceph: stderr
2024-05-03T22:29:26.104+0000 7f9919e00700 1 --2- >> [v2:172.21.15.44:3300/0,v1:172.21.15.44:6789/0] conn(0x7f991c07ee40 0x7f991c07d2a0 unknown :-1 s=HELLO_CONNECTING pgs=0 cs=0 l=0 rev1=1 crypto rx=0 tx=0 comp rx=0 tx=0).handle_hello peer v2:172.21.15.44:3300/0 says I am v2:172.21.15.44:59486/0 (socket says 172.21.15.44:59486)
2024-05-03T22:29:34.616 INFO:teuthology.orchestra.run.smithi044.stdout:/usr/bin/ceph: stderr
2024-05-03T22:29:26.104+0000 7f9919e00700 1 -- 172.21.15.44:0/1581336592 learned_addr learned my addr 172.21.15.44:0/1581336592 (peer_addr_for_me v2:172.21.15.44:0/0)
2024-05-03T22:29:34.616 INFO:teuthology.orchestra.run.smithi044.stdout:/usr/bin/ceph: stderr
2024-05-03T22:29:26.104+0000 7f9919e00700 1 -- 172.21.15.44:0/1581336592 --> [v2:172.21.15.44:3300/0,v1:172.21.15.44:6789/0] -- mon_subscribe({config=0+,monmap=0+}) -- 0x7f991c07d9f0 con 0x7f991c07ee40
2024-05-03T22:29:34.616 INFO:teuthology.orchestra.run.smithi044.stdout:/usr/bin/ceph: stderr
2024-05-03T22:29:26.105+0000 7f9919e00700 1 --2- 172.21.15.44:0/1581336592 >> [v2:172.21.15.44:3300/0,v1:172.21.15.44:6789/0] conn(0x7f991c07ee40 0x7f991c07d2a0 secure :-1 s=READY pgs=28 cs=0 l=1 rev1=1 crypto rx=0x7f990c0098a0 tx=0x7f990c009bb0 comp rx=0 tx=0).ready entity=mon.0 client_cookie=b237422c4ad8aa5c server_cookie=0 in_seq=0 out_seq=0
2024-05-03T22:29:34.616 INFO:teuthology.orchestra.run.smithi044.stdout:/usr/bin/ceph: stderr
2024-05-03T22:29:26.105+0000 7f9918a00700 1 -- 172.21.15.44:0/1581336592 <== mon.0 v2:172.21.15.44:3300/0 1 ==== mon_map magic: 0 ==== 205+0+0 (secure 0 0 0) 0x7f990c004160 con 0x7f991c07ee40
2024-05-03T22:29:34.617 INFO:teuthology.orchestra.run.smithi044.stdout:/usr/bin/ceph: stderr
2024-05-03T22:29:26.105+0000 7f9918a00700 1 -- 172.21.15.44:0/1581336592 <== mon.0 v2:172.21.15.44:3300/0 2 ==== config(27 keys) ==== 1101+0+0 (secure 0 0 0) 0x7f990c004300 con 0x7f991c07ee40
2024-05-03T22:29:34.617 INFO:teuthology.orchestra.run.smithi044.stdout:/usr/bin/ceph: stderr
2024-05-03T22:29:26.105+0000 7f9918a00700 1 -- 172.21.15.44:0/1581336592 <== mon.0 v2:172.21.15.44:3300/0 3 ==== mon_map magic: 0 ==== 205+0+0 (secure 0 0 0) 0x7f990c011b30 con 0x7f991c07ee40
2024-05-03T22:29:34.617 INFO:teuthology.orchestra.run.smithi044.stdout:/usr/bin/ceph: stderr
2024-05-03T22:29:26.106+0000 7f9921000700 1 -- 172.21.15.44:0/1581336592 >> [v2:172.21.15.44:3300/0,v1:172.21.15.44:6789/0] conn(0x7f991c07ee40 msgr2=0x7f991c07d2a0 secure :-1 s=STATE_CONNECTION_ESTABLISHED l=1).mark_down
2024-05-03T22:29:34.617 INFO:teuthology.orchestra.run.smithi044.stdout:/usr/bin/ceph: stderr
2024-05-03T22:29:26.106+0000 7f9921000700 1 --2- 172.21.15.44:0/1581336592 >> [v2:172.21.15.44:3300/0,v1:172.21.15.44:6789/0] conn(0x7f991c07ee40 0x7f991c07d2a0 secure :-1 s=READY pgs=28 cs=0 l=1 rev1=1 crypto rx=0x7f990c0098a0 tx=0x7f990c009bb0 comp rx=0 tx=0).stop
2024-05-03T22:29:34.617 INFO:teuthology.orchestra.run.smithi044.stdout:/usr/bin/ceph: stderr
2024-05-03T22:29:26.106+0000 7f9921000700 1 -- 172.21.15.44:0/1581336592 shutdown_connections
2024-05-03T22:29:34.617 INFO:teuthology.orchestra.run.smithi044.stdout:/usr/bin/ceph: stderr
2024-05-03T22:29:26.106+0000 7f9921000700 1 --2- 172.21.15.44:0/1581336592 >> [v2:172.21.15.44:3300/0,v1:172.21.15.44:6789/0] conn(0x7f991c07ee40 0x7f991c07d2a0 unknown :-1 s=CLOSED pgs=28 cs=0 l=1 rev1=1 crypto rx=0 tx=0 comp rx=0 tx=0).stop
2024-05-03T22:29:34.618 INFO:teuthology.orchestra.run.smithi044.stdout:/usr/bin/ceph: stderr
2024-05-03T22:29:26.106+0000 7f9921000700 1 -- 172.21.15.44:0/1581336592 >> 172.21.15.44:0/1581336592 conn(0x7f991c1044e0 msgr2=0x7f991c106900 unknown :-1 s=STATE_NONE l=0).mark_down
2024-05-03T22:29:34.618 INFO:teuthology.orchestra.run.smithi044.stdout:/usr/bin/ceph: stderr
2024-05-03T22:29:26.106+0000 7f9921000700 1 -- 172.21.15.44:0/1581336592 shutdown_connections
2024-05-03T22:29:34.618 INFO:teuthology.orchestra.run.smithi044.stdout:/usr/bin/ceph: stderr
2024-05-03T22:29:26.106+0000 7f9921000700 1 -- 172.21.15.44:0/1581336592 wait complete.
2024-05-03T22:29:34.618 INFO:teuthology.orchestra.run.smithi044.stdout:/usr/bin/ceph: stderr
2024-05-03T22:29:26.107+0000 7f9921000700 1 Processor -- start
2024-05-03T22:29:34.618 INFO:teuthology.orchestra.run.smithi044.stdout:/usr/bin/ceph: stderr
2024-05-03T22:29:26.108+0000 7f9921000700 1 -- start start
2024-05-03T22:29:34.619 INFO:teuthology.orchestra.run.smithi044.stdout:/usr/bin/ceph: stderr
2024-05-03T22:29:26.108+0000 7f9921000700 1 --2- >> [v2:172.21.15.44:3300/0,v1:172.21.15.44:6789/0] conn(0x7f991c07ee40 0x7f991c19f090 unknown :-1 s=NONE pgs=0 cs=0 l=1 rev1=0 crypto rx=0 tx=0 comp rx=0 tx=0).connect
2024-05-03T22:29:34.619 INFO:teuthology.orchestra.run.smithi044.stdout:/usr/bin/ceph: stderr
2024-05-03T22:29:26.108+0000 7f9921000700 1 -- --> [v2:172.21.15.44:3300/0,v1:172.21.15.44:6789/0] -- mon_getmap magic: 0 -- 0x7f991c10f490 con 0x7f991c07ee40
2024-05-03T22:29:34.619 INFO:teuthology.orchestra.run.smithi044.stdout:/usr/bin/ceph: stderr
2024-05-03T22:29:26.108+0000 7f9919e00700 1 --2- >> [v2:172.21.15.44:3300/0,v1:172.21.15.44:6789/0] conn(0x7f991c07ee40 0x7f991c19f090 unknown :-1 s=BANNER_CONNECTING pgs=0 cs=0 l=1 rev1=0 crypto rx=0 tx=0 comp rx=0 tx=0)._handle_peer_banner_payload supported=3 required=0
2024-05-03T22:29:34.619 INFO:teuthology.orchestra.run.smithi044.stdout:/usr/bin/ceph: stderr
2024-05-03T22:29:26.108+0000 7f9919e00700 1 --2- >> [v2:172.21.15.44:3300/0,v1:172.21.15.44:6789/0] conn(0x7f991c07ee40 0x7f991c19f090 unknown :-1 s=HELLO_CONNECTING pgs=0 cs=0 l=1 rev1=1 crypto rx=0 tx=0 comp rx=0 tx=0).handle_hello peer v2:172.21.15.44:3300/0 says I am v2:172.21.15.44:59500/0 (socket says 172.21.15.44:59500)
2024-05-03T22:29:34.619 INFO:teuthology.orchestra.run.smithi044.stdout:/usr/bin/ceph: stderr
2024-05-03T22:29:26.108+0000 7f9919e00700 1 -- 172.21.15.44:0/1113430109 learned_addr learned my addr 172.21.15.44:0/1113430109 (peer_addr_for_me v2:172.21.15.44:0/0)
2024-05-03T22:29:34.620 INFO:teuthology.orchestra.run.smithi044.stdout:/usr/bin/ceph: stderr
2024-05-03T22:29:26.109+0000 7f9919e00700 1 -- 172.21.15.44:0/1113430109 --> [v2:172.21.15.44:3300/0,v1:172.21.15.44:6789/0] -- mon_subscribe({config=0+,monmap=0+}) -- 0x7f991c19f5d0 con 0x7f991c07ee40
2024-05-03T22:29:34.620 INFO:teuthology.orchestra.run.smithi044.stdout:/usr/bin/ceph: stderr
2024-05-03T22:29:26.109+0000 7f9919e00700 1 --2- 172.21.15.44:0/1113430109 >> [v2:172.21.15.44:3300/0,v1:172.21.15.44:6789/0] conn(0x7f991c07ee40 0x7f991c19f090 secure :-1 s=READY pgs=29 cs=0 l=1 rev1=1 crypto rx=0x7f990c011b50 tx=0x7f990c011c30 comp rx=0 tx=0).ready entity=mon.0 client_cookie=0 server_cookie=0 in_seq=0 out_seq=0
2024-05-03T22:29:34.620 INFO:teuthology.orchestra.run.smithi044.stdout:/usr/bin/ceph: stderr
2024-05-03T22:29:26.109+0000 7f9912a00700 1 -- 172.21.15.44:0/1113430109 <== mon.0 v2:172.21.15.44:3300/0 1 ==== mon_map magic: 0 ==== 205+0+0 (secure 0 0 0) 0x7f990c003aa0 con 0x7f991c07ee40
2024-05-03T22:29:34.620 INFO:teuthology.orchestra.run.smithi044.stdout:/usr/bin/ceph: stderr
2024-05-03T22:29:26.109+0000 7f9912a00700 1 -- 172.21.15.44:0/1113430109 <== mon.0 v2:172.21.15.44:3300/0 2 ==== config(27 keys) ==== 1101+0+0 (secure 0 0 0) 0x7f990c020070 con 0x7f991c07ee40
2024-05-03T22:29:34.620 INFO:teuthology.orchestra.run.smithi044.stdout:/usr/bin/ceph: stderr
2024-05-03T22:29:26.109+0000 7f9921000700 1 -- 172.21.15.44:0/1113430109 --> [v2:172.21.15.44:3300/0,v1:172.21.15.44:6789/0] -- mon_subscribe({mgrmap=0+}) -- 0x7f991c19f860 con 0x7f991c07ee40
2024-05-03T22:29:34.620 INFO:teuthology.orchestra.run.smithi044.stdout:/usr/bin/ceph: stderr
2024-05-03T22:29:26.109+0000 7f9912a00700 1 -- 172.21.15.44:0/1113430109 <== mon.0 v2:172.21.15.44:3300/0 3 ==== mon_map magic: 0 ==== 205+0+0 (secure 0 0 0) 0x7f990c019550 con 0x7f991c07ee40
2024-05-03T22:29:34.621 INFO:teuthology.orchestra.run.smithi044.stdout:/usr/bin/ceph: stderr
2024-05-03T22:29:26.110+0000 7f9921000700 1 -- 172.21.15.44:0/1113430109 --> [v2:172.21.15.44:3300/0,v1:172.21.15.44:6789/0] -- mon_subscribe({osdmap=0}) -- 0x7f991c1a2550 con 0x7f991c07ee40
2024-05-03T22:29:34.621 INFO:teuthology.orchestra.run.smithi044.stdout:/usr/bin/ceph: stderr
2024-05-03T22:29:26.111+0000 7f9912a00700 1 -- 172.21.15.44:0/1113430109 <== mon.0 v2:172.21.15.44:3300/0 4 ==== mgrmap(e 5) ==== 50222+0+0 (secure 0 0 0) 0x7f990c01aa00 con 0x7f991c07ee40
2024-05-03T22:29:34.621 INFO:teuthology.orchestra.run.smithi044.stdout:/usr/bin/ceph: stderr
2024-05-03T22:29:26.111+0000 7f9912a00700 1 --2- 172.21.15.44:0/1113430109 >> [v2:172.21.15.44:6800/950841500,v1:172.21.15.44:6801/950841500] conn(0x7f990003e4c0 0x7f9900040980 unknown :-1 s=NONE pgs=0 cs=0 l=1 rev1=0 crypto rx=0 tx=0 comp rx=0 tx=0).connect
2024-05-03T22:29:34.621 INFO:teuthology.orchestra.run.smithi044.stdout:/usr/bin/ceph: stderr
2024-05-03T22:29:26.111+0000 7f9912a00700 1 -- 172.21.15.44:0/1113430109 --> [v2:172.21.15.44:6800/950841500,v1:172.21.15.44:6801/950841500] -- command(tid 0: {"prefix": "get_command_descriptions"}) -- 0x7f9900041090 con 0x7f990003e4c0
2024-05-03T22:29:34.621 INFO:teuthology.orchestra.run.smithi044.stdout:/usr/bin/ceph: stderr
2024-05-03T22:29:26.111+0000 7f9912a00700 1 -- 172.21.15.44:0/1113430109 <== mon.0 v2:172.21.15.44:3300/0 5 ==== osd_map(1..1 src has 1..1) ==== 725+0+0 (secure 0 0 0) 0x7f990c053980 con 0x7f991c07ee40
2024-05-03T22:29:34.622 INFO:teuthology.orchestra.run.smithi044.stdout:/usr/bin/ceph: stderr
2024-05-03T22:29:26.112+0000 7f9919400700 1 -- 172.21.15.44:0/1113430109 >> [v2:172.21.15.44:6800/950841500,v1:172.21.15.44:6801/950841500] conn(0x7f990003e4c0 msgr2=0x7f9900040980 unknown :-1 s=STATE_CONNECTING_RE l=1).process reconnect failed to v2:172.21.15.44:6800/950841500
2024-05-03T22:29:34.622 INFO:teuthology.orchestra.run.smithi044.stdout:/usr/bin/ceph: stderr
2024-05-03T22:29:26.112+0000 7f9919400700 1 --2- 172.21.15.44:0/1113430109 >> [v2:172.21.15.44:6800/950841500,v1:172.21.15.44:6801/950841500] conn(0x7f990003e4c0 0x7f9900040980 unknown :-1 s=START_CONNECT pgs=0 cs=0 l=1 rev1=0 crypto rx=0 tx=0 comp rx=0 tx=0)._fault waiting 0.200000
2024-05-03T22:29:34.622 INFO:teuthology.orchestra.run.smithi044.stdout:/usr/bin/ceph: stderr
2024-05-03T22:29:26.313+0000 7f9919400700 1 -- 172.21.15.44:0/1113430109 >> [v2:172.21.15.44:6800/950841500,v1:172.21.15.44:6801/950841500] conn(0x7f990003e4c0 msgr2=0x7f9900040980 unknown :-1 s=STATE_CONNECTING_RE l=1).process reconnect failed to v2:172.21.15.44:6800/950841500
2024-05-03T22:29:34.622 INFO:teuthology.orchestra.run.smithi044.stdout:/usr/bin/ceph: stderr
2024-05-03T22:29:26.313+0000 7f9919400700 1 --2- 172.21.15.44:0/1113430109 >> [v2:172.21.15.44:6800/950841500,v1:172.21.15.44:6801/950841500] conn(0x7f990003e4c0 0x7f9900040980 unknown :-1 s=START_CONNECT pgs=0 cs=0 l=1 rev1=0 crypto rx=0 tx=0 comp rx=0 tx=0)._fault waiting 0.400000
2024-05-03T22:29:34.622 INFO:teuthology.orchestra.run.smithi044.stdout:/usr/bin/ceph: stderr
2024-05-03T22:29:26.714+0000 7f9919400700 1 -- 172.21.15.44:0/1113430109 >> [v2:172.21.15.44:6800/950841500,v1:172.21.15.44:6801/950841500] conn(0x7f990003e4c0 msgr2=0x7f9900040980 unknown :-1 s=STATE_CONNECTING_RE l=1).process reconnect failed to v2:172.21.15.44:6800/950841500
2024-05-03T22:29:34.623 INFO:teuthology.orchestra.run.smithi044.stdout:/usr/bin/ceph: stderr
2024-05-03T22:29:26.714+0000 7f9919400700 1 --2- 172.21.15.44:0/1113430109 >> [v2:172.21.15.44:6800/950841500,v1:172.21.15.44:6801/950841500] conn(0x7f990003e4c0 0x7f9900040980 unknown :-1 s=START_CONNECT pgs=0 cs=0 l=1 rev1=0 crypto rx=0 tx=0 comp rx=0 tx=0)._fault waiting 0.800000
2024-05-03T22:29:34.623 INFO:teuthology.orchestra.run.smithi044.stdout:/usr/bin/ceph: stderr
2024-05-03T22:29:27.515+0000 7f9919400700 1 -- 172.21.15.44:0/1113430109 >> [v2:172.21.15.44:6800/950841500,v1:172.21.15.44:6801/950841500] conn(0x7f990003e4c0 msgr2=0x7f9900040980 unknown :-1 s=STATE_CONNECTING_RE l=1).process reconnect failed to v2:172.21.15.44:6800/950841500
2024-05-03T22:29:34.623 INFO:teuthology.orchestra.run.smithi044.stdout:/usr/bin/ceph: stderr
2024-05-03T22:29:27.515+0000 7f9919400700 1 --2- 172.21.15.44:0/1113430109 >> [v2:172.21.15.44:6800/950841500,v1:172.21.15.44:6801/950841500] conn(0x7f990003e4c0 0x7f9900040980 unknown :-1 s=START_CONNECT pgs=0 cs=0 l=1 rev1=0 crypto rx=0 tx=0 comp rx=0 tx=0)._fault waiting 1.600000
2024-05-03T22:29:34.623 INFO:teuthology.orchestra.run.smithi044.stdout:/usr/bin/ceph: stderr
2024-05-03T22:29:29.117+0000 7f9919400700 1 -- 172.21.15.44:0/1113430109 >> [v2:172.21.15.44:6800/950841500,v1:172.21.15.44:6801/950841500] conn(0x7f990003e4c0 msgr2=0x7f9900040980 unknown :-1 s=STATE_CONNECTING_RE l=1).process reconnect failed to v2:172.21.15.44:6800/950841500
2024-05-03T22:29:34.623 INFO:teuthology.orchestra.run.smithi044.stdout:/usr/bin/ceph: stderr
2024-05-03T22:29:29.117+0000 7f9919400700 1 --2- 172.21.15.44:0/1113430109 >> [v2:172.21.15.44:6800/950841500,v1:172.21.15.44:6801/950841500] conn(0x7f990003e4c0 0x7f9900040980 unknown :-1 s=START_CONNECT pgs=0 cs=0 l=1 rev1=0 crypto rx=0 tx=0 comp rx=0 tx=0)._fault waiting 3.200000
2024-05-03T22:29:34.623 INFO:teuthology.orchestra.run.smithi044.stdout:/usr/bin/ceph: stderr
2024-05-03T22:29:32.321+0000 7f9919400700 1 -- 172.21.15.44:0/1113430109 >> [v2:172.21.15.44:6800/950841500,v1:172.21.15.44:6801/950841500] conn(0x7f990003e4c0 msgr2=0x7f9900040980 unknown :-1 s=STATE_CONNECTING_RE l=1).process reconnect failed to v2:172.21.15.44:6800/950841500
2024-05-03T22:29:34.624 INFO:teuthology.orchestra.run.smithi044.stdout:/usr/bin/ceph: stderr
2024-05-03T22:29:32.321+0000 7f9919400700 1 --2- 172.21.15.44:0/1113430109 >> [v2:172.21.15.44:6800/950841500,v1:172.21.15.44:6801/950841500] conn(0x7f990003e4c0 0x7f9900040980 unknown :-1 s=START_CONNECT pgs=0 cs=0 l=1 rev1=0 crypto rx=0 tx=0 comp rx=0 tx=0)._fault waiting 6.400000
2024-05-03T22:29:34.624 INFO:teuthology.orchestra.run.smithi044.stdout:/usr/bin/ceph: stderr
2024-05-03T22:29:32.853+0000 7f9912a00700 1 -- 172.21.15.44:0/1113430109 <== mon.0 v2:172.21.15.44:3300/0 6 ==== mgrmap(e 6) ==== 49989+0+0 (secure 0 0 0) 0x7f990c02a060 con 0x7f991c07ee40
2024-05-03T22:29:34.624 INFO:teuthology.orchestra.run.smithi044.stdout:/usr/bin/ceph: stderr
2024-05-03T22:29:32.854+0000 7f9912a00700 1 -- 172.21.15.44:0/1113430109 >> [v2:172.21.15.44:6800/950841500,v1:172.21.15.44:6801/950841500] conn(0x7f990003e4c0 msgr2=0x7f9900040980 unknown :-1 s=STATE_CONNECTING l=1).mark_down
2024-05-03T22:29:34.624 INFO:teuthology.orchestra.run.smithi044.stdout:/usr/bin/ceph: stderr
2024-05-03T22:29:32.854+0000 7f9912a00700 1 --2- 172.21.15.44:0/1113430109 >> [v2:172.21.15.44:6800/950841500,v1:172.21.15.44:6801/950841500] conn(0x7f990003e4c0 0x7f9900040980 unknown :-1 s=START_CONNECT pgs=0 cs=0 l=1 rev1=0 crypto rx=0 tx=0 comp rx=0 tx=0).stop
2024-05-03T22:29:34.624 INFO:teuthology.orchestra.run.smithi044.stdout:/usr/bin/ceph: stderr
2024-05-03T22:29:33.858+0000 7f9912a00700 1 -- 172.21.15.44:0/1113430109 <== mon.0 v2:172.21.15.44:3300/0 7 ==== mgrmap(e 7) ==== 50116+0+0 (secure 0 0 0) 0x7f990c0551e0 con 0x7f991c07ee40
2024-05-03T22:29:34.624 INFO:teuthology.orchestra.run.smithi044.stdout:/usr/bin/ceph: stderr
2024-05-03T22:29:33.858+0000 7f9912a00700 1 --2- 172.21.15.44:0/1113430109 >> [v2:172.21.15.44:6800/1309719283,v1:172.21.15.44:6801/1309719283] conn(0x7f9900041e00 0x7f99000441f0 unknown :-1 s=NONE pgs=0 cs=0 l=1 rev1=0 crypto rx=0 tx=0 comp rx=0 tx=0).connect
2024-05-03T22:29:34.625 INFO:teuthology.orchestra.run.smithi044.stdout:/usr/bin/ceph: stderr
2024-05-03T22:29:33.859+0000 7f9912a00700 1 -- 172.21.15.44:0/1113430109 --> [v2:172.21.15.44:6800/1309719283,v1:172.21.15.44:6801/1309719283] -- command(tid 0: {"prefix": "get_command_descriptions"}) -- 0x7f990c01bec0 con 0x7f9900041e00
2024-05-03T22:29:34.625 INFO:teuthology.orchestra.run.smithi044.stdout:/usr/bin/ceph: stderr
2024-05-03T22:29:33.860+0000 7f9919400700 1 --2- 172.21.15.44:0/1113430109 >> [v2:172.21.15.44:6800/1309719283,v1:172.21.15.44:6801/1309719283] conn(0x7f9900041e00 0x7f99000441f0 unknown :-1 s=BANNER_CONNECTING pgs=0 cs=0 l=1 rev1=0 crypto rx=0 tx=0 comp rx=0 tx=0)._handle_peer_banner_payload supported=3 required=0
2024-05-03T22:29:34.625 INFO:teuthology.orchestra.run.smithi044.stdout:/usr/bin/ceph: stderr
2024-05-03T22:29:33.865+0000 7f9919400700 1 --2- 172.21.15.44:0/1113430109 >> [v2:172.21.15.44:6800/1309719283,v1:172.21.15.44:6801/1309719283] conn(0x7f9900041e00 0x7f99000441f0 secure :-1 s=READY pgs=3 cs=0 l=1 rev1=1 crypto rx=0x7f9908003a10 tx=0x7f99080092b0 comp rx=0 tx=0).ready entity=mgr.14120 client_cookie=0 server_cookie=0 in_seq=0 out_seq=0
2024-05-03T22:29:34.625 INFO:teuthology.orchestra.run.smithi044.stdout:/usr/bin/ceph: stderr
2024-05-03T22:29:33.867+0000 7f9912a00700 1 -- 172.21.15.44:0/1113430109 <== mgr.14120 v2:172.21.15.44:6800/1309719283 1 ==== command_reply(tid 0: 0 ) ==== 8+0+9564 (secure 0 0 0) 0x7f990c01bec0 con 0x7f9900041e00
2024-05-03T22:29:34.625 INFO:teuthology.orchestra.run.smithi044.stdout:/usr/bin/ceph: stderr
2024-05-03T22:29:33.877+0000 7f9921000700 1 -- 172.21.15.44:0/1113430109 --> [v2:172.21.15.44:6800/1309719283,v1:172.21.15.44:6801/1309719283] -- command(tid 1: {"prefix": "mgr_status"}) -- 0x7f991c064b00 con 0x7f9900041e00
2024-05-03T22:29:34.625 INFO:teuthology.orchestra.run.smithi044.stdout:/usr/bin/ceph: stderr
2024-05-03T22:29:33.878+0000 7f9912a00700 1 -- 172.21.15.44:0/1113430109 <== mgr.14120 v2:172.21.15.44:6800/1309719283 2 ==== command_reply(tid 1: 0 ) ==== 8+0+51 (secure 0 0 0) 0x7f991c064b00 con 0x7f9900041e00
2024-05-03T22:29:34.626 INFO:teuthology.orchestra.run.smithi044.stdout:/usr/bin/ceph: stderr
2024-05-03T22:29:33.878+0000 7f9921000700 1 -- 172.21.15.44:0/1113430109 >> [v2:172.21.15.44:6800/1309719283,v1:172.21.15.44:6801/1309719283] conn(0x7f9900041e00 msgr2=0x7f99000441f0 secure :-1 s=STATE_CONNECTION_ESTABLISHED l=1).mark_down
2024-05-03T22:29:34.626 INFO:teuthology.orchestra.run.smithi044.stdout:/usr/bin/ceph: stderr
2024-05-03T22:29:33.878+0000 7f9921000700 1 --2- 172.21.15.44:0/1113430109 >> [v2:172.21.15.44:6800/1309719283,v1:172.21.15.44:6801/1309719283] conn(0x7f9900041e00 0x7f99000441f0 secure :-1 s=READY pgs=3 cs=0 l=1 rev1=1 crypto rx=0x7f9908003a10 tx=0x7f99080092b0 comp rx=0 tx=0).stop
2024-05-03T22:29:34.626 INFO:teuthology.orchestra.run.smithi044.stdout:/usr/bin/ceph: stderr
2024-05-03T22:29:33.878+0000 7f9921000700 1 -- 172.21.15.44:0/1113430109 >> [v2:172.21.15.44:3300/0,v1:172.21.15.44:6789/0] conn(0x7f991c07ee40 msgr2=0x7f991c19f090 secure :-1 s=STATE_CONNECTION_ESTABLISHED l=1).mark_down
2024-05-03T22:29:34.626 INFO:teuthology.orchestra.run.smithi044.stdout:/usr/bin/ceph: stderr
2024-05-03T22:29:33.878+0000 7f9921000700 1 --2- 172.21.15.44:0/1113430109 >> [v2:172.21.15.44:3300/0,v1:172.21.15.44:6789/0] conn(0x7f991c07ee40 0x7f991c19f090 secure :-1 s=READY pgs=29 cs=0 l=1 rev1=1 crypto rx=0x7f990c011b50 tx=0x7f990c011c30 comp rx=0 tx=0).stop
2024-05-03T22:29:34.626 INFO:teuthology.orchestra.run.smithi044.stdout:/usr/bin/ceph: stderr
2024-05-03T22:29:33.879+0000 7f9921000700 1 -- 172.21.15.44:0/1113430109 shutdown_connections
2024-05-03T22:29:34.626 INFO:teuthology.orchestra.run.smithi044.stdout:/usr/bin/ceph: stderr
2024-05-03T22:29:33.879+0000 7f9921000700 1 --2- 172.21.15.44:0/1113430109 >> [v2:172.21.15.44:6800/1309719283,v1:172.21.15.44:6801/1309719283] conn(0x7f9900041e00 0x7f99000441f0 unknown :-1 s=CLOSED pgs=3 cs=0 l=1 rev1=1 crypto rx=0 tx=0 comp rx=0 tx=0).stop
2024-05-03T22:29:34.627 INFO:teuthology.orchestra.run.smithi044.stdout:/usr/bin/ceph: stderr
2024-05-03T22:29:33.879+0000 7f9921000700 1 --2- 172.21.15.44:0/1113430109 >> [v2:172.21.15.44:3300/0,v1:172.21.15.44:6789/0] conn(0x7f991c07ee40 0x7f991c19f090 unknown :-1 s=CLOSED pgs=29 cs=0 l=1 rev1=1 crypto rx=0 tx=0 comp rx=0 tx=0).stop
2024-05-03T22:29:34.627 INFO:teuthology.orchestra.run.smithi044.stdout:/usr/bin/ceph: stderr
2024-05-03T22:29:33.879+0000 7f9921000700 1 --2- 172.21.15.44:0/1113430109 >> [v2:172.21.15.44:6800/950841500,v1:172.21.15.44:6801/950841500] conn(0x7f990003e4c0 0x7f9900040980 unknown :-1 s=CLOSED pgs=0 cs=0 l=1 rev1=0 crypto rx=0 tx=0 comp rx=0 tx=0).stop
2024-05-03T22:29:34.627 INFO:teuthology.orchestra.run.smithi044.stdout:/usr/bin/ceph: stderr
2024-05-03T22:29:33.879+0000 7f9921000700 1 -- 172.21.15.44:0/1113430109 >> 172.21.15.44:0/1113430109 conn(0x7f991c1044e0 msgr2=0x7f991c105080 unknown :-1 s=STATE_NONE l=0).mark_down
2024-05-03T22:29:34.627 INFO:teuthology.orchestra.run.smithi044.stdout:/usr/bin/ceph: stderr
2024-05-03T22:29:33.879+0000 7f9921000700 1 -- 172.21.15.44:0/1113430109 shutdown_connections
2024-05-03T22:29:34.627 INFO:teuthology.orchestra.run.smithi044.stdout:/usr/bin/ceph: stderr
2024-05-03T22:29:33.879+0000 7f9921000700 1 -- 172.21.15.44:0/1113430109 wait complete.
2024-05-03T22:29:34.627 INFO:teuthology.orchestra.run.smithi044.stdout:mgr epoch 5 is available
2024-05-03T22:29:34.627 INFO:teuthology.orchestra.run.smithi044.stdout:Setting orchestrator backend to cephadm...
2024-05-03T22:29:35.199 INFO:journalctl@ceph.mon.a.smithi044.stdout:May 03 22:29:34 smithi044 ceph-mon[28604]: [03/May/2024:22:29:33] ENGINE Bus STARTING
2024-05-03T22:29:35.199 INFO:journalctl@ceph.mon.a.smithi044.stdout:May 03 22:29:34 smithi044 ceph-mon[28604]: from='client.14124 -' entity='client.admin' cmd=[{"prefix": "get_command_descriptions"}]: dispatch
2024-05-03T22:29:35.199 INFO:journalctl@ceph.mon.a.smithi044.stdout:May 03 22:29:34 smithi044 ceph-mon[28604]: from='client.14124 -' entity='client.admin' cmd=[{"prefix": "mgr_status"}]: dispatch
2024-05-03T22:29:35.199 INFO:journalctl@ceph.mon.a.smithi044.stdout:May 03 22:29:34 smithi044 ceph-mon[28604]: [03/May/2024:22:29:33] ENGINE Serving on https://172.21.15.44:7150
2024-05-03T22:29:35.200 INFO:journalctl@ceph.mon.a.smithi044.stdout:May 03 22:29:34 smithi044 ceph-mon[28604]: [03/May/2024:22:29:33] ENGINE Serving on http://172.21.15.44:8765
2024-05-03T22:29:35.200 INFO:journalctl@ceph.mon.a.smithi044.stdout:May 03 22:29:34 smithi044 ceph-mon[28604]: [03/May/2024:22:29:33] ENGINE Bus STARTED
2024-05-03T22:29:35.200 INFO:journalctl@ceph.mon.a.smithi044.stdout:May 03 22:29:34 smithi044 ceph-mon[28604]: from='mgr.14120 172.21.15.44:0/1656287351' entity='mgr.x' cmd=[{"prefix": "config dump", "format": "json"}]: dispatch
2024-05-03T22:29:36.203 INFO:journalctl@ceph.mon.a.smithi044.stdout:May 03 22:29:35 smithi044 ceph-mon[28604]: mgrmap e8: x(active, since 2s)
2024-05-03T22:29:36.203 INFO:journalctl@ceph.mon.a.smithi044.stdout:May 03 22:29:35 smithi044 ceph-mon[28604]: from='mgr.14120 172.21.15.44:0/1656287351' entity='mgr.x'
2024-05-03T22:29:36.203 INFO:journalctl@ceph.mon.a.smithi044.stdout:May 03 22:29:35 smithi044 ceph-mon[28604]: from='mgr.14120 172.21.15.44:0/1656287351' entity='mgr.x' cmd=[{"prefix": "config dump", "format": "json"}]: dispatch
2024-05-03T22:29:36.220 INFO:teuthology.orchestra.run.smithi044.stdout:/usr/bin/ceph: stderr
2024-05-03T22:29:35.228+0000 7fe42b200700 1 Processor -- start
2024-05-03T22:29:36.220 INFO:teuthology.orchestra.run.smithi044.stdout:/usr/bin/ceph: stderr
2024-05-03T22:29:35.228+0000 7fe42b200700 1 -- start start
2024-05-03T22:29:36.220 INFO:teuthology.orchestra.run.smithi044.stdout:/usr/bin/ceph: stderr
2024-05-03T22:29:35.229+0000 7fe42b200700 1 --2- >> [v2:172.21.15.44:3300/0,v1:172.21.15.44:6789/0] conn(0x7fe42410b130 0x7fe42410b550 unknown :-1 s=NONE pgs=0 cs=0 l=0 rev1=0 crypto rx=0 tx=0 comp rx=0 tx=0).connect
2024-05-03T22:29:36.221 INFO:teuthology.orchestra.run.smithi044.stdout:/usr/bin/ceph: stderr
2024-05-03T22:29:35.229+0000 7fe42b200700 1 -- --> [v2:172.21.15.44:3300/0,v1:172.21.15.44:6789/0] -- mon_getmap magic: 0 -- 0x7fe42410bb20 con 0x7fe42410b130
2024-05-03T22:29:36.221 INFO:teuthology.orchestra.run.smithi044.stdout:/usr/bin/ceph: stderr
2024-05-03T22:29:35.229+0000 7fe423e00700 1 --2- >> [v2:172.21.15.44:3300/0,v1:172.21.15.44:6789/0] conn(0x7fe42410b130 0x7fe42410b550 unknown :-1 s=BANNER_CONNECTING pgs=0 cs=0 l=0 rev1=0 crypto rx=0 tx=0 comp rx=0 tx=0)._handle_peer_banner_payload supported=3 required=0
2024-05-03T22:29:36.221 INFO:teuthology.orchestra.run.smithi044.stdout:/usr/bin/ceph: stderr
2024-05-03T22:29:35.229+0000 7fe423e00700 1 --2- >> [v2:172.21.15.44:3300/0,v1:172.21.15.44:6789/0] conn(0x7fe42410b130 0x7fe42410b550 unknown :-1 s=HELLO_CONNECTING pgs=0 cs=0 l=0 rev1=1 crypto rx=0 tx=0 comp rx=0 tx=0).handle_hello peer v2:172.21.15.44:3300/0 says I am v2:172.21.15.44:47722/0 (socket says 172.21.15.44:47722)
2024-05-03T22:29:36.221 INFO:teuthology.orchestra.run.smithi044.stdout:/usr/bin/ceph: stderr
2024-05-03T22:29:35.229+0000 7fe423e00700 1 -- 172.21.15.44:0/907503151 learned_addr learned my addr 172.21.15.44:0/907503151 (peer_addr_for_me v2:172.21.15.44:0/0)
2024-05-03T22:29:36.221 INFO:teuthology.orchestra.run.smithi044.stdout:/usr/bin/ceph: stderr
2024-05-03T22:29:35.230+0000 7fe423e00700 1 -- 172.21.15.44:0/907503151 --> [v2:172.21.15.44:3300/0,v1:172.21.15.44:6789/0] -- mon_subscribe({config=0+,monmap=0+}) -- 0x7fe42410c300 con 0x7fe42410b130
2024-05-03T22:29:36.221 INFO:teuthology.orchestra.run.smithi044.stdout:/usr/bin/ceph: stderr
2024-05-03T22:29:35.230+0000 7fe423e00700 1 --2- 172.21.15.44:0/907503151 >> [v2:172.21.15.44:3300/0,v1:172.21.15.44:6789/0] conn(0x7fe42410b130 0x7fe42410b550 secure :-1 s=READY pgs=37 cs=0 l=1 rev1=1 crypto rx=0x7fe4140098a0 tx=0x7fe414009bb0 comp rx=0 tx=0).ready entity=mon.0 client_cookie=821c38ad0d2b3a03 server_cookie=0 in_seq=0 out_seq=0
2024-05-03T22:29:36.221 INFO:teuthology.orchestra.run.smithi044.stdout:/usr/bin/ceph: stderr
2024-05-03T22:29:35.231+0000 7fe422a00700 1 -- 172.21.15.44:0/907503151 <== mon.0 v2:172.21.15.44:3300/0 1 ==== mon_map magic: 0 ==== 205+0+0 (secure 0 0 0) 0x7fe414004160 con 0x7fe42410b130
2024-05-03T22:29:36.221 INFO:teuthology.orchestra.run.smithi044.stdout:/usr/bin/ceph: stderr
2024-05-03T22:29:35.231+0000 7fe422a00700 1 -- 172.21.15.44:0/907503151 <== mon.0 v2:172.21.15.44:3300/0 2 ==== config(27 keys) ==== 1101+0+0 (secure 0 0 0) 0x7fe414004300 con 0x7fe42410b130
2024-05-03T22:29:36.221 INFO:teuthology.orchestra.run.smithi044.stdout:/usr/bin/ceph: stderr
2024-05-03T22:29:35.231+0000 7fe422a00700 1 -- 172.21.15.44:0/907503151 <== mon.0 v2:172.21.15.44:3300/0 3 ==== mon_map magic: 0 ==== 205+0+0 (secure 0 0 0) 0x7fe414011b30 con 0x7fe42410b130
2024-05-03T22:29:36.221 INFO:teuthology.orchestra.run.smithi044.stdout:/usr/bin/ceph: stderr
2024-05-03T22:29:35.231+0000 7fe42b200700 1 -- 172.21.15.44:0/907503151 >> [v2:172.21.15.44:3300/0,v1:172.21.15.44:6789/0] conn(0x7fe42410b130 msgr2=0x7fe42410b550 secure :-1 s=STATE_CONNECTION_ESTABLISHED l=1).mark_down
2024-05-03T22:29:36.221 INFO:teuthology.orchestra.run.smithi044.stdout:/usr/bin/ceph: stderr
2024-05-03T22:29:35.231+0000 7fe42b200700 1 --2- 172.21.15.44:0/907503151 >> [v2:172.21.15.44:3300/0,v1:172.21.15.44:6789/0] conn(0x7fe42410b130 0x7fe42410b550 secure :-1 s=READY pgs=37 cs=0 l=1 rev1=1 crypto rx=0x7fe4140098a0 tx=0x7fe414009bb0 comp rx=0 tx=0).stop
2024-05-03T22:29:36.221 INFO:teuthology.orchestra.run.smithi044.stdout:/usr/bin/ceph: stderr
2024-05-03T22:29:35.231+0000 7fe42b200700 1 -- 172.21.15.44:0/907503151 shutdown_connections
2024-05-03T22:29:36.221 INFO:teuthology.orchestra.run.smithi044.stdout:/usr/bin/ceph: stderr
2024-05-03T22:29:35.231+0000 7fe42b200700 1 --2- 172.21.15.44:0/907503151 >> [v2:172.21.15.44:3300/0,v1:172.21.15.44:6789/0] conn(0x7fe42410b130 0x7fe42410b550 unknown :-1 s=CLOSED pgs=37 cs=0 l=1 rev1=1 crypto rx=0 tx=0 comp rx=0 tx=0).stop
2024-05-03T22:29:36.222 INFO:teuthology.orchestra.run.smithi044.stdout:/usr/bin/ceph: stderr
2024-05-03T22:29:35.231+0000 7fe42b200700 1 -- 172.21.15.44:0/907503151 >> 172.21.15.44:0/907503151 conn(0x7fe42407e4b0 msgr2=0x7fe42407e900 unknown :-1 s=STATE_NONE l=0).mark_down
2024-05-03T22:29:36.222 INFO:teuthology.orchestra.run.smithi044.stdout:/usr/bin/ceph: stderr
2024-05-03T22:29:35.232+0000 7fe42b200700 1 -- 172.21.15.44:0/907503151 shutdown_connections
2024-05-03T22:29:36.222 INFO:teuthology.orchestra.run.smithi044.stdout:/usr/bin/ceph: stderr
2024-05-03T22:29:35.232+0000 7fe42b200700 1 -- 172.21.15.44:0/907503151 wait complete.
2024-05-03T22:29:36.222 INFO:teuthology.orchestra.run.smithi044.stdout:/usr/bin/ceph: stderr
2024-05-03T22:29:35.233+0000 7fe42b200700 1 Processor -- start
2024-05-03T22:29:36.222 INFO:teuthology.orchestra.run.smithi044.stdout:/usr/bin/ceph: stderr
2024-05-03T22:29:35.233+0000 7fe42b200700 1 -- start start
2024-05-03T22:29:36.222 INFO:teuthology.orchestra.run.smithi044.stdout:/usr/bin/ceph: stderr
2024-05-03T22:29:35.233+0000 7fe42b200700 1 --2- >> [v2:172.21.15.44:3300/0,v1:172.21.15.44:6789/0] conn(0x7fe42410b130 0x7fe42419f0c0 unknown :-1 s=NONE pgs=0 cs=0 l=1 rev1=0 crypto rx=0 tx=0 comp rx=0 tx=0).connect
2024-05-03T22:29:36.222 INFO:teuthology.orchestra.run.smithi044.stdout:/usr/bin/ceph: stderr
2024-05-03T22:29:35.233+0000 7fe42b200700 1 -- --> [v2:172.21.15.44:3300/0,v1:172.21.15.44:6789/0] -- mon_getmap magic: 0 -- 0x7fe42410f6b0 con 0x7fe42410b130
2024-05-03T22:29:36.222 INFO:teuthology.orchestra.run.smithi044.stdout:/usr/bin/ceph: stderr
2024-05-03T22:29:35.234+0000 7fe423e00700 1 --2- >> [v2:172.21.15.44:3300/0,v1:172.21.15.44:6789/0] conn(0x7fe42410b130 0x7fe42419f0c0 unknown :-1 s=BANNER_CONNECTING pgs=0 cs=0 l=1 rev1=0 crypto rx=0 tx=0 comp rx=0 tx=0)._handle_peer_banner_payload supported=3 required=0
2024-05-03T22:29:36.222 INFO:teuthology.orchestra.run.smithi044.stdout:/usr/bin/ceph: stderr
2024-05-03T22:29:35.234+0000 7fe423e00700 1 --2- >> [v2:172.21.15.44:3300/0,v1:172.21.15.44:6789/0] conn(0x7fe42410b130 0x7fe42419f0c0 unknown :-1 s=HELLO_CONNECTING pgs=0 cs=0 l=1 rev1=1 crypto rx=0 tx=0 comp rx=0 tx=0).handle_hello peer v2:172.21.15.44:3300/0 says I am v2:172.21.15.44:47728/0 (socket says 172.21.15.44:47728)
2024-05-03T22:29:36.222 INFO:teuthology.orchestra.run.smithi044.stdout:/usr/bin/ceph: stderr
2024-05-03T22:29:35.234+0000 7fe423e00700 1 -- 172.21.15.44:0/2107741677 learned_addr learned my addr 172.21.15.44:0/2107741677 (peer_addr_for_me v2:172.21.15.44:0/0)
2024-05-03T22:29:36.222 INFO:teuthology.orchestra.run.smithi044.stdout:/usr/bin/ceph: stderr
2024-05-03T22:29:35.234+0000 7fe423e00700 1 -- 172.21.15.44:0/2107741677 --> [v2:172.21.15.44:3300/0,v1:172.21.15.44:6789/0] -- mon_subscribe({config=0+,monmap=0+}) -- 0x7fe42419f600 con 0x7fe42410b130
2024-05-03T22:29:36.222 INFO:teuthology.orchestra.run.smithi044.stdout:/usr/bin/ceph: stderr
2024-05-03T22:29:35.234+0000 7fe423e00700 1 --2- 172.21.15.44:0/2107741677 >> [v2:172.21.15.44:3300/0,v1:172.21.15.44:6789/0] conn(0x7fe42410b130 0x7fe42419f0c0 secure :-1 s=READY pgs=38 cs=0 l=1 rev1=1 crypto rx=0x7fe414011670 tx=0x7fe414011c00 comp rx=0 tx=0).ready entity=mon.0 client_cookie=0 server_cookie=0 in_seq=0 out_seq=0
2024-05-03T22:29:36.222 INFO:teuthology.orchestra.run.smithi044.stdout:/usr/bin/ceph: stderr
2024-05-03T22:29:35.235+0000 7fe420c00700 1 -- 172.21.15.44:0/2107741677 <== mon.0 v2:172.21.15.44:3300/0 1 ==== mon_map magic: 0 ==== 205+0+0 (secure 0 0 0) 0x7fe4140038b0 con 0x7fe42410b130
2024-05-03T22:29:36.222 INFO:teuthology.orchestra.run.smithi044.stdout:/usr/bin/ceph: stderr
2024-05-03T22:29:35.235+0000 7fe420c00700 1 -- 172.21.15.44:0/2107741677 <== mon.0 v2:172.21.15.44:3300/0 2 ==== config(27 keys) ==== 1101+0+0 (secure 0 0 0) 0x7fe41401a430 con 0x7fe42410b130
2024-05-03T22:29:36.223 INFO:teuthology.orchestra.run.smithi044.stdout:/usr/bin/ceph: stderr
2024-05-03T22:29:35.235+0000 7fe420c00700 1 -- 172.21.15.44:0/2107741677 <== mon.0 v2:172.21.15.44:3300/0 3 ==== mon_map magic: 0 ==== 205+0+0 (secure 0 0 0) 0x7fe4140195a0 con 0x7fe42410b130
2024-05-03T22:29:36.223 INFO:teuthology.orchestra.run.smithi044.stdout:/usr/bin/ceph: stderr
2024-05-03T22:29:35.235+0000 7fe42b200700 1 -- 172.21.15.44:0/2107741677 --> [v2:172.21.15.44:3300/0,v1:172.21.15.44:6789/0] -- mon_subscribe({mgrmap=0+}) -- 0x7fe42419f890 con 0x7fe42410b130
2024-05-03T22:29:36.223 INFO:teuthology.orchestra.run.smithi044.stdout:/usr/bin/ceph: stderr
2024-05-03T22:29:35.235+0000 7fe42b200700 1 -- 172.21.15.44:0/2107741677 --> [v2:172.21.15.44:3300/0,v1:172.21.15.44:6789/0] -- mon_subscribe({osdmap=0}) -- 0x7fe4241a2580 con 0x7fe42410b130
2024-05-03T22:29:36.223 INFO:teuthology.orchestra.run.smithi044.stdout:/usr/bin/ceph: stderr
2024-05-03T22:29:35.236+0000 7fe420c00700 1 -- 172.21.15.44:0/2107741677 <== mon.0 v2:172.21.15.44:3300/0 4 ==== mgrmap(e 8) ==== 50222+0+0 (secure 0 0 0) 0x7fe414003a50 con 0x7fe42410b130
2024-05-03T22:29:36.223 INFO:teuthology.orchestra.run.smithi044.stdout:/usr/bin/ceph: stderr
2024-05-03T22:29:35.236+0000 7fe42b200700 1 -- 172.21.15.44:0/2107741677 --> [v2:172.21.15.44:3300/0,v1:172.21.15.44:6789/0] -- mon_command({"prefix": "get_command_descriptions"} v 0) -- 0x7fe424064b00 con 0x7fe42410b130
2024-05-03T22:29:36.223 INFO:teuthology.orchestra.run.smithi044.stdout:/usr/bin/ceph: stderr
2024-05-03T22:29:35.236+0000 7fe420c00700 1 --2- 172.21.15.44:0/2107741677 >> [v2:172.21.15.44:6800/1309719283,v1:172.21.15.44:6801/1309719283] conn(0x7fe40803e470 0x7fe408040930 unknown :-1 s=NONE pgs=0 cs=0 l=1 rev1=0 crypto rx=0 tx=0 comp rx=0 tx=0).connect
2024-05-03T22:29:36.223 INFO:teuthology.orchestra.run.smithi044.stdout:/usr/bin/ceph: stderr
2024-05-03T22:29:35.236+0000 7fe420c00700 1 -- 172.21.15.44:0/2107741677 <== mon.0 v2:172.21.15.44:3300/0 5 ==== osd_map(2..2 src has 1..2) ==== 940+0+0 (secure 0 0 0) 0x7fe4140538d0 con 0x7fe42410b130
2024-05-03T22:29:36.223 INFO:teuthology.orchestra.run.smithi044.stdout:/usr/bin/ceph: stderr
2024-05-03T22:29:35.237+0000 7fe423400700 1 --2- 172.21.15.44:0/2107741677 >> [v2:172.21.15.44:6800/1309719283,v1:172.21.15.44:6801/1309719283] conn(0x7fe40803e470 0x7fe408040930 unknown :-1 s=BANNER_CONNECTING pgs=0 cs=0 l=1 rev1=0 crypto rx=0 tx=0 comp rx=0 tx=0)._handle_peer_banner_payload supported=3 required=0
2024-05-03T22:29:36.223 INFO:teuthology.orchestra.run.smithi044.stdout:/usr/bin/ceph: stderr
2024-05-03T22:29:35.237+0000 7fe423400700 1 --2- 172.21.15.44:0/2107741677 >> [v2:172.21.15.44:6800/1309719283,v1:172.21.15.44:6801/1309719283] conn(0x7fe40803e470 0x7fe408040930 secure :-1 s=READY pgs=7 cs=0 l=1 rev1=1 crypto rx=0x7fe410006fd0 tx=0x7fe410006e40 comp rx=0 tx=0).ready entity=mgr.14120 client_cookie=0 server_cookie=0 in_seq=0 out_seq=0
2024-05-03T22:29:36.223 INFO:teuthology.orchestra.run.smithi044.stdout:/usr/bin/ceph: stderr
2024-05-03T22:29:35.242+0000 7fe420c00700 1 -- 172.21.15.44:0/2107741677 <== mon.0 v2:172.21.15.44:3300/0 6 ==== mon_command_ack([{"prefix": "get_command_descriptions"}]=0 v0) ==== 72+0+191839 (secure 0 0 0) 0x7fe414021e80 con 0x7fe42410b130
2024-05-03T22:29:36.223 INFO:teuthology.orchestra.run.smithi044.stdout:/usr/bin/ceph: stderr
2024-05-03T22:29:35.495+0000 7fe42b200700 1 -- 172.21.15.44:0/2107741677 --> [v2:172.21.15.44:6800/1309719283,v1:172.21.15.44:6801/1309719283] -- mgr_command(tid 0: {"prefix": "orch set backend", "module_name": "cephadm", "target": ["mon-mgr", ""]}) -- 0x7fe424109550 con 0x7fe40803e470
2024-05-03T22:29:36.223 INFO:teuthology.orchestra.run.smithi044.stdout:/usr/bin/ceph: stderr
2024-05-03T22:29:35.507+0000 7fe420c00700 1 -- 172.21.15.44:0/2107741677 <== mgr.14120 v2:172.21.15.44:6800/1309719283 1 ==== mgr_command_reply(tid 0: 0 ) ==== 8+0+0 (secure 0 0 0) 0x7fe424109550 con 0x7fe40803e470
2024-05-03T22:29:36.223 INFO:teuthology.orchestra.run.smithi044.stdout:/usr/bin/ceph: stderr
2024-05-03T22:29:35.511+0000 7fe42b200700 1 -- 172.21.15.44:0/2107741677 >> [v2:172.21.15.44:6800/1309719283,v1:172.21.15.44:6801/1309719283] conn(0x7fe40803e470 msgr2=0x7fe408040930 secure :-1 s=STATE_CONNECTION_ESTABLISHED l=1).mark_down
2024-05-03T22:29:36.223 INFO:teuthology.orchestra.run.smithi044.stdout:/usr/bin/ceph: stderr
2024-05-03T22:29:35.511+0000 7fe42b200700 1 --2- 172.21.15.44:0/2107741677 >> [v2:172.21.15.44:6800/1309719283,v1:172.21.15.44:6801/1309719283] conn(0x7fe40803e470 0x7fe408040930 secure :-1 s=READY pgs=7 cs=0 l=1 rev1=1 crypto rx=0x7fe410006fd0 tx=0x7fe410006e40 comp rx=0 tx=0).stop
2024-05-03T22:29:36.223 INFO:teuthology.orchestra.run.smithi044.stdout:/usr/bin/ceph: stderr
2024-05-03T22:29:35.511+0000 7fe42b200700 1 -- 172.21.15.44:0/2107741677 >> [v2:172.21.15.44:3300/0,v1:172.21.15.44:6789/0] conn(0x7fe42410b130 msgr2=0x7fe42419f0c0 secure :-1 s=STATE_CONNECTION_ESTABLISHED l=1).mark_down
2024-05-03T22:29:36.223 INFO:teuthology.orchestra.run.smithi044.stdout:/usr/bin/ceph: stderr
2024-05-03T22:29:35.511+0000 7fe42b200700 1 --2- 172.21.15.44:0/2107741677 >> [v2:172.21.15.44:3300/0,v1:172.21.15.44:6789/0] conn(0x7fe42410b130 0x7fe42419f0c0 secure :-1 s=READY pgs=38 cs=0 l=1 rev1=1 crypto rx=0x7fe414011670 tx=0x7fe414011c00 comp rx=0 tx=0).stop
2024-05-03T22:29:36.224 INFO:teuthology.orchestra.run.smithi044.stdout:/usr/bin/ceph: stderr
2024-05-03T22:29:35.511+0000 7fe42b200700 1 -- 172.21.15.44:0/2107741677 shutdown_connections
2024-05-03T22:29:36.224 INFO:teuthology.orchestra.run.smithi044.stdout:/usr/bin/ceph: stderr
2024-05-03T22:29:35.511+0000 7fe42b200700 1 --2- 172.21.15.44:0/2107741677 >> [v2:172.21.15.44:6800/1309719283,v1:172.21.15.44:6801/1309719283] conn(0x7fe40803e470 0x7fe408040930 unknown :-1 s=CLOSED pgs=7 cs=0 l=1 rev1=1 crypto rx=0 tx=0 comp rx=0 tx=0).stop
2024-05-03T22:29:36.224 INFO:teuthology.orchestra.run.smithi044.stdout:/usr/bin/ceph: stderr
2024-05-03T22:29:35.511+0000 7fe42b200700 1 --2- 172.21.15.44:0/2107741677 >> [v2:172.21.15.44:3300/0,v1:172.21.15.44:6789/0] conn(0x7fe42410b130 0x7fe42419f0c0 unknown :-1 s=CLOSED pgs=38 cs=0 l=1 rev1=1 crypto rx=0 tx=0 comp rx=0 tx=0).stop
2024-05-03T22:29:36.224 INFO:teuthology.orchestra.run.smithi044.stdout:/usr/bin/ceph: stderr
2024-05-03T22:29:35.511+0000 7fe42b200700 1 -- 172.21.15.44:0/2107741677 >> 172.21.15.44:0/2107741677 conn(0x7fe42407e4b0 msgr2=0x7fe424108e40 unknown :-1 s=STATE_NONE l=0).mark_down
2024-05-03T22:29:36.224 INFO:teuthology.orchestra.run.smithi044.stdout:/usr/bin/ceph: stderr
2024-05-03T22:29:35.512+0000 7fe42b200700 1 -- 172.21.15.44:0/2107741677 shutdown_connections
2024-05-03T22:29:36.224 INFO:teuthology.orchestra.run.smithi044.stdout:/usr/bin/ceph: stderr
2024-05-03T22:29:35.512+0000 7fe42b200700 1 -- 172.21.15.44:0/2107741677 wait complete.
2024-05-03T22:29:37.062 INFO:journalctl@ceph.mon.a.smithi044.stdout:May 03 22:29:36 smithi044 ceph-mon[28604]: from='client.14132 -' entity='client.admin' cmd=[{"prefix": "orch set backend", "module_name": "cephadm", "target": ["mon-mgr", ""]}]: dispatch
2024-05-03T22:29:37.750 INFO:teuthology.orchestra.run.smithi044.stdout:/usr/bin/ceph: stdout value unchanged
2024-05-03T22:29:37.750 INFO:teuthology.orchestra.run.smithi044.stdout:/usr/bin/ceph: stderr
2024-05-03T22:29:36.808+0000 7fa69de00700 1 Processor -- start
2024-05-03T22:29:37.756 INFO:teuthology.orchestra.run.smithi044.stdout:/usr/bin/ceph: stderr
2024-05-03T22:29:36.808+0000 7fa69de00700 1 -- start start
2024-05-03T22:29:37.757 INFO:teuthology.orchestra.run.smithi044.stdout:/usr/bin/ceph: stderr
2024-05-03T22:29:36.809+0000 7fa69de00700 1 --2- >> [v2:172.21.15.44:3300/0,v1:172.21.15.44:6789/0] conn(0x7fa698107620 0x7fa698107a40 unknown :-1 s=NONE pgs=0 cs=0 l=0 rev1=0 crypto rx=0 tx=0 comp rx=0 tx=0).connect
2024-05-03T22:29:37.757 INFO:teuthology.orchestra.run.smithi044.stdout:/usr/bin/ceph: stderr
2024-05-03T22:29:36.809+0000 7fa69de00700 1 -- --> [v2:172.21.15.44:3300/0,v1:172.21.15.44:6789/0] -- mon_getmap magic: 0 -- 0x7fa69807cdf0 con 0x7fa698107620
2024-05-03T22:29:37.757 INFO:teuthology.orchestra.run.smithi044.stdout:/usr/bin/ceph: stderr
2024-05-03T22:29:36.809+0000 7fa69ca00700 1 --2- >> [v2:172.21.15.44:3300/0,v1:172.21.15.44:6789/0] conn(0x7fa698107620 0x7fa698107a40 unknown :-1 s=BANNER_CONNECTING pgs=0 cs=0 l=0 rev1=0 crypto rx=0 tx=0 comp rx=0 tx=0)._handle_peer_banner_payload supported=3 required=0
2024-05-03T22:29:37.757 INFO:teuthology.orchestra.run.smithi044.stdout:/usr/bin/ceph: stderr
2024-05-03T22:29:36.809+0000 7fa69ca00700 1 --2- >> [v2:172.21.15.44:3300/0,v1:172.21.15.44:6789/0] conn(0x7fa698107620 0x7fa698107a40 unknown :-1 s=HELLO_CONNECTING pgs=0 cs=0 l=0 rev1=1 crypto rx=0 tx=0 comp rx=0 tx=0).handle_hello peer v2:172.21.15.44:3300/0 says I am v2:172.21.15.44:47730/0 (socket says 172.21.15.44:47730)
2024-05-03T22:29:37.757 INFO:teuthology.orchestra.run.smithi044.stdout:/usr/bin/ceph: stderr
2024-05-03T22:29:36.810+0000 7fa69ca00700 1 -- 172.21.15.44:0/2384483241 learned_addr learned my addr 172.21.15.44:0/2384483241 (peer_addr_for_me v2:172.21.15.44:0/0)
2024-05-03T22:29:37.757 INFO:teuthology.orchestra.run.smithi044.stdout:/usr/bin/ceph: stderr
2024-05-03T22:29:36.810+0000 7fa69ca00700 1 -- 172.21.15.44:0/2384483241 --> [v2:172.21.15.44:3300/0,v1:172.21.15.44:6789/0] -- mon_subscribe({config=0+,monmap=0+}) -- 0x7fa698107f80 con 0x7fa698107620
2024-05-03T22:29:37.757 INFO:teuthology.orchestra.run.smithi044.stdout:/usr/bin/ceph: stderr
2024-05-03T22:29:36.810+0000 7fa69ca00700 1 --2- 172.21.15.44:0/2384483241 >> [v2:172.21.15.44:3300/0,v1:172.21.15.44:6789/0] conn(0x7fa698107620 0x7fa698107a40 secure :-1 s=READY pgs=39 cs=0 l=1 rev1=1 crypto rx=0x7fa68c009e80 tx=0x7fa68c00b330 comp rx=0 tx=0).ready entity=mon.0 client_cookie=176d79584abdb6c4 server_cookie=0 in_seq=0 out_seq=0
2024-05-03T22:29:37.757 INFO:teuthology.orchestra.run.smithi044.stdout:/usr/bin/ceph: stderr
2024-05-03T22:29:36.811+0000 7fa697400700 1 -- 172.21.15.44:0/2384483241 <== mon.0 v2:172.21.15.44:3300/0 1 ==== mon_map magic: 0 ==== 205+0+0 (secure 0 0 0) 0x7fa68c017070 con 0x7fa698107620
2024-05-03T22:29:37.757 INFO:teuthology.orchestra.run.smithi044.stdout:/usr/bin/ceph: stderr
2024-05-03T22:29:36.811+0000 7fa697400700 1 -- 172.21.15.44:0/2384483241 <== mon.0 v2:172.21.15.44:3300/0 2 ==== config(27 keys) ==== 1101+0+0 (secure 0 0 0) 0x7fa68c00b8c0 con 0x7fa698107620
2024-05-03T22:29:37.757 INFO:teuthology.orchestra.run.smithi044.stdout:/usr/bin/ceph: stderr
2024-05-03T22:29:36.811+0000 7fa697400700 1 -- 172.21.15.44:0/2384483241 <== mon.0 v2:172.21.15.44:3300/0 3 ==== mon_map magic: 0 ==== 205+0+0 (secure 0 0 0) 0x7fa68c0045a0 con 0x7fa698107620
2024-05-03T22:29:37.757 INFO:teuthology.orchestra.run.smithi044.stdout:/usr/bin/ceph: stderr
2024-05-03T22:29:36.811+0000 7fa69de00700 1 -- 172.21.15.44:0/2384483241 >> [v2:172.21.15.44:3300/0,v1:172.21.15.44:6789/0] conn(0x7fa698107620 msgr2=0x7fa698107a40 secure :-1 s=STATE_CONNECTION_ESTABLISHED l=1).mark_down
2024-05-03T22:29:37.757 INFO:teuthology.orchestra.run.smithi044.stdout:/usr/bin/ceph: stderr
2024-05-03T22:29:36.811+0000 7fa69de00700 1 --2- 172.21.15.44:0/2384483241 >> [v2:172.21.15.44:3300/0,v1:172.21.15.44:6789/0] conn(0x7fa698107620 0x7fa698107a40 secure :-1 s=READY pgs=39 cs=0 l=1 rev1=1 crypto rx=0x7fa68c009e80 tx=0x7fa68c00b330 comp rx=0 tx=0).stop
2024-05-03T22:29:37.757 INFO:teuthology.orchestra.run.smithi044.stdout:/usr/bin/ceph: stderr
