2024-05-04T04:43:23.084 INFO:teuthology.orchestra.run.smithi134.stdout:/usr/bin/ceph: stdout {
2024-05-04T04:43:23.084 INFO:teuthology.orchestra.run.smithi134.stdout:/usr/bin/ceph: stdout "epoch": 5,
2024-05-04T04:43:23.084 INFO:teuthology.orchestra.run.smithi134.stdout:/usr/bin/ceph: stdout "available": true,
2024-05-04T04:43:23.084 INFO:teuthology.orchestra.run.smithi134.stdout:/usr/bin/ceph: stdout "active_name": "x",
2024-05-04T04:43:23.084 INFO:teuthology.orchestra.run.smithi134.stdout:/usr/bin/ceph: stdout "num_standby": 0
2024-05-04T04:43:23.084 INFO:teuthology.orchestra.run.smithi134.stdout:/usr/bin/ceph: stdout }
2024-05-04T04:43:23.084 INFO:teuthology.orchestra.run.smithi134.stdout:/usr/bin/ceph: stderr
2024-05-04T04:43:22.199+0000 7f235e400700 1 Processor -- start
2024-05-04T04:43:23.089 INFO:teuthology.orchestra.run.smithi134.stdout:/usr/bin/ceph: stderr
2024-05-04T04:43:22.199+0000 7f235e400700 1 -- start start
2024-05-04T04:43:23.089 INFO:teuthology.orchestra.run.smithi134.stdout:/usr/bin/ceph: stderr
2024-05-04T04:43:22.199+0000 7f235e400700 1 --2- >> [v2:172.21.15.134:3300/0,v1:172.21.15.134:6789/0] conn(0x7f235807ef00 0x7f235807d360 unknown :-1 s=NONE pgs=0 cs=0 l=0 rev1=0 crypto rx=0 tx=0 comp rx=0 tx=0).connect
2024-05-04T04:43:23.089 INFO:teuthology.orchestra.run.smithi134.stdout:/usr/bin/ceph: stderr
2024-05-04T04:43:22.199+0000 7f235e400700 1 -- --> [v2:172.21.15.134:3300/0,v1:172.21.15.134:6789/0] -- mon_getmap magic: 0 -- 0x7f235807d930 con 0x7f235807ef00
2024-05-04T04:43:23.089 INFO:teuthology.orchestra.run.smithi134.stdout:/usr/bin/ceph: stderr
2024-05-04T04:43:22.200+0000 7f2357400700 1 --2- >> [v2:172.21.15.134:3300/0,v1:172.21.15.134:6789/0] conn(0x7f235807ef00 0x7f235807d360 unknown :-1 s=BANNER_CONNECTING pgs=0 cs=0 l=0 rev1=0 crypto rx=0 tx=0 comp rx=0 tx=0)._handle_peer_banner_payload supported=3 required=0
2024-05-04T04:43:23.089 INFO:teuthology.orchestra.run.smithi134.stdout:/usr/bin/ceph: stderr
2024-05-04T04:43:22.200+0000 7f2357400700 1 --2- >> [v2:172.21.15.134:3300/0,v1:172.21.15.134:6789/0] conn(0x7f235807ef00 0x7f235807d360 unknown :-1 s=HELLO_CONNECTING pgs=0 cs=0 l=0 rev1=1 crypto rx=0 tx=0 comp rx=0 tx=0).handle_hello peer v2:172.21.15.134:3300/0 says I am v2:172.21.15.134:49398/0 (socket says 172.21.15.134:49398)
2024-05-04T04:43:23.089 INFO:teuthology.orchestra.run.smithi134.stdout:/usr/bin/ceph: stderr
2024-05-04T04:43:22.200+0000 7f2357400700 1 -- 172.21.15.134:0/922164890 learned_addr learned my addr 172.21.15.134:0/922164890 (peer_addr_for_me v2:172.21.15.134:0/0)
2024-05-04T04:43:23.089 INFO:teuthology.orchestra.run.smithi134.stdout:/usr/bin/ceph: stderr
2024-05-04T04:43:22.200+0000 7f2357400700 1 -- 172.21.15.134:0/922164890 --> [v2:172.21.15.134:3300/0,v1:172.21.15.134:6789/0] -- mon_subscribe({config=0+,monmap=0+}) -- 0x7f235807dab0 con 0x7f235807ef00
2024-05-04T04:43:23.089 INFO:teuthology.orchestra.run.smithi134.stdout:/usr/bin/ceph: stderr
2024-05-04T04:43:22.200+0000 7f2357400700 1 --2- 172.21.15.134:0/922164890 >> [v2:172.21.15.134:3300/0,v1:172.21.15.134:6789/0] conn(0x7f235807ef00 0x7f235807d360 secure :-1 s=READY pgs=26 cs=0 l=1 rev1=1 crypto rx=0x7f23480098a0 tx=0x7f2348009bb0 comp rx=0 tx=0).ready entity=mon.0 client_cookie=2e673d273e23552b server_cookie=0 in_seq=0 out_seq=0
2024-05-04T04:43:23.089 INFO:teuthology.orchestra.run.smithi134.stdout:/usr/bin/ceph: stderr
2024-05-04T04:43:22.201+0000 7f2356a00700 1 -- 172.21.15.134:0/922164890 <== mon.0 v2:172.21.15.134:3300/0 1 ==== mon_map magic: 0 ==== 205+0+0 (secure 0 0 0) 0x7f2348004160 con 0x7f235807ef00
2024-05-04T04:43:23.089 INFO:teuthology.orchestra.run.smithi134.stdout:/usr/bin/ceph: stderr
2024-05-04T04:43:22.201+0000 7f2356a00700 1 -- 172.21.15.134:0/922164890 <== mon.0 v2:172.21.15.134:3300/0 2 ==== config(26 keys) ==== 1070+0+0 (secure 0 0 0) 0x7f2348004300 con 0x7f235807ef00
2024-05-04T04:43:23.089 INFO:teuthology.orchestra.run.smithi134.stdout:/usr/bin/ceph: stderr
2024-05-04T04:43:22.201+0000 7f2356a00700 1 -- 172.21.15.134:0/922164890 <== mon.0 v2:172.21.15.134:3300/0 3 ==== mon_map magic: 0 ==== 205+0+0 (secure 0 0 0) 0x7f2348011af0 con 0x7f235807ef00
2024-05-04T04:43:23.089 INFO:teuthology.orchestra.run.smithi134.stdout:/usr/bin/ceph: stderr
2024-05-04T04:43:22.202+0000 7f235e400700 1 -- 172.21.15.134:0/922164890 >> [v2:172.21.15.134:3300/0,v1:172.21.15.134:6789/0] conn(0x7f235807ef00 msgr2=0x7f235807d360 secure :-1 s=STATE_CONNECTION_ESTABLISHED l=1).mark_down
2024-05-04T04:43:23.090 INFO:teuthology.orchestra.run.smithi134.stdout:/usr/bin/ceph: stderr
2024-05-04T04:43:22.202+0000 7f235e400700 1 --2- 172.21.15.134:0/922164890 >> [v2:172.21.15.134:3300/0,v1:172.21.15.134:6789/0] conn(0x7f235807ef00 0x7f235807d360 secure :-1 s=READY pgs=26 cs=0 l=1 rev1=1 crypto rx=0x7f23480098a0 tx=0x7f2348009bb0 comp rx=0 tx=0).stop
2024-05-04T04:43:23.090 INFO:teuthology.orchestra.run.smithi134.stdout:/usr/bin/ceph: stderr
2024-05-04T04:43:22.202+0000 7f235e400700 1 -- 172.21.15.134:0/922164890 shutdown_connections
2024-05-04T04:43:23.090 INFO:teuthology.orchestra.run.smithi134.stdout:/usr/bin/ceph: stderr
2024-05-04T04:43:22.202+0000 7f235e400700 1 --2- 172.21.15.134:0/922164890 >> [v2:172.21.15.134:3300/0,v1:172.21.15.134:6789/0] conn(0x7f235807ef00 0x7f235807d360 unknown :-1 s=CLOSED pgs=26 cs=0 l=1 rev1=1 crypto rx=0 tx=0 comp rx=0 tx=0).stop
2024-05-04T04:43:23.090 INFO:teuthology.orchestra.run.smithi134.stdout:/usr/bin/ceph: stderr
2024-05-04T04:43:22.202+0000 7f235e400700 1 -- 172.21.15.134:0/922164890 >> 172.21.15.134:0/922164890 conn(0x7f2358104440 msgr2=0x7f23581068a0 unknown :-1 s=STATE_NONE l=0).mark_down
2024-05-04T04:43:23.090 INFO:teuthology.orchestra.run.smithi134.stdout:/usr/bin/ceph: stderr
2024-05-04T04:43:22.202+0000 7f235e400700 1 -- 172.21.15.134:0/922164890 shutdown_connections
2024-05-04T04:43:23.090 INFO:teuthology.orchestra.run.smithi134.stdout:/usr/bin/ceph: stderr
2024-05-04T04:43:22.202+0000 7f235e400700 1 -- 172.21.15.134:0/922164890 wait complete.
2024-05-04T04:43:23.090 INFO:teuthology.orchestra.run.smithi134.stdout:/usr/bin/ceph: stderr
2024-05-04T04:43:22.203+0000 7f235e400700 1 Processor -- start
2024-05-04T04:43:23.090 INFO:teuthology.orchestra.run.smithi134.stdout:/usr/bin/ceph: stderr
2024-05-04T04:43:22.203+0000 7f235e400700 1 -- start start
2024-05-04T04:43:23.090 INFO:teuthology.orchestra.run.smithi134.stdout:/usr/bin/ceph: stderr
2024-05-04T04:43:22.203+0000 7f235e400700 1 --2- >> [v2:172.21.15.134:3300/0,v1:172.21.15.134:6789/0] conn(0x7f235807ef00 0x7f235819f020 unknown :-1 s=NONE pgs=0 cs=0 l=1 rev1=0 crypto rx=0 tx=0 comp rx=0 tx=0).connect
2024-05-04T04:43:23.090 INFO:teuthology.orchestra.run.smithi134.stdout:/usr/bin/ceph: stderr
2024-05-04T04:43:22.203+0000 7f235e400700 1 -- --> [v2:172.21.15.134:3300/0,v1:172.21.15.134:6789/0] -- mon_getmap magic: 0 -- 0x7f235810f420 con 0x7f235807ef00
2024-05-04T04:43:23.090 INFO:teuthology.orchestra.run.smithi134.stdout:/usr/bin/ceph: stderr
2024-05-04T04:43:22.204+0000 7f2357400700 1 --2- >> [v2:172.21.15.134:3300/0,v1:172.21.15.134:6789/0] conn(0x7f235807ef00 0x7f235819f020 unknown :-1 s=BANNER_CONNECTING pgs=0 cs=0 l=1 rev1=0 crypto rx=0 tx=0 comp rx=0 tx=0)._handle_peer_banner_payload supported=3 required=0
2024-05-04T04:43:23.090 INFO:teuthology.orchestra.run.smithi134.stdout:/usr/bin/ceph: stderr
2024-05-04T04:43:22.204+0000 7f2357400700 1 --2- >> [v2:172.21.15.134:3300/0,v1:172.21.15.134:6789/0] conn(0x7f235807ef00 0x7f235819f020 unknown :-1 s=HELLO_CONNECTING pgs=0 cs=0 l=1 rev1=1 crypto rx=0 tx=0 comp rx=0 tx=0).handle_hello peer v2:172.21.15.134:3300/0 says I am v2:172.21.15.134:49400/0 (socket says 172.21.15.134:49400)
2024-05-04T04:43:23.090 INFO:teuthology.orchestra.run.smithi134.stdout:/usr/bin/ceph: stderr
2024-05-04T04:43:22.204+0000 7f2357400700 1 -- 172.21.15.134:0/2677746474 learned_addr learned my addr 172.21.15.134:0/2677746474 (peer_addr_for_me v2:172.21.15.134:0/0)
2024-05-04T04:43:23.090 INFO:teuthology.orchestra.run.smithi134.stdout:/usr/bin/ceph: stderr
2024-05-04T04:43:22.204+0000 7f2357400700 1 -- 172.21.15.134:0/2677746474 --> [v2:172.21.15.134:3300/0,v1:172.21.15.134:6789/0] -- mon_subscribe({config=0+,monmap=0+}) -- 0x7f235819f560 con 0x7f235807ef00
2024-05-04T04:43:23.091 INFO:teuthology.orchestra.run.smithi134.stdout:/usr/bin/ceph: stderr
2024-05-04T04:43:22.204+0000 7f2357400700 1 --2- 172.21.15.134:0/2677746474 >> [v2:172.21.15.134:3300/0,v1:172.21.15.134:6789/0] conn(0x7f235807ef00 0x7f235819f020 secure :-1 s=READY pgs=27 cs=0 l=1 rev1=1 crypto rx=0x7f23480117b0 tx=0x7f2348011b70 comp rx=0 tx=0).ready entity=mon.0 client_cookie=0 server_cookie=0 in_seq=0 out_seq=0
2024-05-04T04:43:23.091 INFO:teuthology.orchestra.run.smithi134.stdout:/usr/bin/ceph: stderr
2024-05-04T04:43:22.205+0000 7f2354c00700 1 -- 172.21.15.134:0/2677746474 <== mon.0 v2:172.21.15.134:3300/0 1 ==== mon_map magic: 0 ==== 205+0+0 (secure 0 0 0) 0x7f2348003af0 con 0x7f235807ef00
2024-05-04T04:43:23.091 INFO:teuthology.orchestra.run.smithi134.stdout:/usr/bin/ceph: stderr
2024-05-04T04:43:22.205+0000 7f2354c00700 1 -- 172.21.15.134:0/2677746474 <== mon.0 v2:172.21.15.134:3300/0 2 ==== config(26 keys) ==== 1070+0+0 (secure 0 0 0) 0x7f2348020070 con 0x7f235807ef00
2024-05-04T04:43:23.091 INFO:teuthology.orchestra.run.smithi134.stdout:/usr/bin/ceph: stderr
2024-05-04T04:43:22.205+0000 7f2354c00700 1 -- 172.21.15.134:0/2677746474 <== mon.0 v2:172.21.15.134:3300/0 3 ==== mon_map magic: 0 ==== 205+0+0 (secure 0 0 0) 0x7f2348019550 con 0x7f235807ef00
2024-05-04T04:43:23.091 INFO:teuthology.orchestra.run.smithi134.stdout:/usr/bin/ceph: stderr
2024-05-04T04:43:22.205+0000 7f235e400700 1 -- 172.21.15.134:0/2677746474 --> [v2:172.21.15.134:3300/0,v1:172.21.15.134:6789/0] -- mon_subscribe({mgrmap=0+}) -- 0x7f235819f7f0 con 0x7f235807ef00
2024-05-04T04:43:23.091 INFO:teuthology.orchestra.run.smithi134.stdout:/usr/bin/ceph: stderr
2024-05-04T04:43:22.205+0000 7f235e400700 1 -- 172.21.15.134:0/2677746474 --> [v2:172.21.15.134:3300/0,v1:172.21.15.134:6789/0] -- mon_subscribe({osdmap=0}) -- 0x7f23581a24e0 con 0x7f235807ef00
2024-05-04T04:43:23.091 INFO:teuthology.orchestra.run.smithi134.stdout:/usr/bin/ceph: stderr
2024-05-04T04:43:22.206+0000 7f2354c00700 1 -- 172.21.15.134:0/2677746474 <== mon.0 v2:172.21.15.134:3300/0 4 ==== mgrmap(e 5) ==== 50222+0+0 (secure 0 0 0) 0x7f23480197c0 con 0x7f235807ef00
2024-05-04T04:43:23.091 INFO:teuthology.orchestra.run.smithi134.stdout:/usr/bin/ceph: stderr
2024-05-04T04:43:22.206+0000 7f235e400700 1 -- 172.21.15.134:0/2677746474 --> [v2:172.21.15.134:3300/0,v1:172.21.15.134:6789/0] -- mon_command({"prefix": "get_command_descriptions"} v 0) -- 0x7f2358064b00 con 0x7f235807ef00
2024-05-04T04:43:23.091 INFO:teuthology.orchestra.run.smithi134.stdout:/usr/bin/ceph: stderr
2024-05-04T04:43:22.207+0000 7f2354c00700 1 --2- 172.21.15.134:0/2677746474 >> [v2:172.21.15.134:6800/3369399961,v1:172.21.15.134:6801/3369399961] conn(0x7f233c03e4c0 0x7f233c040980 unknown :-1 s=NONE pgs=0 cs=0 l=1 rev1=0 crypto rx=0 tx=0 comp rx=0 tx=0).connect
2024-05-04T04:43:23.091 INFO:teuthology.orchestra.run.smithi134.stdout:/usr/bin/ceph: stderr
2024-05-04T04:43:22.207+0000 7f2354c00700 1 -- 172.21.15.134:0/2677746474 <== mon.0 v2:172.21.15.134:3300/0 5 ==== osd_map(1..1 src has 1..1) ==== 725+0+0 (secure 0 0 0) 0x7f2348053ad0 con 0x7f235807ef00
2024-05-04T04:43:23.091 INFO:teuthology.orchestra.run.smithi134.stdout:/usr/bin/ceph: stderr
2024-05-04T04:43:22.207+0000 7f234ea00700 1 -- 172.21.15.134:0/2677746474 >> [v2:172.21.15.134:6800/3369399961,v1:172.21.15.134:6801/3369399961] conn(0x7f233c03e4c0 msgr2=0x7f233c040980 unknown :-1 s=STATE_CONNECTING_RE l=1).process reconnect failed to v2:172.21.15.134:6800/3369399961
2024-05-04T04:43:23.091 INFO:teuthology.orchestra.run.smithi134.stdout:/usr/bin/ceph: stderr
2024-05-04T04:43:22.207+0000 7f234ea00700 1 --2- 172.21.15.134:0/2677746474 >> [v2:172.21.15.134:6800/3369399961,v1:172.21.15.134:6801/3369399961] conn(0x7f233c03e4c0 0x7f233c040980 unknown :-1 s=START_CONNECT pgs=0 cs=0 l=1 rev1=0 crypto rx=0 tx=0 comp rx=0 tx=0)._fault waiting 0.200000
2024-05-04T04:43:23.091 INFO:teuthology.orchestra.run.smithi134.stdout:/usr/bin/ceph: stderr
2024-05-04T04:43:22.212+0000 7f2354c00700 1 -- 172.21.15.134:0/2677746474 <== mon.0 v2:172.21.15.134:3300/0 6 ==== mon_command_ack([{"prefix": "get_command_descriptions"}]=0 v0) ==== 72+0+191839 (secure 0 0 0) 0x7f23480534f0 con 0x7f235807ef00
2024-05-04T04:43:23.093 INFO:teuthology.orchestra.run.smithi134.stdout:/usr/bin/ceph: stderr
2024-05-04T04:43:22.408+0000 7f234ea00700 1 -- 172.21.15.134:0/2677746474 >> [v2:172.21.15.134:6800/3369399961,v1:172.21.15.134:6801/3369399961] conn(0x7f233c03e4c0 msgr2=0x7f233c040980 unknown :-1 s=STATE_CONNECTING_RE l=1).process reconnect failed to v2:172.21.15.134:6800/3369399961
2024-05-04T04:43:23.093 INFO:teuthology.orchestra.run.smithi134.stdout:/usr/bin/ceph: stderr
2024-05-04T04:43:22.408+0000 7f234ea00700 1 --2- 172.21.15.134:0/2677746474 >> [v2:172.21.15.134:6800/3369399961,v1:172.21.15.134:6801/3369399961] conn(0x7f233c03e4c0 0x7f233c040980 unknown :-1 s=START_CONNECT pgs=0 cs=0 l=1 rev1=0 crypto rx=0 tx=0 comp rx=0 tx=0)._fault waiting 0.400000
2024-05-04T04:43:23.093 INFO:teuthology.orchestra.run.smithi134.stdout:/usr/bin/ceph: stderr
2024-05-04T04:43:22.502+0000 7f235e400700 1 -- 172.21.15.134:0/2677746474 --> [v2:172.21.15.134:3300/0,v1:172.21.15.134:6789/0] -- mon_command({"prefix": "mgr stat"} v 0) -- 0x7f23581a26b0 con 0x7f235807ef00
2024-05-04T04:43:23.093 INFO:teuthology.orchestra.run.smithi134.stdout:/usr/bin/ceph: stderr
2024-05-04T04:43:22.502+0000 7f2354c00700 1 -- 172.21.15.134:0/2677746474 <== mon.0 v2:172.21.15.134:3300/0 7 ==== mon_command_ack([{"prefix": "mgr stat"}]=0 v5) ==== 56+0+88 (secure 0 0 0) 0x7f23581a26b0 con 0x7f235807ef00
2024-05-04T04:43:23.093 INFO:teuthology.orchestra.run.smithi134.stdout:/usr/bin/ceph: stderr
2024-05-04T04:43:22.506+0000 7f235e400700 1 -- 172.21.15.134:0/2677746474 >> [v2:172.21.15.134:6800/3369399961,v1:172.21.15.134:6801/3369399961] conn(0x7f233c03e4c0 msgr2=0x7f233c040980 unknown :-1 s=STATE_CONNECTING l=1).mark_down
2024-05-04T04:43:23.094 INFO:teuthology.orchestra.run.smithi134.stdout:/usr/bin/ceph: stderr
2024-05-04T04:43:22.506+0000 7f235e400700 1 --2- 172.21.15.134:0/2677746474 >> [v2:172.21.15.134:6800/3369399961,v1:172.21.15.134:6801/3369399961] conn(0x7f233c03e4c0 0x7f233c040980 unknown :-1 s=START_CONNECT pgs=0 cs=0 l=1 rev1=0 crypto rx=0 tx=0 comp rx=0 tx=0).stop
2024-05-04T04:43:23.094 INFO:teuthology.orchestra.run.smithi134.stdout:/usr/bin/ceph: stderr
2024-05-04T04:43:22.506+0000 7f235e400700 1 -- 172.21.15.134:0/2677746474 >> [v2:172.21.15.134:3300/0,v1:172.21.15.134:6789/0] conn(0x7f235807ef00 msgr2=0x7f235819f020 secure :-1 s=STATE_CONNECTION_ESTABLISHED l=1).mark_down
2024-05-04T04:43:23.094 INFO:teuthology.orchestra.run.smithi134.stdout:/usr/bin/ceph: stderr
2024-05-04T04:43:22.506+0000 7f235e400700 1 --2- 172.21.15.134:0/2677746474 >> [v2:172.21.15.134:3300/0,v1:172.21.15.134:6789/0] conn(0x7f235807ef00 0x7f235819f020 secure :-1 s=READY pgs=27 cs=0 l=1 rev1=1 crypto rx=0x7f23480117b0 tx=0x7f2348011b70 comp rx=0 tx=0).stop
2024-05-04T04:43:23.094 INFO:teuthology.orchestra.run.smithi134.stdout:/usr/bin/ceph: stderr
2024-05-04T04:43:22.506+0000 7f235e400700 1 -- 172.21.15.134:0/2677746474 shutdown_connections
2024-05-04T04:43:23.094 INFO:teuthology.orchestra.run.smithi134.stdout:/usr/bin/ceph: stderr
2024-05-04T04:43:22.506+0000 7f235e400700 1 --2- 172.21.15.134:0/2677746474 >> [v2:172.21.15.134:6800/3369399961,v1:172.21.15.134:6801/3369399961] conn(0x7f233c03e4c0 0x7f233c040980 unknown :-1 s=CLOSED pgs=0 cs=0 l=1 rev1=0 crypto rx=0 tx=0 comp rx=0 tx=0).stop
2024-05-04T04:43:23.094 INFO:teuthology.orchestra.run.smithi134.stdout:/usr/bin/ceph: stderr
2024-05-04T04:43:22.506+0000 7f235e400700 1 --2- 172.21.15.134:0/2677746474 >> [v2:172.21.15.134:3300/0,v1:172.21.15.134:6789/0] conn(0x7f235807ef00 0x7f235819f020 unknown :-1 s=CLOSED pgs=27 cs=0 l=1 rev1=1 crypto rx=0 tx=0 comp rx=0 tx=0).stop
2024-05-04T04:43:23.094 INFO:teuthology.orchestra.run.smithi134.stdout:/usr/bin/ceph: stderr
2024-05-04T04:43:22.506+0000 7f235e400700 1 -- 172.21.15.134:0/2677746474 >> 172.21.15.134:0/2677746474 conn(0x7f2358104440 msgr2=0x7f2358105020 unknown :-1 s=STATE_NONE l=0).mark_down
2024-05-04T04:43:23.094 INFO:teuthology.orchestra.run.smithi134.stdout:/usr/bin/ceph: stderr
2024-05-04T04:43:22.506+0000 7f235e400700 1 -- 172.21.15.134:0/2677746474 shutdown_connections
2024-05-04T04:43:23.094 INFO:teuthology.orchestra.run.smithi134.stdout:/usr/bin/ceph: stderr
2024-05-04T04:43:22.507+0000 7f235e400700 1 -- 172.21.15.134:0/2677746474 wait complete.
2024-05-04T04:43:23.094 INFO:teuthology.orchestra.run.smithi134.stdout:Waiting for the mgr to restart...
2024-05-04T04:43:23.094 INFO:teuthology.orchestra.run.smithi134.stdout:Waiting for mgr epoch 5...
2024-05-04T04:43:23.686 INFO:journalctl@ceph.mgr.x.smithi134.stdout:May 04 04:43:23 smithi134 ceph-9d9ee25c-09d0-11ef-bc97-c7b262605968-mgr-x[28559]:
2024-05-04T04:43:23.604+0000 7f052d3fb200 -1 mgr[py] Module telegraf has missing NOTIFY_TYPES member
2024-05-04T04:43:24.060 INFO:journalctl@ceph.mgr.x.smithi134.stdout:May 04 04:43:23 smithi134 ceph-9d9ee25c-09d0-11ef-bc97-c7b262605968-mgr-x[28559]:
2024-05-04T04:43:23.840+0000 7f052d3fb200 -1 mgr[py] Module osd_support has missing NOTIFY_TYPES member
2024-05-04T04:43:24.060 INFO:journalctl@ceph.mgr.x.smithi134.stdout:May 04 04:43:24 smithi134 ceph-9d9ee25c-09d0-11ef-bc97-c7b262605968-mgr-x[28559]:
2024-05-04T04:43:24.057+0000 7f052d3fb200 -1 mgr[py] Module iostat has missing NOTIFY_TYPES member
2024-05-04T04:43:24.561 INFO:journalctl@ceph.mgr.x.smithi134.stdout:May 04 04:43:24 smithi134 ceph-9d9ee25c-09d0-11ef-bc97-c7b262605968-mgr-x[28559]:
2024-05-04T04:43:24.436+0000 7f052d3fb200 -1 mgr[py] Module alerts has missing NOTIFY_TYPES member
2024-05-04T04:43:24.938 INFO:journalctl@ceph.mgr.x.smithi134.stdout:May 04 04:43:24 smithi134 ceph-9d9ee25c-09d0-11ef-bc97-c7b262605968-mgr-x[28559]:
2024-05-04T04:43:24.557+0000 7f052d3fb200 -1 mgr[py] Module selftest has missing NOTIFY_TYPES member
2024-05-04T04:43:24.938 INFO:journalctl@ceph.mgr.x.smithi134.stdout:May 04 04:43:24 smithi134 ceph-9d9ee25c-09d0-11ef-bc97-c7b262605968-mgr-x[28559]:
2024-05-04T04:43:24.806+0000 7f052d3fb200 -1 mgr[py] Module pg_autoscaler has missing NOTIFY_TYPES member
2024-05-04T04:43:25.435 INFO:journalctl@ceph.mgr.x.smithi134.stdout:May 04 04:43:25 smithi134 ceph-9d9ee25c-09d0-11ef-bc97-c7b262605968-mgr-x[28559]:
2024-05-04T04:43:25.057+0000 7f052d3fb200 -1 mgr[py] Module test_orchestrator has missing NOTIFY_TYPES member
2024-05-04T04:43:26.133 INFO:journalctl@ceph.mgr.x.smithi134.stdout:May 04 04:43:25 smithi134 ceph-9d9ee25c-09d0-11ef-bc97-c7b262605968-mgr-x[28559]:
2024-05-04T04:43:25.847+0000 7f052d3fb200 -1 mgr[py] Module rook has missing NOTIFY_TYPES member
2024-05-04T04:43:26.435 INFO:journalctl@ceph.mgr.x.smithi134.stdout:May 04 04:43:26 smithi134 ceph-9d9ee25c-09d0-11ef-bc97-c7b262605968-mgr-x[28559]:
2024-05-04T04:43:26.130+0000 7f052d3fb200 -1 mgr[py] Module smb has missing NOTIFY_TYPES member
2024-05-04T04:43:26.935 INFO:journalctl@ceph.mgr.x.smithi134.stdout:May 04 04:43:26 smithi134 ceph-9d9ee25c-09d0-11ef-bc97-c7b262605968-mgr-x[28559]:
2024-05-04T04:43:26.678+0000 7f052d3fb200 -1 mgr[py] Module volumes has missing NOTIFY_TYPES member
2024-05-04T04:43:26.936 INFO:journalctl@ceph.mgr.x.smithi134.stdout:May 04 04:43:26 smithi134 ceph-9d9ee25c-09d0-11ef-bc97-c7b262605968-mgr-x[28559]:
2024-05-04T04:43:26.806+0000 7f052d3fb200 -1 mgr[py] Module crash has missing NOTIFY_TYPES member
2024-05-04T04:43:27.685 INFO:journalctl@ceph.mgr.x.smithi134.stdout:May 04 04:43:27 smithi134 ceph-9d9ee25c-09d0-11ef-bc97-c7b262605968-mgr-x[28559]:
2024-05-04T04:43:27.273+0000 7f052d3fb200 -1 mgr[py] Module rgw has missing NOTIFY_TYPES member
2024-05-04T04:43:28.162 INFO:journalctl@ceph.mgr.x.smithi134.stdout:May 04 04:43:27 smithi134 ceph-9d9ee25c-09d0-11ef-bc97-c7b262605968-mgr-x[28559]:
2024-05-04T04:43:27.716+0000 7f052d3fb200 -1 mgr[py] Module prometheus has missing NOTIFY_TYPES member
2024-05-04T04:43:28.162 INFO:journalctl@ceph.mgr.x.smithi134.stdout:May 04 04:43:27 smithi134 ceph-9d9ee25c-09d0-11ef-bc97-c7b262605968-mgr-x[28559]:
2024-05-04T04:43:27.838+0000 7f052d3fb200 -1 mgr[py] Module devicehealth has missing NOTIFY_TYPES member
2024-05-04T04:43:28.162 INFO:journalctl@ceph.mgr.x.smithi134.stdout:May 04 04:43:28 smithi134 ceph-9d9ee25c-09d0-11ef-bc97-c7b262605968-mgr-x[28559]:
2024-05-04T04:43:28.158+0000 7f052d3fb200 -1 mgr[py] Module telemetry has missing NOTIFY_TYPES member
2024-05-04T04:43:28.436 INFO:journalctl@ceph.mgr.x.smithi134.stdout:May 04 04:43:28 smithi134 ceph-9d9ee25c-09d0-11ef-bc97-c7b262605968-mgr-x[28559]:
2024-05-04T04:43:28.334+0000 7f052d3fb200 -1 mgr[py] Module diskprediction_local has missing NOTIFY_TYPES member
2024-05-04T04:43:28.981 INFO:journalctl@ceph.mgr.x.smithi134.stdout:May 04 04:43:28 smithi134 ceph-9d9ee25c-09d0-11ef-bc97-c7b262605968-mgr-x[28559]:
2024-05-04T04:43:28.707+0000 7f052d3fb200 -1 mgr[py] Module osd_perf_query has missing NOTIFY_TYPES member
2024-05-04T04:43:28.981 INFO:journalctl@ceph.mgr.x.smithi134.stdout:May 04 04:43:28 smithi134 ceph-9d9ee25c-09d0-11ef-bc97-c7b262605968-mgr-x[28559]:
2024-05-04T04:43:28.856+0000 7f052d3fb200 -1 mgr[py] Module rbd_support has missing NOTIFY_TYPES member
2024-05-04T04:43:29.435 INFO:journalctl@ceph.mgr.x.smithi134.stdout:May 04 04:43:28 smithi134 ceph-9d9ee25c-09d0-11ef-bc97-c7b262605968-mgr-x[28559]:
2024-05-04T04:43:28.978+0000 7f052d3fb200 -1 mgr[py] Module zabbix has missing NOTIFY_TYPES member
2024-05-04T04:43:30.023 INFO:journalctl@ceph.mgr.x.smithi134.stdout:May 04 04:43:29 smithi134 ceph-9d9ee25c-09d0-11ef-bc97-c7b262605968-mgr-x[28559]:
2024-05-04T04:43:29.736+0000 7f052d3fb200 -1 mgr[py] Module status has missing NOTIFY_TYPES member
2024-05-04T04:43:30.435 INFO:journalctl@ceph.mgr.x.smithi134.stdout:May 04 04:43:30 smithi134 ceph-9d9ee25c-09d0-11ef-bc97-c7b262605968-mgr-x[28559]:
2024-05-04T04:43:30.019+0000 7f052d3fb200 -1 mgr[py] Module nfs has missing NOTIFY_TYPES member
2024-05-04T04:43:30.436 INFO:journalctl@ceph.mon.a.smithi134.stdout:May 04 04:43:30 smithi134 ceph-mon[28327]: Active manager daemon x restarted
2024-05-04T04:43:30.436 INFO:journalctl@ceph.mon.a.smithi134.stdout:May 04 04:43:30 smithi134 ceph-mon[28327]: Activating manager daemon x
2024-05-04T04:43:30.436 INFO:journalctl@ceph.mon.a.smithi134.stdout:May 04 04:43:30 smithi134 ceph-mon[28327]: osdmap e2: 0 total, 0 up, 0 in
2024-05-04T04:43:30.436 INFO:journalctl@ceph.mon.a.smithi134.stdout:May 04 04:43:30 smithi134 ceph-mon[28327]: mgrmap e6: x(active, starting, since 0.00425342s)
2024-05-04T04:43:30.436 INFO:journalctl@ceph.mon.a.smithi134.stdout:May 04 04:43:30 smithi134 ceph-mon[28327]: from='mgr.14120 172.21.15.134:0/949320803' entity='mgr.x' cmd=[{"prefix": "mon metadata", "id": "a"}]: dispatch
2024-05-04T04:43:30.436 INFO:journalctl@ceph.mon.a.smithi134.stdout:May 04 04:43:30 smithi134 ceph-mon[28327]: from='mgr.14120 172.21.15.134:0/949320803' entity='mgr.x' cmd=[{"prefix": "mgr metadata", "who": "x", "id": "x"}]: dispatch
2024-05-04T04:43:30.436 INFO:journalctl@ceph.mon.a.smithi134.stdout:May 04 04:43:30 smithi134 ceph-mon[28327]: from='mgr.14120 172.21.15.134:0/949320803' entity='mgr.x' cmd=[{"prefix": "mds metadata"}]: dispatch
2024-05-04T04:43:30.436 INFO:journalctl@ceph.mon.a.smithi134.stdout:May 04 04:43:30 smithi134 ceph-mon[28327]: from='mgr.14120 172.21.15.134:0/949320803' entity='mgr.x' cmd=[{"prefix": "osd metadata"}]: dispatch
2024-05-04T04:43:30.436 INFO:journalctl@ceph.mon.a.smithi134.stdout:May 04 04:43:30 smithi134 ceph-mon[28327]: from='mgr.14120 172.21.15.134:0/949320803' entity='mgr.x' cmd=[{"prefix": "mon metadata"}]: dispatch
2024-05-04T04:43:30.436 INFO:journalctl@ceph.mon.a.smithi134.stdout:May 04 04:43:30 smithi134 ceph-mon[28327]: Manager daemon x is now available
2024-05-04T04:43:30.437 INFO:journalctl@ceph.mon.a.smithi134.stdout:May 04 04:43:30 smithi134 ceph-mon[28327]: from='mgr.14120 172.21.15.134:0/949320803' entity='mgr.x'
2024-05-04T04:43:31.366 INFO:journalctl@ceph.mon.a.smithi134.stdout:May 04 04:43:31 smithi134 ceph-mon[28327]: Found migration_current of "None". Setting to last migration.
2024-05-04T04:43:31.366 INFO:journalctl@ceph.mon.a.smithi134.stdout:May 04 04:43:31 smithi134 ceph-mon[28327]: from='mgr.14120 172.21.15.134:0/949320803' entity='mgr.x'
2024-05-04T04:43:31.366 INFO:journalctl@ceph.mon.a.smithi134.stdout:May 04 04:43:31 smithi134 ceph-mon[28327]: from='mgr.14120 172.21.15.134:0/949320803' entity='mgr.x' cmd=[{"prefix": "config dump", "format": "json"}]: dispatch
2024-05-04T04:43:31.367 INFO:journalctl@ceph.mon.a.smithi134.stdout:May 04 04:43:31 smithi134 ceph-mon[28327]: from='mgr.14120 172.21.15.134:0/949320803' entity='mgr.x' cmd=[{"prefix": "config dump", "format": "json"}]: dispatch
2024-05-04T04:43:31.367 INFO:journalctl@ceph.mon.a.smithi134.stdout:May 04 04:43:31 smithi134 ceph-mon[28327]: from='mgr.14120 172.21.15.134:0/949320803' entity='mgr.x' cmd=[{"prefix":"config rm","who":"mgr","name":"mgr/rbd_support/x/mirror_snapshot_schedule"}]: dispatch
2024-05-04T04:43:31.367 INFO:journalctl@ceph.mon.a.smithi134.stdout:May 04 04:43:31 smithi134 ceph-mon[28327]: from='mgr.14120 172.21.15.134:0/949320803' entity='mgr.x' cmd=[{"prefix":"config rm","who":"mgr","name":"mgr/rbd_support/x/trash_purge_schedule"}]: dispatch
2024-05-04T04:43:31.367 INFO:journalctl@ceph.mon.a.smithi134.stdout:May 04 04:43:31 smithi134 ceph-mon[28327]: mgrmap e7: x(active, since 1.0117s)
2024-05-04T04:43:31.692 INFO:teuthology.orchestra.run.smithi134.stdout:/usr/bin/ceph: stdout {
2024-05-04T04:43:31.692 INFO:teuthology.orchestra.run.smithi134.stdout:/usr/bin/ceph: stdout "mgrmap_epoch": 7,
2024-05-04T04:43:31.692 INFO:teuthology.orchestra.run.smithi134.stdout:/usr/bin/ceph: stdout "initialized": true
2024-05-04T04:43:31.692 INFO:teuthology.orchestra.run.smithi134.stdout:/usr/bin/ceph: stdout }
2024-05-04T04:43:31.692 INFO:teuthology.orchestra.run.smithi134.stdout:/usr/bin/ceph: stderr
2024-05-04T04:43:23.696+0000 7fb5cf200700 1 Processor -- start
2024-05-04T04:43:31.692 INFO:teuthology.orchestra.run.smithi134.stdout:/usr/bin/ceph: stderr
2024-05-04T04:43:23.696+0000 7fb5cf200700 1 -- start start
2024-05-04T04:43:31.692 INFO:teuthology.orchestra.run.smithi134.stdout:/usr/bin/ceph: stderr
2024-05-04T04:43:23.697+0000 7fb5cf200700 1 --2- >> [v2:172.21.15.134:3300/0,v1:172.21.15.134:6789/0] conn(0x7fb5c8109970 0x7fb5c810bd60 unknown :-1 s=NONE pgs=0 cs=0 l=0 rev1=0 crypto rx=0 tx=0 comp rx=0 tx=0).connect
2024-05-04T04:43:31.692 INFO:teuthology.orchestra.run.smithi134.stdout:/usr/bin/ceph: stderr
2024-05-04T04:43:23.697+0000 7fb5cf200700 1 -- --> [v2:172.21.15.134:3300/0,v1:172.21.15.134:6789/0] -- mon_getmap magic: 0 -- 0x7fb5c807ce90 con 0x7fb5c8109970
2024-05-04T04:43:31.692 INFO:teuthology.orchestra.run.smithi134.stdout:/usr/bin/ceph: stderr
2024-05-04T04:43:23.697+0000 7fb5c7e00700 1 --2- >> [v2:172.21.15.134:3300/0,v1:172.21.15.134:6789/0] conn(0x7fb5c8109970 0x7fb5c810bd60 unknown :-1 s=BANNER_CONNECTING pgs=0 cs=0 l=0 rev1=0 crypto rx=0 tx=0 comp rx=0 tx=0)._handle_peer_banner_payload supported=3 required=0
2024-05-04T04:43:31.692 INFO:teuthology.orchestra.run.smithi134.stdout:/usr/bin/ceph: stderr
2024-05-04T04:43:23.697+0000 7fb5c7e00700 1 --2- >> [v2:172.21.15.134:3300/0,v1:172.21.15.134:6789/0] conn(0x7fb5c8109970 0x7fb5c810bd60 unknown :-1 s=HELLO_CONNECTING pgs=0 cs=0 l=0 rev1=1 crypto rx=0 tx=0 comp rx=0 tx=0).handle_hello peer v2:172.21.15.134:3300/0 says I am v2:172.21.15.134:49416/0 (socket says 172.21.15.134:49416)
2024-05-04T04:43:31.692 INFO:teuthology.orchestra.run.smithi134.stdout:/usr/bin/ceph: stderr
2024-05-04T04:43:23.697+0000 7fb5c7e00700 1 -- 172.21.15.134:0/3230661310 learned_addr learned my addr 172.21.15.134:0/3230661310 (peer_addr_for_me v2:172.21.15.134:0/0)
2024-05-04T04:43:31.692 INFO:teuthology.orchestra.run.smithi134.stdout:/usr/bin/ceph: stderr
2024-05-04T04:43:23.697+0000 7fb5c7e00700 1 -- 172.21.15.134:0/3230661310 --> [v2:172.21.15.134:3300/0,v1:172.21.15.134:6789/0] -- mon_subscribe({config=0+,monmap=0+}) -- 0x7fb5c810c2a0 con 0x7fb5c8109970
2024-05-04T04:43:31.693 INFO:teuthology.orchestra.run.smithi134.stdout:/usr/bin/ceph: stderr
2024-05-04T04:43:23.698+0000 7fb5c7e00700 1 --2- 172.21.15.134:0/3230661310 >> [v2:172.21.15.134:3300/0,v1:172.21.15.134:6789/0] conn(0x7fb5c8109970 0x7fb5c810bd60 secure :-1 s=READY pgs=28 cs=0 l=1 rev1=1 crypto rx=0x7fb5b80098a0 tx=0x7fb5b8009bb0 comp rx=0 tx=0).ready entity=mon.0 client_cookie=95dab2673a84edad server_cookie=0 in_seq=0 out_seq=0
2024-05-04T04:43:31.693 INFO:teuthology.orchestra.run.smithi134.stdout:/usr/bin/ceph: stderr
2024-05-04T04:43:23.698+0000 7fb5c6a00700 1 -- 172.21.15.134:0/3230661310 <== mon.0 v2:172.21.15.134:3300/0 1 ==== mon_map magic: 0 ==== 205+0+0 (secure 0 0 0) 0x7fb5b8004160 con 0x7fb5c8109970
2024-05-04T04:43:31.693 INFO:teuthology.orchestra.run.smithi134.stdout:/usr/bin/ceph: stderr
2024-05-04T04:43:23.698+0000 7fb5c6a00700 1 -- 172.21.15.134:0/3230661310 <== mon.0 v2:172.21.15.134:3300/0 2 ==== config(26 keys) ==== 1070+0+0 (secure 0 0 0) 0x7fb5b8004300 con 0x7fb5c8109970
2024-05-04T04:43:31.693 INFO:teuthology.orchestra.run.smithi134.stdout:/usr/bin/ceph: stderr
2024-05-04T04:43:23.698+0000 7fb5c6a00700 1 -- 172.21.15.134:0/3230661310 <== mon.0 v2:172.21.15.134:3300/0 3 ==== mon_map magic: 0 ==== 205+0+0 (secure 0 0 0) 0x7fb5b8011af0 con 0x7fb5c8109970
2024-05-04T04:43:31.693 INFO:teuthology.orchestra.run.smithi134.stdout:/usr/bin/ceph: stderr
2024-05-04T04:43:23.699+0000 7fb5cf200700 1 -- 172.21.15.134:0/3230661310 >> [v2:172.21.15.134:3300/0,v1:172.21.15.134:6789/0] conn(0x7fb5c8109970 msgr2=0x7fb5c810bd60 secure :-1 s=STATE_CONNECTION_ESTABLISHED l=1).mark_down
2024-05-04T04:43:31.693 INFO:teuthology.orchestra.run.smithi134.stdout:/usr/bin/ceph: stderr
2024-05-04T04:43:23.699+0000 7fb5cf200700 1 --2- 172.21.15.134:0/3230661310 >> [v2:172.21.15.134:3300/0,v1:172.21.15.134:6789/0] conn(0x7fb5c8109970 0x7fb5c810bd60 secure :-1 s=READY pgs=28 cs=0 l=1 rev1=1 crypto rx=0x7fb5b80098a0 tx=0x7fb5b8009bb0 comp rx=0 tx=0).stop
2024-05-04T04:43:31.693 INFO:teuthology.orchestra.run.smithi134.stdout:/usr/bin/ceph: stderr
2024-05-04T04:43:23.699+0000 7fb5cf200700 1 -- 172.21.15.134:0/3230661310 shutdown_connections
2024-05-04T04:43:31.693 INFO:teuthology.orchestra.run.smithi134.stdout:/usr/bin/ceph: stderr
2024-05-04T04:43:23.699+0000 7fb5cf200700 1 --2- 172.21.15.134:0/3230661310 >> [v2:172.21.15.134:3300/0,v1:172.21.15.134:6789/0] conn(0x7fb5c8109970 0x7fb5c810bd60 unknown :-1 s=CLOSED pgs=28 cs=0 l=1 rev1=1 crypto rx=0 tx=0 comp rx=0 tx=0).stop
2024-05-04T04:43:31.693 INFO:teuthology.orchestra.run.smithi134.stdout:/usr/bin/ceph: stderr
2024-05-04T04:43:23.699+0000 7fb5cf200700 1 -- 172.21.15.134:0/3230661310 >> 172.21.15.134:0/3230661310 conn(0x7fb5c8103380 msgr2=0x7fb5c81057a0 unknown :-1 s=STATE_NONE l=0).mark_down
2024-05-04T04:43:31.693 INFO:teuthology.orchestra.run.smithi134.stdout:/usr/bin/ceph: stderr
2024-05-04T04:43:23.699+0000 7fb5cf200700 1 -- 172.21.15.134:0/3230661310 shutdown_connections
2024-05-04T04:43:31.693 INFO:teuthology.orchestra.run.smithi134.stdout:/usr/bin/ceph: stderr
2024-05-04T04:43:23.699+0000 7fb5cf200700 1 -- 172.21.15.134:0/3230661310 wait complete.
2024-05-04T04:43:31.693 INFO:teuthology.orchestra.run.smithi134.stdout:/usr/bin/ceph: stderr
2024-05-04T04:43:23.701+0000 7fb5cf200700 1 Processor -- start
2024-05-04T04:43:31.693 INFO:teuthology.orchestra.run.smithi134.stdout:/usr/bin/ceph: stderr
2024-05-04T04:43:23.701+0000 7fb5cf200700 1 -- start start
2024-05-04T04:43:31.693 INFO:teuthology.orchestra.run.smithi134.stdout:/usr/bin/ceph: stderr
2024-05-04T04:43:23.701+0000 7fb5cf200700 1 --2- >> [v2:172.21.15.134:3300/0,v1:172.21.15.134:6789/0] conn(0x7fb5c8109970 0x7fb5c819cd40 unknown :-1 s=NONE pgs=0 cs=0 l=1 rev1=0 crypto rx=0 tx=0 comp rx=0 tx=0).connect
2024-05-04T04:43:31.694 INFO:teuthology.orchestra.run.smithi134.stdout:/usr/bin/ceph: stderr
2024-05-04T04:43:23.701+0000 7fb5cf200700 1 -- --> [v2:172.21.15.134:3300/0,v1:172.21.15.134:6789/0] -- mon_getmap magic: 0 -- 0x7fb5c810d1f0 con 0x7fb5c8109970
2024-05-04T04:43:31.694 INFO:teuthology.orchestra.run.smithi134.stdout:/usr/bin/ceph: stderr
2024-05-04T04:43:23.701+0000 7fb5c7e00700 1 --2- >> [v2:172.21.15.134:3300/0,v1:172.21.15.134:6789/0] conn(0x7fb5c8109970 0x7fb5c819cd40 unknown :-1 s=BANNER_CONNECTING pgs=0 cs=0 l=1 rev1=0 crypto rx=0 tx=0 comp rx=0 tx=0)._handle_peer_banner_payload supported=3 required=0
2024-05-04T04:43:31.694 INFO:teuthology.orchestra.run.smithi134.stdout:/usr/bin/ceph: stderr
2024-05-04T04:43:23.701+0000 7fb5c7e00700 1 --2- >> [v2:172.21.15.134:3300/0,v1:172.21.15.134:6789/0] conn(0x7fb5c8109970 0x7fb5c819cd40 unknown :-1 s=HELLO_CONNECTING pgs=0 cs=0 l=1 rev1=1 crypto rx=0 tx=0 comp rx=0 tx=0).handle_hello peer v2:172.21.15.134:3300/0 says I am v2:172.21.15.134:49418/0 (socket says 172.21.15.134:49418)
2024-05-04T04:43:31.694 INFO:teuthology.orchestra.run.smithi134.stdout:/usr/bin/ceph: stderr
2024-05-04T04:43:23.701+0000 7fb5c7e00700 1 -- 172.21.15.134:0/2314010597 learned_addr learned my addr 172.21.15.134:0/2314010597 (peer_addr_for_me v2:172.21.15.134:0/0)
2024-05-04T04:43:31.694 INFO:teuthology.orchestra.run.smithi134.stdout:/usr/bin/ceph: stderr
2024-05-04T04:43:23.702+0000 7fb5c7e00700 1 -- 172.21.15.134:0/2314010597 --> [v2:172.21.15.134:3300/0,v1:172.21.15.134:6789/0] -- mon_subscribe({config=0+,monmap=0+}) -- 0x7fb5c819d280 con 0x7fb5c8109970
2024-05-04T04:43:31.694 INFO:teuthology.orchestra.run.smithi134.stdout:/usr/bin/ceph: stderr
2024-05-04T04:43:23.702+0000 7fb5c7e00700 1 --2- 172.21.15.134:0/2314010597 >> [v2:172.21.15.134:3300/0,v1:172.21.15.134:6789/0] conn(0x7fb5c8109970 0x7fb5c819cd40 secure :-1 s=READY pgs=29 cs=0 l=1 rev1=1 crypto rx=0x7fb5b8011ac0 tx=0x7fb5b8011ba0 comp rx=0 tx=0).ready entity=mon.0 client_cookie=0 server_cookie=0 in_seq=0 out_seq=0
2024-05-04T04:43:31.694 INFO:teuthology.orchestra.run.smithi134.stdout:/usr/bin/ceph: stderr
2024-05-04T04:43:23.702+0000 7fb5c4c00700 1 -- 172.21.15.134:0/2314010597 <== mon.0 v2:172.21.15.134:3300/0 1 ==== mon_map magic: 0 ==== 205+0+0 (secure 0 0 0) 0x7fb5b8003b20 con 0x7fb5c8109970
2024-05-04T04:43:31.694 INFO:teuthology.orchestra.run.smithi134.stdout:/usr/bin/ceph: stderr
2024-05-04T04:43:23.702+0000 7fb5c4c00700 1 -- 172.21.15.134:0/2314010597 <== mon.0 v2:172.21.15.134:3300/0 2 ==== config(26 keys) ==== 1070+0+0 (secure 0 0 0) 0x7fb5b801a8c0 con 0x7fb5c8109970
2024-05-04T04:43:31.694 INFO:teuthology.orchestra.run.smithi134.stdout:/usr/bin/ceph: stderr
2024-05-04T04:43:23.702+0000 7fb5cf200700 1 -- 172.21.15.134:0/2314010597 --> [v2:172.21.15.134:3300/0,v1:172.21.15.134:6789/0] -- mon_subscribe({mgrmap=0+}) -- 0x7fb5c819d510 con 0x7fb5c8109970
2024-05-04T04:43:31.694 INFO:teuthology.orchestra.run.smithi134.stdout:/usr/bin/ceph: stderr
2024-05-04T04:43:23.703+0000 7fb5c4c00700 1 -- 172.21.15.134:0/2314010597 <== mon.0 v2:172.21.15.134:3300/0 3 ==== mon_map magic: 0 ==== 205+0+0 (secure 0 0 0) 0x7fb5b80248d0 con 0x7fb5c8109970
2024-05-04T04:43:31.694 INFO:teuthology.orchestra.run.smithi134.stdout:/usr/bin/ceph: stderr
2024-05-04T04:43:23.703+0000 7fb5cf200700 1 -- 172.21.15.134:0/2314010597 --> [v2:172.21.15.134:3300/0,v1:172.21.15.134:6789/0] -- mon_subscribe({osdmap=0}) -- 0x7fb5c81a0200 con 0x7fb5c8109970
2024-05-04T04:43:31.694 INFO:teuthology.orchestra.run.smithi134.stdout:/usr/bin/ceph: stderr
2024-05-04T04:43:23.704+0000 7fb5c4c00700 1 -- 172.21.15.134:0/2314010597 <== mon.0 v2:172.21.15.134:3300/0 4 ==== mgrmap(e 5) ==== 50222+0+0 (secure 0 0 0) 0x7fb5b8022020 con 0x7fb5c8109970
2024-05-04T04:43:31.694 INFO:teuthology.orchestra.run.smithi134.stdout:/usr/bin/ceph: stderr
2024-05-04T04:43:23.704+0000 7fb5c4c00700 1 --2- 172.21.15.134:0/2314010597 >> [v2:172.21.15.134:6800/3369399961,v1:172.21.15.134:6801/3369399961] conn(0x7fb5ac03e4c0 0x7fb5ac040980 unknown :-1 s=NONE pgs=0 cs=0 l=1 rev1=0 crypto rx=0 tx=0 comp rx=0 tx=0).connect
2024-05-04T04:43:31.695 INFO:teuthology.orchestra.run.smithi134.stdout:/usr/bin/ceph: stderr
2024-05-04T04:43:23.704+0000 7fb5c4c00700 1 -- 172.21.15.134:0/2314010597 --> [v2:172.21.15.134:6800/3369399961,v1:172.21.15.134:6801/3369399961] -- command(tid 0: {"prefix": "get_command_descriptions"}) -- 0x7fb5ac041090 con 0x7fb5ac03e4c0
2024-05-04T04:43:31.695 INFO:teuthology.orchestra.run.smithi134.stdout:/usr/bin/ceph: stderr
2024-05-04T04:43:23.704+0000 7fb5c4c00700 1 -- 172.21.15.134:0/2314010597 <== mon.0 v2:172.21.15.134:3300/0 5 ==== osd_map(1..1 src has 1..1) ==== 725+0+0 (secure 0 0 0) 0x7fb5b8053480 con 0x7fb5c8109970
2024-05-04T04:43:31.695 INFO:teuthology.orchestra.run.smithi134.stdout:/usr/bin/ceph: stderr
2024-05-04T04:43:23.704+0000 7fb5c7400700 1 -- 172.21.15.134:0/2314010597 >> [v2:172.21.15.134:6800/3369399961,v1:172.21.15.134:6801/3369399961] conn(0x7fb5ac03e4c0 msgr2=0x7fb5ac040980 unknown :-1 s=STATE_CONNECTING_RE l=1).process reconnect failed to v2:172.21.15.134:6800/3369399961
2024-05-04T04:43:31.695 INFO:teuthology.orchestra.run.smithi134.stdout:/usr/bin/ceph: stderr
2024-05-04T04:43:23.705+0000 7fb5c7400700 1 --2- 172.21.15.134:0/2314010597 >> [v2:172.21.15.134:6800/3369399961,v1:172.21.15.134:6801/3369399961] conn(0x7fb5ac03e4c0 0x7fb5ac040980 unknown :-1 s=START_CONNECT pgs=0 cs=0 l=1 rev1=0 crypto rx=0 tx=0 comp rx=0 tx=0)._fault waiting 0.200000
2024-05-04T04:43:31.695 INFO:teuthology.orchestra.run.smithi134.stdout:/usr/bin/ceph: stderr
2024-05-04T04:43:23.906+0000 7fb5c7400700 1 -- 172.21.15.134:0/2314010597 >> [v2:172.21.15.134:6800/3369399961,v1:172.21.15.134:6801/3369399961] conn(0x7fb5ac03e4c0 msgr2=0x7fb5ac040980 unknown :-1 s=STATE_CONNECTING_RE l=1).process reconnect failed to v2:172.21.15.134:6800/3369399961
2024-05-04T04:43:31.695 INFO:teuthology.orchestra.run.smithi134.stdout:/usr/bin/ceph: stderr
2024-05-04T04:43:23.906+0000 7fb5c7400700 1 --2- 172.21.15.134:0/2314010597 >> [v2:172.21.15.134:6800/3369399961,v1:172.21.15.134:6801/3369399961] conn(0x7fb5ac03e4c0 0x7fb5ac040980 unknown :-1 s=START_CONNECT pgs=0 cs=0 l=1 rev1=0 crypto rx=0 tx=0 comp rx=0 tx=0)._fault waiting 0.400000
2024-05-04T04:43:31.695 INFO:teuthology.orchestra.run.smithi134.stdout:/usr/bin/ceph: stderr
2024-05-04T04:43:24.307+0000 7fb5c7400700 1 -- 172.21.15.134:0/2314010597 >> [v2:172.21.15.134:6800/3369399961,v1:172.21.15.134:6801/3369399961] conn(0x7fb5ac03e4c0 msgr2=0x7fb5ac040980 unknown :-1 s=STATE_CONNECTING_RE l=1).process reconnect failed to v2:172.21.15.134:6800/3369399961
2024-05-04T04:43:31.696 INFO:teuthology.orchestra.run.smithi134.stdout:/usr/bin/ceph: stderr
2024-05-04T04:43:24.307+0000 7fb5c7400700 1 --2- 172.21.15.134:0/2314010597 >> [v2:172.21.15.134:6800/3369399961,v1:172.21.15.134:6801/3369399961] conn(0x7fb5ac03e4c0 0x7fb5ac040980 unknown :-1 s=START_CONNECT pgs=0 cs=0 l=1 rev1=0 crypto rx=0 tx=0 comp rx=0 tx=0)._fault waiting 0.800000
2024-05-04T04:43:31.696 INFO:teuthology.orchestra.run.smithi134.stdout:/usr/bin/ceph: stderr
2024-05-04T04:43:25.108+0000 7fb5c7400700 1 -- 172.21.15.134:0/2314010597 >> [v2:172.21.15.134:6800/3369399961,v1:172.21.15.134:6801/3369399961] conn(0x7fb5ac03e4c0 msgr2=0x7fb5ac040980 unknown :-1 s=STATE_CONNECTING_RE l=1).process reconnect failed to v2:172.21.15.134:6800/3369399961
2024-05-04T04:43:31.696 INFO:teuthology.orchestra.run.smithi134.stdout:/usr/bin/ceph: stderr
2024-05-04T04:43:25.108+0000 7fb5c7400700 1 --2- 172.21.15.134:0/2314010597 >> [v2:172.21.15.134:6800/3369399961,v1:172.21.15.134:6801/3369399961] conn(0x7fb5ac03e4c0 0x7fb5ac040980 unknown :-1 s=START_CONNECT pgs=0 cs=0 l=1 rev1=0 crypto rx=0 tx=0 comp rx=0 tx=0)._fault waiting 1.600000
2024-05-04T04:43:31.696 INFO:teuthology.orchestra.run.smithi134.stdout:/usr/bin/ceph: stderr
2024-05-04T04:43:26.710+0000 7fb5c7400700 1 -- 172.21.15.134:0/2314010597 >> [v2:172.21.15.134:6800/3369399961,v1:172.21.15.134:6801/3369399961] conn(0x7fb5ac03e4c0 msgr2=0x7fb5ac040980 unknown :-1 s=STATE_CONNECTING_RE l=1).process reconnect failed to v2:172.21.15.134:6800/3369399961
2024-05-04T04:43:31.696 INFO:teuthology.orchestra.run.smithi134.stdout:/usr/bin/ceph: stderr
2024-05-04T04:43:26.710+0000 7fb5c7400700 1 --2- 172.21.15.134:0/2314010597 >> [v2:172.21.15.134:6800/3369399961,v1:172.21.15.134:6801/3369399961] conn(0x7fb5ac03e4c0 0x7fb5ac040980 unknown :-1 s=START_CONNECT pgs=0 cs=0 l=1 rev1=0 crypto rx=0 tx=0 comp rx=0 tx=0)._fault waiting 3.200000
2024-05-04T04:43:31.696 INFO:teuthology.orchestra.run.smithi134.stdout:/usr/bin/ceph: stderr
2024-05-04T04:43:29.913+0000 7fb5c7400700 1 -- 172.21.15.134:0/2314010597 >> [v2:172.21.15.134:6800/3369399961,v1:172.21.15.134:6801/3369399961] conn(0x7fb5ac03e4c0 msgr2=0x7fb5ac040980 unknown :-1 s=STATE_CONNECTING_RE l=1).process reconnect failed to v2:172.21.15.134:6800/3369399961
2024-05-04T04:43:31.696 INFO:teuthology.orchestra.run.smithi134.stdout:/usr/bin/ceph: stderr
2024-05-04T04:43:29.914+0000 7fb5c7400700 1 --2- 172.21.15.134:0/2314010597 >> [v2:172.21.15.134:6800/3369399961,v1:172.21.15.134:6801/3369399961] conn(0x7fb5ac03e4c0 0x7fb5ac040980 unknown :-1 s=START_CONNECT pgs=0 cs=0 l=1 rev1=0 crypto rx=0 tx=0 comp rx=0 tx=0)._fault waiting 6.400000
2024-05-04T04:43:31.696 INFO:teuthology.orchestra.run.smithi134.stdout:/usr/bin/ceph: stderr
2024-05-04T04:43:30.026+0000 7fb5c4c00700 1 -- 172.21.15.134:0/2314010597 <== mon.0 v2:172.21.15.134:3300/0 6 ==== mgrmap(e 6) ==== 49989+0+0 (secure 0 0 0) 0x7fb5b802d3f0 con 0x7fb5c8109970
2024-05-04T04:43:31.696 INFO:teuthology.orchestra.run.smithi134.stdout:/usr/bin/ceph: stderr
2024-05-04T04:43:30.027+0000 7fb5c4c00700 1 -- 172.21.15.134:0/2314010597 >> [v2:172.21.15.134:6800/3369399961,v1:172.21.15.134:6801/3369399961] conn(0x7fb5ac03e4c0 msgr2=0x7fb5ac040980 unknown :-1 s=STATE_CONNECTING l=1).mark_down
2024-05-04T04:43:31.696 INFO:teuthology.orchestra.run.smithi134.stdout:/usr/bin/ceph: stderr
2024-05-04T04:43:30.027+0000 7fb5c4c00700 1 --2- 172.21.15.134:0/2314010597 >> [v2:172.21.15.134:6800/3369399961,v1:172.21.15.134:6801/3369399961] conn(0x7fb5ac03e4c0 0x7fb5ac040980 unknown :-1 s=START_CONNECT pgs=0 cs=0 l=1 rev1=0 crypto rx=0 tx=0 comp rx=0 tx=0).stop
2024-05-04T04:43:31.696 INFO:teuthology.orchestra.run.smithi134.stdout:/usr/bin/ceph: stderr
2024-05-04T04:43:31.033+0000 7fb5c4c00700 1 -- 172.21.15.134:0/2314010597 <== mon.0 v2:172.21.15.134:3300/0 7 ==== mgrmap(e 7) ==== 50116+0+0 (secure 0 0 0) 0x7fb5b8054b00 con 0x7fb5c8109970
2024-05-04T04:43:31.696 INFO:teuthology.orchestra.run.smithi134.stdout:/usr/bin/ceph: stderr
2024-05-04T04:43:31.034+0000 7fb5c4c00700 1 --2- 172.21.15.134:0/2314010597 >> [v2:172.21.15.134:6800/2072707343,v1:172.21.15.134:6801/2072707343] conn(0x7fb5ac041db0 0x7fb5ac0441a0 unknown :-1 s=NONE pgs=0 cs=0 l=1 rev1=0 crypto rx=0 tx=0 comp rx=0 tx=0).connect
2024-05-04T04:43:31.697 INFO:teuthology.orchestra.run.smithi134.stdout:/usr/bin/ceph: stderr
2024-05-04T04:43:31.034+0000 7fb5c4c00700 1 -- 172.21.15.134:0/2314010597 --> [v2:172.21.15.134:6800/2072707343,v1:172.21.15.134:6801/2072707343] -- command(tid 0: {"prefix": "get_command_descriptions"}) -- 0x7fb5b8008ea0 con 0x7fb5ac041db0
2024-05-04T04:43:31.697 INFO:teuthology.orchestra.run.smithi134.stdout:/usr/bin/ceph: stderr
2024-05-04T04:43:31.036+0000 7fb5c7400700 1 --2- 172.21.15.134:0/2314010597 >> [v2:172.21.15.134:6800/2072707343,v1:172.21.15.134:6801/2072707343] conn(0x7fb5ac041db0 0x7fb5ac0441a0 unknown :-1 s=BANNER_CONNECTING pgs=0 cs=0 l=1 rev1=0 crypto rx=0 tx=0 comp rx=0 tx=0)._handle_peer_banner_payload supported=3 required=0
2024-05-04T04:43:31.697 INFO:teuthology.orchestra.run.smithi134.stdout:/usr/bin/ceph: stderr
2024-05-04T04:43:31.038+0000 7fb5c7400700 1 --2- 172.21.15.134:0/2314010597 >> [v2:172.21.15.134:6800/2072707343,v1:172.21.15.134:6801/2072707343] conn(0x7fb5ac041db0 0x7fb5ac0441a0 secure :-1 s=READY pgs=1 cs=0 l=1 rev1=1 crypto rx=0x7fb5b4003a10 tx=0x7fb5b4009290 comp rx=0 tx=0).ready entity=mgr.14120 client_cookie=0 server_cookie=0 in_seq=0 out_seq=0
2024-05-04T04:43:31.697 INFO:teuthology.orchestra.run.smithi134.stdout:/usr/bin/ceph: stderr
2024-05-04T04:43:31.039+0000 7fb5c4c00700 1 -- 172.21.15.134:0/2314010597 <== mgr.14120 v2:172.21.15.134:6800/2072707343 1 ==== command_reply(tid 0: 0 ) ==== 8+0+9564 (secure 0 0 0) 0x7fb5b8008ea0 con 0x7fb5ac041db0
2024-05-04T04:43:31.697 INFO:teuthology.orchestra.run.smithi134.stdout:/usr/bin/ceph: stderr
2024-05-04T04:43:31.049+0000 7fb5cf200700 1 -- 172.21.15.134:0/2314010597 --> [v2:172.21.15.134:6800/2072707343,v1:172.21.15.134:6801/2072707343] -- command(tid 1: {"prefix": "mgr_status"}) -- 0x7fb5c806a5e0 con 0x7fb5ac041db0
2024-05-04T04:43:31.697 INFO:teuthology.orchestra.run.smithi134.stdout:/usr/bin/ceph: stderr
2024-05-04T04:43:31.049+0000 7fb5c4c00700 1 -- 172.21.15.134:0/2314010597 <== mgr.14120 v2:172.21.15.134:6800/2072707343 2 ==== command_reply(tid 1: 0 ) ==== 8+0+51 (secure 0 0 0) 0x7fb5c806a5e0 con 0x7fb5ac041db0
2024-05-04T04:43:31.697 INFO:teuthology.orchestra.run.smithi134.stdout:/usr/bin/ceph: stderr
2024-05-04T04:43:31.050+0000 7fb5cf200700 1 -- 172.21.15.134:0/2314010597 >> [v2:172.21.15.134:6800/2072707343,v1:172.21.15.134:6801/2072707343] conn(0x7fb5ac041db0 msgr2=0x7fb5ac0441a0 secure :-1 s=STATE_CONNECTION_ESTABLISHED l=1).mark_down
2024-05-04T04:43:31.697 INFO:teuthology.orchestra.run.smithi134.stdout:/usr/bin/ceph: stderr
2024-05-04T04:43:31.050+0000 7fb5cf200700 1 --2- 172.21.15.134:0/2314010597 >> [v2:172.21.15.134:6800/2072707343,v1:172.21.15.134:6801/2072707343] conn(0x7fb5ac041db0 0x7fb5ac0441a0 secure :-1 s=READY pgs=1 cs=0 l=1 rev1=1 crypto rx=0x7fb5b4003a10 tx=0x7fb5b4009290 comp rx=0 tx=0).stop
2024-05-04T04:43:31.697 INFO:teuthology.orchestra.run.smithi134.stdout:/usr/bin/ceph: stderr
2024-05-04T04:43:31.050+0000 7fb5cf200700 1 -- 172.21.15.134:0/2314010597 >> [v2:172.21.15.134:3300/0,v1:172.21.15.134:6789/0] conn(0x7fb5c8109970 msgr2=0x7fb5c819cd40 secure :-1 s=STATE_CONNECTION_ESTABLISHED l=1).mark_down
2024-05-04T04:43:31.697 INFO:teuthology.orchestra.run.smithi134.stdout:/usr/bin/ceph: stderr
2024-05-04T04:43:31.050+0000 7fb5cf200700 1 --2- 172.21.15.134:0/2314010597 >> [v2:172.21.15.134:3300/0,v1:172.21.15.134:6789/0] conn(0x7fb5c8109970 0x7fb5c819cd40 secure :-1 s=READY pgs=29 cs=0 l=1 rev1=1 crypto rx=0x7fb5b8011ac0 tx=0x7fb5b8011ba0 comp rx=0 tx=0).stop
2024-05-04T04:43:31.697 INFO:teuthology.orchestra.run.smithi134.stdout:/usr/bin/ceph: stderr
2024-05-04T04:43:31.050+0000 7fb5cf200700 1 -- 172.21.15.134:0/2314010597 shutdown_connections
2024-05-04T04:43:31.697 INFO:teuthology.orchestra.run.smithi134.stdout:/usr/bin/ceph: stderr
2024-05-04T04:43:31.050+0000 7fb5cf200700 1 --2- 172.21.15.134:0/2314010597 >> [v2:172.21.15.134:6800/2072707343,v1:172.21.15.134:6801/2072707343] conn(0x7fb5ac041db0 0x7fb5ac0441a0 unknown :-1 s=CLOSED pgs=1 cs=0 l=1 rev1=1 crypto rx=0 tx=0 comp rx=0 tx=0).stop
2024-05-04T04:43:31.697 INFO:teuthology.orchestra.run.smithi134.stdout:/usr/bin/ceph: stderr
2024-05-04T04:43:31.050+0000 7fb5cf200700 1 --2- 172.21.15.134:0/2314010597 >> [v2:172.21.15.134:3300/0,v1:172.21.15.134:6789/0] conn(0x7fb5c8109970 0x7fb5c819cd40 unknown :-1 s=CLOSED pgs=29 cs=0 l=1 rev1=1 crypto rx=0 tx=0 comp rx=0 tx=0).stop
2024-05-04T04:43:31.698 INFO:teuthology.orchestra.run.smithi134.stdout:/usr/bin/ceph: stderr
2024-05-04T04:43:31.050+0000 7fb5cf200700 1 --2- 172.21.15.134:0/2314010597 >> [v2:172.21.15.134:6800/3369399961,v1:172.21.15.134:6801/3369399961] conn(0x7fb5ac03e4c0 0x7fb5ac040980 unknown :-1 s=CLOSED pgs=0 cs=0 l=1 rev1=0 crypto rx=0 tx=0 comp rx=0 tx=0).stop
2024-05-04T04:43:31.698 INFO:teuthology.orchestra.run.smithi134.stdout:/usr/bin/ceph: stderr
2024-05-04T04:43:31.050+0000 7fb5cf200700 1 -- 172.21.15.134:0/2314010597 >> 172.21.15.134:0/2314010597 conn(0x7fb5c8103380 msgr2=0x7fb5c8103eb0 unknown :-1 s=STATE_NONE l=0).mark_down
2024-05-04T04:43:31.698 INFO:teuthology.orchestra.run.smithi134.stdout:/usr/bin/ceph: stderr
2024-05-04T04:43:31.050+0000 7fb5cf200700 1 -- 172.21.15.134:0/2314010597 shutdown_connections
2024-05-04T04:43:31.698 INFO:teuthology.orchestra.run.smithi134.stdout:/usr/bin/ceph: stderr
2024-05-04T04:43:31.050+0000 7fb5cf200700 1 -- 172.21.15.134:0/2314010597 wait complete.
2024-05-04T04:43:31.698 INFO:teuthology.orchestra.run.smithi134.stdout:mgr epoch 5 is available
2024-05-04T04:43:31.698 INFO:teuthology.orchestra.run.smithi134.stdout:Setting orchestrator backend to cephadm...
2024-05-04T04:43:32.862 INFO:journalctl@ceph.mon.a.smithi134.stdout:May 04 04:43:32 smithi134 ceph-mon[28327]: from='client.14124 -' entity='client.admin' cmd=[{"prefix": "get_command_descriptions"}]: dispatch
2024-05-04T04:43:32.862 INFO:journalctl@ceph.mon.a.smithi134.stdout:May 04 04:43:32 smithi134 ceph-mon[28327]: from='client.14124 -' entity='client.admin' cmd=[{"prefix": "mgr_status"}]: dispatch
2024-05-04T04:43:32.863 INFO:journalctl@ceph.mon.a.smithi134.stdout:May 04 04:43:32 smithi134 ceph-mon[28327]: from='mgr.14120 172.21.15.134:0/949320803' entity='mgr.x'
2024-05-04T04:43:32.863 INFO:journalctl@ceph.mon.a.smithi134.stdout:May 04 04:43:32 smithi134 ceph-mon[28327]: from='mgr.14120 172.21.15.134:0/949320803' entity='mgr.x'
2024-05-04T04:43:32.863 INFO:journalctl@ceph.mon.a.smithi134.stdout:May 04 04:43:32 smithi134 ceph-mon[28327]: from='mgr.14120 172.21.15.134:0/949320803' entity='mgr.x'
2024-05-04T04:43:32.863 INFO:journalctl@ceph.mon.a.smithi134.stdout:May 04 04:43:32 smithi134 ceph-mon[28327]: from='mgr.14120 172.21.15.134:0/949320803' entity='mgr.x' cmd=[{"prefix": "config dump", "format": "json"}]: dispatch
2024-05-04T04:43:33.184 INFO:teuthology.orchestra.run.smithi134.stdout:/usr/bin/ceph: stderr
2024-05-04T04:43:32.300+0000 7f42c8000700 1 Processor -- start
