2024-05-04T04:43:36.477 INFO:teuthology.orchestra.run.smithi134.stdout:/usr/bin/ceph: stderr
2024-05-04T04:43:35.898+0000 7f0c61200700 1 --2- 172.21.15.134:0/3261775456 >> [v2:172.21.15.134:3300/0,v1:172.21.15.134:6789/0] conn(0x7f0c5c07fd00 0x7f0c5c1a3260 unknown :-1 s=CLOSED pgs=42 cs=0 l=1 rev1=1 crypto rx=0 tx=0 comp rx=0 tx=0).stop
2024-05-04T04:43:36.477 INFO:teuthology.orchestra.run.smithi134.stdout:/usr/bin/ceph: stderr
2024-05-04T04:43:35.898+0000 7f0c61200700 1 -- 172.21.15.134:0/3261775456 >> 172.21.15.134:0/3261775456 conn(0x7f0c5c07e350 msgr2=0x7f0c5c1099b0 unknown :-1 s=STATE_NONE l=0).mark_down
2024-05-04T04:43:36.477 INFO:teuthology.orchestra.run.smithi134.stdout:/usr/bin/ceph: stderr
2024-05-04T04:43:35.898+0000 7f0c61200700 1 -- 172.21.15.134:0/3261775456 shutdown_connections
2024-05-04T04:43:36.477 INFO:teuthology.orchestra.run.smithi134.stdout:/usr/bin/ceph: stderr
2024-05-04T04:43:35.898+0000 7f0c61200700 1 -- 172.21.15.134:0/3261775456 wait complete.
2024-05-04T04:43:37.064 INFO:journalctl@ceph.mon.a.smithi134.stdout:May 04 04:43:36 smithi134 ceph-mon[28327]: from='client.14136 -' entity='client.admin' cmd=[{"prefix": "cephadm generate-key", "target": ["mon-mgr", ""]}]: dispatch
2024-05-04T04:43:37.064 INFO:journalctl@ceph.mon.a.smithi134.stdout:May 04 04:43:36 smithi134 ceph-mon[28327]: Generating ssh key...
2024-05-04T04:43:37.065 INFO:journalctl@ceph.mon.a.smithi134.stdout:May 04 04:43:36 smithi134 ceph-mon[28327]: from='mgr.14120 172.21.15.134:0/949320803' entity='mgr.x'
2024-05-04T04:43:37.065 INFO:journalctl@ceph.mon.a.smithi134.stdout:May 04 04:43:36 smithi134 ceph-mon[28327]: from='mgr.14120 172.21.15.134:0/949320803' entity='mgr.x'
2024-05-04T04:43:38.075 INFO:journalctl@ceph.mon.a.smithi134.stdout:May 04 04:43:37 smithi134 ceph-mon[28327]: from='client.14138 -' entity='client.admin' cmd=[{"prefix": "cephadm get-pub-key", "target": ["mon-mgr", ""]}]: dispatch
2024-05-04T04:43:38.090 INFO:teuthology.orchestra.run.smithi134.stdout:/usr/bin/ceph: stdout ssh-rsa AAAAB3NzaC1yc2EAAAADAQABAAABgQDOWbhaf/zZGUUuy5lGIGYwMIaYuSjJA+2Z9gNUVdTVVREEj9y7KB2hoq4nXnedWiUfEaMNdB8mlXldd/z+ImshEM5wGvijeUbJrnkrY69c9jrmaJ2c+GCEZ52PjBrTtWmUVtBN3JyEpKF86vyvwyDk7DyYO7FfdMiB6OZuafyKD4Z1HlfqdX9W6NgZSxEGQOGbLOBFe0V9Wr299f1uMSaMDSFa8uE6O9LkmoLSYre9VgV+28/guv5rvPQyjNejic5qSN/Ebb5IZHK4TJ8k5K/hIYUqTroz67itE1AGmeleD6RBiE/AGg3t/TSrTEzllBskDcCdRQnItT2a5UynANbrqsR2KhXQLXxzj36HPI9S6ZR8gX1oSav3cpbKJiW60TobIvyl9Kp1pN9UI8ZybBAazTQXsbSZQmC74VKCYBzpBWvd2JA9kVpa3Ad4X8tn45fzXnbQ44wtTbFr0gpCKLnI3M/9nUfZ3yiJwXwP5LuEtaXUJA7kaenCCzGrKv8lH90= ceph-9d9ee25c-09d0-11ef-bc97-c7b262605968
2024-05-04T04:43:38.097 INFO:teuthology.orchestra.run.smithi134.stdout:/usr/bin/ceph: stderr
2024-05-04T04:43:37.124+0000 7fab10400700 1 Processor -- start
2024-05-04T04:43:38.097 INFO:teuthology.orchestra.run.smithi134.stdout:/usr/bin/ceph: stderr
2024-05-04T04:43:37.124+0000 7fab10400700 1 -- start start
2024-05-04T04:43:38.097 INFO:teuthology.orchestra.run.smithi134.stdout:/usr/bin/ceph: stderr
2024-05-04T04:43:37.125+0000 7fab10400700 1 --2- >> [v2:172.21.15.134:3300/0,v1:172.21.15.134:6789/0] conn(0x7fab0807ee80 0x7fab0807d2e0 unknown :-1 s=NONE pgs=0 cs=0 l=0 rev1=0 crypto rx=0 tx=0 comp rx=0 tx=0).connect
2024-05-04T04:43:38.097 INFO:teuthology.orchestra.run.smithi134.stdout:/usr/bin/ceph: stderr
2024-05-04T04:43:37.125+0000 7fab10400700 1 -- --> [v2:172.21.15.134:3300/0,v1:172.21.15.134:6789/0] -- mon_getmap magic: 0 -- 0x7fab0807d8b0 con 0x7fab0807ee80
2024-05-04T04:43:38.097 INFO:teuthology.orchestra.run.smithi134.stdout:/usr/bin/ceph: stderr
2024-05-04T04:43:37.125+0000 7fab0da00700 1 --2- >> [v2:172.21.15.134:3300/0,v1:172.21.15.134:6789/0] conn(0x7fab0807ee80 0x7fab0807d2e0 unknown :-1 s=BANNER_CONNECTING pgs=0 cs=0 l=0 rev1=0 crypto rx=0 tx=0 comp rx=0 tx=0)._handle_peer_banner_payload supported=3 required=0
2024-05-04T04:43:38.097 INFO:teuthology.orchestra.run.smithi134.stdout:/usr/bin/ceph: stderr
2024-05-04T04:43:37.125+0000 7fab0da00700 1 --2- >> [v2:172.21.15.134:3300/0,v1:172.21.15.134:6789/0] conn(0x7fab0807ee80 0x7fab0807d2e0 unknown :-1 s=HELLO_CONNECTING pgs=0 cs=0 l=0 rev1=1 crypto rx=0 tx=0 comp rx=0 tx=0).handle_hello peer v2:172.21.15.134:3300/0 says I am v2:172.21.15.134:34404/0 (socket says 172.21.15.134:34404)
2024-05-04T04:43:38.097 INFO:teuthology.orchestra.run.smithi134.stdout:/usr/bin/ceph: stderr
2024-05-04T04:43:37.125+0000 7fab0da00700 1 -- 172.21.15.134:0/3450894777 learned_addr learned my addr 172.21.15.134:0/3450894777 (peer_addr_for_me v2:172.21.15.134:0/0)
2024-05-04T04:43:38.097 INFO:teuthology.orchestra.run.smithi134.stdout:/usr/bin/ceph: stderr
2024-05-04T04:43:37.126+0000 7fab0da00700 1 -- 172.21.15.134:0/3450894777 --> [v2:172.21.15.134:3300/0,v1:172.21.15.134:6789/0] -- mon_subscribe({config=0+,monmap=0+}) -- 0x7fab0807da30 con 0x7fab0807ee80
2024-05-04T04:43:38.097 INFO:teuthology.orchestra.run.smithi134.stdout:/usr/bin/ceph: stderr
2024-05-04T04:43:37.126+0000 7fab0da00700 1 --2- 172.21.15.134:0/3450894777 >> [v2:172.21.15.134:3300/0,v1:172.21.15.134:6789/0] conn(0x7fab0807ee80 0x7fab0807d2e0 secure :-1 s=READY pgs=43 cs=0 l=1 rev1=1 crypto rx=0x7faafc0098a0 tx=0x7faafc009bb0 comp rx=0 tx=0).ready entity=mon.0 client_cookie=b49390b2b5b63329 server_cookie=0 in_seq=0 out_seq=0
2024-05-04T04:43:38.097 INFO:teuthology.orchestra.run.smithi134.stdout:/usr/bin/ceph: stderr
2024-05-04T04:43:37.126+0000 7fab07e00700 1 -- 172.21.15.134:0/3450894777 <== mon.0 v2:172.21.15.134:3300/0 1 ==== mon_map magic: 0 ==== 205+0+0 (secure 0 0 0) 0x7faafc004160 con 0x7fab0807ee80
2024-05-04T04:43:38.098 INFO:teuthology.orchestra.run.smithi134.stdout:/usr/bin/ceph: stderr
2024-05-04T04:43:37.126+0000 7fab07e00700 1 -- 172.21.15.134:0/3450894777 <== mon.0 v2:172.21.15.134:3300/0 2 ==== config(26 keys) ==== 1070+0+0 (secure 0 0 0) 0x7faafc004300 con 0x7fab0807ee80
2024-05-04T04:43:38.098 INFO:teuthology.orchestra.run.smithi134.stdout:/usr/bin/ceph: stderr
2024-05-04T04:43:37.126+0000 7fab07e00700 1 -- 172.21.15.134:0/3450894777 <== mon.0 v2:172.21.15.134:3300/0 3 ==== mon_map magic: 0 ==== 205+0+0 (secure 0 0 0) 0x7faafc011af0 con 0x7fab0807ee80
2024-05-04T04:43:38.098 INFO:teuthology.orchestra.run.smithi134.stdout:/usr/bin/ceph: stderr
2024-05-04T04:43:37.127+0000 7fab10400700 1 -- 172.21.15.134:0/3450894777 >> [v2:172.21.15.134:3300/0,v1:172.21.15.134:6789/0] conn(0x7fab0807ee80 msgr2=0x7fab0807d2e0 secure :-1 s=STATE_CONNECTION_ESTABLISHED l=1).mark_down
2024-05-04T04:43:38.098 INFO:teuthology.orchestra.run.smithi134.stdout:/usr/bin/ceph: stderr
2024-05-04T04:43:37.127+0000 7fab10400700 1 --2- 172.21.15.134:0/3450894777 >> [v2:172.21.15.134:3300/0,v1:172.21.15.134:6789/0] conn(0x7fab0807ee80 0x7fab0807d2e0 secure :-1 s=READY pgs=43 cs=0 l=1 rev1=1 crypto rx=0x7faafc0098a0 tx=0x7faafc009bb0 comp rx=0 tx=0).stop
2024-05-04T04:43:38.098 INFO:teuthology.orchestra.run.smithi134.stdout:/usr/bin/ceph: stderr
2024-05-04T04:43:37.127+0000 7fab10400700 1 -- 172.21.15.134:0/3450894777 shutdown_connections
2024-05-04T04:43:38.098 INFO:teuthology.orchestra.run.smithi134.stdout:/usr/bin/ceph: stderr
2024-05-04T04:43:37.127+0000 7fab10400700 1 --2- 172.21.15.134:0/3450894777 >> [v2:172.21.15.134:3300/0,v1:172.21.15.134:6789/0] conn(0x7fab0807ee80 0x7fab0807d2e0 unknown :-1 s=CLOSED pgs=43 cs=0 l=1 rev1=1 crypto rx=0 tx=0 comp rx=0 tx=0).stop
2024-05-04T04:43:38.098 INFO:teuthology.orchestra.run.smithi134.stdout:/usr/bin/ceph: stderr
2024-05-04T04:43:37.127+0000 7fab10400700 1 -- 172.21.15.134:0/3450894777 >> 172.21.15.134:0/3450894777 conn(0x7fab08104440 msgr2=0x7fab081068a0 unknown :-1 s=STATE_NONE l=0).mark_down
2024-05-04T04:43:38.098 INFO:teuthology.orchestra.run.smithi134.stdout:/usr/bin/ceph: stderr
2024-05-04T04:43:37.127+0000 7fab10400700 1 -- 172.21.15.134:0/3450894777 shutdown_connections
2024-05-04T04:43:38.098 INFO:teuthology.orchestra.run.smithi134.stdout:/usr/bin/ceph: stderr
2024-05-04T04:43:37.127+0000 7fab10400700 1 -- 172.21.15.134:0/3450894777 wait complete.
2024-05-04T04:43:38.098 INFO:teuthology.orchestra.run.smithi134.stdout:/usr/bin/ceph: stderr
2024-05-04T04:43:37.128+0000 7fab10400700 1 Processor -- start
2024-05-04T04:43:38.098 INFO:teuthology.orchestra.run.smithi134.stdout:/usr/bin/ceph: stderr
2024-05-04T04:43:37.128+0000 7fab10400700 1 -- start start
2024-05-04T04:43:38.099 INFO:teuthology.orchestra.run.smithi134.stdout:/usr/bin/ceph: stderr
2024-05-04T04:43:37.129+0000 7fab10400700 1 --2- >> [v2:172.21.15.134:3300/0,v1:172.21.15.134:6789/0] conn(0x7fab0807ee80 0x7fab0819eff0 unknown :-1 s=NONE pgs=0 cs=0 l=1 rev1=0 crypto rx=0 tx=0 comp rx=0 tx=0).connect
2024-05-04T04:43:38.099 INFO:teuthology.orchestra.run.smithi134.stdout:/usr/bin/ceph: stderr
2024-05-04T04:43:37.129+0000 7fab10400700 1 -- --> [v2:172.21.15.134:3300/0,v1:172.21.15.134:6789/0] -- mon_getmap magic: 0 -- 0x7fab0810f3f0 con 0x7fab0807ee80
2024-05-04T04:43:38.099 INFO:teuthology.orchestra.run.smithi134.stdout:/usr/bin/ceph: stderr
2024-05-04T04:43:37.129+0000 7fab0da00700 1 --2- >> [v2:172.21.15.134:3300/0,v1:172.21.15.134:6789/0] conn(0x7fab0807ee80 0x7fab0819eff0 unknown :-1 s=BANNER_CONNECTING pgs=0 cs=0 l=1 rev1=0 crypto rx=0 tx=0 comp rx=0 tx=0)._handle_peer_banner_payload supported=3 required=0
2024-05-04T04:43:38.099 INFO:teuthology.orchestra.run.smithi134.stdout:/usr/bin/ceph: stderr
2024-05-04T04:43:37.129+0000 7fab0da00700 1 --2- >> [v2:172.21.15.134:3300/0,v1:172.21.15.134:6789/0] conn(0x7fab0807ee80 0x7fab0819eff0 unknown :-1 s=HELLO_CONNECTING pgs=0 cs=0 l=1 rev1=1 crypto rx=0 tx=0 comp rx=0 tx=0).handle_hello peer v2:172.21.15.134:3300/0 says I am v2:172.21.15.134:34406/0 (socket says 172.21.15.134:34406)
2024-05-04T04:43:38.099 INFO:teuthology.orchestra.run.smithi134.stdout:/usr/bin/ceph: stderr
2024-05-04T04:43:37.129+0000 7fab0da00700 1 -- 172.21.15.134:0/2323435893 learned_addr learned my addr 172.21.15.134:0/2323435893 (peer_addr_for_me v2:172.21.15.134:0/0)
2024-05-04T04:43:38.099 INFO:teuthology.orchestra.run.smithi134.stdout:/usr/bin/ceph: stderr
2024-05-04T04:43:37.129+0000 7fab0da00700 1 -- 172.21.15.134:0/2323435893 --> [v2:172.21.15.134:3300/0,v1:172.21.15.134:6789/0] -- mon_subscribe({config=0+,monmap=0+}) -- 0x7fab0819f530 con 0x7fab0807ee80
2024-05-04T04:43:38.099 INFO:teuthology.orchestra.run.smithi134.stdout:/usr/bin/ceph: stderr
2024-05-04T04:43:37.130+0000 7fab0da00700 1 --2- 172.21.15.134:0/2323435893 >> [v2:172.21.15.134:3300/0,v1:172.21.15.134:6789/0] conn(0x7fab0807ee80 0x7fab0819eff0 secure :-1 s=READY pgs=44 cs=0 l=1 rev1=1 crypto rx=0x7faafc011ac0 tx=0x7faafc011ba0 comp rx=0 tx=0).ready entity=mon.0 client_cookie=0 server_cookie=0 in_seq=0 out_seq=0
2024-05-04T04:43:38.099 INFO:teuthology.orchestra.run.smithi134.stdout:/usr/bin/ceph: stderr
2024-05-04T04:43:37.130+0000 7fab06000700 1 -- 172.21.15.134:0/2323435893 <== mon.0 v2:172.21.15.134:3300/0 1 ==== mon_map magic: 0 ==== 205+0+0 (secure 0 0 0) 0x7faafc003970 con 0x7fab0807ee80
2024-05-04T04:43:38.099 INFO:teuthology.orchestra.run.smithi134.stdout:/usr/bin/ceph: stderr
2024-05-04T04:43:37.130+0000 7fab06000700 1 -- 172.21.15.134:0/2323435893 <== mon.0 v2:172.21.15.134:3300/0 2 ==== config(26 keys) ==== 1070+0+0 (secure 0 0 0) 0x7faafc003b10 con 0x7fab0807ee80
2024-05-04T04:43:38.099 INFO:teuthology.orchestra.run.smithi134.stdout:/usr/bin/ceph: stderr
2024-05-04T04:43:37.130+0000 7fab10400700 1 -- 172.21.15.134:0/2323435893 --> [v2:172.21.15.134:3300/0,v1:172.21.15.134:6789/0] -- mon_subscribe({mgrmap=0+}) -- 0x7fab0819f7c0 con 0x7fab0807ee80
2024-05-04T04:43:38.099 INFO:teuthology.orchestra.run.smithi134.stdout:/usr/bin/ceph: stderr
2024-05-04T04:43:37.130+0000 7fab06000700 1 -- 172.21.15.134:0/2323435893 <== mon.0 v2:172.21.15.134:3300/0 3 ==== mon_map magic: 0 ==== 205+0+0 (secure 0 0 0) 0x7faafc024610 con 0x7fab0807ee80
2024-05-04T04:43:38.099 INFO:teuthology.orchestra.run.smithi134.stdout:/usr/bin/ceph: stderr
2024-05-04T04:43:37.130+0000 7fab10400700 1 -- 172.21.15.134:0/2323435893 --> [v2:172.21.15.134:3300/0,v1:172.21.15.134:6789/0] -- mon_subscribe({osdmap=0}) -- 0x7fab081a24b0 con 0x7fab0807ee80
2024-05-04T04:43:38.099 INFO:teuthology.orchestra.run.smithi134.stdout:/usr/bin/ceph: stderr
2024-05-04T04:43:37.131+0000 7fab10400700 1 -- 172.21.15.134:0/2323435893 --> [v2:172.21.15.134:3300/0,v1:172.21.15.134:6789/0] -- mon_command({"prefix": "get_command_descriptions"} v 0) -- 0x7fab08064b00 con 0x7fab0807ee80
2024-05-04T04:43:38.100 INFO:teuthology.orchestra.run.smithi134.stdout:/usr/bin/ceph: stderr
2024-05-04T04:43:37.131+0000 7fab06000700 1 -- 172.21.15.134:0/2323435893 <== mon.0 v2:172.21.15.134:3300/0 4 ==== mgrmap(e 8) ==== 50222+0+0 (secure 0 0 0) 0x7faafc01a9e0 con 0x7fab0807ee80
2024-05-04T04:43:38.100 INFO:teuthology.orchestra.run.smithi134.stdout:/usr/bin/ceph: stderr
2024-05-04T04:43:37.132+0000 7fab06000700 1 --2- 172.21.15.134:0/2323435893 >> [v2:172.21.15.134:6800/2072707343,v1:172.21.15.134:6801/2072707343] conn(0x7faaf003e4c0 0x7faaf0040980 unknown :-1 s=NONE pgs=0 cs=0 l=1 rev1=0 crypto rx=0 tx=0 comp rx=0 tx=0).connect
2024-05-04T04:43:38.100 INFO:teuthology.orchestra.run.smithi134.stdout:/usr/bin/ceph: stderr
2024-05-04T04:43:37.132+0000 7fab06000700 1 -- 172.21.15.134:0/2323435893 <== mon.0 v2:172.21.15.134:3300/0 5 ==== osd_map(2..2 src has 1..2) ==== 940+0+0 (secure 0 0 0) 0x7faafc053990 con 0x7fab0807ee80
2024-05-04T04:43:38.100 INFO:teuthology.orchestra.run.smithi134.stdout:/usr/bin/ceph: stderr
2024-05-04T04:43:37.132+0000 7fab0d000700 1 --2- 172.21.15.134:0/2323435893 >> [v2:172.21.15.134:6800/2072707343,v1:172.21.15.134:6801/2072707343] conn(0x7faaf003e4c0 0x7faaf0040980 unknown :-1 s=BANNER_CONNECTING pgs=0 cs=0 l=1 rev1=0 crypto rx=0 tx=0 comp rx=0 tx=0)._handle_peer_banner_payload supported=3 required=0
2024-05-04T04:43:38.100 INFO:teuthology.orchestra.run.smithi134.stdout:/usr/bin/ceph: stderr
2024-05-04T04:43:37.133+0000 7fab0d000700 1 --2- 172.21.15.134:0/2323435893 >> [v2:172.21.15.134:6800/2072707343,v1:172.21.15.134:6801/2072707343] conn(0x7faaf003e4c0 0x7faaf0040980 secure :-1 s=READY pgs=10 cs=0 l=1 rev1=1 crypto rx=0x7faaf4006fd0 tx=0x7faaf4006e40 comp rx=0 tx=0).ready entity=mgr.14120 client_cookie=0 server_cookie=0 in_seq=0 out_seq=0
2024-05-04T04:43:38.100 INFO:teuthology.orchestra.run.smithi134.stdout:/usr/bin/ceph: stderr
2024-05-04T04:43:37.137+0000 7fab06000700 1 -- 172.21.15.134:0/2323435893 <== mon.0 v2:172.21.15.134:3300/0 6 ==== mon_command_ack([{"prefix": "get_command_descriptions"}]=0 v0) ==== 72+0+191839 (secure 0 0 0) 0x7faafc0247f0 con 0x7fab0807ee80
2024-05-04T04:43:38.100 INFO:teuthology.orchestra.run.smithi134.stdout:/usr/bin/ceph: stderr
2024-05-04T04:43:37.373+0000 7fab10400700 1 -- 172.21.15.134:0/2323435893 --> [v2:172.21.15.134:6800/2072707343,v1:172.21.15.134:6801/2072707343] -- mgr_command(tid 0: {"prefix": "cephadm get-pub-key", "target": ["mon-mgr", ""]}) -- 0x7fab08105730 con 0x7faaf003e4c0
2024-05-04T04:43:38.100 INFO:teuthology.orchestra.run.smithi134.stdout:/usr/bin/ceph: stderr
2024-05-04T04:43:37.374+0000 7fab06000700 1 -- 172.21.15.134:0/2323435893 <== mgr.14120 v2:172.21.15.134:6800/2072707343 1 ==== mgr_command_reply(tid 0: 0 ) ==== 8+0+595 (secure 0 0 0) 0x7fab08105730 con 0x7faaf003e4c0
2024-05-04T04:43:38.100 INFO:teuthology.orchestra.run.smithi134.stdout:/usr/bin/ceph: stderr
2024-05-04T04:43:37.378+0000 7fab10400700 1 -- 172.21.15.134:0/2323435893 >> [v2:172.21.15.134:6800/2072707343,v1:172.21.15.134:6801/2072707343] conn(0x7faaf003e4c0 msgr2=0x7faaf0040980 secure :-1 s=STATE_CONNECTION_ESTABLISHED l=1).mark_down
2024-05-04T04:43:38.100 INFO:teuthology.orchestra.run.smithi134.stdout:/usr/bin/ceph: stderr
2024-05-04T04:43:37.378+0000 7fab10400700 1 --2- 172.21.15.134:0/2323435893 >> [v2:172.21.15.134:6800/2072707343,v1:172.21.15.134:6801/2072707343] conn(0x7faaf003e4c0 0x7faaf0040980 secure :-1 s=READY pgs=10 cs=0 l=1 rev1=1 crypto rx=0x7faaf4006fd0 tx=0x7faaf4006e40 comp rx=0 tx=0).stop
2024-05-04T04:43:38.100 INFO:teuthology.orchestra.run.smithi134.stdout:/usr/bin/ceph: stderr
2024-05-04T04:43:37.378+0000 7fab10400700 1 -- 172.21.15.134:0/2323435893 >> [v2:172.21.15.134:3300/0,v1:172.21.15.134:6789/0] conn(0x7fab0807ee80 msgr2=0x7fab0819eff0 secure :-1 s=STATE_CONNECTION_ESTABLISHED l=1).mark_down
2024-05-04T04:43:38.100 INFO:teuthology.orchestra.run.smithi134.stdout:/usr/bin/ceph: stderr
2024-05-04T04:43:37.378+0000 7fab10400700 1 --2- 172.21.15.134:0/2323435893 >> [v2:172.21.15.134:3300/0,v1:172.21.15.134:6789/0] conn(0x7fab0807ee80 0x7fab0819eff0 secure :-1 s=READY pgs=44 cs=0 l=1 rev1=1 crypto rx=0x7faafc011ac0 tx=0x7faafc011ba0 comp rx=0 tx=0).stop
2024-05-04T04:43:38.100 INFO:teuthology.orchestra.run.smithi134.stdout:/usr/bin/ceph: stderr
2024-05-04T04:43:37.379+0000 7fab10400700 1 -- 172.21.15.134:0/2323435893 shutdown_connections
2024-05-04T04:43:38.100 INFO:teuthology.orchestra.run.smithi134.stdout:/usr/bin/ceph: stderr
2024-05-04T04:43:37.379+0000 7fab10400700 1 --2- 172.21.15.134:0/2323435893 >> [v2:172.21.15.134:6800/2072707343,v1:172.21.15.134:6801/2072707343] conn(0x7faaf003e4c0 0x7faaf0040980 unknown :-1 s=CLOSED pgs=10 cs=0 l=1 rev1=1 crypto rx=0 tx=0 comp rx=0 tx=0).stop
2024-05-04T04:43:38.101 INFO:teuthology.orchestra.run.smithi134.stdout:/usr/bin/ceph: stderr
2024-05-04T04:43:37.379+0000 7fab10400700 1 --2- 172.21.15.134:0/2323435893 >> [v2:172.21.15.134:3300/0,v1:172.21.15.134:6789/0] conn(0x7fab0807ee80 0x7fab0819eff0 unknown :-1 s=CLOSED pgs=44 cs=0 l=1 rev1=1 crypto rx=0 tx=0 comp rx=0 tx=0).stop
2024-05-04T04:43:38.101 INFO:teuthology.orchestra.run.smithi134.stdout:/usr/bin/ceph: stderr
2024-05-04T04:43:37.379+0000 7fab10400700 1 -- 172.21.15.134:0/2323435893 >> 172.21.15.134:0/2323435893 conn(0x7fab08104440 msgr2=0x7fab08105020 unknown :-1 s=STATE_NONE l=0).mark_down
2024-05-04T04:43:38.101 INFO:teuthology.orchestra.run.smithi134.stdout:/usr/bin/ceph: stderr
2024-05-04T04:43:37.379+0000 7fab10400700 1 -- 172.21.15.134:0/2323435893 shutdown_connections
2024-05-04T04:43:38.101 INFO:teuthology.orchestra.run.smithi134.stdout:/usr/bin/ceph: stderr
2024-05-04T04:43:37.379+0000 7fab10400700 1 -- 172.21.15.134:0/2323435893 wait complete.
2024-05-04T04:43:38.101 INFO:teuthology.orchestra.run.smithi134.stdout:Wrote public SSH key to /home/ubuntu/cephtest/ceph.pub
2024-05-04T04:43:38.101 INFO:teuthology.orchestra.run.smithi134.stdout:Adding key to root@localhost authorized_keys...
2024-05-04T04:43:38.102 INFO:teuthology.orchestra.run.smithi134.stdout:Adding host smithi134...
2024-05-04T04:43:39.186 INFO:journalctl@ceph.mon.a.smithi134.stdout:May 04 04:43:38 smithi134 ceph-mon[28327]: from='client.14140 -' entity='client.admin' cmd=[{"prefix": "orch host add", "hostname": "smithi134", "addr": "172.21.15.134", "target": ["mon-mgr", ""]}]: dispatch
2024-05-04T04:43:41.435 INFO:journalctl@ceph.mon.a.smithi134.stdout:May 04 04:43:40 smithi134 ceph-mon[28327]: Deploying cephadm binary to smithi134
2024-05-04T04:43:45.682 INFO:teuthology.orchestra.run.smithi134.stdout:/usr/bin/ceph: stdout Added host 'smithi134' with addr '172.21.15.134'
2024-05-04T04:43:45.682 INFO:teuthology.orchestra.run.smithi134.stdout:/usr/bin/ceph: stderr
2024-05-04T04:43:38.658+0000 7f7936a00700 1 Processor -- start
2024-05-04T04:43:45.682 INFO:teuthology.orchestra.run.smithi134.stdout:/usr/bin/ceph: stderr
2024-05-04T04:43:38.658+0000 7f7936a00700 1 -- start start
2024-05-04T04:43:45.682 INFO:teuthology.orchestra.run.smithi134.stdout:/usr/bin/ceph: stderr
2024-05-04T04:43:38.659+0000 7f7936a00700 1 --2- >> [v2:172.21.15.134:3300/0,v1:172.21.15.134:6789/0] conn(0x7f793010b120 0x7f793010b560 unknown :-1 s=NONE pgs=0 cs=0 l=0 rev1=0 crypto rx=0 tx=0 comp rx=0 tx=0).connect
2024-05-04T04:43:45.682 INFO:teuthology.orchestra.run.smithi134.stdout:/usr/bin/ceph: stderr
2024-05-04T04:43:38.659+0000 7f7936a00700 1 -- --> [v2:172.21.15.134:3300/0,v1:172.21.15.134:6789/0] -- mon_getmap magic: 0 -- 0x7f793010bb30 con 0x7f793010b120
2024-05-04T04:43:45.682 INFO:teuthology.orchestra.run.smithi134.stdout:/usr/bin/ceph: stderr
2024-05-04T04:43:38.659+0000 7f7935600700 1 --2- >> [v2:172.21.15.134:3300/0,v1:172.21.15.134:6789/0] conn(0x7f793010b120 0x7f793010b560 unknown :-1 s=BANNER_CONNECTING pgs=0 cs=0 l=0 rev1=0 crypto rx=0 tx=0 comp rx=0 tx=0)._handle_peer_banner_payload supported=3 required=0
2024-05-04T04:43:45.683 INFO:teuthology.orchestra.run.smithi134.stdout:/usr/bin/ceph: stderr
2024-05-04T04:43:38.659+0000 7f7935600700 1 --2- >> [v2:172.21.15.134:3300/0,v1:172.21.15.134:6789/0] conn(0x7f793010b120 0x7f793010b560 unknown :-1 s=HELLO_CONNECTING pgs=0 cs=0 l=0 rev1=1 crypto rx=0 tx=0 comp rx=0 tx=0).handle_hello peer v2:172.21.15.134:3300/0 says I am v2:172.21.15.134:34410/0 (socket says 172.21.15.134:34410)
2024-05-04T04:43:45.683 INFO:teuthology.orchestra.run.smithi134.stdout:/usr/bin/ceph: stderr
2024-05-04T04:43:38.659+0000 7f7935600700 1 -- 172.21.15.134:0/695731415 learned_addr learned my addr 172.21.15.134:0/695731415 (peer_addr_for_me v2:172.21.15.134:0/0)
2024-05-04T04:43:45.683 INFO:teuthology.orchestra.run.smithi134.stdout:/usr/bin/ceph: stderr
2024-05-04T04:43:38.660+0000 7f7935600700 1 -- 172.21.15.134:0/695731415 --> [v2:172.21.15.134:3300/0,v1:172.21.15.134:6789/0] -- mon_subscribe({config=0+,monmap=0+}) -- 0x7f793010bcb0 con 0x7f793010b120
2024-05-04T04:43:45.683 INFO:teuthology.orchestra.run.smithi134.stdout:/usr/bin/ceph: stderr
2024-05-04T04:43:38.660+0000 7f7935600700 1 --2- 172.21.15.134:0/695731415 >> [v2:172.21.15.134:3300/0,v1:172.21.15.134:6789/0] conn(0x7f793010b120 0x7f793010b560 secure :-1 s=READY pgs=45 cs=0 l=1 rev1=1 crypto rx=0x7f79240098a0 tx=0x7f7924009bb0 comp rx=0 tx=0).ready entity=mon.0 client_cookie=b9cb61fdc7f21931 server_cookie=0 in_seq=0 out_seq=0
2024-05-04T04:43:45.683 INFO:teuthology.orchestra.run.smithi134.stdout:/usr/bin/ceph: stderr
2024-05-04T04:43:38.660+0000 7f792fe00700 1 -- 172.21.15.134:0/695731415 <== mon.0 v2:172.21.15.134:3300/0 1 ==== mon_map magic: 0 ==== 205+0+0 (secure 0 0 0) 0x7f7924004160 con 0x7f793010b120
2024-05-04T04:43:45.683 INFO:teuthology.orchestra.run.smithi134.stdout:/usr/bin/ceph: stderr
2024-05-04T04:43:38.660+0000 7f792fe00700 1 -- 172.21.15.134:0/695731415 <== mon.0 v2:172.21.15.134:3300/0 2 ==== config(26 keys) ==== 1070+0+0 (secure 0 0 0) 0x7f7924004300 con 0x7f793010b120
2024-05-04T04:43:45.683 INFO:teuthology.orchestra.run.smithi134.stdout:/usr/bin/ceph: stderr
2024-05-04T04:43:38.661+0000 7f792fe00700 1 -- 172.21.15.134:0/695731415 <== mon.0 v2:172.21.15.134:3300/0 3 ==== mon_map magic: 0 ==== 205+0+0 (secure 0 0 0) 0x7f7924011af0 con 0x7f793010b120
2024-05-04T04:43:45.683 INFO:teuthology.orchestra.run.smithi134.stdout:/usr/bin/ceph: stderr
2024-05-04T04:43:38.661+0000 7f7936a00700 1 -- 172.21.15.134:0/695731415 >> [v2:172.21.15.134:3300/0,v1:172.21.15.134:6789/0] conn(0x7f793010b120 msgr2=0x7f793010b560 secure :-1 s=STATE_CONNECTION_ESTABLISHED l=1).mark_down
2024-05-04T04:43:45.683 INFO:teuthology.orchestra.run.smithi134.stdout:/usr/bin/ceph: stderr
2024-05-04T04:43:38.661+0000 7f7936a00700 1 --2- 172.21.15.134:0/695731415 >> [v2:172.21.15.134:3300/0,v1:172.21.15.134:6789/0] conn(0x7f793010b120 0x7f793010b560 secure :-1 s=READY pgs=45 cs=0 l=1 rev1=1 crypto rx=0x7f79240098a0 tx=0x7f7924009bb0 comp rx=0 tx=0).stop
2024-05-04T04:43:45.683 INFO:teuthology.orchestra.run.smithi134.stdout:/usr/bin/ceph: stderr
2024-05-04T04:43:38.661+0000 7f7936a00700 1 -- 172.21.15.134:0/695731415 shutdown_connections
2024-05-04T04:43:45.683 INFO:teuthology.orchestra.run.smithi134.stdout:/usr/bin/ceph: stderr
2024-05-04T04:43:38.661+0000 7f7936a00700 1 --2- 172.21.15.134:0/695731415 >> [v2:172.21.15.134:3300/0,v1:172.21.15.134:6789/0] conn(0x7f793010b120 0x7f793010b560 unknown :-1 s=CLOSED pgs=45 cs=0 l=1 rev1=1 crypto rx=0 tx=0 comp rx=0 tx=0).stop
2024-05-04T04:43:45.683 INFO:teuthology.orchestra.run.smithi134.stdout:/usr/bin/ceph: stderr
2024-05-04T04:43:38.661+0000 7f7936a00700 1 -- 172.21.15.134:0/695731415 >> 172.21.15.134:0/695731415 conn(0x7f793007e350 msgr2=0x7f793007e760 unknown :-1 s=STATE_NONE l=0).mark_down
2024-05-04T04:43:45.684 INFO:teuthology.orchestra.run.smithi134.stdout:/usr/bin/ceph: stderr
2024-05-04T04:43:38.661+0000 7f7936a00700 1 -- 172.21.15.134:0/695731415 shutdown_connections
2024-05-04T04:43:45.684 INFO:teuthology.orchestra.run.smithi134.stdout:/usr/bin/ceph: stderr
2024-05-04T04:43:38.662+0000 7f7936a00700 1 -- 172.21.15.134:0/695731415 wait complete.
2024-05-04T04:43:45.684 INFO:teuthology.orchestra.run.smithi134.stdout:/usr/bin/ceph: stderr
2024-05-04T04:43:38.662+0000 7f7936a00700 1 Processor -- start
2024-05-04T04:43:45.684 INFO:teuthology.orchestra.run.smithi134.stdout:/usr/bin/ceph: stderr
2024-05-04T04:43:38.663+0000 7f7936a00700 1 -- start start
2024-05-04T04:43:45.684 INFO:teuthology.orchestra.run.smithi134.stdout:/usr/bin/ceph: stderr
2024-05-04T04:43:38.663+0000 7f7936a00700 1 --2- >> [v2:172.21.15.134:3300/0,v1:172.21.15.134:6789/0] conn(0x7f793010b120 0x7f793019eec0 unknown :-1 s=NONE pgs=0 cs=0 l=1 rev1=0 crypto rx=0 tx=0 comp rx=0 tx=0).connect
2024-05-04T04:43:45.684 INFO:teuthology.orchestra.run.smithi134.stdout:/usr/bin/ceph: stderr
2024-05-04T04:43:38.663+0000 7f7936a00700 1 -- --> [v2:172.21.15.134:3300/0,v1:172.21.15.134:6789/0] -- mon_getmap magic: 0 -- 0x7f793010cf10 con 0x7f793010b120
2024-05-04T04:43:45.684 INFO:teuthology.orchestra.run.smithi134.stdout:/usr/bin/ceph: stderr
2024-05-04T04:43:38.663+0000 7f7935600700 1 --2- >> [v2:172.21.15.134:3300/0,v1:172.21.15.134:6789/0] conn(0x7f793010b120 0x7f793019eec0 unknown :-1 s=BANNER_CONNECTING pgs=0 cs=0 l=1 rev1=0 crypto rx=0 tx=0 comp rx=0 tx=0)._handle_peer_banner_payload supported=3 required=0
2024-05-04T04:43:45.684 INFO:teuthology.orchestra.run.smithi134.stdout:/usr/bin/ceph: stderr
2024-05-04T04:43:38.663+0000 7f7935600700 1 --2- >> [v2:172.21.15.134:3300/0,v1:172.21.15.134:6789/0] conn(0x7f793010b120 0x7f793019eec0 unknown :-1 s=HELLO_CONNECTING pgs=0 cs=0 l=1 rev1=1 crypto rx=0 tx=0 comp rx=0 tx=0).handle_hello peer v2:172.21.15.134:3300/0 says I am v2:172.21.15.134:34422/0 (socket says 172.21.15.134:34422)
2024-05-04T04:43:45.684 INFO:teuthology.orchestra.run.smithi134.stdout:/usr/bin/ceph: stderr
2024-05-04T04:43:38.663+0000 7f7935600700 1 -- 172.21.15.134:0/3203332872 learned_addr learned my addr 172.21.15.134:0/3203332872 (peer_addr_for_me v2:172.21.15.134:0/0)
2024-05-04T04:43:45.684 INFO:teuthology.orchestra.run.smithi134.stdout:/usr/bin/ceph: stderr
2024-05-04T04:43:38.664+0000 7f7935600700 1 -- 172.21.15.134:0/3203332872 --> [v2:172.21.15.134:3300/0,v1:172.21.15.134:6789/0] -- mon_subscribe({config=0+,monmap=0+}) -- 0x7f793019f400 con 0x7f793010b120
2024-05-04T04:43:45.684 INFO:teuthology.orchestra.run.smithi134.stdout:/usr/bin/ceph: stderr
2024-05-04T04:43:38.664+0000 7f7935600700 1 --2- 172.21.15.134:0/3203332872 >> [v2:172.21.15.134:3300/0,v1:172.21.15.134:6789/0] conn(0x7f793010b120 0x7f793019eec0 secure :-1 s=READY pgs=46 cs=0 l=1 rev1=1 crypto rx=0x7f79240117b0 tx=0x7f7924011b70 comp rx=0 tx=0).ready entity=mon.0 client_cookie=0 server_cookie=0 in_seq=0 out_seq=0
2024-05-04T04:43:45.684 INFO:teuthology.orchestra.run.smithi134.stdout:/usr/bin/ceph: stderr
2024-05-04T04:43:38.664+0000 7f792e000700 1 -- 172.21.15.134:0/3203332872 <== mon.0 v2:172.21.15.134:3300/0 1 ==== mon_map magic: 0 ==== 205+0+0 (secure 0 0 0) 0x7f7924003af0 con 0x7f793010b120
2024-05-04T04:43:45.685 INFO:teuthology.orchestra.run.smithi134.stdout:/usr/bin/ceph: stderr
2024-05-04T04:43:38.664+0000 7f792e000700 1 -- 172.21.15.134:0/3203332872 <== mon.0 v2:172.21.15.134:3300/0 2 ==== config(26 keys) ==== 1070+0+0 (secure 0 0 0) 0x7f7924020070 con 0x7f793010b120
2024-05-04T04:43:45.685 INFO:teuthology.orchestra.run.smithi134.stdout:/usr/bin/ceph: stderr
2024-05-04T04:43:38.664+0000 7f792e000700 1 -- 172.21.15.134:0/3203332872 <== mon.0 v2:172.21.15.134:3300/0 3 ==== mon_map magic: 0 ==== 205+0+0 (secure 0 0 0) 0x7f7924019630 con 0x7f793010b120
2024-05-04T04:43:45.685 INFO:teuthology.orchestra.run.smithi134.stdout:/usr/bin/ceph: stderr
2024-05-04T04:43:38.664+0000 7f7936a00700 1 -- 172.21.15.134:0/3203332872 --> [v2:172.21.15.134:3300/0,v1:172.21.15.134:6789/0] -- mon_subscribe({mgrmap=0+}) -- 0x7f793019f690 con 0x7f793010b120
2024-05-04T04:43:45.685 INFO:teuthology.orchestra.run.smithi134.stdout:/usr/bin/ceph: stderr
2024-05-04T04:43:38.664+0000 7f7936a00700 1 -- 172.21.15.134:0/3203332872 --> [v2:172.21.15.134:3300/0,v1:172.21.15.134:6789/0] -- mon_subscribe({osdmap=0}) -- 0x7f79301a2380 con 0x7f793010b120
2024-05-04T04:43:45.685 INFO:teuthology.orchestra.run.smithi134.stdout:/usr/bin/ceph: stderr
2024-05-04T04:43:38.666+0000 7f7936a00700 1 -- 172.21.15.134:0/3203332872 --> [v2:172.21.15.134:3300/0,v1:172.21.15.134:6789/0] -- mon_command({"prefix": "get_command_descriptions"} v 0) -- 0x7f793006a5e0 con 0x7f793010b120
2024-05-04T04:43:45.685 INFO:teuthology.orchestra.run.smithi134.stdout:/usr/bin/ceph: stderr
2024-05-04T04:43:38.666+0000 7f792e000700 1 -- 172.21.15.134:0/3203332872 <== mon.0 v2:172.21.15.134:3300/0 4 ==== mgrmap(e 8) ==== 50222+0+0 (secure 0 0 0) 0x7f792401a9c0 con 0x7f793010b120
2024-05-04T04:43:45.685 INFO:teuthology.orchestra.run.smithi134.stdout:/usr/bin/ceph: stderr
2024-05-04T04:43:38.666+0000 7f792e000700 1 --2- 172.21.15.134:0/3203332872 >> [v2:172.21.15.134:6800/2072707343,v1:172.21.15.134:6801/2072707343] conn(0x7f791803e4c0 0x7f7918040980 unknown :-1 s=NONE pgs=0 cs=0 l=1 rev1=0 crypto rx=0 tx=0 comp rx=0 tx=0).connect
2024-05-04T04:43:45.685 INFO:teuthology.orchestra.run.smithi134.stdout:/usr/bin/ceph: stderr
2024-05-04T04:43:38.666+0000 7f792e000700 1 -- 172.21.15.134:0/3203332872 <== mon.0 v2:172.21.15.134:3300/0 5 ==== osd_map(2..2 src has 1..2) ==== 940+0+0 (secure 0 0 0) 0x7f7924053b20 con 0x7f793010b120
2024-05-04T04:43:45.685 INFO:teuthology.orchestra.run.smithi134.stdout:/usr/bin/ceph: stderr
2024-05-04T04:43:38.666+0000 7f7934c00700 1 --2- 172.21.15.134:0/3203332872 >> [v2:172.21.15.134:6800/2072707343,v1:172.21.15.134:6801/2072707343] conn(0x7f791803e4c0 0x7f7918040980 unknown :-1 s=BANNER_CONNECTING pgs=0 cs=0 l=1 rev1=0 crypto rx=0 tx=0 comp rx=0 tx=0)._handle_peer_banner_payload supported=3 required=0
2024-05-04T04:43:45.685 INFO:teuthology.orchestra.run.smithi134.stdout:/usr/bin/ceph: stderr
2024-05-04T04:43:38.667+0000 7f7934c00700 1 --2- 172.21.15.134:0/3203332872 >> [v2:172.21.15.134:6800/2072707343,v1:172.21.15.134:6801/2072707343] conn(0x7f791803e4c0 0x7f7918040980 secure :-1 s=READY pgs=11 cs=0 l=1 rev1=1 crypto rx=0x7f791c006fd0 tx=0x7f791c006e40 comp rx=0 tx=0).ready entity=mgr.14120 client_cookie=0 server_cookie=0 in_seq=0 out_seq=0
2024-05-04T04:43:45.685 INFO:teuthology.orchestra.run.smithi134.stdout:/usr/bin/ceph: stderr
2024-05-04T04:43:38.672+0000 7f792e000700 1 -- 172.21.15.134:0/3203332872 <== mon.0 v2:172.21.15.134:3300/0 6 ==== mon_command_ack([{"prefix": "get_command_descriptions"}]=0 v0) ==== 72+0+191839 (secure 0 0 0) 0x7f793010bcb0 con 0x7f793010b120
2024-05-04T04:43:45.686 INFO:teuthology.orchestra.run.smithi134.stdout:/usr/bin/ceph: stderr
2024-05-04T04:43:38.894+0000 7f7936a00700 1 -- 172.21.15.134:0/3203332872 --> [v2:172.21.15.134:6800/2072707343,v1:172.21.15.134:6801/2072707343] -- mgr_command(tid 0: {"prefix": "orch host add", "hostname": "smithi134", "addr": "172.21.15.134", "target": ["mon-mgr", ""]}) -- 0x7f7930109580 con 0x7f791803e4c0
2024-05-04T04:43:45.686 INFO:teuthology.orchestra.run.smithi134.stdout:/usr/bin/ceph: stderr
2024-05-04T04:43:44.830+0000 7f792e000700 1 -- 172.21.15.134:0/3203332872 <== mgr.14120 v2:172.21.15.134:6800/2072707343 1 ==== mgr_command_reply(tid 0: 0 ) ==== 8+0+49 (secure 0 0 0) 0x7f7930109580 con 0x7f791803e4c0
2024-05-04T04:43:45.686 INFO:teuthology.orchestra.run.smithi134.stdout:/usr/bin/ceph: stderr
2024-05-04T04:43:44.834+0000 7f7936a00700 1 -- 172.21.15.134:0/3203332872 >> [v2:172.21.15.134:6800/2072707343,v1:172.21.15.134:6801/2072707343] conn(0x7f791803e4c0 msgr2=0x7f7918040980 secure :-1 s=STATE_CONNECTION_ESTABLISHED l=1).mark_down
2024-05-04T04:43:45.686 INFO:teuthology.orchestra.run.smithi134.stdout:/usr/bin/ceph: stderr
2024-05-04T04:43:44.834+0000 7f7936a00700 1 --2- 172.21.15.134:0/3203332872 >> [v2:172.21.15.134:6800/2072707343,v1:172.21.15.134:6801/2072707343] conn(0x7f791803e4c0 0x7f7918040980 secure :-1 s=READY pgs=11 cs=0 l=1 rev1=1 crypto rx=0x7f791c006fd0 tx=0x7f791c006e40 comp rx=0 tx=0).stop
2024-05-04T04:43:45.686 INFO:teuthology.orchestra.run.smithi134.stdout:/usr/bin/ceph: stderr
2024-05-04T04:43:44.835+0000 7f7936a00700 1 -- 172.21.15.134:0/3203332872 >> [v2:172.21.15.134:3300/0,v1:172.21.15.134:6789/0] conn(0x7f793010b120 msgr2=0x7f793019eec0 secure :-1 s=STATE_CONNECTION_ESTABLISHED l=1).mark_down
2024-05-04T04:43:45.686 INFO:teuthology.orchestra.run.smithi134.stdout:/usr/bin/ceph: stderr
2024-05-04T04:43:44.835+0000 7f7936a00700 1 --2- 172.21.15.134:0/3203332872 >> [v2:172.21.15.134:3300/0,v1:172.21.15.134:6789/0] conn(0x7f793010b120 0x7f793019eec0 secure :-1 s=READY pgs=46 cs=0 l=1 rev1=1 crypto rx=0x7f79240117b0 tx=0x7f7924011b70 comp rx=0 tx=0).stop
2024-05-04T04:43:45.686 INFO:teuthology.orchestra.run.smithi134.stdout:/usr/bin/ceph: stderr
2024-05-04T04:43:44.835+0000 7f7936a00700 1 -- 172.21.15.134:0/3203332872 shutdown_connections
2024-05-04T04:43:45.686 INFO:teuthology.orchestra.run.smithi134.stdout:/usr/bin/ceph: stderr
2024-05-04T04:43:44.835+0000 7f7936a00700 1 --2- 172.21.15.134:0/3203332872 >> [v2:172.21.15.134:6800/2072707343,v1:172.21.15.134:6801/2072707343] conn(0x7f791803e4c0 0x7f7918040980 unknown :-1 s=CLOSED pgs=11 cs=0 l=1 rev1=1 crypto rx=0 tx=0 comp rx=0 tx=0).stop
2024-05-04T04:43:45.686 INFO:teuthology.orchestra.run.smithi134.stdout:/usr/bin/ceph: stderr
2024-05-04T04:43:44.835+0000 7f7936a00700 1 --2- 172.21.15.134:0/3203332872 >> [v2:172.21.15.134:3300/0,v1:172.21.15.134:6789/0] conn(0x7f793010b120 0x7f793019eec0 unknown :-1 s=CLOSED pgs=46 cs=0 l=1 rev1=1 crypto rx=0 tx=0 comp rx=0 tx=0).stop
2024-05-04T04:43:45.686 INFO:teuthology.orchestra.run.smithi134.stdout:/usr/bin/ceph: stderr
2024-05-04T04:43:44.835+0000 7f7936a00700 1 -- 172.21.15.134:0/3203332872 >> 172.21.15.134:0/3203332872 conn(0x7f793007e350 msgr2=0x7f7930108e70 unknown :-1 s=STATE_NONE l=0).mark_down
2024-05-04T04:43:45.686 INFO:teuthology.orchestra.run.smithi134.stdout:/usr/bin/ceph: stderr
2024-05-04T04:43:44.835+0000 7f7936a00700 1 -- 172.21.15.134:0/3203332872 shutdown_connections
2024-05-04T04:43:45.687 INFO:teuthology.orchestra.run.smithi134.stdout:/usr/bin/ceph: stderr
2024-05-04T04:43:44.835+0000 7f7936a00700 1 -- 172.21.15.134:0/3203332872 wait complete.
2024-05-04T04:43:45.687 INFO:teuthology.orchestra.run.smithi134.stdout:Deploying unmanaged mon service...
2024-05-04T04:43:45.936 INFO:journalctl@ceph.mon.a.smithi134.stdout:May 04 04:43:45 smithi134 ceph-mon[28327]: from='mgr.14120 172.21.15.134:0/949320803' entity='mgr.x'
2024-05-04T04:43:45.936 INFO:journalctl@ceph.mon.a.smithi134.stdout:May 04 04:43:45 smithi134 ceph-mon[28327]: Added host smithi134
2024-05-04T04:43:45.936 INFO:journalctl@ceph.mon.a.smithi134.stdout:May 04 04:43:45 smithi134 ceph-mon[28327]: from='mgr.14120 172.21.15.134:0/949320803' entity='mgr.x' cmd=[{"prefix": "config dump", "format": "json"}]: dispatch
2024-05-04T04:43:47.460 INFO:teuthology.orchestra.run.smithi134.stdout:/usr/bin/ceph: stdout Scheduled mon update...
2024-05-04T04:43:47.460 INFO:teuthology.orchestra.run.smithi134.stdout:/usr/bin/ceph: stderr
2024-05-04T04:43:46.348+0000 7ffb36a00700 1 Processor -- start
2024-05-04T04:43:47.460 INFO:teuthology.orchestra.run.smithi134.stdout:/usr/bin/ceph: stderr
2024-05-04T04:43:46.348+0000 7ffb36a00700 1 -- start start
2024-05-04T04:43:47.460 INFO:teuthology.orchestra.run.smithi134.stdout:/usr/bin/ceph: stderr
2024-05-04T04:43:46.349+0000 7ffb36a00700 1 --2- >> [v2:172.21.15.134:3300/0,v1:172.21.15.134:6789/0] conn(0x7ffb3007eee0 0x7ffb3007d340 unknown :-1 s=NONE pgs=0 cs=0 l=0 rev1=0 crypto rx=0 tx=0 comp rx=0 tx=0).connect
2024-05-04T04:43:47.460 INFO:teuthology.orchestra.run.smithi134.stdout:/usr/bin/ceph: stderr
2024-05-04T04:43:46.349+0000 7ffb36a00700 1 -- --> [v2:172.21.15.134:3300/0,v1:172.21.15.134:6789/0] -- mon_getmap magic: 0 -- 0x7ffb3007d910 con 0x7ffb3007eee0
2024-05-04T04:43:47.460 INFO:teuthology.orchestra.run.smithi134.stdout:/usr/bin/ceph: stderr
2024-05-04T04:43:46.349+0000 7ffb35600700 1 --2- >> [v2:172.21.15.134:3300/0,v1:172.21.15.134:6789/0] conn(0x7ffb3007eee0 0x7ffb3007d340 unknown :-1 s=BANNER_CONNECTING pgs=0 cs=0 l=0 rev1=0 crypto rx=0 tx=0 comp rx=0 tx=0)._handle_peer_banner_payload supported=3 required=0
2024-05-04T04:43:47.460 INFO:teuthology.orchestra.run.smithi134.stdout:/usr/bin/ceph: stderr
2024-05-04T04:43:46.349+0000 7ffb35600700 1 --2- >> [v2:172.21.15.134:3300/0,v1:172.21.15.134:6789/0] conn(0x7ffb3007eee0 0x7ffb3007d340 unknown :-1 s=HELLO_CONNECTING pgs=0 cs=0 l=0 rev1=1 crypto rx=0 tx=0 comp rx=0 tx=0).handle_hello peer v2:172.21.15.134:3300/0 says I am v2:172.21.15.134:32902/0 (socket says 172.21.15.134:32902)
2024-05-04T04:43:47.460 INFO:teuthology.orchestra.run.smithi134.stdout:/usr/bin/ceph: stderr
2024-05-04T04:43:46.349+0000 7ffb35600700 1 -- 172.21.15.134:0/2679060715 learned_addr learned my addr 172.21.15.134:0/2679060715 (peer_addr_for_me v2:172.21.15.134:0/0)
2024-05-04T04:43:47.461 INFO:teuthology.orchestra.run.smithi134.stdout:/usr/bin/ceph: stderr
2024-05-04T04:43:46.349+0000 7ffb35600700 1 -- 172.21.15.134:0/2679060715 --> [v2:172.21.15.134:3300/0,v1:172.21.15.134:6789/0] -- mon_subscribe({config=0+,monmap=0+}) -- 0x7ffb3007da90 con 0x7ffb3007eee0
2024-05-04T04:43:47.461 INFO:teuthology.orchestra.run.smithi134.stdout:/usr/bin/ceph: stderr
2024-05-04T04:43:46.350+0000 7ffb35600700 1 --2- 172.21.15.134:0/2679060715 >> [v2:172.21.15.134:3300/0,v1:172.21.15.134:6789/0] conn(0x7ffb3007eee0 0x7ffb3007d340 secure :-1 s=READY pgs=47 cs=0 l=1 rev1=1 crypto rx=0x7ffb240098a0 tx=0x7ffb24009bb0 comp rx=0 tx=0).ready entity=mon.0 client_cookie=cb1f5b99c2f367b6 server_cookie=0 in_seq=0 out_seq=0
2024-05-04T04:43:47.461 INFO:teuthology.orchestra.run.smithi134.stdout:/usr/bin/ceph: stderr
2024-05-04T04:43:46.350+0000 7ffb2fe00700 1 -- 172.21.15.134:0/2679060715 <== mon.0 v2:172.21.15.134:3300/0 1 ==== mon_map magic: 0 ==== 205+0+0 (secure 0 0 0) 0x7ffb24004160 con 0x7ffb3007eee0
2024-05-04T04:43:47.461 INFO:teuthology.orchestra.run.smithi134.stdout:/usr/bin/ceph: stderr
2024-05-04T04:43:46.350+0000 7ffb2fe00700 1 -- 172.21.15.134:0/2679060715 <== mon.0 v2:172.21.15.134:3300/0 2 ==== config(26 keys) ==== 1070+0+0 (secure 0 0 0) 0x7ffb24004300 con 0x7ffb3007eee0
2024-05-04T04:43:47.461 INFO:teuthology.orchestra.run.smithi134.stdout:/usr/bin/ceph: stderr
2024-05-04T04:43:46.350+0000 7ffb2fe00700 1 -- 172.21.15.134:0/2679060715 <== mon.0 v2:172.21.15.134:3300/0 3 ==== mon_map magic: 0 ==== 205+0+0 (secure 0 0 0) 0x7ffb24011af0 con 0x7ffb3007eee0
2024-05-04T04:43:47.461 INFO:teuthology.orchestra.run.smithi134.stdout:/usr/bin/ceph: stderr
2024-05-04T04:43:46.351+0000 7ffb36a00700 1 -- 172.21.15.134:0/2679060715 >> [v2:172.21.15.134:3300/0,v1:172.21.15.134:6789/0] conn(0x7ffb3007eee0 msgr2=0x7ffb3007d340 secure :-1 s=STATE_CONNECTION_ESTABLISHED l=1).mark_down
2024-05-04T04:43:47.461 INFO:teuthology.orchestra.run.smithi134.stdout:/usr/bin/ceph: stderr
2024-05-04T04:43:46.351+0000 7ffb36a00700 1 --2- 172.21.15.134:0/2679060715 >> [v2:172.21.15.134:3300/0,v1:172.21.15.134:6789/0] conn(0x7ffb3007eee0 0x7ffb3007d340 secure :-1 s=READY pgs=47 cs=0 l=1 rev1=1 crypto rx=0x7ffb240098a0 tx=0x7ffb24009bb0 comp rx=0 tx=0).stop
2024-05-04T04:43:47.461 INFO:teuthology.orchestra.run.smithi134.stdout:/usr/bin/ceph: stderr
2024-05-04T04:43:46.351+0000 7ffb36a00700 1 -- 172.21.15.134:0/2679060715 shutdown_connections
2024-05-04T04:43:47.461 INFO:teuthology.orchestra.run.smithi134.stdout:/usr/bin/ceph: stderr
2024-05-04T04:43:46.351+0000 7ffb36a00700 1 --2- 172.21.15.134:0/2679060715 >> [v2:172.21.15.134:3300/0,v1:172.21.15.134:6789/0] conn(0x7ffb3007eee0 0x7ffb3007d340 unknown :-1 s=CLOSED pgs=47 cs=0 l=1 rev1=1 crypto rx=0 tx=0 comp rx=0 tx=0).stop
2024-05-04T04:43:47.461 INFO:teuthology.orchestra.run.smithi134.stdout:/usr/bin/ceph: stderr
2024-05-04T04:43:46.351+0000 7ffb36a00700 1 -- 172.21.15.134:0/2679060715 >> 172.21.15.134:0/2679060715 conn(0x7ffb301042b0 msgr2=0x7ffb301066d0 unknown :-1 s=STATE_NONE l=0).mark_down
2024-05-04T04:43:47.461 INFO:teuthology.orchestra.run.smithi134.stdout:/usr/bin/ceph: stderr
2024-05-04T04:43:46.351+0000 7ffb36a00700 1 -- 172.21.15.134:0/2679060715 shutdown_connections
2024-05-04T04:43:47.461 INFO:teuthology.orchestra.run.smithi134.stdout:/usr/bin/ceph: stderr
2024-05-04T04:43:46.351+0000 7ffb36a00700 1 -- 172.21.15.134:0/2679060715 wait complete.
2024-05-04T04:43:47.461 INFO:teuthology.orchestra.run.smithi134.stdout:/usr/bin/ceph: stderr
2024-05-04T04:43:46.352+0000 7ffb36a00700 1 Processor -- start
2024-05-04T04:43:47.462 INFO:teuthology.orchestra.run.smithi134.stdout:/usr/bin/ceph: stderr
2024-05-04T04:43:46.352+0000 7ffb36a00700 1 -- start start
2024-05-04T04:43:47.462 INFO:teuthology.orchestra.run.smithi134.stdout:/usr/bin/ceph: stderr
2024-05-04T04:43:46.353+0000 7ffb36a00700 1 --2- >> [v2:172.21.15.134:3300/0,v1:172.21.15.134:6789/0] conn(0x7ffb3007eee0 0x7ffb3019ee50 unknown :-1 s=NONE pgs=0 cs=0 l=1 rev1=0 crypto rx=0 tx=0 comp rx=0 tx=0).connect
2024-05-04T04:43:47.462 INFO:teuthology.orchestra.run.smithi134.stdout:/usr/bin/ceph: stderr
2024-05-04T04:43:46.353+0000 7ffb36a00700 1 -- --> [v2:172.21.15.134:3300/0,v1:172.21.15.134:6789/0] -- mon_getmap magic: 0 -- 0x7ffb3010f220 con 0x7ffb3007eee0
2024-05-04T04:43:47.462 INFO:teuthology.orchestra.run.smithi134.stdout:/usr/bin/ceph: stderr
2024-05-04T04:43:46.353+0000 7ffb35600700 1 --2- >> [v2:172.21.15.134:3300/0,v1:172.21.15.134:6789/0] conn(0x7ffb3007eee0 0x7ffb3019ee50 unknown :-1 s=BANNER_CONNECTING pgs=0 cs=0 l=1 rev1=0 crypto rx=0 tx=0 comp rx=0 tx=0)._handle_peer_banner_payload supported=3 required=0
2024-05-04T04:43:47.462 INFO:teuthology.orchestra.run.smithi134.stdout:/usr/bin/ceph: stderr
2024-05-04T04:43:46.353+0000 7ffb35600700 1 --2- >> [v2:172.21.15.134:3300/0,v1:172.21.15.134:6789/0] conn(0x7ffb3007eee0 0x7ffb3019ee50 unknown :-1 s=HELLO_CONNECTING pgs=0 cs=0 l=1 rev1=1 crypto rx=0 tx=0 comp rx=0 tx=0).handle_hello peer v2:172.21.15.134:3300/0 says I am v2:172.21.15.134:32914/0 (socket says 172.21.15.134:32914)
2024-05-04T04:43:47.462 INFO:teuthology.orchestra.run.smithi134.stdout:/usr/bin/ceph: stderr
2024-05-04T04:43:46.353+0000 7ffb35600700 1 -- 172.21.15.134:0/2585568501 learned_addr learned my addr 172.21.15.134:0/2585568501 (peer_addr_for_me v2:172.21.15.134:0/0)
2024-05-04T04:43:47.462 INFO:teuthology.orchestra.run.smithi134.stdout:/usr/bin/ceph: stderr
2024-05-04T04:43:46.353+0000 7ffb35600700 1 -- 172.21.15.134:0/2585568501 --> [v2:172.21.15.134:3300/0,v1:172.21.15.134:6789/0] -- mon_subscribe({config=0+,monmap=0+}) -- 0x7ffb3019f390 con 0x7ffb3007eee0
2024-05-04T04:43:47.462 INFO:teuthology.orchestra.run.smithi134.stdout:/usr/bin/ceph: stderr
2024-05-04T04:43:46.354+0000 7ffb35600700 1 --2- 172.21.15.134:0/2585568501 >> [v2:172.21.15.134:3300/0,v1:172.21.15.134:6789/0] conn(0x7ffb3007eee0 0x7ffb3019ee50 secure :-1 s=READY pgs=48 cs=0 l=1 rev1=1 crypto rx=0x7ffb24009fb0 tx=0x7ffb24011940 comp rx=0 tx=0).ready entity=mon.0 client_cookie=0 server_cookie=0 in_seq=0 out_seq=0
2024-05-04T04:43:47.462 INFO:teuthology.orchestra.run.smithi134.stdout:/usr/bin/ceph: stderr
2024-05-04T04:43:46.354+0000 7ffb2e000700 1 -- 172.21.15.134:0/2585568501 <== mon.0 v2:172.21.15.134:3300/0 1 ==== mon_map magic: 0 ==== 205+0+0 (secure 0 0 0) 0x7ffb240036a0 con 0x7ffb3007eee0
2024-05-04T04:43:47.462 INFO:teuthology.orchestra.run.smithi134.stdout:/usr/bin/ceph: stderr
2024-05-04T04:43:46.354+0000 7ffb2e000700 1 -- 172.21.15.134:0/2585568501 <== mon.0 v2:172.21.15.134:3300/0 2 ==== config(26 keys) ==== 1070+0+0 (secure 0 0 0) 0x7ffb2401a430 con 0x7ffb3007eee0
2024-05-04T04:43:47.462 INFO:teuthology.orchestra.run.smithi134.stdout:/usr/bin/ceph: stderr
2024-05-04T04:43:46.354+0000 7ffb2e000700 1 -- 172.21.15.134:0/2585568501 <== mon.0 v2:172.21.15.134:3300/0 3 ==== mon_map magic: 0 ==== 205+0+0 (secure 0 0 0) 0x7ffb24019550 con 0x7ffb3007eee0
2024-05-04T04:43:47.462 INFO:teuthology.orchestra.run.smithi134.stdout:/usr/bin/ceph: stderr
2024-05-04T04:43:46.354+0000 7ffb36a00700 1 -- 172.21.15.134:0/2585568501 --> [v2:172.21.15.134:3300/0,v1:172.21.15.134:6789/0] -- mon_subscribe({mgrmap=0+}) -- 0x7ffb3019f620 con 0x7ffb3007eee0
2024-05-04T04:43:47.462 INFO:teuthology.orchestra.run.smithi134.stdout:/usr/bin/ceph: stderr
2024-05-04T04:43:46.354+0000 7ffb36a00700 1 -- 172.21.15.134:0/2585568501 --> [v2:172.21.15.134:3300/0,v1:172.21.15.134:6789/0] -- mon_subscribe({osdmap=0}) -- 0x7ffb301a2310 con 0x7ffb3007eee0
2024-05-04T04:43:47.462 INFO:teuthology.orchestra.run.smithi134.stdout:/usr/bin/ceph: stderr
2024-05-04T04:43:46.355+0000 7ffb36a00700 1 -- 172.21.15.134:0/2585568501 --> [v2:172.21.15.134:3300/0,v1:172.21.15.134:6789/0] -- mon_command({"prefix": "get_command_descriptions"} v 0) -- 0x7ffb3006a5e0 con 0x7ffb3007eee0
2024-05-04T04:43:47.463 INFO:teuthology.orchestra.run.smithi134.stdout:/usr/bin/ceph: stderr
2024-05-04T04:43:46.356+0000 7ffb2e000700 1 -- 172.21.15.134:0/2585568501 <== mon.0 v2:172.21.15.134:3300/0 4 ==== mgrmap(e 8) ==== 50222+0+0 (secure 0 0 0) 0x7ffb2401a8e0 con 0x7ffb3007eee0
2024-05-04T04:43:47.463 INFO:teuthology.orchestra.run.smithi134.stdout:/usr/bin/ceph: stderr
2024-05-04T04:43:46.356+0000 7ffb2e000700 1 --2- 172.21.15.134:0/2585568501 >> [v2:172.21.15.134:6800/2072707343,v1:172.21.15.134:6801/2072707343] conn(0x7ffb1803e470 0x7ffb18040930 unknown :-1 s=NONE pgs=0 cs=0 l=1 rev1=0 crypto rx=0 tx=0 comp rx=0 tx=0).connect
2024-05-04T04:43:47.463 INFO:teuthology.orchestra.run.smithi134.stdout:/usr/bin/ceph: stderr
2024-05-04T04:43:46.356+0000 7ffb2e000700 1 -- 172.21.15.134:0/2585568501 <== mon.0 v2:172.21.15.134:3300/0 5 ==== osd_map(2..2 src has 1..2) ==== 940+0+0 (secure 0 0 0) 0x7ffb240538b0 con 0x7ffb3007eee0
2024-05-04T04:43:47.463 INFO:teuthology.orchestra.run.smithi134.stdout:/usr/bin/ceph: stderr
2024-05-04T04:43:46.356+0000 7ffb34c00700 1 --2- 172.21.15.134:0/2585568501 >> [v2:172.21.15.134:6800/2072707343,v1:172.21.15.134:6801/2072707343] conn(0x7ffb1803e470 0x7ffb18040930 unknown :-1 s=BANNER_CONNECTING pgs=0 cs=0 l=1 rev1=0 crypto rx=0 tx=0 comp rx=0 tx=0)._handle_peer_banner_payload supported=3 required=0
2024-05-04T04:43:47.463 INFO:teuthology.orchestra.run.smithi134.stdout:/usr/bin/ceph: stderr
2024-05-04T04:43:46.357+0000 7ffb34c00700 1 --2- 172.21.15.134:0/2585568501 >> [v2:172.21.15.134:6800/2072707343,v1:172.21.15.134:6801/2072707343] conn(0x7ffb1803e470 0x7ffb18040930 secure :-1 s=READY pgs=12 cs=0 l=1 rev1=1 crypto rx=0x7ffb1c006fd0 tx=0x7ffb1c006e40 comp rx=0 tx=0).ready entity=mgr.14120 client_cookie=0 server_cookie=0 in_seq=0 out_seq=0
2024-05-04T04:43:47.463 INFO:teuthology.orchestra.run.smithi134.stdout:/usr/bin/ceph: stderr
2024-05-04T04:43:46.362+0000 7ffb2e000700 1 -- 172.21.15.134:0/2585568501 <== mon.0 v2:172.21.15.134:3300/0 6 ==== mon_command_ack([{"prefix": "get_command_descriptions"}]=0 v0) ==== 72+0+191839 (secure 0 0 0) 0x7ffb2400b3e0 con 0x7ffb3007eee0
2024-05-04T04:43:47.463 INFO:teuthology.orchestra.run.smithi134.stdout:/usr/bin/ceph: stderr
2024-05-04T04:43:46.616+0000 7ffb36a00700 1 -- 172.21.15.134:0/2585568501 --> [v2:172.21.15.134:6800/2072707343,v1:172.21.15.134:6801/2072707343] -- mgr_command(tid 0: {"prefix": "orch apply", "service_type": "mon", "unmanaged": true, "target": ["mon-mgr", ""]}) -- 0x7ffb30105560 con 0x7ffb1803e470
2024-05-04T04:43:47.463 INFO:teuthology.orchestra.run.smithi134.stdout:/usr/bin/ceph: stderr
2024-05-04T04:43:46.626+0000 7ffb2e000700 1 -- 172.21.15.134:0/2585568501 <== mgr.14120 v2:172.21.15.134:6800/2072707343 1 ==== mgr_command_reply(tid 0: 0 ) ==== 8+0+24 (secure 0 0 0) 0x7ffb30105560 con 0x7ffb1803e470
2024-05-04T04:43:47.463 INFO:teuthology.orchestra.run.smithi134.stdout:/usr/bin/ceph: stderr
2024-05-04T04:43:46.629+0000 7ffb36a00700 1 -- 172.21.15.134:0/2585568501 >> [v2:172.21.15.134:6800/2072707343,v1:172.21.15.134:6801/2072707343] conn(0x7ffb1803e470 msgr2=0x7ffb18040930 secure :-1 s=STATE_CONNECTION_ESTABLISHED l=1).mark_down
2024-05-04T04:43:47.463 INFO:teuthology.orchestra.run.smithi134.stdout:/usr/bin/ceph: stderr
2024-05-04T04:43:46.629+0000 7ffb36a00700 1 --2- 172.21.15.134:0/2585568501 >> [v2:172.21.15.134:6800/2072707343,v1:172.21.15.134:6801/2072707343] conn(0x7ffb1803e470 0x7ffb18040930 secure :-1 s=READY pgs=12 cs=0 l=1 rev1=1 crypto rx=0x7ffb1c006fd0 tx=0x7ffb1c006e40 comp rx=0 tx=0).stop
2024-05-04T04:43:47.463 INFO:teuthology.orchestra.run.smithi134.stdout:/usr/bin/ceph: stderr
2024-05-04T04:43:46.629+0000 7ffb36a00700 1 -- 172.21.15.134:0/2585568501 >> [v2:172.21.15.134:3300/0,v1:172.21.15.134:6789/0] conn(0x7ffb3007eee0 msgr2=0x7ffb3019ee50 secure :-1 s=STATE_CONNECTION_ESTABLISHED l=1).mark_down
2024-05-04T04:43:47.463 INFO:teuthology.orchestra.run.smithi134.stdout:/usr/bin/ceph: stderr
2024-05-04T04:43:46.629+0000 7ffb36a00700 1 --2- 172.21.15.134:0/2585568501 >> [v2:172.21.15.134:3300/0,v1:172.21.15.134:6789/0] conn(0x7ffb3007eee0 0x7ffb3019ee50 secure :-1 s=READY pgs=48 cs=0 l=1 rev1=1 crypto rx=0x7ffb24009fb0 tx=0x7ffb24011940 comp rx=0 tx=0).stop
2024-05-04T04:43:47.464 INFO:teuthology.orchestra.run.smithi134.stdout:/usr/bin/ceph: stderr
2024-05-04T04:43:46.629+0000 7ffb36a00700 1 -- 172.21.15.134:0/2585568501 shutdown_connections
2024-05-04T04:43:47.464 INFO:teuthology.orchestra.run.smithi134.stdout:/usr/bin/ceph: stderr
2024-05-04T04:43:46.629+0000 7ffb36a00700 1 --2- 172.21.15.134:0/2585568501 >> [v2:172.21.15.134:6800/2072707343,v1:172.21.15.134:6801/2072707343] conn(0x7ffb1803e470 0x7ffb18040930 unknown :-1 s=CLOSED pgs=12 cs=0 l=1 rev1=1 crypto rx=0 tx=0 comp rx=0 tx=0).stop
