2024-05-11T12:13:35.034+0000 7f67cc0b9700 1 --2- >> [v2:172.21.15.47:3300/0,v1:172.21.15.47:6789/0] conn(0x7f67c4109860 0x7f67c41090e0 unknown :-1 s=NONE pgs=0 cs=0 l=1 rev1=0 crypto rx=0 tx=0 comp rx=0 tx=0).connect
2024-05-11T12:13:35.967 INFO:teuthology.orchestra.run.smithi047.stdout:/usr/bin/ceph: stderr
2024-05-11T12:13:35.034+0000 7f67cc0b9700 1 -- --> [v2:172.21.15.47:3300/0,v1:172.21.15.47:6789/0] -- mon_getmap magic: 0 -- 0x7f67c410d140 con 0x7f67c4109860
2024-05-11T12:13:35.967 INFO:teuthology.orchestra.run.smithi047.stdout:/usr/bin/ceph: stderr
2024-05-11T12:13:35.034+0000 7f67c9e55700 1 --2- >> [v2:172.21.15.47:3300/0,v1:172.21.15.47:6789/0] conn(0x7f67c4109860 0x7f67c41090e0 unknown :-1 s=BANNER_CONNECTING pgs=0 cs=0 l=1 rev1=0 crypto rx=0 tx=0 comp rx=0 tx=0)._handle_peer_banner_payload supported=3 required=0
2024-05-11T12:13:35.967 INFO:teuthology.orchestra.run.smithi047.stdout:/usr/bin/ceph: stderr
2024-05-11T12:13:35.034+0000 7f67c9e55700 1 --2- >> [v2:172.21.15.47:3300/0,v1:172.21.15.47:6789/0] conn(0x7f67c4109860 0x7f67c41090e0 unknown :-1 s=HELLO_CONNECTING pgs=0 cs=0 l=1 rev1=1 crypto rx=0 tx=0 comp rx=0 tx=0).handle_hello peer v2:172.21.15.47:3300/0 says I am v2:172.21.15.47:53452/0 (socket says 172.21.15.47:53452)
2024-05-11T12:13:35.968 INFO:teuthology.orchestra.run.smithi047.stdout:/usr/bin/ceph: stderr
2024-05-11T12:13:35.034+0000 7f67c9e55700 1 -- 172.21.15.47:0/1019934487 learned_addr learned my addr 172.21.15.47:0/1019934487 (peer_addr_for_me v2:172.21.15.47:0/0)
2024-05-11T12:13:35.968 INFO:teuthology.orchestra.run.smithi047.stdout:/usr/bin/ceph: stderr
2024-05-11T12:13:35.034+0000 7f67c9e55700 1 -- 172.21.15.47:0/1019934487 --> [v2:172.21.15.47:3300/0,v1:172.21.15.47:6789/0] -- mon_subscribe({config=0+,monmap=0+}) -- 0x7f67c4109620 con 0x7f67c4109860
2024-05-11T12:13:35.968 INFO:teuthology.orchestra.run.smithi047.stdout:/usr/bin/ceph: stderr
2024-05-11T12:13:35.034+0000 7f67c9e55700 1 --2- 172.21.15.47:0/1019934487 >> [v2:172.21.15.47:3300/0,v1:172.21.15.47:6789/0] conn(0x7f67c4109860 0x7f67c41090e0 secure :-1 s=READY pgs=60 cs=0 l=1 rev1=1 crypto rx=0x7f67c00116e0 tx=0x7f67c0011aa0 comp rx=0 tx=0).ready entity=mon.0 client_cookie=0 server_cookie=0 in_seq=0 out_seq=0
2024-05-11T12:13:35.968 INFO:teuthology.orchestra.run.smithi047.stdout:/usr/bin/ceph: stderr
2024-05-11T12:13:35.034+0000 7f67baffd700 1 -- 172.21.15.47:0/1019934487 <== mon.0 v2:172.21.15.47:3300/0 1 ==== mon_map magic: 0 ==== 205+0+0 (secure 0 0 0) 0x7f67c0003a60 con 0x7f67c4109860
2024-05-11T12:13:35.968 INFO:teuthology.orchestra.run.smithi047.stdout:/usr/bin/ceph: stderr
2024-05-11T12:13:35.035+0000 7f67baffd700 1 -- 172.21.15.47:0/1019934487 <== mon.0 v2:172.21.15.47:3300/0 2 ==== config(26 keys) ==== 1101+0+0 (secure 0 0 0) 0x7f67c001b8f0 con 0x7f67c4109860
2024-05-11T12:13:35.969 INFO:teuthology.orchestra.run.smithi047.stdout:/usr/bin/ceph: stderr
2024-05-11T12:13:35.035+0000 7f67cc0b9700 1 -- 172.21.15.47:0/1019934487 --> [v2:172.21.15.47:3300/0,v1:172.21.15.47:6789/0] -- mon_subscribe({mgrmap=0+}) -- 0x7f67c4107810 con 0x7f67c4109860
2024-05-11T12:13:35.969 INFO:teuthology.orchestra.run.smithi047.stdout:/usr/bin/ceph: stderr
2024-05-11T12:13:35.035+0000 7f67baffd700 1 -- 172.21.15.47:0/1019934487 <== mon.0 v2:172.21.15.47:3300/0 3 ==== mon_map magic: 0 ==== 205+0+0 (secure 0 0 0) 0x7f67c0019860 con 0x7f67c4109860
2024-05-11T12:13:35.969 INFO:teuthology.orchestra.run.smithi047.stdout:/usr/bin/ceph: stderr
2024-05-11T12:13:35.035+0000 7f67cc0b9700 1 -- 172.21.15.47:0/1019934487 --> [v2:172.21.15.47:3300/0,v1:172.21.15.47:6789/0] -- mon_subscribe({osdmap=0}) -- 0x7f67c4107d50 con 0x7f67c4109860
2024-05-11T12:13:35.969 INFO:teuthology.orchestra.run.smithi047.stdout:/usr/bin/ceph: stderr
2024-05-11T12:13:35.036+0000 7f67cc0b9700 1 -- 172.21.15.47:0/1019934487 --> [v2:172.21.15.47:3300/0,v1:172.21.15.47:6789/0] -- mon_command({"prefix": "get_command_descriptions"} v 0) -- 0x7f67c4064bb0 con 0x7f67c4109860
2024-05-11T12:13:35.969 INFO:teuthology.orchestra.run.smithi047.stdout:/usr/bin/ceph: stderr
2024-05-11T12:13:35.036+0000 7f67baffd700 1 -- 172.21.15.47:0/1019934487 <== mon.0 v2:172.21.15.47:3300/0 4 ==== mgrmap(e 9) ==== 50235+0+0 (secure 0 0 0) 0x7f67c0019b60 con 0x7f67c4109860
2024-05-11T12:13:35.969 INFO:teuthology.orchestra.run.smithi047.stdout:/usr/bin/ceph: stderr
2024-05-11T12:13:35.036+0000 7f67baffd700 1 --2- 172.21.15.47:0/1019934487 >> [v2:172.21.15.47:6800/3174346748,v1:172.21.15.47:6801/3174346748] conn(0x7f67b003e470 0x7f67b0040930 unknown :-1 s=NONE pgs=0 cs=0 l=1 rev1=0 crypto rx=0 tx=0 comp rx=0 tx=0).connect
2024-05-11T12:13:35.970 INFO:teuthology.orchestra.run.smithi047.stdout:/usr/bin/ceph: stderr
2024-05-11T12:13:35.036+0000 7f67c9654700 1 -- 172.21.15.47:0/1019934487 >> [v2:172.21.15.47:6800/3174346748,v1:172.21.15.47:6801/3174346748] conn(0x7f67b003e470 msgr2=0x7f67b0040930 unknown :-1 s=STATE_CONNECTING_RE l=1).process reconnect failed to v2:172.21.15.47:6800/3174346748
2024-05-11T12:13:35.970 INFO:teuthology.orchestra.run.smithi047.stdout:/usr/bin/ceph: stderr
2024-05-11T12:13:35.036+0000 7f67baffd700 1 -- 172.21.15.47:0/1019934487 <== mon.0 v2:172.21.15.47:3300/0 5 ==== osd_map(2..2 src has 1..2) ==== 940+0+0 (secure 0 0 0) 0x7f67c0053cb0 con 0x7f67c4109860
2024-05-11T12:13:35.970 INFO:teuthology.orchestra.run.smithi047.stdout:/usr/bin/ceph: stderr
2024-05-11T12:13:35.036+0000 7f67c9654700 1 --2- 172.21.15.47:0/1019934487 >> [v2:172.21.15.47:6800/3174346748,v1:172.21.15.47:6801/3174346748] conn(0x7f67b003e470 0x7f67b0040930 unknown :-1 s=START_CONNECT pgs=0 cs=0 l=1 rev1=0 crypto rx=0 tx=0 comp rx=0 tx=0)._fault waiting 0.200000
2024-05-11T12:13:35.970 INFO:teuthology.orchestra.run.smithi047.stdout:/usr/bin/ceph: stderr
2024-05-11T12:13:35.041+0000 7f67baffd700 1 -- 172.21.15.47:0/1019934487 <== mon.0 v2:172.21.15.47:3300/0 6 ==== mon_command_ack([{"prefix": "get_command_descriptions"}]=0 v0) ==== 72+0+191963 (secure 0 0 0) 0x7f67c001f030 con 0x7f67c4109860
2024-05-11T12:13:35.970 INFO:teuthology.orchestra.run.smithi047.stdout:/usr/bin/ceph: stderr
2024-05-11T12:13:35.237+0000 7f67c9654700 1 -- 172.21.15.47:0/1019934487 >> [v2:172.21.15.47:6800/3174346748,v1:172.21.15.47:6801/3174346748] conn(0x7f67b003e470 msgr2=0x7f67b0040930 unknown :-1 s=STATE_CONNECTING_RE l=1).process reconnect failed to v2:172.21.15.47:6800/3174346748
2024-05-11T12:13:35.971 INFO:teuthology.orchestra.run.smithi047.stdout:/usr/bin/ceph: stderr
2024-05-11T12:13:35.237+0000 7f67c9654700 1 --2- 172.21.15.47:0/1019934487 >> [v2:172.21.15.47:6800/3174346748,v1:172.21.15.47:6801/3174346748] conn(0x7f67b003e470 0x7f67b0040930 unknown :-1 s=START_CONNECT pgs=0 cs=0 l=1 rev1=0 crypto rx=0 tx=0 comp rx=0 tx=0)._fault waiting 0.400000
2024-05-11T12:13:35.971 INFO:teuthology.orchestra.run.smithi047.stdout:/usr/bin/ceph: stderr
2024-05-11T12:13:35.360+0000 7f67cc0b9700 1 -- 172.21.15.47:0/1019934487 --> [v2:172.21.15.47:3300/0,v1:172.21.15.47:6789/0] -- mon_command({"prefix": "mgr stat"} v 0) -- 0x7f67c4108090 con 0x7f67c4109860
2024-05-11T12:13:35.971 INFO:teuthology.orchestra.run.smithi047.stdout:/usr/bin/ceph: stderr
2024-05-11T12:13:35.360+0000 7f67baffd700 1 -- 172.21.15.47:0/1019934487 <== mon.0 v2:172.21.15.47:3300/0 7 ==== mon_command_ack([{"prefix": "mgr stat"}]=0 v9) ==== 56+0+88 (secure 0 0 0) 0x7f67c4108090 con 0x7f67c4109860
2024-05-11T12:13:35.971 INFO:teuthology.orchestra.run.smithi047.stdout:/usr/bin/ceph: stderr
2024-05-11T12:13:35.365+0000 7f67cc0b9700 1 -- 172.21.15.47:0/1019934487 >> [v2:172.21.15.47:6800/3174346748,v1:172.21.15.47:6801/3174346748] conn(0x7f67b003e470 msgr2=0x7f67b0040930 unknown :-1 s=STATE_CONNECTING l=1).mark_down
2024-05-11T12:13:35.971 INFO:teuthology.orchestra.run.smithi047.stdout:/usr/bin/ceph: stderr
2024-05-11T12:13:35.365+0000 7f67cc0b9700 1 --2- 172.21.15.47:0/1019934487 >> [v2:172.21.15.47:6800/3174346748,v1:172.21.15.47:6801/3174346748] conn(0x7f67b003e470 0x7f67b0040930 unknown :-1 s=START_CONNECT pgs=0 cs=0 l=1 rev1=0 crypto rx=0 tx=0 comp rx=0 tx=0).stop
2024-05-11T12:13:35.972 INFO:teuthology.orchestra.run.smithi047.stdout:/usr/bin/ceph: stderr
2024-05-11T12:13:35.365+0000 7f67cc0b9700 1 -- 172.21.15.47:0/1019934487 >> [v2:172.21.15.47:3300/0,v1:172.21.15.47:6789/0] conn(0x7f67c4109860 msgr2=0x7f67c41090e0 secure :-1 s=STATE_CONNECTION_ESTABLISHED l=1).mark_down
2024-05-11T12:13:35.972 INFO:teuthology.orchestra.run.smithi047.stdout:/usr/bin/ceph: stderr
2024-05-11T12:13:35.365+0000 7f67cc0b9700 1 --2- 172.21.15.47:0/1019934487 >> [v2:172.21.15.47:3300/0,v1:172.21.15.47:6789/0] conn(0x7f67c4109860 0x7f67c41090e0 secure :-1 s=READY pgs=60 cs=0 l=1 rev1=1 crypto rx=0x7f67c00116e0 tx=0x7f67c0011aa0 comp rx=0 tx=0).stop
2024-05-11T12:13:35.972 INFO:teuthology.orchestra.run.smithi047.stdout:/usr/bin/ceph: stderr
2024-05-11T12:13:35.365+0000 7f67cc0b9700 1 -- 172.21.15.47:0/1019934487 shutdown_connections
2024-05-11T12:13:35.972 INFO:teuthology.orchestra.run.smithi047.stdout:/usr/bin/ceph: stderr
2024-05-11T12:13:35.365+0000 7f67cc0b9700 1 --2- 172.21.15.47:0/1019934487 >> [v2:172.21.15.47:6800/3174346748,v1:172.21.15.47:6801/3174346748] conn(0x7f67b003e470 0x7f67b0040930 unknown :-1 s=CLOSED pgs=0 cs=0 l=1 rev1=0 crypto rx=0 tx=0 comp rx=0 tx=0).stop
2024-05-11T12:13:35.972 INFO:teuthology.orchestra.run.smithi047.stdout:/usr/bin/ceph: stderr
2024-05-11T12:13:35.365+0000 7f67cc0b9700 1 --2- 172.21.15.47:0/1019934487 >> [v2:172.21.15.47:3300/0,v1:172.21.15.47:6789/0] conn(0x7f67c4109860 0x7f67c41090e0 unknown :-1 s=CLOSED pgs=60 cs=0 l=1 rev1=1 crypto rx=0 tx=0 comp rx=0 tx=0).stop
2024-05-11T12:13:35.973 INFO:teuthology.orchestra.run.smithi047.stdout:/usr/bin/ceph: stderr
2024-05-11T12:13:35.365+0000 7f67cc0b9700 1 -- 172.21.15.47:0/1019934487 >> 172.21.15.47:0/1019934487 conn(0x7f67c4103250 msgr2=0x7f67c4103cd0 unknown :-1 s=STATE_NONE l=0).mark_down
2024-05-11T12:13:35.973 INFO:teuthology.orchestra.run.smithi047.stdout:/usr/bin/ceph: stderr
2024-05-11T12:13:35.365+0000 7f67cc0b9700 1 -- 172.21.15.47:0/1019934487 shutdown_connections
2024-05-11T12:13:35.973 INFO:teuthology.orchestra.run.smithi047.stdout:/usr/bin/ceph: stderr
2024-05-11T12:13:35.365+0000 7f67cc0b9700 1 -- 172.21.15.47:0/1019934487 wait complete.
2024-05-11T12:13:35.973 INFO:teuthology.orchestra.run.smithi047.stdout:Waiting for the mgr to restart...
2024-05-11T12:13:35.974 INFO:teuthology.orchestra.run.smithi047.stdout:Waiting for mgr epoch 9...
2024-05-11T12:13:36.185 INFO:journalctl@ceph.mon.a.smithi047.stdout:May 11 12:13:35 smithi047 ceph-mon[30375]: from='client.? 172.21.15.47:0/1019934487' entity='client.admin' cmd=[{"prefix": "mgr stat"}]: dispatch
2024-05-11T12:13:36.185 INFO:journalctl@ceph.mgr.x.smithi047.stdout:May 11 12:13:36 smithi047 ceph-9b1a9a48-0f8f-11ef-bc98-c7b262605968-mgr-x[30607]:
2024-05-11T12:13:36.145+0000 7fb7ee838200 -1 mgr[py] Module telegraf has missing NOTIFY_TYPES member
2024-05-11T12:13:36.508 INFO:journalctl@ceph.mgr.x.smithi047.stdout:May 11 12:13:36 smithi047 ceph-9b1a9a48-0f8f-11ef-bc98-c7b262605968-mgr-x[30607]:
2024-05-11T12:13:36.327+0000 7fb7ee838200 -1 mgr[py] Module osd_support has missing NOTIFY_TYPES member
2024-05-11T12:13:36.508 INFO:journalctl@ceph.mgr.x.smithi047.stdout:May 11 12:13:36 smithi047 ceph-9b1a9a48-0f8f-11ef-bc98-c7b262605968-mgr-x[30607]:
2024-05-11T12:13:36.508+0000 7fb7ee838200 -1 mgr[py] Module iostat has missing NOTIFY_TYPES member
2024-05-11T12:13:37.121 INFO:journalctl@ceph.mgr.x.smithi047.stdout:May 11 12:13:36 smithi047 ceph-9b1a9a48-0f8f-11ef-bc98-c7b262605968-mgr-x[30607]:
2024-05-11T12:13:36.812+0000 7fb7ee838200 -1 mgr[py] Module alerts has missing NOTIFY_TYPES member
2024-05-11T12:13:37.121 INFO:journalctl@ceph.mgr.x.smithi047.stdout:May 11 12:13:36 smithi047 ceph-9b1a9a48-0f8f-11ef-bc98-c7b262605968-mgr-x[30607]:
2024-05-11T12:13:36.909+0000 7fb7ee838200 -1 mgr[py] Module selftest has missing NOTIFY_TYPES member
2024-05-11T12:13:37.121 INFO:journalctl@ceph.mgr.x.smithi047.stdout:May 11 12:13:37 smithi047 ceph-9b1a9a48-0f8f-11ef-bc98-c7b262605968-mgr-x[30607]:
2024-05-11T12:13:37.121+0000 7fb7ee838200 -1 mgr[py] Module pg_autoscaler has missing NOTIFY_TYPES member
2024-05-11T12:13:37.524 INFO:journalctl@ceph.mgr.x.smithi047.stdout:May 11 12:13:37 smithi047 ceph-9b1a9a48-0f8f-11ef-bc98-c7b262605968-mgr-x[30607]:
2024-05-11T12:13:37.323+0000 7fb7ee838200 -1 mgr[py] Module test_orchestrator has missing NOTIFY_TYPES member
2024-05-11T12:13:38.188 INFO:journalctl@ceph.mgr.x.smithi047.stdout:May 11 12:13:37 smithi047 ceph-9b1a9a48-0f8f-11ef-bc98-c7b262605968-mgr-x[30607]:
2024-05-11T12:13:37.956+0000 7fb7ee838200 -1 mgr[py] Module rook has missing NOTIFY_TYPES member
2024-05-11T12:13:38.188 INFO:journalctl@ceph.mgr.x.smithi047.stdout:May 11 12:13:38 smithi047 ceph-9b1a9a48-0f8f-11ef-bc98-c7b262605968-mgr-x[30607]:
2024-05-11T12:13:38.188+0000 7fb7ee838200 -1 mgr[py] Module smb has missing NOTIFY_TYPES member
2024-05-11T12:13:39.024 INFO:journalctl@ceph.mgr.x.smithi047.stdout:May 11 12:13:38 smithi047 ceph-9b1a9a48-0f8f-11ef-bc98-c7b262605968-mgr-x[30607]:
2024-05-11T12:13:38.634+0000 7fb7ee838200 -1 mgr[py] Module volumes has missing NOTIFY_TYPES member
2024-05-11T12:13:39.025 INFO:journalctl@ceph.mgr.x.smithi047.stdout:May 11 12:13:38 smithi047 ceph-9b1a9a48-0f8f-11ef-bc98-c7b262605968-mgr-x[30607]:
2024-05-11T12:13:38.736+0000 7fb7ee838200 -1 mgr[py] Module crash has missing NOTIFY_TYPES member
2024-05-11T12:13:39.406 INFO:journalctl@ceph.mgr.x.smithi047.stdout:May 11 12:13:39 smithi047 ceph-9b1a9a48-0f8f-11ef-bc98-c7b262605968-mgr-x[30607]:
2024-05-11T12:13:39.124+0000 7fb7ee838200 -1 mgr[py] Module rgw has missing NOTIFY_TYPES member
2024-05-11T12:13:39.775 INFO:journalctl@ceph.mgr.x.smithi047.stdout:May 11 12:13:39 smithi047 ceph-9b1a9a48-0f8f-11ef-bc98-c7b262605968-mgr-x[30607]:
2024-05-11T12:13:39.500+0000 7fb7ee838200 -1 mgr[py] Module prometheus has missing NOTIFY_TYPES member
2024-05-11T12:13:39.775 INFO:journalctl@ceph.mgr.x.smithi047.stdout:May 11 12:13:39 smithi047 ceph-9b1a9a48-0f8f-11ef-bc98-c7b262605968-mgr-x[30607]:
2024-05-11T12:13:39.597+0000 7fb7ee838200 -1 mgr[py] Module devicehealth has missing NOTIFY_TYPES member
2024-05-11T12:13:40.275 INFO:journalctl@ceph.mgr.x.smithi047.stdout:May 11 12:13:39 smithi047 ceph-9b1a9a48-0f8f-11ef-bc98-c7b262605968-mgr-x[30607]:
2024-05-11T12:13:39.857+0000 7fb7ee838200 -1 mgr[py] Module telemetry has missing NOTIFY_TYPES member
2024-05-11T12:13:40.275 INFO:journalctl@ceph.mgr.x.smithi047.stdout:May 11 12:13:40 smithi047 ceph-9b1a9a48-0f8f-11ef-bc98-c7b262605968-mgr-x[30607]:
2024-05-11T12:13:39.999+0000 7fb7ee838200 -1 mgr[py] Module diskprediction_local has missing NOTIFY_TYPES member
2024-05-11T12:13:40.275 INFO:journalctl@ceph.mgr.x.smithi047.stdout:May 11 12:13:40 smithi047 ceph-9b1a9a48-0f8f-11ef-bc98-c7b262605968-mgr-x[30607]:
2024-05-11T12:13:40.100+0000 7fb7ee838200 -1 mgr[py] Module osd_perf_query has missing NOTIFY_TYPES member
2024-05-11T12:13:40.774 INFO:journalctl@ceph.mgr.x.smithi047.stdout:May 11 12:13:40 smithi047 ceph-9b1a9a48-0f8f-11ef-bc98-c7b262605968-mgr-x[30607]:
2024-05-11T12:13:40.462+0000 7fb7ee838200 -1 mgr[py] Module rbd_support has missing NOTIFY_TYPES member
2024-05-11T12:13:40.775 INFO:journalctl@ceph.mgr.x.smithi047.stdout:May 11 12:13:40 smithi047 ceph-9b1a9a48-0f8f-11ef-bc98-c7b262605968-mgr-x[30607]:
2024-05-11T12:13:40.560+0000 7fb7ee838200 -1 mgr[py] Module zabbix has missing NOTIFY_TYPES member
2024-05-11T12:13:41.480 INFO:journalctl@ceph.mgr.x.smithi047.stdout:May 11 12:13:41 smithi047 ceph-9b1a9a48-0f8f-11ef-bc98-c7b262605968-mgr-x[30607]:
2024-05-11T12:13:41.197+0000 7fb7ee838200 -1 mgr[py] Module status has missing NOTIFY_TYPES member
2024-05-11T12:13:41.481 INFO:journalctl@ceph.mgr.x.smithi047.stdout:May 11 12:13:41 smithi047 ceph-9b1a9a48-0f8f-11ef-bc98-c7b262605968-mgr-x[30607]:
2024-05-11T12:13:41.427+0000 7fb7ee838200 -1 mgr[py] Module nfs has missing NOTIFY_TYPES member
2024-05-11T12:13:41.775 INFO:journalctl@ceph.mon.a.smithi047.stdout:May 11 12:13:41 smithi047 ceph-mon[30375]: Active manager daemon x restarted
2024-05-11T12:13:41.775 INFO:journalctl@ceph.mon.a.smithi047.stdout:May 11 12:13:41 smithi047 ceph-mon[30375]: Activating manager daemon x
2024-05-11T12:13:41.775 INFO:journalctl@ceph.mon.a.smithi047.stdout:May 11 12:13:41 smithi047 ceph-mon[30375]: osdmap e3: 0 total, 0 up, 0 in
2024-05-11T12:13:41.775 INFO:journalctl@ceph.mon.a.smithi047.stdout:May 11 12:13:41 smithi047 ceph-mon[30375]: mgrmap e10: x(active, starting, since 0.00372749s)
2024-05-11T12:13:41.775 INFO:journalctl@ceph.mon.a.smithi047.stdout:May 11 12:13:41 smithi047 ceph-mon[30375]: from='mgr.14152 172.21.15.47:0/432058683' entity='mgr.x' cmd=[{"prefix": "mon metadata", "id": "a"}]: dispatch
2024-05-11T12:13:41.775 INFO:journalctl@ceph.mon.a.smithi047.stdout:May 11 12:13:41 smithi047 ceph-mon[30375]: from='mgr.14152 172.21.15.47:0/432058683' entity='mgr.x' cmd=[{"prefix": "mgr metadata", "who": "x", "id": "x"}]: dispatch
2024-05-11T12:13:41.775 INFO:journalctl@ceph.mon.a.smithi047.stdout:May 11 12:13:41 smithi047 ceph-mon[30375]: from='mgr.14152 172.21.15.47:0/432058683' entity='mgr.x' cmd=[{"prefix": "mds metadata"}]: dispatch
2024-05-11T12:13:41.775 INFO:journalctl@ceph.mon.a.smithi047.stdout:May 11 12:13:41 smithi047 ceph-mon[30375]: from='mgr.14152 172.21.15.47:0/432058683' entity='mgr.x' cmd=[{"prefix": "osd metadata"}]: dispatch
2024-05-11T12:13:41.775 INFO:journalctl@ceph.mon.a.smithi047.stdout:May 11 12:13:41 smithi047 ceph-mon[30375]: from='mgr.14152 172.21.15.47:0/432058683' entity='mgr.x' cmd=[{"prefix": "mon metadata"}]: dispatch
2024-05-11T12:13:41.776 INFO:journalctl@ceph.mon.a.smithi047.stdout:May 11 12:13:41 smithi047 ceph-mon[30375]: Manager daemon x is now available
2024-05-11T12:13:41.776 INFO:journalctl@ceph.mon.a.smithi047.stdout:May 11 12:13:41 smithi047 ceph-mon[30375]: from='mgr.14152 172.21.15.47:0/432058683' entity='mgr.x' cmd=[{"prefix": "config dump", "format": "json"}]: dispatch
2024-05-11T12:13:41.776 INFO:journalctl@ceph.mon.a.smithi047.stdout:May 11 12:13:41 smithi047 ceph-mon[30375]: from='mgr.14152 172.21.15.47:0/432058683' entity='mgr.x' cmd=[{"prefix":"config rm","who":"mgr","name":"mgr/rbd_support/x/mirror_snapshot_schedule"}]: dispatch
2024-05-11T12:13:42.775 INFO:journalctl@ceph.mon.a.smithi047.stdout:May 11 12:13:42 smithi047 ceph-mon[30375]: from='mgr.14152 172.21.15.47:0/432058683' entity='mgr.x' cmd=[{"prefix":"config rm","who":"mgr","name":"mgr/rbd_support/x/trash_purge_schedule"}]: dispatch
2024-05-11T12:13:42.775 INFO:journalctl@ceph.mon.a.smithi047.stdout:May 11 12:13:42 smithi047 ceph-mon[30375]: [11/May/2024:12:13:41] ENGINE Bus STARTING
2024-05-11T12:13:42.775 INFO:journalctl@ceph.mon.a.smithi047.stdout:May 11 12:13:42 smithi047 ceph-mon[30375]: [11/May/2024:12:13:41] ENGINE Serving on http://172.21.15.47:8765
2024-05-11T12:13:42.775 INFO:journalctl@ceph.mon.a.smithi047.stdout:May 11 12:13:42 smithi047 ceph-mon[30375]: [11/May/2024:12:13:41] ENGINE Serving on https://172.21.15.47:7150
2024-05-11T12:13:42.775 INFO:journalctl@ceph.mon.a.smithi047.stdout:May 11 12:13:42 smithi047 ceph-mon[30375]: [11/May/2024:12:13:41] ENGINE Bus STARTED
2024-05-11T12:13:42.775 INFO:journalctl@ceph.mon.a.smithi047.stdout:May 11 12:13:42 smithi047 ceph-mon[30375]: mgrmap e11: x(active, since 1.00634s)
2024-05-11T12:13:43.265 INFO:teuthology.orchestra.run.smithi047.stdout:/usr/bin/ceph: stdout {
2024-05-11T12:13:43.273 INFO:teuthology.orchestra.run.smithi047.stdout:/usr/bin/ceph: stdout "mgrmap_epoch": 11,
2024-05-11T12:13:43.273 INFO:teuthology.orchestra.run.smithi047.stdout:/usr/bin/ceph: stdout "initialized": true
2024-05-11T12:13:43.274 INFO:teuthology.orchestra.run.smithi047.stdout:/usr/bin/ceph: stdout }
2024-05-11T12:13:43.274 INFO:teuthology.orchestra.run.smithi047.stdout:/usr/bin/ceph: stderr
2024-05-11T12:13:36.397+0000 7f4263054700 1 Processor -- start
2024-05-11T12:13:43.274 INFO:teuthology.orchestra.run.smithi047.stdout:/usr/bin/ceph: stderr
2024-05-11T12:13:36.397+0000 7f4263054700 1 -- start start
2024-05-11T12:13:43.274 INFO:teuthology.orchestra.run.smithi047.stdout:/usr/bin/ceph: stderr
2024-05-11T12:13:36.397+0000 7f4263054700 1 --2- >> [v2:172.21.15.47:3300/0,v1:172.21.15.47:6789/0] conn(0x7f425c107660 0x7f425c107a80 unknown :-1 s=NONE pgs=0 cs=0 l=0 rev1=0 crypto rx=0 tx=0 comp rx=0 tx=0).connect
2024-05-11T12:13:43.274 INFO:teuthology.orchestra.run.smithi047.stdout:/usr/bin/ceph: stderr
2024-05-11T12:13:36.397+0000 7f4263054700 1 -- --> [v2:172.21.15.47:3300/0,v1:172.21.15.47:6789/0] -- mon_getmap magic: 0 -- 0x7f425c07ce00 con 0x7f425c107660
2024-05-11T12:13:43.274 INFO:teuthology.orchestra.run.smithi047.stdout:/usr/bin/ceph: stderr
2024-05-11T12:13:36.398+0000 7f4260df0700 1 --2- >> [v2:172.21.15.47:3300/0,v1:172.21.15.47:6789/0] conn(0x7f425c107660 0x7f425c107a80 unknown :-1 s=BANNER_CONNECTING pgs=0 cs=0 l=0 rev1=0 crypto rx=0 tx=0 comp rx=0 tx=0)._handle_peer_banner_payload supported=3 required=0
2024-05-11T12:13:43.274 INFO:teuthology.orchestra.run.smithi047.stdout:/usr/bin/ceph: stderr
2024-05-11T12:13:36.398+0000 7f4260df0700 1 --2- >> [v2:172.21.15.47:3300/0,v1:172.21.15.47:6789/0] conn(0x7f425c107660 0x7f425c107a80 unknown :-1 s=HELLO_CONNECTING pgs=0 cs=0 l=0 rev1=1 crypto rx=0 tx=0 comp rx=0 tx=0).handle_hello peer v2:172.21.15.47:3300/0 says I am v2:172.21.15.47:53458/0 (socket says 172.21.15.47:53458)
2024-05-11T12:13:43.274 INFO:teuthology.orchestra.run.smithi047.stdout:/usr/bin/ceph: stderr
2024-05-11T12:13:36.398+0000 7f4260df0700 1 -- 172.21.15.47:0/2060892606 learned_addr learned my addr 172.21.15.47:0/2060892606 (peer_addr_for_me v2:172.21.15.47:0/0)
2024-05-11T12:13:43.274 INFO:teuthology.orchestra.run.smithi047.stdout:/usr/bin/ceph: stderr
2024-05-11T12:13:36.398+0000 7f4260df0700 1 -- 172.21.15.47:0/2060892606 --> [v2:172.21.15.47:3300/0,v1:172.21.15.47:6789/0] -- mon_subscribe({config=0+,monmap=0+}) -- 0x7f425c107fc0 con 0x7f425c107660
2024-05-11T12:13:43.274 INFO:teuthology.orchestra.run.smithi047.stdout:/usr/bin/ceph: stderr
2024-05-11T12:13:36.398+0000 7f4260df0700 1 --2- 172.21.15.47:0/2060892606 >> [v2:172.21.15.47:3300/0,v1:172.21.15.47:6789/0] conn(0x7f425c107660 0x7f425c107a80 secure :-1 s=READY pgs=61 cs=0 l=1 rev1=1 crypto rx=0x7f42500098a0 tx=0x7f4250009bb0 comp rx=0 tx=0).ready entity=mon.0 client_cookie=a99ae9bbcc653ddc server_cookie=0 in_seq=0 out_seq=0
2024-05-11T12:13:43.274 INFO:teuthology.orchestra.run.smithi047.stdout:/usr/bin/ceph: stderr
2024-05-11T12:13:36.398+0000 7f425b7fe700 1 -- 172.21.15.47:0/2060892606 <== mon.0 v2:172.21.15.47:3300/0 1 ==== mon_map magic: 0 ==== 205+0+0 (secure 0 0 0) 0x7f4250004160 con 0x7f425c107660
2024-05-11T12:13:43.275 INFO:teuthology.orchestra.run.smithi047.stdout:/usr/bin/ceph: stderr
2024-05-11T12:13:36.398+0000 7f425b7fe700 1 -- 172.21.15.47:0/2060892606 <== mon.0 v2:172.21.15.47:3300/0 2 ==== config(26 keys) ==== 1101+0+0 (secure 0 0 0) 0x7f4250004300 con 0x7f425c107660
2024-05-11T12:13:43.275 INFO:teuthology.orchestra.run.smithi047.stdout:/usr/bin/ceph: stderr
2024-05-11T12:13:36.398+0000 7f425b7fe700 1 -- 172.21.15.47:0/2060892606 <== mon.0 v2:172.21.15.47:3300/0 3 ==== mon_map magic: 0 ==== 205+0+0 (secure 0 0 0) 0x7f4250011a20 con 0x7f425c107660
2024-05-11T12:13:43.275 INFO:teuthology.orchestra.run.smithi047.stdout:/usr/bin/ceph: stderr
2024-05-11T12:13:36.399+0000 7f4263054700 1 -- 172.21.15.47:0/2060892606 >> [v2:172.21.15.47:3300/0,v1:172.21.15.47:6789/0] conn(0x7f425c107660 msgr2=0x7f425c107a80 secure :-1 s=STATE_CONNECTION_ESTABLISHED l=1).mark_down
2024-05-11T12:13:43.275 INFO:teuthology.orchestra.run.smithi047.stdout:/usr/bin/ceph: stderr
2024-05-11T12:13:36.399+0000 7f4263054700 1 --2- 172.21.15.47:0/2060892606 >> [v2:172.21.15.47:3300/0,v1:172.21.15.47:6789/0] conn(0x7f425c107660 0x7f425c107a80 secure :-1 s=READY pgs=61 cs=0 l=1 rev1=1 crypto rx=0x7f42500098a0 tx=0x7f4250009bb0 comp rx=0 tx=0).stop
2024-05-11T12:13:43.275 INFO:teuthology.orchestra.run.smithi047.stdout:/usr/bin/ceph: stderr
2024-05-11T12:13:36.399+0000 7f4263054700 1 -- 172.21.15.47:0/2060892606 shutdown_connections
2024-05-11T12:13:43.275 INFO:teuthology.orchestra.run.smithi047.stdout:/usr/bin/ceph: stderr
2024-05-11T12:13:36.399+0000 7f4263054700 1 --2- 172.21.15.47:0/2060892606 >> [v2:172.21.15.47:3300/0,v1:172.21.15.47:6789/0] conn(0x7f425c107660 0x7f425c107a80 unknown :-1 s=CLOSED pgs=61 cs=0 l=1 rev1=1 crypto rx=0 tx=0 comp rx=0 tx=0).stop
2024-05-11T12:13:43.275 INFO:teuthology.orchestra.run.smithi047.stdout:/usr/bin/ceph: stderr
2024-05-11T12:13:36.399+0000 7f4263054700 1 -- 172.21.15.47:0/2060892606 >> 172.21.15.47:0/2060892606 conn(0x7f425c103240 msgr2=0x7f425c1056a0 unknown :-1 s=STATE_NONE l=0).mark_down
2024-05-11T12:13:43.275 INFO:teuthology.orchestra.run.smithi047.stdout:/usr/bin/ceph: stderr
2024-05-11T12:13:36.399+0000 7f4263054700 1 -- 172.21.15.47:0/2060892606 shutdown_connections
2024-05-11T12:13:43.275 INFO:teuthology.orchestra.run.smithi047.stdout:/usr/bin/ceph: stderr
2024-05-11T12:13:36.399+0000 7f4263054700 1 -- 172.21.15.47:0/2060892606 wait complete.
2024-05-11T12:13:43.275 INFO:teuthology.orchestra.run.smithi047.stdout:/usr/bin/ceph: stderr
2024-05-11T12:13:36.400+0000 7f4263054700 1 Processor -- start
2024-05-11T12:13:43.275 INFO:teuthology.orchestra.run.smithi047.stdout:/usr/bin/ceph: stderr
2024-05-11T12:13:36.400+0000 7f4263054700 1 -- start start
2024-05-11T12:13:43.275 INFO:teuthology.orchestra.run.smithi047.stdout:/usr/bin/ceph: stderr
2024-05-11T12:13:36.400+0000 7f4263054700 1 --2- >> [v2:172.21.15.47:3300/0,v1:172.21.15.47:6789/0] conn(0x7f425c107660 0x7f425c19ef10 unknown :-1 s=NONE pgs=0 cs=0 l=1 rev1=0 crypto rx=0 tx=0 comp rx=0 tx=0).connect
2024-05-11T12:13:43.276 INFO:teuthology.orchestra.run.smithi047.stdout:/usr/bin/ceph: stderr
2024-05-11T12:13:36.400+0000 7f4263054700 1 -- --> [v2:172.21.15.47:3300/0,v1:172.21.15.47:6789/0] -- mon_getmap magic: 0 -- 0x7f425c109030 con 0x7f425c107660
2024-05-11T12:13:43.276 INFO:teuthology.orchestra.run.smithi047.stdout:/usr/bin/ceph: stderr
2024-05-11T12:13:36.400+0000 7f4260df0700 1 --2- >> [v2:172.21.15.47:3300/0,v1:172.21.15.47:6789/0] conn(0x7f425c107660 0x7f425c19ef10 unknown :-1 s=BANNER_CONNECTING pgs=0 cs=0 l=1 rev1=0 crypto rx=0 tx=0 comp rx=0 tx=0)._handle_peer_banner_payload supported=3 required=0
2024-05-11T12:13:43.276 INFO:teuthology.orchestra.run.smithi047.stdout:/usr/bin/ceph: stderr
2024-05-11T12:13:36.400+0000 7f4260df0700 1 --2- >> [v2:172.21.15.47:3300/0,v1:172.21.15.47:6789/0] conn(0x7f425c107660 0x7f425c19ef10 unknown :-1 s=HELLO_CONNECTING pgs=0 cs=0 l=1 rev1=1 crypto rx=0 tx=0 comp rx=0 tx=0).handle_hello peer v2:172.21.15.47:3300/0 says I am v2:172.21.15.47:53468/0 (socket says 172.21.15.47:53468)
2024-05-11T12:13:43.276 INFO:teuthology.orchestra.run.smithi047.stdout:/usr/bin/ceph: stderr
2024-05-11T12:13:36.400+0000 7f4260df0700 1 -- 172.21.15.47:0/117641357 learned_addr learned my addr 172.21.15.47:0/117641357 (peer_addr_for_me v2:172.21.15.47:0/0)
2024-05-11T12:13:43.276 INFO:teuthology.orchestra.run.smithi047.stdout:/usr/bin/ceph: stderr
2024-05-11T12:13:36.401+0000 7f4260df0700 1 -- 172.21.15.47:0/117641357 --> [v2:172.21.15.47:3300/0,v1:172.21.15.47:6789/0] -- mon_subscribe({config=0+,monmap=0+}) -- 0x7f425c19f450 con 0x7f425c107660
2024-05-11T12:13:43.276 INFO:teuthology.orchestra.run.smithi047.stdout:/usr/bin/ceph: stderr
2024-05-11T12:13:36.401+0000 7f4260df0700 1 --2- 172.21.15.47:0/117641357 >> [v2:172.21.15.47:3300/0,v1:172.21.15.47:6789/0] conn(0x7f425c107660 0x7f425c19ef10 secure :-1 s=READY pgs=62 cs=0 l=1 rev1=1 crypto rx=0x7f42500116e0 tx=0x7f4250011aa0 comp rx=0 tx=0).ready entity=mon.0 client_cookie=0 server_cookie=0 in_seq=0 out_seq=0
2024-05-11T12:13:43.276 INFO:teuthology.orchestra.run.smithi047.stdout:/usr/bin/ceph: stderr
2024-05-11T12:13:36.401+0000 7f4259ffb700 1 -- 172.21.15.47:0/117641357 <== mon.0 v2:172.21.15.47:3300/0 1 ==== mon_map magic: 0 ==== 205+0+0 (secure 0 0 0) 0x7f4250003b20 con 0x7f425c107660
2024-05-11T12:13:43.276 INFO:teuthology.orchestra.run.smithi047.stdout:/usr/bin/ceph: stderr
2024-05-11T12:13:36.401+0000 7f4263054700 1 -- 172.21.15.47:0/117641357 --> [v2:172.21.15.47:3300/0,v1:172.21.15.47:6789/0] -- mon_subscribe({mgrmap=0+}) -- 0x7f425c19f6e0 con 0x7f425c107660
2024-05-11T12:13:43.276 INFO:teuthology.orchestra.run.smithi047.stdout:/usr/bin/ceph: stderr
2024-05-11T12:13:36.401+0000 7f4259ffb700 1 -- 172.21.15.47:0/117641357 <== mon.0 v2:172.21.15.47:3300/0 2 ==== config(26 keys) ==== 1101+0+0 (secure 0 0 0) 0x7f425001b8f0 con 0x7f425c107660
2024-05-11T12:13:43.276 INFO:teuthology.orchestra.run.smithi047.stdout:/usr/bin/ceph: stderr
2024-05-11T12:13:36.401+0000 7f4259ffb700 1 -- 172.21.15.47:0/117641357 <== mon.0 v2:172.21.15.47:3300/0 3 ==== mon_map magic: 0 ==== 205+0+0 (secure 0 0 0) 0x7f42500238c0 con 0x7f425c107660
2024-05-11T12:13:43.276 INFO:teuthology.orchestra.run.smithi047.stdout:/usr/bin/ceph: stderr
2024-05-11T12:13:36.401+0000 7f4263054700 1 -- 172.21.15.47:0/117641357 --> [v2:172.21.15.47:3300/0,v1:172.21.15.47:6789/0] -- mon_subscribe({osdmap=0}) -- 0x7f425c1a23d0 con 0x7f425c107660
2024-05-11T12:13:43.276 INFO:teuthology.orchestra.run.smithi047.stdout:/usr/bin/ceph: stderr
2024-05-11T12:13:36.402+0000 7f4259ffb700 1 -- 172.21.15.47:0/117641357 <== mon.0 v2:172.21.15.47:3300/0 4 ==== mgrmap(e 9) ==== 50235+0+0 (secure 0 0 0) 0x7f4250023b70 con 0x7f425c107660
2024-05-11T12:13:43.276 INFO:teuthology.orchestra.run.smithi047.stdout:/usr/bin/ceph: stderr
2024-05-11T12:13:36.402+0000 7f4259ffb700 1 --2- 172.21.15.47:0/117641357 >> [v2:172.21.15.47:6800/3174346748,v1:172.21.15.47:6801/3174346748] conn(0x7f424c03e470 0x7f424c040930 unknown :-1 s=NONE pgs=0 cs=0 l=1 rev1=0 crypto rx=0 tx=0 comp rx=0 tx=0).connect
2024-05-11T12:13:43.276 INFO:teuthology.orchestra.run.smithi047.stdout:/usr/bin/ceph: stderr
2024-05-11T12:13:36.402+0000 7f4259ffb700 1 -- 172.21.15.47:0/117641357 --> [v2:172.21.15.47:6800/3174346748,v1:172.21.15.47:6801/3174346748] -- command(tid 0: {"prefix": "get_command_descriptions"}) -- 0x7f424c041040 con 0x7f424c03e470
2024-05-11T12:13:43.277 INFO:teuthology.orchestra.run.smithi047.stdout:/usr/bin/ceph: stderr
2024-05-11T12:13:36.402+0000 7f4259ffb700 1 -- 172.21.15.47:0/117641357 <== mon.0 v2:172.21.15.47:3300/0 5 ==== osd_map(2..2 src has 1..2) ==== 940+0+0 (secure 0 0 0) 0x7f4250054000 con 0x7f425c107660
2024-05-11T12:13:43.277 INFO:teuthology.orchestra.run.smithi047.stdout:/usr/bin/ceph: stderr
2024-05-11T12:13:36.402+0000 7f425bfff700 1 -- 172.21.15.47:0/117641357 >> [v2:172.21.15.47:6800/3174346748,v1:172.21.15.47:6801/3174346748] conn(0x7f424c03e470 msgr2=0x7f424c040930 unknown :-1 s=STATE_CONNECTING_RE l=1).process reconnect failed to v2:172.21.15.47:6800/3174346748
2024-05-11T12:13:43.277 INFO:teuthology.orchestra.run.smithi047.stdout:/usr/bin/ceph: stderr
2024-05-11T12:13:36.402+0000 7f425bfff700 1 --2- 172.21.15.47:0/117641357 >> [v2:172.21.15.47:6800/3174346748,v1:172.21.15.47:6801/3174346748] conn(0x7f424c03e470 0x7f424c040930 unknown :-1 s=START_CONNECT pgs=0 cs=0 l=1 rev1=0 crypto rx=0 tx=0 comp rx=0 tx=0)._fault waiting 0.200000
2024-05-11T12:13:43.277 INFO:teuthology.orchestra.run.smithi047.stdout:/usr/bin/ceph: stderr
2024-05-11T12:13:36.603+0000 7f425bfff700 1 -- 172.21.15.47:0/117641357 >> [v2:172.21.15.47:6800/3174346748,v1:172.21.15.47:6801/3174346748] conn(0x7f424c03e470 msgr2=0x7f424c040930 unknown :-1 s=STATE_CONNECTING_RE l=1).process reconnect failed to v2:172.21.15.47:6800/3174346748
2024-05-11T12:13:43.277 INFO:teuthology.orchestra.run.smithi047.stdout:/usr/bin/ceph: stderr
2024-05-11T12:13:36.603+0000 7f425bfff700 1 --2- 172.21.15.47:0/117641357 >> [v2:172.21.15.47:6800/3174346748,v1:172.21.15.47:6801/3174346748] conn(0x7f424c03e470 0x7f424c040930 unknown :-1 s=START_CONNECT pgs=0 cs=0 l=1 rev1=0 crypto rx=0 tx=0 comp rx=0 tx=0)._fault waiting 0.400000
2024-05-11T12:13:43.277 INFO:teuthology.orchestra.run.smithi047.stdout:/usr/bin/ceph: stderr
2024-05-11T12:13:37.004+0000 7f425bfff700 1 -- 172.21.15.47:0/117641357 >> [v2:172.21.15.47:6800/3174346748,v1:172.21.15.47:6801/3174346748] conn(0x7f424c03e470 msgr2=0x7f424c040930 unknown :-1 s=STATE_CONNECTING_RE l=1).process reconnect failed to v2:172.21.15.47:6800/3174346748
2024-05-11T12:13:43.277 INFO:teuthology.orchestra.run.smithi047.stdout:/usr/bin/ceph: stderr
2024-05-11T12:13:37.004+0000 7f425bfff700 1 --2- 172.21.15.47:0/117641357 >> [v2:172.21.15.47:6800/3174346748,v1:172.21.15.47:6801/3174346748] conn(0x7f424c03e470 0x7f424c040930 unknown :-1 s=START_CONNECT pgs=0 cs=0 l=1 rev1=0 crypto rx=0 tx=0 comp rx=0 tx=0)._fault waiting 0.800000
2024-05-11T12:13:43.277 INFO:teuthology.orchestra.run.smithi047.stdout:/usr/bin/ceph: stderr
2024-05-11T12:13:37.805+0000 7f425bfff700 1 -- 172.21.15.47:0/117641357 >> [v2:172.21.15.47:6800/3174346748,v1:172.21.15.47:6801/3174346748] conn(0x7f424c03e470 msgr2=0x7f424c040930 unknown :-1 s=STATE_CONNECTING_RE l=1).process reconnect failed to v2:172.21.15.47:6800/3174346748
2024-05-11T12:13:43.277 INFO:teuthology.orchestra.run.smithi047.stdout:/usr/bin/ceph: stderr
2024-05-11T12:13:37.805+0000 7f425bfff700 1 --2- 172.21.15.47:0/117641357 >> [v2:172.21.15.47:6800/3174346748,v1:172.21.15.47:6801/3174346748] conn(0x7f424c03e470 0x7f424c040930 unknown :-1 s=START_CONNECT pgs=0 cs=0 l=1 rev1=0 crypto rx=0 tx=0 comp rx=0 tx=0)._fault waiting 1.600000
2024-05-11T12:13:43.277 INFO:teuthology.orchestra.run.smithi047.stdout:/usr/bin/ceph: stderr
2024-05-11T12:13:39.406+0000 7f425bfff700 1 -- 172.21.15.47:0/117641357 >> [v2:172.21.15.47:6800/3174346748,v1:172.21.15.47:6801/3174346748] conn(0x7f424c03e470 msgr2=0x7f424c040930 unknown :-1 s=STATE_CONNECTING_RE l=1).process reconnect failed to v2:172.21.15.47:6800/3174346748
2024-05-11T12:13:43.277 INFO:teuthology.orchestra.run.smithi047.stdout:/usr/bin/ceph: stderr
2024-05-11T12:13:39.406+0000 7f425bfff700 1 --2- 172.21.15.47:0/117641357 >> [v2:172.21.15.47:6800/3174346748,v1:172.21.15.47:6801/3174346748] conn(0x7f424c03e470 0x7f424c040930 unknown :-1 s=START_CONNECT pgs=0 cs=0 l=1 rev1=0 crypto rx=0 tx=0 comp rx=0 tx=0)._fault waiting 3.200000
2024-05-11T12:13:43.277 INFO:teuthology.orchestra.run.smithi047.stdout:/usr/bin/ceph: stderr
2024-05-11T12:13:41.431+0000 7f4259ffb700 1 -- 172.21.15.47:0/117641357 <== mon.0 v2:172.21.15.47:3300/0 6 ==== mgrmap(e 10) ==== 50002+0+0 (secure 0 0 0) 0x7f425001baa0 con 0x7f425c107660
2024-05-11T12:13:43.278 INFO:teuthology.orchestra.run.smithi047.stdout:/usr/bin/ceph: stderr
2024-05-11T12:13:41.431+0000 7f4259ffb700 1 -- 172.21.15.47:0/117641357 >> [v2:172.21.15.47:6800/3174346748,v1:172.21.15.47:6801/3174346748] conn(0x7f424c03e470 msgr2=0x7f424c040930 unknown :-1 s=STATE_CONNECTING l=1).mark_down
2024-05-11T12:13:43.278 INFO:teuthology.orchestra.run.smithi047.stdout:/usr/bin/ceph: stderr
2024-05-11T12:13:41.431+0000 7f4259ffb700 1 --2- 172.21.15.47:0/117641357 >> [v2:172.21.15.47:6800/3174346748,v1:172.21.15.47:6801/3174346748] conn(0x7f424c03e470 0x7f424c040930 unknown :-1 s=START_CONNECT pgs=0 cs=0 l=1 rev1=0 crypto rx=0 tx=0 comp rx=0 tx=0).stop
2024-05-11T12:13:43.278 INFO:teuthology.orchestra.run.smithi047.stdout:/usr/bin/ceph: stderr
2024-05-11T12:13:42.433+0000 7f4259ffb700 1 -- 172.21.15.47:0/117641357 <== mon.0 v2:172.21.15.47:3300/0 7 ==== mgrmap(e 11) ==== 50129+0+0 (secure 0 0 0) 0x7f4250055c60 con 0x7f425c107660
2024-05-11T12:13:43.278 INFO:teuthology.orchestra.run.smithi047.stdout:/usr/bin/ceph: stderr
2024-05-11T12:13:42.433+0000 7f4259ffb700 1 --2- 172.21.15.47:0/117641357 >> [v2:172.21.15.47:6800/811043456,v1:172.21.15.47:6801/811043456] conn(0x7f424c041ef0 0x7f424c0442e0 unknown :-1 s=NONE pgs=0 cs=0 l=1 rev1=0 crypto rx=0 tx=0 comp rx=0 tx=0).connect
2024-05-11T12:13:43.278 INFO:teuthology.orchestra.run.smithi047.stdout:/usr/bin/ceph: stderr
2024-05-11T12:13:42.433+0000 7f4259ffb700 1 -- 172.21.15.47:0/117641357 --> [v2:172.21.15.47:6800/811043456,v1:172.21.15.47:6801/811043456] -- command(tid 0: {"prefix": "get_command_descriptions"}) -- 0x7f4250008e50 con 0x7f424c041ef0
2024-05-11T12:13:43.278 INFO:teuthology.orchestra.run.smithi047.stdout:/usr/bin/ceph: stderr
2024-05-11T12:13:42.434+0000 7f425bfff700 1 --2- 172.21.15.47:0/117641357 >> [v2:172.21.15.47:6800/811043456,v1:172.21.15.47:6801/811043456] conn(0x7f424c041ef0 0x7f424c0442e0 unknown :-1 s=BANNER_CONNECTING pgs=0 cs=0 l=1 rev1=0 crypto rx=0 tx=0 comp rx=0 tx=0)._handle_peer_banner_payload supported=3 required=0
2024-05-11T12:13:43.278 INFO:teuthology.orchestra.run.smithi047.stdout:/usr/bin/ceph: stderr
2024-05-11T12:13:42.434+0000 7f425bfff700 1 --2- 172.21.15.47:0/117641357 >> [v2:172.21.15.47:6800/811043456,v1:172.21.15.47:6801/811043456] conn(0x7f424c041ef0 0x7f424c0442e0 secure :-1 s=READY pgs=1 cs=0 l=1 rev1=1 crypto rx=0x7f4248003a10 tx=0x7f42480092b0 comp rx=0 tx=0).ready entity=mgr.14152 client_cookie=0 server_cookie=0 in_seq=0 out_seq=0
2024-05-11T12:13:43.278 INFO:teuthology.orchestra.run.smithi047.stdout:/usr/bin/ceph: stderr
2024-05-11T12:13:42.435+0000 7f4259ffb700 1 -- 172.21.15.47:0/117641357 <== mgr.14152 v2:172.21.15.47:6800/811043456 1 ==== command_reply(tid 0: 0 ) ==== 8+0+9564 (secure 0 0 0) 0x7f4250008e50 con 0x7f424c041ef0
2024-05-11T12:13:43.278 INFO:teuthology.orchestra.run.smithi047.stdout:/usr/bin/ceph: stderr
2024-05-11T12:13:42.443+0000 7f4263054700 1 -- 172.21.15.47:0/117641357 --> [v2:172.21.15.47:6800/811043456,v1:172.21.15.47:6801/811043456] -- command(tid 1: {"prefix": "mgr_status"}) -- 0x7f425c06a640 con 0x7f424c041ef0
2024-05-11T12:13:43.278 INFO:teuthology.orchestra.run.smithi047.stdout:/usr/bin/ceph: stderr
2024-05-11T12:13:42.444+0000 7f4259ffb700 1 -- 172.21.15.47:0/117641357 <== mgr.14152 v2:172.21.15.47:6800/811043456 2 ==== command_reply(tid 1: 0 ) ==== 8+0+52 (secure 0 0 0) 0x7f425c06a640 con 0x7f424c041ef0
2024-05-11T12:13:43.278 INFO:teuthology.orchestra.run.smithi047.stdout:/usr/bin/ceph: stderr
2024-05-11T12:13:42.444+0000 7f4263054700 1 -- 172.21.15.47:0/117641357 >> [v2:172.21.15.47:6800/811043456,v1:172.21.15.47:6801/811043456] conn(0x7f424c041ef0 msgr2=0x7f424c0442e0 secure :-1 s=STATE_CONNECTION_ESTABLISHED l=1).mark_down
2024-05-11T12:13:43.278 INFO:teuthology.orchestra.run.smithi047.stdout:/usr/bin/ceph: stderr
2024-05-11T12:13:42.444+0000 7f4263054700 1 --2- 172.21.15.47:0/117641357 >> [v2:172.21.15.47:6800/811043456,v1:172.21.15.47:6801/811043456] conn(0x7f424c041ef0 0x7f424c0442e0 secure :-1 s=READY pgs=1 cs=0 l=1 rev1=1 crypto rx=0x7f4248003a10 tx=0x7f42480092b0 comp rx=0 tx=0).stop
2024-05-11T12:13:43.279 INFO:teuthology.orchestra.run.smithi047.stdout:/usr/bin/ceph: stderr
2024-05-11T12:13:42.444+0000 7f4263054700 1 -- 172.21.15.47:0/117641357 >> [v2:172.21.15.47:3300/0,v1:172.21.15.47:6789/0] conn(0x7f425c107660 msgr2=0x7f425c19ef10 secure :-1 s=STATE_CONNECTION_ESTABLISHED l=1).mark_down
2024-05-11T12:13:43.279 INFO:teuthology.orchestra.run.smithi047.stdout:/usr/bin/ceph: stderr
2024-05-11T12:13:42.444+0000 7f4263054700 1 --2- 172.21.15.47:0/117641357 >> [v2:172.21.15.47:3300/0,v1:172.21.15.47:6789/0] conn(0x7f425c107660 0x7f425c19ef10 secure :-1 s=READY pgs=62 cs=0 l=1 rev1=1 crypto rx=0x7f42500116e0 tx=0x7f4250011aa0 comp rx=0 tx=0).stop
2024-05-11T12:13:43.279 INFO:teuthology.orchestra.run.smithi047.stdout:/usr/bin/ceph: stderr
2024-05-11T12:13:42.444+0000 7f4263054700 1 -- 172.21.15.47:0/117641357 shutdown_connections
2024-05-11T12:13:43.279 INFO:teuthology.orchestra.run.smithi047.stdout:/usr/bin/ceph: stderr
2024-05-11T12:13:42.444+0000 7f4263054700 1 --2- 172.21.15.47:0/117641357 >> [v2:172.21.15.47:6800/811043456,v1:172.21.15.47:6801/811043456] conn(0x7f424c041ef0 0x7f424c0442e0 unknown :-1 s=CLOSED pgs=1 cs=0 l=1 rev1=1 crypto rx=0 tx=0 comp rx=0 tx=0).stop
2024-05-11T12:13:43.279 INFO:teuthology.orchestra.run.smithi047.stdout:/usr/bin/ceph: stderr
2024-05-11T12:13:42.444+0000 7f4263054700 1 --2- 172.21.15.47:0/117641357 >> [v2:172.21.15.47:3300/0,v1:172.21.15.47:6789/0] conn(0x7f425c107660 0x7f425c19ef10 unknown :-1 s=CLOSED pgs=62 cs=0 l=1 rev1=1 crypto rx=0 tx=0 comp rx=0 tx=0).stop
2024-05-11T12:13:43.279 INFO:teuthology.orchestra.run.smithi047.stdout:/usr/bin/ceph: stderr
2024-05-11T12:13:42.444+0000 7f4263054700 1 --2- 172.21.15.47:0/117641357 >> [v2:172.21.15.47:6800/3174346748,v1:172.21.15.47:6801/3174346748] conn(0x7f424c03e470 0x7f424c040930 unknown :-1 s=CLOSED pgs=0 cs=0 l=1 rev1=0 crypto rx=0 tx=0 comp rx=0 tx=0).stop
2024-05-11T12:13:43.279 INFO:teuthology.orchestra.run.smithi047.stdout:/usr/bin/ceph: stderr
2024-05-11T12:13:42.444+0000 7f4263054700 1 -- 172.21.15.47:0/117641357 >> 172.21.15.47:0/117641357 conn(0x7f425c103240 msgr2=0x7f425c195b20 unknown :-1 s=STATE_NONE l=0).mark_down
2024-05-11T12:13:43.279 INFO:teuthology.orchestra.run.smithi047.stdout:/usr/bin/ceph: stderr
2024-05-11T12:13:42.444+0000 7f4263054700 1 -- 172.21.15.47:0/117641357 shutdown_connections
2024-05-11T12:13:43.279 INFO:teuthology.orchestra.run.smithi047.stdout:/usr/bin/ceph: stderr
2024-05-11T12:13:42.444+0000 7f4263054700 1 -- 172.21.15.47:0/117641357 wait complete.
2024-05-11T12:13:43.279 INFO:teuthology.orchestra.run.smithi047.stdout:mgr epoch 9 is available
2024-05-11T12:13:43.279 INFO:teuthology.orchestra.run.smithi047.stdout:Generating a dashboard self-signed certificate...
2024-05-11T12:13:43.525 INFO:journalctl@ceph.mon.a.smithi047.stdout:May 11 12:13:43 smithi047 ceph-mon[30375]: from='client.14156 -' entity='client.admin' cmd=[{"prefix": "get_command_descriptions"}]: dispatch
2024-05-11T12:13:43.525 INFO:journalctl@ceph.mon.a.smithi047.stdout:May 11 12:13:43 smithi047 ceph-mon[30375]: from='client.14156 -' entity='client.admin' cmd=[{"prefix": "mgr_status"}]: dispatch
2024-05-11T12:13:44.644 INFO:journalctl@ceph.mon.a.smithi047.stdout:May 11 12:13:44 smithi047 ceph-mon[30375]: mgrmap e12: x(active, since 2s)
2024-05-11T12:13:44.644 INFO:journalctl@ceph.mon.a.smithi047.stdout:May 11 12:13:44 smithi047 ceph-mon[30375]: from='client.14164 -' entity='client.admin' cmd=[{"prefix": "dashboard create-self-signed-cert", "target": ["mon-mgr", ""]}]: dispatch
2024-05-11T12:13:44.644 INFO:journalctl@ceph.mon.a.smithi047.stdout:May 11 12:13:44 smithi047 ceph-mon[30375]: from='mgr.14152 172.21.15.47:0/432058683' entity='mgr.x'
2024-05-11T12:13:44.645 INFO:journalctl@ceph.mon.a.smithi047.stdout:May 11 12:13:44 smithi047 ceph-mon[30375]: from='mgr.14152 172.21.15.47:0/432058683' entity='mgr.x'
2024-05-11T12:13:44.645 INFO:journalctl@ceph.mon.a.smithi047.stdout:May 11 12:13:44 smithi047 ceph-mon[30375]: from='mgr.14152 172.21.15.47:0/432058683' entity='mgr.x'
2024-05-11T12:13:44.652 INFO:teuthology.orchestra.run.smithi047.stdout:/usr/bin/ceph: stdout Self-signed certificate created
2024-05-11T12:13:44.652 INFO:teuthology.orchestra.run.smithi047.stdout:/usr/bin/ceph: stderr
2024-05-11T12:13:43.683+0000 7f1e799b6700 1 Processor -- start
2024-05-11T12:13:44.652 INFO:teuthology.orchestra.run.smithi047.stdout:/usr/bin/ceph: stderr
2024-05-11T12:13:43.683+0000 7f1e799b6700 1 -- start start
2024-05-11T12:13:44.652 INFO:teuthology.orchestra.run.smithi047.stdout:/usr/bin/ceph: stderr
2024-05-11T12:13:43.683+0000 7f1e799b6700 1 --2- >> [v2:172.21.15.47:3300/0,v1:172.21.15.47:6789/0] conn(0x7f1e7407f6c0 0x7f1e7407db20 unknown :-1 s=NONE pgs=0 cs=0 l=0 rev1=0 crypto rx=0 tx=0 comp rx=0 tx=0).connect
2024-05-11T12:13:44.653 INFO:teuthology.orchestra.run.smithi047.stdout:/usr/bin/ceph: stderr
2024-05-11T12:13:43.683+0000 7f1e799b6700 1 -- --> [v2:172.21.15.47:3300/0,v1:172.21.15.47:6789/0] -- mon_getmap magic: 0 -- 0x7f1e7407e0f0 con 0x7f1e7407f6c0
2024-05-11T12:13:44.653 INFO:teuthology.orchestra.run.smithi047.stdout:/usr/bin/ceph: stderr
2024-05-11T12:13:43.684+0000 7f1e72ffd700 1 --2- >> [v2:172.21.15.47:3300/0,v1:172.21.15.47:6789/0] conn(0x7f1e7407f6c0 0x7f1e7407db20 unknown :-1 s=BANNER_CONNECTING pgs=0 cs=0 l=0 rev1=0 crypto rx=0 tx=0 comp rx=0 tx=0)._handle_peer_banner_payload supported=3 required=0
2024-05-11T12:13:44.653 INFO:teuthology.orchestra.run.smithi047.stdout:/usr/bin/ceph: stderr
2024-05-11T12:13:43.684+0000 7f1e72ffd700 1 --2- >> [v2:172.21.15.47:3300/0,v1:172.21.15.47:6789/0] conn(0x7f1e7407f6c0 0x7f1e7407db20 unknown :-1 s=HELLO_CONNECTING pgs=0 cs=0 l=0 rev1=1 crypto rx=0 tx=0 comp rx=0 tx=0).handle_hello peer v2:172.21.15.47:3300/0 says I am v2:172.21.15.47:53018/0 (socket says 172.21.15.47:53018)
2024-05-11T12:13:44.653 INFO:teuthology.orchestra.run.smithi047.stdout:/usr/bin/ceph: stderr
2024-05-11T12:13:43.684+0000 7f1e72ffd700 1 -- 172.21.15.47:0/3253199609 learned_addr learned my addr 172.21.15.47:0/3253199609 (peer_addr_for_me v2:172.21.15.47:0/0)
2024-05-11T12:13:44.653 INFO:teuthology.orchestra.run.smithi047.stdout:/usr/bin/ceph: stderr
2024-05-11T12:13:43.684+0000 7f1e72ffd700 1 -- 172.21.15.47:0/3253199609 --> [v2:172.21.15.47:3300/0,v1:172.21.15.47:6789/0] -- mon_subscribe({config=0+,monmap=0+}) -- 0x7f1e7407e270 con 0x7f1e7407f6c0
2024-05-11T12:13:44.653 INFO:teuthology.orchestra.run.smithi047.stdout:/usr/bin/ceph: stderr
2024-05-11T12:13:43.684+0000 7f1e72ffd700 1 --2- 172.21.15.47:0/3253199609 >> [v2:172.21.15.47:3300/0,v1:172.21.15.47:6789/0] conn(0x7f1e7407f6c0 0x7f1e7407db20 secure :-1 s=READY pgs=70 cs=0 l=1 rev1=1 crypto rx=0x7f1e64009e80 tx=0x7f1e6400b330 comp rx=0 tx=0).ready entity=mon.0 client_cookie=548fb507fb2ec9a6 server_cookie=0 in_seq=0 out_seq=0
2024-05-11T12:13:44.653 INFO:teuthology.orchestra.run.smithi047.stdout:/usr/bin/ceph: stderr
2024-05-11T12:13:43.684+0000 7f1e71ffb700 1 -- 172.21.15.47:0/3253199609 <== mon.0 v2:172.21.15.47:3300/0 1 ==== mon_map magic: 0 ==== 205+0+0 (secure 0 0 0) 0x7f1e64017070 con 0x7f1e7407f6c0
2024-05-11T12:13:44.653 INFO:teuthology.orchestra.run.smithi047.stdout:/usr/bin/ceph: stderr
2024-05-11T12:13:43.684+0000 7f1e71ffb700 1 -- 172.21.15.47:0/3253199609 <== mon.0 v2:172.21.15.47:3300/0 2 ==== config(26 keys) ==== 1101+0+0 (secure 0 0 0) 0x7f1e6400b8c0 con 0x7f1e7407f6c0
2024-05-11T12:13:44.653 INFO:teuthology.orchestra.run.smithi047.stdout:/usr/bin/ceph: stderr
2024-05-11T12:13:43.684+0000 7f1e71ffb700 1 -- 172.21.15.47:0/3253199609 <== mon.0 v2:172.21.15.47:3300/0 3 ==== mon_map magic: 0 ==== 205+0+0 (secure 0 0 0) 0x7f1e64004490 con 0x7f1e7407f6c0
2024-05-11T12:13:44.653 INFO:teuthology.orchestra.run.smithi047.stdout:/usr/bin/ceph: stderr
2024-05-11T12:13:43.685+0000 7f1e799b6700 1 -- 172.21.15.47:0/3253199609 >> [v2:172.21.15.47:3300/0,v1:172.21.15.47:6789/0] conn(0x7f1e7407f6c0 msgr2=0x7f1e7407db20 secure :-1 s=STATE_CONNECTION_ESTABLISHED l=1).mark_down
2024-05-11T12:13:44.653 INFO:teuthology.orchestra.run.smithi047.stdout:/usr/bin/ceph: stderr
2024-05-11T12:13:43.685+0000 7f1e799b6700 1 --2- 172.21.15.47:0/3253199609 >> [v2:172.21.15.47:3300/0,v1:172.21.15.47:6789/0] conn(0x7f1e7407f6c0 0x7f1e7407db20 secure :-1 s=READY pgs=70 cs=0 l=1 rev1=1 crypto rx=0x7f1e64009e80 tx=0x7f1e6400b330 comp rx=0 tx=0).stop
2024-05-11T12:13:44.653 INFO:teuthology.orchestra.run.smithi047.stdout:/usr/bin/ceph: stderr
2024-05-11T12:13:43.685+0000 7f1e799b6700 1 -- 172.21.15.47:0/3253199609 shutdown_connections
2024-05-11T12:13:44.653 INFO:teuthology.orchestra.run.smithi047.stdout:/usr/bin/ceph: stderr
2024-05-11T12:13:43.685+0000 7f1e799b6700 1 --2- 172.21.15.47:0/3253199609 >> [v2:172.21.15.47:3300/0,v1:172.21.15.47:6789/0] conn(0x7f1e7407f6c0 0x7f1e7407db20 unknown :-1 s=CLOSED pgs=70 cs=0 l=1 rev1=1 crypto rx=0 tx=0 comp rx=0 tx=0).stop
2024-05-11T12:13:44.653 INFO:teuthology.orchestra.run.smithi047.stdout:/usr/bin/ceph: stderr
2024-05-11T12:13:43.685+0000 7f1e799b6700 1 -- 172.21.15.47:0/3253199609 >> 172.21.15.47:0/3253199609 conn(0x7f1e741043f0 msgr2=0x7f1e74106810 unknown :-1 s=STATE_NONE l=0).mark_down
2024-05-11T12:13:44.653 INFO:teuthology.orchestra.run.smithi047.stdout:/usr/bin/ceph: stderr
2024-05-11T12:13:43.685+0000 7f1e799b6700 1 -- 172.21.15.47:0/3253199609 shutdown_connections
2024-05-11T12:13:44.654 INFO:teuthology.orchestra.run.smithi047.stdout:/usr/bin/ceph: stderr
2024-05-11T12:13:43.685+0000 7f1e799b6700 1 -- 172.21.15.47:0/3253199609 wait complete.
2024-05-11T12:13:44.654 INFO:teuthology.orchestra.run.smithi047.stdout:/usr/bin/ceph: stderr
2024-05-11T12:13:43.685+0000 7f1e799b6700 1 Processor -- start
2024-05-11T12:13:44.654 INFO:teuthology.orchestra.run.smithi047.stdout:/usr/bin/ceph: stderr
2024-05-11T12:13:43.686+0000 7f1e799b6700 1 -- start start
2024-05-11T12:13:44.654 INFO:teuthology.orchestra.run.smithi047.stdout:/usr/bin/ceph: stderr
2024-05-11T12:13:43.686+0000 7f1e799b6700 1 --2- >> [v2:172.21.15.47:3300/0,v1:172.21.15.47:6789/0] conn(0x7f1e7407f6c0 0x7f1e7419ef60 unknown :-1 s=NONE pgs=0 cs=0 l=1 rev1=0 crypto rx=0 tx=0 comp rx=0 tx=0).connect
2024-05-11T12:13:44.654 INFO:teuthology.orchestra.run.smithi047.stdout:/usr/bin/ceph: stderr
2024-05-11T12:13:43.686+0000 7f1e799b6700 1 -- --> [v2:172.21.15.47:3300/0,v1:172.21.15.47:6789/0] -- mon_getmap magic: 0 -- 0x7f1e7410f430 con 0x7f1e7407f6c0
2024-05-11T12:13:44.654 INFO:teuthology.orchestra.run.smithi047.stdout:/usr/bin/ceph: stderr
2024-05-11T12:13:43.686+0000 7f1e72ffd700 1 --2- >> [v2:172.21.15.47:3300/0,v1:172.21.15.47:6789/0] conn(0x7f1e7407f6c0 0x7f1e7419ef60 unknown :-1 s=BANNER_CONNECTING pgs=0 cs=0 l=1 rev1=0 crypto rx=0 tx=0 comp rx=0 tx=0)._handle_peer_banner_payload supported=3 required=0
2024-05-11T12:13:44.654 INFO:teuthology.orchestra.run.smithi047.stdout:/usr/bin/ceph: stderr
2024-05-11T12:13:43.686+0000 7f1e72ffd700 1 --2- >> [v2:172.21.15.47:3300/0,v1:172.21.15.47:6789/0] conn(0x7f1e7407f6c0 0x7f1e7419ef60 unknown :-1 s=HELLO_CONNECTING pgs=0 cs=0 l=1 rev1=1 crypto rx=0 tx=0 comp rx=0 tx=0).handle_hello peer v2:172.21.15.47:3300/0 says I am v2:172.21.15.47:53020/0 (socket says 172.21.15.47:53020)
2024-05-11T12:13:44.654 INFO:teuthology.orchestra.run.smithi047.stdout:/usr/bin/ceph: stderr
