2024-05-11T12:13:21.335+0000 7fbe2908c700 1 -- 172.21.15.47:0/4135665305 >> 172.21.15.47:0/4135665305 conn(0x7fbe241043f0 msgr2=0x7fbe24106810 unknown :-1 s=STATE_NONE l=0).mark_down
2024-05-11T12:13:26.447 INFO:teuthology.orchestra.run.smithi047.stdout:/usr/bin/ceph: stderr
2024-05-11T12:13:21.335+0000 7fbe2908c700 1 -- 172.21.15.47:0/4135665305 shutdown_connections
2024-05-11T12:13:26.447 INFO:teuthology.orchestra.run.smithi047.stdout:/usr/bin/ceph: stderr
2024-05-11T12:13:21.335+0000 7fbe2908c700 1 -- 172.21.15.47:0/4135665305 wait complete.
2024-05-11T12:13:26.447 INFO:teuthology.orchestra.run.smithi047.stdout:/usr/bin/ceph: stderr
2024-05-11T12:13:21.335+0000 7fbe2908c700 1 Processor -- start
2024-05-11T12:13:26.447 INFO:teuthology.orchestra.run.smithi047.stdout:/usr/bin/ceph: stderr
2024-05-11T12:13:21.336+0000 7fbe2908c700 1 -- start start
2024-05-11T12:13:26.447 INFO:teuthology.orchestra.run.smithi047.stdout:/usr/bin/ceph: stderr
2024-05-11T12:13:21.336+0000 7fbe2908c700 1 --2- >> [v2:172.21.15.47:3300/0,v1:172.21.15.47:6789/0] conn(0x7fbe24108e30 0x7fbe2419cd20 unknown :-1 s=NONE pgs=0 cs=0 l=1 rev1=0 crypto rx=0 tx=0 comp rx=0 tx=0).connect
2024-05-11T12:13:26.447 INFO:teuthology.orchestra.run.smithi047.stdout:/usr/bin/ceph: stderr
2024-05-11T12:13:21.336+0000 7fbe2908c700 1 -- --> [v2:172.21.15.47:3300/0,v1:172.21.15.47:6789/0] -- mon_getmap magic: 0 -- 0x7fbe2410d3d0 con 0x7fbe24108e30
2024-05-11T12:13:26.447 INFO:teuthology.orchestra.run.smithi047.stdout:/usr/bin/ceph: stderr
2024-05-11T12:13:21.336+0000 7fbe22d9d700 1 --2- >> [v2:172.21.15.47:3300/0,v1:172.21.15.47:6789/0] conn(0x7fbe24108e30 0x7fbe2419cd20 unknown :-1 s=BANNER_CONNECTING pgs=0 cs=0 l=1 rev1=0 crypto rx=0 tx=0 comp rx=0 tx=0)._handle_peer_banner_payload supported=3 required=0
2024-05-11T12:13:26.447 INFO:teuthology.orchestra.run.smithi047.stdout:/usr/bin/ceph: stderr
2024-05-11T12:13:21.336+0000 7fbe22d9d700 1 --2- >> [v2:172.21.15.47:3300/0,v1:172.21.15.47:6789/0] conn(0x7fbe24108e30 0x7fbe2419cd20 unknown :-1 s=HELLO_CONNECTING pgs=0 cs=0 l=1 rev1=1 crypto rx=0 tx=0 comp rx=0 tx=0).handle_hello peer v2:172.21.15.47:3300/0 says I am v2:172.21.15.47:60744/0 (socket says 172.21.15.47:60744)
2024-05-11T12:13:26.447 INFO:teuthology.orchestra.run.smithi047.stdout:/usr/bin/ceph: stderr
2024-05-11T12:13:21.336+0000 7fbe22d9d700 1 -- 172.21.15.47:0/495000960 learned_addr learned my addr 172.21.15.47:0/495000960 (peer_addr_for_me v2:172.21.15.47:0/0)
2024-05-11T12:13:26.448 INFO:teuthology.orchestra.run.smithi047.stdout:/usr/bin/ceph: stderr
2024-05-11T12:13:21.336+0000 7fbe22d9d700 1 -- 172.21.15.47:0/495000960 --> [v2:172.21.15.47:3300/0,v1:172.21.15.47:6789/0] -- mon_subscribe({config=0+,monmap=0+}) -- 0x7fbe2419d260 con 0x7fbe24108e30
2024-05-11T12:13:26.448 INFO:teuthology.orchestra.run.smithi047.stdout:/usr/bin/ceph: stderr
2024-05-11T12:13:21.336+0000 7fbe22d9d700 1 --2- 172.21.15.47:0/495000960 >> [v2:172.21.15.47:3300/0,v1:172.21.15.47:6789/0] conn(0x7fbe24108e30 0x7fbe2419cd20 secure :-1 s=READY pgs=46 cs=0 l=1 rev1=1 crypto rx=0x7fbe14003f40 tx=0x7fbe14011890 comp rx=0 tx=0).ready entity=mon.0 client_cookie=0 server_cookie=0 in_seq=0 out_seq=0
2024-05-11T12:13:26.448 INFO:teuthology.orchestra.run.smithi047.stdout:/usr/bin/ceph: stderr
2024-05-11T12:13:21.337+0000 7fbe20d99700 1 -- 172.21.15.47:0/495000960 <== mon.0 v2:172.21.15.47:3300/0 1 ==== mon_map magic: 0 ==== 205+0+0 (secure 0 0 0) 0x7fbe140038b0 con 0x7fbe24108e30
2024-05-11T12:13:26.448 INFO:teuthology.orchestra.run.smithi047.stdout:/usr/bin/ceph: stderr
2024-05-11T12:13:21.337+0000 7fbe20d99700 1 -- 172.21.15.47:0/495000960 <== mon.0 v2:172.21.15.47:3300/0 2 ==== config(26 keys) ==== 1070+0+0 (secure 0 0 0) 0x7fbe14003a50 con 0x7fbe24108e30
2024-05-11T12:13:26.448 INFO:teuthology.orchestra.run.smithi047.stdout:/usr/bin/ceph: stderr
2024-05-11T12:13:21.337+0000 7fbe2908c700 1 -- 172.21.15.47:0/495000960 --> [v2:172.21.15.47:3300/0,v1:172.21.15.47:6789/0] -- mon_subscribe({mgrmap=0+}) -- 0x7fbe2419d4f0 con 0x7fbe24108e30
2024-05-11T12:13:26.448 INFO:teuthology.orchestra.run.smithi047.stdout:/usr/bin/ceph: stderr
2024-05-11T12:13:21.337+0000 7fbe20d99700 1 -- 172.21.15.47:0/495000960 <== mon.0 v2:172.21.15.47:3300/0 3 ==== mon_map magic: 0 ==== 205+0+0 (secure 0 0 0) 0x7fbe1401a5c0 con 0x7fbe24108e30
2024-05-11T12:13:26.448 INFO:teuthology.orchestra.run.smithi047.stdout:/usr/bin/ceph: stderr
2024-05-11T12:13:21.337+0000 7fbe2908c700 1 -- 172.21.15.47:0/495000960 --> [v2:172.21.15.47:3300/0,v1:172.21.15.47:6789/0] -- mon_subscribe({osdmap=0}) -- 0x7fbe241a01d0 con 0x7fbe24108e30
2024-05-11T12:13:26.448 INFO:teuthology.orchestra.run.smithi047.stdout:/usr/bin/ceph: stderr
2024-05-11T12:13:21.338+0000 7fbe2908c700 1 -- 172.21.15.47:0/495000960 --> [v2:172.21.15.47:3300/0,v1:172.21.15.47:6789/0] -- mon_command({"prefix": "get_command_descriptions"} v 0) -- 0x7fbe24064bb0 con 0x7fbe24108e30
2024-05-11T12:13:26.448 INFO:teuthology.orchestra.run.smithi047.stdout:/usr/bin/ceph: stderr
2024-05-11T12:13:21.338+0000 7fbe20d99700 1 -- 172.21.15.47:0/495000960 <== mon.0 v2:172.21.15.47:3300/0 4 ==== mgrmap(e 8) ==== 50222+0+0 (secure 0 0 0) 0x7fbe1401a870 con 0x7fbe24108e30
2024-05-11T12:13:26.448 INFO:teuthology.orchestra.run.smithi047.stdout:/usr/bin/ceph: stderr
2024-05-11T12:13:21.338+0000 7fbe20d99700 1 --2- 172.21.15.47:0/495000960 >> [v2:172.21.15.47:6800/3174346748,v1:172.21.15.47:6801/3174346748] conn(0x7fbe1003e470 0x7fbe10040930 unknown :-1 s=NONE pgs=0 cs=0 l=1 rev1=0 crypto rx=0 tx=0 comp rx=0 tx=0).connect
2024-05-11T12:13:26.448 INFO:teuthology.orchestra.run.smithi047.stdout:/usr/bin/ceph: stderr
2024-05-11T12:13:21.338+0000 7fbe20d99700 1 -- 172.21.15.47:0/495000960 <== mon.0 v2:172.21.15.47:3300/0 5 ==== osd_map(2..2 src has 1..2) ==== 940+0+0 (secure 0 0 0) 0x7fbe140539e0 con 0x7fbe24108e30
2024-05-11T12:13:26.448 INFO:teuthology.orchestra.run.smithi047.stdout:/usr/bin/ceph: stderr
2024-05-11T12:13:21.338+0000 7fbe1a59c700 1 --2- 172.21.15.47:0/495000960 >> [v2:172.21.15.47:6800/3174346748,v1:172.21.15.47:6801/3174346748] conn(0x7fbe1003e470 0x7fbe10040930 unknown :-1 s=BANNER_CONNECTING pgs=0 cs=0 l=1 rev1=0 crypto rx=0 tx=0 comp rx=0 tx=0)._handle_peer_banner_payload supported=3 required=0
2024-05-11T12:13:26.448 INFO:teuthology.orchestra.run.smithi047.stdout:/usr/bin/ceph: stderr
2024-05-11T12:13:21.338+0000 7fbe1a59c700 1 --2- 172.21.15.47:0/495000960 >> [v2:172.21.15.47:6800/3174346748,v1:172.21.15.47:6801/3174346748] conn(0x7fbe1003e470 0x7fbe10040930 secure :-1 s=READY pgs=11 cs=0 l=1 rev1=1 crypto rx=0x7fbe0c006fd0 tx=0x7fbe0c006e40 comp rx=0 tx=0).ready entity=mgr.14120 client_cookie=0 server_cookie=0 in_seq=0 out_seq=0
2024-05-11T12:13:26.448 INFO:teuthology.orchestra.run.smithi047.stdout:/usr/bin/ceph: stderr
2024-05-11T12:13:21.343+0000 7fbe20d99700 1 -- 172.21.15.47:0/495000960 <== mon.0 v2:172.21.15.47:3300/0 6 ==== mon_command_ack([{"prefix": "get_command_descriptions"}]=0 v0) ==== 72+0+191963 (secure 0 0 0) 0x7fbe1400e260 con 0x7fbe24108e30
2024-05-11T12:13:26.448 INFO:teuthology.orchestra.run.smithi047.stdout:/usr/bin/ceph: stderr
2024-05-11T12:13:21.563+0000 7fbe2908c700 1 -- 172.21.15.47:0/495000960 --> [v2:172.21.15.47:6800/3174346748,v1:172.21.15.47:6801/3174346748] -- mgr_command(tid 0: {"prefix": "orch host add", "hostname": "smithi047", "addr": "172.21.15.47", "target": ["mon-mgr", ""]}) -- 0x7fbe241055c0 con 0x7fbe1003e470
2024-05-11T12:13:26.449 INFO:teuthology.orchestra.run.smithi047.stdout:/usr/bin/ceph: stderr
2024-05-11T12:13:25.838+0000 7fbe20d99700 1 -- 172.21.15.47:0/495000960 <== mgr.14120 v2:172.21.15.47:6800/3174346748 1 ==== mgr_command_reply(tid 0: 0 ) ==== 8+0+48 (secure 0 0 0) 0x7fbe241055c0 con 0x7fbe1003e470
2024-05-11T12:13:26.449 INFO:teuthology.orchestra.run.smithi047.stdout:/usr/bin/ceph: stderr
2024-05-11T12:13:25.841+0000 7fbe2908c700 1 -- 172.21.15.47:0/495000960 >> [v2:172.21.15.47:6800/3174346748,v1:172.21.15.47:6801/3174346748] conn(0x7fbe1003e470 msgr2=0x7fbe10040930 secure :-1 s=STATE_CONNECTION_ESTABLISHED l=1).mark_down
2024-05-11T12:13:26.449 INFO:teuthology.orchestra.run.smithi047.stdout:/usr/bin/ceph: stderr
2024-05-11T12:13:25.841+0000 7fbe2908c700 1 --2- 172.21.15.47:0/495000960 >> [v2:172.21.15.47:6800/3174346748,v1:172.21.15.47:6801/3174346748] conn(0x7fbe1003e470 0x7fbe10040930 secure :-1 s=READY pgs=11 cs=0 l=1 rev1=1 crypto rx=0x7fbe0c006fd0 tx=0x7fbe0c006e40 comp rx=0 tx=0).stop
2024-05-11T12:13:26.449 INFO:teuthology.orchestra.run.smithi047.stdout:/usr/bin/ceph: stderr
2024-05-11T12:13:25.841+0000 7fbe2908c700 1 -- 172.21.15.47:0/495000960 >> [v2:172.21.15.47:3300/0,v1:172.21.15.47:6789/0] conn(0x7fbe24108e30 msgr2=0x7fbe2419cd20 secure :-1 s=STATE_CONNECTION_ESTABLISHED l=1).mark_down
2024-05-11T12:13:26.449 INFO:teuthology.orchestra.run.smithi047.stdout:/usr/bin/ceph: stderr
2024-05-11T12:13:25.841+0000 7fbe2908c700 1 --2- 172.21.15.47:0/495000960 >> [v2:172.21.15.47:3300/0,v1:172.21.15.47:6789/0] conn(0x7fbe24108e30 0x7fbe2419cd20 secure :-1 s=READY pgs=46 cs=0 l=1 rev1=1 crypto rx=0x7fbe14003f40 tx=0x7fbe14011890 comp rx=0 tx=0).stop
2024-05-11T12:13:26.449 INFO:teuthology.orchestra.run.smithi047.stdout:/usr/bin/ceph: stderr
2024-05-11T12:13:25.841+0000 7fbe2908c700 1 -- 172.21.15.47:0/495000960 shutdown_connections
2024-05-11T12:13:26.449 INFO:teuthology.orchestra.run.smithi047.stdout:/usr/bin/ceph: stderr
2024-05-11T12:13:25.841+0000 7fbe2908c700 1 --2- 172.21.15.47:0/495000960 >> [v2:172.21.15.47:6800/3174346748,v1:172.21.15.47:6801/3174346748] conn(0x7fbe1003e470 0x7fbe10040930 unknown :-1 s=CLOSED pgs=11 cs=0 l=1 rev1=1 crypto rx=0 tx=0 comp rx=0 tx=0).stop
2024-05-11T12:13:26.449 INFO:teuthology.orchestra.run.smithi047.stdout:/usr/bin/ceph: stderr
2024-05-11T12:13:25.841+0000 7fbe2908c700 1 --2- 172.21.15.47:0/495000960 >> [v2:172.21.15.47:3300/0,v1:172.21.15.47:6789/0] conn(0x7fbe24108e30 0x7fbe2419cd20 unknown :-1 s=CLOSED pgs=46 cs=0 l=1 rev1=1 crypto rx=0 tx=0 comp rx=0 tx=0).stop
2024-05-11T12:13:26.449 INFO:teuthology.orchestra.run.smithi047.stdout:/usr/bin/ceph: stderr
2024-05-11T12:13:25.841+0000 7fbe2908c700 1 -- 172.21.15.47:0/495000960 >> 172.21.15.47:0/495000960 conn(0x7fbe241043f0 msgr2=0x7fbe24104eb0 unknown :-1 s=STATE_NONE l=0).mark_down
2024-05-11T12:13:26.449 INFO:teuthology.orchestra.run.smithi047.stdout:/usr/bin/ceph: stderr
2024-05-11T12:13:25.841+0000 7fbe2908c700 1 -- 172.21.15.47:0/495000960 shutdown_connections
2024-05-11T12:13:26.449 INFO:teuthology.orchestra.run.smithi047.stdout:/usr/bin/ceph: stderr
2024-05-11T12:13:25.841+0000 7fbe2908c700 1 -- 172.21.15.47:0/495000960 wait complete.
2024-05-11T12:13:26.449 INFO:teuthology.orchestra.run.smithi047.stdout:Deploying unmanaged mon service...
2024-05-11T12:13:27.024 INFO:journalctl@ceph.mon.a.smithi047.stdout:May 11 12:13:26 smithi047 ceph-mon[30375]: from='mgr.14120 172.21.15.47:0/983770348' entity='mgr.x'
2024-05-11T12:13:27.025 INFO:journalctl@ceph.mon.a.smithi047.stdout:May 11 12:13:26 smithi047 ceph-mon[30375]: Added host smithi047
2024-05-11T12:13:27.025 INFO:journalctl@ceph.mon.a.smithi047.stdout:May 11 12:13:26 smithi047 ceph-mon[30375]: from='mgr.14120 172.21.15.47:0/983770348' entity='mgr.x' cmd=[{"prefix": "config dump", "format": "json"}]: dispatch
2024-05-11T12:13:27.846 INFO:teuthology.orchestra.run.smithi047.stdout:/usr/bin/ceph: stdout Scheduled mon update...
2024-05-11T12:13:27.846 INFO:teuthology.orchestra.run.smithi047.stdout:/usr/bin/ceph: stderr
2024-05-11T12:13:26.864+0000 7f267a3b0700 1 Processor -- start
2024-05-11T12:13:27.846 INFO:teuthology.orchestra.run.smithi047.stdout:/usr/bin/ceph: stderr
2024-05-11T12:13:26.864+0000 7f267a3b0700 1 -- start start
2024-05-11T12:13:27.847 INFO:teuthology.orchestra.run.smithi047.stdout:/usr/bin/ceph: stderr
2024-05-11T12:13:26.864+0000 7f267a3b0700 1 --2- >> [v2:172.21.15.47:3300/0,v1:172.21.15.47:6789/0] conn(0x7f26741092a0 0x7f26741096c0 unknown :-1 s=NONE pgs=0 cs=0 l=0 rev1=0 crypto rx=0 tx=0 comp rx=0 tx=0).connect
2024-05-11T12:13:27.847 INFO:teuthology.orchestra.run.smithi047.stdout:/usr/bin/ceph: stderr
2024-05-11T12:13:26.864+0000 7f267a3b0700 1 -- --> [v2:172.21.15.47:3300/0,v1:172.21.15.47:6789/0] -- mon_getmap magic: 0 -- 0x7f2674109c90 con 0x7f26741092a0
2024-05-11T12:13:27.847 INFO:teuthology.orchestra.run.smithi047.stdout:/usr/bin/ceph: stderr
2024-05-11T12:13:26.864+0000 7f2673fff700 1 --2- >> [v2:172.21.15.47:3300/0,v1:172.21.15.47:6789/0] conn(0x7f26741092a0 0x7f26741096c0 unknown :-1 s=BANNER_CONNECTING pgs=0 cs=0 l=0 rev1=0 crypto rx=0 tx=0 comp rx=0 tx=0)._handle_peer_banner_payload supported=3 required=0
2024-05-11T12:13:27.847 INFO:teuthology.orchestra.run.smithi047.stdout:/usr/bin/ceph: stderr
2024-05-11T12:13:26.864+0000 7f2673fff700 1 --2- >> [v2:172.21.15.47:3300/0,v1:172.21.15.47:6789/0] conn(0x7f26741092a0 0x7f26741096c0 unknown :-1 s=HELLO_CONNECTING pgs=0 cs=0 l=0 rev1=1 crypto rx=0 tx=0 comp rx=0 tx=0).handle_hello peer v2:172.21.15.47:3300/0 says I am v2:172.21.15.47:53322/0 (socket says 172.21.15.47:53322)
2024-05-11T12:13:27.847 INFO:teuthology.orchestra.run.smithi047.stdout:/usr/bin/ceph: stderr
2024-05-11T12:13:26.864+0000 7f2673fff700 1 -- 172.21.15.47:0/742213879 learned_addr learned my addr 172.21.15.47:0/742213879 (peer_addr_for_me v2:172.21.15.47:0/0)
2024-05-11T12:13:27.847 INFO:teuthology.orchestra.run.smithi047.stdout:/usr/bin/ceph: stderr
2024-05-11T12:13:26.864+0000 7f2673fff700 1 -- 172.21.15.47:0/742213879 --> [v2:172.21.15.47:3300/0,v1:172.21.15.47:6789/0] -- mon_subscribe({config=0+,monmap=0+}) -- 0x7f2674107eb0 con 0x7f26741092a0
2024-05-11T12:13:27.847 INFO:teuthology.orchestra.run.smithi047.stdout:/usr/bin/ceph: stderr
2024-05-11T12:13:26.865+0000 7f2673fff700 1 --2- 172.21.15.47:0/742213879 >> [v2:172.21.15.47:3300/0,v1:172.21.15.47:6789/0] conn(0x7f26741092a0 0x7f26741096c0 secure :-1 s=READY pgs=47 cs=0 l=1 rev1=1 crypto rx=0x7f26640098a0 tx=0x7f2664009bb0 comp rx=0 tx=0).ready entity=mon.0 client_cookie=82a9bb2e1fdaf6de server_cookie=0 in_seq=0 out_seq=0
2024-05-11T12:13:27.847 INFO:teuthology.orchestra.run.smithi047.stdout:/usr/bin/ceph: stderr
2024-05-11T12:13:26.865+0000 7f26737fe700 1 -- 172.21.15.47:0/742213879 <== mon.0 v2:172.21.15.47:3300/0 1 ==== mon_map magic: 0 ==== 205+0+0 (secure 0 0 0) 0x7f2664004160 con 0x7f26741092a0
2024-05-11T12:13:27.847 INFO:teuthology.orchestra.run.smithi047.stdout:/usr/bin/ceph: stderr
2024-05-11T12:13:26.865+0000 7f26737fe700 1 -- 172.21.15.47:0/742213879 <== mon.0 v2:172.21.15.47:3300/0 2 ==== config(26 keys) ==== 1070+0+0 (secure 0 0 0) 0x7f2664004300 con 0x7f26741092a0
2024-05-11T12:13:27.847 INFO:teuthology.orchestra.run.smithi047.stdout:/usr/bin/ceph: stderr
2024-05-11T12:13:26.865+0000 7f26737fe700 1 -- 172.21.15.47:0/742213879 <== mon.0 v2:172.21.15.47:3300/0 3 ==== mon_map magic: 0 ==== 205+0+0 (secure 0 0 0) 0x7f2664011af0 con 0x7f26741092a0
2024-05-11T12:13:27.847 INFO:teuthology.orchestra.run.smithi047.stdout:/usr/bin/ceph: stderr
2024-05-11T12:13:26.866+0000 7f267a3b0700 1 -- 172.21.15.47:0/742213879 >> [v2:172.21.15.47:3300/0,v1:172.21.15.47:6789/0] conn(0x7f26741092a0 msgr2=0x7f26741096c0 secure :-1 s=STATE_CONNECTION_ESTABLISHED l=1).mark_down
2024-05-11T12:13:27.847 INFO:teuthology.orchestra.run.smithi047.stdout:/usr/bin/ceph: stderr
2024-05-11T12:13:26.866+0000 7f267a3b0700 1 --2- 172.21.15.47:0/742213879 >> [v2:172.21.15.47:3300/0,v1:172.21.15.47:6789/0] conn(0x7f26741092a0 0x7f26741096c0 secure :-1 s=READY pgs=47 cs=0 l=1 rev1=1 crypto rx=0x7f26640098a0 tx=0x7f2664009bb0 comp rx=0 tx=0).stop
2024-05-11T12:13:27.847 INFO:teuthology.orchestra.run.smithi047.stdout:/usr/bin/ceph: stderr
2024-05-11T12:13:26.866+0000 7f267a3b0700 1 -- 172.21.15.47:0/742213879 shutdown_connections
2024-05-11T12:13:27.848 INFO:teuthology.orchestra.run.smithi047.stdout:/usr/bin/ceph: stderr
2024-05-11T12:13:26.866+0000 7f267a3b0700 1 --2- 172.21.15.47:0/742213879 >> [v2:172.21.15.47:3300/0,v1:172.21.15.47:6789/0] conn(0x7f26741092a0 0x7f26741096c0 unknown :-1 s=CLOSED pgs=47 cs=0 l=1 rev1=1 crypto rx=0 tx=0 comp rx=0 tx=0).stop
2024-05-11T12:13:27.848 INFO:teuthology.orchestra.run.smithi047.stdout:/usr/bin/ceph: stderr
2024-05-11T12:13:26.866+0000 7f267a3b0700 1 -- 172.21.15.47:0/742213879 >> 172.21.15.47:0/742213879 conn(0x7f26741029c0 msgr2=0x7f2674104e20 unknown :-1 s=STATE_NONE l=0).mark_down
2024-05-11T12:13:27.848 INFO:teuthology.orchestra.run.smithi047.stdout:/usr/bin/ceph: stderr
2024-05-11T12:13:26.866+0000 7f267a3b0700 1 -- 172.21.15.47:0/742213879 shutdown_connections
2024-05-11T12:13:27.848 INFO:teuthology.orchestra.run.smithi047.stdout:/usr/bin/ceph: stderr
2024-05-11T12:13:26.866+0000 7f267a3b0700 1 -- 172.21.15.47:0/742213879 wait complete.
2024-05-11T12:13:27.848 INFO:teuthology.orchestra.run.smithi047.stdout:/usr/bin/ceph: stderr
2024-05-11T12:13:26.867+0000 7f267a3b0700 1 Processor -- start
2024-05-11T12:13:27.848 INFO:teuthology.orchestra.run.smithi047.stdout:/usr/bin/ceph: stderr
2024-05-11T12:13:26.867+0000 7f267a3b0700 1 -- start start
2024-05-11T12:13:27.848 INFO:teuthology.orchestra.run.smithi047.stdout:/usr/bin/ceph: stderr
2024-05-11T12:13:26.867+0000 7f267a3b0700 1 --2- >> [v2:172.21.15.47:3300/0,v1:172.21.15.47:6789/0] conn(0x7f26741092a0 0x7f2674192e30 unknown :-1 s=NONE pgs=0 cs=0 l=1 rev1=0 crypto rx=0 tx=0 comp rx=0 tx=0).connect
2024-05-11T12:13:27.848 INFO:teuthology.orchestra.run.smithi047.stdout:/usr/bin/ceph: stderr
2024-05-11T12:13:26.867+0000 7f267a3b0700 1 -- --> [v2:172.21.15.47:3300/0,v1:172.21.15.47:6789/0] -- mon_getmap magic: 0 -- 0x7f267410c270 con 0x7f26741092a0
2024-05-11T12:13:27.848 INFO:teuthology.orchestra.run.smithi047.stdout:/usr/bin/ceph: stderr
2024-05-11T12:13:26.867+0000 7f2673fff700 1 --2- >> [v2:172.21.15.47:3300/0,v1:172.21.15.47:6789/0] conn(0x7f26741092a0 0x7f2674192e30 unknown :-1 s=BANNER_CONNECTING pgs=0 cs=0 l=1 rev1=0 crypto rx=0 tx=0 comp rx=0 tx=0)._handle_peer_banner_payload supported=3 required=0
2024-05-11T12:13:27.848 INFO:teuthology.orchestra.run.smithi047.stdout:/usr/bin/ceph: stderr
2024-05-11T12:13:26.867+0000 7f2673fff700 1 --2- >> [v2:172.21.15.47:3300/0,v1:172.21.15.47:6789/0] conn(0x7f26741092a0 0x7f2674192e30 unknown :-1 s=HELLO_CONNECTING pgs=0 cs=0 l=1 rev1=1 crypto rx=0 tx=0 comp rx=0 tx=0).handle_hello peer v2:172.21.15.47:3300/0 says I am v2:172.21.15.47:53328/0 (socket says 172.21.15.47:53328)
2024-05-11T12:13:27.848 INFO:teuthology.orchestra.run.smithi047.stdout:/usr/bin/ceph: stderr
2024-05-11T12:13:26.867+0000 7f2673fff700 1 -- 172.21.15.47:0/2853707160 learned_addr learned my addr 172.21.15.47:0/2853707160 (peer_addr_for_me v2:172.21.15.47:0/0)
2024-05-11T12:13:27.848 INFO:teuthology.orchestra.run.smithi047.stdout:/usr/bin/ceph: stderr
2024-05-11T12:13:26.867+0000 7f2673fff700 1 -- 172.21.15.47:0/2853707160 --> [v2:172.21.15.47:3300/0,v1:172.21.15.47:6789/0] -- mon_subscribe({config=0+,monmap=0+}) -- 0x7f2674193370 con 0x7f26741092a0
2024-05-11T12:13:27.848 INFO:teuthology.orchestra.run.smithi047.stdout:/usr/bin/ceph: stderr
2024-05-11T12:13:26.867+0000 7f2673fff700 1 --2- 172.21.15.47:0/2853707160 >> [v2:172.21.15.47:3300/0,v1:172.21.15.47:6789/0] conn(0x7f26741092a0 0x7f2674192e30 secure :-1 s=READY pgs=48 cs=0 l=1 rev1=1 crypto rx=0x7f26640117b0 tx=0x7f2664011b70 comp rx=0 tx=0).ready entity=mon.0 client_cookie=0 server_cookie=0 in_seq=0 out_seq=0
2024-05-11T12:13:27.848 INFO:teuthology.orchestra.run.smithi047.stdout:/usr/bin/ceph: stderr
2024-05-11T12:13:26.868+0000 7f2671ffb700 1 -- 172.21.15.47:0/2853707160 <== mon.0 v2:172.21.15.47:3300/0 1 ==== mon_map magic: 0 ==== 205+0+0 (secure 0 0 0) 0x7f2664003af0 con 0x7f26741092a0
2024-05-11T12:13:27.849 INFO:teuthology.orchestra.run.smithi047.stdout:/usr/bin/ceph: stderr
2024-05-11T12:13:26.868+0000 7f2671ffb700 1 -- 172.21.15.47:0/2853707160 <== mon.0 v2:172.21.15.47:3300/0 2 ==== config(26 keys) ==== 1070+0+0 (secure 0 0 0) 0x7f2664020070 con 0x7f26741092a0
2024-05-11T12:13:27.849 INFO:teuthology.orchestra.run.smithi047.stdout:/usr/bin/ceph: stderr
2024-05-11T12:13:26.868+0000 7f267a3b0700 1 -- 172.21.15.47:0/2853707160 --> [v2:172.21.15.47:3300/0,v1:172.21.15.47:6789/0] -- mon_subscribe({mgrmap=0+}) -- 0x7f2674191560 con 0x7f26741092a0
2024-05-11T12:13:27.849 INFO:teuthology.orchestra.run.smithi047.stdout:/usr/bin/ceph: stderr
2024-05-11T12:13:26.868+0000 7f2671ffb700 1 -- 172.21.15.47:0/2853707160 <== mon.0 v2:172.21.15.47:3300/0 3 ==== mon_map magic: 0 ==== 205+0+0 (secure 0 0 0) 0x7f2664019630 con 0x7f26741092a0
2024-05-11T12:13:27.849 INFO:teuthology.orchestra.run.smithi047.stdout:/usr/bin/ceph: stderr
2024-05-11T12:13:26.868+0000 7f267a3b0700 1 -- 172.21.15.47:0/2853707160 --> [v2:172.21.15.47:3300/0,v1:172.21.15.47:6789/0] -- mon_subscribe({osdmap=0}) -- 0x7f2674191aa0 con 0x7f26741092a0
2024-05-11T12:13:27.849 INFO:teuthology.orchestra.run.smithi047.stdout:/usr/bin/ceph: stderr
2024-05-11T12:13:26.869+0000 7f267a3b0700 1 -- 172.21.15.47:0/2853707160 --> [v2:172.21.15.47:3300/0,v1:172.21.15.47:6789/0] -- mon_command({"prefix": "get_command_descriptions"} v 0) -- 0x7f2674064bb0 con 0x7f26741092a0
2024-05-11T12:13:27.849 INFO:teuthology.orchestra.run.smithi047.stdout:/usr/bin/ceph: stderr
2024-05-11T12:13:26.869+0000 7f2671ffb700 1 -- 172.21.15.47:0/2853707160 <== mon.0 v2:172.21.15.47:3300/0 4 ==== mgrmap(e 8) ==== 50222+0+0 (secure 0 0 0) 0x7f26640198f0 con 0x7f26741092a0
2024-05-11T12:13:27.849 INFO:teuthology.orchestra.run.smithi047.stdout:/usr/bin/ceph: stderr
2024-05-11T12:13:26.869+0000 7f2671ffb700 1 --2- 172.21.15.47:0/2853707160 >> [v2:172.21.15.47:6800/3174346748,v1:172.21.15.47:6801/3174346748] conn(0x7f266003e470 0x7f2660040930 unknown :-1 s=NONE pgs=0 cs=0 l=1 rev1=0 crypto rx=0 tx=0 comp rx=0 tx=0).connect
2024-05-11T12:13:27.849 INFO:teuthology.orchestra.run.smithi047.stdout:/usr/bin/ceph: stderr
2024-05-11T12:13:26.869+0000 7f2671ffb700 1 -- 172.21.15.47:0/2853707160 <== mon.0 v2:172.21.15.47:3300/0 5 ==== osd_map(2..2 src has 1..2) ==== 940+0+0 (secure 0 0 0) 0x7f2664053c40 con 0x7f26741092a0
2024-05-11T12:13:27.849 INFO:teuthology.orchestra.run.smithi047.stdout:/usr/bin/ceph: stderr
2024-05-11T12:13:26.869+0000 7f266bfff700 1 --2- 172.21.15.47:0/2853707160 >> [v2:172.21.15.47:6800/3174346748,v1:172.21.15.47:6801/3174346748] conn(0x7f266003e470 0x7f2660040930 unknown :-1 s=BANNER_CONNECTING pgs=0 cs=0 l=1 rev1=0 crypto rx=0 tx=0 comp rx=0 tx=0)._handle_peer_banner_payload supported=3 required=0
2024-05-11T12:13:27.849 INFO:teuthology.orchestra.run.smithi047.stdout:/usr/bin/ceph: stderr
2024-05-11T12:13:26.870+0000 7f266bfff700 1 --2- 172.21.15.47:0/2853707160 >> [v2:172.21.15.47:6800/3174346748,v1:172.21.15.47:6801/3174346748] conn(0x7f266003e470 0x7f2660040930 secure :-1 s=READY pgs=12 cs=0 l=1 rev1=1 crypto rx=0x7f265c006fd0 tx=0x7f265c006e40 comp rx=0 tx=0).ready entity=mgr.14120 client_cookie=0 server_cookie=0 in_seq=0 out_seq=0
2024-05-11T12:13:27.849 INFO:teuthology.orchestra.run.smithi047.stdout:/usr/bin/ceph: stderr
2024-05-11T12:13:26.875+0000 7f2671ffb700 1 -- 172.21.15.47:0/2853707160 <== mon.0 v2:172.21.15.47:3300/0 6 ==== mon_command_ack([{"prefix": "get_command_descriptions"}]=0 v0) ==== 72+0+191963 (secure 0 0 0) 0x7f266400b4d0 con 0x7f26741092a0
2024-05-11T12:13:27.849 INFO:teuthology.orchestra.run.smithi047.stdout:/usr/bin/ceph: stderr
2024-05-11T12:13:27.109+0000 7f267a3b0700 1 -- 172.21.15.47:0/2853707160 --> [v2:172.21.15.47:6800/3174346748,v1:172.21.15.47:6801/3174346748] -- mgr_command(tid 0: {"prefix": "orch apply", "service_type": "mon", "unmanaged": true, "target": ["mon-mgr", ""]}) -- 0x7f2674196c40 con 0x7f266003e470
2024-05-11T12:13:27.849 INFO:teuthology.orchestra.run.smithi047.stdout:/usr/bin/ceph: stderr
2024-05-11T12:13:27.114+0000 7f2671ffb700 1 -- 172.21.15.47:0/2853707160 <== mgr.14120 v2:172.21.15.47:6800/3174346748 1 ==== mgr_command_reply(tid 0: 0 ) ==== 8+0+24 (secure 0 0 0) 0x7f2674196c40 con 0x7f266003e470
2024-05-11T12:13:27.850 INFO:teuthology.orchestra.run.smithi047.stdout:/usr/bin/ceph: stderr
2024-05-11T12:13:27.116+0000 7f267a3b0700 1 -- 172.21.15.47:0/2853707160 >> [v2:172.21.15.47:6800/3174346748,v1:172.21.15.47:6801/3174346748] conn(0x7f266003e470 msgr2=0x7f2660040930 secure :-1 s=STATE_CONNECTION_ESTABLISHED l=1).mark_down
2024-05-11T12:13:27.850 INFO:teuthology.orchestra.run.smithi047.stdout:/usr/bin/ceph: stderr
2024-05-11T12:13:27.116+0000 7f267a3b0700 1 --2- 172.21.15.47:0/2853707160 >> [v2:172.21.15.47:6800/3174346748,v1:172.21.15.47:6801/3174346748] conn(0x7f266003e470 0x7f2660040930 secure :-1 s=READY pgs=12 cs=0 l=1 rev1=1 crypto rx=0x7f265c006fd0 tx=0x7f265c006e40 comp rx=0 tx=0).stop
2024-05-11T12:13:27.850 INFO:teuthology.orchestra.run.smithi047.stdout:/usr/bin/ceph: stderr
2024-05-11T12:13:27.116+0000 7f267a3b0700 1 -- 172.21.15.47:0/2853707160 >> [v2:172.21.15.47:3300/0,v1:172.21.15.47:6789/0] conn(0x7f26741092a0 msgr2=0x7f2674192e30 secure :-1 s=STATE_CONNECTION_ESTABLISHED l=1).mark_down
2024-05-11T12:13:27.850 INFO:teuthology.orchestra.run.smithi047.stdout:/usr/bin/ceph: stderr
2024-05-11T12:13:27.116+0000 7f267a3b0700 1 --2- 172.21.15.47:0/2853707160 >> [v2:172.21.15.47:3300/0,v1:172.21.15.47:6789/0] conn(0x7f26741092a0 0x7f2674192e30 secure :-1 s=READY pgs=48 cs=0 l=1 rev1=1 crypto rx=0x7f26640117b0 tx=0x7f2664011b70 comp rx=0 tx=0).stop
2024-05-11T12:13:27.850 INFO:teuthology.orchestra.run.smithi047.stdout:/usr/bin/ceph: stderr
2024-05-11T12:13:27.116+0000 7f267a3b0700 1 -- 172.21.15.47:0/2853707160 shutdown_connections
2024-05-11T12:13:27.850 INFO:teuthology.orchestra.run.smithi047.stdout:/usr/bin/ceph: stderr
2024-05-11T12:13:27.116+0000 7f267a3b0700 1 --2- 172.21.15.47:0/2853707160 >> [v2:172.21.15.47:6800/3174346748,v1:172.21.15.47:6801/3174346748] conn(0x7f266003e470 0x7f2660040930 unknown :-1 s=CLOSED pgs=12 cs=0 l=1 rev1=1 crypto rx=0 tx=0 comp rx=0 tx=0).stop
2024-05-11T12:13:27.850 INFO:teuthology.orchestra.run.smithi047.stdout:/usr/bin/ceph: stderr
2024-05-11T12:13:27.116+0000 7f267a3b0700 1 --2- 172.21.15.47:0/2853707160 >> [v2:172.21.15.47:3300/0,v1:172.21.15.47:6789/0] conn(0x7f26741092a0 0x7f2674192e30 unknown :-1 s=CLOSED pgs=48 cs=0 l=1 rev1=1 crypto rx=0 tx=0 comp rx=0 tx=0).stop
2024-05-11T12:13:27.850 INFO:teuthology.orchestra.run.smithi047.stdout:/usr/bin/ceph: stderr
2024-05-11T12:13:27.116+0000 7f267a3b0700 1 -- 172.21.15.47:0/2853707160 >> 172.21.15.47:0/2853707160 conn(0x7f26741029c0 msgr2=0x7f26741038f0 unknown :-1 s=STATE_NONE l=0).mark_down
2024-05-11T12:13:27.850 INFO:teuthology.orchestra.run.smithi047.stdout:/usr/bin/ceph: stderr
2024-05-11T12:13:27.116+0000 7f267a3b0700 1 -- 172.21.15.47:0/2853707160 shutdown_connections
2024-05-11T12:13:27.850 INFO:teuthology.orchestra.run.smithi047.stdout:/usr/bin/ceph: stderr
2024-05-11T12:13:27.116+0000 7f267a3b0700 1 -- 172.21.15.47:0/2853707160 wait complete.
2024-05-11T12:13:27.850 INFO:teuthology.orchestra.run.smithi047.stdout:Deploying unmanaged mgr service...
2024-05-11T12:13:28.458 INFO:journalctl@ceph.mon.a.smithi047.stdout:May 11 12:13:28 smithi047 ceph-mon[30375]: from='client.14142 -' entity='client.admin' cmd=[{"prefix": "orch apply", "service_type": "mon", "unmanaged": true, "target": ["mon-mgr", ""]}]: dispatch
2024-05-11T12:13:28.458 INFO:journalctl@ceph.mon.a.smithi047.stdout:May 11 12:13:28 smithi047 ceph-mon[30375]: Saving service mon spec with placement count:5
2024-05-11T12:13:28.458 INFO:journalctl@ceph.mon.a.smithi047.stdout:May 11 12:13:28 smithi047 ceph-mon[30375]: from='mgr.14120 172.21.15.47:0/983770348' entity='mgr.x'
2024-05-11T12:13:29.128 INFO:teuthology.orchestra.run.smithi047.stdout:/usr/bin/ceph: stdout Scheduled mgr update...
2024-05-11T12:13:29.129 INFO:teuthology.orchestra.run.smithi047.stdout:/usr/bin/ceph: stderr
2024-05-11T12:13:28.271+0000 7facb13d8700 1 Processor -- start
2024-05-11T12:13:29.129 INFO:teuthology.orchestra.run.smithi047.stdout:/usr/bin/ceph: stderr
2024-05-11T12:13:28.271+0000 7facb13d8700 1 -- start start
2024-05-11T12:13:29.129 INFO:teuthology.orchestra.run.smithi047.stdout:/usr/bin/ceph: stderr
2024-05-11T12:13:28.271+0000 7facb13d8700 1 --2- >> [v2:172.21.15.47:3300/0,v1:172.21.15.47:6789/0] conn(0x7facac108df0 0x7facac109210 unknown :-1 s=NONE pgs=0 cs=0 l=0 rev1=0 crypto rx=0 tx=0 comp rx=0 tx=0).connect
2024-05-11T12:13:29.129 INFO:teuthology.orchestra.run.smithi047.stdout:/usr/bin/ceph: stderr
2024-05-11T12:13:28.271+0000 7facb13d8700 1 -- --> [v2:172.21.15.47:3300/0,v1:172.21.15.47:6789/0] -- mon_getmap magic: 0 -- 0x7facac1097e0 con 0x7facac108df0
2024-05-11T12:13:29.129 INFO:teuthology.orchestra.run.smithi047.stdout:/usr/bin/ceph: stderr
2024-05-11T12:13:28.272+0000 7facaaffd700 1 --2- >> [v2:172.21.15.47:3300/0,v1:172.21.15.47:6789/0] conn(0x7facac108df0 0x7facac109210 unknown :-1 s=BANNER_CONNECTING pgs=0 cs=0 l=0 rev1=0 crypto rx=0 tx=0 comp rx=0 tx=0)._handle_peer_banner_payload supported=3 required=0
2024-05-11T12:13:29.129 INFO:teuthology.orchestra.run.smithi047.stdout:/usr/bin/ceph: stderr
2024-05-11T12:13:28.272+0000 7facaaffd700 1 --2- >> [v2:172.21.15.47:3300/0,v1:172.21.15.47:6789/0] conn(0x7facac108df0 0x7facac109210 unknown :-1 s=HELLO_CONNECTING pgs=0 cs=0 l=0 rev1=1 crypto rx=0 tx=0 comp rx=0 tx=0).handle_hello peer v2:172.21.15.47:3300/0 says I am v2:172.21.15.47:53332/0 (socket says 172.21.15.47:53332)
2024-05-11T12:13:29.129 INFO:teuthology.orchestra.run.smithi047.stdout:/usr/bin/ceph: stderr
2024-05-11T12:13:28.272+0000 7facaaffd700 1 -- 172.21.15.47:0/299139767 learned_addr learned my addr 172.21.15.47:0/299139767 (peer_addr_for_me v2:172.21.15.47:0/0)
2024-05-11T12:13:29.129 INFO:teuthology.orchestra.run.smithi047.stdout:/usr/bin/ceph: stderr
2024-05-11T12:13:28.272+0000 7facaaffd700 1 -- 172.21.15.47:0/299139767 --> [v2:172.21.15.47:3300/0,v1:172.21.15.47:6789/0] -- mon_subscribe({config=0+,monmap=0+}) -- 0x7facac109ff0 con 0x7facac108df0
2024-05-11T12:13:29.129 INFO:teuthology.orchestra.run.smithi047.stdout:/usr/bin/ceph: stderr
2024-05-11T12:13:28.272+0000 7facaaffd700 1 --2- 172.21.15.47:0/299139767 >> [v2:172.21.15.47:3300/0,v1:172.21.15.47:6789/0] conn(0x7facac108df0 0x7facac109210 secure :-1 s=READY pgs=49 cs=0 l=1 rev1=1 crypto rx=0x7fac9c009e80 tx=0x7fac9c00b330 comp rx=0 tx=0).ready entity=mon.0 client_cookie=ef7b9b6b7a46b75c server_cookie=0 in_seq=0 out_seq=0
2024-05-11T12:13:29.129 INFO:teuthology.orchestra.run.smithi047.stdout:/usr/bin/ceph: stderr
2024-05-11T12:13:28.272+0000 7facaa7fc700 1 -- 172.21.15.47:0/299139767 <== mon.0 v2:172.21.15.47:3300/0 1 ==== mon_map magic: 0 ==== 205+0+0 (secure 0 0 0) 0x7fac9c017070 con 0x7facac108df0
2024-05-11T12:13:29.129 INFO:teuthology.orchestra.run.smithi047.stdout:/usr/bin/ceph: stderr
2024-05-11T12:13:28.272+0000 7facaa7fc700 1 -- 172.21.15.47:0/299139767 <== mon.0 v2:172.21.15.47:3300/0 2 ==== config(26 keys) ==== 1070+0+0 (secure 0 0 0) 0x7fac9c00b8c0 con 0x7facac108df0
2024-05-11T12:13:29.129 INFO:teuthology.orchestra.run.smithi047.stdout:/usr/bin/ceph: stderr
2024-05-11T12:13:28.272+0000 7facaa7fc700 1 -- 172.21.15.47:0/299139767 <== mon.0 v2:172.21.15.47:3300/0 3 ==== mon_map magic: 0 ==== 205+0+0 (secure 0 0 0) 0x7fac9c004490 con 0x7facac108df0
2024-05-11T12:13:29.129 INFO:teuthology.orchestra.run.smithi047.stdout:/usr/bin/ceph: stderr
2024-05-11T12:13:28.273+0000 7facb13d8700 1 -- 172.21.15.47:0/299139767 >> [v2:172.21.15.47:3300/0,v1:172.21.15.47:6789/0] conn(0x7facac108df0 msgr2=0x7facac109210 secure :-1 s=STATE_CONNECTION_ESTABLISHED l=1).mark_down
2024-05-11T12:13:29.130 INFO:teuthology.orchestra.run.smithi047.stdout:/usr/bin/ceph: stderr
2024-05-11T12:13:28.273+0000 7facb13d8700 1 --2- 172.21.15.47:0/299139767 >> [v2:172.21.15.47:3300/0,v1:172.21.15.47:6789/0] conn(0x7facac108df0 0x7facac109210 secure :-1 s=READY pgs=49 cs=0 l=1 rev1=1 crypto rx=0x7fac9c009e80 tx=0x7fac9c00b330 comp rx=0 tx=0).stop
2024-05-11T12:13:29.130 INFO:teuthology.orchestra.run.smithi047.stdout:/usr/bin/ceph: stderr
2024-05-11T12:13:28.273+0000 7facb13d8700 1 -- 172.21.15.47:0/299139767 shutdown_connections
2024-05-11T12:13:29.130 INFO:teuthology.orchestra.run.smithi047.stdout:/usr/bin/ceph: stderr
2024-05-11T12:13:28.273+0000 7facb13d8700 1 --2- 172.21.15.47:0/299139767 >> [v2:172.21.15.47:3300/0,v1:172.21.15.47:6789/0] conn(0x7facac108df0 0x7facac109210 unknown :-1 s=CLOSED pgs=49 cs=0 l=1 rev1=1 crypto rx=0 tx=0 comp rx=0 tx=0).stop
2024-05-11T12:13:29.130 INFO:teuthology.orchestra.run.smithi047.stdout:/usr/bin/ceph: stderr
2024-05-11T12:13:28.273+0000 7facb13d8700 1 -- 172.21.15.47:0/299139767 >> 172.21.15.47:0/299139767 conn(0x7facac1043b0 msgr2=0x7facac1067d0 unknown :-1 s=STATE_NONE l=0).mark_down
2024-05-11T12:13:29.130 INFO:teuthology.orchestra.run.smithi047.stdout:/usr/bin/ceph: stderr
2024-05-11T12:13:28.273+0000 7facb13d8700 1 -- 172.21.15.47:0/299139767 shutdown_connections
2024-05-11T12:13:29.130 INFO:teuthology.orchestra.run.smithi047.stdout:/usr/bin/ceph: stderr
2024-05-11T12:13:28.273+0000 7facb13d8700 1 -- 172.21.15.47:0/299139767 wait complete.
2024-05-11T12:13:29.130 INFO:teuthology.orchestra.run.smithi047.stdout:/usr/bin/ceph: stderr
2024-05-11T12:13:28.274+0000 7facb13d8700 1 Processor -- start
2024-05-11T12:13:29.130 INFO:teuthology.orchestra.run.smithi047.stdout:/usr/bin/ceph: stderr
2024-05-11T12:13:28.274+0000 7facb13d8700 1 -- start start
2024-05-11T12:13:29.130 INFO:teuthology.orchestra.run.smithi047.stdout:/usr/bin/ceph: stderr
2024-05-11T12:13:28.274+0000 7facb13d8700 1 --2- >> [v2:172.21.15.47:3300/0,v1:172.21.15.47:6789/0] conn(0x7facac108df0 0x7facac07f390 unknown :-1 s=NONE pgs=0 cs=0 l=1 rev1=0 crypto rx=0 tx=0 comp rx=0 tx=0).connect
2024-05-11T12:13:29.130 INFO:teuthology.orchestra.run.smithi047.stdout:/usr/bin/ceph: stderr
2024-05-11T12:13:28.274+0000 7facb13d8700 1 -- --> [v2:172.21.15.47:3300/0,v1:172.21.15.47:6789/0] -- mon_getmap magic: 0 -- 0x7facac10d3a0 con 0x7facac108df0
2024-05-11T12:13:29.130 INFO:teuthology.orchestra.run.smithi047.stdout:/usr/bin/ceph: stderr
2024-05-11T12:13:28.274+0000 7facaaffd700 1 --2- >> [v2:172.21.15.47:3300/0,v1:172.21.15.47:6789/0] conn(0x7facac108df0 0x7facac07f390 unknown :-1 s=BANNER_CONNECTING pgs=0 cs=0 l=1 rev1=0 crypto rx=0 tx=0 comp rx=0 tx=0)._handle_peer_banner_payload supported=3 required=0
2024-05-11T12:13:29.130 INFO:teuthology.orchestra.run.smithi047.stdout:/usr/bin/ceph: stderr
2024-05-11T12:13:28.274+0000 7facaaffd700 1 --2- >> [v2:172.21.15.47:3300/0,v1:172.21.15.47:6789/0] conn(0x7facac108df0 0x7facac07f390 unknown :-1 s=HELLO_CONNECTING pgs=0 cs=0 l=1 rev1=1 crypto rx=0 tx=0 comp rx=0 tx=0).handle_hello peer v2:172.21.15.47:3300/0 says I am v2:172.21.15.47:53348/0 (socket says 172.21.15.47:53348)
2024-05-11T12:13:29.130 INFO:teuthology.orchestra.run.smithi047.stdout:/usr/bin/ceph: stderr
2024-05-11T12:13:28.274+0000 7facaaffd700 1 -- 172.21.15.47:0/1056025598 learned_addr learned my addr 172.21.15.47:0/1056025598 (peer_addr_for_me v2:172.21.15.47:0/0)
2024-05-11T12:13:29.131 INFO:teuthology.orchestra.run.smithi047.stdout:/usr/bin/ceph: stderr
2024-05-11T12:13:28.275+0000 7facaaffd700 1 -- 172.21.15.47:0/1056025598 --> [v2:172.21.15.47:3300/0,v1:172.21.15.47:6789/0] -- mon_subscribe({config=0+,monmap=0+}) -- 0x7facac07f8d0 con 0x7facac108df0
2024-05-11T12:13:29.131 INFO:teuthology.orchestra.run.smithi047.stdout:/usr/bin/ceph: stderr
2024-05-11T12:13:28.275+0000 7facaaffd700 1 --2- 172.21.15.47:0/1056025598 >> [v2:172.21.15.47:3300/0,v1:172.21.15.47:6789/0] conn(0x7facac108df0 0x7facac07f390 secure :-1 s=READY pgs=50 cs=0 l=1 rev1=1 crypto rx=0x7fac9c004a60 tx=0x7fac9c00bd50 comp rx=0 tx=0).ready entity=mon.0 client_cookie=0 server_cookie=0 in_seq=0 out_seq=0
2024-05-11T12:13:29.131 INFO:teuthology.orchestra.run.smithi047.stdout:/usr/bin/ceph: stderr
2024-05-11T12:13:28.275+0000 7faca8ff9700 1 -- 172.21.15.47:0/1056025598 <== mon.0 v2:172.21.15.47:3300/0 1 ==== mon_map magic: 0 ==== 205+0+0 (secure 0 0 0) 0x7fac9c020020 con 0x7facac108df0
2024-05-11T12:13:29.131 INFO:teuthology.orchestra.run.smithi047.stdout:/usr/bin/ceph: stderr
2024-05-11T12:13:28.275+0000 7faca8ff9700 1 -- 172.21.15.47:0/1056025598 <== mon.0 v2:172.21.15.47:3300/0 2 ==== config(26 keys) ==== 1070+0+0 (secure 0 0 0) 0x7fac9c003c60 con 0x7facac108df0
2024-05-11T12:13:29.131 INFO:teuthology.orchestra.run.smithi047.stdout:/usr/bin/ceph: stderr
2024-05-11T12:13:28.275+0000 7facb13d8700 1 -- 172.21.15.47:0/1056025598 --> [v2:172.21.15.47:3300/0,v1:172.21.15.47:6789/0] -- mon_subscribe({mgrmap=0+}) -- 0x7facac07dac0 con 0x7facac108df0
2024-05-11T12:13:29.131 INFO:teuthology.orchestra.run.smithi047.stdout:/usr/bin/ceph: stderr
2024-05-11T12:13:28.275+0000 7faca8ff9700 1 -- 172.21.15.47:0/1056025598 <== mon.0 v2:172.21.15.47:3300/0 3 ==== mon_map magic: 0 ==== 205+0+0 (secure 0 0 0) 0x7fac9c017040 con 0x7facac108df0
2024-05-11T12:13:29.131 INFO:teuthology.orchestra.run.smithi047.stdout:/usr/bin/ceph: stderr
2024-05-11T12:13:28.275+0000 7facb13d8700 1 -- 172.21.15.47:0/1056025598 --> [v2:172.21.15.47:3300/0,v1:172.21.15.47:6789/0] -- mon_subscribe({osdmap=0}) -- 0x7facac07e000 con 0x7facac108df0
2024-05-11T12:13:29.131 INFO:teuthology.orchestra.run.smithi047.stdout:/usr/bin/ceph: stderr
2024-05-11T12:13:28.276+0000 7faca8ff9700 1 -- 172.21.15.47:0/1056025598 <== mon.0 v2:172.21.15.47:3300/0 4 ==== mgrmap(e 8) ==== 50222+0+0 (secure 0 0 0) 0x7fac9c023020 con 0x7facac108df0
2024-05-11T12:13:29.131 INFO:teuthology.orchestra.run.smithi047.stdout:/usr/bin/ceph: stderr
2024-05-11T12:13:28.276+0000 7facb13d8700 1 -- 172.21.15.47:0/1056025598 --> [v2:172.21.15.47:3300/0,v1:172.21.15.47:6789/0] -- mon_command({"prefix": "get_command_descriptions"} v 0) -- 0x7facac064bb0 con 0x7facac108df0
2024-05-11T12:13:29.131 INFO:teuthology.orchestra.run.smithi047.stdout:/usr/bin/ceph: stderr
2024-05-11T12:13:28.276+0000 7faca8ff9700 1 --2- 172.21.15.47:0/1056025598 >> [v2:172.21.15.47:6800/3174346748,v1:172.21.15.47:6801/3174346748] conn(0x7fac9803e470 0x7fac98040930 unknown :-1 s=NONE pgs=0 cs=0 l=1 rev1=0 crypto rx=0 tx=0 comp rx=0 tx=0).connect
2024-05-11T12:13:29.131 INFO:teuthology.orchestra.run.smithi047.stdout:/usr/bin/ceph: stderr
2024-05-11T12:13:28.276+0000 7faca8ff9700 1 -- 172.21.15.47:0/1056025598 <== mon.0 v2:172.21.15.47:3300/0 5 ==== osd_map(2..2 src has 1..2) ==== 940+0+0 (secure 0 0 0) 0x7fac9c00f050 con 0x7facac108df0
2024-05-11T12:13:29.131 INFO:teuthology.orchestra.run.smithi047.stdout:/usr/bin/ceph: stderr
2024-05-11T12:13:28.276+0000 7faca27fc700 1 --2- 172.21.15.47:0/1056025598 >> [v2:172.21.15.47:6800/3174346748,v1:172.21.15.47:6801/3174346748] conn(0x7fac9803e470 0x7fac98040930 unknown :-1 s=BANNER_CONNECTING pgs=0 cs=0 l=1 rev1=0 crypto rx=0 tx=0 comp rx=0 tx=0)._handle_peer_banner_payload supported=3 required=0
2024-05-11T12:13:29.131 INFO:teuthology.orchestra.run.smithi047.stdout:/usr/bin/ceph: stderr
2024-05-11T12:13:28.277+0000 7faca27fc700 1 --2- 172.21.15.47:0/1056025598 >> [v2:172.21.15.47:6800/3174346748,v1:172.21.15.47:6801/3174346748] conn(0x7fac9803e470 0x7fac98040930 secure :-1 s=READY pgs=13 cs=0 l=1 rev1=1 crypto rx=0x7fac94006fd0 tx=0x7fac94006e40 comp rx=0 tx=0).ready entity=mgr.14120 client_cookie=0 server_cookie=0 in_seq=0 out_seq=0
2024-05-11T12:13:29.131 INFO:teuthology.orchestra.run.smithi047.stdout:/usr/bin/ceph: stderr
2024-05-11T12:13:28.281+0000 7faca8ff9700 1 -- 172.21.15.47:0/1056025598 <== mon.0 v2:172.21.15.47:3300/0 6 ==== mon_command_ack([{"prefix": "get_command_descriptions"}]=0 v0) ==== 72+0+191963 (secure 0 0 0) 0x7fac9c02a020 con 0x7facac108df0
2024-05-11T12:13:29.131 INFO:teuthology.orchestra.run.smithi047.stdout:/usr/bin/ceph: stderr
2024-05-11T12:13:28.521+0000 7facb13d8700 1 -- 172.21.15.47:0/1056025598 --> [v2:172.21.15.47:6800/3174346748,v1:172.21.15.47:6801/3174346748] -- mgr_command(tid 0: {"prefix": "orch apply", "service_type": "mgr", "unmanaged": true, "target": ["mon-mgr", ""]}) -- 0x7facac1055d0 con 0x7fac9803e470
2024-05-11T12:13:29.132 INFO:teuthology.orchestra.run.smithi047.stdout:/usr/bin/ceph: stderr
2024-05-11T12:13:28.525+0000 7faca8ff9700 1 -- 172.21.15.47:0/1056025598 <== mgr.14120 v2:172.21.15.47:6800/3174346748 1 ==== mgr_command_reply(tid 0: 0 ) ==== 8+0+24 (secure 0 0 0) 0x7facac1055d0 con 0x7fac9803e470
2024-05-11T12:13:29.132 INFO:teuthology.orchestra.run.smithi047.stdout:/usr/bin/ceph: stderr
2024-05-11T12:13:28.528+0000 7facb13d8700 1 -- 172.21.15.47:0/1056025598 >> [v2:172.21.15.47:6800/3174346748,v1:172.21.15.47:6801/3174346748] conn(0x7fac9803e470 msgr2=0x7fac98040930 secure :-1 s=STATE_CONNECTION_ESTABLISHED l=1).mark_down
2024-05-11T12:13:29.132 INFO:teuthology.orchestra.run.smithi047.stdout:/usr/bin/ceph: stderr
2024-05-11T12:13:28.528+0000 7facb13d8700 1 --2- 172.21.15.47:0/1056025598 >> [v2:172.21.15.47:6800/3174346748,v1:172.21.15.47:6801/3174346748] conn(0x7fac9803e470 0x7fac98040930 secure :-1 s=READY pgs=13 cs=0 l=1 rev1=1 crypto rx=0x7fac94006fd0 tx=0x7fac94006e40 comp rx=0 tx=0).stop
2024-05-11T12:13:29.132 INFO:teuthology.orchestra.run.smithi047.stdout:/usr/bin/ceph: stderr
2024-05-11T12:13:28.528+0000 7facb13d8700 1 -- 172.21.15.47:0/1056025598 >> [v2:172.21.15.47:3300/0,v1:172.21.15.47:6789/0] conn(0x7facac108df0 msgr2=0x7facac07f390 secure :-1 s=STATE_CONNECTION_ESTABLISHED l=1).mark_down
2024-05-11T12:13:29.132 INFO:teuthology.orchestra.run.smithi047.stdout:/usr/bin/ceph: stderr
2024-05-11T12:13:28.528+0000 7facb13d8700 1 --2- 172.21.15.47:0/1056025598 >> [v2:172.21.15.47:3300/0,v1:172.21.15.47:6789/0] conn(0x7facac108df0 0x7facac07f390 secure :-1 s=READY pgs=50 cs=0 l=1 rev1=1 crypto rx=0x7fac9c004a60 tx=0x7fac9c00bd50 comp rx=0 tx=0).stop
2024-05-11T12:13:29.132 INFO:teuthology.orchestra.run.smithi047.stdout:/usr/bin/ceph: stderr
2024-05-11T12:13:28.528+0000 7facb13d8700 1 -- 172.21.15.47:0/1056025598 shutdown_connections
2024-05-11T12:13:29.132 INFO:teuthology.orchestra.run.smithi047.stdout:/usr/bin/ceph: stderr
2024-05-11T12:13:28.528+0000 7facb13d8700 1 --2- 172.21.15.47:0/1056025598 >> [v2:172.21.15.47:6800/3174346748,v1:172.21.15.47:6801/3174346748] conn(0x7fac9803e470 0x7fac98040930 unknown :-1 s=CLOSED pgs=13 cs=0 l=1 rev1=1 crypto rx=0 tx=0 comp rx=0 tx=0).stop
2024-05-11T12:13:29.132 INFO:teuthology.orchestra.run.smithi047.stdout:/usr/bin/ceph: stderr
2024-05-11T12:13:28.528+0000 7facb13d8700 1 --2- 172.21.15.47:0/1056025598 >> [v2:172.21.15.47:3300/0,v1:172.21.15.47:6789/0] conn(0x7facac108df0 0x7facac07f390 unknown :-1 s=CLOSED pgs=50 cs=0 l=1 rev1=1 crypto rx=0 tx=0 comp rx=0 tx=0).stop
2024-05-11T12:13:29.132 INFO:teuthology.orchestra.run.smithi047.stdout:/usr/bin/ceph: stderr
2024-05-11T12:13:28.528+0000 7facb13d8700 1 -- 172.21.15.47:0/1056025598 >> 172.21.15.47:0/1056025598 conn(0x7facac1043b0 msgr2=0x7facac104ec0 unknown :-1 s=STATE_NONE l=0).mark_down
2024-05-11T12:13:29.132 INFO:teuthology.orchestra.run.smithi047.stdout:/usr/bin/ceph: stderr
2024-05-11T12:13:28.528+0000 7facb13d8700 1 -- 172.21.15.47:0/1056025598 shutdown_connections
2024-05-11T12:13:29.132 INFO:teuthology.orchestra.run.smithi047.stdout:/usr/bin/ceph: stderr
2024-05-11T12:13:28.528+0000 7facb13d8700 1 -- 172.21.15.47:0/1056025598 wait complete.
2024-05-11T12:13:29.774 INFO:journalctl@ceph.mon.a.smithi047.stdout:May 11 12:13:29 smithi047 ceph-mon[30375]: from='client.14144 -' entity='client.admin' cmd=[{"prefix": "orch apply", "service_type": "mgr", "unmanaged": true, "target": ["mon-mgr", ""]}]: dispatch
2024-05-11T12:13:29.775 INFO:journalctl@ceph.mon.a.smithi047.stdout:May 11 12:13:29 smithi047 ceph-mon[30375]: Saving service mgr spec with placement count:2
2024-05-11T12:13:29.775 INFO:journalctl@ceph.mon.a.smithi047.stdout:May 11 12:13:29 smithi047 ceph-mon[30375]: from='mgr.14120 172.21.15.47:0/983770348' entity='mgr.x'
2024-05-11T12:13:31.064 INFO:teuthology.orchestra.run.smithi047.stdout:/usr/bin/ceph: stderr
2024-05-11T12:13:30.276+0000 7fe8e2d83700 1 Processor -- start
2024-05-11T12:13:31.064 INFO:teuthology.orchestra.run.smithi047.stdout:/usr/bin/ceph: stderr
2024-05-11T12:13:30.276+0000 7fe8e2d83700 1 -- start start
2024-05-11T12:13:31.065 INFO:teuthology.orchestra.run.smithi047.stdout:/usr/bin/ceph: stderr
2024-05-11T12:13:30.276+0000 7fe8e2d83700 1 --2- >> [v2:172.21.15.47:3300/0,v1:172.21.15.47:6789/0] conn(0x7fe8dc109890 0x7fe8dc10bc80 unknown :-1 s=NONE pgs=0 cs=0 l=0 rev1=0 crypto rx=0 tx=0 comp rx=0 tx=0).connect
2024-05-11T12:13:31.065 INFO:teuthology.orchestra.run.smithi047.stdout:/usr/bin/ceph: stderr
2024-05-11T12:13:30.276+0000 7fe8e2d83700 1 -- --> [v2:172.21.15.47:3300/0,v1:172.21.15.47:6789/0] -- mon_getmap magic: 0 -- 0x7fe8dc07cde0 con 0x7fe8dc109890
2024-05-11T12:13:31.065 INFO:teuthology.orchestra.run.smithi047.stdout:/usr/bin/ceph: stderr
2024-05-11T12:13:30.277+0000 7fe8e0b1f700 1 --2- >> [v2:172.21.15.47:3300/0,v1:172.21.15.47:6789/0] conn(0x7fe8dc109890 0x7fe8dc10bc80 unknown :-1 s=BANNER_CONNECTING pgs=0 cs=0 l=0 rev1=0 crypto rx=0 tx=0 comp rx=0 tx=0)._handle_peer_banner_payload supported=3 required=0
2024-05-11T12:13:31.065 INFO:teuthology.orchestra.run.smithi047.stdout:/usr/bin/ceph: stderr
2024-05-11T12:13:30.277+0000 7fe8e0b1f700 1 --2- >> [v2:172.21.15.47:3300/0,v1:172.21.15.47:6789/0] conn(0x7fe8dc109890 0x7fe8dc10bc80 unknown :-1 s=HELLO_CONNECTING pgs=0 cs=0 l=0 rev1=1 crypto rx=0 tx=0 comp rx=0 tx=0).handle_hello peer v2:172.21.15.47:3300/0 says I am v2:172.21.15.47:53364/0 (socket says 172.21.15.47:53364)
2024-05-11T12:13:31.065 INFO:teuthology.orchestra.run.smithi047.stdout:/usr/bin/ceph: stderr
2024-05-11T12:13:30.277+0000 7fe8e0b1f700 1 -- 172.21.15.47:0/2787235335 learned_addr learned my addr 172.21.15.47:0/2787235335 (peer_addr_for_me v2:172.21.15.47:0/0)
2024-05-11T12:13:31.065 INFO:teuthology.orchestra.run.smithi047.stdout:/usr/bin/ceph: stderr
2024-05-11T12:13:30.277+0000 7fe8e0b1f700 1 -- 172.21.15.47:0/2787235335 --> [v2:172.21.15.47:3300/0,v1:172.21.15.47:6789/0] -- mon_subscribe({config=0+,monmap=0+}) -- 0x7fe8dc10c1c0 con 0x7fe8dc109890
2024-05-11T12:13:31.065 INFO:teuthology.orchestra.run.smithi047.stdout:/usr/bin/ceph: stderr
2024-05-11T12:13:30.277+0000 7fe8e0b1f700 1 --2- 172.21.15.47:0/2787235335 >> [v2:172.21.15.47:3300/0,v1:172.21.15.47:6789/0] conn(0x7fe8dc109890 0x7fe8dc10bc80 secure :-1 s=READY pgs=51 cs=0 l=1 rev1=1 crypto rx=0x7fe8d00098a0 tx=0x7fe8d0009bb0 comp rx=0 tx=0).ready entity=mon.0 client_cookie=eaa32e4553dc71c2 server_cookie=0 in_seq=0 out_seq=0
2024-05-11T12:13:31.065 INFO:teuthology.orchestra.run.smithi047.stdout:/usr/bin/ceph: stderr
2024-05-11T12:13:30.277+0000 7fe8db7fe700 1 -- 172.21.15.47:0/2787235335 <== mon.0 v2:172.21.15.47:3300/0 1 ==== mon_map magic: 0 ==== 205+0+0 (secure 0 0 0) 0x7fe8d0004160 con 0x7fe8dc109890
2024-05-11T12:13:31.065 INFO:teuthology.orchestra.run.smithi047.stdout:/usr/bin/ceph: stderr
2024-05-11T12:13:30.277+0000 7fe8db7fe700 1 -- 172.21.15.47:0/2787235335 <== mon.0 v2:172.21.15.47:3300/0 2 ==== config(26 keys) ==== 1101+0+0 (secure 0 0 0) 0x7fe8d0004300 con 0x7fe8dc109890
2024-05-11T12:13:31.065 INFO:teuthology.orchestra.run.smithi047.stdout:/usr/bin/ceph: stderr
2024-05-11T12:13:30.277+0000 7fe8db7fe700 1 -- 172.21.15.47:0/2787235335 <== mon.0 v2:172.21.15.47:3300/0 3 ==== mon_map magic: 0 ==== 205+0+0 (secure 0 0 0) 0x7fe8d0011a20 con 0x7fe8dc109890
2024-05-11T12:13:31.065 INFO:teuthology.orchestra.run.smithi047.stdout:/usr/bin/ceph: stderr
2024-05-11T12:13:30.278+0000 7fe8e2d83700 1 -- 172.21.15.47:0/2787235335 >> [v2:172.21.15.47:3300/0,v1:172.21.15.47:6789/0] conn(0x7fe8dc109890 msgr2=0x7fe8dc10bc80 secure :-1 s=STATE_CONNECTION_ESTABLISHED l=1).mark_down
2024-05-11T12:13:31.065 INFO:teuthology.orchestra.run.smithi047.stdout:/usr/bin/ceph: stderr
2024-05-11T12:13:30.278+0000 7fe8e2d83700 1 --2- 172.21.15.47:0/2787235335 >> [v2:172.21.15.47:3300/0,v1:172.21.15.47:6789/0] conn(0x7fe8dc109890 0x7fe8dc10bc80 secure :-1 s=READY pgs=51 cs=0 l=1 rev1=1 crypto rx=0x7fe8d00098a0 tx=0x7fe8d0009bb0 comp rx=0 tx=0).stop
2024-05-11T12:13:31.065 INFO:teuthology.orchestra.run.smithi047.stdout:/usr/bin/ceph: stderr
2024-05-11T12:13:30.278+0000 7fe8e2d83700 1 -- 172.21.15.47:0/2787235335 shutdown_connections
2024-05-11T12:13:31.065 INFO:teuthology.orchestra.run.smithi047.stdout:/usr/bin/ceph: stderr
2024-05-11T12:13:30.278+0000 7fe8e2d83700 1 --2- 172.21.15.47:0/2787235335 >> [v2:172.21.15.47:3300/0,v1:172.21.15.47:6789/0] conn(0x7fe8dc109890 0x7fe8dc10bc80 unknown :-1 s=CLOSED pgs=51 cs=0 l=1 rev1=1 crypto rx=0 tx=0 comp rx=0 tx=0).stop
2024-05-11T12:13:31.066 INFO:teuthology.orchestra.run.smithi047.stdout:/usr/bin/ceph: stderr
2024-05-11T12:13:30.278+0000 7fe8e2d83700 1 -- 172.21.15.47:0/2787235335 >> 172.21.15.47:0/2787235335 conn(0x7fe8dc103240 msgr2=0x7fe8dc1056a0 unknown :-1 s=STATE_NONE l=0).mark_down
2024-05-11T12:13:31.066 INFO:teuthology.orchestra.run.smithi047.stdout:/usr/bin/ceph: stderr
2024-05-11T12:13:30.278+0000 7fe8e2d83700 1 -- 172.21.15.47:0/2787235335 shutdown_connections
2024-05-11T12:13:31.066 INFO:teuthology.orchestra.run.smithi047.stdout:/usr/bin/ceph: stderr
2024-05-11T12:13:30.278+0000 7fe8e2d83700 1 -- 172.21.15.47:0/2787235335 wait complete.
2024-05-11T12:13:31.066 INFO:teuthology.orchestra.run.smithi047.stdout:/usr/bin/ceph: stderr
2024-05-11T12:13:30.279+0000 7fe8e2d83700 1 Processor -- start
2024-05-11T12:13:31.066 INFO:teuthology.orchestra.run.smithi047.stdout:/usr/bin/ceph: stderr
2024-05-11T12:13:30.279+0000 7fe8e2d83700 1 -- start start
2024-05-11T12:13:31.066 INFO:teuthology.orchestra.run.smithi047.stdout:/usr/bin/ceph: stderr
2024-05-11T12:13:30.279+0000 7fe8e2d83700 1 --2- >> [v2:172.21.15.47:3300/0,v1:172.21.15.47:6789/0] conn(0x7fe8dc109890 0x7fe8dc19cd00 unknown :-1 s=NONE pgs=0 cs=0 l=1 rev1=0 crypto rx=0 tx=0 comp rx=0 tx=0).connect
2024-05-11T12:13:31.066 INFO:teuthology.orchestra.run.smithi047.stdout:/usr/bin/ceph: stderr
2024-05-11T12:13:30.279+0000 7fe8e2d83700 1 -- --> [v2:172.21.15.47:3300/0,v1:172.21.15.47:6789/0] -- mon_getmap magic: 0 -- 0x7fe8dc10d170 con 0x7fe8dc109890
2024-05-11T12:13:31.066 INFO:teuthology.orchestra.run.smithi047.stdout:/usr/bin/ceph: stderr
