2024-05-11T12:13:43.686+0000 7f1e72ffd700 1 -- 172.21.15.47:0/3079413954 learned_addr learned my addr 172.21.15.47:0/3079413954 (peer_addr_for_me v2:172.21.15.47:0/0)
2024-05-11T12:13:44.654 INFO:teuthology.orchestra.run.smithi047.stdout:/usr/bin/ceph: stderr
2024-05-11T12:13:43.686+0000 7f1e72ffd700 1 -- 172.21.15.47:0/3079413954 --> [v2:172.21.15.47:3300/0,v1:172.21.15.47:6789/0] -- mon_subscribe({config=0+,monmap=0+}) -- 0x7f1e7419f4a0 con 0x7f1e7407f6c0
2024-05-11T12:13:44.654 INFO:teuthology.orchestra.run.smithi047.stdout:/usr/bin/ceph: stderr
2024-05-11T12:13:43.686+0000 7f1e72ffd700 1 --2- 172.21.15.47:0/3079413954 >> [v2:172.21.15.47:3300/0,v1:172.21.15.47:6789/0] conn(0x7f1e7407f6c0 0x7f1e7419ef60 secure :-1 s=READY pgs=71 cs=0 l=1 rev1=1 crypto rx=0x7f1e6400b7b0 tx=0x7f1e6400bd30 comp rx=0 tx=0).ready entity=mon.0 client_cookie=0 server_cookie=0 in_seq=0 out_seq=0
2024-05-11T12:13:44.654 INFO:teuthology.orchestra.run.smithi047.stdout:/usr/bin/ceph: stderr
2024-05-11T12:13:43.687+0000 7f1e789b4700 1 -- 172.21.15.47:0/3079413954 <== mon.0 v2:172.21.15.47:3300/0 1 ==== mon_map magic: 0 ==== 205+0+0 (secure 0 0 0) 0x7f1e64020020 con 0x7f1e7407f6c0
2024-05-11T12:13:44.654 INFO:teuthology.orchestra.run.smithi047.stdout:/usr/bin/ceph: stderr
2024-05-11T12:13:43.687+0000 7f1e799b6700 1 -- 172.21.15.47:0/3079413954 --> [v2:172.21.15.47:3300/0,v1:172.21.15.47:6789/0] -- mon_subscribe({mgrmap=0+}) -- 0x7f1e7419f730 con 0x7f1e7407f6c0
2024-05-11T12:13:44.654 INFO:teuthology.orchestra.run.smithi047.stdout:/usr/bin/ceph: stderr
2024-05-11T12:13:43.687+0000 7f1e789b4700 1 -- 172.21.15.47:0/3079413954 <== mon.0 v2:172.21.15.47:3300/0 2 ==== config(26 keys) ==== 1101+0+0 (secure 0 0 0) 0x7f1e64003b50 con 0x7f1e7407f6c0
2024-05-11T12:13:44.654 INFO:teuthology.orchestra.run.smithi047.stdout:/usr/bin/ceph: stderr
2024-05-11T12:13:43.687+0000 7f1e789b4700 1 -- 172.21.15.47:0/3079413954 <== mon.0 v2:172.21.15.47:3300/0 3 ==== mon_map magic: 0 ==== 205+0+0 (secure 0 0 0) 0x7f1e64017040 con 0x7f1e7407f6c0
2024-05-11T12:13:44.655 INFO:teuthology.orchestra.run.smithi047.stdout:/usr/bin/ceph: stderr
2024-05-11T12:13:43.687+0000 7f1e799b6700 1 -- 172.21.15.47:0/3079413954 --> [v2:172.21.15.47:3300/0,v1:172.21.15.47:6789/0] -- mon_subscribe({osdmap=0}) -- 0x7f1e741a2420 con 0x7f1e7407f6c0
2024-05-11T12:13:44.655 INFO:teuthology.orchestra.run.smithi047.stdout:/usr/bin/ceph: stderr
2024-05-11T12:13:43.688+0000 7f1e789b4700 1 -- 172.21.15.47:0/3079413954 <== mon.0 v2:172.21.15.47:3300/0 4 ==== mgrmap(e 12) ==== 50235+0+0 (secure 0 0 0) 0x7f1e64023020 con 0x7f1e7407f6c0
2024-05-11T12:13:44.655 INFO:teuthology.orchestra.run.smithi047.stdout:/usr/bin/ceph: stderr
2024-05-11T12:13:43.688+0000 7f1e799b6700 1 -- 172.21.15.47:0/3079413954 --> [v2:172.21.15.47:3300/0,v1:172.21.15.47:6789/0] -- mon_command({"prefix": "get_command_descriptions"} v 0) -- 0x7f1e74064bb0 con 0x7f1e7407f6c0
2024-05-11T12:13:44.655 INFO:teuthology.orchestra.run.smithi047.stdout:/usr/bin/ceph: stderr
2024-05-11T12:13:43.688+0000 7f1e789b4700 1 --2- 172.21.15.47:0/3079413954 >> [v2:172.21.15.47:6800/811043456,v1:172.21.15.47:6801/811043456] conn(0x7f1e6003e4c0 0x7f1e60040980 unknown :-1 s=NONE pgs=0 cs=0 l=1 rev1=0 crypto rx=0 tx=0 comp rx=0 tx=0).connect
2024-05-11T12:13:44.655 INFO:teuthology.orchestra.run.smithi047.stdout:/usr/bin/ceph: stderr
2024-05-11T12:13:43.688+0000 7f1e789b4700 1 -- 172.21.15.47:0/3079413954 <== mon.0 v2:172.21.15.47:3300/0 5 ==== osd_map(3..3 src has 1..3) ==== 1155+0+0 (secure 0 0 0) 0x7f1e6400f050 con 0x7f1e7407f6c0
2024-05-11T12:13:44.655 INFO:teuthology.orchestra.run.smithi047.stdout:/usr/bin/ceph: stderr
2024-05-11T12:13:43.688+0000 7f1e727fc700 1 --2- 172.21.15.47:0/3079413954 >> [v2:172.21.15.47:6800/811043456,v1:172.21.15.47:6801/811043456] conn(0x7f1e6003e4c0 0x7f1e60040980 unknown :-1 s=BANNER_CONNECTING pgs=0 cs=0 l=1 rev1=0 crypto rx=0 tx=0 comp rx=0 tx=0)._handle_peer_banner_payload supported=3 required=0
2024-05-11T12:13:44.655 INFO:teuthology.orchestra.run.smithi047.stdout:/usr/bin/ceph: stderr
2024-05-11T12:13:43.688+0000 7f1e727fc700 1 --2- 172.21.15.47:0/3079413954 >> [v2:172.21.15.47:6800/811043456,v1:172.21.15.47:6801/811043456] conn(0x7f1e6003e4c0 0x7f1e60040980 secure :-1 s=READY pgs=7 cs=0 l=1 rev1=1 crypto rx=0x7f1e5c006fd0 tx=0x7f1e5c006e40 comp rx=0 tx=0).ready entity=mgr.14152 client_cookie=0 server_cookie=0 in_seq=0 out_seq=0
2024-05-11T12:13:44.655 INFO:teuthology.orchestra.run.smithi047.stdout:/usr/bin/ceph: stderr
2024-05-11T12:13:43.693+0000 7f1e789b4700 1 -- 172.21.15.47:0/3079413954 <== mon.0 v2:172.21.15.47:3300/0 6 ==== mon_command_ack([{"prefix": "get_command_descriptions"}]=0 v0) ==== 72+0+191963 (secure 0 0 0) 0x7f1e6402a020 con 0x7f1e7407f6c0
2024-05-11T12:13:44.655 INFO:teuthology.orchestra.run.smithi047.stdout:/usr/bin/ceph: stderr
2024-05-11T12:13:43.921+0000 7f1e799b6700 1 -- 172.21.15.47:0/3079413954 --> [v2:172.21.15.47:6800/811043456,v1:172.21.15.47:6801/811043456] -- mgr_command(tid 0: {"prefix": "dashboard create-self-signed-cert", "target": ["mon-mgr", ""]}) -- 0x7f1e74105610 con 0x7f1e6003e4c0
2024-05-11T12:13:44.655 INFO:teuthology.orchestra.run.smithi047.stdout:/usr/bin/ceph: stderr
2024-05-11T12:13:44.031+0000 7f1e789b4700 1 -- 172.21.15.47:0/3079413954 <== mgr.14152 v2:172.21.15.47:6800/811043456 1 ==== mgr_command_reply(tid 0: 0 ) ==== 8+0+32 (secure 0 0 0) 0x7f1e74105610 con 0x7f1e6003e4c0
2024-05-11T12:13:44.655 INFO:teuthology.orchestra.run.smithi047.stdout:/usr/bin/ceph: stderr
2024-05-11T12:13:44.034+0000 7f1e799b6700 1 -- 172.21.15.47:0/3079413954 >> [v2:172.21.15.47:6800/811043456,v1:172.21.15.47:6801/811043456] conn(0x7f1e6003e4c0 msgr2=0x7f1e60040980 secure :-1 s=STATE_CONNECTION_ESTABLISHED l=1).mark_down
2024-05-11T12:13:44.655 INFO:teuthology.orchestra.run.smithi047.stdout:/usr/bin/ceph: stderr
2024-05-11T12:13:44.034+0000 7f1e799b6700 1 --2- 172.21.15.47:0/3079413954 >> [v2:172.21.15.47:6800/811043456,v1:172.21.15.47:6801/811043456] conn(0x7f1e6003e4c0 0x7f1e60040980 secure :-1 s=READY pgs=7 cs=0 l=1 rev1=1 crypto rx=0x7f1e5c006fd0 tx=0x7f1e5c006e40 comp rx=0 tx=0).stop
2024-05-11T12:13:44.655 INFO:teuthology.orchestra.run.smithi047.stdout:/usr/bin/ceph: stderr
2024-05-11T12:13:44.034+0000 7f1e799b6700 1 -- 172.21.15.47:0/3079413954 >> [v2:172.21.15.47:3300/0,v1:172.21.15.47:6789/0] conn(0x7f1e7407f6c0 msgr2=0x7f1e7419ef60 secure :-1 s=STATE_CONNECTION_ESTABLISHED l=1).mark_down
2024-05-11T12:13:44.655 INFO:teuthology.orchestra.run.smithi047.stdout:/usr/bin/ceph: stderr
2024-05-11T12:13:44.034+0000 7f1e799b6700 1 --2- 172.21.15.47:0/3079413954 >> [v2:172.21.15.47:3300/0,v1:172.21.15.47:6789/0] conn(0x7f1e7407f6c0 0x7f1e7419ef60 secure :-1 s=READY pgs=71 cs=0 l=1 rev1=1 crypto rx=0x7f1e6400b7b0 tx=0x7f1e6400bd30 comp rx=0 tx=0).stop
2024-05-11T12:13:44.655 INFO:teuthology.orchestra.run.smithi047.stdout:/usr/bin/ceph: stderr
2024-05-11T12:13:44.034+0000 7f1e799b6700 1 -- 172.21.15.47:0/3079413954 shutdown_connections
2024-05-11T12:13:44.656 INFO:teuthology.orchestra.run.smithi047.stdout:/usr/bin/ceph: stderr
2024-05-11T12:13:44.034+0000 7f1e799b6700 1 --2- 172.21.15.47:0/3079413954 >> [v2:172.21.15.47:6800/811043456,v1:172.21.15.47:6801/811043456] conn(0x7f1e6003e4c0 0x7f1e60040980 unknown :-1 s=CLOSED pgs=7 cs=0 l=1 rev1=1 crypto rx=0 tx=0 comp rx=0 tx=0).stop
2024-05-11T12:13:44.656 INFO:teuthology.orchestra.run.smithi047.stdout:/usr/bin/ceph: stderr
2024-05-11T12:13:44.034+0000 7f1e799b6700 1 --2- 172.21.15.47:0/3079413954 >> [v2:172.21.15.47:3300/0,v1:172.21.15.47:6789/0] conn(0x7f1e7407f6c0 0x7f1e7419ef60 unknown :-1 s=CLOSED pgs=71 cs=0 l=1 rev1=1 crypto rx=0 tx=0 comp rx=0 tx=0).stop
2024-05-11T12:13:44.656 INFO:teuthology.orchestra.run.smithi047.stdout:/usr/bin/ceph: stderr
2024-05-11T12:13:44.034+0000 7f1e799b6700 1 -- 172.21.15.47:0/3079413954 >> 172.21.15.47:0/3079413954 conn(0x7f1e741043f0 msgr2=0x7f1e74104f00 unknown :-1 s=STATE_NONE l=0).mark_down
2024-05-11T12:13:44.656 INFO:teuthology.orchestra.run.smithi047.stdout:/usr/bin/ceph: stderr
2024-05-11T12:13:44.034+0000 7f1e799b6700 1 -- 172.21.15.47:0/3079413954 shutdown_connections
2024-05-11T12:13:44.656 INFO:teuthology.orchestra.run.smithi047.stdout:/usr/bin/ceph: stderr
2024-05-11T12:13:44.034+0000 7f1e799b6700 1 -- 172.21.15.47:0/3079413954 wait complete.
2024-05-11T12:13:44.656 INFO:teuthology.orchestra.run.smithi047.stdout:Creating initial admin user...
2024-05-11T12:13:46.217 INFO:teuthology.orchestra.run.smithi047.stdout:/usr/bin/ceph: stdout {"username": "admin", "password": "$2b$12$8H/DrQqTemaGG/.QdTl5I.Wf8KyHtURJkzJrfVDcQoVM7zC/aos5a", "roles": ["administrator"], "name": null, "email": null, "lastUpdate": 1715429625, "enabled": true, "pwdExpirationDate": null, "pwdUpdateRequired": true}
2024-05-11T12:13:46.217 INFO:teuthology.orchestra.run.smithi047.stdout:/usr/bin/ceph: stderr
2024-05-11T12:13:45.140+0000 7fc5789ed700 1 Processor -- start
2024-05-11T12:13:46.217 INFO:teuthology.orchestra.run.smithi047.stdout:/usr/bin/ceph: stderr
2024-05-11T12:13:45.140+0000 7fc5789ed700 1 -- start start
2024-05-11T12:13:46.217 INFO:teuthology.orchestra.run.smithi047.stdout:/usr/bin/ceph: stderr
2024-05-11T12:13:45.140+0000 7fc5789ed700 1 --2- >> [v2:172.21.15.47:3300/0,v1:172.21.15.47:6789/0] conn(0x7fc574108df0 0x7fc574109210 unknown :-1 s=NONE pgs=0 cs=0 l=0 rev1=0 crypto rx=0 tx=0 comp rx=0 tx=0).connect
2024-05-11T12:13:46.218 INFO:teuthology.orchestra.run.smithi047.stdout:/usr/bin/ceph: stderr
2024-05-11T12:13:45.140+0000 7fc5789ed700 1 -- --> [v2:172.21.15.47:3300/0,v1:172.21.15.47:6789/0] -- mon_getmap magic: 0 -- 0x7fc5741097e0 con 0x7fc574108df0
2024-05-11T12:13:46.218 INFO:teuthology.orchestra.run.smithi047.stdout:/usr/bin/ceph: stderr
2024-05-11T12:13:45.140+0000 7fc57259c700 1 --2- >> [v2:172.21.15.47:3300/0,v1:172.21.15.47:6789/0] conn(0x7fc574108df0 0x7fc574109210 unknown :-1 s=BANNER_CONNECTING pgs=0 cs=0 l=0 rev1=0 crypto rx=0 tx=0 comp rx=0 tx=0)._handle_peer_banner_payload supported=3 required=0
2024-05-11T12:13:46.218 INFO:teuthology.orchestra.run.smithi047.stdout:/usr/bin/ceph: stderr
2024-05-11T12:13:45.140+0000 7fc57259c700 1 --2- >> [v2:172.21.15.47:3300/0,v1:172.21.15.47:6789/0] conn(0x7fc574108df0 0x7fc574109210 unknown :-1 s=HELLO_CONNECTING pgs=0 cs=0 l=0 rev1=1 crypto rx=0 tx=0 comp rx=0 tx=0).handle_hello peer v2:172.21.15.47:3300/0 says I am v2:172.21.15.47:53034/0 (socket says 172.21.15.47:53034)
2024-05-11T12:13:46.218 INFO:teuthology.orchestra.run.smithi047.stdout:/usr/bin/ceph: stderr
2024-05-11T12:13:45.140+0000 7fc57259c700 1 -- 172.21.15.47:0/1449622710 learned_addr learned my addr 172.21.15.47:0/1449622710 (peer_addr_for_me v2:172.21.15.47:0/0)
2024-05-11T12:13:46.218 INFO:teuthology.orchestra.run.smithi047.stdout:/usr/bin/ceph: stderr
2024-05-11T12:13:45.141+0000 7fc57259c700 1 -- 172.21.15.47:0/1449622710 --> [v2:172.21.15.47:3300/0,v1:172.21.15.47:6789/0] -- mon_subscribe({config=0+,monmap=0+}) -- 0x7fc574109ff0 con 0x7fc574108df0
2024-05-11T12:13:46.218 INFO:teuthology.orchestra.run.smithi047.stdout:/usr/bin/ceph: stderr
2024-05-11T12:13:45.141+0000 7fc57259c700 1 --2- 172.21.15.47:0/1449622710 >> [v2:172.21.15.47:3300/0,v1:172.21.15.47:6789/0] conn(0x7fc574108df0 0x7fc574109210 secure :-1 s=READY pgs=72 cs=0 l=1 rev1=1 crypto rx=0x7fc5640098a0 tx=0x7fc564009bb0 comp rx=0 tx=0).ready entity=mon.0 client_cookie=2c6d0b3524420d30 server_cookie=0 in_seq=0 out_seq=0
2024-05-11T12:13:46.218 INFO:teuthology.orchestra.run.smithi047.stdout:/usr/bin/ceph: stderr
2024-05-11T12:13:45.141+0000 7fc57159a700 1 -- 172.21.15.47:0/1449622710 <== mon.0 v2:172.21.15.47:3300/0 1 ==== mon_map magic: 0 ==== 205+0+0 (secure 0 0 0) 0x7fc564004160 con 0x7fc574108df0
2024-05-11T12:13:46.218 INFO:teuthology.orchestra.run.smithi047.stdout:/usr/bin/ceph: stderr
2024-05-11T12:13:45.141+0000 7fc57159a700 1 -- 172.21.15.47:0/1449622710 <== mon.0 v2:172.21.15.47:3300/0 2 ==== config(26 keys) ==== 1101+0+0 (secure 0 0 0) 0x7fc564004300 con 0x7fc574108df0
2024-05-11T12:13:46.218 INFO:teuthology.orchestra.run.smithi047.stdout:/usr/bin/ceph: stderr
2024-05-11T12:13:45.141+0000 7fc57159a700 1 -- 172.21.15.47:0/1449622710 <== mon.0 v2:172.21.15.47:3300/0 3 ==== mon_map magic: 0 ==== 205+0+0 (secure 0 0 0) 0x7fc564011a20 con 0x7fc574108df0
2024-05-11T12:13:46.218 INFO:teuthology.orchestra.run.smithi047.stdout:/usr/bin/ceph: stderr
2024-05-11T12:13:45.142+0000 7fc5789ed700 1 -- 172.21.15.47:0/1449622710 >> [v2:172.21.15.47:3300/0,v1:172.21.15.47:6789/0] conn(0x7fc574108df0 msgr2=0x7fc574109210 secure :-1 s=STATE_CONNECTION_ESTABLISHED l=1).mark_down
2024-05-11T12:13:46.218 INFO:teuthology.orchestra.run.smithi047.stdout:/usr/bin/ceph: stderr
2024-05-11T12:13:45.142+0000 7fc5789ed700 1 --2- 172.21.15.47:0/1449622710 >> [v2:172.21.15.47:3300/0,v1:172.21.15.47:6789/0] conn(0x7fc574108df0 0x7fc574109210 secure :-1 s=READY pgs=72 cs=0 l=1 rev1=1 crypto rx=0x7fc5640098a0 tx=0x7fc564009bb0 comp rx=0 tx=0).stop
2024-05-11T12:13:46.218 INFO:teuthology.orchestra.run.smithi047.stdout:/usr/bin/ceph: stderr
2024-05-11T12:13:45.142+0000 7fc5789ed700 1 -- 172.21.15.47:0/1449622710 shutdown_connections
2024-05-11T12:13:46.218 INFO:teuthology.orchestra.run.smithi047.stdout:/usr/bin/ceph: stderr
2024-05-11T12:13:45.142+0000 7fc5789ed700 1 --2- 172.21.15.47:0/1449622710 >> [v2:172.21.15.47:3300/0,v1:172.21.15.47:6789/0] conn(0x7fc574108df0 0x7fc574109210 unknown :-1 s=CLOSED pgs=72 cs=0 l=1 rev1=1 crypto rx=0 tx=0 comp rx=0 tx=0).stop
2024-05-11T12:13:46.218 INFO:teuthology.orchestra.run.smithi047.stdout:/usr/bin/ceph: stderr
2024-05-11T12:13:45.142+0000 7fc5789ed700 1 -- 172.21.15.47:0/1449622710 >> 172.21.15.47:0/1449622710 conn(0x7fc5741043b0 msgr2=0x7fc5741067d0 unknown :-1 s=STATE_NONE l=0).mark_down
2024-05-11T12:13:46.219 INFO:teuthology.orchestra.run.smithi047.stdout:/usr/bin/ceph: stderr
2024-05-11T12:13:45.142+0000 7fc5789ed700 1 -- 172.21.15.47:0/1449622710 shutdown_connections
2024-05-11T12:13:46.219 INFO:teuthology.orchestra.run.smithi047.stdout:/usr/bin/ceph: stderr
2024-05-11T12:13:45.142+0000 7fc5789ed700 1 -- 172.21.15.47:0/1449622710 wait complete.
2024-05-11T12:13:46.219 INFO:teuthology.orchestra.run.smithi047.stdout:/usr/bin/ceph: stderr
2024-05-11T12:13:45.143+0000 7fc5789ed700 1 Processor -- start
2024-05-11T12:13:46.219 INFO:teuthology.orchestra.run.smithi047.stdout:/usr/bin/ceph: stderr
2024-05-11T12:13:45.143+0000 7fc5789ed700 1 -- start start
2024-05-11T12:13:46.219 INFO:teuthology.orchestra.run.smithi047.stdout:/usr/bin/ceph: stderr
2024-05-11T12:13:45.143+0000 7fc5789ed700 1 --2- >> [v2:172.21.15.47:3300/0,v1:172.21.15.47:6789/0] conn(0x7fc574108df0 0x7fc57419cd40 unknown :-1 s=NONE pgs=0 cs=0 l=1 rev1=0 crypto rx=0 tx=0 comp rx=0 tx=0).connect
2024-05-11T12:13:46.219 INFO:teuthology.orchestra.run.smithi047.stdout:/usr/bin/ceph: stderr
2024-05-11T12:13:45.143+0000 7fc5789ed700 1 -- --> [v2:172.21.15.47:3300/0,v1:172.21.15.47:6789/0] -- mon_getmap magic: 0 -- 0x7fc57410d3a0 con 0x7fc574108df0
2024-05-11T12:13:46.219 INFO:teuthology.orchestra.run.smithi047.stdout:/usr/bin/ceph: stderr
2024-05-11T12:13:45.143+0000 7fc57259c700 1 --2- >> [v2:172.21.15.47:3300/0,v1:172.21.15.47:6789/0] conn(0x7fc574108df0 0x7fc57419cd40 unknown :-1 s=BANNER_CONNECTING pgs=0 cs=0 l=1 rev1=0 crypto rx=0 tx=0 comp rx=0 tx=0)._handle_peer_banner_payload supported=3 required=0
2024-05-11T12:13:46.219 INFO:teuthology.orchestra.run.smithi047.stdout:/usr/bin/ceph: stderr
2024-05-11T12:13:45.143+0000 7fc57259c700 1 --2- >> [v2:172.21.15.47:3300/0,v1:172.21.15.47:6789/0] conn(0x7fc574108df0 0x7fc57419cd40 unknown :-1 s=HELLO_CONNECTING pgs=0 cs=0 l=1 rev1=1 crypto rx=0 tx=0 comp rx=0 tx=0).handle_hello peer v2:172.21.15.47:3300/0 says I am v2:172.21.15.47:53050/0 (socket says 172.21.15.47:53050)
2024-05-11T12:13:46.219 INFO:teuthology.orchestra.run.smithi047.stdout:/usr/bin/ceph: stderr
2024-05-11T12:13:45.143+0000 7fc57259c700 1 -- 172.21.15.47:0/1109620667 learned_addr learned my addr 172.21.15.47:0/1109620667 (peer_addr_for_me v2:172.21.15.47:0/0)
2024-05-11T12:13:46.219 INFO:teuthology.orchestra.run.smithi047.stdout:/usr/bin/ceph: stderr
2024-05-11T12:13:45.143+0000 7fc57259c700 1 -- 172.21.15.47:0/1109620667 --> [v2:172.21.15.47:3300/0,v1:172.21.15.47:6789/0] -- mon_subscribe({config=0+,monmap=0+}) -- 0x7fc57419d280 con 0x7fc574108df0
2024-05-11T12:13:46.219 INFO:teuthology.orchestra.run.smithi047.stdout:/usr/bin/ceph: stderr
2024-05-11T12:13:45.143+0000 7fc57259c700 1 --2- 172.21.15.47:0/1109620667 >> [v2:172.21.15.47:3300/0,v1:172.21.15.47:6789/0] conn(0x7fc574108df0 0x7fc57419cd40 secure :-1 s=READY pgs=73 cs=0 l=1 rev1=1 crypto rx=0x7fc5640116e0 tx=0x7fc564011aa0 comp rx=0 tx=0).ready entity=mon.0 client_cookie=0 server_cookie=0 in_seq=0 out_seq=0
2024-05-11T12:13:46.219 INFO:teuthology.orchestra.run.smithi047.stdout:/usr/bin/ceph: stderr
2024-05-11T12:13:45.144+0000 7fc56b7fe700 1 -- 172.21.15.47:0/1109620667 <== mon.0 v2:172.21.15.47:3300/0 1 ==== mon_map magic: 0 ==== 205+0+0 (secure 0 0 0) 0x7fc5640039e0 con 0x7fc574108df0
2024-05-11T12:13:46.219 INFO:teuthology.orchestra.run.smithi047.stdout:/usr/bin/ceph: stderr
2024-05-11T12:13:45.144+0000 7fc56b7fe700 1 -- 172.21.15.47:0/1109620667 <== mon.0 v2:172.21.15.47:3300/0 2 ==== config(26 keys) ==== 1101+0+0 (secure 0 0 0) 0x7fc56401b8f0 con 0x7fc574108df0
2024-05-11T12:13:46.221 INFO:teuthology.orchestra.run.smithi047.stdout:/usr/bin/ceph: stderr
2024-05-11T12:13:45.144+0000 7fc5789ed700 1 -- 172.21.15.47:0/1109620667 --> [v2:172.21.15.47:3300/0,v1:172.21.15.47:6789/0] -- mon_subscribe({mgrmap=0+}) -- 0x7fc57419d510 con 0x7fc574108df0
2024-05-11T12:13:46.221 INFO:teuthology.orchestra.run.smithi047.stdout:/usr/bin/ceph: stderr
2024-05-11T12:13:45.144+0000 7fc56b7fe700 1 -- 172.21.15.47:0/1109620667 <== mon.0 v2:172.21.15.47:3300/0 3 ==== mon_map magic: 0 ==== 205+0+0 (secure 0 0 0) 0x7fc564023760 con 0x7fc574108df0
2024-05-11T12:13:46.221 INFO:teuthology.orchestra.run.smithi047.stdout:/usr/bin/ceph: stderr
2024-05-11T12:13:45.144+0000 7fc5789ed700 1 -- 172.21.15.47:0/1109620667 --> [v2:172.21.15.47:3300/0,v1:172.21.15.47:6789/0] -- mon_subscribe({osdmap=0}) -- 0x7fc5741a0200 con 0x7fc574108df0
2024-05-11T12:13:46.221 INFO:teuthology.orchestra.run.smithi047.stdout:/usr/bin/ceph: stderr
2024-05-11T12:13:45.145+0000 7fc56b7fe700 1 -- 172.21.15.47:0/1109620667 <== mon.0 v2:172.21.15.47:3300/0 4 ==== mgrmap(e 12) ==== 50235+0+0 (secure 0 0 0) 0x7fc56401b440 con 0x7fc574108df0
2024-05-11T12:13:46.221 INFO:teuthology.orchestra.run.smithi047.stdout:/usr/bin/ceph: stderr
2024-05-11T12:13:45.145+0000 7fc5789ed700 1 -- 172.21.15.47:0/1109620667 --> [v2:172.21.15.47:3300/0,v1:172.21.15.47:6789/0] -- mon_command({"prefix": "get_command_descriptions"} v 0) -- 0x7fc574064bb0 con 0x7fc574108df0
2024-05-11T12:13:46.221 INFO:teuthology.orchestra.run.smithi047.stdout:/usr/bin/ceph: stderr
2024-05-11T12:13:45.145+0000 7fc56b7fe700 1 --2- 172.21.15.47:0/1109620667 >> [v2:172.21.15.47:6800/811043456,v1:172.21.15.47:6801/811043456] conn(0x7fc56003e470 0x7fc560040930 unknown :-1 s=NONE pgs=0 cs=0 l=1 rev1=0 crypto rx=0 tx=0 comp rx=0 tx=0).connect
2024-05-11T12:13:46.221 INFO:teuthology.orchestra.run.smithi047.stdout:/usr/bin/ceph: stderr
2024-05-11T12:13:45.145+0000 7fc56b7fe700 1 -- 172.21.15.47:0/1109620667 <== mon.0 v2:172.21.15.47:3300/0 5 ==== osd_map(3..3 src has 1..3) ==== 1155+0+0 (secure 0 0 0) 0x7fc564053f60 con 0x7fc574108df0
2024-05-11T12:13:46.221 INFO:teuthology.orchestra.run.smithi047.stdout:/usr/bin/ceph: stderr
2024-05-11T12:13:45.145+0000 7fc571d9b700 1 --2- 172.21.15.47:0/1109620667 >> [v2:172.21.15.47:6800/811043456,v1:172.21.15.47:6801/811043456] conn(0x7fc56003e470 0x7fc560040930 unknown :-1 s=BANNER_CONNECTING pgs=0 cs=0 l=1 rev1=0 crypto rx=0 tx=0 comp rx=0 tx=0)._handle_peer_banner_payload supported=3 required=0
2024-05-11T12:13:46.221 INFO:teuthology.orchestra.run.smithi047.stdout:/usr/bin/ceph: stderr
2024-05-11T12:13:45.145+0000 7fc571d9b700 1 --2- 172.21.15.47:0/1109620667 >> [v2:172.21.15.47:6800/811043456,v1:172.21.15.47:6801/811043456] conn(0x7fc56003e470 0x7fc560040930 secure :-1 s=READY pgs=8 cs=0 l=1 rev1=1 crypto rx=0x7fc55c006fd0 tx=0x7fc55c006e40 comp rx=0 tx=0).ready entity=mgr.14152 client_cookie=0 server_cookie=0 in_seq=0 out_seq=0
2024-05-11T12:13:46.221 INFO:teuthology.orchestra.run.smithi047.stdout:/usr/bin/ceph: stderr
2024-05-11T12:13:45.151+0000 7fc56b7fe700 1 -- 172.21.15.47:0/1109620667 <== mon.0 v2:172.21.15.47:3300/0 6 ==== mon_command_ack([{"prefix": "get_command_descriptions"}]=0 v0) ==== 72+0+191963 (secure 0 0 0) 0x7fc56401f030 con 0x7fc574108df0
2024-05-11T12:13:46.222 INFO:teuthology.orchestra.run.smithi047.stdout:/usr/bin/ceph: stderr
2024-05-11T12:13:45.398+0000 7fc5789ed700 1 -- 172.21.15.47:0/1109620667 --> [v2:172.21.15.47:6800/811043456,v1:172.21.15.47:6801/811043456] -- mgr_command(tid 0: {"prefix": "dashboard ac-user-create", "username": "admin", "rolename": "administrator", "force_password": true, "pwd_update_required": true, "target": ["mon-mgr", ""]}) -- 0x7fc5741a03d0 con 0x7fc56003e470
2024-05-11T12:13:46.222 INFO:teuthology.orchestra.run.smithi047.stdout:/usr/bin/ceph: stderr
2024-05-11T12:13:45.644+0000 7fc56b7fe700 1 -- 172.21.15.47:0/1109620667 <== mgr.14152 v2:172.21.15.47:6800/811043456 1 ==== mgr_command_reply(tid 0: 0 ) ==== 8+0+252 (secure 0 0 0) 0x7fc5741a03d0 con 0x7fc56003e470
2024-05-11T12:13:46.222 INFO:teuthology.orchestra.run.smithi047.stdout:/usr/bin/ceph: stderr
2024-05-11T12:13:45.646+0000 7fc5789ed700 1 -- 172.21.15.47:0/1109620667 >> [v2:172.21.15.47:6800/811043456,v1:172.21.15.47:6801/811043456] conn(0x7fc56003e470 msgr2=0x7fc560040930 secure :-1 s=STATE_CONNECTION_ESTABLISHED l=1).mark_down
2024-05-11T12:13:46.222 INFO:teuthology.orchestra.run.smithi047.stdout:/usr/bin/ceph: stderr
2024-05-11T12:13:45.646+0000 7fc5789ed700 1 --2- 172.21.15.47:0/1109620667 >> [v2:172.21.15.47:6800/811043456,v1:172.21.15.47:6801/811043456] conn(0x7fc56003e470 0x7fc560040930 secure :-1 s=READY pgs=8 cs=0 l=1 rev1=1 crypto rx=0x7fc55c006fd0 tx=0x7fc55c006e40 comp rx=0 tx=0).stop
2024-05-11T12:13:46.222 INFO:teuthology.orchestra.run.smithi047.stdout:/usr/bin/ceph: stderr
2024-05-11T12:13:45.646+0000 7fc5789ed700 1 -- 172.21.15.47:0/1109620667 >> [v2:172.21.15.47:3300/0,v1:172.21.15.47:6789/0] conn(0x7fc574108df0 msgr2=0x7fc57419cd40 secure :-1 s=STATE_CONNECTION_ESTABLISHED l=1).mark_down
2024-05-11T12:13:46.222 INFO:teuthology.orchestra.run.smithi047.stdout:/usr/bin/ceph: stderr
2024-05-11T12:13:45.646+0000 7fc5789ed700 1 --2- 172.21.15.47:0/1109620667 >> [v2:172.21.15.47:3300/0,v1:172.21.15.47:6789/0] conn(0x7fc574108df0 0x7fc57419cd40 secure :-1 s=READY pgs=73 cs=0 l=1 rev1=1 crypto rx=0x7fc5640116e0 tx=0x7fc564011aa0 comp rx=0 tx=0).stop
2024-05-11T12:13:46.222 INFO:teuthology.orchestra.run.smithi047.stdout:/usr/bin/ceph: stderr
2024-05-11T12:13:45.646+0000 7fc5789ed700 1 -- 172.21.15.47:0/1109620667 shutdown_connections
2024-05-11T12:13:46.222 INFO:teuthology.orchestra.run.smithi047.stdout:/usr/bin/ceph: stderr
2024-05-11T12:13:45.646+0000 7fc5789ed700 1 --2- 172.21.15.47:0/1109620667 >> [v2:172.21.15.47:6800/811043456,v1:172.21.15.47:6801/811043456] conn(0x7fc56003e470 0x7fc560040930 unknown :-1 s=CLOSED pgs=8 cs=0 l=1 rev1=1 crypto rx=0 tx=0 comp rx=0 tx=0).stop
2024-05-11T12:13:46.222 INFO:teuthology.orchestra.run.smithi047.stdout:/usr/bin/ceph: stderr
2024-05-11T12:13:45.646+0000 7fc5789ed700 1 --2- 172.21.15.47:0/1109620667 >> [v2:172.21.15.47:3300/0,v1:172.21.15.47:6789/0] conn(0x7fc574108df0 0x7fc57419cd40 unknown :-1 s=CLOSED pgs=73 cs=0 l=1 rev1=1 crypto rx=0 tx=0 comp rx=0 tx=0).stop
2024-05-11T12:13:46.222 INFO:teuthology.orchestra.run.smithi047.stdout:/usr/bin/ceph: stderr
2024-05-11T12:13:45.646+0000 7fc5789ed700 1 -- 172.21.15.47:0/1109620667 >> 172.21.15.47:0/1109620667 conn(0x7fc5741043b0 msgr2=0x7fc574104ec0 unknown :-1 s=STATE_NONE l=0).mark_down
2024-05-11T12:13:46.222 INFO:teuthology.orchestra.run.smithi047.stdout:/usr/bin/ceph: stderr
2024-05-11T12:13:45.646+0000 7fc5789ed700 1 -- 172.21.15.47:0/1109620667 shutdown_connections
2024-05-11T12:13:46.222 INFO:teuthology.orchestra.run.smithi047.stdout:/usr/bin/ceph: stderr
2024-05-11T12:13:45.646+0000 7fc5789ed700 1 -- 172.21.15.47:0/1109620667 wait complete.
2024-05-11T12:13:46.222 INFO:teuthology.orchestra.run.smithi047.stdout:Fetching dashboard port number...
2024-05-11T12:13:46.473 INFO:journalctl@ceph.mon.a.smithi047.stdout:May 11 12:13:46 smithi047 ceph-mon[30375]: from='mgr.14152 172.21.15.47:0/432058683' entity='mgr.x'
2024-05-11T12:13:46.473 INFO:journalctl@ceph.mon.a.smithi047.stdout:May 11 12:13:46 smithi047 ceph-mon[30375]: from='client.14166 -' entity='client.admin' cmd=[{"prefix": "dashboard ac-user-create", "username": "admin", "rolename": "administrator", "force_password": true, "pwd_update_required": true, "target": ["mon-mgr", ""]}]: dispatch
2024-05-11T12:13:46.474 INFO:journalctl@ceph.mon.a.smithi047.stdout:May 11 12:13:46 smithi047 ceph-mon[30375]: from='mgr.14152 172.21.15.47:0/432058683' entity='mgr.x'
2024-05-11T12:13:48.330 INFO:teuthology.orchestra.run.smithi047.stdout:/usr/bin/ceph: stdout 8443
2024-05-11T12:13:48.330 INFO:teuthology.orchestra.run.smithi047.stdout:/usr/bin/ceph: stderr
2024-05-11T12:13:47.299+0000 7f197f84e700 1 Processor -- start
2024-05-11T12:13:48.330 INFO:teuthology.orchestra.run.smithi047.stdout:/usr/bin/ceph: stderr
2024-05-11T12:13:47.299+0000 7f197f84e700 1 -- start start
2024-05-11T12:13:48.330 INFO:teuthology.orchestra.run.smithi047.stdout:/usr/bin/ceph: stderr
2024-05-11T12:13:47.299+0000 7f197f84e700 1 --2- >> [v2:172.21.15.47:3300/0,v1:172.21.15.47:6789/0] conn(0x7f1978108e30 0x7f1978109250 unknown :-1 s=NONE pgs=0 cs=0 l=0 rev1=0 crypto rx=0 tx=0 comp rx=0 tx=0).connect
2024-05-11T12:13:48.331 INFO:teuthology.orchestra.run.smithi047.stdout:/usr/bin/ceph: stderr
2024-05-11T12:13:47.299+0000 7f197f84e700 1 -- --> [v2:172.21.15.47:3300/0,v1:172.21.15.47:6789/0] -- mon_getmap magic: 0 -- 0x7f1978109790 con 0x7f1978108e30
2024-05-11T12:13:48.331 INFO:teuthology.orchestra.run.smithi047.stdout:/usr/bin/ceph: stderr
2024-05-11T12:13:47.299+0000 7f197d5ea700 1 --2- >> [v2:172.21.15.47:3300/0,v1:172.21.15.47:6789/0] conn(0x7f1978108e30 0x7f1978109250 unknown :-1 s=BANNER_CONNECTING pgs=0 cs=0 l=0 rev1=0 crypto rx=0 tx=0 comp rx=0 tx=0)._handle_peer_banner_payload supported=3 required=0
2024-05-11T12:13:48.331 INFO:teuthology.orchestra.run.smithi047.stdout:/usr/bin/ceph: stderr
2024-05-11T12:13:47.299+0000 7f197d5ea700 1 --2- >> [v2:172.21.15.47:3300/0,v1:172.21.15.47:6789/0] conn(0x7f1978108e30 0x7f1978109250 unknown :-1 s=HELLO_CONNECTING pgs=0 cs=0 l=0 rev1=1 crypto rx=0 tx=0 comp rx=0 tx=0).handle_hello peer v2:172.21.15.47:3300/0 says I am v2:172.21.15.47:40840/0 (socket says 172.21.15.47:40840)
2024-05-11T12:13:48.331 INFO:teuthology.orchestra.run.smithi047.stdout:/usr/bin/ceph: stderr
2024-05-11T12:13:47.299+0000 7f197d5ea700 1 -- 172.21.15.47:0/1390077654 learned_addr learned my addr 172.21.15.47:0/1390077654 (peer_addr_for_me v2:172.21.15.47:0/0)
2024-05-11T12:13:48.331 INFO:teuthology.orchestra.run.smithi047.stdout:/usr/bin/ceph: stderr
2024-05-11T12:13:47.299+0000 7f197d5ea700 1 -- 172.21.15.47:0/1390077654 --> [v2:172.21.15.47:3300/0,v1:172.21.15.47:6789/0] -- mon_subscribe({config=0+,monmap=0+}) -- 0x7f1978109f90 con 0x7f1978108e30
2024-05-11T12:13:48.331 INFO:teuthology.orchestra.run.smithi047.stdout:/usr/bin/ceph: stderr
2024-05-11T12:13:47.300+0000 7f197d5ea700 1 --2- 172.21.15.47:0/1390077654 >> [v2:172.21.15.47:3300/0,v1:172.21.15.47:6789/0] conn(0x7f1978108e30 0x7f1978109250 secure :-1 s=READY pgs=74 cs=0 l=1 rev1=1 crypto rx=0x7f1974009e80 tx=0x7f197400b330 comp rx=0 tx=0).ready entity=mon.0 client_cookie=b26d7fd69c147bb7 server_cookie=0 in_seq=0 out_seq=0
2024-05-11T12:13:48.331 INFO:teuthology.orchestra.run.smithi047.stdout:/usr/bin/ceph: stderr
2024-05-11T12:13:47.300+0000 7f196ffff700 1 -- 172.21.15.47:0/1390077654 <== mon.0 v2:172.21.15.47:3300/0 1 ==== mon_map magic: 0 ==== 205+0+0 (secure 0 0 0) 0x7f1974017070 con 0x7f1978108e30
2024-05-11T12:13:48.331 INFO:teuthology.orchestra.run.smithi047.stdout:/usr/bin/ceph: stderr
2024-05-11T12:13:47.300+0000 7f196ffff700 1 -- 172.21.15.47:0/1390077654 <== mon.0 v2:172.21.15.47:3300/0 2 ==== config(26 keys) ==== 1101+0+0 (secure 0 0 0) 0x7f197400b8c0 con 0x7f1978108e30
2024-05-11T12:13:48.331 INFO:teuthology.orchestra.run.smithi047.stdout:/usr/bin/ceph: stderr
2024-05-11T12:13:47.300+0000 7f196ffff700 1 -- 172.21.15.47:0/1390077654 <== mon.0 v2:172.21.15.47:3300/0 3 ==== mon_map magic: 0 ==== 205+0+0 (secure 0 0 0) 0x7f1974004490 con 0x7f1978108e30
2024-05-11T12:13:48.331 INFO:teuthology.orchestra.run.smithi047.stdout:/usr/bin/ceph: stderr
2024-05-11T12:13:47.300+0000 7f197f84e700 1 -- 172.21.15.47:0/1390077654 >> [v2:172.21.15.47:3300/0,v1:172.21.15.47:6789/0] conn(0x7f1978108e30 msgr2=0x7f1978109250 secure :-1 s=STATE_CONNECTION_ESTABLISHED l=1).mark_down
2024-05-11T12:13:48.331 INFO:teuthology.orchestra.run.smithi047.stdout:/usr/bin/ceph: stderr
2024-05-11T12:13:47.300+0000 7f197f84e700 1 --2- 172.21.15.47:0/1390077654 >> [v2:172.21.15.47:3300/0,v1:172.21.15.47:6789/0] conn(0x7f1978108e30 0x7f1978109250 secure :-1 s=READY pgs=74 cs=0 l=1 rev1=1 crypto rx=0x7f1974009e80 tx=0x7f197400b330 comp rx=0 tx=0).stop
2024-05-11T12:13:48.331 INFO:teuthology.orchestra.run.smithi047.stdout:/usr/bin/ceph: stderr
2024-05-11T12:13:47.300+0000 7f197f84e700 1 -- 172.21.15.47:0/1390077654 shutdown_connections
2024-05-11T12:13:48.331 INFO:teuthology.orchestra.run.smithi047.stdout:/usr/bin/ceph: stderr
2024-05-11T12:13:47.300+0000 7f197f84e700 1 --2- 172.21.15.47:0/1390077654 >> [v2:172.21.15.47:3300/0,v1:172.21.15.47:6789/0] conn(0x7f1978108e30 0x7f1978109250 unknown :-1 s=CLOSED pgs=74 cs=0 l=1 rev1=1 crypto rx=0 tx=0 comp rx=0 tx=0).stop
2024-05-11T12:13:48.332 INFO:teuthology.orchestra.run.smithi047.stdout:/usr/bin/ceph: stderr
2024-05-11T12:13:47.300+0000 7f197f84e700 1 -- 172.21.15.47:0/1390077654 >> 172.21.15.47:0/1390077654 conn(0x7f19781043f0 msgr2=0x7f1978106810 unknown :-1 s=STATE_NONE l=0).mark_down
2024-05-11T12:13:48.332 INFO:teuthology.orchestra.run.smithi047.stdout:/usr/bin/ceph: stderr
2024-05-11T12:13:47.300+0000 7f197f84e700 1 -- 172.21.15.47:0/1390077654 shutdown_connections
2024-05-11T12:13:48.332 INFO:teuthology.orchestra.run.smithi047.stdout:/usr/bin/ceph: stderr
2024-05-11T12:13:47.301+0000 7f197f84e700 1 -- 172.21.15.47:0/1390077654 wait complete.
2024-05-11T12:13:48.332 INFO:teuthology.orchestra.run.smithi047.stdout:/usr/bin/ceph: stderr
2024-05-11T12:13:47.301+0000 7f197f84e700 1 Processor -- start
2024-05-11T12:13:48.332 INFO:teuthology.orchestra.run.smithi047.stdout:/usr/bin/ceph: stderr
2024-05-11T12:13:47.301+0000 7f197f84e700 1 -- start start
2024-05-11T12:13:48.332 INFO:teuthology.orchestra.run.smithi047.stdout:/usr/bin/ceph: stderr
2024-05-11T12:13:47.301+0000 7f197f84e700 1 --2- >> [v2:172.21.15.47:3300/0,v1:172.21.15.47:6789/0] conn(0x7f1978108e30 0x7f197807f390 unknown :-1 s=NONE pgs=0 cs=0 l=1 rev1=0 crypto rx=0 tx=0 comp rx=0 tx=0).connect
2024-05-11T12:13:48.332 INFO:teuthology.orchestra.run.smithi047.stdout:/usr/bin/ceph: stderr
2024-05-11T12:13:47.301+0000 7f197f84e700 1 -- --> [v2:172.21.15.47:3300/0,v1:172.21.15.47:6789/0] -- mon_getmap magic: 0 -- 0x7f197810d3d0 con 0x7f1978108e30
2024-05-11T12:13:48.332 INFO:teuthology.orchestra.run.smithi047.stdout:/usr/bin/ceph: stderr
2024-05-11T12:13:47.301+0000 7f197d5ea700 1 --2- >> [v2:172.21.15.47:3300/0,v1:172.21.15.47:6789/0] conn(0x7f1978108e30 0x7f197807f390 unknown :-1 s=BANNER_CONNECTING pgs=0 cs=0 l=1 rev1=0 crypto rx=0 tx=0 comp rx=0 tx=0)._handle_peer_banner_payload supported=3 required=0
2024-05-11T12:13:48.332 INFO:teuthology.orchestra.run.smithi047.stdout:/usr/bin/ceph: stderr
2024-05-11T12:13:47.301+0000 7f197d5ea700 1 --2- >> [v2:172.21.15.47:3300/0,v1:172.21.15.47:6789/0] conn(0x7f1978108e30 0x7f197807f390 unknown :-1 s=HELLO_CONNECTING pgs=0 cs=0 l=1 rev1=1 crypto rx=0 tx=0 comp rx=0 tx=0).handle_hello peer v2:172.21.15.47:3300/0 says I am v2:172.21.15.47:40854/0 (socket says 172.21.15.47:40854)
2024-05-11T12:13:48.332 INFO:teuthology.orchestra.run.smithi047.stdout:/usr/bin/ceph: stderr
2024-05-11T12:13:47.301+0000 7f197d5ea700 1 -- 172.21.15.47:0/1798296262 learned_addr learned my addr 172.21.15.47:0/1798296262 (peer_addr_for_me v2:172.21.15.47:0/0)
2024-05-11T12:13:48.332 INFO:teuthology.orchestra.run.smithi047.stdout:/usr/bin/ceph: stderr
2024-05-11T12:13:47.302+0000 7f197d5ea700 1 -- 172.21.15.47:0/1798296262 --> [v2:172.21.15.47:3300/0,v1:172.21.15.47:6789/0] -- mon_subscribe({config=0+,monmap=0+}) -- 0x7f197807f8d0 con 0x7f1978108e30
2024-05-11T12:13:48.332 INFO:teuthology.orchestra.run.smithi047.stdout:/usr/bin/ceph: stderr
2024-05-11T12:13:47.302+0000 7f197d5ea700 1 --2- 172.21.15.47:0/1798296262 >> [v2:172.21.15.47:3300/0,v1:172.21.15.47:6789/0] conn(0x7f1978108e30 0x7f197807f390 secure :-1 s=READY pgs=75 cs=0 l=1 rev1=1 crypto rx=0x7f1974004220 tx=0x7f197400bd30 comp rx=0 tx=0).ready entity=mon.0 client_cookie=0 server_cookie=0 in_seq=0 out_seq=0
2024-05-11T12:13:48.332 INFO:teuthology.orchestra.run.smithi047.stdout:/usr/bin/ceph: stderr
2024-05-11T12:13:47.302+0000 7f196e7fc700 1 -- 172.21.15.47:0/1798296262 <== mon.0 v2:172.21.15.47:3300/0 1 ==== mon_map magic: 0 ==== 205+0+0 (secure 0 0 0) 0x7f1974017040 con 0x7f1978108e30
2024-05-11T12:13:48.332 INFO:teuthology.orchestra.run.smithi047.stdout:/usr/bin/ceph: stderr
2024-05-11T12:13:47.302+0000 7f196e7fc700 1 -- 172.21.15.47:0/1798296262 <== mon.0 v2:172.21.15.47:3300/0 2 ==== config(26 keys) ==== 1101+0+0 (secure 0 0 0) 0x7f1974022070 con 0x7f1978108e30
2024-05-11T12:13:48.333 INFO:teuthology.orchestra.run.smithi047.stdout:/usr/bin/ceph: stderr
2024-05-11T12:13:47.302+0000 7f197f84e700 1 -- 172.21.15.47:0/1798296262 --> [v2:172.21.15.47:3300/0,v1:172.21.15.47:6789/0] -- mon_subscribe({mgrmap=0+}) -- 0x7f197807dac0 con 0x7f1978108e30
2024-05-11T12:13:48.333 INFO:teuthology.orchestra.run.smithi047.stdout:/usr/bin/ceph: stderr
2024-05-11T12:13:47.302+0000 7f196e7fc700 1 -- 172.21.15.47:0/1798296262 <== mon.0 v2:172.21.15.47:3300/0 3 ==== mon_map magic: 0 ==== 205+0+0 (secure 0 0 0) 0x7f1974012430 con 0x7f1978108e30
2024-05-11T12:13:48.333 INFO:teuthology.orchestra.run.smithi047.stdout:/usr/bin/ceph: stderr
2024-05-11T12:13:47.302+0000 7f197f84e700 1 -- 172.21.15.47:0/1798296262 --> [v2:172.21.15.47:3300/0,v1:172.21.15.47:6789/0] -- mon_subscribe({osdmap=0}) -- 0x7f197807e000 con 0x7f1978108e30
2024-05-11T12:13:48.333 INFO:teuthology.orchestra.run.smithi047.stdout:/usr/bin/ceph: stderr
2024-05-11T12:13:47.303+0000 7f196e7fc700 1 -- 172.21.15.47:0/1798296262 <== mon.0 v2:172.21.15.47:3300/0 4 ==== mgrmap(e 12) ==== 50235+0+0 (secure 0 0 0) 0x7f197401d440 con 0x7f1978108e30
2024-05-11T12:13:48.333 INFO:teuthology.orchestra.run.smithi047.stdout:/usr/bin/ceph: stderr
2024-05-11T12:13:47.303+0000 7f197f84e700 1 -- 172.21.15.47:0/1798296262 --> [v2:172.21.15.47:3300/0,v1:172.21.15.47:6789/0] -- mon_command({"prefix": "get_command_descriptions"} v 0) -- 0x7f1978064bb0 con 0x7f1978108e30
2024-05-11T12:13:48.333 INFO:teuthology.orchestra.run.smithi047.stdout:/usr/bin/ceph: stderr
2024-05-11T12:13:47.303+0000 7f196e7fc700 1 --2- 172.21.15.47:0/1798296262 >> [v2:172.21.15.47:6800/811043456,v1:172.21.15.47:6801/811043456] conn(0x7f196403e4c0 0x7f1964040980 unknown :-1 s=NONE pgs=0 cs=0 l=1 rev1=0 crypto rx=0 tx=0 comp rx=0 tx=0).connect
2024-05-11T12:13:48.333 INFO:teuthology.orchestra.run.smithi047.stdout:/usr/bin/ceph: stderr
2024-05-11T12:13:47.303+0000 7f196e7fc700 1 -- 172.21.15.47:0/1798296262 <== mon.0 v2:172.21.15.47:3300/0 5 ==== osd_map(3..3 src has 1..3) ==== 1155+0+0 (secure 0 0 0) 0x7f197400f050 con 0x7f1978108e30
2024-05-11T12:13:48.333 INFO:teuthology.orchestra.run.smithi047.stdout:/usr/bin/ceph: stderr
2024-05-11T12:13:47.304+0000 7f197cde9700 1 --2- 172.21.15.47:0/1798296262 >> [v2:172.21.15.47:6800/811043456,v1:172.21.15.47:6801/811043456] conn(0x7f196403e4c0 0x7f1964040980 unknown :-1 s=BANNER_CONNECTING pgs=0 cs=0 l=1 rev1=0 crypto rx=0 tx=0 comp rx=0 tx=0)._handle_peer_banner_payload supported=3 required=0
2024-05-11T12:13:48.333 INFO:teuthology.orchestra.run.smithi047.stdout:/usr/bin/ceph: stderr
2024-05-11T12:13:47.304+0000 7f197cde9700 1 --2- 172.21.15.47:0/1798296262 >> [v2:172.21.15.47:6800/811043456,v1:172.21.15.47:6801/811043456] conn(0x7f196403e4c0 0x7f1964040980 secure :-1 s=READY pgs=9 cs=0 l=1 rev1=1 crypto rx=0x7f1968006fd0 tx=0x7f1968006e40 comp rx=0 tx=0).ready entity=mgr.14152 client_cookie=0 server_cookie=0 in_seq=0 out_seq=0
2024-05-11T12:13:48.333 INFO:teuthology.orchestra.run.smithi047.stdout:/usr/bin/ceph: stderr
2024-05-11T12:13:47.309+0000 7f196e7fc700 1 -- 172.21.15.47:0/1798296262 <== mon.0 v2:172.21.15.47:3300/0 6 ==== mon_command_ack([{"prefix": "get_command_descriptions"}]=0 v0) ==== 72+0+191963 (secure 0 0 0) 0x7f197401b3f0 con 0x7f1978108e30
2024-05-11T12:13:48.333 INFO:teuthology.orchestra.run.smithi047.stdout:/usr/bin/ceph: stderr
2024-05-11T12:13:47.484+0000 7f196e7fc700 1 -- 172.21.15.47:0/1798296262 <== mon.0 v2:172.21.15.47:3300/0 7 ==== mgrmap(e 13) ==== 50278+0+0 (secure 0 0 0) 0x7f1974025360 con 0x7f1978108e30
2024-05-11T12:13:48.333 INFO:teuthology.orchestra.run.smithi047.stdout:/usr/bin/ceph: stderr
2024-05-11T12:13:47.527+0000 7f197f84e700 1 -- 172.21.15.47:0/1798296262 --> [v2:172.21.15.47:3300/0,v1:172.21.15.47:6789/0] -- mon_command({"prefix": "config get", "who": "mgr", "key": "mgr/dashboard/ssl_server_port"} v 0) -- 0x7f197807e930 con 0x7f1978108e30
2024-05-11T12:13:48.333 INFO:teuthology.orchestra.run.smithi047.stdout:/usr/bin/ceph: stderr
2024-05-11T12:13:47.528+0000 7f196e7fc700 1 -- 172.21.15.47:0/1798296262 <== mon.0 v2:172.21.15.47:3300/0 8 ==== mon_command_ack([{"prefix": "config get", "who": "mgr", "key": "mgr/dashboard/ssl_server_port"}]=0 v8) ==== 112+0+5 (secure 0 0 0) 0x7f197401aa50 con 0x7f1978108e30
2024-05-11T12:13:48.333 INFO:teuthology.orchestra.run.smithi047.stdout:/usr/bin/ceph: stderr
2024-05-11T12:13:47.530+0000 7f197f84e700 1 -- 172.21.15.47:0/1798296262 >> [v2:172.21.15.47:6800/811043456,v1:172.21.15.47:6801/811043456] conn(0x7f196403e4c0 msgr2=0x7f1964040980 secure :-1 s=STATE_CONNECTION_ESTABLISHED l=1).mark_down
2024-05-11T12:13:48.334 INFO:teuthology.orchestra.run.smithi047.stdout:/usr/bin/ceph: stderr
2024-05-11T12:13:47.530+0000 7f197f84e700 1 --2- 172.21.15.47:0/1798296262 >> [v2:172.21.15.47:6800/811043456,v1:172.21.15.47:6801/811043456] conn(0x7f196403e4c0 0x7f1964040980 secure :-1 s=READY pgs=9 cs=0 l=1 rev1=1 crypto rx=0x7f1968006fd0 tx=0x7f1968006e40 comp rx=0 tx=0).stop
2024-05-11T12:13:48.334 INFO:teuthology.orchestra.run.smithi047.stdout:/usr/bin/ceph: stderr
2024-05-11T12:13:47.530+0000 7f197f84e700 1 -- 172.21.15.47:0/1798296262 >> [v2:172.21.15.47:3300/0,v1:172.21.15.47:6789/0] conn(0x7f1978108e30 msgr2=0x7f197807f390 secure :-1 s=STATE_CONNECTION_ESTABLISHED l=1).mark_down
2024-05-11T12:13:48.334 INFO:teuthology.orchestra.run.smithi047.stdout:/usr/bin/ceph: stderr
2024-05-11T12:13:47.530+0000 7f197f84e700 1 --2- 172.21.15.47:0/1798296262 >> [v2:172.21.15.47:3300/0,v1:172.21.15.47:6789/0] conn(0x7f1978108e30 0x7f197807f390 secure :-1 s=READY pgs=75 cs=0 l=1 rev1=1 crypto rx=0x7f1974004220 tx=0x7f197400bd30 comp rx=0 tx=0).stop
2024-05-11T12:13:48.334 INFO:teuthology.orchestra.run.smithi047.stdout:/usr/bin/ceph: stderr
2024-05-11T12:13:47.530+0000 7f197f84e700 1 -- 172.21.15.47:0/1798296262 shutdown_connections
2024-05-11T12:13:48.334 INFO:teuthology.orchestra.run.smithi047.stdout:/usr/bin/ceph: stderr
2024-05-11T12:13:47.530+0000 7f197f84e700 1 --2- 172.21.15.47:0/1798296262 >> [v2:172.21.15.47:6800/811043456,v1:172.21.15.47:6801/811043456] conn(0x7f196403e4c0 0x7f1964040980 unknown :-1 s=CLOSED pgs=9 cs=0 l=1 rev1=1 crypto rx=0 tx=0 comp rx=0 tx=0).stop
2024-05-11T12:13:48.334 INFO:teuthology.orchestra.run.smithi047.stdout:/usr/bin/ceph: stderr
2024-05-11T12:13:47.530+0000 7f197f84e700 1 --2- 172.21.15.47:0/1798296262 >> [v2:172.21.15.47:3300/0,v1:172.21.15.47:6789/0] conn(0x7f1978108e30 0x7f197807f390 unknown :-1 s=CLOSED pgs=75 cs=0 l=1 rev1=1 crypto rx=0 tx=0 comp rx=0 tx=0).stop
2024-05-11T12:13:48.334 INFO:teuthology.orchestra.run.smithi047.stdout:/usr/bin/ceph: stderr
2024-05-11T12:13:47.530+0000 7f197f84e700 1 -- 172.21.15.47:0/1798296262 >> 172.21.15.47:0/1798296262 conn(0x7f19781043f0 msgr2=0x7f1978104e60 unknown :-1 s=STATE_NONE l=0).mark_down
2024-05-11T12:13:48.334 INFO:teuthology.orchestra.run.smithi047.stdout:/usr/bin/ceph: stderr
2024-05-11T12:13:47.530+0000 7f197f84e700 1 -- 172.21.15.47:0/1798296262 shutdown_connections
2024-05-11T12:13:48.334 INFO:teuthology.orchestra.run.smithi047.stdout:/usr/bin/ceph: stderr
2024-05-11T12:13:47.530+0000 7f197f84e700 1 -- 172.21.15.47:0/1798296262 wait complete.
2024-05-11T12:13:48.341 INFO:teuthology.orchestra.run.smithi047.stdout:Non-zero exit code 1 from systemctl is-enabled firewalld.service
2024-05-11T12:13:48.341 INFO:teuthology.orchestra.run.smithi047.stdout:systemctl: stdout disabled
2024-05-11T12:13:48.349 INFO:teuthology.orchestra.run.smithi047.stdout:Non-zero exit code 3 from systemctl is-active firewalld.service
2024-05-11T12:13:48.350 INFO:teuthology.orchestra.run.smithi047.stdout:systemctl: stdout inactive
2024-05-11T12:13:48.350 INFO:teuthology.orchestra.run.smithi047.stdout:firewalld.service is not enabled
2024-05-11T12:13:48.350 INFO:teuthology.orchestra.run.smithi047.stdout:Not possible to open ports <[8443]>. firewalld.service is not available
2024-05-11T12:13:48.352 INFO:teuthology.orchestra.run.smithi047.stdout:Ceph Dashboard is now available at:
2024-05-11T12:13:48.352 INFO:teuthology.orchestra.run.smithi047.stdout:
2024-05-11T12:13:48.352 INFO:teuthology.orchestra.run.smithi047.stdout: URL: https://smithi047.front.sepia.ceph.com:8443/
2024-05-11T12:13:48.352 INFO:teuthology.orchestra.run.smithi047.stdout: User: admin
2024-05-11T12:13:48.352 INFO:teuthology.orchestra.run.smithi047.stdout: Password: 8r7ffll0s4
2024-05-11T12:13:48.352 INFO:teuthology.orchestra.run.smithi047.stdout:
2024-05-11T12:13:48.353 INFO:teuthology.orchestra.run.smithi047.stdout:Saving cluster configuration to /var/lib/ceph/9b1a9a48-0f8f-11ef-bc98-c7b262605968/config directory
2024-05-11T12:13:48.353 INFO:teuthology.orchestra.run.smithi047.stdout:Enabling autotune for osd_memory_target
2024-05-11T12:13:48.600 INFO:journalctl@ceph.mon.a.smithi047.stdout:May 11 12:13:48 smithi047 ceph-mon[30375]: mgrmap e13: x(active, since 6s)
2024-05-11T12:13:48.600 INFO:journalctl@ceph.mon.a.smithi047.stdout:May 11 12:13:48 smithi047 ceph-mon[30375]: from='client.? 172.21.15.47:0/1798296262' entity='client.admin' cmd=[{"prefix": "config get", "who": "mgr", "key": "mgr/dashboard/ssl_server_port"}]: dispatch
2024-05-11T12:13:49.611 INFO:teuthology.orchestra.run.smithi047.stdout:/usr/bin/ceph: stderr
2024-05-11T12:13:48.809+0000 7fe014774700 1 Processor -- start
2024-05-11T12:13:49.611 INFO:teuthology.orchestra.run.smithi047.stdout:/usr/bin/ceph: stderr
2024-05-11T12:13:48.809+0000 7fe014774700 1 -- start start
2024-05-11T12:13:49.611 INFO:teuthology.orchestra.run.smithi047.stdout:/usr/bin/ceph: stderr
2024-05-11T12:13:48.809+0000 7fe014774700 1 --2- >> [v2:172.21.15.47:3300/0,v1:172.21.15.47:6789/0] conn(0x7fe00c1098d0 0x7fe00c10bcc0 unknown :-1 s=NONE pgs=0 cs=0 l=0 rev1=0 crypto rx=0 tx=0 comp rx=0 tx=0).connect
2024-05-11T12:13:49.611 INFO:teuthology.orchestra.run.smithi047.stdout:/usr/bin/ceph: stderr
2024-05-11T12:13:48.809+0000 7fe014774700 1 -- --> [v2:172.21.15.47:3300/0,v1:172.21.15.47:6789/0] -- mon_getmap magic: 0 -- 0x7fe00c07d690 con 0x7fe00c1098d0
2024-05-11T12:13:49.612 INFO:teuthology.orchestra.run.smithi047.stdout:/usr/bin/ceph: stderr
2024-05-11T12:13:48.810+0000 7fe012510700 1 --2- >> [v2:172.21.15.47:3300/0,v1:172.21.15.47:6789/0] conn(0x7fe00c1098d0 0x7fe00c10bcc0 unknown :-1 s=BANNER_CONNECTING pgs=0 cs=0 l=0 rev1=0 crypto rx=0 tx=0 comp rx=0 tx=0)._handle_peer_banner_payload supported=3 required=0
2024-05-11T12:13:49.612 INFO:teuthology.orchestra.run.smithi047.stdout:/usr/bin/ceph: stderr
2024-05-11T12:13:48.810+0000 7fe012510700 1 --2- >> [v2:172.21.15.47:3300/0,v1:172.21.15.47:6789/0] conn(0x7fe00c1098d0 0x7fe00c10bcc0 unknown :-1 s=HELLO_CONNECTING pgs=0 cs=0 l=0 rev1=1 crypto rx=0 tx=0 comp rx=0 tx=0).handle_hello peer v2:172.21.15.47:3300/0 says I am v2:172.21.15.47:40856/0 (socket says 172.21.15.47:40856)
2024-05-11T12:13:49.612 INFO:teuthology.orchestra.run.smithi047.stdout:/usr/bin/ceph: stderr
2024-05-11T12:13:48.810+0000 7fe012510700 1 -- 172.21.15.47:0/734775031 learned_addr learned my addr 172.21.15.47:0/734775031 (peer_addr_for_me v2:172.21.15.47:0/0)
2024-05-11T12:13:49.612 INFO:teuthology.orchestra.run.smithi047.stdout:/usr/bin/ceph: stderr
2024-05-11T12:13:48.810+0000 7fe012510700 1 -- 172.21.15.47:0/734775031 --> [v2:172.21.15.47:3300/0,v1:172.21.15.47:6789/0] -- mon_subscribe({config=0+,monmap=0+}) -- 0x7fe00c10c200 con 0x7fe00c1098d0
2024-05-11T12:13:49.612 INFO:teuthology.orchestra.run.smithi047.stdout:/usr/bin/ceph: stderr
2024-05-11T12:13:48.810+0000 7fe012510700 1 --2- 172.21.15.47:0/734775031 >> [v2:172.21.15.47:3300/0,v1:172.21.15.47:6789/0] conn(0x7fe00c1098d0 0x7fe00c10bcc0 secure :-1 s=READY pgs=76 cs=0 l=1 rev1=1 crypto rx=0x7fe008009e80 tx=0x7fe00800b330 comp rx=0 tx=0).ready entity=mon.0 client_cookie=f26a8e21998c04fa server_cookie=0 in_seq=0 out_seq=0
2024-05-11T12:13:49.612 INFO:teuthology.orchestra.run.smithi047.stdout:/usr/bin/ceph: stderr
2024-05-11T12:13:48.810+0000 7fe01150e700 1 -- 172.21.15.47:0/734775031 <== mon.0 v2:172.21.15.47:3300/0 1 ==== mon_map magic: 0 ==== 205+0+0 (secure 0 0 0) 0x7fe008017070 con 0x7fe00c1098d0
2024-05-11T12:13:49.612 INFO:teuthology.orchestra.run.smithi047.stdout:/usr/bin/ceph: stderr
2024-05-11T12:13:48.810+0000 7fe01150e700 1 -- 172.21.15.47:0/734775031 <== mon.0 v2:172.21.15.47:3300/0 2 ==== config(26 keys) ==== 1101+0+0 (secure 0 0 0) 0x7fe00800b8c0 con 0x7fe00c1098d0
2024-05-11T12:13:49.612 INFO:teuthology.orchestra.run.smithi047.stdout:/usr/bin/ceph: stderr
2024-05-11T12:13:48.810+0000 7fe01150e700 1 -- 172.21.15.47:0/734775031 <== mon.0 v2:172.21.15.47:3300/0 3 ==== mon_map magic: 0 ==== 205+0+0 (secure 0 0 0) 0x7fe008004490 con 0x7fe00c1098d0
2024-05-11T12:13:49.612 INFO:teuthology.orchestra.run.smithi047.stdout:/usr/bin/ceph: stderr
2024-05-11T12:13:48.811+0000 7fe014774700 1 -- 172.21.15.47:0/734775031 >> [v2:172.21.15.47:3300/0,v1:172.21.15.47:6789/0] conn(0x7fe00c1098d0 msgr2=0x7fe00c10bcc0 secure :-1 s=STATE_CONNECTION_ESTABLISHED l=1).mark_down
2024-05-11T12:13:49.612 INFO:teuthology.orchestra.run.smithi047.stdout:/usr/bin/ceph: stderr
2024-05-11T12:13:48.811+0000 7fe014774700 1 --2- 172.21.15.47:0/734775031 >> [v2:172.21.15.47:3300/0,v1:172.21.15.47:6789/0] conn(0x7fe00c1098d0 0x7fe00c10bcc0 secure :-1 s=READY pgs=76 cs=0 l=1 rev1=1 crypto rx=0x7fe008009e80 tx=0x7fe00800b330 comp rx=0 tx=0).stop
2024-05-11T12:13:49.612 INFO:teuthology.orchestra.run.smithi047.stdout:/usr/bin/ceph: stderr
2024-05-11T12:13:48.811+0000 7fe014774700 1 -- 172.21.15.47:0/734775031 shutdown_connections
2024-05-11T12:13:49.612 INFO:teuthology.orchestra.run.smithi047.stdout:/usr/bin/ceph: stderr
2024-05-11T12:13:48.811+0000 7fe014774700 1 --2- 172.21.15.47:0/734775031 >> [v2:172.21.15.47:3300/0,v1:172.21.15.47:6789/0] conn(0x7fe00c1098d0 0x7fe00c10bcc0 unknown :-1 s=CLOSED pgs=76 cs=0 l=1 rev1=1 crypto rx=0 tx=0 comp rx=0 tx=0).stop
2024-05-11T12:13:49.612 INFO:teuthology.orchestra.run.smithi047.stdout:/usr/bin/ceph: stderr
2024-05-11T12:13:48.811+0000 7fe014774700 1 -- 172.21.15.47:0/734775031 >> 172.21.15.47:0/734775031 conn(0x7fe00c1032e0 msgr2=0x7fe00c105700 unknown :-1 s=STATE_NONE l=0).mark_down
2024-05-11T12:13:49.612 INFO:teuthology.orchestra.run.smithi047.stdout:/usr/bin/ceph: stderr
2024-05-11T12:13:48.811+0000 7fe014774700 1 -- 172.21.15.47:0/734775031 shutdown_connections
2024-05-11T12:13:49.613 INFO:teuthology.orchestra.run.smithi047.stdout:/usr/bin/ceph: stderr
2024-05-11T12:13:48.811+0000 7fe014774700 1 -- 172.21.15.47:0/734775031 wait complete.
2024-05-11T12:13:49.613 INFO:teuthology.orchestra.run.smithi047.stdout:/usr/bin/ceph: stderr
2024-05-11T12:13:48.812+0000 7fe014774700 1 Processor -- start
2024-05-11T12:13:49.613 INFO:teuthology.orchestra.run.smithi047.stdout:/usr/bin/ceph: stderr
2024-05-11T12:13:48.812+0000 7fe014774700 1 -- start start
2024-05-11T12:13:49.613 INFO:teuthology.orchestra.run.smithi047.stdout:/usr/bin/ceph: stderr
2024-05-11T12:13:48.812+0000 7fe014774700 1 --2- >> [v2:172.21.15.47:3300/0,v1:172.21.15.47:6789/0] conn(0x7fe00c1098d0 0x7fe00c19cd50 unknown :-1 s=NONE pgs=0 cs=0 l=1 rev1=0 crypto rx=0 tx=0 comp rx=0 tx=0).connect
2024-05-11T12:13:49.613 INFO:teuthology.orchestra.run.smithi047.stdout:/usr/bin/ceph: stderr
2024-05-11T12:13:48.812+0000 7fe014774700 1 -- --> [v2:172.21.15.47:3300/0,v1:172.21.15.47:6789/0] -- mon_getmap magic: 0 -- 0x7fe00c10d200 con 0x7fe00c1098d0
2024-05-11T12:13:49.613 INFO:teuthology.orchestra.run.smithi047.stdout:/usr/bin/ceph: stderr
2024-05-11T12:13:48.812+0000 7fe012510700 1 --2- >> [v2:172.21.15.47:3300/0,v1:172.21.15.47:6789/0] conn(0x7fe00c1098d0 0x7fe00c19cd50 unknown :-1 s=BANNER_CONNECTING pgs=0 cs=0 l=1 rev1=0 crypto rx=0 tx=0 comp rx=0 tx=0)._handle_peer_banner_payload supported=3 required=0
2024-05-11T12:13:49.613 INFO:teuthology.orchestra.run.smithi047.stdout:/usr/bin/ceph: stderr
2024-05-11T12:13:48.812+0000 7fe012510700 1 --2- >> [v2:172.21.15.47:3300/0,v1:172.21.15.47:6789/0] conn(0x7fe00c1098d0 0x7fe00c19cd50 unknown :-1 s=HELLO_CONNECTING pgs=0 cs=0 l=1 rev1=1 crypto rx=0 tx=0 comp rx=0 tx=0).handle_hello peer v2:172.21.15.47:3300/0 says I am v2:172.21.15.47:40870/0 (socket says 172.21.15.47:40870)
2024-05-11T12:13:49.613 INFO:teuthology.orchestra.run.smithi047.stdout:/usr/bin/ceph: stderr
