2024-05-11T12:27:07.285+0000 7f332f7fe700 1 --2- >> [v2:172.21.15.16:3300/0,v1:172.21.15.16:6789/0] conn(0x7f3330107be0 0x7f3330108000 unknown :-1 s=HELLO_CONNECTING pgs=0 cs=0 l=0 rev1=1 crypto rx=0 tx=0 comp rx=0 tx=0).handle_hello peer v2:172.21.15.16:3300/0 says I am v2:172.21.15.16:54516/0 (socket says 172.21.15.16:54516)
2024-05-11T12:27:08.098 INFO:teuthology.orchestra.run.smithi016.stdout:/usr/bin/ceph: stderr
2024-05-11T12:27:07.285+0000 7f332f7fe700 1 -- 172.21.15.16:0/3195593103 learned_addr learned my addr 172.21.15.16:0/3195593103 (peer_addr_for_me v2:172.21.15.16:0/0)
2024-05-11T12:27:08.099 INFO:teuthology.orchestra.run.smithi016.stdout:/usr/bin/ceph: stderr
2024-05-11T12:27:07.285+0000 7f332f7fe700 1 -- 172.21.15.16:0/3195593103 --> [v2:172.21.15.16:3300/0,v1:172.21.15.16:6789/0] -- mon_subscribe({config=0+,monmap=0+}) -- 0x7f3330108540 con 0x7f3330107be0
2024-05-11T12:27:08.099 INFO:teuthology.orchestra.run.smithi016.stdout:/usr/bin/ceph: stderr
2024-05-11T12:27:07.285+0000 7f332f7fe700 1 --2- 172.21.15.16:0/3195593103 >> [v2:172.21.15.16:3300/0,v1:172.21.15.16:6789/0] conn(0x7f3330107be0 0x7f3330108000 secure :-1 s=READY pgs=39 cs=0 l=1 rev1=1 crypto rx=0x7f3320009e80 tx=0x7f332000b330 comp rx=0 tx=0).ready entity=mon.0 client_cookie=c811b39d640ae1bd server_cookie=0 in_seq=0 out_seq=0
2024-05-11T12:27:08.099 INFO:teuthology.orchestra.run.smithi016.stdout:/usr/bin/ceph: stderr
2024-05-11T12:27:07.285+0000 7f332e7fc700 1 -- 172.21.15.16:0/3195593103 <== mon.0 v2:172.21.15.16:3300/0 1 ==== mon_map magic: 0 ==== 205+0+0 (secure 0 0 0) 0x7f3320017070 con 0x7f3330107be0
2024-05-11T12:27:08.099 INFO:teuthology.orchestra.run.smithi016.stdout:/usr/bin/ceph: stderr
2024-05-11T12:27:07.285+0000 7f332e7fc700 1 -- 172.21.15.16:0/3195593103 <== mon.0 v2:172.21.15.16:3300/0 2 ==== config(28 keys) ==== 1139+0+0 (secure 0 0 0) 0x7f332000b8c0 con 0x7f3330107be0
2024-05-11T12:27:08.099 INFO:teuthology.orchestra.run.smithi016.stdout:/usr/bin/ceph: stderr
2024-05-11T12:27:07.285+0000 7f332e7fc700 1 -- 172.21.15.16:0/3195593103 <== mon.0 v2:172.21.15.16:3300/0 3 ==== mon_map magic: 0 ==== 205+0+0 (secure 0 0 0) 0x7f3320004620 con 0x7f3330107be0
2024-05-11T12:27:08.099 INFO:teuthology.orchestra.run.smithi016.stdout:/usr/bin/ceph: stderr
2024-05-11T12:27:07.286+0000 7f3335d7c700 1 -- 172.21.15.16:0/3195593103 >> [v2:172.21.15.16:3300/0,v1:172.21.15.16:6789/0] conn(0x7f3330107be0 msgr2=0x7f3330108000 secure :-1 s=STATE_CONNECTION_ESTABLISHED l=1).mark_down
2024-05-11T12:27:08.099 INFO:teuthology.orchestra.run.smithi016.stdout:/usr/bin/ceph: stderr
2024-05-11T12:27:07.286+0000 7f3335d7c700 1 --2- 172.21.15.16:0/3195593103 >> [v2:172.21.15.16:3300/0,v1:172.21.15.16:6789/0] conn(0x7f3330107be0 0x7f3330108000 secure :-1 s=READY pgs=39 cs=0 l=1 rev1=1 crypto rx=0x7f3320009e80 tx=0x7f332000b330 comp rx=0 tx=0).stop
2024-05-11T12:27:08.099 INFO:teuthology.orchestra.run.smithi016.stdout:/usr/bin/ceph: stderr
2024-05-11T12:27:07.286+0000 7f3335d7c700 1 -- 172.21.15.16:0/3195593103 shutdown_connections
2024-05-11T12:27:08.099 INFO:teuthology.orchestra.run.smithi016.stdout:/usr/bin/ceph: stderr
2024-05-11T12:27:07.286+0000 7f3335d7c700 1 --2- 172.21.15.16:0/3195593103 >> [v2:172.21.15.16:3300/0,v1:172.21.15.16:6789/0] conn(0x7f3330107be0 0x7f3330108000 unknown :-1 s=CLOSED pgs=39 cs=0 l=1 rev1=1 crypto rx=0 tx=0 comp rx=0 tx=0).stop
2024-05-11T12:27:08.099 INFO:teuthology.orchestra.run.smithi016.stdout:/usr/bin/ceph: stderr
2024-05-11T12:27:07.286+0000 7f3335d7c700 1 -- 172.21.15.16:0/3195593103 >> 172.21.15.16:0/3195593103 conn(0x7f3330103840 msgr2=0x7f3330105c60 unknown :-1 s=STATE_NONE l=0).mark_down
2024-05-11T12:27:08.099 INFO:teuthology.orchestra.run.smithi016.stdout:/usr/bin/ceph: stderr
2024-05-11T12:27:07.286+0000 7f3335d7c700 1 -- 172.21.15.16:0/3195593103 shutdown_connections
2024-05-11T12:27:08.099 INFO:teuthology.orchestra.run.smithi016.stdout:/usr/bin/ceph: stderr
2024-05-11T12:27:07.286+0000 7f3335d7c700 1 -- 172.21.15.16:0/3195593103 wait complete.
2024-05-11T12:27:08.099 INFO:teuthology.orchestra.run.smithi016.stdout:/usr/bin/ceph: stderr
2024-05-11T12:27:07.287+0000 7f3335d7c700 1 Processor -- start
2024-05-11T12:27:08.100 INFO:teuthology.orchestra.run.smithi016.stdout:/usr/bin/ceph: stderr
2024-05-11T12:27:07.287+0000 7f3335d7c700 1 -- start start
2024-05-11T12:27:08.100 INFO:teuthology.orchestra.run.smithi016.stdout:/usr/bin/ceph: stderr
2024-05-11T12:27:07.287+0000 7f3335d7c700 1 --2- >> [v2:172.21.15.16:3300/0,v1:172.21.15.16:6789/0] conn(0x7f3330107be0 0x7f333019f4d0 unknown :-1 s=NONE pgs=0 cs=0 l=1 rev1=0 crypto rx=0 tx=0 comp rx=0 tx=0).connect
2024-05-11T12:27:08.100 INFO:teuthology.orchestra.run.smithi016.stdout:/usr/bin/ceph: stderr
2024-05-11T12:27:07.287+0000 7f3335d7c700 1 -- --> [v2:172.21.15.16:3300/0,v1:172.21.15.16:6789/0] -- mon_getmap magic: 0 -- 0x7f3330109630 con 0x7f3330107be0
2024-05-11T12:27:08.100 INFO:teuthology.orchestra.run.smithi016.stdout:/usr/bin/ceph: stderr
2024-05-11T12:27:07.287+0000 7f332f7fe700 1 --2- >> [v2:172.21.15.16:3300/0,v1:172.21.15.16:6789/0] conn(0x7f3330107be0 0x7f333019f4d0 unknown :-1 s=BANNER_CONNECTING pgs=0 cs=0 l=1 rev1=0 crypto rx=0 tx=0 comp rx=0 tx=0)._handle_peer_banner_payload supported=3 required=0
2024-05-11T12:27:08.100 INFO:teuthology.orchestra.run.smithi016.stdout:/usr/bin/ceph: stderr
2024-05-11T12:27:07.288+0000 7f332f7fe700 1 --2- >> [v2:172.21.15.16:3300/0,v1:172.21.15.16:6789/0] conn(0x7f3330107be0 0x7f333019f4d0 unknown :-1 s=HELLO_CONNECTING pgs=0 cs=0 l=1 rev1=1 crypto rx=0 tx=0 comp rx=0 tx=0).handle_hello peer v2:172.21.15.16:3300/0 says I am v2:172.21.15.16:54520/0 (socket says 172.21.15.16:54520)
2024-05-11T12:27:08.100 INFO:teuthology.orchestra.run.smithi016.stdout:/usr/bin/ceph: stderr
2024-05-11T12:27:07.288+0000 7f332f7fe700 1 -- 172.21.15.16:0/1948419971 learned_addr learned my addr 172.21.15.16:0/1948419971 (peer_addr_for_me v2:172.21.15.16:0/0)
2024-05-11T12:27:08.100 INFO:teuthology.orchestra.run.smithi016.stdout:/usr/bin/ceph: stderr
2024-05-11T12:27:07.288+0000 7f332f7fe700 1 -- 172.21.15.16:0/1948419971 --> [v2:172.21.15.16:3300/0,v1:172.21.15.16:6789/0] -- mon_subscribe({config=0+,monmap=0+}) -- 0x7f333019fa10 con 0x7f3330107be0
2024-05-11T12:27:08.100 INFO:teuthology.orchestra.run.smithi016.stdout:/usr/bin/ceph: stderr
2024-05-11T12:27:07.288+0000 7f332f7fe700 1 --2- 172.21.15.16:0/1948419971 >> [v2:172.21.15.16:3300/0,v1:172.21.15.16:6789/0] conn(0x7f3330107be0 0x7f333019f4d0 secure :-1 s=READY pgs=40 cs=0 l=1 rev1=1 crypto rx=0x7f3320009fd0 tx=0x7f3320003d00 comp rx=0 tx=0).ready entity=mon.0 client_cookie=0 server_cookie=0 in_seq=0 out_seq=0
2024-05-11T12:27:08.100 INFO:teuthology.orchestra.run.smithi016.stdout:/usr/bin/ceph: stderr
2024-05-11T12:27:07.288+0000 7f332cff9700 1 -- 172.21.15.16:0/1948419971 <== mon.0 v2:172.21.15.16:3300/0 1 ==== mon_map magic: 0 ==== 205+0+0 (secure 0 0 0) 0x7f3320021020 con 0x7f3330107be0
2024-05-11T12:27:08.100 INFO:teuthology.orchestra.run.smithi016.stdout:/usr/bin/ceph: stderr
2024-05-11T12:27:07.288+0000 7f332cff9700 1 -- 172.21.15.16:0/1948419971 <== mon.0 v2:172.21.15.16:3300/0 2 ==== config(28 keys) ==== 1139+0+0 (secure 0 0 0) 0x7f332000bde0 con 0x7f3330107be0
2024-05-11T12:27:08.100 INFO:teuthology.orchestra.run.smithi016.stdout:/usr/bin/ceph: stderr
2024-05-11T12:27:07.288+0000 7f332cff9700 1 -- 172.21.15.16:0/1948419971 <== mon.0 v2:172.21.15.16:3300/0 3 ==== mon_map magic: 0 ==== 205+0+0 (secure 0 0 0) 0x7f3320017040 con 0x7f3330107be0
2024-05-11T12:27:08.100 INFO:teuthology.orchestra.run.smithi016.stdout:/usr/bin/ceph: stderr
2024-05-11T12:27:07.288+0000 7f3335d7c700 1 -- 172.21.15.16:0/1948419971 --> [v2:172.21.15.16:3300/0,v1:172.21.15.16:6789/0] -- mon_subscribe({mgrmap=0+}) -- 0x7f333019fca0 con 0x7f3330107be0
2024-05-11T12:27:08.100 INFO:teuthology.orchestra.run.smithi016.stdout:/usr/bin/ceph: stderr
2024-05-11T12:27:07.288+0000 7f3335d7c700 1 -- 172.21.15.16:0/1948419971 --> [v2:172.21.15.16:3300/0,v1:172.21.15.16:6789/0] -- mon_subscribe({osdmap=0}) -- 0x7f33301a2990 con 0x7f3330107be0
2024-05-11T12:27:08.100 INFO:teuthology.orchestra.run.smithi016.stdout:/usr/bin/ceph: stderr
2024-05-11T12:27:07.289+0000 7f332cff9700 1 -- 172.21.15.16:0/1948419971 <== mon.0 v2:172.21.15.16:3300/0 4 ==== mgrmap(e 8) ==== 50222+0+0 (secure 0 0 0) 0x7f3320024020 con 0x7f3330107be0
2024-05-11T12:27:08.101 INFO:teuthology.orchestra.run.smithi016.stdout:/usr/bin/ceph: stderr
2024-05-11T12:27:07.289+0000 7f3335d7c700 1 -- 172.21.15.16:0/1948419971 --> [v2:172.21.15.16:3300/0,v1:172.21.15.16:6789/0] -- mon_command({"prefix": "get_command_descriptions"} v 0) -- 0x7f3330064bb0 con 0x7f3330107be0
2024-05-11T12:27:08.101 INFO:teuthology.orchestra.run.smithi016.stdout:/usr/bin/ceph: stderr
2024-05-11T12:27:07.289+0000 7f332cff9700 1 --2- 172.21.15.16:0/1948419971 >> [v2:172.21.15.16:6800/853446508,v1:172.21.15.16:6801/853446508] conn(0x7f331803e4c0 0x7f3318040980 unknown :-1 s=NONE pgs=0 cs=0 l=1 rev1=0 crypto rx=0 tx=0 comp rx=0 tx=0).connect
2024-05-11T12:27:08.101 INFO:teuthology.orchestra.run.smithi016.stdout:/usr/bin/ceph: stderr
2024-05-11T12:27:07.290+0000 7f332cff9700 1 -- 172.21.15.16:0/1948419971 <== mon.0 v2:172.21.15.16:3300/0 5 ==== osd_map(2..2 src has 1..2) ==== 940+0+0 (secure 0 0 0) 0x7f332000f050 con 0x7f3330107be0
2024-05-11T12:27:08.101 INFO:teuthology.orchestra.run.smithi016.stdout:/usr/bin/ceph: stderr
2024-05-11T12:27:07.290+0000 7f332effd700 1 --2- 172.21.15.16:0/1948419971 >> [v2:172.21.15.16:6800/853446508,v1:172.21.15.16:6801/853446508] conn(0x7f331803e4c0 0x7f3318040980 unknown :-1 s=BANNER_CONNECTING pgs=0 cs=0 l=1 rev1=0 crypto rx=0 tx=0 comp rx=0 tx=0)._handle_peer_banner_payload supported=3 required=0
2024-05-11T12:27:08.101 INFO:teuthology.orchestra.run.smithi016.stdout:/usr/bin/ceph: stderr
2024-05-11T12:27:07.290+0000 7f332effd700 1 --2- 172.21.15.16:0/1948419971 >> [v2:172.21.15.16:6800/853446508,v1:172.21.15.16:6801/853446508] conn(0x7f331803e4c0 0x7f3318040980 secure :-1 s=READY pgs=8 cs=0 l=1 rev1=1 crypto rx=0x7f3324006fd0 tx=0x7f3324006e40 comp rx=0 tx=0).ready entity=mgr.14120 client_cookie=0 server_cookie=0 in_seq=0 out_seq=0
2024-05-11T12:27:08.101 INFO:teuthology.orchestra.run.smithi016.stdout:/usr/bin/ceph: stderr
2024-05-11T12:27:07.295+0000 7f332cff9700 1 -- 172.21.15.16:0/1948419971 <== mon.0 v2:172.21.15.16:3300/0 6 ==== mon_command_ack([{"prefix": "get_command_descriptions"}]=0 v0) ==== 72+0+191963 (secure 0 0 0) 0x7f332002b020 con 0x7f3330107be0
2024-05-11T12:27:08.101 INFO:teuthology.orchestra.run.smithi016.stdout:/usr/bin/ceph: stderr
2024-05-11T12:27:07.518+0000 7f3335d7c700 1 -- 172.21.15.16:0/1948419971 --> [v2:172.21.15.16:6800/853446508,v1:172.21.15.16:6801/853446508] -- mgr_command(tid 0: {"prefix": "cephadm set-user", "user": "root", "target": ["mon-mgr", ""]}) -- 0x7f333002e920 con 0x7f331803e4c0
2024-05-11T12:27:08.101 INFO:teuthology.orchestra.run.smithi016.stdout:/usr/bin/ceph: stderr
2024-05-11T12:27:07.519+0000 7f332cff9700 1 -- 172.21.15.16:0/1948419971 <== mgr.14120 v2:172.21.15.16:6800/853446508 1 ==== mgr_command_reply(tid 0: 0 ) ==== 8+0+16 (secure 0 0 0) 0x7f333002e920 con 0x7f331803e4c0
2024-05-11T12:27:08.101 INFO:teuthology.orchestra.run.smithi016.stdout:/usr/bin/ceph: stderr
2024-05-11T12:27:07.521+0000 7f3335d7c700 1 -- 172.21.15.16:0/1948419971 >> [v2:172.21.15.16:6800/853446508,v1:172.21.15.16:6801/853446508] conn(0x7f331803e4c0 msgr2=0x7f3318040980 secure :-1 s=STATE_CONNECTION_ESTABLISHED l=1).mark_down
2024-05-11T12:27:08.101 INFO:teuthology.orchestra.run.smithi016.stdout:/usr/bin/ceph: stderr
2024-05-11T12:27:07.521+0000 7f3335d7c700 1 --2- 172.21.15.16:0/1948419971 >> [v2:172.21.15.16:6800/853446508,v1:172.21.15.16:6801/853446508] conn(0x7f331803e4c0 0x7f3318040980 secure :-1 s=READY pgs=8 cs=0 l=1 rev1=1 crypto rx=0x7f3324006fd0 tx=0x7f3324006e40 comp rx=0 tx=0).stop
2024-05-11T12:27:08.101 INFO:teuthology.orchestra.run.smithi016.stdout:/usr/bin/ceph: stderr
2024-05-11T12:27:07.521+0000 7f3335d7c700 1 -- 172.21.15.16:0/1948419971 >> [v2:172.21.15.16:3300/0,v1:172.21.15.16:6789/0] conn(0x7f3330107be0 msgr2=0x7f333019f4d0 secure :-1 s=STATE_CONNECTION_ESTABLISHED l=1).mark_down
2024-05-11T12:27:08.101 INFO:teuthology.orchestra.run.smithi016.stdout:/usr/bin/ceph: stderr
2024-05-11T12:27:07.521+0000 7f3335d7c700 1 --2- 172.21.15.16:0/1948419971 >> [v2:172.21.15.16:3300/0,v1:172.21.15.16:6789/0] conn(0x7f3330107be0 0x7f333019f4d0 secure :-1 s=READY pgs=40 cs=0 l=1 rev1=1 crypto rx=0x7f3320009fd0 tx=0x7f3320003d00 comp rx=0 tx=0).stop
2024-05-11T12:27:08.101 INFO:teuthology.orchestra.run.smithi016.stdout:/usr/bin/ceph: stderr
2024-05-11T12:27:07.521+0000 7f3335d7c700 1 -- 172.21.15.16:0/1948419971 shutdown_connections
2024-05-11T12:27:08.101 INFO:teuthology.orchestra.run.smithi016.stdout:/usr/bin/ceph: stderr
2024-05-11T12:27:07.521+0000 7f3335d7c700 1 --2- 172.21.15.16:0/1948419971 >> [v2:172.21.15.16:6800/853446508,v1:172.21.15.16:6801/853446508] conn(0x7f331803e4c0 0x7f3318040980 unknown :-1 s=CLOSED pgs=8 cs=0 l=1 rev1=1 crypto rx=0 tx=0 comp rx=0 tx=0).stop
2024-05-11T12:27:08.101 INFO:teuthology.orchestra.run.smithi016.stdout:/usr/bin/ceph: stderr
2024-05-11T12:27:07.521+0000 7f3335d7c700 1 --2- 172.21.15.16:0/1948419971 >> [v2:172.21.15.16:3300/0,v1:172.21.15.16:6789/0] conn(0x7f3330107be0 0x7f333019f4d0 unknown :-1 s=CLOSED pgs=40 cs=0 l=1 rev1=1 crypto rx=0 tx=0 comp rx=0 tx=0).stop
2024-05-11T12:27:08.102 INFO:teuthology.orchestra.run.smithi016.stdout:/usr/bin/ceph: stderr
2024-05-11T12:27:07.521+0000 7f3335d7c700 1 -- 172.21.15.16:0/1948419971 >> 172.21.15.16:0/1948419971 conn(0x7f3330103840 msgr2=0x7f3330196140 unknown :-1 s=STATE_NONE l=0).mark_down
2024-05-11T12:27:08.102 INFO:teuthology.orchestra.run.smithi016.stdout:/usr/bin/ceph: stderr
2024-05-11T12:27:07.521+0000 7f3335d7c700 1 -- 172.21.15.16:0/1948419971 shutdown_connections
2024-05-11T12:27:08.102 INFO:teuthology.orchestra.run.smithi016.stdout:/usr/bin/ceph: stderr
2024-05-11T12:27:07.521+0000 7f3335d7c700 1 -- 172.21.15.16:0/1948419971 wait complete.
2024-05-11T12:27:08.102 INFO:teuthology.orchestra.run.smithi016.stdout:Generating ssh key...
2024-05-11T12:27:08.349 INFO:journalctl@ceph.mon.a.smithi016.stdout:May 11 12:27:08 smithi016 ceph-mon[30131]: from='client.14134 -' entity='client.admin' cmd=[{"prefix": "cephadm set-user", "user": "root", "target": ["mon-mgr", ""]}]: dispatch
2024-05-11T12:27:09.329 INFO:journalctl@ceph.mgr.x.smithi016.stdout:May 11 12:27:09 smithi016 ceph-884d343c-0f91-11ef-bc98-c7b262605968-mgr-x[30366]: Generating public/private rsa key pair.
2024-05-11T12:27:09.329 INFO:journalctl@ceph.mgr.x.smithi016.stdout:May 11 12:27:09 smithi016 ceph-884d343c-0f91-11ef-bc98-c7b262605968-mgr-x[30366]: Your identification has been saved in /tmp/tmp_ewn9vxy/key.
2024-05-11T12:27:09.329 INFO:journalctl@ceph.mgr.x.smithi016.stdout:May 11 12:27:09 smithi016 ceph-884d343c-0f91-11ef-bc98-c7b262605968-mgr-x[30366]: Your public key has been saved in /tmp/tmp_ewn9vxy/key.pub.
2024-05-11T12:27:09.329 INFO:journalctl@ceph.mgr.x.smithi016.stdout:May 11 12:27:09 smithi016 ceph-884d343c-0f91-11ef-bc98-c7b262605968-mgr-x[30366]: The key fingerprint is:
2024-05-11T12:27:09.329 INFO:journalctl@ceph.mgr.x.smithi016.stdout:May 11 12:27:09 smithi016 ceph-884d343c-0f91-11ef-bc98-c7b262605968-mgr-x[30366]: SHA256:7RE7pyKZi2l6gsotQOBlUQoPCOU5J0+h6r9LL+NxxsI ceph-884d343c-0f91-11ef-bc98-c7b262605968
2024-05-11T12:27:09.329 INFO:journalctl@ceph.mgr.x.smithi016.stdout:May 11 12:27:09 smithi016 ceph-884d343c-0f91-11ef-bc98-c7b262605968-mgr-x[30366]: The key's randomart image is:
2024-05-11T12:27:09.329 INFO:journalctl@ceph.mgr.x.smithi016.stdout:May 11 12:27:09 smithi016 ceph-884d343c-0f91-11ef-bc98-c7b262605968-mgr-x[30366]: +---[RSA 3072]----+
2024-05-11T12:27:09.329 INFO:journalctl@ceph.mgr.x.smithi016.stdout:May 11 12:27:09 smithi016 ceph-884d343c-0f91-11ef-bc98-c7b262605968-mgr-x[30366]: |++..+. |
2024-05-11T12:27:09.329 INFO:journalctl@ceph.mgr.x.smithi016.stdout:May 11 12:27:09 smithi016 ceph-884d343c-0f91-11ef-bc98-c7b262605968-mgr-x[30366]: |o.+=.. |
2024-05-11T12:27:09.330 INFO:journalctl@ceph.mgr.x.smithi016.stdout:May 11 12:27:09 smithi016 ceph-884d343c-0f91-11ef-bc98-c7b262605968-mgr-x[30366]: |o Ooo . |
2024-05-11T12:27:09.330 INFO:journalctl@ceph.mgr.x.smithi016.stdout:May 11 12:27:09 smithi016 ceph-884d343c-0f91-11ef-bc98-c7b262605968-mgr-x[30366]: | + * . o |
2024-05-11T12:27:09.330 INFO:journalctl@ceph.mgr.x.smithi016.stdout:May 11 12:27:09 smithi016 ceph-884d343c-0f91-11ef-bc98-c7b262605968-mgr-x[30366]: |o . S = . |
2024-05-11T12:27:09.330 INFO:journalctl@ceph.mgr.x.smithi016.stdout:May 11 12:27:09 smithi016 ceph-884d343c-0f91-11ef-bc98-c7b262605968-mgr-x[30366]: |o . . o . = |
2024-05-11T12:27:09.330 INFO:journalctl@ceph.mgr.x.smithi016.stdout:May 11 12:27:09 smithi016 ceph-884d343c-0f91-11ef-bc98-c7b262605968-mgr-x[30366]: |.o E ++ . o |
2024-05-11T12:27:09.330 INFO:journalctl@ceph.mgr.x.smithi016.stdout:May 11 12:27:09 smithi016 ceph-884d343c-0f91-11ef-bc98-c7b262605968-mgr-x[30366]: |o.=oOo o . |
2024-05-11T12:27:09.330 INFO:journalctl@ceph.mgr.x.smithi016.stdout:May 11 12:27:09 smithi016 ceph-884d343c-0f91-11ef-bc98-c7b262605968-mgr-x[30366]: |o.+@B.. |
2024-05-11T12:27:09.330 INFO:journalctl@ceph.mgr.x.smithi016.stdout:May 11 12:27:09 smithi016 ceph-884d343c-0f91-11ef-bc98-c7b262605968-mgr-x[30366]: +----[SHA256]-----+
2024-05-11T12:27:09.587 INFO:teuthology.orchestra.run.smithi016.stdout:/usr/bin/ceph: stderr
2024-05-11T12:27:08.502+0000 7f2629225700 1 Processor -- start
2024-05-11T12:27:09.587 INFO:teuthology.orchestra.run.smithi016.stdout:/usr/bin/ceph: stderr
2024-05-11T12:27:08.502+0000 7f2629225700 1 -- start start
2024-05-11T12:27:09.587 INFO:teuthology.orchestra.run.smithi016.stdout:/usr/bin/ceph: stderr
2024-05-11T12:27:08.502+0000 7f2629225700 1 --2- >> [v2:172.21.15.16:3300/0,v1:172.21.15.16:6789/0] conn(0x7f262407ed70 0x7f262407d2e0 unknown :-1 s=NONE pgs=0 cs=0 l=0 rev1=0 crypto rx=0 tx=0 comp rx=0 tx=0).connect
2024-05-11T12:27:09.587 INFO:teuthology.orchestra.run.smithi016.stdout:/usr/bin/ceph: stderr
2024-05-11T12:27:08.502+0000 7f2629225700 1 -- --> [v2:172.21.15.16:3300/0,v1:172.21.15.16:6789/0] -- mon_getmap magic: 0 -- 0x7f262407d820 con 0x7f262407ed70
2024-05-11T12:27:09.588 INFO:teuthology.orchestra.run.smithi016.stdout:/usr/bin/ceph: stderr
2024-05-11T12:27:08.502+0000 7f2622d9d700 1 --2- >> [v2:172.21.15.16:3300/0,v1:172.21.15.16:6789/0] conn(0x7f262407ed70 0x7f262407d2e0 unknown :-1 s=BANNER_CONNECTING pgs=0 cs=0 l=0 rev1=0 crypto rx=0 tx=0 comp rx=0 tx=0)._handle_peer_banner_payload supported=3 required=0
2024-05-11T12:27:09.588 INFO:teuthology.orchestra.run.smithi016.stdout:/usr/bin/ceph: stderr
2024-05-11T12:27:08.503+0000 7f2622d9d700 1 --2- >> [v2:172.21.15.16:3300/0,v1:172.21.15.16:6789/0] conn(0x7f262407ed70 0x7f262407d2e0 unknown :-1 s=HELLO_CONNECTING pgs=0 cs=0 l=0 rev1=1 crypto rx=0 tx=0 comp rx=0 tx=0).handle_hello peer v2:172.21.15.16:3300/0 says I am v2:172.21.15.16:54532/0 (socket says 172.21.15.16:54532)
2024-05-11T12:27:09.588 INFO:teuthology.orchestra.run.smithi016.stdout:/usr/bin/ceph: stderr
2024-05-11T12:27:08.503+0000 7f2622d9d700 1 -- 172.21.15.16:0/1414237608 learned_addr learned my addr 172.21.15.16:0/1414237608 (peer_addr_for_me v2:172.21.15.16:0/0)
2024-05-11T12:27:09.588 INFO:teuthology.orchestra.run.smithi016.stdout:/usr/bin/ceph: stderr
2024-05-11T12:27:08.503+0000 7f2622d9d700 1 -- 172.21.15.16:0/1414237608 --> [v2:172.21.15.16:3300/0,v1:172.21.15.16:6789/0] -- mon_subscribe({config=0+,monmap=0+}) -- 0x7f262407d9a0 con 0x7f262407ed70
2024-05-11T12:27:09.588 INFO:teuthology.orchestra.run.smithi016.stdout:/usr/bin/ceph: stderr
2024-05-11T12:27:08.503+0000 7f2622d9d700 1 --2- 172.21.15.16:0/1414237608 >> [v2:172.21.15.16:3300/0,v1:172.21.15.16:6789/0] conn(0x7f262407ed70 0x7f262407d2e0 secure :-1 s=READY pgs=41 cs=0 l=1 rev1=1 crypto rx=0x7f2614009e80 tx=0x7f261400b330 comp rx=0 tx=0).ready entity=mon.0 client_cookie=74c8efe414d8c3f1 server_cookie=0 in_seq=0 out_seq=0
2024-05-11T12:27:09.588 INFO:teuthology.orchestra.run.smithi016.stdout:/usr/bin/ceph: stderr
2024-05-11T12:27:08.503+0000 7f2621d9b700 1 -- 172.21.15.16:0/1414237608 <== mon.0 v2:172.21.15.16:3300/0 1 ==== mon_map magic: 0 ==== 205+0+0 (secure 0 0 0) 0x7f2614017070 con 0x7f262407ed70
2024-05-11T12:27:09.588 INFO:teuthology.orchestra.run.smithi016.stdout:/usr/bin/ceph: stderr
2024-05-11T12:27:08.503+0000 7f2621d9b700 1 -- 172.21.15.16:0/1414237608 <== mon.0 v2:172.21.15.16:3300/0 2 ==== config(28 keys) ==== 1139+0+0 (secure 0 0 0) 0x7f261400b8c0 con 0x7f262407ed70
2024-05-11T12:27:09.588 INFO:teuthology.orchestra.run.smithi016.stdout:/usr/bin/ceph: stderr
2024-05-11T12:27:08.503+0000 7f2621d9b700 1 -- 172.21.15.16:0/1414237608 <== mon.0 v2:172.21.15.16:3300/0 3 ==== mon_map magic: 0 ==== 205+0+0 (secure 0 0 0) 0x7f2614004620 con 0x7f262407ed70
2024-05-11T12:27:09.588 INFO:teuthology.orchestra.run.smithi016.stdout:/usr/bin/ceph: stderr
2024-05-11T12:27:08.504+0000 7f2629225700 1 -- 172.21.15.16:0/1414237608 >> [v2:172.21.15.16:3300/0,v1:172.21.15.16:6789/0] conn(0x7f262407ed70 msgr2=0x7f262407d2e0 secure :-1 s=STATE_CONNECTION_ESTABLISHED l=1).mark_down
2024-05-11T12:27:09.588 INFO:teuthology.orchestra.run.smithi016.stdout:/usr/bin/ceph: stderr
2024-05-11T12:27:08.504+0000 7f2629225700 1 --2- 172.21.15.16:0/1414237608 >> [v2:172.21.15.16:3300/0,v1:172.21.15.16:6789/0] conn(0x7f262407ed70 0x7f262407d2e0 secure :-1 s=READY pgs=41 cs=0 l=1 rev1=1 crypto rx=0x7f2614009e80 tx=0x7f261400b330 comp rx=0 tx=0).stop
2024-05-11T12:27:09.588 INFO:teuthology.orchestra.run.smithi016.stdout:/usr/bin/ceph: stderr
2024-05-11T12:27:08.504+0000 7f2629225700 1 -- 172.21.15.16:0/1414237608 shutdown_connections
2024-05-11T12:27:09.588 INFO:teuthology.orchestra.run.smithi016.stdout:/usr/bin/ceph: stderr
2024-05-11T12:27:08.504+0000 7f2629225700 1 --2- 172.21.15.16:0/1414237608 >> [v2:172.21.15.16:3300/0,v1:172.21.15.16:6789/0] conn(0x7f262407ed70 0x7f262407d2e0 unknown :-1 s=CLOSED pgs=41 cs=0 l=1 rev1=1 crypto rx=0 tx=0 comp rx=0 tx=0).stop
2024-05-11T12:27:09.588 INFO:teuthology.orchestra.run.smithi016.stdout:/usr/bin/ceph: stderr
2024-05-11T12:27:08.504+0000 7f2629225700 1 -- 172.21.15.16:0/1414237608 >> 172.21.15.16:0/1414237608 conn(0x7f2624104970 msgr2=0x7f2624106d90 unknown :-1 s=STATE_NONE l=0).mark_down
2024-05-11T12:27:09.588 INFO:teuthology.orchestra.run.smithi016.stdout:/usr/bin/ceph: stderr
2024-05-11T12:27:08.504+0000 7f2629225700 1 -- 172.21.15.16:0/1414237608 shutdown_connections
2024-05-11T12:27:09.589 INFO:teuthology.orchestra.run.smithi016.stdout:/usr/bin/ceph: stderr
2024-05-11T12:27:08.504+0000 7f2629225700 1 -- 172.21.15.16:0/1414237608 wait complete.
2024-05-11T12:27:09.589 INFO:teuthology.orchestra.run.smithi016.stdout:/usr/bin/ceph: stderr
2024-05-11T12:27:08.505+0000 7f2629225700 1 Processor -- start
2024-05-11T12:27:09.589 INFO:teuthology.orchestra.run.smithi016.stdout:/usr/bin/ceph: stderr
2024-05-11T12:27:08.505+0000 7f2629225700 1 -- start start
2024-05-11T12:27:09.589 INFO:teuthology.orchestra.run.smithi016.stdout:/usr/bin/ceph: stderr
2024-05-11T12:27:08.505+0000 7f2629225700 1 --2- >> [v2:172.21.15.16:3300/0,v1:172.21.15.16:6789/0] conn(0x7f262407ed70 0x7f262419f430 unknown :-1 s=NONE pgs=0 cs=0 l=1 rev1=0 crypto rx=0 tx=0 comp rx=0 tx=0).connect
2024-05-11T12:27:09.589 INFO:teuthology.orchestra.run.smithi016.stdout:/usr/bin/ceph: stderr
2024-05-11T12:27:08.505+0000 7f2629225700 1 -- --> [v2:172.21.15.16:3300/0,v1:172.21.15.16:6789/0] -- mon_getmap magic: 0 -- 0x7f262410f7e0 con 0x7f262407ed70
2024-05-11T12:27:09.589 INFO:teuthology.orchestra.run.smithi016.stdout:/usr/bin/ceph: stderr
2024-05-11T12:27:08.505+0000 7f2622d9d700 1 --2- >> [v2:172.21.15.16:3300/0,v1:172.21.15.16:6789/0] conn(0x7f262407ed70 0x7f262419f430 unknown :-1 s=BANNER_CONNECTING pgs=0 cs=0 l=1 rev1=0 crypto rx=0 tx=0 comp rx=0 tx=0)._handle_peer_banner_payload supported=3 required=0
2024-05-11T12:27:09.589 INFO:teuthology.orchestra.run.smithi016.stdout:/usr/bin/ceph: stderr
2024-05-11T12:27:08.505+0000 7f2622d9d700 1 --2- >> [v2:172.21.15.16:3300/0,v1:172.21.15.16:6789/0] conn(0x7f262407ed70 0x7f262419f430 unknown :-1 s=HELLO_CONNECTING pgs=0 cs=0 l=1 rev1=1 crypto rx=0 tx=0 comp rx=0 tx=0).handle_hello peer v2:172.21.15.16:3300/0 says I am v2:172.21.15.16:54538/0 (socket says 172.21.15.16:54538)
2024-05-11T12:27:09.589 INFO:teuthology.orchestra.run.smithi016.stdout:/usr/bin/ceph: stderr
2024-05-11T12:27:08.505+0000 7f2622d9d700 1 -- 172.21.15.16:0/2499533201 learned_addr learned my addr 172.21.15.16:0/2499533201 (peer_addr_for_me v2:172.21.15.16:0/0)
2024-05-11T12:27:09.589 INFO:teuthology.orchestra.run.smithi016.stdout:/usr/bin/ceph: stderr
2024-05-11T12:27:08.505+0000 7f2622d9d700 1 -- 172.21.15.16:0/2499533201 --> [v2:172.21.15.16:3300/0,v1:172.21.15.16:6789/0] -- mon_subscribe({config=0+,monmap=0+}) -- 0x7f262419f970 con 0x7f262407ed70
2024-05-11T12:27:09.589 INFO:teuthology.orchestra.run.smithi016.stdout:/usr/bin/ceph: stderr
2024-05-11T12:27:08.505+0000 7f2622d9d700 1 --2- 172.21.15.16:0/2499533201 >> [v2:172.21.15.16:3300/0,v1:172.21.15.16:6789/0] conn(0x7f262407ed70 0x7f262419f430 secure :-1 s=READY pgs=42 cs=0 l=1 rev1=1 crypto rx=0x7f26140043d0 tx=0x7f26140041a0 comp rx=0 tx=0).ready entity=mon.0 client_cookie=0 server_cookie=0 in_seq=0 out_seq=0
2024-05-11T12:27:09.589 INFO:teuthology.orchestra.run.smithi016.stdout:/usr/bin/ceph: stderr
2024-05-11T12:27:08.506+0000 7f261bfff700 1 -- 172.21.15.16:0/2499533201 <== mon.0 v2:172.21.15.16:3300/0 1 ==== mon_map magic: 0 ==== 205+0+0 (secure 0 0 0) 0x7f2614021020 con 0x7f262407ed70
2024-05-11T12:27:09.589 INFO:teuthology.orchestra.run.smithi016.stdout:/usr/bin/ceph: stderr
2024-05-11T12:27:08.506+0000 7f2629225700 1 -- 172.21.15.16:0/2499533201 --> [v2:172.21.15.16:3300/0,v1:172.21.15.16:6789/0] -- mon_subscribe({mgrmap=0+}) -- 0x7f262419fc00 con 0x7f262407ed70
2024-05-11T12:27:09.589 INFO:teuthology.orchestra.run.smithi016.stdout:/usr/bin/ceph: stderr
2024-05-11T12:27:08.506+0000 7f261bfff700 1 -- 172.21.15.16:0/2499533201 <== mon.0 v2:172.21.15.16:3300/0 2 ==== config(28 keys) ==== 1139+0+0 (secure 0 0 0) 0x7f261401d470 con 0x7f262407ed70
2024-05-11T12:27:09.589 INFO:teuthology.orchestra.run.smithi016.stdout:/usr/bin/ceph: stderr
2024-05-11T12:27:08.506+0000 7f261bfff700 1 -- 172.21.15.16:0/2499533201 <== mon.0 v2:172.21.15.16:3300/0 3 ==== mon_map magic: 0 ==== 205+0+0 (secure 0 0 0) 0x7f2614017040 con 0x7f262407ed70
2024-05-11T12:27:09.590 INFO:teuthology.orchestra.run.smithi016.stdout:/usr/bin/ceph: stderr
2024-05-11T12:27:08.506+0000 7f2629225700 1 -- 172.21.15.16:0/2499533201 --> [v2:172.21.15.16:3300/0,v1:172.21.15.16:6789/0] -- mon_subscribe({osdmap=0}) -- 0x7f26241a28f0 con 0x7f262407ed70
2024-05-11T12:27:09.590 INFO:teuthology.orchestra.run.smithi016.stdout:/usr/bin/ceph: stderr
2024-05-11T12:27:08.507+0000 7f261bfff700 1 -- 172.21.15.16:0/2499533201 <== mon.0 v2:172.21.15.16:3300/0 4 ==== mgrmap(e 8) ==== 50222+0+0 (secure 0 0 0) 0x7f2614024020 con 0x7f262407ed70
2024-05-11T12:27:09.590 INFO:teuthology.orchestra.run.smithi016.stdout:/usr/bin/ceph: stderr
2024-05-11T12:27:08.507+0000 7f2629225700 1 -- 172.21.15.16:0/2499533201 --> [v2:172.21.15.16:3300/0,v1:172.21.15.16:6789/0] -- mon_command({"prefix": "get_command_descriptions"} v 0) -- 0x7f2624064bb0 con 0x7f262407ed70
2024-05-11T12:27:09.590 INFO:teuthology.orchestra.run.smithi016.stdout:/usr/bin/ceph: stderr
2024-05-11T12:27:08.507+0000 7f261bfff700 1 --2- 172.21.15.16:0/2499533201 >> [v2:172.21.15.16:6800/853446508,v1:172.21.15.16:6801/853446508] conn(0x7f261003e420 0x7f26100408e0 unknown :-1 s=NONE pgs=0 cs=0 l=1 rev1=0 crypto rx=0 tx=0 comp rx=0 tx=0).connect
2024-05-11T12:27:09.590 INFO:teuthology.orchestra.run.smithi016.stdout:/usr/bin/ceph: stderr
2024-05-11T12:27:08.507+0000 7f261bfff700 1 -- 172.21.15.16:0/2499533201 <== mon.0 v2:172.21.15.16:3300/0 5 ==== osd_map(2..2 src has 1..2) ==== 940+0+0 (secure 0 0 0) 0x7f261400f050 con 0x7f262407ed70
2024-05-11T12:27:09.590 INFO:teuthology.orchestra.run.smithi016.stdout:/usr/bin/ceph: stderr
2024-05-11T12:27:08.507+0000 7f262259c700 1 --2- 172.21.15.16:0/2499533201 >> [v2:172.21.15.16:6800/853446508,v1:172.21.15.16:6801/853446508] conn(0x7f261003e420 0x7f26100408e0 unknown :-1 s=BANNER_CONNECTING pgs=0 cs=0 l=1 rev1=0 crypto rx=0 tx=0 comp rx=0 tx=0)._handle_peer_banner_payload supported=3 required=0
2024-05-11T12:27:09.590 INFO:teuthology.orchestra.run.smithi016.stdout:/usr/bin/ceph: stderr
2024-05-11T12:27:08.508+0000 7f262259c700 1 --2- 172.21.15.16:0/2499533201 >> [v2:172.21.15.16:6800/853446508,v1:172.21.15.16:6801/853446508] conn(0x7f261003e420 0x7f26100408e0 secure :-1 s=READY pgs=9 cs=0 l=1 rev1=1 crypto rx=0x7f260c006fd0 tx=0x7f260c006e40 comp rx=0 tx=0).ready entity=mgr.14120 client_cookie=0 server_cookie=0 in_seq=0 out_seq=0
2024-05-11T12:27:09.590 INFO:teuthology.orchestra.run.smithi016.stdout:/usr/bin/ceph: stderr
2024-05-11T12:27:08.512+0000 7f261bfff700 1 -- 172.21.15.16:0/2499533201 <== mon.0 v2:172.21.15.16:3300/0 6 ==== mon_command_ack([{"prefix": "get_command_descriptions"}]=0 v0) ==== 72+0+191963 (secure 0 0 0) 0x7f261402b020 con 0x7f262407ed70
2024-05-11T12:27:09.590 INFO:teuthology.orchestra.run.smithi016.stdout:/usr/bin/ceph: stderr
2024-05-11T12:27:08.729+0000 7f2629225700 1 -- 172.21.15.16:0/2499533201 --> [v2:172.21.15.16:6800/853446508,v1:172.21.15.16:6801/853446508] -- mgr_command(tid 0: {"prefix": "cephadm generate-key", "target": ["mon-mgr", ""]}) -- 0x7f2624105bd0 con 0x7f261003e420
2024-05-11T12:27:09.590 INFO:teuthology.orchestra.run.smithi016.stdout:/usr/bin/ceph: stderr
2024-05-11T12:27:09.013+0000 7f261bfff700 1 -- 172.21.15.16:0/2499533201 <== mgr.14120 v2:172.21.15.16:6800/853446508 1 ==== mgr_command_reply(tid 0: 0 ) ==== 8+0+0 (secure 0 0 0) 0x7f2624105bd0 con 0x7f261003e420
2024-05-11T12:27:09.590 INFO:teuthology.orchestra.run.smithi016.stdout:/usr/bin/ceph: stderr
2024-05-11T12:27:09.015+0000 7f2629225700 1 -- 172.21.15.16:0/2499533201 >> [v2:172.21.15.16:6800/853446508,v1:172.21.15.16:6801/853446508] conn(0x7f261003e420 msgr2=0x7f26100408e0 secure :-1 s=STATE_CONNECTION_ESTABLISHED l=1).mark_down
2024-05-11T12:27:09.590 INFO:teuthology.orchestra.run.smithi016.stdout:/usr/bin/ceph: stderr
2024-05-11T12:27:09.015+0000 7f2629225700 1 --2- 172.21.15.16:0/2499533201 >> [v2:172.21.15.16:6800/853446508,v1:172.21.15.16:6801/853446508] conn(0x7f261003e420 0x7f26100408e0 secure :-1 s=READY pgs=9 cs=0 l=1 rev1=1 crypto rx=0x7f260c006fd0 tx=0x7f260c006e40 comp rx=0 tx=0).stop
2024-05-11T12:27:09.590 INFO:teuthology.orchestra.run.smithi016.stdout:/usr/bin/ceph: stderr
2024-05-11T12:27:09.015+0000 7f2629225700 1 -- 172.21.15.16:0/2499533201 >> [v2:172.21.15.16:3300/0,v1:172.21.15.16:6789/0] conn(0x7f262407ed70 msgr2=0x7f262419f430 secure :-1 s=STATE_CONNECTION_ESTABLISHED l=1).mark_down
2024-05-11T12:27:09.590 INFO:teuthology.orchestra.run.smithi016.stdout:/usr/bin/ceph: stderr
2024-05-11T12:27:09.015+0000 7f2629225700 1 --2- 172.21.15.16:0/2499533201 >> [v2:172.21.15.16:3300/0,v1:172.21.15.16:6789/0] conn(0x7f262407ed70 0x7f262419f430 secure :-1 s=READY pgs=42 cs=0 l=1 rev1=1 crypto rx=0x7f26140043d0 tx=0x7f26140041a0 comp rx=0 tx=0).stop
2024-05-11T12:27:09.591 INFO:teuthology.orchestra.run.smithi016.stdout:/usr/bin/ceph: stderr
2024-05-11T12:27:09.015+0000 7f2629225700 1 -- 172.21.15.16:0/2499533201 shutdown_connections
2024-05-11T12:27:09.591 INFO:teuthology.orchestra.run.smithi016.stdout:/usr/bin/ceph: stderr
2024-05-11T12:27:09.015+0000 7f2629225700 1 --2- 172.21.15.16:0/2499533201 >> [v2:172.21.15.16:6800/853446508,v1:172.21.15.16:6801/853446508] conn(0x7f261003e420 0x7f26100408e0 unknown :-1 s=CLOSED pgs=9 cs=0 l=1 rev1=1 crypto rx=0 tx=0 comp rx=0 tx=0).stop
2024-05-11T12:27:09.591 INFO:teuthology.orchestra.run.smithi016.stdout:/usr/bin/ceph: stderr
2024-05-11T12:27:09.015+0000 7f2629225700 1 --2- 172.21.15.16:0/2499533201 >> [v2:172.21.15.16:3300/0,v1:172.21.15.16:6789/0] conn(0x7f262407ed70 0x7f262419f430 unknown :-1 s=CLOSED pgs=42 cs=0 l=1 rev1=1 crypto rx=0 tx=0 comp rx=0 tx=0).stop
2024-05-11T12:27:09.591 INFO:teuthology.orchestra.run.smithi016.stdout:/usr/bin/ceph: stderr
2024-05-11T12:27:09.015+0000 7f2629225700 1 -- 172.21.15.16:0/2499533201 >> 172.21.15.16:0/2499533201 conn(0x7f2624104970 msgr2=0x7f26241054c0 unknown :-1 s=STATE_NONE l=0).mark_down
2024-05-11T12:27:09.591 INFO:teuthology.orchestra.run.smithi016.stdout:/usr/bin/ceph: stderr
2024-05-11T12:27:09.015+0000 7f2629225700 1 -- 172.21.15.16:0/2499533201 shutdown_connections
2024-05-11T12:27:09.591 INFO:teuthology.orchestra.run.smithi016.stdout:/usr/bin/ceph: stderr
2024-05-11T12:27:09.015+0000 7f2629225700 1 -- 172.21.15.16:0/2499533201 wait complete.
2024-05-11T12:27:10.099 INFO:journalctl@ceph.mon.a.smithi016.stdout:May 11 12:27:10 smithi016 ceph-mon[30131]: from='client.14136 -' entity='client.admin' cmd=[{"prefix": "cephadm generate-key", "target": ["mon-mgr", ""]}]: dispatch
2024-05-11T12:27:10.099 INFO:journalctl@ceph.mon.a.smithi016.stdout:May 11 12:27:10 smithi016 ceph-mon[30131]: Generating ssh key...
2024-05-11T12:27:10.099 INFO:journalctl@ceph.mon.a.smithi016.stdout:May 11 12:27:10 smithi016 ceph-mon[30131]: from='mgr.14120 172.21.15.16:0/4207909135' entity='mgr.x'
2024-05-11T12:27:10.099 INFO:journalctl@ceph.mon.a.smithi016.stdout:May 11 12:27:10 smithi016 ceph-mon[30131]: from='mgr.14120 172.21.15.16:0/4207909135' entity='mgr.x'
2024-05-11T12:27:10.877 INFO:teuthology.orchestra.run.smithi016.stdout:/usr/bin/ceph: stdout ssh-rsa AAAAB3NzaC1yc2EAAAADAQABAAABgQC99i2EuSlttDTIubZ0kZtkFxN5cMKUzDpbYKzrBWjuVNYXuU0bhVxJLuRuTxUPEaex2g4oFNG1fk/wNlO1dMqYbLkMtnUaV3nahY7Hj3UGUsAznKQ2Jh4tTl38EBH5p89iGI9sqdP6irjhecSswGpsl7Ez13l9WzL/BOSbniH+lMbrRuYgKkCDPxLQ1JRvua+w/yamQiODkUWMuR7WVcg5mLPNPtbMT8LrUoZ8IlElW3Vfi0ZaOF2fPiCc0RtXENVkTeO/tW/aH6aR2Up1cdgbb5ffhDit5ZTfoGBM99w/fLbMSWDy4EKjMX+Z6k/Ib3wl/eibaLaSMn4w9UyXF8vyGecBUFX4iZ68fV8TJbxA/ntH0rO1qIavFpbusxCmp+J9sVsqI1cai83SLmBjlK52UEnXR9A95Io7WpiGv1wvWqsxPQRhvWdDQlFe5lvPoTVIUXOXLQfJoJg6psweJ/WOrdwPpyYJ8Ei7ksokqzP5oUVG9xrrS1CrzSyiCS5WeCM= ceph-884d343c-0f91-11ef-bc98-c7b262605968
2024-05-11T12:27:10.878 INFO:teuthology.orchestra.run.smithi016.stdout:/usr/bin/ceph: stderr
2024-05-11T12:27:10.051+0000 7fbf4a078700 1 Processor -- start
2024-05-11T12:27:10.878 INFO:teuthology.orchestra.run.smithi016.stdout:/usr/bin/ceph: stderr
2024-05-11T12:27:10.051+0000 7fbf4a078700 1 -- start start
2024-05-11T12:27:10.878 INFO:teuthology.orchestra.run.smithi016.stdout:/usr/bin/ceph: stderr
2024-05-11T12:27:10.052+0000 7fbf4a078700 1 --2- >> [v2:172.21.15.16:3300/0,v1:172.21.15.16:6789/0] conn(0x7fbf44109d40 0x7fbf4410c130 unknown :-1 s=NONE pgs=0 cs=0 l=0 rev1=0 crypto rx=0 tx=0 comp rx=0 tx=0).connect
2024-05-11T12:27:10.878 INFO:teuthology.orchestra.run.smithi016.stdout:/usr/bin/ceph: stderr
2024-05-11T12:27:10.052+0000 7fbf4a078700 1 -- --> [v2:172.21.15.16:3300/0,v1:172.21.15.16:6789/0] -- mon_getmap magic: 0 -- 0x7fbf44064870 con 0x7fbf44109d40
2024-05-11T12:27:10.878 INFO:teuthology.orchestra.run.smithi016.stdout:/usr/bin/ceph: stderr
2024-05-11T12:27:10.052+0000 7fbf437fe700 1 --2- >> [v2:172.21.15.16:3300/0,v1:172.21.15.16:6789/0] conn(0x7fbf44109d40 0x7fbf4410c130 unknown :-1 s=BANNER_CONNECTING pgs=0 cs=0 l=0 rev1=0 crypto rx=0 tx=0 comp rx=0 tx=0)._handle_peer_banner_payload supported=3 required=0
2024-05-11T12:27:10.878 INFO:teuthology.orchestra.run.smithi016.stdout:/usr/bin/ceph: stderr
2024-05-11T12:27:10.052+0000 7fbf437fe700 1 --2- >> [v2:172.21.15.16:3300/0,v1:172.21.15.16:6789/0] conn(0x7fbf44109d40 0x7fbf4410c130 unknown :-1 s=HELLO_CONNECTING pgs=0 cs=0 l=0 rev1=1 crypto rx=0 tx=0 comp rx=0 tx=0).handle_hello peer v2:172.21.15.16:3300/0 says I am v2:172.21.15.16:54554/0 (socket says 172.21.15.16:54554)
2024-05-11T12:27:10.878 INFO:teuthology.orchestra.run.smithi016.stdout:/usr/bin/ceph: stderr
2024-05-11T12:27:10.052+0000 7fbf437fe700 1 -- 172.21.15.16:0/2832591968 learned_addr learned my addr 172.21.15.16:0/2832591968 (peer_addr_for_me v2:172.21.15.16:0/0)
2024-05-11T12:27:10.878 INFO:teuthology.orchestra.run.smithi016.stdout:/usr/bin/ceph: stderr
2024-05-11T12:27:10.052+0000 7fbf437fe700 1 -- 172.21.15.16:0/2832591968 --> [v2:172.21.15.16:3300/0,v1:172.21.15.16:6789/0] -- mon_subscribe({config=0+,monmap=0+}) -- 0x7fbf4410c670 con 0x7fbf44109d40
2024-05-11T12:27:10.878 INFO:teuthology.orchestra.run.smithi016.stdout:/usr/bin/ceph: stderr
2024-05-11T12:27:10.052+0000 7fbf437fe700 1 --2- 172.21.15.16:0/2832591968 >> [v2:172.21.15.16:3300/0,v1:172.21.15.16:6789/0] conn(0x7fbf44109d40 0x7fbf4410c130 secure :-1 s=READY pgs=43 cs=0 l=1 rev1=1 crypto rx=0x7fbf34009e80 tx=0x7fbf3400b330 comp rx=0 tx=0).ready entity=mon.0 client_cookie=753a6a3dc742306a server_cookie=0 in_seq=0 out_seq=0
2024-05-11T12:27:10.878 INFO:teuthology.orchestra.run.smithi016.stdout:/usr/bin/ceph: stderr
2024-05-11T12:27:10.052+0000 7fbf427fc700 1 -- 172.21.15.16:0/2832591968 <== mon.0 v2:172.21.15.16:3300/0 1 ==== mon_map magic: 0 ==== 205+0+0 (secure 0 0 0) 0x7fbf34017070 con 0x7fbf44109d40
2024-05-11T12:27:10.878 INFO:teuthology.orchestra.run.smithi016.stdout:/usr/bin/ceph: stderr
2024-05-11T12:27:10.052+0000 7fbf427fc700 1 -- 172.21.15.16:0/2832591968 <== mon.0 v2:172.21.15.16:3300/0 2 ==== config(28 keys) ==== 1139+0+0 (secure 0 0 0) 0x7fbf3400b8c0 con 0x7fbf44109d40
2024-05-11T12:27:10.878 INFO:teuthology.orchestra.run.smithi016.stdout:/usr/bin/ceph: stderr
2024-05-11T12:27:10.052+0000 7fbf427fc700 1 -- 172.21.15.16:0/2832591968 <== mon.0 v2:172.21.15.16:3300/0 3 ==== mon_map magic: 0 ==== 205+0+0 (secure 0 0 0) 0x7fbf34004620 con 0x7fbf44109d40
2024-05-11T12:27:10.878 INFO:teuthology.orchestra.run.smithi016.stdout:/usr/bin/ceph: stderr
2024-05-11T12:27:10.053+0000 7fbf4a078700 1 -- 172.21.15.16:0/2832591968 >> [v2:172.21.15.16:3300/0,v1:172.21.15.16:6789/0] conn(0x7fbf44109d40 msgr2=0x7fbf4410c130 secure :-1 s=STATE_CONNECTION_ESTABLISHED l=1).mark_down
2024-05-11T12:27:10.879 INFO:teuthology.orchestra.run.smithi016.stdout:/usr/bin/ceph: stderr
2024-05-11T12:27:10.053+0000 7fbf4a078700 1 --2- 172.21.15.16:0/2832591968 >> [v2:172.21.15.16:3300/0,v1:172.21.15.16:6789/0] conn(0x7fbf44109d40 0x7fbf4410c130 secure :-1 s=READY pgs=43 cs=0 l=1 rev1=1 crypto rx=0x7fbf34009e80 tx=0x7fbf3400b330 comp rx=0 tx=0).stop
2024-05-11T12:27:10.879 INFO:teuthology.orchestra.run.smithi016.stdout:/usr/bin/ceph: stderr
2024-05-11T12:27:10.053+0000 7fbf4a078700 1 -- 172.21.15.16:0/2832591968 shutdown_connections
2024-05-11T12:27:10.879 INFO:teuthology.orchestra.run.smithi016.stdout:/usr/bin/ceph: stderr
2024-05-11T12:27:10.053+0000 7fbf4a078700 1 --2- 172.21.15.16:0/2832591968 >> [v2:172.21.15.16:3300/0,v1:172.21.15.16:6789/0] conn(0x7fbf44109d40 0x7fbf4410c130 unknown :-1 s=CLOSED pgs=43 cs=0 l=1 rev1=1 crypto rx=0 tx=0 comp rx=0 tx=0).stop
2024-05-11T12:27:10.879 INFO:teuthology.orchestra.run.smithi016.stdout:/usr/bin/ceph: stderr
2024-05-11T12:27:10.053+0000 7fbf4a078700 1 -- 172.21.15.16:0/2832591968 >> 172.21.15.16:0/2832591968 conn(0x7fbf441037d0 msgr2=0x7fbf44105bf0 unknown :-1 s=STATE_NONE l=0).mark_down
2024-05-11T12:27:10.879 INFO:teuthology.orchestra.run.smithi016.stdout:/usr/bin/ceph: stderr
2024-05-11T12:27:10.053+0000 7fbf4a078700 1 -- 172.21.15.16:0/2832591968 shutdown_connections
2024-05-11T12:27:10.879 INFO:teuthology.orchestra.run.smithi016.stdout:/usr/bin/ceph: stderr
2024-05-11T12:27:10.053+0000 7fbf4a078700 1 -- 172.21.15.16:0/2832591968 wait complete.
2024-05-11T12:27:10.879 INFO:teuthology.orchestra.run.smithi016.stdout:/usr/bin/ceph: stderr
2024-05-11T12:27:10.054+0000 7fbf4a078700 1 Processor -- start
2024-05-11T12:27:10.879 INFO:teuthology.orchestra.run.smithi016.stdout:/usr/bin/ceph: stderr
2024-05-11T12:27:10.054+0000 7fbf4a078700 1 -- start start
2024-05-11T12:27:10.879 INFO:teuthology.orchestra.run.smithi016.stdout:/usr/bin/ceph: stderr
2024-05-11T12:27:10.054+0000 7fbf4a078700 1 --2- >> [v2:172.21.15.16:3300/0,v1:172.21.15.16:6789/0] conn(0x7fbf44109d40 0x7fbf4419d270 unknown :-1 s=NONE pgs=0 cs=0 l=1 rev1=0 crypto rx=0 tx=0 comp rx=0 tx=0).connect
2024-05-11T12:27:10.879 INFO:teuthology.orchestra.run.smithi016.stdout:/usr/bin/ceph: stderr
2024-05-11T12:27:10.054+0000 7fbf4a078700 1 -- --> [v2:172.21.15.16:3300/0,v1:172.21.15.16:6789/0] -- mon_getmap magic: 0 -- 0x7fbf4410d700 con 0x7fbf44109d40
2024-05-11T12:27:10.879 INFO:teuthology.orchestra.run.smithi016.stdout:/usr/bin/ceph: stderr
2024-05-11T12:27:10.054+0000 7fbf437fe700 1 --2- >> [v2:172.21.15.16:3300/0,v1:172.21.15.16:6789/0] conn(0x7fbf44109d40 0x7fbf4419d270 unknown :-1 s=BANNER_CONNECTING pgs=0 cs=0 l=1 rev1=0 crypto rx=0 tx=0 comp rx=0 tx=0)._handle_peer_banner_payload supported=3 required=0
2024-05-11T12:27:10.879 INFO:teuthology.orchestra.run.smithi016.stdout:/usr/bin/ceph: stderr
2024-05-11T12:27:10.054+0000 7fbf437fe700 1 --2- >> [v2:172.21.15.16:3300/0,v1:172.21.15.16:6789/0] conn(0x7fbf44109d40 0x7fbf4419d270 unknown :-1 s=HELLO_CONNECTING pgs=0 cs=0 l=1 rev1=1 crypto rx=0 tx=0 comp rx=0 tx=0).handle_hello peer v2:172.21.15.16:3300/0 says I am v2:172.21.15.16:54564/0 (socket says 172.21.15.16:54564)
2024-05-11T12:27:10.879 INFO:teuthology.orchestra.run.smithi016.stdout:/usr/bin/ceph: stderr
2024-05-11T12:27:10.054+0000 7fbf437fe700 1 -- 172.21.15.16:0/202016622 learned_addr learned my addr 172.21.15.16:0/202016622 (peer_addr_for_me v2:172.21.15.16:0/0)
2024-05-11T12:27:10.879 INFO:teuthology.orchestra.run.smithi016.stdout:/usr/bin/ceph: stderr
2024-05-11T12:27:10.055+0000 7fbf437fe700 1 -- 172.21.15.16:0/202016622 --> [v2:172.21.15.16:3300/0,v1:172.21.15.16:6789/0] -- mon_subscribe({config=0+,monmap=0+}) -- 0x7fbf4419d7b0 con 0x7fbf44109d40
2024-05-11T12:27:10.880 INFO:teuthology.orchestra.run.smithi016.stdout:/usr/bin/ceph: stderr
2024-05-11T12:27:10.055+0000 7fbf437fe700 1 --2- 172.21.15.16:0/202016622 >> [v2:172.21.15.16:3300/0,v1:172.21.15.16:6789/0] conn(0x7fbf44109d40 0x7fbf4419d270 secure :-1 s=READY pgs=44 cs=0 l=1 rev1=1 crypto rx=0x7fbf3400b7b0 tx=0x7fbf34003d00 comp rx=0 tx=0).ready entity=mon.0 client_cookie=0 server_cookie=0 in_seq=0 out_seq=0
2024-05-11T12:27:10.880 INFO:teuthology.orchestra.run.smithi016.stdout:/usr/bin/ceph: stderr
2024-05-11T12:27:10.055+0000 7fbf40ff9700 1 -- 172.21.15.16:0/202016622 <== mon.0 v2:172.21.15.16:3300/0 1 ==== mon_map magic: 0 ==== 205+0+0 (secure 0 0 0) 0x7fbf34021020 con 0x7fbf44109d40
2024-05-11T12:27:10.880 INFO:teuthology.orchestra.run.smithi016.stdout:/usr/bin/ceph: stderr
2024-05-11T12:27:10.055+0000 7fbf4a078700 1 -- 172.21.15.16:0/202016622 --> [v2:172.21.15.16:3300/0,v1:172.21.15.16:6789/0] -- mon_subscribe({mgrmap=0+}) -- 0x7fbf4419da40 con 0x7fbf44109d40
2024-05-11T12:27:10.880 INFO:teuthology.orchestra.run.smithi016.stdout:/usr/bin/ceph: stderr
2024-05-11T12:27:10.055+0000 7fbf40ff9700 1 -- 172.21.15.16:0/202016622 <== mon.0 v2:172.21.15.16:3300/0 2 ==== config(28 keys) ==== 1139+0+0 (secure 0 0 0) 0x7fbf3400be00 con 0x7fbf44109d40
2024-05-11T12:27:10.880 INFO:teuthology.orchestra.run.smithi016.stdout:/usr/bin/ceph: stderr
2024-05-11T12:27:10.055+0000 7fbf40ff9700 1 -- 172.21.15.16:0/202016622 <== mon.0 v2:172.21.15.16:3300/0 3 ==== mon_map magic: 0 ==== 205+0+0 (secure 0 0 0) 0x7fbf34017040 con 0x7fbf44109d40
2024-05-11T12:27:10.880 INFO:teuthology.orchestra.run.smithi016.stdout:/usr/bin/ceph: stderr
2024-05-11T12:27:10.055+0000 7fbf4a078700 1 -- 172.21.15.16:0/202016622 --> [v2:172.21.15.16:3300/0,v1:172.21.15.16:6789/0] -- mon_subscribe({osdmap=0}) -- 0x7fbf441a0730 con 0x7fbf44109d40
2024-05-11T12:27:10.880 INFO:teuthology.orchestra.run.smithi016.stdout:/usr/bin/ceph: stderr
2024-05-11T12:27:10.056+0000 7fbf4a078700 1 -- 172.21.15.16:0/202016622 --> [v2:172.21.15.16:3300/0,v1:172.21.15.16:6789/0] -- mon_command({"prefix": "get_command_descriptions"} v 0) -- 0x7fbf44064bb0 con 0x7fbf44109d40
2024-05-11T12:27:10.880 INFO:teuthology.orchestra.run.smithi016.stdout:/usr/bin/ceph: stderr
2024-05-11T12:27:10.056+0000 7fbf40ff9700 1 -- 172.21.15.16:0/202016622 <== mon.0 v2:172.21.15.16:3300/0 4 ==== mgrmap(e 8) ==== 50222+0+0 (secure 0 0 0) 0x7fbf34024020 con 0x7fbf44109d40
2024-05-11T12:27:10.880 INFO:teuthology.orchestra.run.smithi016.stdout:/usr/bin/ceph: stderr
2024-05-11T12:27:10.056+0000 7fbf40ff9700 1 --2- 172.21.15.16:0/202016622 >> [v2:172.21.15.16:6800/853446508,v1:172.21.15.16:6801/853446508] conn(0x7fbf3003e470 0x7fbf30040930 unknown :-1 s=NONE pgs=0 cs=0 l=1 rev1=0 crypto rx=0 tx=0 comp rx=0 tx=0).connect
2024-05-11T12:27:10.880 INFO:teuthology.orchestra.run.smithi016.stdout:/usr/bin/ceph: stderr
2024-05-11T12:27:10.056+0000 7fbf40ff9700 1 -- 172.21.15.16:0/202016622 <== mon.0 v2:172.21.15.16:3300/0 5 ==== osd_map(2..2 src has 1..2) ==== 940+0+0 (secure 0 0 0) 0x7fbf3400f050 con 0x7fbf44109d40
2024-05-11T12:27:10.880 INFO:teuthology.orchestra.run.smithi016.stdout:/usr/bin/ceph: stderr
2024-05-11T12:27:10.057+0000 7fbf42ffd700 1 --2- 172.21.15.16:0/202016622 >> [v2:172.21.15.16:6800/853446508,v1:172.21.15.16:6801/853446508] conn(0x7fbf3003e470 0x7fbf30040930 unknown :-1 s=BANNER_CONNECTING pgs=0 cs=0 l=1 rev1=0 crypto rx=0 tx=0 comp rx=0 tx=0)._handle_peer_banner_payload supported=3 required=0
2024-05-11T12:27:10.880 INFO:teuthology.orchestra.run.smithi016.stdout:/usr/bin/ceph: stderr
2024-05-11T12:27:10.057+0000 7fbf42ffd700 1 --2- 172.21.15.16:0/202016622 >> [v2:172.21.15.16:6800/853446508,v1:172.21.15.16:6801/853446508] conn(0x7fbf3003e470 0x7fbf30040930 secure :-1 s=READY pgs=10 cs=0 l=1 rev1=1 crypto rx=0x7fbf2c006fd0 tx=0x7fbf2c006e40 comp rx=0 tx=0).ready entity=mgr.14120 client_cookie=0 server_cookie=0 in_seq=0 out_seq=0
2024-05-11T12:27:10.880 INFO:teuthology.orchestra.run.smithi016.stdout:/usr/bin/ceph: stderr
2024-05-11T12:27:10.061+0000 7fbf40ff9700 1 -- 172.21.15.16:0/202016622 <== mon.0 v2:172.21.15.16:3300/0 6 ==== mon_command_ack([{"prefix": "get_command_descriptions"}]=0 v0) ==== 72+0+191963 (secure 0 0 0) 0x7fbf3402b020 con 0x7fbf44109d40
2024-05-11T12:27:10.880 INFO:teuthology.orchestra.run.smithi016.stdout:/usr/bin/ceph: stderr
2024-05-11T12:27:10.288+0000 7fbf4a078700 1 -- 172.21.15.16:0/202016622 --> [v2:172.21.15.16:6800/853446508,v1:172.21.15.16:6801/853446508] -- mgr_command(tid 0: {"prefix": "cephadm get-pub-key", "target": ["mon-mgr", ""]}) -- 0x7fbf44104a40 con 0x7fbf3003e470
2024-05-11T12:27:10.881 INFO:teuthology.orchestra.run.smithi016.stdout:/usr/bin/ceph: stderr
2024-05-11T12:27:10.289+0000 7fbf40ff9700 1 -- 172.21.15.16:0/202016622 <== mgr.14120 v2:172.21.15.16:6800/853446508 1 ==== mgr_command_reply(tid 0: 0 ) ==== 8+0+595 (secure 0 0 0) 0x7fbf44104a40 con 0x7fbf3003e470
2024-05-11T12:27:10.881 INFO:teuthology.orchestra.run.smithi016.stdout:/usr/bin/ceph: stderr
2024-05-11T12:27:10.291+0000 7fbf4a078700 1 -- 172.21.15.16:0/202016622 >> [v2:172.21.15.16:6800/853446508,v1:172.21.15.16:6801/853446508] conn(0x7fbf3003e470 msgr2=0x7fbf30040930 secure :-1 s=STATE_CONNECTION_ESTABLISHED l=1).mark_down
2024-05-11T12:27:10.881 INFO:teuthology.orchestra.run.smithi016.stdout:/usr/bin/ceph: stderr
2024-05-11T12:27:10.291+0000 7fbf4a078700 1 --2- 172.21.15.16:0/202016622 >> [v2:172.21.15.16:6800/853446508,v1:172.21.15.16:6801/853446508] conn(0x7fbf3003e470 0x7fbf30040930 secure :-1 s=READY pgs=10 cs=0 l=1 rev1=1 crypto rx=0x7fbf2c006fd0 tx=0x7fbf2c006e40 comp rx=0 tx=0).stop
2024-05-11T12:27:10.881 INFO:teuthology.orchestra.run.smithi016.stdout:/usr/bin/ceph: stderr
2024-05-11T12:27:10.291+0000 7fbf4a078700 1 -- 172.21.15.16:0/202016622 >> [v2:172.21.15.16:3300/0,v1:172.21.15.16:6789/0] conn(0x7fbf44109d40 msgr2=0x7fbf4419d270 secure :-1 s=STATE_CONNECTION_ESTABLISHED l=1).mark_down
2024-05-11T12:27:10.881 INFO:teuthology.orchestra.run.smithi016.stdout:/usr/bin/ceph: stderr
2024-05-11T12:27:10.291+0000 7fbf4a078700 1 --2- 172.21.15.16:0/202016622 >> [v2:172.21.15.16:3300/0,v1:172.21.15.16:6789/0] conn(0x7fbf44109d40 0x7fbf4419d270 secure :-1 s=READY pgs=44 cs=0 l=1 rev1=1 crypto rx=0x7fbf3400b7b0 tx=0x7fbf34003d00 comp rx=0 tx=0).stop
2024-05-11T12:27:10.881 INFO:teuthology.orchestra.run.smithi016.stdout:/usr/bin/ceph: stderr
2024-05-11T12:27:10.291+0000 7fbf4a078700 1 -- 172.21.15.16:0/202016622 shutdown_connections
2024-05-11T12:27:10.881 INFO:teuthology.orchestra.run.smithi016.stdout:/usr/bin/ceph: stderr
2024-05-11T12:27:10.291+0000 7fbf4a078700 1 --2- 172.21.15.16:0/202016622 >> [v2:172.21.15.16:6800/853446508,v1:172.21.15.16:6801/853446508] conn(0x7fbf3003e470 0x7fbf30040930 unknown :-1 s=CLOSED pgs=10 cs=0 l=1 rev1=1 crypto rx=0 tx=0 comp rx=0 tx=0).stop
2024-05-11T12:27:10.881 INFO:teuthology.orchestra.run.smithi016.stdout:/usr/bin/ceph: stderr
2024-05-11T12:27:10.291+0000 7fbf4a078700 1 --2- 172.21.15.16:0/202016622 >> [v2:172.21.15.16:3300/0,v1:172.21.15.16:6789/0] conn(0x7fbf44109d40 0x7fbf4419d270 unknown :-1 s=CLOSED pgs=44 cs=0 l=1 rev1=1 crypto rx=0 tx=0 comp rx=0 tx=0).stop
2024-05-11T12:27:10.881 INFO:teuthology.orchestra.run.smithi016.stdout:/usr/bin/ceph: stderr
2024-05-11T12:27:10.291+0000 7fbf4a078700 1 -- 172.21.15.16:0/202016622 >> 172.21.15.16:0/202016622 conn(0x7fbf441037d0 msgr2=0x7fbf44104330 unknown :-1 s=STATE_NONE l=0).mark_down
2024-05-11T12:27:10.881 INFO:teuthology.orchestra.run.smithi016.stdout:/usr/bin/ceph: stderr
2024-05-11T12:27:10.291+0000 7fbf4a078700 1 -- 172.21.15.16:0/202016622 shutdown_connections
2024-05-11T12:27:10.881 INFO:teuthology.orchestra.run.smithi016.stdout:/usr/bin/ceph: stderr
2024-05-11T12:27:10.291+0000 7fbf4a078700 1 -- 172.21.15.16:0/202016622 wait complete.
2024-05-11T12:27:10.881 INFO:teuthology.orchestra.run.smithi016.stdout:Wrote public SSH key to /home/ubuntu/cephtest/ceph.pub
2024-05-11T12:27:10.881 INFO:teuthology.orchestra.run.smithi016.stdout:Adding key to root@localhost authorized_keys...
2024-05-11T12:27:10.881 INFO:teuthology.orchestra.run.smithi016.stdout:Adding host smithi016...
