2024-05-11T12:27:39.150 INFO:teuthology.orchestra.run.smithi016.stdout:/usr/bin/ceph: stderr
2024-05-11T12:27:38.362+0000 7f31ba59c700 1 -- 172.21.15.16:0/2010275369 --> [v2:172.21.15.16:3300/0,v1:172.21.15.16:6789/0] -- mon_subscribe({config=0+,monmap=0+}) -- 0x7f31bc10c690 con 0x7f31bc109d60
2024-05-11T12:27:39.150 INFO:teuthology.orchestra.run.smithi016.stdout:/usr/bin/ceph: stderr
2024-05-11T12:27:38.362+0000 7f31ba59c700 1 --2- 172.21.15.16:0/2010275369 >> [v2:172.21.15.16:3300/0,v1:172.21.15.16:6789/0] conn(0x7f31bc109d60 0x7f31bc10c150 secure :-1 s=READY pgs=76 cs=0 l=1 rev1=1 crypto rx=0x7f31ac0098a0 tx=0x7f31ac009bb0 comp rx=0 tx=0).ready entity=mon.0 client_cookie=3703f6bbee684213 server_cookie=0 in_seq=0 out_seq=0
2024-05-11T12:27:39.150 INFO:teuthology.orchestra.run.smithi016.stdout:/usr/bin/ceph: stderr
2024-05-11T12:27:38.362+0000 7f31b959a700 1 -- 172.21.15.16:0/2010275369 <== mon.0 v2:172.21.15.16:3300/0 1 ==== mon_map magic: 0 ==== 205+0+0 (secure 0 0 0) 0x7f31ac004160 con 0x7f31bc109d60
2024-05-11T12:27:39.150 INFO:teuthology.orchestra.run.smithi016.stdout:/usr/bin/ceph: stderr
2024-05-11T12:27:38.362+0000 7f31b959a700 1 -- 172.21.15.16:0/2010275369 <== mon.0 v2:172.21.15.16:3300/0 2 ==== config(28 keys) ==== 1170+0+0 (secure 0 0 0) 0x7f31ac004300 con 0x7f31bc109d60
2024-05-11T12:27:39.150 INFO:teuthology.orchestra.run.smithi016.stdout:/usr/bin/ceph: stderr
2024-05-11T12:27:38.362+0000 7f31b959a700 1 -- 172.21.15.16:0/2010275369 <== mon.0 v2:172.21.15.16:3300/0 3 ==== mon_map magic: 0 ==== 205+0+0 (secure 0 0 0) 0x7f31ac011c20 con 0x7f31bc109d60
2024-05-11T12:27:39.150 INFO:teuthology.orchestra.run.smithi016.stdout:/usr/bin/ceph: stderr
2024-05-11T12:27:38.363+0000 7f31c0b52700 1 -- 172.21.15.16:0/2010275369 >> [v2:172.21.15.16:3300/0,v1:172.21.15.16:6789/0] conn(0x7f31bc109d60 msgr2=0x7f31bc10c150 secure :-1 s=STATE_CONNECTION_ESTABLISHED l=1).mark_down
2024-05-11T12:27:39.150 INFO:teuthology.orchestra.run.smithi016.stdout:/usr/bin/ceph: stderr
2024-05-11T12:27:38.363+0000 7f31c0b52700 1 --2- 172.21.15.16:0/2010275369 >> [v2:172.21.15.16:3300/0,v1:172.21.15.16:6789/0] conn(0x7f31bc109d60 0x7f31bc10c150 secure :-1 s=READY pgs=76 cs=0 l=1 rev1=1 crypto rx=0x7f31ac0098a0 tx=0x7f31ac009bb0 comp rx=0 tx=0).stop
2024-05-11T12:27:39.150 INFO:teuthology.orchestra.run.smithi016.stdout:/usr/bin/ceph: stderr
2024-05-11T12:27:38.363+0000 7f31c0b52700 1 -- 172.21.15.16:0/2010275369 shutdown_connections
2024-05-11T12:27:39.151 INFO:teuthology.orchestra.run.smithi016.stdout:/usr/bin/ceph: stderr
2024-05-11T12:27:38.363+0000 7f31c0b52700 1 --2- 172.21.15.16:0/2010275369 >> [v2:172.21.15.16:3300/0,v1:172.21.15.16:6789/0] conn(0x7f31bc109d60 0x7f31bc10c150 unknown :-1 s=CLOSED pgs=76 cs=0 l=1 rev1=1 crypto rx=0 tx=0 comp rx=0 tx=0).stop
2024-05-11T12:27:39.151 INFO:teuthology.orchestra.run.smithi016.stdout:/usr/bin/ceph: stderr
2024-05-11T12:27:38.363+0000 7f31c0b52700 1 -- 172.21.15.16:0/2010275369 >> 172.21.15.16:0/2010275369 conn(0x7f31bc1037b0 msgr2=0x7f31bc105bd0 unknown :-1 s=STATE_NONE l=0).mark_down
2024-05-11T12:27:39.151 INFO:teuthology.orchestra.run.smithi016.stdout:/usr/bin/ceph: stderr
2024-05-11T12:27:38.363+0000 7f31c0b52700 1 -- 172.21.15.16:0/2010275369 shutdown_connections
2024-05-11T12:27:39.151 INFO:teuthology.orchestra.run.smithi016.stdout:/usr/bin/ceph: stderr
2024-05-11T12:27:38.363+0000 7f31c0b52700 1 -- 172.21.15.16:0/2010275369 wait complete.
2024-05-11T12:27:39.151 INFO:teuthology.orchestra.run.smithi016.stdout:/usr/bin/ceph: stderr
2024-05-11T12:27:38.364+0000 7f31c0b52700 1 Processor -- start
2024-05-11T12:27:39.151 INFO:teuthology.orchestra.run.smithi016.stdout:/usr/bin/ceph: stderr
2024-05-11T12:27:38.364+0000 7f31c0b52700 1 -- start start
2024-05-11T12:27:39.151 INFO:teuthology.orchestra.run.smithi016.stdout:/usr/bin/ceph: stderr
2024-05-11T12:27:38.364+0000 7f31c0b52700 1 --2- >> [v2:172.21.15.16:3300/0,v1:172.21.15.16:6789/0] conn(0x7f31bc109d60 0x7f31bc19d2d0 unknown :-1 s=NONE pgs=0 cs=0 l=1 rev1=0 crypto rx=0 tx=0 comp rx=0 tx=0).connect
2024-05-11T12:27:39.151 INFO:teuthology.orchestra.run.smithi016.stdout:/usr/bin/ceph: stderr
2024-05-11T12:27:38.364+0000 7f31c0b52700 1 -- --> [v2:172.21.15.16:3300/0,v1:172.21.15.16:6789/0] -- mon_getmap magic: 0 -- 0x7f31bc10d6f0 con 0x7f31bc109d60
2024-05-11T12:27:39.151 INFO:teuthology.orchestra.run.smithi016.stdout:/usr/bin/ceph: stderr
2024-05-11T12:27:38.364+0000 7f31ba59c700 1 --2- >> [v2:172.21.15.16:3300/0,v1:172.21.15.16:6789/0] conn(0x7f31bc109d60 0x7f31bc19d2d0 unknown :-1 s=BANNER_CONNECTING pgs=0 cs=0 l=1 rev1=0 crypto rx=0 tx=0 comp rx=0 tx=0)._handle_peer_banner_payload supported=3 required=0
2024-05-11T12:27:39.151 INFO:teuthology.orchestra.run.smithi016.stdout:/usr/bin/ceph: stderr
2024-05-11T12:27:38.364+0000 7f31ba59c700 1 --2- >> [v2:172.21.15.16:3300/0,v1:172.21.15.16:6789/0] conn(0x7f31bc109d60 0x7f31bc19d2d0 unknown :-1 s=HELLO_CONNECTING pgs=0 cs=0 l=1 rev1=1 crypto rx=0 tx=0 comp rx=0 tx=0).handle_hello peer v2:172.21.15.16:3300/0 says I am v2:172.21.15.16:52484/0 (socket says 172.21.15.16:52484)
2024-05-11T12:27:39.151 INFO:teuthology.orchestra.run.smithi016.stdout:/usr/bin/ceph: stderr
2024-05-11T12:27:38.364+0000 7f31ba59c700 1 -- 172.21.15.16:0/3446168063 learned_addr learned my addr 172.21.15.16:0/3446168063 (peer_addr_for_me v2:172.21.15.16:0/0)
2024-05-11T12:27:39.151 INFO:teuthology.orchestra.run.smithi016.stdout:/usr/bin/ceph: stderr
2024-05-11T12:27:38.364+0000 7f31ba59c700 1 -- 172.21.15.16:0/3446168063 --> [v2:172.21.15.16:3300/0,v1:172.21.15.16:6789/0] -- mon_subscribe({config=0+,monmap=0+}) -- 0x7f31bc19d810 con 0x7f31bc109d60
2024-05-11T12:27:39.151 INFO:teuthology.orchestra.run.smithi016.stdout:/usr/bin/ceph: stderr
2024-05-11T12:27:38.365+0000 7f31ba59c700 1 --2- 172.21.15.16:0/3446168063 >> [v2:172.21.15.16:3300/0,v1:172.21.15.16:6789/0] conn(0x7f31bc109d60 0x7f31bc19d2d0 secure :-1 s=READY pgs=77 cs=0 l=1 rev1=1 crypto rx=0x7f31ac009fb0 tx=0x7f31ac011a70 comp rx=0 tx=0).ready entity=mon.0 client_cookie=0 server_cookie=0 in_seq=0 out_seq=0
2024-05-11T12:27:39.151 INFO:teuthology.orchestra.run.smithi016.stdout:/usr/bin/ceph: stderr
2024-05-11T12:27:38.365+0000 7f31ab7fe700 1 -- 172.21.15.16:0/3446168063 <== mon.0 v2:172.21.15.16:3300/0 1 ==== mon_map magic: 0 ==== 205+0+0 (secure 0 0 0) 0x7f31ac0036a0 con 0x7f31bc109d60
2024-05-11T12:27:39.152 INFO:teuthology.orchestra.run.smithi016.stdout:/usr/bin/ceph: stderr
2024-05-11T12:27:38.365+0000 7f31c0b52700 1 -- 172.21.15.16:0/3446168063 --> [v2:172.21.15.16:3300/0,v1:172.21.15.16:6789/0] -- mon_subscribe({mgrmap=0+}) -- 0x7f31bc19db00 con 0x7f31bc109d60
2024-05-11T12:27:39.152 INFO:teuthology.orchestra.run.smithi016.stdout:/usr/bin/ceph: stderr
2024-05-11T12:27:38.365+0000 7f31ab7fe700 1 -- 172.21.15.16:0/3446168063 <== mon.0 v2:172.21.15.16:3300/0 2 ==== config(28 keys) ==== 1170+0+0 (secure 0 0 0) 0x7f31ac003d40 con 0x7f31bc109d60
2024-05-11T12:27:39.152 INFO:teuthology.orchestra.run.smithi016.stdout:/usr/bin/ceph: stderr
2024-05-11T12:27:38.365+0000 7f31ab7fe700 1 -- 172.21.15.16:0/3446168063 <== mon.0 v2:172.21.15.16:3300/0 3 ==== mon_map magic: 0 ==== 205+0+0 (secure 0 0 0) 0x7f31ac01a430 con 0x7f31bc109d60
2024-05-11T12:27:39.152 INFO:teuthology.orchestra.run.smithi016.stdout:/usr/bin/ceph: stderr
2024-05-11T12:27:38.365+0000 7f31c0b52700 1 -- 172.21.15.16:0/3446168063 --> [v2:172.21.15.16:3300/0,v1:172.21.15.16:6789/0] -- mon_subscribe({osdmap=0}) -- 0x7f31bc1a0790 con 0x7f31bc109d60
2024-05-11T12:27:39.152 INFO:teuthology.orchestra.run.smithi016.stdout:/usr/bin/ceph: stderr
2024-05-11T12:27:38.366+0000 7f31ab7fe700 1 -- 172.21.15.16:0/3446168063 <== mon.0 v2:172.21.15.16:3300/0 4 ==== mgrmap(e 13) ==== 50278+0+0 (secure 0 0 0) 0x7f31ac024440 con 0x7f31bc109d60
2024-05-11T12:27:39.152 INFO:teuthology.orchestra.run.smithi016.stdout:/usr/bin/ceph: stderr
2024-05-11T12:27:38.366+0000 7f31c0b52700 1 -- 172.21.15.16:0/3446168063 --> [v2:172.21.15.16:3300/0,v1:172.21.15.16:6789/0] -- mon_command({"prefix": "get_command_descriptions"} v 0) -- 0x7f31bc064bb0 con 0x7f31bc109d60
2024-05-11T12:27:39.152 INFO:teuthology.orchestra.run.smithi016.stdout:/usr/bin/ceph: stderr
2024-05-11T12:27:38.366+0000 7f31ab7fe700 1 --2- 172.21.15.16:0/3446168063 >> [v2:172.21.15.16:6800/2692995242,v1:172.21.15.16:6801/2692995242] conn(0x7f31a403e510 0x7f31a40409d0 unknown :-1 s=NONE pgs=0 cs=0 l=1 rev1=0 crypto rx=0 tx=0 comp rx=0 tx=0).connect
2024-05-11T12:27:39.152 INFO:teuthology.orchestra.run.smithi016.stdout:/usr/bin/ceph: stderr
2024-05-11T12:27:38.366+0000 7f31ab7fe700 1 -- 172.21.15.16:0/3446168063 <== mon.0 v2:172.21.15.16:3300/0 5 ==== osd_map(3..3 src has 1..3) ==== 1155+0+0 (secure 0 0 0) 0x7f31ac0537b0 con 0x7f31bc109d60
2024-05-11T12:27:39.152 INFO:teuthology.orchestra.run.smithi016.stdout:/usr/bin/ceph: stderr
2024-05-11T12:27:38.366+0000 7f31b9d9b700 1 --2- 172.21.15.16:0/3446168063 >> [v2:172.21.15.16:6800/2692995242,v1:172.21.15.16:6801/2692995242] conn(0x7f31a403e510 0x7f31a40409d0 unknown :-1 s=BANNER_CONNECTING pgs=0 cs=0 l=1 rev1=0 crypto rx=0 tx=0 comp rx=0 tx=0)._handle_peer_banner_payload supported=3 required=0
2024-05-11T12:27:39.152 INFO:teuthology.orchestra.run.smithi016.stdout:/usr/bin/ceph: stderr
2024-05-11T12:27:38.367+0000 7f31b9d9b700 1 --2- 172.21.15.16:0/3446168063 >> [v2:172.21.15.16:6800/2692995242,v1:172.21.15.16:6801/2692995242] conn(0x7f31a403e510 0x7f31a40409d0 secure :-1 s=READY pgs=10 cs=0 l=1 rev1=1 crypto rx=0x7f31b0006fd0 tx=0x7f31b0006e40 comp rx=0 tx=0).ready entity=mgr.14152 client_cookie=0 server_cookie=0 in_seq=0 out_seq=0
2024-05-11T12:27:39.152 INFO:teuthology.orchestra.run.smithi016.stdout:/usr/bin/ceph: stderr
2024-05-11T12:27:38.371+0000 7f31ab7fe700 1 -- 172.21.15.16:0/3446168063 <== mon.0 v2:172.21.15.16:3300/0 6 ==== mon_command_ack([{"prefix": "get_command_descriptions"}]=0 v0) ==== 72+0+191963 (secure 0 0 0) 0x7f31ac024880 con 0x7f31bc109d60
2024-05-11T12:27:39.152 INFO:teuthology.orchestra.run.smithi016.stdout:/usr/bin/ceph: stderr
2024-05-11T12:27:38.583+0000 7f31c0b52700 1 -- 172.21.15.16:0/3446168063 --> [v2:172.21.15.16:3300/0,v1:172.21.15.16:6789/0] -- mon_command([{prefix=config set, name=osd_memory_target_autotune}] v 0) -- 0x7f31bc1a0960 con 0x7f31bc109d60
2024-05-11T12:27:39.152 INFO:teuthology.orchestra.run.smithi016.stdout:/usr/bin/ceph: stderr
2024-05-11T12:27:38.584+0000 7f31ab7fe700 1 -- 172.21.15.16:0/3446168063 <== mon.0 v2:172.21.15.16:3300/0 7 ==== mon_command_ack([{prefix=config set, name=osd_memory_target_autotune}]=0 v8)=0 v8) ==== 127+0+0 (secure 0 0 0) 0x7f31ac003840 con 0x7f31bc109d60
2024-05-11T12:27:39.152 INFO:teuthology.orchestra.run.smithi016.stdout:/usr/bin/ceph: stderr
2024-05-11T12:27:38.586+0000 7f31c0b52700 1 -- 172.21.15.16:0/3446168063 >> [v2:172.21.15.16:6800/2692995242,v1:172.21.15.16:6801/2692995242] conn(0x7f31a403e510 msgr2=0x7f31a40409d0 secure :-1 s=STATE_CONNECTION_ESTABLISHED l=1).mark_down
2024-05-11T12:27:39.153 INFO:teuthology.orchestra.run.smithi016.stdout:/usr/bin/ceph: stderr
2024-05-11T12:27:38.586+0000 7f31c0b52700 1 --2- 172.21.15.16:0/3446168063 >> [v2:172.21.15.16:6800/2692995242,v1:172.21.15.16:6801/2692995242] conn(0x7f31a403e510 0x7f31a40409d0 secure :-1 s=READY pgs=10 cs=0 l=1 rev1=1 crypto rx=0x7f31b0006fd0 tx=0x7f31b0006e40 comp rx=0 tx=0).stop
2024-05-11T12:27:39.153 INFO:teuthology.orchestra.run.smithi016.stdout:/usr/bin/ceph: stderr
2024-05-11T12:27:38.586+0000 7f31c0b52700 1 -- 172.21.15.16:0/3446168063 >> [v2:172.21.15.16:3300/0,v1:172.21.15.16:6789/0] conn(0x7f31bc109d60 msgr2=0x7f31bc19d2d0 secure :-1 s=STATE_CONNECTION_ESTABLISHED l=1).mark_down
2024-05-11T12:27:39.153 INFO:teuthology.orchestra.run.smithi016.stdout:/usr/bin/ceph: stderr
2024-05-11T12:27:38.586+0000 7f31c0b52700 1 --2- 172.21.15.16:0/3446168063 >> [v2:172.21.15.16:3300/0,v1:172.21.15.16:6789/0] conn(0x7f31bc109d60 0x7f31bc19d2d0 secure :-1 s=READY pgs=77 cs=0 l=1 rev1=1 crypto rx=0x7f31ac009fb0 tx=0x7f31ac011a70 comp rx=0 tx=0).stop
2024-05-11T12:27:39.153 INFO:teuthology.orchestra.run.smithi016.stdout:/usr/bin/ceph: stderr
2024-05-11T12:27:38.586+0000 7f31c0b52700 1 -- 172.21.15.16:0/3446168063 shutdown_connections
2024-05-11T12:27:39.153 INFO:teuthology.orchestra.run.smithi016.stdout:/usr/bin/ceph: stderr
2024-05-11T12:27:38.586+0000 7f31c0b52700 1 --2- 172.21.15.16:0/3446168063 >> [v2:172.21.15.16:6800/2692995242,v1:172.21.15.16:6801/2692995242] conn(0x7f31a403e510 0x7f31a40409d0 unknown :-1 s=CLOSED pgs=10 cs=0 l=1 rev1=1 crypto rx=0 tx=0 comp rx=0 tx=0).stop
2024-05-11T12:27:39.153 INFO:teuthology.orchestra.run.smithi016.stdout:/usr/bin/ceph: stderr
2024-05-11T12:27:38.586+0000 7f31c0b52700 1 --2- 172.21.15.16:0/3446168063 >> [v2:172.21.15.16:3300/0,v1:172.21.15.16:6789/0] conn(0x7f31bc109d60 0x7f31bc19d2d0 unknown :-1 s=CLOSED pgs=77 cs=0 l=1 rev1=1 crypto rx=0 tx=0 comp rx=0 tx=0).stop
2024-05-11T12:27:39.153 INFO:teuthology.orchestra.run.smithi016.stdout:/usr/bin/ceph: stderr
2024-05-11T12:27:38.586+0000 7f31c0b52700 1 -- 172.21.15.16:0/3446168063 >> 172.21.15.16:0/3446168063 conn(0x7f31bc1037b0 msgr2=0x7f31bc104370 unknown :-1 s=STATE_NONE l=0).mark_down
2024-05-11T12:27:39.153 INFO:teuthology.orchestra.run.smithi016.stdout:/usr/bin/ceph: stderr
2024-05-11T12:27:38.586+0000 7f31c0b52700 1 -- 172.21.15.16:0/3446168063 shutdown_connections
2024-05-11T12:27:39.153 INFO:teuthology.orchestra.run.smithi016.stdout:/usr/bin/ceph: stderr
2024-05-11T12:27:38.586+0000 7f31c0b52700 1 -- 172.21.15.16:0/3446168063 wait complete.
2024-05-11T12:27:40.507 INFO:teuthology.orchestra.run.smithi016.stdout:/usr/bin/ceph: stderr
2024-05-11T12:27:39.582+0000 7fea0486d700 1 Processor -- start
2024-05-11T12:27:40.507 INFO:teuthology.orchestra.run.smithi016.stdout:/usr/bin/ceph: stderr
2024-05-11T12:27:39.582+0000 7fea0486d700 1 -- start start
2024-05-11T12:27:40.507 INFO:teuthology.orchestra.run.smithi016.stdout:/usr/bin/ceph: stderr
2024-05-11T12:27:39.582+0000 7fea0486d700 1 --2- >> [v2:172.21.15.16:3300/0,v1:172.21.15.16:6789/0] conn(0x7fea00109d80 0x7fea0010c170 unknown :-1 s=NONE pgs=0 cs=0 l=0 rev1=0 crypto rx=0 tx=0 comp rx=0 tx=0).connect
2024-05-11T12:27:40.507 INFO:teuthology.orchestra.run.smithi016.stdout:/usr/bin/ceph: stderr
2024-05-11T12:27:39.582+0000 7fea0486d700 1 -- --> [v2:172.21.15.16:3300/0,v1:172.21.15.16:6789/0] -- mon_getmap magic: 0 -- 0x7fea0007ce50 con 0x7fea00109d80
2024-05-11T12:27:40.507 INFO:teuthology.orchestra.run.smithi016.stdout:/usr/bin/ceph: stderr
2024-05-11T12:27:39.583+0000 7fe9fe59c700 1 --2- >> [v2:172.21.15.16:3300/0,v1:172.21.15.16:6789/0] conn(0x7fea00109d80 0x7fea0010c170 unknown :-1 s=BANNER_CONNECTING pgs=0 cs=0 l=0 rev1=0 crypto rx=0 tx=0 comp rx=0 tx=0)._handle_peer_banner_payload supported=3 required=0
2024-05-11T12:27:40.507 INFO:teuthology.orchestra.run.smithi016.stdout:/usr/bin/ceph: stderr
2024-05-11T12:27:39.583+0000 7fe9fe59c700 1 --2- >> [v2:172.21.15.16:3300/0,v1:172.21.15.16:6789/0] conn(0x7fea00109d80 0x7fea0010c170 unknown :-1 s=HELLO_CONNECTING pgs=0 cs=0 l=0 rev1=1 crypto rx=0 tx=0 comp rx=0 tx=0).handle_hello peer v2:172.21.15.16:3300/0 says I am v2:172.21.15.16:52488/0 (socket says 172.21.15.16:52488)
2024-05-11T12:27:40.507 INFO:teuthology.orchestra.run.smithi016.stdout:/usr/bin/ceph: stderr
2024-05-11T12:27:39.583+0000 7fe9fe59c700 1 -- 172.21.15.16:0/2142327700 learned_addr learned my addr 172.21.15.16:0/2142327700 (peer_addr_for_me v2:172.21.15.16:0/0)
2024-05-11T12:27:40.507 INFO:teuthology.orchestra.run.smithi016.stdout:/usr/bin/ceph: stderr
2024-05-11T12:27:39.583+0000 7fe9fe59c700 1 -- 172.21.15.16:0/2142327700 --> [v2:172.21.15.16:3300/0,v1:172.21.15.16:6789/0] -- mon_subscribe({config=0+,monmap=0+}) -- 0x7fea0010c6b0 con 0x7fea00109d80
2024-05-11T12:27:40.507 INFO:teuthology.orchestra.run.smithi016.stdout:/usr/bin/ceph: stderr
2024-05-11T12:27:39.583+0000 7fe9fe59c700 1 --2- 172.21.15.16:0/2142327700 >> [v2:172.21.15.16:3300/0,v1:172.21.15.16:6789/0] conn(0x7fea00109d80 0x7fea0010c170 secure :-1 s=READY pgs=78 cs=0 l=1 rev1=1 crypto rx=0x7fe9f0009e80 tx=0x7fe9f000b330 comp rx=0 tx=0).ready entity=mon.0 client_cookie=b4a43902c0a7ca5a server_cookie=0 in_seq=0 out_seq=0
2024-05-11T12:27:40.507 INFO:teuthology.orchestra.run.smithi016.stdout:/usr/bin/ceph: stderr
2024-05-11T12:27:39.583+0000 7fe9fd59a700 1 -- 172.21.15.16:0/2142327700 <== mon.0 v2:172.21.15.16:3300/0 1 ==== mon_map magic: 0 ==== 205+0+0 (secure 0 0 0) 0x7fe9f0017070 con 0x7fea00109d80
2024-05-11T12:27:40.507 INFO:teuthology.orchestra.run.smithi016.stdout:/usr/bin/ceph: stderr
2024-05-11T12:27:39.583+0000 7fe9fd59a700 1 -- 172.21.15.16:0/2142327700 <== mon.0 v2:172.21.15.16:3300/0 2 ==== config(28 keys) ==== 1170+0+0 (secure 0 0 0) 0x7fe9f000b8c0 con 0x7fea00109d80
2024-05-11T12:27:40.507 INFO:teuthology.orchestra.run.smithi016.stdout:/usr/bin/ceph: stderr
2024-05-11T12:27:39.583+0000 7fe9fd59a700 1 -- 172.21.15.16:0/2142327700 <== mon.0 v2:172.21.15.16:3300/0 3 ==== mon_map magic: 0 ==== 205+0+0 (secure 0 0 0) 0x7fe9f0004580 con 0x7fea00109d80
2024-05-11T12:27:40.508 INFO:teuthology.orchestra.run.smithi016.stdout:/usr/bin/ceph: stderr
2024-05-11T12:27:39.584+0000 7fea0486d700 1 -- 172.21.15.16:0/2142327700 >> [v2:172.21.15.16:3300/0,v1:172.21.15.16:6789/0] conn(0x7fea00109d80 msgr2=0x7fea0010c170 secure :-1 s=STATE_CONNECTION_ESTABLISHED l=1).mark_down
2024-05-11T12:27:40.508 INFO:teuthology.orchestra.run.smithi016.stdout:/usr/bin/ceph: stderr
2024-05-11T12:27:39.584+0000 7fea0486d700 1 --2- 172.21.15.16:0/2142327700 >> [v2:172.21.15.16:3300/0,v1:172.21.15.16:6789/0] conn(0x7fea00109d80 0x7fea0010c170 secure :-1 s=READY pgs=78 cs=0 l=1 rev1=1 crypto rx=0x7fe9f0009e80 tx=0x7fe9f000b330 comp rx=0 tx=0).stop
2024-05-11T12:27:40.508 INFO:teuthology.orchestra.run.smithi016.stdout:/usr/bin/ceph: stderr
2024-05-11T12:27:39.584+0000 7fea0486d700 1 -- 172.21.15.16:0/2142327700 shutdown_connections
2024-05-11T12:27:40.508 INFO:teuthology.orchestra.run.smithi016.stdout:/usr/bin/ceph: stderr
2024-05-11T12:27:39.584+0000 7fea0486d700 1 --2- 172.21.15.16:0/2142327700 >> [v2:172.21.15.16:3300/0,v1:172.21.15.16:6789/0] conn(0x7fea00109d80 0x7fea0010c170 unknown :-1 s=CLOSED pgs=78 cs=0 l=1 rev1=1 crypto rx=0 tx=0 comp rx=0 tx=0).stop
2024-05-11T12:27:40.508 INFO:teuthology.orchestra.run.smithi016.stdout:/usr/bin/ceph: stderr
2024-05-11T12:27:39.584+0000 7fea0486d700 1 -- 172.21.15.16:0/2142327700 >> 172.21.15.16:0/2142327700 conn(0x7fea001037b0 msgr2=0x7fea00105bd0 unknown :-1 s=STATE_NONE l=0).mark_down
2024-05-11T12:27:40.508 INFO:teuthology.orchestra.run.smithi016.stdout:/usr/bin/ceph: stderr
2024-05-11T12:27:39.584+0000 7fea0486d700 1 -- 172.21.15.16:0/2142327700 shutdown_connections
2024-05-11T12:27:40.508 INFO:teuthology.orchestra.run.smithi016.stdout:/usr/bin/ceph: stderr
2024-05-11T12:27:39.584+0000 7fea0486d700 1 -- 172.21.15.16:0/2142327700 wait complete.
2024-05-11T12:27:40.508 INFO:teuthology.orchestra.run.smithi016.stdout:/usr/bin/ceph: stderr
2024-05-11T12:27:39.585+0000 7fea0486d700 1 Processor -- start
2024-05-11T12:27:40.508 INFO:teuthology.orchestra.run.smithi016.stdout:/usr/bin/ceph: stderr
2024-05-11T12:27:39.585+0000 7fea0486d700 1 -- start start
2024-05-11T12:27:40.508 INFO:teuthology.orchestra.run.smithi016.stdout:/usr/bin/ceph: stderr
2024-05-11T12:27:39.585+0000 7fea0486d700 1 --2- >> [v2:172.21.15.16:3300/0,v1:172.21.15.16:6789/0] conn(0x7fea00109d80 0x7fea00109600 unknown :-1 s=NONE pgs=0 cs=0 l=1 rev1=0 crypto rx=0 tx=0 comp rx=0 tx=0).connect
2024-05-11T12:27:40.508 INFO:teuthology.orchestra.run.smithi016.stdout:/usr/bin/ceph: stderr
2024-05-11T12:27:39.585+0000 7fea0486d700 1 -- --> [v2:172.21.15.16:3300/0,v1:172.21.15.16:6789/0] -- mon_getmap magic: 0 -- 0x7fea0010d770 con 0x7fea00109d80
2024-05-11T12:27:40.508 INFO:teuthology.orchestra.run.smithi016.stdout:/usr/bin/ceph: stderr
2024-05-11T12:27:39.585+0000 7fe9fe59c700 1 --2- >> [v2:172.21.15.16:3300/0,v1:172.21.15.16:6789/0] conn(0x7fea00109d80 0x7fea00109600 unknown :-1 s=BANNER_CONNECTING pgs=0 cs=0 l=1 rev1=0 crypto rx=0 tx=0 comp rx=0 tx=0)._handle_peer_banner_payload supported=3 required=0
2024-05-11T12:27:40.508 INFO:teuthology.orchestra.run.smithi016.stdout:/usr/bin/ceph: stderr
2024-05-11T12:27:39.585+0000 7fe9fe59c700 1 --2- >> [v2:172.21.15.16:3300/0,v1:172.21.15.16:6789/0] conn(0x7fea00109d80 0x7fea00109600 unknown :-1 s=HELLO_CONNECTING pgs=0 cs=0 l=1 rev1=1 crypto rx=0 tx=0 comp rx=0 tx=0).handle_hello peer v2:172.21.15.16:3300/0 says I am v2:172.21.15.16:52496/0 (socket says 172.21.15.16:52496)
2024-05-11T12:27:40.508 INFO:teuthology.orchestra.run.smithi016.stdout:/usr/bin/ceph: stderr
2024-05-11T12:27:39.585+0000 7fe9fe59c700 1 -- 172.21.15.16:0/3209701741 learned_addr learned my addr 172.21.15.16:0/3209701741 (peer_addr_for_me v2:172.21.15.16:0/0)
2024-05-11T12:27:40.508 INFO:teuthology.orchestra.run.smithi016.stdout:/usr/bin/ceph: stderr
2024-05-11T12:27:39.585+0000 7fe9fe59c700 1 -- 172.21.15.16:0/3209701741 --> [v2:172.21.15.16:3300/0,v1:172.21.15.16:6789/0] -- mon_subscribe({config=0+,monmap=0+}) -- 0x7fea00109b40 con 0x7fea00109d80
2024-05-11T12:27:40.509 INFO:teuthology.orchestra.run.smithi016.stdout:/usr/bin/ceph: stderr
2024-05-11T12:27:39.586+0000 7fe9fe59c700 1 --2- 172.21.15.16:0/3209701741 >> [v2:172.21.15.16:3300/0,v1:172.21.15.16:6789/0] conn(0x7fea00109d80 0x7fea00109600 secure :-1 s=READY pgs=79 cs=0 l=1 rev1=1 crypto rx=0x7fe9f0009e50 tx=0x7fe9f0003d00 comp rx=0 tx=0).ready entity=mon.0 client_cookie=0 server_cookie=0 in_seq=0 out_seq=0
2024-05-11T12:27:40.509 INFO:teuthology.orchestra.run.smithi016.stdout:/usr/bin/ceph: stderr
2024-05-11T12:27:39.586+0000 7fe9f77fe700 1 -- 172.21.15.16:0/3209701741 <== mon.0 v2:172.21.15.16:3300/0 1 ==== mon_map magic: 0 ==== 205+0+0 (secure 0 0 0) 0x7fe9f0021020 con 0x7fea00109d80
2024-05-11T12:27:40.509 INFO:teuthology.orchestra.run.smithi016.stdout:/usr/bin/ceph: stderr
2024-05-11T12:27:39.586+0000 7fea0486d700 1 -- 172.21.15.16:0/3209701741 --> [v2:172.21.15.16:3300/0,v1:172.21.15.16:6789/0] -- mon_subscribe({mgrmap=0+}) -- 0x7fea00107d30 con 0x7fea00109d80
2024-05-11T12:27:40.509 INFO:teuthology.orchestra.run.smithi016.stdout:/usr/bin/ceph: stderr
2024-05-11T12:27:39.586+0000 7fe9f77fe700 1 -- 172.21.15.16:0/3209701741 <== mon.0 v2:172.21.15.16:3300/0 2 ==== config(28 keys) ==== 1170+0+0 (secure 0 0 0) 0x7fe9f000bde0 con 0x7fea00109d80
2024-05-11T12:27:40.509 INFO:teuthology.orchestra.run.smithi016.stdout:/usr/bin/ceph: stderr
2024-05-11T12:27:39.586+0000 7fe9f77fe700 1 -- 172.21.15.16:0/3209701741 <== mon.0 v2:172.21.15.16:3300/0 3 ==== mon_map magic: 0 ==== 205+0+0 (secure 0 0 0) 0x7fe9f0017040 con 0x7fea00109d80
2024-05-11T12:27:40.509 INFO:teuthology.orchestra.run.smithi016.stdout:/usr/bin/ceph: stderr
2024-05-11T12:27:39.586+0000 7fea0486d700 1 -- 172.21.15.16:0/3209701741 --> [v2:172.21.15.16:3300/0,v1:172.21.15.16:6789/0] -- mon_subscribe({osdmap=0}) -- 0x7fea00108270 con 0x7fea00109d80
2024-05-11T12:27:40.509 INFO:teuthology.orchestra.run.smithi016.stdout:/usr/bin/ceph: stderr
2024-05-11T12:27:39.587+0000 7fe9f77fe700 1 -- 172.21.15.16:0/3209701741 <== mon.0 v2:172.21.15.16:3300/0 4 ==== mgrmap(e 13) ==== 50278+0+0 (secure 0 0 0) 0x7fe9f0024020 con 0x7fea00109d80
2024-05-11T12:27:40.509 INFO:teuthology.orchestra.run.smithi016.stdout:/usr/bin/ceph: stderr
2024-05-11T12:27:39.587+0000 7fea0486d700 1 -- 172.21.15.16:0/3209701741 --> [v2:172.21.15.16:3300/0,v1:172.21.15.16:6789/0] -- mon_command({"prefix": "get_command_descriptions"} v 0) -- 0x7fea00064bb0 con 0x7fea00109d80
2024-05-11T12:27:40.509 INFO:teuthology.orchestra.run.smithi016.stdout:/usr/bin/ceph: stderr
2024-05-11T12:27:39.587+0000 7fe9f77fe700 1 --2- 172.21.15.16:0/3209701741 >> [v2:172.21.15.16:6800/2692995242,v1:172.21.15.16:6801/2692995242] conn(0x7fe9ec03e510 0x7fe9ec0409d0 unknown :-1 s=NONE pgs=0 cs=0 l=1 rev1=0 crypto rx=0 tx=0 comp rx=0 tx=0).connect
2024-05-11T12:27:40.509 INFO:teuthology.orchestra.run.smithi016.stdout:/usr/bin/ceph: stderr
2024-05-11T12:27:39.587+0000 7fe9f77fe700 1 -- 172.21.15.16:0/3209701741 <== mon.0 v2:172.21.15.16:3300/0 5 ==== osd_map(3..3 src has 1..3) ==== 1155+0+0 (secure 0 0 0) 0x7fe9f000f050 con 0x7fea00109d80
2024-05-11T12:27:40.509 INFO:teuthology.orchestra.run.smithi016.stdout:/usr/bin/ceph: stderr
2024-05-11T12:27:39.587+0000 7fe9fdd9b700 1 --2- 172.21.15.16:0/3209701741 >> [v2:172.21.15.16:6800/2692995242,v1:172.21.15.16:6801/2692995242] conn(0x7fe9ec03e510 0x7fe9ec0409d0 unknown :-1 s=BANNER_CONNECTING pgs=0 cs=0 l=1 rev1=0 crypto rx=0 tx=0 comp rx=0 tx=0)._handle_peer_banner_payload supported=3 required=0
2024-05-11T12:27:40.509 INFO:teuthology.orchestra.run.smithi016.stdout:/usr/bin/ceph: stderr
2024-05-11T12:27:39.588+0000 7fe9fdd9b700 1 --2- 172.21.15.16:0/3209701741 >> [v2:172.21.15.16:6800/2692995242,v1:172.21.15.16:6801/2692995242] conn(0x7fe9ec03e510 0x7fe9ec0409d0 secure :-1 s=READY pgs=11 cs=0 l=1 rev1=1 crypto rx=0x7fe9e8006fd0 tx=0x7fe9e8006e40 comp rx=0 tx=0).ready entity=mgr.14152 client_cookie=0 server_cookie=0 in_seq=0 out_seq=0
2024-05-11T12:27:40.509 INFO:teuthology.orchestra.run.smithi016.stdout:/usr/bin/ceph: stderr
2024-05-11T12:27:39.592+0000 7fe9f77fe700 1 -- 172.21.15.16:0/3209701741 <== mon.0 v2:172.21.15.16:3300/0 6 ==== mon_command_ack([{"prefix": "get_command_descriptions"}]=0 v0) ==== 72+0+191963 (secure 0 0 0) 0x7fe9f002b020 con 0x7fea00109d80
2024-05-11T12:27:40.510 INFO:teuthology.orchestra.run.smithi016.stdout:/usr/bin/ceph: stderr
2024-05-11T12:27:39.926+0000 7fea0486d700 1 -- 172.21.15.16:0/3209701741 --> [v2:172.21.15.16:3300/0,v1:172.21.15.16:6789/0] -- mon_command([{prefix=config-key set, key=mgr/dashboard/cluster/status}] v 0) -- 0x7fea00108440 con 0x7fea00109d80
2024-05-11T12:27:40.510 INFO:teuthology.orchestra.run.smithi016.stdout:/usr/bin/ceph: stderr
2024-05-11T12:27:39.929+0000 7fe9f77fe700 1 -- 172.21.15.16:0/3209701741 <== mon.0 v2:172.21.15.16:3300/0 7 ==== mon_command_ack([{prefix=config-key set, key=mgr/dashboard/cluster/status}]=0 set mgr/dashboard/cluster/status v27)=0 set mgr/dashboard/cluster/status v27) ==== 153+0+0 (secure 0 0 0) 0x7fe9f002e7b0 con 0x7fea00109d80
2024-05-11T12:27:40.510 INFO:teuthology.orchestra.run.smithi016.stdout:/usr/bin/ceph: stderr
2024-05-11T12:27:39.931+0000 7fea0486d700 1 -- 172.21.15.16:0/3209701741 >> [v2:172.21.15.16:6800/2692995242,v1:172.21.15.16:6801/2692995242] conn(0x7fe9ec03e510 msgr2=0x7fe9ec0409d0 secure :-1 s=STATE_CONNECTION_ESTABLISHED l=1).mark_down
2024-05-11T12:27:40.510 INFO:teuthology.orchestra.run.smithi016.stdout:/usr/bin/ceph: stderr
2024-05-11T12:27:39.931+0000 7fea0486d700 1 --2- 172.21.15.16:0/3209701741 >> [v2:172.21.15.16:6800/2692995242,v1:172.21.15.16:6801/2692995242] conn(0x7fe9ec03e510 0x7fe9ec0409d0 secure :-1 s=READY pgs=11 cs=0 l=1 rev1=1 crypto rx=0x7fe9e8006fd0 tx=0x7fe9e8006e40 comp rx=0 tx=0).stop
2024-05-11T12:27:40.510 INFO:teuthology.orchestra.run.smithi016.stdout:/usr/bin/ceph: stderr
2024-05-11T12:27:39.931+0000 7fea0486d700 1 -- 172.21.15.16:0/3209701741 >> [v2:172.21.15.16:3300/0,v1:172.21.15.16:6789/0] conn(0x7fea00109d80 msgr2=0x7fea00109600 secure :-1 s=STATE_CONNECTION_ESTABLISHED l=1).mark_down
2024-05-11T12:27:40.510 INFO:teuthology.orchestra.run.smithi016.stdout:/usr/bin/ceph: stderr
2024-05-11T12:27:39.931+0000 7fea0486d700 1 --2- 172.21.15.16:0/3209701741 >> [v2:172.21.15.16:3300/0,v1:172.21.15.16:6789/0] conn(0x7fea00109d80 0x7fea00109600 secure :-1 s=READY pgs=79 cs=0 l=1 rev1=1 crypto rx=0x7fe9f0009e50 tx=0x7fe9f0003d00 comp rx=0 tx=0).stop
2024-05-11T12:27:40.510 INFO:teuthology.orchestra.run.smithi016.stdout:/usr/bin/ceph: stderr
2024-05-11T12:27:39.931+0000 7fea0486d700 1 -- 172.21.15.16:0/3209701741 shutdown_connections
2024-05-11T12:27:40.510 INFO:teuthology.orchestra.run.smithi016.stdout:/usr/bin/ceph: stderr
2024-05-11T12:27:39.931+0000 7fea0486d700 1 --2- 172.21.15.16:0/3209701741 >> [v2:172.21.15.16:6800/2692995242,v1:172.21.15.16:6801/2692995242] conn(0x7fe9ec03e510 0x7fe9ec0409d0 unknown :-1 s=CLOSED pgs=11 cs=0 l=1 rev1=1 crypto rx=0 tx=0 comp rx=0 tx=0).stop
2024-05-11T12:27:40.510 INFO:teuthology.orchestra.run.smithi016.stdout:/usr/bin/ceph: stderr
2024-05-11T12:27:39.931+0000 7fea0486d700 1 --2- 172.21.15.16:0/3209701741 >> [v2:172.21.15.16:3300/0,v1:172.21.15.16:6789/0] conn(0x7fea00109d80 0x7fea00109600 unknown :-1 s=CLOSED pgs=79 cs=0 l=1 rev1=1 crypto rx=0 tx=0 comp rx=0 tx=0).stop
2024-05-11T12:27:40.510 INFO:teuthology.orchestra.run.smithi016.stdout:/usr/bin/ceph: stderr
2024-05-11T12:27:39.931+0000 7fea0486d700 1 -- 172.21.15.16:0/3209701741 >> 172.21.15.16:0/3209701741 conn(0x7fea001037b0 msgr2=0x7fea00104320 unknown :-1 s=STATE_NONE l=0).mark_down
2024-05-11T12:27:40.510 INFO:teuthology.orchestra.run.smithi016.stdout:/usr/bin/ceph: stderr
2024-05-11T12:27:39.931+0000 7fea0486d700 1 -- 172.21.15.16:0/3209701741 shutdown_connections
2024-05-11T12:27:40.510 INFO:teuthology.orchestra.run.smithi016.stdout:/usr/bin/ceph: stderr
2024-05-11T12:27:39.931+0000 7fea0486d700 1 -- 172.21.15.16:0/3209701741 wait complete.
2024-05-11T12:27:40.510 INFO:teuthology.orchestra.run.smithi016.stdout:/usr/bin/ceph: stderr set mgr/dashboard/cluster/status
2024-05-11T12:27:40.510 INFO:teuthology.orchestra.run.smithi016.stdout:You can access the Ceph CLI as following in case of multi-cluster or non-default config:
2024-05-11T12:27:40.511 INFO:teuthology.orchestra.run.smithi016.stdout:
2024-05-11T12:27:40.511 INFO:teuthology.orchestra.run.smithi016.stdout: sudo /home/ubuntu/cephtest/cephadm shell --fsid 884d343c-0f91-11ef-bc98-c7b262605968 -c /etc/ceph/ceph.conf -k /etc/ceph/ceph.client.admin.keyring
2024-05-11T12:27:40.511 INFO:teuthology.orchestra.run.smithi016.stdout:
2024-05-11T12:27:40.511 INFO:teuthology.orchestra.run.smithi016.stdout:Or, if you are only running a single cluster on this host:
2024-05-11T12:27:40.511 INFO:teuthology.orchestra.run.smithi016.stdout:
2024-05-11T12:27:40.511 INFO:teuthology.orchestra.run.smithi016.stdout: sudo /home/ubuntu/cephtest/cephadm shell
2024-05-11T12:27:40.511 INFO:teuthology.orchestra.run.smithi016.stdout:
2024-05-11T12:27:40.511 INFO:teuthology.orchestra.run.smithi016.stdout:Please consider enabling telemetry to help improve Ceph:
2024-05-11T12:27:40.511 INFO:teuthology.orchestra.run.smithi016.stdout:
2024-05-11T12:27:40.511 INFO:teuthology.orchestra.run.smithi016.stdout: ceph telemetry on
2024-05-11T12:27:40.511 INFO:teuthology.orchestra.run.smithi016.stdout:
2024-05-11T12:27:40.511 INFO:teuthology.orchestra.run.smithi016.stdout:For more information see:
2024-05-11T12:27:40.511 INFO:teuthology.orchestra.run.smithi016.stdout:
2024-05-11T12:27:40.511 INFO:teuthology.orchestra.run.smithi016.stdout: https://docs.ceph.com/en/latest/mgr/telemetry/
2024-05-11T12:27:40.512 INFO:teuthology.orchestra.run.smithi016.stdout:
2024-05-11T12:27:40.512 INFO:teuthology.orchestra.run.smithi016.stdout:Bootstrap complete.
2024-05-11T12:27:40.547 INFO:tasks.cephadm:Fetching config...
2024-05-11T12:27:40.547 DEBUG:teuthology.orchestra.run.smithi016:> set -ex
2024-05-11T12:27:40.547 DEBUG:teuthology.orchestra.run.smithi016:> dd if=/etc/ceph/ceph.conf of=/dev/stdout
2024-05-11T12:27:40.565 INFO:tasks.cephadm:Fetching client.admin keyring...
2024-05-11T12:27:40.565 DEBUG:teuthology.orchestra.run.smithi016:> set -ex
2024-05-11T12:27:40.565 DEBUG:teuthology.orchestra.run.smithi016:> dd if=/etc/ceph/ceph.client.admin.keyring of=/dev/stdout
2024-05-11T12:27:40.621 INFO:tasks.cephadm:Fetching mon keyring...
2024-05-11T12:27:40.622 DEBUG:teuthology.orchestra.run.smithi016:> set -ex
2024-05-11T12:27:40.622 DEBUG:teuthology.orchestra.run.smithi016:> sudo dd if=/var/lib/ceph/884d343c-0f91-11ef-bc98-c7b262605968/mon.a/keyring of=/dev/stdout
2024-05-11T12:27:40.688 INFO:tasks.cephadm:Fetching pub ssh key...
2024-05-11T12:27:40.688 DEBUG:teuthology.orchestra.run.smithi016:> set -ex
2024-05-11T12:27:40.688 DEBUG:teuthology.orchestra.run.smithi016:> dd if=/home/ubuntu/cephtest/ceph.pub of=/dev/stdout
2024-05-11T12:27:40.746 INFO:tasks.cephadm:Installing pub ssh key for root users...
2024-05-11T12:27:40.757 DEBUG:teuthology.orchestra.run.smithi016:> sudo install -d -m 0700 /root/.ssh && echo 'ssh-rsa AAAAB3NzaC1yc2EAAAADAQABAAABgQC99i2EuSlttDTIubZ0kZtkFxN5cMKUzDpbYKzrBWjuVNYXuU0bhVxJLuRuTxUPEaex2g4oFNG1fk/wNlO1dMqYbLkMtnUaV3nahY7Hj3UGUsAznKQ2Jh4tTl38EBH5p89iGI9sqdP6irjhecSswGpsl7Ez13l9WzL/BOSbniH+lMbrRuYgKkCDPxLQ1JRvua+w/yamQiODkUWMuR7WVcg5mLPNPtbMT8LrUoZ8IlElW3Vfi0ZaOF2fPiCc0RtXENVkTeO/tW/aH6aR2Up1cdgbb5ffhDit5ZTfoGBM99w/fLbMSWDy4EKjMX+Z6k/Ib3wl/eibaLaSMn4w9UyXF8vyGecBUFX4iZ68fV8TJbxA/ntH0rO1qIavFpbusxCmp+J9sVsqI1cai83SLmBjlK52UEnXR9A95Io7WpiGv1wvWqsxPQRhvWdDQlFe5lvPoTVIUXOXLQfJoJg6psweJ/WOrdwPpyYJ8Ei7ksokqzP5oUVG9xrrS1CrzSyiCS5WeCM= ceph-884d343c-0f91-11ef-bc98-c7b262605968' | sudo tee -a /root/.ssh/authorized_keys && sudo chmod 0600 /root/.ssh/authorized_keys
2024-05-11T12:27:40.826 INFO:teuthology.orchestra.run.smithi016.stdout:ssh-rsa AAAAB3NzaC1yc2EAAAADAQABAAABgQC99i2EuSlttDTIubZ0kZtkFxN5cMKUzDpbYKzrBWjuVNYXuU0bhVxJLuRuTxUPEaex2g4oFNG1fk/wNlO1dMqYbLkMtnUaV3nahY7Hj3UGUsAznKQ2Jh4tTl38EBH5p89iGI9sqdP6irjhecSswGpsl7Ez13l9WzL/BOSbniH+lMbrRuYgKkCDPxLQ1JRvua+w/yamQiODkUWMuR7WVcg5mLPNPtbMT8LrUoZ8IlElW3Vfi0ZaOF2fPiCc0RtXENVkTeO/tW/aH6aR2Up1cdgbb5ffhDit5ZTfoGBM99w/fLbMSWDy4EKjMX+Z6k/Ib3wl/eibaLaSMn4w9UyXF8vyGecBUFX4iZ68fV8TJbxA/ntH0rO1qIavFpbusxCmp+J9sVsqI1cai83SLmBjlK52UEnXR9A95Io7WpiGv1wvWqsxPQRhvWdDQlFe5lvPoTVIUXOXLQfJoJg6psweJ/WOrdwPpyYJ8Ei7ksokqzP5oUVG9xrrS1CrzSyiCS5WeCM= ceph-884d343c-0f91-11ef-bc98-c7b262605968
2024-05-11T12:27:40.838 DEBUG:teuthology.orchestra.run.smithi027:> sudo install -d -m 0700 /root/.ssh && echo 'ssh-rsa AAAAB3NzaC1yc2EAAAADAQABAAABgQC99i2EuSlttDTIubZ0kZtkFxN5cMKUzDpbYKzrBWjuVNYXuU0bhVxJLuRuTxUPEaex2g4oFNG1fk/wNlO1dMqYbLkMtnUaV3nahY7Hj3UGUsAznKQ2Jh4tTl38EBH5p89iGI9sqdP6irjhecSswGpsl7Ez13l9WzL/BOSbniH+lMbrRuYgKkCDPxLQ1JRvua+w/yamQiODkUWMuR7WVcg5mLPNPtbMT8LrUoZ8IlElW3Vfi0ZaOF2fPiCc0RtXENVkTeO/tW/aH6aR2Up1cdgbb5ffhDit5ZTfoGBM99w/fLbMSWDy4EKjMX+Z6k/Ib3wl/eibaLaSMn4w9UyXF8vyGecBUFX4iZ68fV8TJbxA/ntH0rO1qIavFpbusxCmp+J9sVsqI1cai83SLmBjlK52UEnXR9A95Io7WpiGv1wvWqsxPQRhvWdDQlFe5lvPoTVIUXOXLQfJoJg6psweJ/WOrdwPpyYJ8Ei7ksokqzP5oUVG9xrrS1CrzSyiCS5WeCM= ceph-884d343c-0f91-11ef-bc98-c7b262605968' | sudo tee -a /root/.ssh/authorized_keys && sudo chmod 0600 /root/.ssh/authorized_keys
2024-05-11T12:27:40.878 INFO:teuthology.orchestra.run.smithi027.stdout:ssh-rsa AAAAB3NzaC1yc2EAAAADAQABAAABgQC99i2EuSlttDTIubZ0kZtkFxN5cMKUzDpbYKzrBWjuVNYXuU0bhVxJLuRuTxUPEaex2g4oFNG1fk/wNlO1dMqYbLkMtnUaV3nahY7Hj3UGUsAznKQ2Jh4tTl38EBH5p89iGI9sqdP6irjhecSswGpsl7Ez13l9WzL/BOSbniH+lMbrRuYgKkCDPxLQ1JRvua+w/yamQiODkUWMuR7WVcg5mLPNPtbMT8LrUoZ8IlElW3Vfi0ZaOF2fPiCc0RtXENVkTeO/tW/aH6aR2Up1cdgbb5ffhDit5ZTfoGBM99w/fLbMSWDy4EKjMX+Z6k/Ib3wl/eibaLaSMn4w9UyXF8vyGecBUFX4iZ68fV8TJbxA/ntH0rO1qIavFpbusxCmp+J9sVsqI1cai83SLmBjlK52UEnXR9A95Io7WpiGv1wvWqsxPQRhvWdDQlFe5lvPoTVIUXOXLQfJoJg6psweJ/WOrdwPpyYJ8Ei7ksokqzP5oUVG9xrrS1CrzSyiCS5WeCM= ceph-884d343c-0f91-11ef-bc98-c7b262605968
2024-05-11T12:27:40.891 DEBUG:teuthology.orchestra.run.smithi105:> sudo install -d -m 0700 /root/.ssh && echo 'ssh-rsa AAAAB3NzaC1yc2EAAAADAQABAAABgQC99i2EuSlttDTIubZ0kZtkFxN5cMKUzDpbYKzrBWjuVNYXuU0bhVxJLuRuTxUPEaex2g4oFNG1fk/wNlO1dMqYbLkMtnUaV3nahY7Hj3UGUsAznKQ2Jh4tTl38EBH5p89iGI9sqdP6irjhecSswGpsl7Ez13l9WzL/BOSbniH+lMbrRuYgKkCDPxLQ1JRvua+w/yamQiODkUWMuR7WVcg5mLPNPtbMT8LrUoZ8IlElW3Vfi0ZaOF2fPiCc0RtXENVkTeO/tW/aH6aR2Up1cdgbb5ffhDit5ZTfoGBM99w/fLbMSWDy4EKjMX+Z6k/Ib3wl/eibaLaSMn4w9UyXF8vyGecBUFX4iZ68fV8TJbxA/ntH0rO1qIavFpbusxCmp+J9sVsqI1cai83SLmBjlK52UEnXR9A95Io7WpiGv1wvWqsxPQRhvWdDQlFe5lvPoTVIUXOXLQfJoJg6psweJ/WOrdwPpyYJ8Ei7ksokqzP5oUVG9xrrS1CrzSyiCS5WeCM= ceph-884d343c-0f91-11ef-bc98-c7b262605968' | sudo tee -a /root/.ssh/authorized_keys && sudo chmod 0600 /root/.ssh/authorized_keys
2024-05-11T12:27:40.930 INFO:teuthology.orchestra.run.smithi105.stdout:ssh-rsa AAAAB3NzaC1yc2EAAAADAQABAAABgQC99i2EuSlttDTIubZ0kZtkFxN5cMKUzDpbYKzrBWjuVNYXuU0bhVxJLuRuTxUPEaex2g4oFNG1fk/wNlO1dMqYbLkMtnUaV3nahY7Hj3UGUsAznKQ2Jh4tTl38EBH5p89iGI9sqdP6irjhecSswGpsl7Ez13l9WzL/BOSbniH+lMbrRuYgKkCDPxLQ1JRvua+w/yamQiODkUWMuR7WVcg5mLPNPtbMT8LrUoZ8IlElW3Vfi0ZaOF2fPiCc0RtXENVkTeO/tW/aH6aR2Up1cdgbb5ffhDit5ZTfoGBM99w/fLbMSWDy4EKjMX+Z6k/Ib3wl/eibaLaSMn4w9UyXF8vyGecBUFX4iZ68fV8TJbxA/ntH0rO1qIavFpbusxCmp+J9sVsqI1cai83SLmBjlK52UEnXR9A95Io7WpiGv1wvWqsxPQRhvWdDQlFe5lvPoTVIUXOXLQfJoJg6psweJ/WOrdwPpyYJ8Ei7ksokqzP5oUVG9xrrS1CrzSyiCS5WeCM= ceph-884d343c-0f91-11ef-bc98-c7b262605968
2024-05-11T12:27:40.942 DEBUG:teuthology.orchestra.run.smithi016:> sudo /home/ubuntu/cephtest/cephadm --image quay-quay-quay.apps.os.sepia.ceph.com/ceph-ci/ceph:308506802b0bdea4df7050cfc1fcbdc04fea6a6e shell -c /etc/ceph/ceph.conf -k /etc/ceph/ceph.client.admin.keyring --fsid 884d343c-0f91-11ef-bc98-c7b262605968 -- ceph config set mgr mgr/cephadm/allow_ptrace true
2024-05-11T12:27:41.099 INFO:journalctl@ceph.mon.a.smithi016.stdout:May 11 12:27:40 smithi016 ceph-mon[30131]: from='client.? 172.21.15.16:0/3209701741' entity='client.admin'
2024-05-11T12:27:41.198 INFO:teuthology.orchestra.run.smithi016.stderr:Inferring config /var/lib/ceph/884d343c-0f91-11ef-bc98-c7b262605968/mon.a/config
2024-05-11T12:27:43.276 INFO:teuthology.orchestra.run.smithi016.stderr:2024-05-11T12:27:43.274+0000 7f2c91b17700 1 -- 172.21.15.16:0/4199494834 >> [v2:172.21.15.16:3300/0,v1:172.21.15.16:6789/0] conn(0x7f2c8c101e60 msgr2=0x7f2c8c102280 secure :-1 s=STATE_CONNECTION_ESTABLISHED l=1).mark_down
2024-05-11T12:27:43.277 INFO:teuthology.orchestra.run.smithi016.stderr:2024-05-11T12:27:43.274+0000 7f2c91b17700 1 --2- 172.21.15.16:0/4199494834 >> [v2:172.21.15.16:3300/0,v1:172.21.15.16:6789/0] conn(0x7f2c8c101e60 0x7f2c8c102280 secure :-1 s=READY pgs=80 cs=0 l=1 rev1=1 crypto rx=0x7f2c7c009910 tx=0x7f2c7c009c20 comp rx=0 tx=0).stop
2024-05-11T12:27:43.277 INFO:teuthology.orchestra.run.smithi016.stderr:2024-05-11T12:27:43.274+0000 7f2c91b17700 1 -- 172.21.15.16:0/4199494834 shutdown_connections
2024-05-11T12:27:43.277 INFO:teuthology.orchestra.run.smithi016.stderr:2024-05-11T12:27:43.274+0000 7f2c91b17700 1 --2- 172.21.15.16:0/4199494834 >> [v2:172.21.15.16:3300/0,v1:172.21.15.16:6789/0] conn(0x7f2c8c101e60 0x7f2c8c102280 unknown :-1 s=CLOSED pgs=80 cs=0 l=1 rev1=1 crypto rx=0 tx=0 comp rx=0 tx=0).stop
2024-05-11T12:27:43.277 INFO:teuthology.orchestra.run.smithi016.stderr:2024-05-11T12:27:43.274+0000 7f2c91b17700 1 -- 172.21.15.16:0/4199494834 >> 172.21.15.16:0/4199494834 conn(0x7f2c8c0fd450 msgr2=0x7f2c8c0ff890 unknown :-1 s=STATE_NONE l=0).mark_down
2024-05-11T12:27:43.277 INFO:teuthology.orchestra.run.smithi016.stderr:2024-05-11T12:27:43.274+0000 7f2c91b17700 1 -- 172.21.15.16:0/4199494834 shutdown_connections
2024-05-11T12:27:43.277 INFO:teuthology.orchestra.run.smithi016.stderr:2024-05-11T12:27:43.274+0000 7f2c91b17700 1 -- 172.21.15.16:0/4199494834 wait complete.
2024-05-11T12:27:43.277 INFO:teuthology.orchestra.run.smithi016.stderr:2024-05-11T12:27:43.275+0000 7f2c91b17700 1 Processor -- start
2024-05-11T12:27:43.277 INFO:teuthology.orchestra.run.smithi016.stderr:2024-05-11T12:27:43.275+0000 7f2c91b17700 1 -- start start
2024-05-11T12:27:43.277 INFO:teuthology.orchestra.run.smithi016.stderr:2024-05-11T12:27:43.275+0000 7f2c91b17700 1 --2- >> [v2:172.21.15.16:3300/0,v1:172.21.15.16:6789/0] conn(0x7f2c8c101e60 0x7f2c8c06b3f0 unknown :-1 s=NONE pgs=0 cs=0 l=1 rev1=0 crypto rx=0 tx=0 comp rx=0 tx=0).connect
2024-05-11T12:27:43.277 INFO:teuthology.orchestra.run.smithi016.stderr:2024-05-11T12:27:43.275+0000 7f2c91b17700 1 -- --> [v2:172.21.15.16:3300/0,v1:172.21.15.16:6789/0] -- mon_getmap magic: 0 -- 0x7f2c8c107fe0 con 0x7f2c8c101e60
2024-05-11T12:27:43.277 INFO:teuthology.orchestra.run.smithi016.stderr:2024-05-11T12:27:43.275+0000 7f2c8b7fe700 1 --2- >> [v2:172.21.15.16:3300/0,v1:172.21.15.16:6789/0] conn(0x7f2c8c101e60 0x7f2c8c06b3f0 unknown :-1 s=BANNER_CONNECTING pgs=0 cs=0 l=1 rev1=0 crypto rx=0 tx=0 comp rx=0 tx=0)._handle_peer_banner_payload supported=3 required=0
2024-05-11T12:27:43.277 INFO:teuthology.orchestra.run.smithi016.stderr:2024-05-11T12:27:43.275+0000 7f2c8b7fe700 1 --2- >> [v2:172.21.15.16:3300/0,v1:172.21.15.16:6789/0] conn(0x7f2c8c101e60 0x7f2c8c06b3f0 unknown :-1 s=HELLO_CONNECTING pgs=0 cs=0 l=1 rev1=1 crypto rx=0 tx=0 comp rx=0 tx=0).handle_hello peer v2:172.21.15.16:3300/0 says I am v2:172.21.15.16:52520/0 (socket says 172.21.15.16:52520)
2024-05-11T12:27:43.277 INFO:teuthology.orchestra.run.smithi016.stderr:2024-05-11T12:27:43.275+0000 7f2c8b7fe700 1 -- 172.21.15.16:0/3938767650 learned_addr learned my addr 172.21.15.16:0/3938767650 (peer_addr_for_me v2:172.21.15.16:0/0)
2024-05-11T12:27:43.278 INFO:teuthology.orchestra.run.smithi016.stderr:2024-05-11T12:27:43.276+0000 7f2c8b7fe700 1 -- 172.21.15.16:0/3938767650 --> [v2:172.21.15.16:3300/0,v1:172.21.15.16:6789/0] -- mon_subscribe({config=0+,monmap=0+}) -- 0x7f2c8c199260 con 0x7f2c8c101e60
2024-05-11T12:27:43.278 INFO:teuthology.orchestra.run.smithi016.stderr:2024-05-11T12:27:43.276+0000 7f2c8b7fe700 1 --2- 172.21.15.16:0/3938767650 >> [v2:172.21.15.16:3300/0,v1:172.21.15.16:6789/0] conn(0x7f2c8c101e60 0x7f2c8c06b3f0 secure :-1 s=READY pgs=81 cs=0 l=1 rev1=1 crypto rx=0x7f2c7c005840 tx=0x7f2c7c0050b0 comp rx=0 tx=0).ready entity=mon.0 client_cookie=0 server_cookie=0 in_seq=0 out_seq=0
2024-05-11T12:27:43.278 INFO:teuthology.orchestra.run.smithi016.stderr:2024-05-11T12:27:43.276+0000 7f2c88ff9700 1 -- 172.21.15.16:0/3938767650 <== mon.0 v2:172.21.15.16:3300/0 1 ==== mon_map magic: 0 ==== 205+0+0 (secure 0 0 0) 0x7f2c7c027070 con 0x7f2c8c101e60
2024-05-11T12:27:43.278 INFO:teuthology.orchestra.run.smithi016.stderr:2024-05-11T12:27:43.276+0000 7f2c88ff9700 1 -- 172.21.15.16:0/3938767650 <== mon.0 v2:172.21.15.16:3300/0 2 ==== config(28 keys) ==== 1170+0+0 (secure 0 0 0) 0x7f2c7c022470 con 0x7f2c8c101e60
2024-05-11T12:27:43.278 INFO:teuthology.orchestra.run.smithi016.stderr:2024-05-11T12:27:43.276+0000 7f2c91b17700 1 -- 172.21.15.16:0/3938767650 --> [v2:172.21.15.16:3300/0,v1:172.21.15.16:6789/0] -- mon_subscribe({mgrmap=0+}) -- 0x7f2c8c19d870 con 0x7f2c8c101e60
2024-05-11T12:27:43.278 INFO:teuthology.orchestra.run.smithi016.stderr:2024-05-11T12:27:43.276+0000 7f2c88ff9700 1 -- 172.21.15.16:0/3938767650 <== mon.0 v2:172.21.15.16:3300/0 3 ==== mon_map magic: 0 ==== 205+0+0 (secure 0 0 0) 0x7f2c7c00f5f0 con 0x7f2c8c101e60
2024-05-11T12:27:43.278 INFO:teuthology.orchestra.run.smithi016.stderr:2024-05-11T12:27:43.276+0000 7f2c91b17700 1 -- 172.21.15.16:0/3938767650 --> [v2:172.21.15.16:3300/0,v1:172.21.15.16:6789/0] -- mon_subscribe({osdmap=0}) -- 0x7f2c8c19dc10 con 0x7f2c8c101e60
2024-05-11T12:27:43.279 INFO:teuthology.orchestra.run.smithi016.stderr:2024-05-11T12:27:43.277+0000 7f2c88ff9700 1 -- 172.21.15.16:0/3938767650 <== mon.0 v2:172.21.15.16:3300/0 4 ==== mgrmap(e 13) ==== 50278+0+0 (secure 0 0 0) 0x7f2c7c02a070 con 0x7f2c8c101e60
2024-05-11T12:27:43.279 INFO:teuthology.orchestra.run.smithi016.stderr:2024-05-11T12:27:43.277+0000 7f2c91b17700 1 -- 172.21.15.16:0/3938767650 --> [v2:172.21.15.16:3300/0,v1:172.21.15.16:6789/0] -- mon_command({"prefix": "get_command_descriptions"} v 0) -- 0x7f2c8c108760 con 0x7f2c8c101e60
2024-05-11T12:27:43.279 INFO:teuthology.orchestra.run.smithi016.stderr:2024-05-11T12:27:43.277+0000 7f2c88ff9700 1 --2- 172.21.15.16:0/3938767650 >> [v2:172.21.15.16:6800/2692995242,v1:172.21.15.16:6801/2692995242] conn(0x7f2c7403e510 0x7f2c740409d0 unknown :-1 s=NONE pgs=0 cs=0 l=1 rev1=0 crypto rx=0 tx=0 comp rx=0 tx=0).connect
2024-05-11T12:27:43.279 INFO:teuthology.orchestra.run.smithi016.stderr:2024-05-11T12:27:43.277+0000 7f2c88ff9700 1 -- 172.21.15.16:0/3938767650 <== mon.0 v2:172.21.15.16:3300/0 5 ==== osd_map(3..3 src has 1..3) ==== 1155+0+0 (secure 0 0 0) 0x7f2c7c01e030 con 0x7f2c8c101e60
2024-05-11T12:27:43.279 INFO:teuthology.orchestra.run.smithi016.stderr:2024-05-11T12:27:43.277+0000 7f2c8affd700 1 --2- 172.21.15.16:0/3938767650 >> [v2:172.21.15.16:6800/2692995242,v1:172.21.15.16:6801/2692995242] conn(0x7f2c7403e510 0x7f2c740409d0 unknown :-1 s=BANNER_CONNECTING pgs=0 cs=0 l=1 rev1=0 crypto rx=0 tx=0 comp rx=0 tx=0)._handle_peer_banner_payload supported=3 required=0
2024-05-11T12:27:43.279 INFO:teuthology.orchestra.run.smithi016.stderr:2024-05-11T12:27:43.278+0000 7f2c8affd700 1 --2- 172.21.15.16:0/3938767650 >> [v2:172.21.15.16:6800/2692995242,v1:172.21.15.16:6801/2692995242] conn(0x7f2c7403e510 0x7f2c740409d0 secure :-1 s=READY pgs=12 cs=0 l=1 rev1=1 crypto rx=0x7f2c80006fd0 tx=0x7f2c80006e40 comp rx=0 tx=0).ready entity=mgr.14152 client_cookie=0 server_cookie=0 in_seq=0 out_seq=0
2024-05-11T12:27:43.282 INFO:teuthology.orchestra.run.smithi016.stderr:2024-05-11T12:27:43.282+0000 7f2c88ff9700 1 -- 172.21.15.16:0/3938767650 <== mon.0 v2:172.21.15.16:3300/0 6 ==== mon_command_ack([{"prefix": "get_command_descriptions"}]=0 v0) ==== 72+0+191963 (secure 0 0 0) 0x7f2c7c013070 con 0x7f2c8c101e60
2024-05-11T12:27:43.494 INFO:teuthology.orchestra.run.smithi016.stderr:2024-05-11T12:27:43.494+0000 7f2c91b17700 1 -- 172.21.15.16:0/3938767650 --> [v2:172.21.15.16:3300/0,v1:172.21.15.16:6789/0] -- mon_command([{prefix=config set, name=mgr/cephadm/allow_ptrace}] v 0) -- 0x7f2c8c02e770 con 0x7f2c8c101e60
2024-05-11T12:27:43.496 INFO:teuthology.orchestra.run.smithi016.stderr:2024-05-11T12:27:43.496+0000 7f2c88ff9700 1 -- 172.21.15.16:0/3938767650 <== mon.0 v2:172.21.15.16:3300/0 7 ==== mon_command_ack([{prefix=config set, name=mgr/cephadm/allow_ptrace}]=0 v9)=0 v9) ==== 125+0+0 (secure 0 0 0) 0x7f2c7c020e00 con 0x7f2c8c101e60
2024-05-11T12:27:43.498 INFO:teuthology.orchestra.run.smithi016.stderr:2024-05-11T12:27:43.498+0000 7f2c91b17700 1 -- 172.21.15.16:0/3938767650 >> [v2:172.21.15.16:6800/2692995242,v1:172.21.15.16:6801/2692995242] conn(0x7f2c7403e510 msgr2=0x7f2c740409d0 secure :-1 s=STATE_CONNECTION_ESTABLISHED l=1).mark_down
2024-05-11T12:27:43.499 INFO:teuthology.orchestra.run.smithi016.stderr:2024-05-11T12:27:43.498+0000 7f2c91b17700 1 --2- 172.21.15.16:0/3938767650 >> [v2:172.21.15.16:6800/2692995242,v1:172.21.15.16:6801/2692995242] conn(0x7f2c7403e510 0x7f2c740409d0 secure :-1 s=READY pgs=12 cs=0 l=1 rev1=1 crypto rx=0x7f2c80006fd0 tx=0x7f2c80006e40 comp rx=0 tx=0).stop
2024-05-11T12:27:43.499 INFO:teuthology.orchestra.run.smithi016.stderr:2024-05-11T12:27:43.498+0000 7f2c91b17700 1 -- 172.21.15.16:0/3938767650 >> [v2:172.21.15.16:3300/0,v1:172.21.15.16:6789/0] conn(0x7f2c8c101e60 msgr2=0x7f2c8c06b3f0 secure :-1 s=STATE_CONNECTION_ESTABLISHED l=1).mark_down
2024-05-11T12:27:43.499 INFO:teuthology.orchestra.run.smithi016.stderr:2024-05-11T12:27:43.498+0000 7f2c91b17700 1 --2- 172.21.15.16:0/3938767650 >> [v2:172.21.15.16:3300/0,v1:172.21.15.16:6789/0] conn(0x7f2c8c101e60 0x7f2c8c06b3f0 secure :-1 s=READY pgs=81 cs=0 l=1 rev1=1 crypto rx=0x7f2c7c005840 tx=0x7f2c7c0050b0 comp rx=0 tx=0).stop
2024-05-11T12:27:43.499 INFO:teuthology.orchestra.run.smithi016.stderr:2024-05-11T12:27:43.498+0000 7f2c91b17700 1 -- 172.21.15.16:0/3938767650 shutdown_connections
2024-05-11T12:27:43.499 INFO:teuthology.orchestra.run.smithi016.stderr:2024-05-11T12:27:43.498+0000 7f2c91b17700 1 --2- 172.21.15.16:0/3938767650 >> [v2:172.21.15.16:6800/2692995242,v1:172.21.15.16:6801/2692995242] conn(0x7f2c7403e510 0x7f2c740409d0 unknown :-1 s=CLOSED pgs=12 cs=0 l=1 rev1=1 crypto rx=0 tx=0 comp rx=0 tx=0).stop
2024-05-11T12:27:43.499 INFO:teuthology.orchestra.run.smithi016.stderr:2024-05-11T12:27:43.498+0000 7f2c91b17700 1 --2- 172.21.15.16:0/3938767650 >> [v2:172.21.15.16:3300/0,v1:172.21.15.16:6789/0] conn(0x7f2c8c101e60 0x7f2c8c06b3f0 unknown :-1 s=CLOSED pgs=81 cs=0 l=1 rev1=1 crypto rx=0 tx=0 comp rx=0 tx=0).stop
2024-05-11T12:27:43.499 INFO:teuthology.orchestra.run.smithi016.stderr:2024-05-11T12:27:43.498+0000 7f2c91b17700 1 -- 172.21.15.16:0/3938767650 >> 172.21.15.16:0/3938767650 conn(0x7f2c8c0fd450 msgr2=0x7f2c8c0fde00 unknown :-1 s=STATE_NONE l=0).mark_down
2024-05-11T12:27:43.499 INFO:teuthology.orchestra.run.smithi016.stderr:2024-05-11T12:27:43.498+0000 7f2c91b17700 1 -- 172.21.15.16:0/3938767650 shutdown_connections
2024-05-11T12:27:43.499 INFO:teuthology.orchestra.run.smithi016.stderr:2024-05-11T12:27:43.498+0000 7f2c91b17700 1 -- 172.21.15.16:0/3938767650 wait complete.
2024-05-11T12:27:43.784 INFO:journalctl@ceph.mon.a.smithi016.stdout:May 11 12:27:43 smithi016 ceph-mon[30131]: from='mgr.14152 172.21.15.16:0/1901101579' entity='mgr.x'
2024-05-11T12:27:43.785 INFO:journalctl@ceph.mon.a.smithi016.stdout:May 11 12:27:43 smithi016 ceph-mon[30131]: from='mgr.14152 172.21.15.16:0/1901101579' entity='mgr.x'
2024-05-11T12:27:43.785 INFO:journalctl@ceph.mon.a.smithi016.stdout:May 11 12:27:43 smithi016 ceph-mon[30131]: from='mgr.14152 172.21.15.16:0/1901101579' entity='mgr.x' cmd=[{"prefix": "config rm", "who": "osd/host:smithi016", "name": "osd_memory_target"}]: dispatch
2024-05-11T12:27:43.785 INFO:journalctl@ceph.mon.a.smithi016.stdout:May 11 12:27:43 smithi016 ceph-mon[30131]: from='mgr.14152 172.21.15.16:0/1901101579' entity='mgr.x'
2024-05-11T12:27:43.785 INFO:journalctl@ceph.mon.a.smithi016.stdout:May 11 12:27:43 smithi016 ceph-mon[30131]: from='mgr.14152 172.21.15.16:0/1901101579' entity='mgr.x' cmd=[{"prefix": "config dump", "format": "json"}]: dispatch
2024-05-11T12:27:43.785 INFO:journalctl@ceph.mon.a.smithi016.stdout:May 11 12:27:43 smithi016 ceph-mon[30131]: from='mgr.14152 172.21.15.16:0/1901101579' entity='mgr.x'
2024-05-11T12:27:44.090 INFO:tasks.cephadm:Distributing conf and client.admin keyring to all hosts + 0755
2024-05-11T12:27:44.090 DEBUG:teuthology.orchestra.run.smithi016:> sudo /home/ubuntu/cephtest/cephadm --image quay-quay-quay.apps.os.sepia.ceph.com/ceph-ci/ceph:308506802b0bdea4df7050cfc1fcbdc04fea6a6e shell -c /etc/ceph/ceph.conf -k /etc/ceph/ceph.client.admin.keyring --fsid 884d343c-0f91-11ef-bc98-c7b262605968 -- ceph orch client-keyring set client.admin '*' --mode 0755
2024-05-11T12:27:44.338 INFO:teuthology.orchestra.run.smithi016.stderr:Inferring config /var/lib/ceph/884d343c-0f91-11ef-bc98-c7b262605968/mon.a/config
