2024-05-11T13:18:07.506 INFO:teuthology.orchestra.run.smithi063.stdout:/usr/bin/ceph: stderr
2024-05-11T13:18:06.519+0000 7efe7a800700 1 -- 172.21.15.63:0/3357201392 >> [v2:172.21.15.63:3300/0,v1:172.21.15.63:6789/0] conn(0x7efe7407edf0 msgr2=0x7efe7407d2a0 secure :-1 s=STATE_CONNECTION_ESTABLISHED l=1).mark_down
2024-05-11T13:18:07.506 INFO:teuthology.orchestra.run.smithi063.stdout:/usr/bin/ceph: stderr
2024-05-11T13:18:06.519+0000 7efe7a800700 1 --2- 172.21.15.63:0/3357201392 >> [v2:172.21.15.63:3300/0,v1:172.21.15.63:6789/0] conn(0x7efe7407edf0 0x7efe7407d2a0 secure :-1 s=READY pgs=37 cs=0 l=1 rev1=1 crypto rx=0x7efe680098a0 tx=0x7efe68009bb0 comp rx=0 tx=0).stop
2024-05-11T13:18:07.506 INFO:teuthology.orchestra.run.smithi063.stdout:/usr/bin/ceph: stderr
2024-05-11T13:18:06.519+0000 7efe7a800700 1 -- 172.21.15.63:0/3357201392 shutdown_connections
2024-05-11T13:18:07.506 INFO:teuthology.orchestra.run.smithi063.stdout:/usr/bin/ceph: stderr
2024-05-11T13:18:06.519+0000 7efe7a800700 1 --2- 172.21.15.63:0/3357201392 >> [v2:172.21.15.63:3300/0,v1:172.21.15.63:6789/0] conn(0x7efe7407edf0 0x7efe7407d2a0 unknown :-1 s=CLOSED pgs=37 cs=0 l=1 rev1=1 crypto rx=0 tx=0 comp rx=0 tx=0).stop
2024-05-11T13:18:07.506 INFO:teuthology.orchestra.run.smithi063.stdout:/usr/bin/ceph: stderr
2024-05-11T13:18:06.519+0000 7efe7a800700 1 -- 172.21.15.63:0/3357201392 >> 172.21.15.63:0/3357201392 conn(0x7efe74104130 msgr2=0x7efe74106550 unknown :-1 s=STATE_NONE l=0).mark_down
2024-05-11T13:18:07.506 INFO:teuthology.orchestra.run.smithi063.stdout:/usr/bin/ceph: stderr
2024-05-11T13:18:06.519+0000 7efe7a800700 1 -- 172.21.15.63:0/3357201392 shutdown_connections
2024-05-11T13:18:07.506 INFO:teuthology.orchestra.run.smithi063.stdout:/usr/bin/ceph: stderr
2024-05-11T13:18:06.519+0000 7efe7a800700 1 -- 172.21.15.63:0/3357201392 wait complete.
2024-05-11T13:18:07.506 INFO:teuthology.orchestra.run.smithi063.stdout:/usr/bin/ceph: stderr
2024-05-11T13:18:06.520+0000 7efe7a800700 1 Processor -- start
2024-05-11T13:18:07.506 INFO:teuthology.orchestra.run.smithi063.stdout:/usr/bin/ceph: stderr
2024-05-11T13:18:06.520+0000 7efe7a800700 1 -- start start
2024-05-11T13:18:07.506 INFO:teuthology.orchestra.run.smithi063.stdout:/usr/bin/ceph: stderr
2024-05-11T13:18:06.520+0000 7efe7a800700 1 --2- >> [v2:172.21.15.63:3300/0,v1:172.21.15.63:6789/0] conn(0x7efe7407edf0 0x7efe7419eb90 unknown :-1 s=NONE pgs=0 cs=0 l=1 rev1=0 crypto rx=0 tx=0 comp rx=0 tx=0).connect
2024-05-11T13:18:07.507 INFO:teuthology.orchestra.run.smithi063.stdout:/usr/bin/ceph: stderr
2024-05-11T13:18:06.520+0000 7efe7a800700 1 -- --> [v2:172.21.15.63:3300/0,v1:172.21.15.63:6789/0] -- mon_getmap magic: 0 -- 0x7efe7410f0a0 con 0x7efe7407edf0
2024-05-11T13:18:07.507 INFO:teuthology.orchestra.run.smithi063.stdout:/usr/bin/ceph: stderr
2024-05-11T13:18:06.521+0000 7efe79400700 1 --2- >> [v2:172.21.15.63:3300/0,v1:172.21.15.63:6789/0] conn(0x7efe7407edf0 0x7efe7419eb90 unknown :-1 s=BANNER_CONNECTING pgs=0 cs=0 l=1 rev1=0 crypto rx=0 tx=0 comp rx=0 tx=0)._handle_peer_banner_payload supported=3 required=0
2024-05-11T13:18:07.507 INFO:teuthology.orchestra.run.smithi063.stdout:/usr/bin/ceph: stderr
2024-05-11T13:18:06.521+0000 7efe79400700 1 --2- >> [v2:172.21.15.63:3300/0,v1:172.21.15.63:6789/0] conn(0x7efe7407edf0 0x7efe7419eb90 unknown :-1 s=HELLO_CONNECTING pgs=0 cs=0 l=1 rev1=1 crypto rx=0 tx=0 comp rx=0 tx=0).handle_hello peer v2:172.21.15.63:3300/0 says I am v2:172.21.15.63:59904/0 (socket says 172.21.15.63:59904)
2024-05-11T13:18:07.507 INFO:teuthology.orchestra.run.smithi063.stdout:/usr/bin/ceph: stderr
2024-05-11T13:18:06.521+0000 7efe79400700 1 -- 172.21.15.63:0/1975085431 learned_addr learned my addr 172.21.15.63:0/1975085431 (peer_addr_for_me v2:172.21.15.63:0/0)
2024-05-11T13:18:07.507 INFO:teuthology.orchestra.run.smithi063.stdout:/usr/bin/ceph: stderr
2024-05-11T13:18:06.521+0000 7efe79400700 1 -- 172.21.15.63:0/1975085431 --> [v2:172.21.15.63:3300/0,v1:172.21.15.63:6789/0] -- mon_subscribe({config=0+,monmap=0+}) -- 0x7efe7419f0d0 con 0x7efe7407edf0
2024-05-11T13:18:07.507 INFO:teuthology.orchestra.run.smithi063.stdout:/usr/bin/ceph: stderr
2024-05-11T13:18:06.522+0000 7efe79400700 1 --2- 172.21.15.63:0/1975085431 >> [v2:172.21.15.63:3300/0,v1:172.21.15.63:6789/0] conn(0x7efe7407edf0 0x7efe7419eb90 secure :-1 s=READY pgs=38 cs=0 l=1 rev1=1 crypto rx=0x7efe68009130 tx=0x7efe68011a60 comp rx=0 tx=0).ready entity=mon.0 client_cookie=0 server_cookie=0 in_seq=0 out_seq=0
2024-05-11T13:18:07.507 INFO:teuthology.orchestra.run.smithi063.stdout:/usr/bin/ceph: stderr
2024-05-11T13:18:06.522+0000 7efe72000700 1 -- 172.21.15.63:0/1975085431 <== mon.0 v2:172.21.15.63:3300/0 1 ==== mon_map magic: 0 ==== 205+0+0 (secure 0 0 0) 0x7efe68003b20 con 0x7efe7407edf0
2024-05-11T13:18:07.507 INFO:teuthology.orchestra.run.smithi063.stdout:/usr/bin/ceph: stderr
2024-05-11T13:18:06.522+0000 7efe72000700 1 -- 172.21.15.63:0/1975085431 <== mon.0 v2:172.21.15.63:3300/0 2 ==== config(25 keys) ==== 1032+0+0 (secure 0 0 0) 0x7efe6801a8a0 con 0x7efe7407edf0
2024-05-11T13:18:07.507 INFO:teuthology.orchestra.run.smithi063.stdout:/usr/bin/ceph: stderr
2024-05-11T13:18:06.522+0000 7efe72000700 1 -- 172.21.15.63:0/1975085431 <== mon.0 v2:172.21.15.63:3300/0 3 ==== mon_map magic: 0 ==== 205+0+0 (secure 0 0 0) 0x7efe68024810 con 0x7efe7407edf0
2024-05-11T13:18:07.507 INFO:teuthology.orchestra.run.smithi063.stdout:/usr/bin/ceph: stderr
2024-05-11T13:18:06.522+0000 7efe7a800700 1 -- 172.21.15.63:0/1975085431 --> [v2:172.21.15.63:3300/0,v1:172.21.15.63:6789/0] -- mon_subscribe({mgrmap=0+}) -- 0x7efe7419f360 con 0x7efe7407edf0
2024-05-11T13:18:07.507 INFO:teuthology.orchestra.run.smithi063.stdout:/usr/bin/ceph: stderr
2024-05-11T13:18:06.522+0000 7efe7a800700 1 -- 172.21.15.63:0/1975085431 --> [v2:172.21.15.63:3300/0,v1:172.21.15.63:6789/0] -- mon_subscribe({osdmap=0}) -- 0x7efe741a2050 con 0x7efe7407edf0
2024-05-11T13:18:07.507 INFO:teuthology.orchestra.run.smithi063.stdout:/usr/bin/ceph: stderr
2024-05-11T13:18:06.523+0000 7efe7a800700 1 -- 172.21.15.63:0/1975085431 --> [v2:172.21.15.63:3300/0,v1:172.21.15.63:6789/0] -- mon_command({"prefix": "get_command_descriptions"} v 0) -- 0x7efe7406a630 con 0x7efe7407edf0
2024-05-11T13:18:07.507 INFO:teuthology.orchestra.run.smithi063.stdout:/usr/bin/ceph: stderr
2024-05-11T13:18:06.524+0000 7efe72000700 1 -- 172.21.15.63:0/1975085431 <== mon.0 v2:172.21.15.63:3300/0 4 ==== mgrmap(e 7) ==== 50116+0+0 (secure 0 0 0) 0x7efe68022020 con 0x7efe7407edf0
2024-05-11T13:18:07.508 INFO:teuthology.orchestra.run.smithi063.stdout:/usr/bin/ceph: stderr
2024-05-11T13:18:06.524+0000 7efe72000700 1 --2- 172.21.15.63:0/1975085431 >> [v2:172.21.15.63:6800/405023443,v1:172.21.15.63:6801/405023443] conn(0x7efe5c03e3a0 0x7efe5c040860 unknown :-1 s=NONE pgs=0 cs=0 l=1 rev1=0 crypto rx=0 tx=0 comp rx=0 tx=0).connect
2024-05-11T13:18:07.508 INFO:teuthology.orchestra.run.smithi063.stdout:/usr/bin/ceph: stderr
2024-05-11T13:18:06.524+0000 7efe72000700 1 -- 172.21.15.63:0/1975085431 <== mon.0 v2:172.21.15.63:3300/0 5 ==== osd_map(2..2 src has 1..2) ==== 940+0+0 (secure 0 0 0) 0x7efe68053780 con 0x7efe7407edf0
2024-05-11T13:18:07.508 INFO:teuthology.orchestra.run.smithi063.stdout:/usr/bin/ceph: stderr
2024-05-11T13:18:06.525+0000 7efe78a00700 1 --2- 172.21.15.63:0/1975085431 >> [v2:172.21.15.63:6800/405023443,v1:172.21.15.63:6801/405023443] conn(0x7efe5c03e3a0 0x7efe5c040860 unknown :-1 s=BANNER_CONNECTING pgs=0 cs=0 l=1 rev1=0 crypto rx=0 tx=0 comp rx=0 tx=0)._handle_peer_banner_payload supported=3 required=0
2024-05-11T13:18:07.508 INFO:teuthology.orchestra.run.smithi063.stdout:/usr/bin/ceph: stderr
2024-05-11T13:18:06.526+0000 7efe78a00700 1 --2- 172.21.15.63:0/1975085431 >> [v2:172.21.15.63:6800/405023443,v1:172.21.15.63:6801/405023443] conn(0x7efe5c03e3a0 0x7efe5c040860 secure :-1 s=READY pgs=7 cs=0 l=1 rev1=1 crypto rx=0x7efe60006fd0 tx=0x7efe60006e40 comp rx=0 tx=0).ready entity=mgr.14120 client_cookie=0 server_cookie=0 in_seq=0 out_seq=0
2024-05-11T13:18:07.508 INFO:teuthology.orchestra.run.smithi063.stdout:/usr/bin/ceph: stderr
2024-05-11T13:18:06.530+0000 7efe72000700 1 -- 172.21.15.63:0/1975085431 <== mon.0 v2:172.21.15.63:3300/0 6 ==== mon_command_ack([{"prefix": "get_command_descriptions"}]=0 v0) ==== 72+0+191963 (secure 0 0 0) 0x7efe6800f2e0 con 0x7efe7407edf0
2024-05-11T13:18:07.508 INFO:teuthology.orchestra.run.smithi063.stdout:/usr/bin/ceph: stderr
2024-05-11T13:18:06.783+0000 7efe7a800700 1 -- 172.21.15.63:0/1975085431 --> [v2:172.21.15.63:6800/405023443,v1:172.21.15.63:6801/405023443] -- mgr_command(tid 0: {"prefix": "orch set backend", "module_name": "cephadm", "target": ["mon-mgr", ""]}) -- 0x7efe74105310 con 0x7efe5c03e3a0
2024-05-11T13:18:07.508 INFO:teuthology.orchestra.run.smithi063.stdout:/usr/bin/ceph: stderr
2024-05-11T13:18:06.794+0000 7efe72000700 1 -- 172.21.15.63:0/1975085431 <== mgr.14120 v2:172.21.15.63:6800/405023443 1 ==== mgr_command_reply(tid 0: 0 ) ==== 8+0+0 (secure 0 0 0) 0x7efe74105310 con 0x7efe5c03e3a0
2024-05-11T13:18:07.508 INFO:teuthology.orchestra.run.smithi063.stdout:/usr/bin/ceph: stderr
2024-05-11T13:18:06.797+0000 7efe7a800700 1 -- 172.21.15.63:0/1975085431 >> [v2:172.21.15.63:6800/405023443,v1:172.21.15.63:6801/405023443] conn(0x7efe5c03e3a0 msgr2=0x7efe5c040860 secure :-1 s=STATE_CONNECTION_ESTABLISHED l=1).mark_down
2024-05-11T13:18:07.508 INFO:teuthology.orchestra.run.smithi063.stdout:/usr/bin/ceph: stderr
2024-05-11T13:18:06.797+0000 7efe7a800700 1 --2- 172.21.15.63:0/1975085431 >> [v2:172.21.15.63:6800/405023443,v1:172.21.15.63:6801/405023443] conn(0x7efe5c03e3a0 0x7efe5c040860 secure :-1 s=READY pgs=7 cs=0 l=1 rev1=1 crypto rx=0x7efe60006fd0 tx=0x7efe60006e40 comp rx=0 tx=0).stop
2024-05-11T13:18:07.508 INFO:teuthology.orchestra.run.smithi063.stdout:/usr/bin/ceph: stderr
2024-05-11T13:18:06.797+0000 7efe7a800700 1 -- 172.21.15.63:0/1975085431 >> [v2:172.21.15.63:3300/0,v1:172.21.15.63:6789/0] conn(0x7efe7407edf0 msgr2=0x7efe7419eb90 secure :-1 s=STATE_CONNECTION_ESTABLISHED l=1).mark_down
2024-05-11T13:18:07.508 INFO:teuthology.orchestra.run.smithi063.stdout:/usr/bin/ceph: stderr
2024-05-11T13:18:06.797+0000 7efe7a800700 1 --2- 172.21.15.63:0/1975085431 >> [v2:172.21.15.63:3300/0,v1:172.21.15.63:6789/0] conn(0x7efe7407edf0 0x7efe7419eb90 secure :-1 s=READY pgs=38 cs=0 l=1 rev1=1 crypto rx=0x7efe68009130 tx=0x7efe68011a60 comp rx=0 tx=0).stop
2024-05-11T13:18:07.508 INFO:teuthology.orchestra.run.smithi063.stdout:/usr/bin/ceph: stderr
2024-05-11T13:18:06.798+0000 7efe7a800700 1 -- 172.21.15.63:0/1975085431 shutdown_connections
2024-05-11T13:18:07.509 INFO:teuthology.orchestra.run.smithi063.stdout:/usr/bin/ceph: stderr
2024-05-11T13:18:06.798+0000 7efe7a800700 1 --2- 172.21.15.63:0/1975085431 >> [v2:172.21.15.63:6800/405023443,v1:172.21.15.63:6801/405023443] conn(0x7efe5c03e3a0 0x7efe5c040860 unknown :-1 s=CLOSED pgs=7 cs=0 l=1 rev1=1 crypto rx=0 tx=0 comp rx=0 tx=0).stop
2024-05-11T13:18:07.509 INFO:teuthology.orchestra.run.smithi063.stdout:/usr/bin/ceph: stderr
2024-05-11T13:18:06.798+0000 7efe7a800700 1 --2- 172.21.15.63:0/1975085431 >> [v2:172.21.15.63:3300/0,v1:172.21.15.63:6789/0] conn(0x7efe7407edf0 0x7efe7419eb90 unknown :-1 s=CLOSED pgs=38 cs=0 l=1 rev1=1 crypto rx=0 tx=0 comp rx=0 tx=0).stop
2024-05-11T13:18:07.509 INFO:teuthology.orchestra.run.smithi063.stdout:/usr/bin/ceph: stderr
2024-05-11T13:18:06.798+0000 7efe7a800700 1 -- 172.21.15.63:0/1975085431 >> 172.21.15.63:0/1975085431 conn(0x7efe74104130 msgr2=0x7efe74104c00 unknown :-1 s=STATE_NONE l=0).mark_down
2024-05-11T13:18:07.509 INFO:teuthology.orchestra.run.smithi063.stdout:/usr/bin/ceph: stderr
2024-05-11T13:18:06.798+0000 7efe7a800700 1 -- 172.21.15.63:0/1975085431 shutdown_connections
2024-05-11T13:18:07.509 INFO:teuthology.orchestra.run.smithi063.stdout:/usr/bin/ceph: stderr
2024-05-11T13:18:06.798+0000 7efe7a800700 1 -- 172.21.15.63:0/1975085431 wait complete.
2024-05-11T13:18:08.110 INFO:journalctl@ceph.mon.a.smithi063.stdout:May 11 13:18:07 smithi063 ceph-mon[29809]: from='client.14132 -' entity='client.admin' cmd=[{"prefix": "orch set backend", "module_name": "cephadm", "target": ["mon-mgr", ""]}]: dispatch
2024-05-11T13:18:08.110 INFO:journalctl@ceph.mon.a.smithi063.stdout:May 11 13:18:07 smithi063 ceph-mon[29809]: from='mgr.14120 172.21.15.63:0/722451051' entity='mgr.x'
2024-05-11T13:18:08.110 INFO:journalctl@ceph.mon.a.smithi063.stdout:May 11 13:18:07 smithi063 ceph-mon[29809]: from='mgr.14120 172.21.15.63:0/722451051' entity='mgr.x' cmd=[{"prefix": "config dump", "format": "json"}]: dispatch
2024-05-11T13:18:08.110 INFO:journalctl@ceph.mon.a.smithi063.stdout:May 11 13:18:07 smithi063 ceph-mon[29809]: mgrmap e8: x(active, since 2s)
2024-05-11T13:18:08.110 INFO:journalctl@ceph.mon.a.smithi063.stdout:May 11 13:18:07 smithi063 ceph-mon[29809]: from='mgr.14120 172.21.15.63:0/722451051' entity='mgr.x' cmd=[{"prefix": "config dump", "format": "json"}]: dispatch
2024-05-11T13:18:08.934 INFO:journalctl@ceph.mon.a.smithi063.stdout:May 11 13:18:08 smithi063 ceph-mon[29809]: [11/May/2024:13:18:06] ENGINE Bus STARTING
2024-05-11T13:18:08.934 INFO:journalctl@ceph.mon.a.smithi063.stdout:May 11 13:18:08 smithi063 ceph-mon[29809]: [11/May/2024:13:18:07] ENGINE Serving on http://172.21.15.63:8765
2024-05-11T13:18:08.934 INFO:journalctl@ceph.mon.a.smithi063.stdout:May 11 13:18:08 smithi063 ceph-mon[29809]: [11/May/2024:13:18:07] ENGINE Serving on https://172.21.15.63:7150
2024-05-11T13:18:08.935 INFO:journalctl@ceph.mon.a.smithi063.stdout:May 11 13:18:08 smithi063 ceph-mon[29809]: [11/May/2024:13:18:07] ENGINE Bus STARTED
2024-05-11T13:18:08.976 INFO:teuthology.orchestra.run.smithi063.stdout:/usr/bin/ceph: stdout value unchanged
2024-05-11T13:18:08.976 INFO:teuthology.orchestra.run.smithi063.stdout:/usr/bin/ceph: stderr
2024-05-11T13:18:08.108+0000 7fb49a600700 1 Processor -- start
2024-05-11T13:18:08.976 INFO:teuthology.orchestra.run.smithi063.stdout:/usr/bin/ceph: stderr
2024-05-11T13:18:08.108+0000 7fb49a600700 1 -- start start
2024-05-11T13:18:08.977 INFO:teuthology.orchestra.run.smithi063.stdout:/usr/bin/ceph: stderr
2024-05-11T13:18:08.109+0000 7fb49a600700 1 --2- >> [v2:172.21.15.63:3300/0,v1:172.21.15.63:6789/0] conn(0x7fb49410fcb0 0x7fb4941120a0 unknown :-1 s=NONE pgs=0 cs=0 l=0 rev1=0 crypto rx=0 tx=0 comp rx=0 tx=0).connect
2024-05-11T13:18:08.977 INFO:teuthology.orchestra.run.smithi063.stdout:/usr/bin/ceph: stderr
2024-05-11T13:18:08.109+0000 7fb49a600700 1 -- --> [v2:172.21.15.63:3300/0,v1:172.21.15.63:6789/0] -- mon_getmap magic: 0 -- 0x7fb4940833c0 con 0x7fb49410fcb0
2024-05-11T13:18:08.977 INFO:teuthology.orchestra.run.smithi063.stdout:/usr/bin/ceph: stderr
2024-05-11T13:18:08.109+0000 7fb499200700 1 --2- >> [v2:172.21.15.63:3300/0,v1:172.21.15.63:6789/0] conn(0x7fb49410fcb0 0x7fb4941120a0 unknown :-1 s=BANNER_CONNECTING pgs=0 cs=0 l=0 rev1=0 crypto rx=0 tx=0 comp rx=0 tx=0)._handle_peer_banner_payload supported=3 required=0
2024-05-11T13:18:08.977 INFO:teuthology.orchestra.run.smithi063.stdout:/usr/bin/ceph: stderr
2024-05-11T13:18:08.109+0000 7fb499200700 1 --2- >> [v2:172.21.15.63:3300/0,v1:172.21.15.63:6789/0] conn(0x7fb49410fcb0 0x7fb4941120a0 unknown :-1 s=HELLO_CONNECTING pgs=0 cs=0 l=0 rev1=1 crypto rx=0 tx=0 comp rx=0 tx=0).handle_hello peer v2:172.21.15.63:3300/0 says I am v2:172.21.15.63:59906/0 (socket says 172.21.15.63:59906)
2024-05-11T13:18:08.977 INFO:teuthology.orchestra.run.smithi063.stdout:/usr/bin/ceph: stderr
2024-05-11T13:18:08.109+0000 7fb499200700 1 -- 172.21.15.63:0/535099890 learned_addr learned my addr 172.21.15.63:0/535099890 (peer_addr_for_me v2:172.21.15.63:0/0)
2024-05-11T13:18:08.977 INFO:teuthology.orchestra.run.smithi063.stdout:/usr/bin/ceph: stderr
2024-05-11T13:18:08.110+0000 7fb499200700 1 -- 172.21.15.63:0/535099890 --> [v2:172.21.15.63:3300/0,v1:172.21.15.63:6789/0] -- mon_subscribe({config=0+,monmap=0+}) -- 0x7fb4941125e0 con 0x7fb49410fcb0
2024-05-11T13:18:08.977 INFO:teuthology.orchestra.run.smithi063.stdout:/usr/bin/ceph: stderr
2024-05-11T13:18:08.110+0000 7fb499200700 1 --2- 172.21.15.63:0/535099890 >> [v2:172.21.15.63:3300/0,v1:172.21.15.63:6789/0] conn(0x7fb49410fcb0 0x7fb4941120a0 secure :-1 s=READY pgs=39 cs=0 l=1 rev1=1 crypto rx=0x7fb4880098a0 tx=0x7fb488009bb0 comp rx=0 tx=0).ready entity=mon.0 client_cookie=ea073952586f8b8a server_cookie=0 in_seq=0 out_seq=0
2024-05-11T13:18:08.977 INFO:teuthology.orchestra.run.smithi063.stdout:/usr/bin/ceph: stderr
2024-05-11T13:18:08.110+0000 7fb493400700 1 -- 172.21.15.63:0/535099890 <== mon.0 v2:172.21.15.63:3300/0 1 ==== mon_map magic: 0 ==== 205+0+0 (secure 0 0 0) 0x7fb488004160 con 0x7fb49410fcb0
2024-05-11T13:18:08.977 INFO:teuthology.orchestra.run.smithi063.stdout:/usr/bin/ceph: stderr
2024-05-11T13:18:08.110+0000 7fb493400700 1 -- 172.21.15.63:0/535099890 <== mon.0 v2:172.21.15.63:3300/0 2 ==== config(25 keys) ==== 1032+0+0 (secure 0 0 0) 0x7fb488004300 con 0x7fb49410fcb0
2024-05-11T13:18:08.978 INFO:teuthology.orchestra.run.smithi063.stdout:/usr/bin/ceph: stderr
2024-05-11T13:18:08.110+0000 7fb493400700 1 -- 172.21.15.63:0/535099890 <== mon.0 v2:172.21.15.63:3300/0 3 ==== mon_map magic: 0 ==== 205+0+0 (secure 0 0 0) 0x7fb4880119e0 con 0x7fb49410fcb0
2024-05-11T13:18:08.978 INFO:teuthology.orchestra.run.smithi063.stdout:/usr/bin/ceph: stderr
2024-05-11T13:18:08.111+0000 7fb49a600700 1 -- 172.21.15.63:0/535099890 >> [v2:172.21.15.63:3300/0,v1:172.21.15.63:6789/0] conn(0x7fb49410fcb0 msgr2=0x7fb4941120a0 secure :-1 s=STATE_CONNECTION_ESTABLISHED l=1).mark_down
2024-05-11T13:18:08.978 INFO:teuthology.orchestra.run.smithi063.stdout:/usr/bin/ceph: stderr
2024-05-11T13:18:08.111+0000 7fb49a600700 1 --2- 172.21.15.63:0/535099890 >> [v2:172.21.15.63:3300/0,v1:172.21.15.63:6789/0] conn(0x7fb49410fcb0 0x7fb4941120a0 secure :-1 s=READY pgs=39 cs=0 l=1 rev1=1 crypto rx=0x7fb4880098a0 tx=0x7fb488009bb0 comp rx=0 tx=0).stop
2024-05-11T13:18:08.978 INFO:teuthology.orchestra.run.smithi063.stdout:/usr/bin/ceph: stderr
2024-05-11T13:18:08.111+0000 7fb49a600700 1 -- 172.21.15.63:0/535099890 shutdown_connections
2024-05-11T13:18:08.978 INFO:teuthology.orchestra.run.smithi063.stdout:/usr/bin/ceph: stderr
2024-05-11T13:18:08.111+0000 7fb49a600700 1 --2- 172.21.15.63:0/535099890 >> [v2:172.21.15.63:3300/0,v1:172.21.15.63:6789/0] conn(0x7fb49410fcb0 0x7fb4941120a0 unknown :-1 s=CLOSED pgs=39 cs=0 l=1 rev1=1 crypto rx=0 tx=0 comp rx=0 tx=0).stop
2024-05-11T13:18:08.978 INFO:teuthology.orchestra.run.smithi063.stdout:/usr/bin/ceph: stderr
2024-05-11T13:18:08.111+0000 7fb49a600700 1 -- 172.21.15.63:0/535099890 >> 172.21.15.63:0/535099890 conn(0x7fb49407e240 msgr2=0x7fb494080660 unknown :-1 s=STATE_NONE l=0).mark_down
2024-05-11T13:18:08.978 INFO:teuthology.orchestra.run.smithi063.stdout:/usr/bin/ceph: stderr
2024-05-11T13:18:08.111+0000 7fb49a600700 1 -- 172.21.15.63:0/535099890 shutdown_connections
2024-05-11T13:18:08.978 INFO:teuthology.orchestra.run.smithi063.stdout:/usr/bin/ceph: stderr
2024-05-11T13:18:08.111+0000 7fb49a600700 1 -- 172.21.15.63:0/535099890 wait complete.
2024-05-11T13:18:08.978 INFO:teuthology.orchestra.run.smithi063.stdout:/usr/bin/ceph: stderr
2024-05-11T13:18:08.112+0000 7fb49a600700 1 Processor -- start
2024-05-11T13:18:08.978 INFO:teuthology.orchestra.run.smithi063.stdout:/usr/bin/ceph: stderr
2024-05-11T13:18:08.113+0000 7fb49a600700 1 -- start start
2024-05-11T13:18:08.978 INFO:teuthology.orchestra.run.smithi063.stdout:/usr/bin/ceph: stderr
2024-05-11T13:18:08.113+0000 7fb49a600700 1 --2- >> [v2:172.21.15.63:3300/0,v1:172.21.15.63:6789/0] conn(0x7fb49410fcb0 0x7fb4941a2f50 unknown :-1 s=NONE pgs=0 cs=0 l=1 rev1=0 crypto rx=0 tx=0 comp rx=0 tx=0).connect
2024-05-11T13:18:08.978 INFO:teuthology.orchestra.run.smithi063.stdout:/usr/bin/ceph: stderr
2024-05-11T13:18:08.113+0000 7fb49a600700 1 -- --> [v2:172.21.15.63:3300/0,v1:172.21.15.63:6789/0] -- mon_getmap magic: 0 -- 0x7fb494113480 con 0x7fb49410fcb0
2024-05-11T13:18:08.978 INFO:teuthology.orchestra.run.smithi063.stdout:/usr/bin/ceph: stderr
2024-05-11T13:18:08.113+0000 7fb499200700 1 --2- >> [v2:172.21.15.63:3300/0,v1:172.21.15.63:6789/0] conn(0x7fb49410fcb0 0x7fb4941a2f50 unknown :-1 s=BANNER_CONNECTING pgs=0 cs=0 l=1 rev1=0 crypto rx=0 tx=0 comp rx=0 tx=0)._handle_peer_banner_payload supported=3 required=0
2024-05-11T13:18:08.979 INFO:teuthology.orchestra.run.smithi063.stdout:/usr/bin/ceph: stderr
2024-05-11T13:18:08.113+0000 7fb499200700 1 --2- >> [v2:172.21.15.63:3300/0,v1:172.21.15.63:6789/0] conn(0x7fb49410fcb0 0x7fb4941a2f50 unknown :-1 s=HELLO_CONNECTING pgs=0 cs=0 l=1 rev1=1 crypto rx=0 tx=0 comp rx=0 tx=0).handle_hello peer v2:172.21.15.63:3300/0 says I am v2:172.21.15.63:59916/0 (socket says 172.21.15.63:59916)
2024-05-11T13:18:08.979 INFO:teuthology.orchestra.run.smithi063.stdout:/usr/bin/ceph: stderr
2024-05-11T13:18:08.113+0000 7fb499200700 1 -- 172.21.15.63:0/589303928 learned_addr learned my addr 172.21.15.63:0/589303928 (peer_addr_for_me v2:172.21.15.63:0/0)
2024-05-11T13:18:08.979 INFO:teuthology.orchestra.run.smithi063.stdout:/usr/bin/ceph: stderr
2024-05-11T13:18:08.114+0000 7fb499200700 1 -- 172.21.15.63:0/589303928 --> [v2:172.21.15.63:3300/0,v1:172.21.15.63:6789/0] -- mon_subscribe({config=0+,monmap=0+}) -- 0x7fb4941a3490 con 0x7fb49410fcb0
2024-05-11T13:18:08.979 INFO:teuthology.orchestra.run.smithi063.stdout:/usr/bin/ceph: stderr
2024-05-11T13:18:08.114+0000 7fb499200700 1 --2- 172.21.15.63:0/589303928 >> [v2:172.21.15.63:3300/0,v1:172.21.15.63:6789/0] conn(0x7fb49410fcb0 0x7fb4941a2f50 secure :-1 s=READY pgs=40 cs=0 l=1 rev1=1 crypto rx=0x7fb488009130 tx=0x7fb488011a60 comp rx=0 tx=0).ready entity=mon.0 client_cookie=0 server_cookie=0 in_seq=0 out_seq=0
2024-05-11T13:18:08.979 INFO:teuthology.orchestra.run.smithi063.stdout:/usr/bin/ceph: stderr
2024-05-11T13:18:08.114+0000 7fb491600700 1 -- 172.21.15.63:0/589303928 <== mon.0 v2:172.21.15.63:3300/0 1 ==== mon_map magic: 0 ==== 205+0+0 (secure 0 0 0) 0x7fb488003b20 con 0x7fb49410fcb0
2024-05-11T13:18:08.979 INFO:teuthology.orchestra.run.smithi063.stdout:/usr/bin/ceph: stderr
2024-05-11T13:18:08.114+0000 7fb491600700 1 -- 172.21.15.63:0/589303928 <== mon.0 v2:172.21.15.63:3300/0 2 ==== config(25 keys) ==== 1032+0+0 (secure 0 0 0) 0x7fb48801a8a0 con 0x7fb49410fcb0
2024-05-11T13:18:08.979 INFO:teuthology.orchestra.run.smithi063.stdout:/usr/bin/ceph: stderr
2024-05-11T13:18:08.114+0000 7fb491600700 1 -- 172.21.15.63:0/589303928 <== mon.0 v2:172.21.15.63:3300/0 3 ==== mon_map magic: 0 ==== 205+0+0 (secure 0 0 0) 0x7fb488024810 con 0x7fb49410fcb0
2024-05-11T13:18:08.979 INFO:teuthology.orchestra.run.smithi063.stdout:/usr/bin/ceph: stderr
2024-05-11T13:18:08.114+0000 7fb49a600700 1 -- 172.21.15.63:0/589303928 --> [v2:172.21.15.63:3300/0,v1:172.21.15.63:6789/0] -- mon_subscribe({mgrmap=0+}) -- 0x7fb4941a3720 con 0x7fb49410fcb0
2024-05-11T13:18:08.979 INFO:teuthology.orchestra.run.smithi063.stdout:/usr/bin/ceph: stderr
2024-05-11T13:18:08.114+0000 7fb49a600700 1 -- 172.21.15.63:0/589303928 --> [v2:172.21.15.63:3300/0,v1:172.21.15.63:6789/0] -- mon_subscribe({osdmap=0}) -- 0x7fb4941a6410 con 0x7fb49410fcb0
2024-05-11T13:18:08.979 INFO:teuthology.orchestra.run.smithi063.stdout:/usr/bin/ceph: stderr
2024-05-11T13:18:08.116+0000 7fb491600700 1 -- 172.21.15.63:0/589303928 <== mon.0 v2:172.21.15.63:3300/0 4 ==== mgrmap(e 8) ==== 50222+0+0 (secure 0 0 0) 0x7fb488022020 con 0x7fb49410fcb0
2024-05-11T13:18:08.979 INFO:teuthology.orchestra.run.smithi063.stdout:/usr/bin/ceph: stderr
2024-05-11T13:18:08.116+0000 7fb49a600700 1 -- 172.21.15.63:0/589303928 --> [v2:172.21.15.63:3300/0,v1:172.21.15.63:6789/0] -- mon_command({"prefix": "get_command_descriptions"} v 0) -- 0x7fb49406a630 con 0x7fb49410fcb0
2024-05-11T13:18:08.979 INFO:teuthology.orchestra.run.smithi063.stdout:/usr/bin/ceph: stderr
2024-05-11T13:18:08.116+0000 7fb491600700 1 --2- 172.21.15.63:0/589303928 >> [v2:172.21.15.63:6800/405023443,v1:172.21.15.63:6801/405023443] conn(0x7fb47c03e4c0 0x7fb47c040980 unknown :-1 s=NONE pgs=0 cs=0 l=1 rev1=0 crypto rx=0 tx=0 comp rx=0 tx=0).connect
2024-05-11T13:18:08.979 INFO:teuthology.orchestra.run.smithi063.stdout:/usr/bin/ceph: stderr
2024-05-11T13:18:08.116+0000 7fb491600700 1 -- 172.21.15.63:0/589303928 <== mon.0 v2:172.21.15.63:3300/0 5 ==== osd_map(2..2 src has 1..2) ==== 940+0+0 (secure 0 0 0) 0x7fb488053980 con 0x7fb49410fcb0
2024-05-11T13:18:08.979 INFO:teuthology.orchestra.run.smithi063.stdout:/usr/bin/ceph: stderr
2024-05-11T13:18:08.117+0000 7fb493e00700 1 --2- 172.21.15.63:0/589303928 >> [v2:172.21.15.63:6800/405023443,v1:172.21.15.63:6801/405023443] conn(0x7fb47c03e4c0 0x7fb47c040980 unknown :-1 s=BANNER_CONNECTING pgs=0 cs=0 l=1 rev1=0 crypto rx=0 tx=0 comp rx=0 tx=0)._handle_peer_banner_payload supported=3 required=0
2024-05-11T13:18:08.979 INFO:teuthology.orchestra.run.smithi063.stdout:/usr/bin/ceph: stderr
2024-05-11T13:18:08.117+0000 7fb493e00700 1 --2- 172.21.15.63:0/589303928 >> [v2:172.21.15.63:6800/405023443,v1:172.21.15.63:6801/405023443] conn(0x7fb47c03e4c0 0x7fb47c040980 secure :-1 s=READY pgs=8 cs=0 l=1 rev1=1 crypto rx=0x7fb480006fd0 tx=0x7fb480006e40 comp rx=0 tx=0).ready entity=mgr.14120 client_cookie=0 server_cookie=0 in_seq=0 out_seq=0
2024-05-11T13:18:08.980 INFO:teuthology.orchestra.run.smithi063.stdout:/usr/bin/ceph: stderr
2024-05-11T13:18:08.122+0000 7fb491600700 1 -- 172.21.15.63:0/589303928 <== mon.0 v2:172.21.15.63:3300/0 6 ==== mon_command_ack([{"prefix": "get_command_descriptions"}]=0 v0) ==== 72+0+191963 (secure 0 0 0) 0x7fb48800f2e0 con 0x7fb49410fcb0
2024-05-11T13:18:08.980 INFO:teuthology.orchestra.run.smithi063.stdout:/usr/bin/ceph: stderr
2024-05-11T13:18:08.361+0000 7fb49a600700 1 -- 172.21.15.63:0/589303928 --> [v2:172.21.15.63:6800/405023443,v1:172.21.15.63:6801/405023443] -- mgr_command(tid 0: {"prefix": "cephadm set-user", "user": "root", "target": ["mon-mgr", ""]}) -- 0x7fb49407f380 con 0x7fb47c03e4c0
2024-05-11T13:18:08.980 INFO:teuthology.orchestra.run.smithi063.stdout:/usr/bin/ceph: stderr
2024-05-11T13:18:08.362+0000 7fb491600700 1 -- 172.21.15.63:0/589303928 <== mgr.14120 v2:172.21.15.63:6800/405023443 1 ==== mgr_command_reply(tid 0: 0 ) ==== 8+0+16 (secure 0 0 0) 0x7fb49407f380 con 0x7fb47c03e4c0
2024-05-11T13:18:08.980 INFO:teuthology.orchestra.run.smithi063.stdout:/usr/bin/ceph: stderr
2024-05-11T13:18:08.365+0000 7fb49a600700 1 -- 172.21.15.63:0/589303928 >> [v2:172.21.15.63:6800/405023443,v1:172.21.15.63:6801/405023443] conn(0x7fb47c03e4c0 msgr2=0x7fb47c040980 secure :-1 s=STATE_CONNECTION_ESTABLISHED l=1).mark_down
2024-05-11T13:18:08.980 INFO:teuthology.orchestra.run.smithi063.stdout:/usr/bin/ceph: stderr
2024-05-11T13:18:08.365+0000 7fb49a600700 1 --2- 172.21.15.63:0/589303928 >> [v2:172.21.15.63:6800/405023443,v1:172.21.15.63:6801/405023443] conn(0x7fb47c03e4c0 0x7fb47c040980 secure :-1 s=READY pgs=8 cs=0 l=1 rev1=1 crypto rx=0x7fb480006fd0 tx=0x7fb480006e40 comp rx=0 tx=0).stop
2024-05-11T13:18:08.980 INFO:teuthology.orchestra.run.smithi063.stdout:/usr/bin/ceph: stderr
2024-05-11T13:18:08.365+0000 7fb49a600700 1 -- 172.21.15.63:0/589303928 >> [v2:172.21.15.63:3300/0,v1:172.21.15.63:6789/0] conn(0x7fb49410fcb0 msgr2=0x7fb4941a2f50 secure :-1 s=STATE_CONNECTION_ESTABLISHED l=1).mark_down
2024-05-11T13:18:08.980 INFO:teuthology.orchestra.run.smithi063.stdout:/usr/bin/ceph: stderr
2024-05-11T13:18:08.365+0000 7fb49a600700 1 --2- 172.21.15.63:0/589303928 >> [v2:172.21.15.63:3300/0,v1:172.21.15.63:6789/0] conn(0x7fb49410fcb0 0x7fb4941a2f50 secure :-1 s=READY pgs=40 cs=0 l=1 rev1=1 crypto rx=0x7fb488009130 tx=0x7fb488011a60 comp rx=0 tx=0).stop
2024-05-11T13:18:08.980 INFO:teuthology.orchestra.run.smithi063.stdout:/usr/bin/ceph: stderr
2024-05-11T13:18:08.366+0000 7fb49a600700 1 -- 172.21.15.63:0/589303928 shutdown_connections
2024-05-11T13:18:08.980 INFO:teuthology.orchestra.run.smithi063.stdout:/usr/bin/ceph: stderr
2024-05-11T13:18:08.366+0000 7fb49a600700 1 --2- 172.21.15.63:0/589303928 >> [v2:172.21.15.63:6800/405023443,v1:172.21.15.63:6801/405023443] conn(0x7fb47c03e4c0 0x7fb47c040980 unknown :-1 s=CLOSED pgs=8 cs=0 l=1 rev1=1 crypto rx=0 tx=0 comp rx=0 tx=0).stop
2024-05-11T13:18:08.980 INFO:teuthology.orchestra.run.smithi063.stdout:/usr/bin/ceph: stderr
2024-05-11T13:18:08.366+0000 7fb49a600700 1 --2- 172.21.15.63:0/589303928 >> [v2:172.21.15.63:3300/0,v1:172.21.15.63:6789/0] conn(0x7fb49410fcb0 0x7fb4941a2f50 unknown :-1 s=CLOSED pgs=40 cs=0 l=1 rev1=1 crypto rx=0 tx=0 comp rx=0 tx=0).stop
2024-05-11T13:18:08.981 INFO:teuthology.orchestra.run.smithi063.stdout:/usr/bin/ceph: stderr
2024-05-11T13:18:08.366+0000 7fb49a600700 1 -- 172.21.15.63:0/589303928 >> 172.21.15.63:0/589303928 conn(0x7fb49407e240 msgr2=0x7fb49407ec70 unknown :-1 s=STATE_NONE l=0).mark_down
2024-05-11T13:18:08.981 INFO:teuthology.orchestra.run.smithi063.stdout:/usr/bin/ceph: stderr
2024-05-11T13:18:08.366+0000 7fb49a600700 1 -- 172.21.15.63:0/589303928 shutdown_connections
2024-05-11T13:18:08.981 INFO:teuthology.orchestra.run.smithi063.stdout:/usr/bin/ceph: stderr
2024-05-11T13:18:08.366+0000 7fb49a600700 1 -- 172.21.15.63:0/589303928 wait complete.
2024-05-11T13:18:08.981 INFO:teuthology.orchestra.run.smithi063.stdout:Generating ssh key...
2024-05-11T13:18:09.895 INFO:journalctl@ceph.mon.a.smithi063.stdout:May 11 13:18:09 smithi063 ceph-mon[29809]: from='client.14134 -' entity='client.admin' cmd=[{"prefix": "cephadm set-user", "user": "root", "target": ["mon-mgr", ""]}]: dispatch
2024-05-11T13:18:10.151 INFO:journalctl@ceph.mgr.x.smithi063.stdout:May 11 13:18:10 smithi063 ceph-a0d7c9ac-0f98-11ef-bc98-c7b262605968-mgr-x[30038]: Generating public/private rsa key pair.
2024-05-11T13:18:10.151 INFO:journalctl@ceph.mgr.x.smithi063.stdout:May 11 13:18:10 smithi063 ceph-a0d7c9ac-0f98-11ef-bc98-c7b262605968-mgr-x[30038]: Your identification has been saved in /tmp/tmpg2izv72i/key.
2024-05-11T13:18:10.151 INFO:journalctl@ceph.mgr.x.smithi063.stdout:May 11 13:18:10 smithi063 ceph-a0d7c9ac-0f98-11ef-bc98-c7b262605968-mgr-x[30038]: Your public key has been saved in /tmp/tmpg2izv72i/key.pub.
2024-05-11T13:18:10.151 INFO:journalctl@ceph.mgr.x.smithi063.stdout:May 11 13:18:10 smithi063 ceph-a0d7c9ac-0f98-11ef-bc98-c7b262605968-mgr-x[30038]: The key fingerprint is:
2024-05-11T13:18:10.151 INFO:journalctl@ceph.mgr.x.smithi063.stdout:May 11 13:18:10 smithi063 ceph-a0d7c9ac-0f98-11ef-bc98-c7b262605968-mgr-x[30038]: SHA256:2Fm+Fkw94UzO3YmrZoi3k8szG1Zs59oPZq+0QyEGRQU ceph-a0d7c9ac-0f98-11ef-bc98-c7b262605968
2024-05-11T13:18:10.151 INFO:journalctl@ceph.mgr.x.smithi063.stdout:May 11 13:18:10 smithi063 ceph-a0d7c9ac-0f98-11ef-bc98-c7b262605968-mgr-x[30038]: The key's randomart image is:
2024-05-11T13:18:10.152 INFO:journalctl@ceph.mgr.x.smithi063.stdout:May 11 13:18:10 smithi063 ceph-a0d7c9ac-0f98-11ef-bc98-c7b262605968-mgr-x[30038]: +---[RSA 3072]----+
2024-05-11T13:18:10.152 INFO:journalctl@ceph.mgr.x.smithi063.stdout:May 11 13:18:10 smithi063 ceph-a0d7c9ac-0f98-11ef-bc98-c7b262605968-mgr-x[30038]: | oE=. |
2024-05-11T13:18:10.152 INFO:journalctl@ceph.mgr.x.smithi063.stdout:May 11 13:18:10 smithi063 ceph-a0d7c9ac-0f98-11ef-bc98-c7b262605968-mgr-x[30038]: | . B o...|
2024-05-11T13:18:10.152 INFO:journalctl@ceph.mgr.x.smithi063.stdout:May 11 13:18:10 smithi063 ceph-a0d7c9ac-0f98-11ef-bc98-c7b262605968-mgr-x[30038]: | + B....|
2024-05-11T13:18:10.152 INFO:journalctl@ceph.mgr.x.smithi063.stdout:May 11 13:18:10 smithi063 ceph-a0d7c9ac-0f98-11ef-bc98-c7b262605968-mgr-x[30038]: | o *.o o. |
2024-05-11T13:18:10.152 INFO:journalctl@ceph.mgr.x.smithi063.stdout:May 11 13:18:10 smithi063 ceph-a0d7c9ac-0f98-11ef-bc98-c7b262605968-mgr-x[30038]: | . S =+.o. |
2024-05-11T13:18:10.152 INFO:journalctl@ceph.mgr.x.smithi063.stdout:May 11 13:18:10 smithi063 ceph-a0d7c9ac-0f98-11ef-bc98-c7b262605968-mgr-x[30038]: | . +o+. |
2024-05-11T13:18:10.152 INFO:journalctl@ceph.mgr.x.smithi063.stdout:May 11 13:18:10 smithi063 ceph-a0d7c9ac-0f98-11ef-bc98-c7b262605968-mgr-x[30038]: | . =++.* |
2024-05-11T13:18:10.152 INFO:journalctl@ceph.mgr.x.smithi063.stdout:May 11 13:18:10 smithi063 ceph-a0d7c9ac-0f98-11ef-bc98-c7b262605968-mgr-x[30038]: | +*= *.+ |
2024-05-11T13:18:10.152 INFO:journalctl@ceph.mgr.x.smithi063.stdout:May 11 13:18:10 smithi063 ceph-a0d7c9ac-0f98-11ef-bc98-c7b262605968-mgr-x[30038]: | =*. ++o |
2024-05-11T13:18:10.152 INFO:journalctl@ceph.mgr.x.smithi063.stdout:May 11 13:18:10 smithi063 ceph-a0d7c9ac-0f98-11ef-bc98-c7b262605968-mgr-x[30038]: +----[SHA256]-----+
2024-05-11T13:18:10.863 INFO:teuthology.orchestra.run.smithi063.stdout:/usr/bin/ceph: stderr
2024-05-11T13:18:09.641+0000 7f5dbfe00700 1 Processor -- start
2024-05-11T13:18:10.863 INFO:teuthology.orchestra.run.smithi063.stdout:/usr/bin/ceph: stderr
2024-05-11T13:18:09.642+0000 7f5dbfe00700 1 -- start start
2024-05-11T13:18:10.863 INFO:teuthology.orchestra.run.smithi063.stdout:/usr/bin/ceph: stderr
2024-05-11T13:18:09.642+0000 7f5dbfe00700 1 --2- >> [v2:172.21.15.63:3300/0,v1:172.21.15.63:6789/0] conn(0x7f5dc010ae20 0x7f5dc010b240 unknown :-1 s=NONE pgs=0 cs=0 l=0 rev1=0 crypto rx=0 tx=0 comp rx=0 tx=0).connect
2024-05-11T13:18:10.863 INFO:teuthology.orchestra.run.smithi063.stdout:/usr/bin/ceph: stderr
2024-05-11T13:18:09.642+0000 7f5dbfe00700 1 -- --> [v2:172.21.15.63:3300/0,v1:172.21.15.63:6789/0] -- mon_getmap magic: 0 -- 0x7f5dc010b810 con 0x7f5dc010ae20
2024-05-11T13:18:10.863 INFO:teuthology.orchestra.run.smithi063.stdout:/usr/bin/ceph: stderr
2024-05-11T13:18:09.642+0000 7f5dbea00700 1 --2- >> [v2:172.21.15.63:3300/0,v1:172.21.15.63:6789/0] conn(0x7f5dc010ae20 0x7f5dc010b240 unknown :-1 s=BANNER_CONNECTING pgs=0 cs=0 l=0 rev1=0 crypto rx=0 tx=0 comp rx=0 tx=0)._handle_peer_banner_payload supported=3 required=0
2024-05-11T13:18:10.865 INFO:teuthology.orchestra.run.smithi063.stdout:/usr/bin/ceph: stderr
2024-05-11T13:18:09.643+0000 7f5dbea00700 1 --2- >> [v2:172.21.15.63:3300/0,v1:172.21.15.63:6789/0] conn(0x7f5dc010ae20 0x7f5dc010b240 unknown :-1 s=HELLO_CONNECTING pgs=0 cs=0 l=0 rev1=1 crypto rx=0 tx=0 comp rx=0 tx=0).handle_hello peer v2:172.21.15.63:3300/0 says I am v2:172.21.15.63:59918/0 (socket says 172.21.15.63:59918)
2024-05-11T13:18:10.866 INFO:teuthology.orchestra.run.smithi063.stdout:/usr/bin/ceph: stderr
2024-05-11T13:18:09.643+0000 7f5dbea00700 1 -- 172.21.15.63:0/1673069829 learned_addr learned my addr 172.21.15.63:0/1673069829 (peer_addr_for_me v2:172.21.15.63:0/0)
2024-05-11T13:18:10.866 INFO:teuthology.orchestra.run.smithi063.stdout:/usr/bin/ceph: stderr
2024-05-11T13:18:09.643+0000 7f5dbea00700 1 -- 172.21.15.63:0/1673069829 --> [v2:172.21.15.63:3300/0,v1:172.21.15.63:6789/0] -- mon_subscribe({config=0+,monmap=0+}) -- 0x7f5dc010bfd0 con 0x7f5dc010ae20
2024-05-11T13:18:10.866 INFO:teuthology.orchestra.run.smithi063.stdout:/usr/bin/ceph: stderr
2024-05-11T13:18:09.644+0000 7f5dbea00700 1 --2- 172.21.15.63:0/1673069829 >> [v2:172.21.15.63:3300/0,v1:172.21.15.63:6789/0] conn(0x7f5dc010ae20 0x7f5dc010b240 secure :-1 s=READY pgs=41 cs=0 l=1 rev1=1 crypto rx=0x7f5db00098a0 tx=0x7f5db0009bb0 comp rx=0 tx=0).ready entity=mon.0 client_cookie=a71923bc2a9040ef server_cookie=0 in_seq=0 out_seq=0
2024-05-11T13:18:10.866 INFO:teuthology.orchestra.run.smithi063.stdout:/usr/bin/ceph: stderr
2024-05-11T13:18:09.644+0000 7f5dbd600700 1 -- 172.21.15.63:0/1673069829 <== mon.0 v2:172.21.15.63:3300/0 1 ==== mon_map magic: 0 ==== 205+0+0 (secure 0 0 0) 0x7f5db0004160 con 0x7f5dc010ae20
2024-05-11T13:18:10.866 INFO:teuthology.orchestra.run.smithi063.stdout:/usr/bin/ceph: stderr
2024-05-11T13:18:09.644+0000 7f5dbd600700 1 -- 172.21.15.63:0/1673069829 <== mon.0 v2:172.21.15.63:3300/0 2 ==== config(25 keys) ==== 1032+0+0 (secure 0 0 0) 0x7f5db0004300 con 0x7f5dc010ae20
2024-05-11T13:18:10.866 INFO:teuthology.orchestra.run.smithi063.stdout:/usr/bin/ceph: stderr
2024-05-11T13:18:09.644+0000 7f5dbd600700 1 -- 172.21.15.63:0/1673069829 <== mon.0 v2:172.21.15.63:3300/0 3 ==== mon_map magic: 0 ==== 205+0+0 (secure 0 0 0) 0x7f5db00119e0 con 0x7f5dc010ae20
2024-05-11T13:18:10.866 INFO:teuthology.orchestra.run.smithi063.stdout:/usr/bin/ceph: stderr
2024-05-11T13:18:09.645+0000 7f5dbfe00700 1 -- 172.21.15.63:0/1673069829 >> [v2:172.21.15.63:3300/0,v1:172.21.15.63:6789/0] conn(0x7f5dc010ae20 msgr2=0x7f5dc010b240 secure :-1 s=STATE_CONNECTION_ESTABLISHED l=1).mark_down
2024-05-11T13:18:10.866 INFO:teuthology.orchestra.run.smithi063.stdout:/usr/bin/ceph: stderr
2024-05-11T13:18:09.645+0000 7f5dbfe00700 1 --2- 172.21.15.63:0/1673069829 >> [v2:172.21.15.63:3300/0,v1:172.21.15.63:6789/0] conn(0x7f5dc010ae20 0x7f5dc010b240 secure :-1 s=READY pgs=41 cs=0 l=1 rev1=1 crypto rx=0x7f5db00098a0 tx=0x7f5db0009bb0 comp rx=0 tx=0).stop
2024-05-11T13:18:10.866 INFO:teuthology.orchestra.run.smithi063.stdout:/usr/bin/ceph: stderr
2024-05-11T13:18:09.645+0000 7f5dbfe00700 1 -- 172.21.15.63:0/1673069829 shutdown_connections
2024-05-11T13:18:10.866 INFO:teuthology.orchestra.run.smithi063.stdout:/usr/bin/ceph: stderr
2024-05-11T13:18:09.645+0000 7f5dbfe00700 1 --2- 172.21.15.63:0/1673069829 >> [v2:172.21.15.63:3300/0,v1:172.21.15.63:6789/0] conn(0x7f5dc010ae20 0x7f5dc010b240 unknown :-1 s=CLOSED pgs=41 cs=0 l=1 rev1=1 crypto rx=0 tx=0 comp rx=0 tx=0).stop
2024-05-11T13:18:10.866 INFO:teuthology.orchestra.run.smithi063.stdout:/usr/bin/ceph: stderr
2024-05-11T13:18:09.645+0000 7f5dbfe00700 1 -- 172.21.15.63:0/1673069829 >> 172.21.15.63:0/1673069829 conn(0x7f5dc007e2b0 msgr2=0x7f5dc007e6c0 unknown :-1 s=STATE_NONE l=0).mark_down
2024-05-11T13:18:10.866 INFO:teuthology.orchestra.run.smithi063.stdout:/usr/bin/ceph: stderr
2024-05-11T13:18:09.645+0000 7f5dbfe00700 1 -- 172.21.15.63:0/1673069829 shutdown_connections
2024-05-11T13:18:10.867 INFO:teuthology.orchestra.run.smithi063.stdout:/usr/bin/ceph: stderr
2024-05-11T13:18:09.645+0000 7f5dbfe00700 1 -- 172.21.15.63:0/1673069829 wait complete.
2024-05-11T13:18:10.867 INFO:teuthology.orchestra.run.smithi063.stdout:/usr/bin/ceph: stderr
2024-05-11T13:18:09.646+0000 7f5dbfe00700 1 Processor -- start
2024-05-11T13:18:10.867 INFO:teuthology.orchestra.run.smithi063.stdout:/usr/bin/ceph: stderr
2024-05-11T13:18:09.646+0000 7f5dbfe00700 1 -- start start
2024-05-11T13:18:10.867 INFO:teuthology.orchestra.run.smithi063.stdout:/usr/bin/ceph: stderr
2024-05-11T13:18:09.647+0000 7f5dbfe00700 1 --2- >> [v2:172.21.15.63:3300/0,v1:172.21.15.63:6789/0] conn(0x7f5dc010ae20 0x7f5dc019eb90 unknown :-1 s=NONE pgs=0 cs=0 l=1 rev1=0 crypto rx=0 tx=0 comp rx=0 tx=0).connect
2024-05-11T13:18:10.870 INFO:teuthology.orchestra.run.smithi063.stdout:/usr/bin/ceph: stderr
2024-05-11T13:18:09.647+0000 7f5dbfe00700 1 -- --> [v2:172.21.15.63:3300/0,v1:172.21.15.63:6789/0] -- mon_getmap magic: 0 -- 0x7f5dc010f200 con 0x7f5dc010ae20
2024-05-11T13:18:10.870 INFO:teuthology.orchestra.run.smithi063.stdout:/usr/bin/ceph: stderr
2024-05-11T13:18:09.647+0000 7f5dbea00700 1 --2- >> [v2:172.21.15.63:3300/0,v1:172.21.15.63:6789/0] conn(0x7f5dc010ae20 0x7f5dc019eb90 unknown :-1 s=BANNER_CONNECTING pgs=0 cs=0 l=1 rev1=0 crypto rx=0 tx=0 comp rx=0 tx=0)._handle_peer_banner_payload supported=3 required=0
2024-05-11T13:18:10.870 INFO:teuthology.orchestra.run.smithi063.stdout:/usr/bin/ceph: stderr
2024-05-11T13:18:09.647+0000 7f5dbea00700 1 --2- >> [v2:172.21.15.63:3300/0,v1:172.21.15.63:6789/0] conn(0x7f5dc010ae20 0x7f5dc019eb90 unknown :-1 s=HELLO_CONNECTING pgs=0 cs=0 l=1 rev1=1 crypto rx=0 tx=0 comp rx=0 tx=0).handle_hello peer v2:172.21.15.63:3300/0 says I am v2:172.21.15.63:59930/0 (socket says 172.21.15.63:59930)
2024-05-11T13:18:10.870 INFO:teuthology.orchestra.run.smithi063.stdout:/usr/bin/ceph: stderr
2024-05-11T13:18:09.647+0000 7f5dbea00700 1 -- 172.21.15.63:0/1471291522 learned_addr learned my addr 172.21.15.63:0/1471291522 (peer_addr_for_me v2:172.21.15.63:0/0)
2024-05-11T13:18:10.870 INFO:teuthology.orchestra.run.smithi063.stdout:/usr/bin/ceph: stderr
2024-05-11T13:18:09.648+0000 7f5dbea00700 1 -- 172.21.15.63:0/1471291522 --> [v2:172.21.15.63:3300/0,v1:172.21.15.63:6789/0] -- mon_subscribe({config=0+,monmap=0+}) -- 0x7f5dc019f0d0 con 0x7f5dc010ae20
2024-05-11T13:18:10.870 INFO:teuthology.orchestra.run.smithi063.stdout:/usr/bin/ceph: stderr
2024-05-11T13:18:09.648+0000 7f5dbea00700 1 --2- 172.21.15.63:0/1471291522 >> [v2:172.21.15.63:3300/0,v1:172.21.15.63:6789/0] conn(0x7f5dc010ae20 0x7f5dc019eb90 secure :-1 s=READY pgs=42 cs=0 l=1 rev1=1 crypto rx=0x7f5db00119b0 tx=0x7f5db0011a90 comp rx=0 tx=0).ready entity=mon.0 client_cookie=0 server_cookie=0 in_seq=0 out_seq=0
2024-05-11T13:18:10.870 INFO:teuthology.orchestra.run.smithi063.stdout:/usr/bin/ceph: stderr
2024-05-11T13:18:09.648+0000 7f5db7400700 1 -- 172.21.15.63:0/1471291522 <== mon.0 v2:172.21.15.63:3300/0 1 ==== mon_map magic: 0 ==== 205+0+0 (secure 0 0 0) 0x7f5db0003af0 con 0x7f5dc010ae20
2024-05-11T13:18:10.871 INFO:teuthology.orchestra.run.smithi063.stdout:/usr/bin/ceph: stderr
2024-05-11T13:18:09.648+0000 7f5db7400700 1 -- 172.21.15.63:0/1471291522 <== mon.0 v2:172.21.15.63:3300/0 2 ==== config(25 keys) ==== 1032+0+0 (secure 0 0 0) 0x7f5db001a8a0 con 0x7f5dc010ae20
2024-05-11T13:18:10.871 INFO:teuthology.orchestra.run.smithi063.stdout:/usr/bin/ceph: stderr
2024-05-11T13:18:09.648+0000 7f5dbfe00700 1 -- 172.21.15.63:0/1471291522 --> [v2:172.21.15.63:3300/0,v1:172.21.15.63:6789/0] -- mon_subscribe({mgrmap=0+}) -- 0x7f5dc019f360 con 0x7f5dc010ae20
2024-05-11T13:18:10.871 INFO:teuthology.orchestra.run.smithi063.stdout:/usr/bin/ceph: stderr
2024-05-11T13:18:09.648+0000 7f5db7400700 1 -- 172.21.15.63:0/1471291522 <== mon.0 v2:172.21.15.63:3300/0 3 ==== mon_map magic: 0 ==== 205+0+0 (secure 0 0 0) 0x7f5db0024830 con 0x7f5dc010ae20
2024-05-11T13:18:10.871 INFO:teuthology.orchestra.run.smithi063.stdout:/usr/bin/ceph: stderr
2024-05-11T13:18:09.649+0000 7f5dbfe00700 1 -- 172.21.15.63:0/1471291522 --> [v2:172.21.15.63:3300/0,v1:172.21.15.63:6789/0] -- mon_subscribe({osdmap=0}) -- 0x7f5dc01a2050 con 0x7f5dc010ae20
2024-05-11T13:18:10.871 INFO:teuthology.orchestra.run.smithi063.stdout:/usr/bin/ceph: stderr
2024-05-11T13:18:09.650+0000 7f5dbfe00700 1 -- 172.21.15.63:0/1471291522 --> [v2:172.21.15.63:3300/0,v1:172.21.15.63:6789/0] -- mon_command({"prefix": "get_command_descriptions"} v 0) -- 0x7f5dc010f380 con 0x7f5dc010ae20
2024-05-11T13:18:10.871 INFO:teuthology.orchestra.run.smithi063.stdout:/usr/bin/ceph: stderr
2024-05-11T13:18:09.650+0000 7f5db7400700 1 -- 172.21.15.63:0/1471291522 <== mon.0 v2:172.21.15.63:3300/0 4 ==== mgrmap(e 8) ==== 50222+0+0 (secure 0 0 0) 0x7f5db0022020 con 0x7f5dc010ae20
2024-05-11T13:18:10.871 INFO:teuthology.orchestra.run.smithi063.stdout:/usr/bin/ceph: stderr
2024-05-11T13:18:09.650+0000 7f5db7400700 1 --2- 172.21.15.63:0/1471291522 >> [v2:172.21.15.63:6800/405023443,v1:172.21.15.63:6801/405023443] conn(0x7f5da403e470 0x7f5da4040930 unknown :-1 s=NONE pgs=0 cs=0 l=1 rev1=0 crypto rx=0 tx=0 comp rx=0 tx=0).connect
2024-05-11T13:18:10.871 INFO:teuthology.orchestra.run.smithi063.stdout:/usr/bin/ceph: stderr
2024-05-11T13:18:09.650+0000 7f5db7400700 1 -- 172.21.15.63:0/1471291522 <== mon.0 v2:172.21.15.63:3300/0 5 ==== osd_map(2..2 src has 1..2) ==== 940+0+0 (secure 0 0 0) 0x7f5db0053950 con 0x7f5dc010ae20
2024-05-11T13:18:10.871 INFO:teuthology.orchestra.run.smithi063.stdout:/usr/bin/ceph: stderr
2024-05-11T13:18:09.651+0000 7f5dbe000700 1 --2- 172.21.15.63:0/1471291522 >> [v2:172.21.15.63:6800/405023443,v1:172.21.15.63:6801/405023443] conn(0x7f5da403e470 0x7f5da4040930 unknown :-1 s=BANNER_CONNECTING pgs=0 cs=0 l=1 rev1=0 crypto rx=0 tx=0 comp rx=0 tx=0)._handle_peer_banner_payload supported=3 required=0
2024-05-11T13:18:10.871 INFO:teuthology.orchestra.run.smithi063.stdout:/usr/bin/ceph: stderr
2024-05-11T13:18:09.651+0000 7f5dbe000700 1 --2- 172.21.15.63:0/1471291522 >> [v2:172.21.15.63:6800/405023443,v1:172.21.15.63:6801/405023443] conn(0x7f5da403e470 0x7f5da4040930 secure :-1 s=READY pgs=9 cs=0 l=1 rev1=1 crypto rx=0x7f5dac006fd0 tx=0x7f5dac006e40 comp rx=0 tx=0).ready entity=mgr.14120 client_cookie=0 server_cookie=0 in_seq=0 out_seq=0
2024-05-11T13:18:10.871 INFO:teuthology.orchestra.run.smithi063.stdout:/usr/bin/ceph: stderr
2024-05-11T13:18:09.656+0000 7f5db7400700 1 -- 172.21.15.63:0/1471291522 <== mon.0 v2:172.21.15.63:3300/0 6 ==== mon_command_ack([{"prefix": "get_command_descriptions"}]=0 v0) ==== 72+0+191963 (secure 0 0 0) 0x7f5db00212c0 con 0x7f5dc010ae20
2024-05-11T13:18:10.871 INFO:teuthology.orchestra.run.smithi063.stdout:/usr/bin/ceph: stderr
2024-05-11T13:18:09.893+0000 7f5dbfe00700 1 -- 172.21.15.63:0/1471291522 --> [v2:172.21.15.63:6800/405023443,v1:172.21.15.63:6801/405023443] -- mgr_command(tid 0: {"prefix": "cephadm generate-key", "target": ["mon-mgr", ""]}) -- 0x7f5dc0108ab0 con 0x7f5da403e470
2024-05-11T13:18:10.871 INFO:teuthology.orchestra.run.smithi063.stdout:/usr/bin/ceph: stderr
2024-05-11T13:18:10.147+0000 7f5db7400700 1 -- 172.21.15.63:0/1471291522 <== mgr.14120 v2:172.21.15.63:6800/405023443 1 ==== mgr_command_reply(tid 0: 0 ) ==== 8+0+0 (secure 0 0 0) 0x7f5dc0108ab0 con 0x7f5da403e470
2024-05-11T13:18:10.872 INFO:teuthology.orchestra.run.smithi063.stdout:/usr/bin/ceph: stderr
2024-05-11T13:18:10.153+0000 7f5dbfe00700 1 -- 172.21.15.63:0/1471291522 >> [v2:172.21.15.63:6800/405023443,v1:172.21.15.63:6801/405023443] conn(0x7f5da403e470 msgr2=0x7f5da4040930 secure :-1 s=STATE_CONNECTION_ESTABLISHED l=1).mark_down
2024-05-11T13:18:10.872 INFO:teuthology.orchestra.run.smithi063.stdout:/usr/bin/ceph: stderr
2024-05-11T13:18:10.153+0000 7f5dbfe00700 1 --2- 172.21.15.63:0/1471291522 >> [v2:172.21.15.63:6800/405023443,v1:172.21.15.63:6801/405023443] conn(0x7f5da403e470 0x7f5da4040930 secure :-1 s=READY pgs=9 cs=0 l=1 rev1=1 crypto rx=0x7f5dac006fd0 tx=0x7f5dac006e40 comp rx=0 tx=0).stop
2024-05-11T13:18:10.872 INFO:teuthology.orchestra.run.smithi063.stdout:/usr/bin/ceph: stderr
2024-05-11T13:18:10.153+0000 7f5dbfe00700 1 -- 172.21.15.63:0/1471291522 >> [v2:172.21.15.63:3300/0,v1:172.21.15.63:6789/0] conn(0x7f5dc010ae20 msgr2=0x7f5dc019eb90 secure :-1 s=STATE_CONNECTION_ESTABLISHED l=1).mark_down
2024-05-11T13:18:10.872 INFO:teuthology.orchestra.run.smithi063.stdout:/usr/bin/ceph: stderr
2024-05-11T13:18:10.153+0000 7f5dbfe00700 1 --2- 172.21.15.63:0/1471291522 >> [v2:172.21.15.63:3300/0,v1:172.21.15.63:6789/0] conn(0x7f5dc010ae20 0x7f5dc019eb90 secure :-1 s=READY pgs=42 cs=0 l=1 rev1=1 crypto rx=0x7f5db00119b0 tx=0x7f5db0011a90 comp rx=0 tx=0).stop
2024-05-11T13:18:10.872 INFO:teuthology.orchestra.run.smithi063.stdout:/usr/bin/ceph: stderr
2024-05-11T13:18:10.154+0000 7f5dbfe00700 1 -- 172.21.15.63:0/1471291522 shutdown_connections
2024-05-11T13:18:10.872 INFO:teuthology.orchestra.run.smithi063.stdout:/usr/bin/ceph: stderr
2024-05-11T13:18:10.154+0000 7f5dbfe00700 1 --2- 172.21.15.63:0/1471291522 >> [v2:172.21.15.63:6800/405023443,v1:172.21.15.63:6801/405023443] conn(0x7f5da403e470 0x7f5da4040930 unknown :-1 s=CLOSED pgs=9 cs=0 l=1 rev1=1 crypto rx=0 tx=0 comp rx=0 tx=0).stop
2024-05-11T13:18:10.872 INFO:teuthology.orchestra.run.smithi063.stdout:/usr/bin/ceph: stderr
2024-05-11T13:18:10.154+0000 7f5dbfe00700 1 --2- 172.21.15.63:0/1471291522 >> [v2:172.21.15.63:3300/0,v1:172.21.15.63:6789/0] conn(0x7f5dc010ae20 0x7f5dc019eb90 unknown :-1 s=CLOSED pgs=42 cs=0 l=1 rev1=1 crypto rx=0 tx=0 comp rx=0 tx=0).stop
2024-05-11T13:18:10.872 INFO:teuthology.orchestra.run.smithi063.stdout:/usr/bin/ceph: stderr
2024-05-11T13:18:10.154+0000 7f5dbfe00700 1 -- 172.21.15.63:0/1471291522 >> 172.21.15.63:0/1471291522 conn(0x7f5dc007e2b0 msgr2=0x7f5dc01083a0 unknown :-1 s=STATE_NONE l=0).mark_down
2024-05-11T13:18:10.872 INFO:teuthology.orchestra.run.smithi063.stdout:/usr/bin/ceph: stderr
2024-05-11T13:18:10.154+0000 7f5dbfe00700 1 -- 172.21.15.63:0/1471291522 shutdown_connections
2024-05-11T13:18:10.872 INFO:teuthology.orchestra.run.smithi063.stdout:/usr/bin/ceph: stderr
2024-05-11T13:18:10.154+0000 7f5dbfe00700 1 -- 172.21.15.63:0/1471291522 wait complete.
2024-05-11T13:18:11.434 INFO:journalctl@ceph.mon.a.smithi063.stdout:May 11 13:18:11 smithi063 ceph-mon[29809]: from='client.14136 -' entity='client.admin' cmd=[{"prefix": "cephadm generate-key", "target": ["mon-mgr", ""]}]: dispatch
2024-05-11T13:18:11.435 INFO:journalctl@ceph.mon.a.smithi063.stdout:May 11 13:18:11 smithi063 ceph-mon[29809]: Generating ssh key...
2024-05-11T13:18:11.435 INFO:journalctl@ceph.mon.a.smithi063.stdout:May 11 13:18:11 smithi063 ceph-mon[29809]: from='mgr.14120 172.21.15.63:0/722451051' entity='mgr.x'
2024-05-11T13:18:11.435 INFO:journalctl@ceph.mon.a.smithi063.stdout:May 11 13:18:11 smithi063 ceph-mon[29809]: from='mgr.14120 172.21.15.63:0/722451051' entity='mgr.x'
2024-05-11T13:18:12.434 INFO:journalctl@ceph.mon.a.smithi063.stdout:May 11 13:18:12 smithi063 ceph-mon[29809]: from='client.14138 -' entity='client.admin' cmd=[{"prefix": "cephadm get-pub-key", "target": ["mon-mgr", ""]}]: dispatch
2024-05-11T13:18:12.447 INFO:teuthology.orchestra.run.smithi063.stdout:/usr/bin/ceph: stdout ssh-rsa AAAAB3NzaC1yc2EAAAADAQABAAABgQDE8VnGcJKjYdsCmidM2pzJgZUDHyBEtefelvRHNLi3PUiwDnBT3kRBzYFCZNSzRbBjckeG1CyygLvU7U5YaXivjjnj5gu4VLvgqDM1S0aKnWvOppVQGu3OllGfz+MV6L4dmBdhH4r/1KZT56DdGz747sRknhWdKfvDkjX8YZBSxKuZC+qOiCu8kBCOev93mVnvLP8eF/tEIwo87pMo8W2b+BFzsRN0R/5TZ+dY8Ftl/s98cUh6iR8sQL0B9U8yYTwyGCgiFjz7hMC9JGVnXdhEU8MPgr/obJH0C8CKhBXZmqWVpzWg2VaQCnmd2X7EDxYFxa4lVu6FuuaI0zByLlMNnv5QnfSMqSdz2LGk2230CZUh6pNB3Y2I+CkeTpi8HKRATdGsJdLgez+nKJIYcOiG4NB2wF9I8oq4fOx1xpxNcUnHbuhs/YJxNaoQZpVElNAL0M5kx6ISFfbvDw8OI7fnFFZOP2acbwalAnDxznw81M9aq6FAJxhekOft0yV32Ac= ceph-a0d7c9ac-0f98-11ef-bc98-c7b262605968
2024-05-11T13:18:12.453 INFO:teuthology.orchestra.run.smithi063.stdout:/usr/bin/ceph: stderr
2024-05-11T13:18:11.457+0000 7f8c9ae00700 1 Processor -- start
2024-05-11T13:18:12.453 INFO:teuthology.orchestra.run.smithi063.stdout:/usr/bin/ceph: stderr
2024-05-11T13:18:11.457+0000 7f8c9ae00700 1 -- start start
2024-05-11T13:18:12.453 INFO:teuthology.orchestra.run.smithi063.stdout:/usr/bin/ceph: stderr
