2024-05-11T13:22:48.119 INFO:journalctl@ceph.mon.a.smithi037.stdout:May 11 13:22:48 smithi037 ceph-mon[30131]: Saving service mgr spec with placement count:2
2024-05-11T13:22:48.670 INFO:teuthology.orchestra.run.smithi037.stdout:/usr/bin/ceph: stderr
2024-05-11T13:22:47.885+0000 7fd6c2683700 1 Processor -- start
2024-05-11T13:22:48.670 INFO:teuthology.orchestra.run.smithi037.stdout:/usr/bin/ceph: stderr
2024-05-11T13:22:47.885+0000 7fd6c2683700 1 -- start start
2024-05-11T13:22:48.670 INFO:teuthology.orchestra.run.smithi037.stdout:/usr/bin/ceph: stderr
2024-05-11T13:22:47.885+0000 7fd6c2683700 1 --2- >> [v2:172.21.15.37:3300/0,v1:172.21.15.37:6789/0] conn(0x7fd6bc108e80 0x7fd6bc1092a0 unknown :-1 s=NONE pgs=0 cs=0 l=0 rev1=0 crypto rx=0 tx=0 comp rx=0 tx=0).connect
2024-05-11T13:22:48.670 INFO:teuthology.orchestra.run.smithi037.stdout:/usr/bin/ceph: stderr
2024-05-11T13:22:47.885+0000 7fd6c2683700 1 -- --> [v2:172.21.15.37:3300/0,v1:172.21.15.37:6789/0] -- mon_getmap magic: 0 -- 0x7fd6bc1097e0 con 0x7fd6bc108e80
2024-05-11T13:22:48.670 INFO:teuthology.orchestra.run.smithi037.stdout:/usr/bin/ceph: stderr
2024-05-11T13:22:47.885+0000 7fd6bbfff700 1 --2- >> [v2:172.21.15.37:3300/0,v1:172.21.15.37:6789/0] conn(0x7fd6bc108e80 0x7fd6bc1092a0 unknown :-1 s=BANNER_CONNECTING pgs=0 cs=0 l=0 rev1=0 crypto rx=0 tx=0 comp rx=0 tx=0)._handle_peer_banner_payload supported=3 required=0
2024-05-11T13:22:48.670 INFO:teuthology.orchestra.run.smithi037.stdout:/usr/bin/ceph: stderr
2024-05-11T13:22:47.886+0000 7fd6bbfff700 1 --2- >> [v2:172.21.15.37:3300/0,v1:172.21.15.37:6789/0] conn(0x7fd6bc108e80 0x7fd6bc1092a0 unknown :-1 s=HELLO_CONNECTING pgs=0 cs=0 l=0 rev1=1 crypto rx=0 tx=0 comp rx=0 tx=0).handle_hello peer v2:172.21.15.37:3300/0 says I am v2:172.21.15.37:45494/0 (socket says 172.21.15.37:45494)
2024-05-11T13:22:48.670 INFO:teuthology.orchestra.run.smithi037.stdout:/usr/bin/ceph: stderr
2024-05-11T13:22:47.886+0000 7fd6bbfff700 1 -- 172.21.15.37:0/4042234696 learned_addr learned my addr 172.21.15.37:0/4042234696 (peer_addr_for_me v2:172.21.15.37:0/0)
2024-05-11T13:22:48.670 INFO:teuthology.orchestra.run.smithi037.stdout:/usr/bin/ceph: stderr
2024-05-11T13:22:47.886+0000 7fd6bbfff700 1 -- 172.21.15.37:0/4042234696 --> [v2:172.21.15.37:3300/0,v1:172.21.15.37:6789/0] -- mon_subscribe({config=0+,monmap=0+}) -- 0x7fd6bc10a070 con 0x7fd6bc108e80
2024-05-11T13:22:48.670 INFO:teuthology.orchestra.run.smithi037.stdout:/usr/bin/ceph: stderr
2024-05-11T13:22:47.886+0000 7fd6bbfff700 1 --2- 172.21.15.37:0/4042234696 >> [v2:172.21.15.37:3300/0,v1:172.21.15.37:6789/0] conn(0x7fd6bc108e80 0x7fd6bc1092a0 secure :-1 s=READY pgs=51 cs=0 l=1 rev1=1 crypto rx=0x7fd6ac0098a0 tx=0x7fd6ac009bb0 comp rx=0 tx=0).ready entity=mon.0 client_cookie=e890ebdae298feff server_cookie=0 in_seq=0 out_seq=0
2024-05-11T13:22:48.670 INFO:teuthology.orchestra.run.smithi037.stdout:/usr/bin/ceph: stderr
2024-05-11T13:22:47.886+0000 7fd6bb7fe700 1 -- 172.21.15.37:0/4042234696 <== mon.0 v2:172.21.15.37:3300/0 1 ==== mon_map magic: 0 ==== 205+0+0 (secure 0 0 0) 0x7fd6ac004160 con 0x7fd6bc108e80
2024-05-11T13:22:48.671 INFO:teuthology.orchestra.run.smithi037.stdout:/usr/bin/ceph: stderr
2024-05-11T13:22:47.886+0000 7fd6bb7fe700 1 -- 172.21.15.37:0/4042234696 <== mon.0 v2:172.21.15.37:3300/0 2 ==== config(26 keys) ==== 1101+0+0 (secure 0 0 0) 0x7fd6ac004300 con 0x7fd6bc108e80
2024-05-11T13:22:48.671 INFO:teuthology.orchestra.run.smithi037.stdout:/usr/bin/ceph: stderr
2024-05-11T13:22:47.886+0000 7fd6bb7fe700 1 -- 172.21.15.37:0/4042234696 <== mon.0 v2:172.21.15.37:3300/0 3 ==== mon_map magic: 0 ==== 205+0+0 (secure 0 0 0) 0x7fd6ac011a20 con 0x7fd6bc108e80
2024-05-11T13:22:48.671 INFO:teuthology.orchestra.run.smithi037.stdout:/usr/bin/ceph: stderr
2024-05-11T13:22:47.887+0000 7fd6c2683700 1 -- 172.21.15.37:0/4042234696 >> [v2:172.21.15.37:3300/0,v1:172.21.15.37:6789/0] conn(0x7fd6bc108e80 msgr2=0x7fd6bc1092a0 secure :-1 s=STATE_CONNECTION_ESTABLISHED l=1).mark_down
2024-05-11T13:22:48.671 INFO:teuthology.orchestra.run.smithi037.stdout:/usr/bin/ceph: stderr
2024-05-11T13:22:47.887+0000 7fd6c2683700 1 --2- 172.21.15.37:0/4042234696 >> [v2:172.21.15.37:3300/0,v1:172.21.15.37:6789/0] conn(0x7fd6bc108e80 0x7fd6bc1092a0 secure :-1 s=READY pgs=51 cs=0 l=1 rev1=1 crypto rx=0x7fd6ac0098a0 tx=0x7fd6ac009bb0 comp rx=0 tx=0).stop
2024-05-11T13:22:48.671 INFO:teuthology.orchestra.run.smithi037.stdout:/usr/bin/ceph: stderr
2024-05-11T13:22:47.887+0000 7fd6c2683700 1 -- 172.21.15.37:0/4042234696 shutdown_connections
2024-05-11T13:22:48.671 INFO:teuthology.orchestra.run.smithi037.stdout:/usr/bin/ceph: stderr
2024-05-11T13:22:47.887+0000 7fd6c2683700 1 --2- 172.21.15.37:0/4042234696 >> [v2:172.21.15.37:3300/0,v1:172.21.15.37:6789/0] conn(0x7fd6bc108e80 0x7fd6bc1092a0 unknown :-1 s=CLOSED pgs=51 cs=0 l=1 rev1=1 crypto rx=0 tx=0 comp rx=0 tx=0).stop
2024-05-11T13:22:48.671 INFO:teuthology.orchestra.run.smithi037.stdout:/usr/bin/ceph: stderr
2024-05-11T13:22:47.887+0000 7fd6c2683700 1 -- 172.21.15.37:0/4042234696 >> 172.21.15.37:0/4042234696 conn(0x7fd6bc104530 msgr2=0x7fd6bc106950 unknown :-1 s=STATE_NONE l=0).mark_down
2024-05-11T13:22:48.671 INFO:teuthology.orchestra.run.smithi037.stdout:/usr/bin/ceph: stderr
2024-05-11T13:22:47.887+0000 7fd6c2683700 1 -- 172.21.15.37:0/4042234696 shutdown_connections
2024-05-11T13:22:48.671 INFO:teuthology.orchestra.run.smithi037.stdout:/usr/bin/ceph: stderr
2024-05-11T13:22:47.887+0000 7fd6c2683700 1 -- 172.21.15.37:0/4042234696 wait complete.
2024-05-11T13:22:48.671 INFO:teuthology.orchestra.run.smithi037.stdout:/usr/bin/ceph: stderr
2024-05-11T13:22:47.888+0000 7fd6c2683700 1 Processor -- start
2024-05-11T13:22:48.671 INFO:teuthology.orchestra.run.smithi037.stdout:/usr/bin/ceph: stderr
2024-05-11T13:22:47.888+0000 7fd6c2683700 1 -- start start
2024-05-11T13:22:48.671 INFO:teuthology.orchestra.run.smithi037.stdout:/usr/bin/ceph: stderr
2024-05-11T13:22:47.888+0000 7fd6c2683700 1 --2- >> [v2:172.21.15.37:3300/0,v1:172.21.15.37:6789/0] conn(0x7fd6bc108e80 0x7fd6bc07eb90 unknown :-1 s=NONE pgs=0 cs=0 l=1 rev1=0 crypto rx=0 tx=0 comp rx=0 tx=0).connect
2024-05-11T13:22:48.671 INFO:teuthology.orchestra.run.smithi037.stdout:/usr/bin/ceph: stderr
2024-05-11T13:22:47.888+0000 7fd6c2683700 1 -- --> [v2:172.21.15.37:3300/0,v1:172.21.15.37:6789/0] -- mon_getmap magic: 0 -- 0x7fd6bc10d330 con 0x7fd6bc108e80
2024-05-11T13:22:48.671 INFO:teuthology.orchestra.run.smithi037.stdout:/usr/bin/ceph: stderr
2024-05-11T13:22:47.888+0000 7fd6bbfff700 1 --2- >> [v2:172.21.15.37:3300/0,v1:172.21.15.37:6789/0] conn(0x7fd6bc108e80 0x7fd6bc07eb90 unknown :-1 s=BANNER_CONNECTING pgs=0 cs=0 l=1 rev1=0 crypto rx=0 tx=0 comp rx=0 tx=0)._handle_peer_banner_payload supported=3 required=0
2024-05-11T13:22:48.671 INFO:teuthology.orchestra.run.smithi037.stdout:/usr/bin/ceph: stderr
2024-05-11T13:22:47.888+0000 7fd6bbfff700 1 --2- >> [v2:172.21.15.37:3300/0,v1:172.21.15.37:6789/0] conn(0x7fd6bc108e80 0x7fd6bc07eb90 unknown :-1 s=HELLO_CONNECTING pgs=0 cs=0 l=1 rev1=1 crypto rx=0 tx=0 comp rx=0 tx=0).handle_hello peer v2:172.21.15.37:3300/0 says I am v2:172.21.15.37:45506/0 (socket says 172.21.15.37:45506)
2024-05-11T13:22:48.672 INFO:teuthology.orchestra.run.smithi037.stdout:/usr/bin/ceph: stderr
2024-05-11T13:22:47.888+0000 7fd6bbfff700 1 -- 172.21.15.37:0/2923236274 learned_addr learned my addr 172.21.15.37:0/2923236274 (peer_addr_for_me v2:172.21.15.37:0/0)
2024-05-11T13:22:48.672 INFO:teuthology.orchestra.run.smithi037.stdout:/usr/bin/ceph: stderr
2024-05-11T13:22:47.888+0000 7fd6bbfff700 1 -- 172.21.15.37:0/2923236274 --> [v2:172.21.15.37:3300/0,v1:172.21.15.37:6789/0] -- mon_subscribe({config=0+,monmap=0+}) -- 0x7fd6bc07f0d0 con 0x7fd6bc108e80
2024-05-11T13:22:48.672 INFO:teuthology.orchestra.run.smithi037.stdout:/usr/bin/ceph: stderr
2024-05-11T13:22:47.888+0000 7fd6bbfff700 1 --2- 172.21.15.37:0/2923236274 >> [v2:172.21.15.37:3300/0,v1:172.21.15.37:6789/0] conn(0x7fd6bc108e80 0x7fd6bc07eb90 secure :-1 s=READY pgs=52 cs=0 l=1 rev1=1 crypto rx=0x7fd6ac000c00 tx=0x7fd6ac011aa0 comp rx=0 tx=0).ready entity=mon.0 client_cookie=0 server_cookie=0 in_seq=0 out_seq=0
2024-05-11T13:22:48.672 INFO:teuthology.orchestra.run.smithi037.stdout:/usr/bin/ceph: stderr
2024-05-11T13:22:47.889+0000 7fd6b9ffb700 1 -- 172.21.15.37:0/2923236274 <== mon.0 v2:172.21.15.37:3300/0 1 ==== mon_map magic: 0 ==== 205+0+0 (secure 0 0 0) 0x7fd6ac003aa0 con 0x7fd6bc108e80
2024-05-11T13:22:48.672 INFO:teuthology.orchestra.run.smithi037.stdout:/usr/bin/ceph: stderr
2024-05-11T13:22:47.889+0000 7fd6b9ffb700 1 -- 172.21.15.37:0/2923236274 <== mon.0 v2:172.21.15.37:3300/0 2 ==== config(26 keys) ==== 1101+0+0 (secure 0 0 0) 0x7fd6ac01b8f0 con 0x7fd6bc108e80
2024-05-11T13:22:48.672 INFO:teuthology.orchestra.run.smithi037.stdout:/usr/bin/ceph: stderr
2024-05-11T13:22:47.889+0000 7fd6c2683700 1 -- 172.21.15.37:0/2923236274 --> [v2:172.21.15.37:3300/0,v1:172.21.15.37:6789/0] -- mon_subscribe({mgrmap=0+}) -- 0x7fd6bc07d2c0 con 0x7fd6bc108e80
2024-05-11T13:22:48.672 INFO:teuthology.orchestra.run.smithi037.stdout:/usr/bin/ceph: stderr
2024-05-11T13:22:47.889+0000 7fd6b9ffb700 1 -- 172.21.15.37:0/2923236274 <== mon.0 v2:172.21.15.37:3300/0 3 ==== mon_map magic: 0 ==== 205+0+0 (secure 0 0 0) 0x7fd6ac023890 con 0x7fd6bc108e80
2024-05-11T13:22:48.672 INFO:teuthology.orchestra.run.smithi037.stdout:/usr/bin/ceph: stderr
2024-05-11T13:22:47.889+0000 7fd6c2683700 1 -- 172.21.15.37:0/2923236274 --> [v2:172.21.15.37:3300/0,v1:172.21.15.37:6789/0] -- mon_subscribe({osdmap=0}) -- 0x7fd6bc07d800 con 0x7fd6bc108e80
2024-05-11T13:22:48.672 INFO:teuthology.orchestra.run.smithi037.stdout:/usr/bin/ceph: stderr
2024-05-11T13:22:47.890+0000 7fd6b9ffb700 1 -- 172.21.15.37:0/2923236274 <== mon.0 v2:172.21.15.37:3300/0 4 ==== mgrmap(e 8) ==== 50222+0+0 (secure 0 0 0) 0x7fd6ac02c3f0 con 0x7fd6bc108e80
2024-05-11T13:22:48.672 INFO:teuthology.orchestra.run.smithi037.stdout:/usr/bin/ceph: stderr
2024-05-11T13:22:47.890+0000 7fd6c2683700 1 -- 172.21.15.37:0/2923236274 --> [v2:172.21.15.37:3300/0,v1:172.21.15.37:6789/0] -- mon_command({"prefix": "get_command_descriptions"} v 0) -- 0x7fd6bc064bb0 con 0x7fd6bc108e80
2024-05-11T13:22:48.672 INFO:teuthology.orchestra.run.smithi037.stdout:/usr/bin/ceph: stderr
2024-05-11T13:22:47.890+0000 7fd6b9ffb700 1 --2- 172.21.15.37:0/2923236274 >> [v2:172.21.15.37:6800/1789127780,v1:172.21.15.37:6801/1789127780] conn(0x7fd6a803e470 0x7fd6a8040930 unknown :-1 s=NONE pgs=0 cs=0 l=1 rev1=0 crypto rx=0 tx=0 comp rx=0 tx=0).connect
2024-05-11T13:22:48.672 INFO:teuthology.orchestra.run.smithi037.stdout:/usr/bin/ceph: stderr
2024-05-11T13:22:47.890+0000 7fd6b9ffb700 1 -- 172.21.15.37:0/2923236274 <== mon.0 v2:172.21.15.37:3300/0 5 ==== osd_map(2..2 src has 1..2) ==== 940+0+0 (secure 0 0 0) 0x7fd6ac053e00 con 0x7fd6bc108e80
2024-05-11T13:22:48.672 INFO:teuthology.orchestra.run.smithi037.stdout:/usr/bin/ceph: stderr
2024-05-11T13:22:47.890+0000 7fd6b3fff700 1 --2- 172.21.15.37:0/2923236274 >> [v2:172.21.15.37:6800/1789127780,v1:172.21.15.37:6801/1789127780] conn(0x7fd6a803e470 0x7fd6a8040930 unknown :-1 s=BANNER_CONNECTING pgs=0 cs=0 l=1 rev1=0 crypto rx=0 tx=0 comp rx=0 tx=0)._handle_peer_banner_payload supported=3 required=0
2024-05-11T13:22:48.672 INFO:teuthology.orchestra.run.smithi037.stdout:/usr/bin/ceph: stderr
2024-05-11T13:22:47.891+0000 7fd6b3fff700 1 --2- 172.21.15.37:0/2923236274 >> [v2:172.21.15.37:6800/1789127780,v1:172.21.15.37:6801/1789127780] conn(0x7fd6a803e470 0x7fd6a8040930 secure :-1 s=READY pgs=14 cs=0 l=1 rev1=1 crypto rx=0x7fd6a4006fd0 tx=0x7fd6a4006e40 comp rx=0 tx=0).ready entity=mgr.14120 client_cookie=0 server_cookie=0 in_seq=0 out_seq=0
2024-05-11T13:22:48.672 INFO:teuthology.orchestra.run.smithi037.stdout:/usr/bin/ceph: stderr
2024-05-11T13:22:47.895+0000 7fd6b9ffb700 1 -- 172.21.15.37:0/2923236274 <== mon.0 v2:172.21.15.37:3300/0 6 ==== mon_command_ack([{"prefix": "get_command_descriptions"}]=0 v0) ==== 72+0+191963 (secure 0 0 0) 0x7fd6ac01f030 con 0x7fd6bc108e80
2024-05-11T13:22:48.673 INFO:teuthology.orchestra.run.smithi037.stdout:/usr/bin/ceph: stderr
2024-05-11T13:22:48.118+0000 7fd6c2683700 1 -- 172.21.15.37:0/2923236274 --> [v2:172.21.15.37:3300/0,v1:172.21.15.37:6789/0] -- mon_command([{prefix=config set, name=mgr/cephadm/container_init}] v 0) -- 0x7fd6bc07dfa0 con 0x7fd6bc108e80
2024-05-11T13:22:48.673 INFO:teuthology.orchestra.run.smithi037.stdout:/usr/bin/ceph: stderr
2024-05-11T13:22:48.123+0000 7fd6b9ffb700 1 -- 172.21.15.37:0/2923236274 <== mon.0 v2:172.21.15.37:3300/0 7 ==== mon_command_ack([{prefix=config set, name=mgr/cephadm/container_init}]=0 v7)=0 v7) ==== 142+0+0 (secure 0 0 0) 0x7fd6ac017e90 con 0x7fd6bc108e80
2024-05-11T13:22:48.673 INFO:teuthology.orchestra.run.smithi037.stdout:/usr/bin/ceph: stderr
2024-05-11T13:22:48.126+0000 7fd6c2683700 1 -- 172.21.15.37:0/2923236274 >> [v2:172.21.15.37:6800/1789127780,v1:172.21.15.37:6801/1789127780] conn(0x7fd6a803e470 msgr2=0x7fd6a8040930 secure :-1 s=STATE_CONNECTION_ESTABLISHED l=1).mark_down
2024-05-11T13:22:48.673 INFO:teuthology.orchestra.run.smithi037.stdout:/usr/bin/ceph: stderr
2024-05-11T13:22:48.126+0000 7fd6c2683700 1 --2- 172.21.15.37:0/2923236274 >> [v2:172.21.15.37:6800/1789127780,v1:172.21.15.37:6801/1789127780] conn(0x7fd6a803e470 0x7fd6a8040930 secure :-1 s=READY pgs=14 cs=0 l=1 rev1=1 crypto rx=0x7fd6a4006fd0 tx=0x7fd6a4006e40 comp rx=0 tx=0).stop
2024-05-11T13:22:48.673 INFO:teuthology.orchestra.run.smithi037.stdout:/usr/bin/ceph: stderr
2024-05-11T13:22:48.126+0000 7fd6c2683700 1 -- 172.21.15.37:0/2923236274 >> [v2:172.21.15.37:3300/0,v1:172.21.15.37:6789/0] conn(0x7fd6bc108e80 msgr2=0x7fd6bc07eb90 secure :-1 s=STATE_CONNECTION_ESTABLISHED l=1).mark_down
2024-05-11T13:22:48.673 INFO:teuthology.orchestra.run.smithi037.stdout:/usr/bin/ceph: stderr
2024-05-11T13:22:48.126+0000 7fd6c2683700 1 --2- 172.21.15.37:0/2923236274 >> [v2:172.21.15.37:3300/0,v1:172.21.15.37:6789/0] conn(0x7fd6bc108e80 0x7fd6bc07eb90 secure :-1 s=READY pgs=52 cs=0 l=1 rev1=1 crypto rx=0x7fd6ac000c00 tx=0x7fd6ac011aa0 comp rx=0 tx=0).stop
2024-05-11T13:22:48.673 INFO:teuthology.orchestra.run.smithi037.stdout:/usr/bin/ceph: stderr
2024-05-11T13:22:48.126+0000 7fd6c2683700 1 -- 172.21.15.37:0/2923236274 shutdown_connections
2024-05-11T13:22:48.673 INFO:teuthology.orchestra.run.smithi037.stdout:/usr/bin/ceph: stderr
2024-05-11T13:22:48.126+0000 7fd6c2683700 1 --2- 172.21.15.37:0/2923236274 >> [v2:172.21.15.37:6800/1789127780,v1:172.21.15.37:6801/1789127780] conn(0x7fd6a803e470 0x7fd6a8040930 unknown :-1 s=CLOSED pgs=14 cs=0 l=1 rev1=1 crypto rx=0 tx=0 comp rx=0 tx=0).stop
2024-05-11T13:22:48.673 INFO:teuthology.orchestra.run.smithi037.stdout:/usr/bin/ceph: stderr
2024-05-11T13:22:48.126+0000 7fd6c2683700 1 --2- 172.21.15.37:0/2923236274 >> [v2:172.21.15.37:3300/0,v1:172.21.15.37:6789/0] conn(0x7fd6bc108e80 0x7fd6bc07eb90 unknown :-1 s=CLOSED pgs=52 cs=0 l=1 rev1=1 crypto rx=0 tx=0 comp rx=0 tx=0).stop
2024-05-11T13:22:48.673 INFO:teuthology.orchestra.run.smithi037.stdout:/usr/bin/ceph: stderr
2024-05-11T13:22:48.126+0000 7fd6c2683700 1 -- 172.21.15.37:0/2923236274 >> 172.21.15.37:0/2923236274 conn(0x7fd6bc104530 msgr2=0x7fd6bc105090 unknown :-1 s=STATE_NONE l=0).mark_down
2024-05-11T13:22:48.673 INFO:teuthology.orchestra.run.smithi037.stdout:/usr/bin/ceph: stderr
2024-05-11T13:22:48.126+0000 7fd6c2683700 1 -- 172.21.15.37:0/2923236274 shutdown_connections
2024-05-11T13:22:48.673 INFO:teuthology.orchestra.run.smithi037.stdout:/usr/bin/ceph: stderr
2024-05-11T13:22:48.126+0000 7fd6c2683700 1 -- 172.21.15.37:0/2923236274 wait complete.
2024-05-11T13:22:49.375 INFO:journalctl@ceph.mon.a.smithi037.stdout:May 11 13:22:49 smithi037 ceph-mon[30131]: from='client.? 172.21.15.37:0/2923236274' entity='client.admin'
2024-05-11T13:22:49.376 INFO:journalctl@ceph.mon.a.smithi037.stdout:May 11 13:22:49 smithi037 ceph-mon[30131]: from='mgr.14120 172.21.15.37:0/3589202229' entity='mgr.x'
2024-05-11T13:22:50.415 INFO:teuthology.orchestra.run.smithi037.stdout:/usr/bin/ceph: stderr
2024-05-11T13:22:49.569+0000 7fe241cb3700 1 Processor -- start
2024-05-11T13:22:50.415 INFO:teuthology.orchestra.run.smithi037.stdout:/usr/bin/ceph: stderr
2024-05-11T13:22:49.569+0000 7fe241cb3700 1 -- start start
2024-05-11T13:22:50.415 INFO:teuthology.orchestra.run.smithi037.stdout:/usr/bin/ceph: stderr
2024-05-11T13:22:49.569+0000 7fe241cb3700 1 --2- >> [v2:172.21.15.37:3300/0,v1:172.21.15.37:6789/0] conn(0x7fe23c109400 0x7fe23c109820 unknown :-1 s=NONE pgs=0 cs=0 l=0 rev1=0 crypto rx=0 tx=0 comp rx=0 tx=0).connect
2024-05-11T13:22:50.416 INFO:teuthology.orchestra.run.smithi037.stdout:/usr/bin/ceph: stderr
2024-05-11T13:22:49.569+0000 7fe241cb3700 1 -- --> [v2:172.21.15.37:3300/0,v1:172.21.15.37:6789/0] -- mon_getmap magic: 0 -- 0x7fe23c109df0 con 0x7fe23c109400
2024-05-11T13:22:50.416 INFO:teuthology.orchestra.run.smithi037.stdout:/usr/bin/ceph: stderr
2024-05-11T13:22:49.569+0000 7fe23b7fe700 1 --2- >> [v2:172.21.15.37:3300/0,v1:172.21.15.37:6789/0] conn(0x7fe23c109400 0x7fe23c109820 unknown :-1 s=BANNER_CONNECTING pgs=0 cs=0 l=0 rev1=0 crypto rx=0 tx=0 comp rx=0 tx=0)._handle_peer_banner_payload supported=3 required=0
2024-05-11T13:22:50.416 INFO:teuthology.orchestra.run.smithi037.stdout:/usr/bin/ceph: stderr
2024-05-11T13:22:49.569+0000 7fe23b7fe700 1 --2- >> [v2:172.21.15.37:3300/0,v1:172.21.15.37:6789/0] conn(0x7fe23c109400 0x7fe23c109820 unknown :-1 s=HELLO_CONNECTING pgs=0 cs=0 l=0 rev1=1 crypto rx=0 tx=0 comp rx=0 tx=0).handle_hello peer v2:172.21.15.37:3300/0 says I am v2:172.21.15.37:45508/0 (socket says 172.21.15.37:45508)
2024-05-11T13:22:50.416 INFO:teuthology.orchestra.run.smithi037.stdout:/usr/bin/ceph: stderr
2024-05-11T13:22:49.569+0000 7fe23b7fe700 1 -- 172.21.15.37:0/227726029 learned_addr learned my addr 172.21.15.37:0/227726029 (peer_addr_for_me v2:172.21.15.37:0/0)
2024-05-11T13:22:50.416 INFO:teuthology.orchestra.run.smithi037.stdout:/usr/bin/ceph: stderr
2024-05-11T13:22:49.570+0000 7fe23b7fe700 1 -- 172.21.15.37:0/227726029 --> [v2:172.21.15.37:3300/0,v1:172.21.15.37:6789/0] -- mon_subscribe({config=0+,monmap=0+}) -- 0x7fe23c1080b0 con 0x7fe23c109400
2024-05-11T13:22:50.416 INFO:teuthology.orchestra.run.smithi037.stdout:/usr/bin/ceph: stderr
2024-05-11T13:22:49.570+0000 7fe23b7fe700 1 --2- 172.21.15.37:0/227726029 >> [v2:172.21.15.37:3300/0,v1:172.21.15.37:6789/0] conn(0x7fe23c109400 0x7fe23c109820 secure :-1 s=READY pgs=53 cs=0 l=1 rev1=1 crypto rx=0x7fe22c0098a0 tx=0x7fe22c009bb0 comp rx=0 tx=0).ready entity=mon.0 client_cookie=624326f8c45c1a5e server_cookie=0 in_seq=0 out_seq=0
2024-05-11T13:22:50.416 INFO:teuthology.orchestra.run.smithi037.stdout:/usr/bin/ceph: stderr
2024-05-11T13:22:49.570+0000 7fe23a7fc700 1 -- 172.21.15.37:0/227726029 <== mon.0 v2:172.21.15.37:3300/0 1 ==== mon_map magic: 0 ==== 205+0+0 (secure 0 0 0) 0x7fe22c004160 con 0x7fe23c109400
2024-05-11T13:22:50.416 INFO:teuthology.orchestra.run.smithi037.stdout:/usr/bin/ceph: stderr
2024-05-11T13:22:49.570+0000 7fe23a7fc700 1 -- 172.21.15.37:0/227726029 <== mon.0 v2:172.21.15.37:3300/0 2 ==== config(26 keys) ==== 1101+0+0 (secure 0 0 0) 0x7fe22c004300 con 0x7fe23c109400
2024-05-11T13:22:50.416 INFO:teuthology.orchestra.run.smithi037.stdout:/usr/bin/ceph: stderr
2024-05-11T13:22:49.570+0000 7fe23a7fc700 1 -- 172.21.15.37:0/227726029 <== mon.0 v2:172.21.15.37:3300/0 3 ==== mon_map magic: 0 ==== 205+0+0 (secure 0 0 0) 0x7fe22c011a20 con 0x7fe23c109400
2024-05-11T13:22:50.416 INFO:teuthology.orchestra.run.smithi037.stdout:/usr/bin/ceph: stderr
2024-05-11T13:22:49.571+0000 7fe241cb3700 1 -- 172.21.15.37:0/227726029 >> [v2:172.21.15.37:3300/0,v1:172.21.15.37:6789/0] conn(0x7fe23c109400 msgr2=0x7fe23c109820 secure :-1 s=STATE_CONNECTION_ESTABLISHED l=1).mark_down
2024-05-11T13:22:50.416 INFO:teuthology.orchestra.run.smithi037.stdout:/usr/bin/ceph: stderr
2024-05-11T13:22:49.571+0000 7fe241cb3700 1 --2- 172.21.15.37:0/227726029 >> [v2:172.21.15.37:3300/0,v1:172.21.15.37:6789/0] conn(0x7fe23c109400 0x7fe23c109820 secure :-1 s=READY pgs=53 cs=0 l=1 rev1=1 crypto rx=0x7fe22c0098a0 tx=0x7fe22c009bb0 comp rx=0 tx=0).stop
2024-05-11T13:22:50.416 INFO:teuthology.orchestra.run.smithi037.stdout:/usr/bin/ceph: stderr
2024-05-11T13:22:49.571+0000 7fe241cb3700 1 -- 172.21.15.37:0/227726029 shutdown_connections
2024-05-11T13:22:50.416 INFO:teuthology.orchestra.run.smithi037.stdout:/usr/bin/ceph: stderr
2024-05-11T13:22:49.571+0000 7fe241cb3700 1 --2- 172.21.15.37:0/227726029 >> [v2:172.21.15.37:3300/0,v1:172.21.15.37:6789/0] conn(0x7fe23c109400 0x7fe23c109820 unknown :-1 s=CLOSED pgs=53 cs=0 l=1 rev1=1 crypto rx=0 tx=0 comp rx=0 tx=0).stop
2024-05-11T13:22:50.417 INFO:teuthology.orchestra.run.smithi037.stdout:/usr/bin/ceph: stderr
2024-05-11T13:22:49.571+0000 7fe241cb3700 1 -- 172.21.15.37:0/227726029 >> 172.21.15.37:0/227726029 conn(0x7fe23c102b80 msgr2=0x7fe23c104fa0 unknown :-1 s=STATE_NONE l=0).mark_down
2024-05-11T13:22:50.417 INFO:teuthology.orchestra.run.smithi037.stdout:/usr/bin/ceph: stderr
2024-05-11T13:22:49.571+0000 7fe241cb3700 1 -- 172.21.15.37:0/227726029 shutdown_connections
2024-05-11T13:22:50.417 INFO:teuthology.orchestra.run.smithi037.stdout:/usr/bin/ceph: stderr
2024-05-11T13:22:49.571+0000 7fe241cb3700 1 -- 172.21.15.37:0/227726029 wait complete.
2024-05-11T13:22:50.417 INFO:teuthology.orchestra.run.smithi037.stdout:/usr/bin/ceph: stderr
2024-05-11T13:22:49.572+0000 7fe241cb3700 1 Processor -- start
2024-05-11T13:22:50.417 INFO:teuthology.orchestra.run.smithi037.stdout:/usr/bin/ceph: stderr
2024-05-11T13:22:49.572+0000 7fe241cb3700 1 -- start start
2024-05-11T13:22:50.417 INFO:teuthology.orchestra.run.smithi037.stdout:/usr/bin/ceph: stderr
2024-05-11T13:22:49.573+0000 7fe241cb3700 1 --2- >> [v2:172.21.15.37:3300/0,v1:172.21.15.37:6789/0] conn(0x7fe23c109400 0x7fe23c107a80 unknown :-1 s=NONE pgs=0 cs=0 l=1 rev1=0 crypto rx=0 tx=0 comp rx=0 tx=0).connect
2024-05-11T13:22:50.417 INFO:teuthology.orchestra.run.smithi037.stdout:/usr/bin/ceph: stderr
2024-05-11T13:22:49.573+0000 7fe241cb3700 1 -- --> [v2:172.21.15.37:3300/0,v1:172.21.15.37:6789/0] -- mon_getmap magic: 0 -- 0x7fe23c10c470 con 0x7fe23c109400
2024-05-11T13:22:50.417 INFO:teuthology.orchestra.run.smithi037.stdout:/usr/bin/ceph: stderr
2024-05-11T13:22:49.573+0000 7fe23b7fe700 1 --2- >> [v2:172.21.15.37:3300/0,v1:172.21.15.37:6789/0] conn(0x7fe23c109400 0x7fe23c107a80 unknown :-1 s=BANNER_CONNECTING pgs=0 cs=0 l=1 rev1=0 crypto rx=0 tx=0 comp rx=0 tx=0)._handle_peer_banner_payload supported=3 required=0
2024-05-11T13:22:50.417 INFO:teuthology.orchestra.run.smithi037.stdout:/usr/bin/ceph: stderr
2024-05-11T13:22:49.573+0000 7fe23b7fe700 1 --2- >> [v2:172.21.15.37:3300/0,v1:172.21.15.37:6789/0] conn(0x7fe23c109400 0x7fe23c107a80 unknown :-1 s=HELLO_CONNECTING pgs=0 cs=0 l=1 rev1=1 crypto rx=0 tx=0 comp rx=0 tx=0).handle_hello peer v2:172.21.15.37:3300/0 says I am v2:172.21.15.37:45524/0 (socket says 172.21.15.37:45524)
2024-05-11T13:22:50.417 INFO:teuthology.orchestra.run.smithi037.stdout:/usr/bin/ceph: stderr
2024-05-11T13:22:49.573+0000 7fe23b7fe700 1 -- 172.21.15.37:0/4254398219 learned_addr learned my addr 172.21.15.37:0/4254398219 (peer_addr_for_me v2:172.21.15.37:0/0)
2024-05-11T13:22:50.417 INFO:teuthology.orchestra.run.smithi037.stdout:/usr/bin/ceph: stderr
2024-05-11T13:22:49.573+0000 7fe23b7fe700 1 -- 172.21.15.37:0/4254398219 --> [v2:172.21.15.37:3300/0,v1:172.21.15.37:6789/0] -- mon_subscribe({config=0+,monmap=0+}) -- 0x7fe23c19fbc0 con 0x7fe23c109400
2024-05-11T13:22:50.417 INFO:teuthology.orchestra.run.smithi037.stdout:/usr/bin/ceph: stderr
2024-05-11T13:22:49.573+0000 7fe23b7fe700 1 --2- 172.21.15.37:0/4254398219 >> [v2:172.21.15.37:3300/0,v1:172.21.15.37:6789/0] conn(0x7fe23c109400 0x7fe23c107a80 secure :-1 s=READY pgs=54 cs=0 l=1 rev1=1 crypto rx=0x7fe22c0119f0 tx=0x7fe22c011ad0 comp rx=0 tx=0).ready entity=mon.0 client_cookie=0 server_cookie=0 in_seq=0 out_seq=0
2024-05-11T13:22:50.417 INFO:teuthology.orchestra.run.smithi037.stdout:/usr/bin/ceph: stderr
2024-05-11T13:22:49.573+0000 7fe238ff9700 1 -- 172.21.15.37:0/4254398219 <== mon.0 v2:172.21.15.37:3300/0 1 ==== mon_map magic: 0 ==== 205+0+0 (secure 0 0 0) 0x7fe22c0039e0 con 0x7fe23c109400
2024-05-11T13:22:50.417 INFO:teuthology.orchestra.run.smithi037.stdout:/usr/bin/ceph: stderr
2024-05-11T13:22:49.574+0000 7fe238ff9700 1 -- 172.21.15.37:0/4254398219 <== mon.0 v2:172.21.15.37:3300/0 2 ==== config(26 keys) ==== 1101+0+0 (secure 0 0 0) 0x7fe22c01b8f0 con 0x7fe23c109400
2024-05-11T13:22:50.417 INFO:teuthology.orchestra.run.smithi037.stdout:/usr/bin/ceph: stderr
2024-05-11T13:22:49.574+0000 7fe238ff9700 1 -- 172.21.15.37:0/4254398219 <== mon.0 v2:172.21.15.37:3300/0 3 ==== mon_map magic: 0 ==== 205+0+0 (secure 0 0 0) 0x7fe22c0237a0 con 0x7fe23c109400
2024-05-11T13:22:50.418 INFO:teuthology.orchestra.run.smithi037.stdout:/usr/bin/ceph: stderr
2024-05-11T13:22:49.574+0000 7fe241cb3700 1 -- 172.21.15.37:0/4254398219 --> [v2:172.21.15.37:3300/0,v1:172.21.15.37:6789/0] -- mon_subscribe({mgrmap=0+}) -- 0x7fe23c19fd90 con 0x7fe23c109400
2024-05-11T13:22:50.418 INFO:teuthology.orchestra.run.smithi037.stdout:/usr/bin/ceph: stderr
2024-05-11T13:22:49.574+0000 7fe241cb3700 1 -- 172.21.15.37:0/4254398219 --> [v2:172.21.15.37:3300/0,v1:172.21.15.37:6789/0] -- mon_subscribe({osdmap=0}) -- 0x7fe23c1a0130 con 0x7fe23c109400
2024-05-11T13:22:50.418 INFO:teuthology.orchestra.run.smithi037.stdout:/usr/bin/ceph: stderr
2024-05-11T13:22:49.575+0000 7fe241cb3700 1 -- 172.21.15.37:0/4254398219 --> [v2:172.21.15.37:3300/0,v1:172.21.15.37:6789/0] -- mon_command({"prefix": "get_command_descriptions"} v 0) -- 0x7fe23c064bb0 con 0x7fe23c109400
2024-05-11T13:22:50.418 INFO:teuthology.orchestra.run.smithi037.stdout:/usr/bin/ceph: stderr
2024-05-11T13:22:49.575+0000 7fe238ff9700 1 -- 172.21.15.37:0/4254398219 <== mon.0 v2:172.21.15.37:3300/0 4 ==== mgrmap(e 8) ==== 50222+0+0 (secure 0 0 0) 0x7fe22c02c3f0 con 0x7fe23c109400
2024-05-11T13:22:50.418 INFO:teuthology.orchestra.run.smithi037.stdout:/usr/bin/ceph: stderr
2024-05-11T13:22:49.575+0000 7fe238ff9700 1 --2- 172.21.15.37:0/4254398219 >> [v2:172.21.15.37:6800/1789127780,v1:172.21.15.37:6801/1789127780] conn(0x7fe22403e420 0x7fe2240408e0 unknown :-1 s=NONE pgs=0 cs=0 l=1 rev1=0 crypto rx=0 tx=0 comp rx=0 tx=0).connect
2024-05-11T13:22:50.418 INFO:teuthology.orchestra.run.smithi037.stdout:/usr/bin/ceph: stderr
2024-05-11T13:22:49.575+0000 7fe238ff9700 1 -- 172.21.15.37:0/4254398219 <== mon.0 v2:172.21.15.37:3300/0 5 ==== osd_map(2..2 src has 1..2) ==== 940+0+0 (secure 0 0 0) 0x7fe22c053dd0 con 0x7fe23c109400
2024-05-11T13:22:50.418 INFO:teuthology.orchestra.run.smithi037.stdout:/usr/bin/ceph: stderr
2024-05-11T13:22:49.576+0000 7fe23affd700 1 --2- 172.21.15.37:0/4254398219 >> [v2:172.21.15.37:6800/1789127780,v1:172.21.15.37:6801/1789127780] conn(0x7fe22403e420 0x7fe2240408e0 unknown :-1 s=BANNER_CONNECTING pgs=0 cs=0 l=1 rev1=0 crypto rx=0 tx=0 comp rx=0 tx=0)._handle_peer_banner_payload supported=3 required=0
2024-05-11T13:22:50.418 INFO:teuthology.orchestra.run.smithi037.stdout:/usr/bin/ceph: stderr
2024-05-11T13:22:49.576+0000 7fe23affd700 1 --2- 172.21.15.37:0/4254398219 >> [v2:172.21.15.37:6800/1789127780,v1:172.21.15.37:6801/1789127780] conn(0x7fe22403e420 0x7fe2240408e0 secure :-1 s=READY pgs=15 cs=0 l=1 rev1=1 crypto rx=0x7fe230006fd0 tx=0x7fe230006e40 comp rx=0 tx=0).ready entity=mgr.14120 client_cookie=0 server_cookie=0 in_seq=0 out_seq=0
2024-05-11T13:22:50.418 INFO:teuthology.orchestra.run.smithi037.stdout:/usr/bin/ceph: stderr
2024-05-11T13:22:49.585+0000 7fe238ff9700 1 -- 172.21.15.37:0/4254398219 <== mon.0 v2:172.21.15.37:3300/0 6 ==== mon_command_ack([{"prefix": "get_command_descriptions"}]=0 v0) ==== 72+0+191963 (secure 0 0 0) 0x7fe22c01f030 con 0x7fe23c109400
2024-05-11T13:22:50.418 INFO:teuthology.orchestra.run.smithi037.stdout:/usr/bin/ceph: stderr
2024-05-11T13:22:49.801+0000 7fe241cb3700 1 -- 172.21.15.37:0/4254398219 --> [v2:172.21.15.37:3300/0,v1:172.21.15.37:6789/0] -- mon_command([{prefix=config set, name=mgr/dashboard/ssl_server_port}] v 0) -- 0x7fe23c1a0940 con 0x7fe23c109400
2024-05-11T13:22:50.418 INFO:teuthology.orchestra.run.smithi037.stdout:/usr/bin/ceph: stderr
2024-05-11T13:22:49.805+0000 7fe238ff9700 1 -- 172.21.15.37:0/4254398219 <== mon.0 v2:172.21.15.37:3300/0 7 ==== mon_command_ack([{prefix=config set, name=mgr/dashboard/ssl_server_port}]=0 v8)=0 v8) ==== 130+0+0 (secure 0 0 0) 0x7fe22c0550c0 con 0x7fe23c109400
2024-05-11T13:22:50.418 INFO:teuthology.orchestra.run.smithi037.stdout:/usr/bin/ceph: stderr
2024-05-11T13:22:49.807+0000 7fe241cb3700 1 -- 172.21.15.37:0/4254398219 >> [v2:172.21.15.37:6800/1789127780,v1:172.21.15.37:6801/1789127780] conn(0x7fe22403e420 msgr2=0x7fe2240408e0 secure :-1 s=STATE_CONNECTION_ESTABLISHED l=1).mark_down
2024-05-11T13:22:50.419 INFO:teuthology.orchestra.run.smithi037.stdout:/usr/bin/ceph: stderr
2024-05-11T13:22:49.807+0000 7fe241cb3700 1 --2- 172.21.15.37:0/4254398219 >> [v2:172.21.15.37:6800/1789127780,v1:172.21.15.37:6801/1789127780] conn(0x7fe22403e420 0x7fe2240408e0 secure :-1 s=READY pgs=15 cs=0 l=1 rev1=1 crypto rx=0x7fe230006fd0 tx=0x7fe230006e40 comp rx=0 tx=0).stop
2024-05-11T13:22:50.419 INFO:teuthology.orchestra.run.smithi037.stdout:/usr/bin/ceph: stderr
2024-05-11T13:22:49.807+0000 7fe241cb3700 1 -- 172.21.15.37:0/4254398219 >> [v2:172.21.15.37:3300/0,v1:172.21.15.37:6789/0] conn(0x7fe23c109400 msgr2=0x7fe23c107a80 secure :-1 s=STATE_CONNECTION_ESTABLISHED l=1).mark_down
2024-05-11T13:22:50.419 INFO:teuthology.orchestra.run.smithi037.stdout:/usr/bin/ceph: stderr
2024-05-11T13:22:49.807+0000 7fe241cb3700 1 --2- 172.21.15.37:0/4254398219 >> [v2:172.21.15.37:3300/0,v1:172.21.15.37:6789/0] conn(0x7fe23c109400 0x7fe23c107a80 secure :-1 s=READY pgs=54 cs=0 l=1 rev1=1 crypto rx=0x7fe22c0119f0 tx=0x7fe22c011ad0 comp rx=0 tx=0).stop
2024-05-11T13:22:50.419 INFO:teuthology.orchestra.run.smithi037.stdout:/usr/bin/ceph: stderr
2024-05-11T13:22:49.808+0000 7fe241cb3700 1 -- 172.21.15.37:0/4254398219 shutdown_connections
2024-05-11T13:22:50.419 INFO:teuthology.orchestra.run.smithi037.stdout:/usr/bin/ceph: stderr
2024-05-11T13:22:49.808+0000 7fe241cb3700 1 --2- 172.21.15.37:0/4254398219 >> [v2:172.21.15.37:6800/1789127780,v1:172.21.15.37:6801/1789127780] conn(0x7fe22403e420 0x7fe2240408e0 unknown :-1 s=CLOSED pgs=15 cs=0 l=1 rev1=1 crypto rx=0 tx=0 comp rx=0 tx=0).stop
2024-05-11T13:22:50.419 INFO:teuthology.orchestra.run.smithi037.stdout:/usr/bin/ceph: stderr
2024-05-11T13:22:49.808+0000 7fe241cb3700 1 --2- 172.21.15.37:0/4254398219 >> [v2:172.21.15.37:3300/0,v1:172.21.15.37:6789/0] conn(0x7fe23c109400 0x7fe23c107a80 unknown :-1 s=CLOSED pgs=54 cs=0 l=1 rev1=1 crypto rx=0 tx=0 comp rx=0 tx=0).stop
2024-05-11T13:22:50.419 INFO:teuthology.orchestra.run.smithi037.stdout:/usr/bin/ceph: stderr
2024-05-11T13:22:49.808+0000 7fe241cb3700 1 -- 172.21.15.37:0/4254398219 >> 172.21.15.37:0/4254398219 conn(0x7fe23c102b80 msgr2=0x7fe23c103700 unknown :-1 s=STATE_NONE l=0).mark_down
2024-05-11T13:22:50.419 INFO:teuthology.orchestra.run.smithi037.stdout:/usr/bin/ceph: stderr
2024-05-11T13:22:49.808+0000 7fe241cb3700 1 -- 172.21.15.37:0/4254398219 shutdown_connections
2024-05-11T13:22:50.419 INFO:teuthology.orchestra.run.smithi037.stdout:/usr/bin/ceph: stderr
2024-05-11T13:22:49.808+0000 7fe241cb3700 1 -- 172.21.15.37:0/4254398219 wait complete.
2024-05-11T13:22:50.419 INFO:teuthology.orchestra.run.smithi037.stdout:Enabling the dashboard module...
2024-05-11T13:22:51.147 INFO:journalctl@ceph.mon.a.smithi037.stdout:May 11 13:22:50 smithi037 ceph-mon[30131]: from='client.? 172.21.15.37:0/4254398219' entity='client.admin'
2024-05-11T13:22:51.147 INFO:journalctl@ceph.mon.a.smithi037.stdout:May 11 13:22:50 smithi037 ceph-mon[30131]: from='mgr.14120 172.21.15.37:0/3589202229' entity='mgr.x'
2024-05-11T13:22:52.122 INFO:journalctl@ceph.mon.a.smithi037.stdout:May 11 13:22:51 smithi037 ceph-mon[30131]: from='client.? 172.21.15.37:0/271110859' entity='client.admin' cmd=[{"prefix": "mgr module enable", "module": "dashboard"}]: dispatch
2024-05-11T13:22:52.122 INFO:journalctl@ceph.mgr.x.smithi037.stdout:May 11 13:22:51 smithi037 ceph-45d40506-0f99-11ef-bc98-c7b262605968-mgr-x[30362]: ignoring --setuser ceph since I am not root
2024-05-11T13:22:52.122 INFO:journalctl@ceph.mgr.x.smithi037.stdout:May 11 13:22:51 smithi037 ceph-45d40506-0f99-11ef-bc98-c7b262605968-mgr-x[30362]: ignoring --setgroup ceph since I am not root
2024-05-11T13:22:52.122 INFO:journalctl@ceph.mgr.x.smithi037.stdout:May 11 13:22:51 smithi037 ceph-45d40506-0f99-11ef-bc98-c7b262605968-mgr-x[30362]:
2024-05-11T13:22:51.994+0000 7f51e52fe200 -1 mgr[py] Module balancer has missing NOTIFY_TYPES member
2024-05-11T13:22:52.397 INFO:journalctl@ceph.mgr.x.smithi037.stdout:May 11 13:22:52 smithi037 ceph-45d40506-0f99-11ef-bc98-c7b262605968-mgr-x[30362]:
2024-05-11T13:22:52.187+0000 7f51e52fe200 -1 mgr[py] Module orchestrator has missing NOTIFY_TYPES member
2024-05-11T13:22:52.397 INFO:journalctl@ceph.mgr.x.smithi037.stdout:May 11 13:22:52 smithi037 ceph-45d40506-0f99-11ef-bc98-c7b262605968-mgr-x[30362]:
2024-05-11T13:22:52.294+0000 7f51e52fe200 -1 mgr[py] Module snap_schedule has missing NOTIFY_TYPES member
2024-05-11T13:22:52.892 INFO:journalctl@ceph.mon.a.smithi037.stdout:May 11 13:22:52 smithi037 ceph-mon[30131]: from='client.? 172.21.15.37:0/271110859' entity='client.admin' cmd='[{"prefix": "mgr module enable", "module": "dashboard"}]': finished
2024-05-11T13:22:52.892 INFO:journalctl@ceph.mon.a.smithi037.stdout:May 11 13:22:52 smithi037 ceph-mon[30131]: mgrmap e9: x(active, since 19s)
2024-05-11T13:22:52.892 INFO:journalctl@ceph.mgr.x.smithi037.stdout:May 11 13:22:52 smithi037 ceph-45d40506-0f99-11ef-bc98-c7b262605968-mgr-x[30362]:
2024-05-11T13:22:52.618+0000 7f51e52fe200 -1 mgr[py] Module progress has missing NOTIFY_TYPES member
2024-05-11T13:22:52.893 INFO:journalctl@ceph.mgr.x.smithi037.stdout:May 11 13:22:52 smithi037 ceph-45d40506-0f99-11ef-bc98-c7b262605968-mgr-x[30362]:
2024-05-11T13:22:52.708+0000 7f51e52fe200 -1 mgr[py] Module influx has missing NOTIFY_TYPES member
2024-05-11T13:22:52.904 INFO:teuthology.orchestra.run.smithi037.stdout:/usr/bin/ceph: stderr
2024-05-11T13:22:50.874+0000 7f756804b700 1 Processor -- start
2024-05-11T13:22:52.904 INFO:teuthology.orchestra.run.smithi037.stdout:/usr/bin/ceph: stderr
2024-05-11T13:22:50.874+0000 7f756804b700 1 -- start start
2024-05-11T13:22:52.904 INFO:teuthology.orchestra.run.smithi037.stdout:/usr/bin/ceph: stderr
2024-05-11T13:22:50.874+0000 7f756804b700 1 --2- >> [v2:172.21.15.37:3300/0,v1:172.21.15.37:6789/0] conn(0x7f7560108e80 0x7f75601092a0 unknown :-1 s=NONE pgs=0 cs=0 l=0 rev1=0 crypto rx=0 tx=0 comp rx=0 tx=0).connect
2024-05-11T13:22:52.904 INFO:teuthology.orchestra.run.smithi037.stdout:/usr/bin/ceph: stderr
2024-05-11T13:22:50.874+0000 7f756804b700 1 -- --> [v2:172.21.15.37:3300/0,v1:172.21.15.37:6789/0] -- mon_getmap magic: 0 -- 0x7f75601097e0 con 0x7f7560108e80
2024-05-11T13:22:52.904 INFO:teuthology.orchestra.run.smithi037.stdout:/usr/bin/ceph: stderr
2024-05-11T13:22:50.874+0000 7f7565de7700 1 --2- >> [v2:172.21.15.37:3300/0,v1:172.21.15.37:6789/0] conn(0x7f7560108e80 0x7f75601092a0 unknown :-1 s=BANNER_CONNECTING pgs=0 cs=0 l=0 rev1=0 crypto rx=0 tx=0 comp rx=0 tx=0)._handle_peer_banner_payload supported=3 required=0
2024-05-11T13:22:52.904 INFO:teuthology.orchestra.run.smithi037.stdout:/usr/bin/ceph: stderr
2024-05-11T13:22:50.874+0000 7f7565de7700 1 --2- >> [v2:172.21.15.37:3300/0,v1:172.21.15.37:6789/0] conn(0x7f7560108e80 0x7f75601092a0 unknown :-1 s=HELLO_CONNECTING pgs=0 cs=0 l=0 rev1=1 crypto rx=0 tx=0 comp rx=0 tx=0).handle_hello peer v2:172.21.15.37:3300/0 says I am v2:172.21.15.37:45532/0 (socket says 172.21.15.37:45532)
2024-05-11T13:22:52.904 INFO:teuthology.orchestra.run.smithi037.stdout:/usr/bin/ceph: stderr
2024-05-11T13:22:50.874+0000 7f7565de7700 1 -- 172.21.15.37:0/3835581777 learned_addr learned my addr 172.21.15.37:0/3835581777 (peer_addr_for_me v2:172.21.15.37:0/0)
2024-05-11T13:22:52.904 INFO:teuthology.orchestra.run.smithi037.stdout:/usr/bin/ceph: stderr
2024-05-11T13:22:50.875+0000 7f7565de7700 1 -- 172.21.15.37:0/3835581777 --> [v2:172.21.15.37:3300/0,v1:172.21.15.37:6789/0] -- mon_subscribe({config=0+,monmap=0+}) -- 0x7f756010a070 con 0x7f7560108e80
2024-05-11T13:22:52.905 INFO:teuthology.orchestra.run.smithi037.stdout:/usr/bin/ceph: stderr
2024-05-11T13:22:50.875+0000 7f7565de7700 1 --2- 172.21.15.37:0/3835581777 >> [v2:172.21.15.37:3300/0,v1:172.21.15.37:6789/0] conn(0x7f7560108e80 0x7f75601092a0 secure :-1 s=READY pgs=55 cs=0 l=1 rev1=1 crypto rx=0x7f755c0098a0 tx=0x7f755c009bb0 comp rx=0 tx=0).ready entity=mon.0 client_cookie=e31a4cc61ae73e52 server_cookie=0 in_seq=0 out_seq=0
2024-05-11T13:22:52.905 INFO:teuthology.orchestra.run.smithi037.stdout:/usr/bin/ceph: stderr
2024-05-11T13:22:50.875+0000 7f7564de5700 1 -- 172.21.15.37:0/3835581777 <== mon.0 v2:172.21.15.37:3300/0 1 ==== mon_map magic: 0 ==== 205+0+0 (secure 0 0 0) 0x7f755c004160 con 0x7f7560108e80
2024-05-11T13:22:52.905 INFO:teuthology.orchestra.run.smithi037.stdout:/usr/bin/ceph: stderr
2024-05-11T13:22:50.875+0000 7f7564de5700 1 -- 172.21.15.37:0/3835581777 <== mon.0 v2:172.21.15.37:3300/0 2 ==== config(26 keys) ==== 1101+0+0 (secure 0 0 0) 0x7f755c004300 con 0x7f7560108e80
2024-05-11T13:22:52.905 INFO:teuthology.orchestra.run.smithi037.stdout:/usr/bin/ceph: stderr
2024-05-11T13:22:50.875+0000 7f7564de5700 1 -- 172.21.15.37:0/3835581777 <== mon.0 v2:172.21.15.37:3300/0 3 ==== mon_map magic: 0 ==== 205+0+0 (secure 0 0 0) 0x7f755c011a20 con 0x7f7560108e80
2024-05-11T13:22:52.905 INFO:teuthology.orchestra.run.smithi037.stdout:/usr/bin/ceph: stderr
2024-05-11T13:22:50.876+0000 7f756804b700 1 -- 172.21.15.37:0/3835581777 >> [v2:172.21.15.37:3300/0,v1:172.21.15.37:6789/0] conn(0x7f7560108e80 msgr2=0x7f75601092a0 secure :-1 s=STATE_CONNECTION_ESTABLISHED l=1).mark_down
2024-05-11T13:22:52.905 INFO:teuthology.orchestra.run.smithi037.stdout:/usr/bin/ceph: stderr
2024-05-11T13:22:50.876+0000 7f756804b700 1 --2- 172.21.15.37:0/3835581777 >> [v2:172.21.15.37:3300/0,v1:172.21.15.37:6789/0] conn(0x7f7560108e80 0x7f75601092a0 secure :-1 s=READY pgs=55 cs=0 l=1 rev1=1 crypto rx=0x7f755c0098a0 tx=0x7f755c009bb0 comp rx=0 tx=0).stop
2024-05-11T13:22:52.905 INFO:teuthology.orchestra.run.smithi037.stdout:/usr/bin/ceph: stderr
2024-05-11T13:22:50.876+0000 7f756804b700 1 -- 172.21.15.37:0/3835581777 shutdown_connections
2024-05-11T13:22:52.905 INFO:teuthology.orchestra.run.smithi037.stdout:/usr/bin/ceph: stderr
2024-05-11T13:22:50.876+0000 7f756804b700 1 --2- 172.21.15.37:0/3835581777 >> [v2:172.21.15.37:3300/0,v1:172.21.15.37:6789/0] conn(0x7f7560108e80 0x7f75601092a0 unknown :-1 s=CLOSED pgs=55 cs=0 l=1 rev1=1 crypto rx=0 tx=0 comp rx=0 tx=0).stop
2024-05-11T13:22:52.905 INFO:teuthology.orchestra.run.smithi037.stdout:/usr/bin/ceph: stderr
2024-05-11T13:22:50.876+0000 7f756804b700 1 -- 172.21.15.37:0/3835581777 >> 172.21.15.37:0/3835581777 conn(0x7f7560104530 msgr2=0x7f7560106950 unknown :-1 s=STATE_NONE l=0).mark_down
2024-05-11T13:22:52.905 INFO:teuthology.orchestra.run.smithi037.stdout:/usr/bin/ceph: stderr
2024-05-11T13:22:50.876+0000 7f756804b700 1 -- 172.21.15.37:0/3835581777 shutdown_connections
2024-05-11T13:22:52.905 INFO:teuthology.orchestra.run.smithi037.stdout:/usr/bin/ceph: stderr
2024-05-11T13:22:50.876+0000 7f756804b700 1 -- 172.21.15.37:0/3835581777 wait complete.
2024-05-11T13:22:52.905 INFO:teuthology.orchestra.run.smithi037.stdout:/usr/bin/ceph: stderr
2024-05-11T13:22:50.876+0000 7f756804b700 1 Processor -- start
2024-05-11T13:22:52.905 INFO:teuthology.orchestra.run.smithi037.stdout:/usr/bin/ceph: stderr
2024-05-11T13:22:50.877+0000 7f756804b700 1 -- start start
2024-05-11T13:22:52.905 INFO:teuthology.orchestra.run.smithi037.stdout:/usr/bin/ceph: stderr
2024-05-11T13:22:50.877+0000 7f756804b700 1 --2- >> [v2:172.21.15.37:3300/0,v1:172.21.15.37:6789/0] conn(0x7f7560108e80 0x7f756007eb90 unknown :-1 s=NONE pgs=0 cs=0 l=1 rev1=0 crypto rx=0 tx=0 comp rx=0 tx=0).connect
2024-05-11T13:22:52.906 INFO:teuthology.orchestra.run.smithi037.stdout:/usr/bin/ceph: stderr
2024-05-11T13:22:50.877+0000 7f756804b700 1 -- --> [v2:172.21.15.37:3300/0,v1:172.21.15.37:6789/0] -- mon_getmap magic: 0 -- 0x7f756010d330 con 0x7f7560108e80
2024-05-11T13:22:52.906 INFO:teuthology.orchestra.run.smithi037.stdout:/usr/bin/ceph: stderr
2024-05-11T13:22:50.877+0000 7f7565de7700 1 --2- >> [v2:172.21.15.37:3300/0,v1:172.21.15.37:6789/0] conn(0x7f7560108e80 0x7f756007eb90 unknown :-1 s=BANNER_CONNECTING pgs=0 cs=0 l=1 rev1=0 crypto rx=0 tx=0 comp rx=0 tx=0)._handle_peer_banner_payload supported=3 required=0
2024-05-11T13:22:52.906 INFO:teuthology.orchestra.run.smithi037.stdout:/usr/bin/ceph: stderr
2024-05-11T13:22:50.877+0000 7f7565de7700 1 --2- >> [v2:172.21.15.37:3300/0,v1:172.21.15.37:6789/0] conn(0x7f7560108e80 0x7f756007eb90 unknown :-1 s=HELLO_CONNECTING pgs=0 cs=0 l=1 rev1=1 crypto rx=0 tx=0 comp rx=0 tx=0).handle_hello peer v2:172.21.15.37:3300/0 says I am v2:172.21.15.37:45544/0 (socket says 172.21.15.37:45544)
2024-05-11T13:22:52.906 INFO:teuthology.orchestra.run.smithi037.stdout:/usr/bin/ceph: stderr
2024-05-11T13:22:50.877+0000 7f7565de7700 1 -- 172.21.15.37:0/271110859 learned_addr learned my addr 172.21.15.37:0/271110859 (peer_addr_for_me v2:172.21.15.37:0/0)
2024-05-11T13:22:52.906 INFO:teuthology.orchestra.run.smithi037.stdout:/usr/bin/ceph: stderr
2024-05-11T13:22:50.877+0000 7f7565de7700 1 -- 172.21.15.37:0/271110859 --> [v2:172.21.15.37:3300/0,v1:172.21.15.37:6789/0] -- mon_subscribe({config=0+,monmap=0+}) -- 0x7f756007f0d0 con 0x7f7560108e80
2024-05-11T13:22:52.906 INFO:teuthology.orchestra.run.smithi037.stdout:/usr/bin/ceph: stderr
2024-05-11T13:22:50.877+0000 7f7565de7700 1 --2- 172.21.15.37:0/271110859 >> [v2:172.21.15.37:3300/0,v1:172.21.15.37:6789/0] conn(0x7f7560108e80 0x7f756007eb90 secure :-1 s=READY pgs=56 cs=0 l=1 rev1=1 crypto rx=0x7f755c0119f0 tx=0x7f755c011ad0 comp rx=0 tx=0).ready entity=mon.0 client_cookie=0 server_cookie=0 in_seq=0 out_seq=0
2024-05-11T13:22:52.906 INFO:teuthology.orchestra.run.smithi037.stdout:/usr/bin/ceph: stderr
2024-05-11T13:22:50.877+0000 7f7556ffd700 1 -- 172.21.15.37:0/271110859 <== mon.0 v2:172.21.15.37:3300/0 1 ==== mon_map magic: 0 ==== 205+0+0 (secure 0 0 0) 0x7f755c0039e0 con 0x7f7560108e80
2024-05-11T13:22:52.906 INFO:teuthology.orchestra.run.smithi037.stdout:/usr/bin/ceph: stderr
2024-05-11T13:22:50.877+0000 7f756804b700 1 -- 172.21.15.37:0/271110859 --> [v2:172.21.15.37:3300/0,v1:172.21.15.37:6789/0] -- mon_subscribe({mgrmap=0+}) -- 0x7f756007d2c0 con 0x7f7560108e80
2024-05-11T13:22:52.906 INFO:teuthology.orchestra.run.smithi037.stdout:/usr/bin/ceph: stderr
2024-05-11T13:22:50.877+0000 7f7556ffd700 1 -- 172.21.15.37:0/271110859 <== mon.0 v2:172.21.15.37:3300/0 2 ==== config(26 keys) ==== 1101+0+0 (secure 0 0 0) 0x7f755c01b8f0 con 0x7f7560108e80
2024-05-11T13:22:52.906 INFO:teuthology.orchestra.run.smithi037.stdout:/usr/bin/ceph: stderr
2024-05-11T13:22:50.877+0000 7f7556ffd700 1 -- 172.21.15.37:0/271110859 <== mon.0 v2:172.21.15.37:3300/0 3 ==== mon_map magic: 0 ==== 205+0+0 (secure 0 0 0) 0x7f755c0237a0 con 0x7f7560108e80
2024-05-11T13:22:52.906 INFO:teuthology.orchestra.run.smithi037.stdout:/usr/bin/ceph: stderr
2024-05-11T13:22:50.878+0000 7f756804b700 1 -- 172.21.15.37:0/271110859 --> [v2:172.21.15.37:3300/0,v1:172.21.15.37:6789/0] -- mon_subscribe({osdmap=0}) -- 0x7f756007d800 con 0x7f7560108e80
2024-05-11T13:22:52.906 INFO:teuthology.orchestra.run.smithi037.stdout:/usr/bin/ceph: stderr
2024-05-11T13:22:50.879+0000 7f7556ffd700 1 -- 172.21.15.37:0/271110859 <== mon.0 v2:172.21.15.37:3300/0 4 ==== mgrmap(e 8) ==== 50222+0+0 (secure 0 0 0) 0x7f755c023aa0 con 0x7f7560108e80
2024-05-11T13:22:52.906 INFO:teuthology.orchestra.run.smithi037.stdout:/usr/bin/ceph: stderr
2024-05-11T13:22:50.879+0000 7f756804b700 1 -- 172.21.15.37:0/271110859 --> [v2:172.21.15.37:3300/0,v1:172.21.15.37:6789/0] -- mon_command({"prefix": "get_command_descriptions"} v 0) -- 0x7f7560064bb0 con 0x7f7560108e80
2024-05-11T13:22:52.907 INFO:teuthology.orchestra.run.smithi037.stdout:/usr/bin/ceph: stderr
2024-05-11T13:22:50.879+0000 7f7556ffd700 1 --2- 172.21.15.37:0/271110859 >> [v2:172.21.15.37:6800/1789127780,v1:172.21.15.37:6801/1789127780] conn(0x7f754c03e420 0x7f754c0408e0 unknown :-1 s=NONE pgs=0 cs=0 l=1 rev1=0 crypto rx=0 tx=0 comp rx=0 tx=0).connect
2024-05-11T13:22:52.907 INFO:teuthology.orchestra.run.smithi037.stdout:/usr/bin/ceph: stderr
2024-05-11T13:22:50.879+0000 7f7556ffd700 1 -- 172.21.15.37:0/271110859 <== mon.0 v2:172.21.15.37:3300/0 5 ==== osd_map(2..2 src has 1..2) ==== 940+0+0 (secure 0 0 0) 0x7f755c053e10 con 0x7f7560108e80
2024-05-11T13:22:52.907 INFO:teuthology.orchestra.run.smithi037.stdout:/usr/bin/ceph: stderr
2024-05-11T13:22:50.879+0000 7f75655e6700 1 --2- 172.21.15.37:0/271110859 >> [v2:172.21.15.37:6800/1789127780,v1:172.21.15.37:6801/1789127780] conn(0x7f754c03e420 0x7f754c0408e0 unknown :-1 s=BANNER_CONNECTING pgs=0 cs=0 l=1 rev1=0 crypto rx=0 tx=0 comp rx=0 tx=0)._handle_peer_banner_payload supported=3 required=0
2024-05-11T13:22:52.907 INFO:teuthology.orchestra.run.smithi037.stdout:/usr/bin/ceph: stderr
2024-05-11T13:22:50.879+0000 7f75655e6700 1 --2- 172.21.15.37:0/271110859 >> [v2:172.21.15.37:6800/1789127780,v1:172.21.15.37:6801/1789127780] conn(0x7f754c03e420 0x7f754c0408e0 secure :-1 s=READY pgs=16 cs=0 l=1 rev1=1 crypto rx=0x7f7550006fd0 tx=0x7f7550006e40 comp rx=0 tx=0).ready entity=mgr.14120 client_cookie=0 server_cookie=0 in_seq=0 out_seq=0
2024-05-11T13:22:52.907 INFO:teuthology.orchestra.run.smithi037.stdout:/usr/bin/ceph: stderr
2024-05-11T13:22:50.884+0000 7f7556ffd700 1 -- 172.21.15.37:0/271110859 <== mon.0 v2:172.21.15.37:3300/0 6 ==== mon_command_ack([{"prefix": "get_command_descriptions"}]=0 v0) ==== 72+0+191963 (secure 0 0 0) 0x7f755c01f030 con 0x7f7560108e80
2024-05-11T13:22:52.907 INFO:teuthology.orchestra.run.smithi037.stdout:/usr/bin/ceph: stderr
2024-05-11T13:22:51.177+0000 7f756804b700 1 -- 172.21.15.37:0/271110859 --> [v2:172.21.15.37:3300/0,v1:172.21.15.37:6789/0] -- mon_command({"prefix": "mgr module enable", "module": "dashboard"} v 0) -- 0x7f756007da80 con 0x7f7560108e80
2024-05-11T13:22:52.907 INFO:teuthology.orchestra.run.smithi037.stdout:/usr/bin/ceph: stderr
2024-05-11T13:22:51.806+0000 7f7556ffd700 1 -- 172.21.15.37:0/271110859 <== mon.0 v2:172.21.15.37:3300/0 7 ==== mon_command_ack([{"prefix": "mgr module enable", "module": "dashboard"}]=0 v9) ==== 88+0+0 (secure 0 0 0) 0x7f755c00f2e0 con 0x7f7560108e80
2024-05-11T13:22:52.907 INFO:teuthology.orchestra.run.smithi037.stdout:/usr/bin/ceph: stderr
2024-05-11T13:22:51.808+0000 7f7556ffd700 1 -- 172.21.15.37:0/271110859 <== mon.0 v2:172.21.15.37:3300/0 8 ==== mgrmap(e 9) ==== 50235+0+0 (secure 0 0 0) 0x7f755c02b350 con 0x7f7560108e80
2024-05-11T13:22:52.907 INFO:teuthology.orchestra.run.smithi037.stdout:/usr/bin/ceph: stderr
2024-05-11T13:22:51.810+0000 7f756804b700 1 -- 172.21.15.37:0/271110859 >> [v2:172.21.15.37:6800/1789127780,v1:172.21.15.37:6801/1789127780] conn(0x7f754c03e420 msgr2=0x7f754c0408e0 secure :-1 s=STATE_CONNECTION_ESTABLISHED l=1).mark_down
2024-05-11T13:22:52.907 INFO:teuthology.orchestra.run.smithi037.stdout:/usr/bin/ceph: stderr
2024-05-11T13:22:51.810+0000 7f756804b700 1 --2- 172.21.15.37:0/271110859 >> [v2:172.21.15.37:6800/1789127780,v1:172.21.15.37:6801/1789127780] conn(0x7f754c03e420 0x7f754c0408e0 secure :-1 s=READY pgs=16 cs=0 l=1 rev1=1 crypto rx=0x7f7550006fd0 tx=0x7f7550006e40 comp rx=0 tx=0).stop
2024-05-11T13:22:52.907 INFO:teuthology.orchestra.run.smithi037.stdout:/usr/bin/ceph: stderr
2024-05-11T13:22:51.810+0000 7f756804b700 1 -- 172.21.15.37:0/271110859 >> [v2:172.21.15.37:3300/0,v1:172.21.15.37:6789/0] conn(0x7f7560108e80 msgr2=0x7f756007eb90 secure :-1 s=STATE_CONNECTION_ESTABLISHED l=1).mark_down
2024-05-11T13:22:52.907 INFO:teuthology.orchestra.run.smithi037.stdout:/usr/bin/ceph: stderr
2024-05-11T13:22:51.810+0000 7f756804b700 1 --2- 172.21.15.37:0/271110859 >> [v2:172.21.15.37:3300/0,v1:172.21.15.37:6789/0] conn(0x7f7560108e80 0x7f756007eb90 secure :-1 s=READY pgs=56 cs=0 l=1 rev1=1 crypto rx=0x7f755c0119f0 tx=0x7f755c011ad0 comp rx=0 tx=0).stop
2024-05-11T13:22:52.907 INFO:teuthology.orchestra.run.smithi037.stdout:/usr/bin/ceph: stderr
2024-05-11T13:22:51.810+0000 7f756804b700 1 -- 172.21.15.37:0/271110859 shutdown_connections
2024-05-11T13:22:52.907 INFO:teuthology.orchestra.run.smithi037.stdout:/usr/bin/ceph: stderr
2024-05-11T13:22:51.810+0000 7f756804b700 1 --2- 172.21.15.37:0/271110859 >> [v2:172.21.15.37:6800/1789127780,v1:172.21.15.37:6801/1789127780] conn(0x7f754c03e420 0x7f754c0408e0 unknown :-1 s=CLOSED pgs=16 cs=0 l=1 rev1=1 crypto rx=0 tx=0 comp rx=0 tx=0).stop
2024-05-11T13:22:52.908 INFO:teuthology.orchestra.run.smithi037.stdout:/usr/bin/ceph: stderr
2024-05-11T13:22:51.810+0000 7f756804b700 1 --2- 172.21.15.37:0/271110859 >> [v2:172.21.15.37:3300/0,v1:172.21.15.37:6789/0] conn(0x7f7560108e80 0x7f756007eb90 unknown :-1 s=CLOSED pgs=56 cs=0 l=1 rev1=1 crypto rx=0 tx=0 comp rx=0 tx=0).stop
2024-05-11T13:22:52.908 INFO:teuthology.orchestra.run.smithi037.stdout:/usr/bin/ceph: stderr
2024-05-11T13:22:51.810+0000 7f756804b700 1 -- 172.21.15.37:0/271110859 >> 172.21.15.37:0/271110859 conn(0x7f7560104530 msgr2=0x7f7560105070 unknown :-1 s=STATE_NONE l=0).mark_down
2024-05-11T13:22:52.908 INFO:teuthology.orchestra.run.smithi037.stdout:/usr/bin/ceph: stderr
2024-05-11T13:22:51.810+0000 7f756804b700 1 -- 172.21.15.37:0/271110859 shutdown_connections
2024-05-11T13:22:52.908 INFO:teuthology.orchestra.run.smithi037.stdout:/usr/bin/ceph: stderr
2024-05-11T13:22:51.810+0000 7f756804b700 1 -- 172.21.15.37:0/271110859 wait complete.
2024-05-11T13:22:53.897 INFO:journalctl@ceph.mon.a.smithi037.stdout:May 11 13:22:53 smithi037 ceph-mon[30131]: from='client.? 172.21.15.37:0/2408422032' entity='client.admin' cmd=[{"prefix": "mgr stat"}]: dispatch
