2024-05-11T13:22:26.897 INFO:journalctl@ceph.mon.a.smithi037.stdout:May 11 13:22:26 smithi037 ceph-mon[30131]: from='client.? 172.21.15.37:0/2977054769' entity='client.admin' cmd=[{"prefix": "mgr stat"}]: dispatch
2024-05-11T13:22:26.898 INFO:journalctl@ceph.mgr.x.smithi037.stdout:May 11 13:22:26 smithi037 ceph-45d40506-0f99-11ef-bc98-c7b262605968-mgr-x[30362]:
2024-05-11T13:22:26.768+0000 7fbbf60f9200 -1 mgr[py] Module telegraf has missing NOTIFY_TYPES member
2024-05-11T13:22:27.168 INFO:journalctl@ceph.mgr.x.smithi037.stdout:May 11 13:22:26 smithi037 ceph-45d40506-0f99-11ef-bc98-c7b262605968-mgr-x[30362]:
2024-05-11T13:22:26.959+0000 7fbbf60f9200 -1 mgr[py] Module osd_support has missing NOTIFY_TYPES member
2024-05-11T13:22:27.168 INFO:journalctl@ceph.mgr.x.smithi037.stdout:May 11 13:22:27 smithi037 ceph-45d40506-0f99-11ef-bc98-c7b262605968-mgr-x[30362]:
2024-05-11T13:22:27.139+0000 7fbbf60f9200 -1 mgr[py] Module iostat has missing NOTIFY_TYPES member
2024-05-11T13:22:27.753 INFO:journalctl@ceph.mgr.x.smithi037.stdout:May 11 13:22:27 smithi037 ceph-45d40506-0f99-11ef-bc98-c7b262605968-mgr-x[30362]:
2024-05-11T13:22:27.444+0000 7fbbf60f9200 -1 mgr[py] Module alerts has missing NOTIFY_TYPES member
2024-05-11T13:22:27.753 INFO:journalctl@ceph.mgr.x.smithi037.stdout:May 11 13:22:27 smithi037 ceph-45d40506-0f99-11ef-bc98-c7b262605968-mgr-x[30362]:
2024-05-11T13:22:27.541+0000 7fbbf60f9200 -1 mgr[py] Module selftest has missing NOTIFY_TYPES member
2024-05-11T13:22:27.753 INFO:journalctl@ceph.mgr.x.smithi037.stdout:May 11 13:22:27 smithi037 ceph-45d40506-0f99-11ef-bc98-c7b262605968-mgr-x[30362]:
2024-05-11T13:22:27.752+0000 7fbbf60f9200 -1 mgr[py] Module pg_autoscaler has missing NOTIFY_TYPES member
2024-05-11T13:22:28.147 INFO:journalctl@ceph.mgr.x.smithi037.stdout:May 11 13:22:27 smithi037 ceph-45d40506-0f99-11ef-bc98-c7b262605968-mgr-x[30362]:
2024-05-11T13:22:27.956+0000 7fbbf60f9200 -1 mgr[py] Module test_orchestrator has missing NOTIFY_TYPES member
2024-05-11T13:22:28.828 INFO:journalctl@ceph.mgr.x.smithi037.stdout:May 11 13:22:28 smithi037 ceph-45d40506-0f99-11ef-bc98-c7b262605968-mgr-x[30362]:
2024-05-11T13:22:28.596+0000 7fbbf60f9200 -1 mgr[py] Module rook has missing NOTIFY_TYPES member
2024-05-11T13:22:28.828 INFO:journalctl@ceph.mgr.x.smithi037.stdout:May 11 13:22:28 smithi037 ceph-45d40506-0f99-11ef-bc98-c7b262605968-mgr-x[30362]:
2024-05-11T13:22:28.827+0000 7fbbf60f9200 -1 mgr[py] Module smb has missing NOTIFY_TYPES member
2024-05-11T13:22:29.647 INFO:journalctl@ceph.mgr.x.smithi037.stdout:May 11 13:22:29 smithi037 ceph-45d40506-0f99-11ef-bc98-c7b262605968-mgr-x[30362]:
2024-05-11T13:22:29.269+0000 7fbbf60f9200 -1 mgr[py] Module volumes has missing NOTIFY_TYPES member
2024-05-11T13:22:29.647 INFO:journalctl@ceph.mgr.x.smithi037.stdout:May 11 13:22:29 smithi037 ceph-45d40506-0f99-11ef-bc98-c7b262605968-mgr-x[30362]:
2024-05-11T13:22:29.369+0000 7fbbf60f9200 -1 mgr[py] Module crash has missing NOTIFY_TYPES member
2024-05-11T13:22:30.131 INFO:journalctl@ceph.mgr.x.smithi037.stdout:May 11 13:22:29 smithi037 ceph-45d40506-0f99-11ef-bc98-c7b262605968-mgr-x[30362]:
2024-05-11T13:22:29.754+0000 7fbbf60f9200 -1 mgr[py] Module rgw has missing NOTIFY_TYPES member
2024-05-11T13:22:30.131 INFO:journalctl@ceph.mgr.x.smithi037.stdout:May 11 13:22:30 smithi037 ceph-45d40506-0f99-11ef-bc98-c7b262605968-mgr-x[30362]:
2024-05-11T13:22:30.130+0000 7fbbf60f9200 -1 mgr[py] Module prometheus has missing NOTIFY_TYPES member
2024-05-11T13:22:30.397 INFO:journalctl@ceph.mgr.x.smithi037.stdout:May 11 13:22:30 smithi037 ceph-45d40506-0f99-11ef-bc98-c7b262605968-mgr-x[30362]:
2024-05-11T13:22:30.227+0000 7fbbf60f9200 -1 mgr[py] Module devicehealth has missing NOTIFY_TYPES member
2024-05-11T13:22:30.897 INFO:journalctl@ceph.mgr.x.smithi037.stdout:May 11 13:22:30 smithi037 ceph-45d40506-0f99-11ef-bc98-c7b262605968-mgr-x[30362]:
2024-05-11T13:22:30.481+0000 7fbbf60f9200 -1 mgr[py] Module telemetry has missing NOTIFY_TYPES member
2024-05-11T13:22:30.897 INFO:journalctl@ceph.mgr.x.smithi037.stdout:May 11 13:22:30 smithi037 ceph-45d40506-0f99-11ef-bc98-c7b262605968-mgr-x[30362]:
2024-05-11T13:22:30.621+0000 7fbbf60f9200 -1 mgr[py] Module diskprediction_local has missing NOTIFY_TYPES member
2024-05-11T13:22:30.897 INFO:journalctl@ceph.mgr.x.smithi037.stdout:May 11 13:22:30 smithi037 ceph-45d40506-0f99-11ef-bc98-c7b262605968-mgr-x[30362]:
2024-05-11T13:22:30.721+0000 7fbbf60f9200 -1 mgr[py] Module osd_perf_query has missing NOTIFY_TYPES member
2024-05-11T13:22:31.397 INFO:journalctl@ceph.mgr.x.smithi037.stdout:May 11 13:22:31 smithi037 ceph-45d40506-0f99-11ef-bc98-c7b262605968-mgr-x[30362]:
2024-05-11T13:22:31.061+0000 7fbbf60f9200 -1 mgr[py] Module rbd_support has missing NOTIFY_TYPES member
2024-05-11T13:22:31.397 INFO:journalctl@ceph.mgr.x.smithi037.stdout:May 11 13:22:31 smithi037 ceph-45d40506-0f99-11ef-bc98-c7b262605968-mgr-x[30362]:
2024-05-11T13:22:31.157+0000 7fbbf60f9200 -1 mgr[py] Module zabbix has missing NOTIFY_TYPES member
2024-05-11T13:22:32.072 INFO:journalctl@ceph.mgr.x.smithi037.stdout:May 11 13:22:31 smithi037 ceph-45d40506-0f99-11ef-bc98-c7b262605968-mgr-x[30362]:
2024-05-11T13:22:31.790+0000 7fbbf60f9200 -1 mgr[py] Module status has missing NOTIFY_TYPES member
2024-05-11T13:22:32.072 INFO:journalctl@ceph.mgr.x.smithi037.stdout:May 11 13:22:32 smithi037 ceph-45d40506-0f99-11ef-bc98-c7b262605968-mgr-x[30362]:
2024-05-11T13:22:32.018+0000 7fbbf60f9200 -1 mgr[py] Module nfs has missing NOTIFY_TYPES member
2024-05-11T13:22:32.397 INFO:journalctl@ceph.mon.a.smithi037.stdout:May 11 13:22:32 smithi037 ceph-mon[30131]: Active manager daemon x restarted
2024-05-11T13:22:32.397 INFO:journalctl@ceph.mon.a.smithi037.stdout:May 11 13:22:32 smithi037 ceph-mon[30131]: Activating manager daemon x
2024-05-11T13:22:32.397 INFO:journalctl@ceph.mon.a.smithi037.stdout:May 11 13:22:32 smithi037 ceph-mon[30131]: osdmap e2: 0 total, 0 up, 0 in
2024-05-11T13:22:32.397 INFO:journalctl@ceph.mon.a.smithi037.stdout:May 11 13:22:32 smithi037 ceph-mon[30131]: mgrmap e6: x(active, starting, since 0.00362657s)
2024-05-11T13:22:32.398 INFO:journalctl@ceph.mon.a.smithi037.stdout:May 11 13:22:32 smithi037 ceph-mon[30131]: from='mgr.14120 172.21.15.37:0/3589202229' entity='mgr.x' cmd=[{"prefix": "mon metadata", "id": "a"}]: dispatch
2024-05-11T13:22:32.398 INFO:journalctl@ceph.mon.a.smithi037.stdout:May 11 13:22:32 smithi037 ceph-mon[30131]: from='mgr.14120 172.21.15.37:0/3589202229' entity='mgr.x' cmd=[{"prefix": "mgr metadata", "who": "x", "id": "x"}]: dispatch
2024-05-11T13:22:32.398 INFO:journalctl@ceph.mon.a.smithi037.stdout:May 11 13:22:32 smithi037 ceph-mon[30131]: from='mgr.14120 172.21.15.37:0/3589202229' entity='mgr.x' cmd=[{"prefix": "mds metadata"}]: dispatch
2024-05-11T13:22:32.398 INFO:journalctl@ceph.mon.a.smithi037.stdout:May 11 13:22:32 smithi037 ceph-mon[30131]: from='mgr.14120 172.21.15.37:0/3589202229' entity='mgr.x' cmd=[{"prefix": "osd metadata"}]: dispatch
2024-05-11T13:22:32.398 INFO:journalctl@ceph.mon.a.smithi037.stdout:May 11 13:22:32 smithi037 ceph-mon[30131]: from='mgr.14120 172.21.15.37:0/3589202229' entity='mgr.x' cmd=[{"prefix": "mon metadata"}]: dispatch
2024-05-11T13:22:32.398 INFO:journalctl@ceph.mon.a.smithi037.stdout:May 11 13:22:32 smithi037 ceph-mon[30131]: Manager daemon x is now available
2024-05-11T13:22:32.398 INFO:journalctl@ceph.mon.a.smithi037.stdout:May 11 13:22:32 smithi037 ceph-mon[30131]: from='mgr.14120 172.21.15.37:0/3589202229' entity='mgr.x'
2024-05-11T13:22:32.398 INFO:journalctl@ceph.mon.a.smithi037.stdout:May 11 13:22:32 smithi037 ceph-mon[30131]: from='mgr.14120 172.21.15.37:0/3589202229' entity='mgr.x'
2024-05-11T13:22:32.398 INFO:journalctl@ceph.mon.a.smithi037.stdout:May 11 13:22:32 smithi037 ceph-mon[30131]: from='mgr.14120 172.21.15.37:0/3589202229' entity='mgr.x' cmd=[{"prefix": "config dump", "format": "json"}]: dispatch
2024-05-11T13:22:32.398 INFO:journalctl@ceph.mon.a.smithi037.stdout:May 11 13:22:32 smithi037 ceph-mon[30131]: from='mgr.14120 172.21.15.37:0/3589202229' entity='mgr.x' cmd=[{"prefix": "config dump", "format": "json"}]: dispatch
2024-05-11T13:22:33.397 INFO:journalctl@ceph.mon.a.smithi037.stdout:May 11 13:22:33 smithi037 ceph-mon[30131]: Found migration_current of "None". Setting to last migration.
2024-05-11T13:22:33.397 INFO:journalctl@ceph.mon.a.smithi037.stdout:May 11 13:22:33 smithi037 ceph-mon[30131]: from='mgr.14120 172.21.15.37:0/3589202229' entity='mgr.x' cmd=[{"prefix":"config rm","who":"mgr","name":"mgr/rbd_support/x/mirror_snapshot_schedule"}]: dispatch
2024-05-11T13:22:33.397 INFO:journalctl@ceph.mon.a.smithi037.stdout:May 11 13:22:33 smithi037 ceph-mon[30131]: from='mgr.14120 172.21.15.37:0/3589202229' entity='mgr.x' cmd=[{"prefix":"config rm","who":"mgr","name":"mgr/rbd_support/x/trash_purge_schedule"}]: dispatch
2024-05-11T13:22:33.397 INFO:journalctl@ceph.mon.a.smithi037.stdout:May 11 13:22:33 smithi037 ceph-mon[30131]: mgrmap e7: x(active, since 1.00572s)
2024-05-11T13:22:33.489 INFO:teuthology.orchestra.run.smithi037.stdout:/usr/bin/ceph: stdout {
2024-05-11T13:22:33.489 INFO:teuthology.orchestra.run.smithi037.stdout:/usr/bin/ceph: stdout "mgrmap_epoch": 7,
2024-05-11T13:22:33.489 INFO:teuthology.orchestra.run.smithi037.stdout:/usr/bin/ceph: stdout "initialized": true
2024-05-11T13:22:33.490 INFO:teuthology.orchestra.run.smithi037.stdout:/usr/bin/ceph: stdout }
2024-05-11T13:22:33.490 INFO:teuthology.orchestra.run.smithi037.stdout:/usr/bin/ceph: stderr
2024-05-11T13:22:27.197+0000 7f93ab12f700 1 Processor -- start
2024-05-11T13:22:33.490 INFO:teuthology.orchestra.run.smithi037.stdout:/usr/bin/ceph: stderr
2024-05-11T13:22:27.197+0000 7f93ab12f700 1 -- start start
2024-05-11T13:22:33.490 INFO:teuthology.orchestra.run.smithi037.stdout:/usr/bin/ceph: stderr
2024-05-11T13:22:27.197+0000 7f93ab12f700 1 --2- >> [v2:172.21.15.37:3300/0,v1:172.21.15.37:6789/0] conn(0x7f93a4109970 0x7f93a410bd60 unknown :-1 s=NONE pgs=0 cs=0 l=0 rev1=0 crypto rx=0 tx=0 comp rx=0 tx=0).connect
2024-05-11T13:22:33.490 INFO:teuthology.orchestra.run.smithi037.stdout:/usr/bin/ceph: stderr
2024-05-11T13:22:27.197+0000 7f93ab12f700 1 -- --> [v2:172.21.15.37:3300/0,v1:172.21.15.37:6789/0] -- mon_getmap magic: 0 -- 0x7f93a407ced0 con 0x7f93a4109970
2024-05-11T13:22:33.490 INFO:teuthology.orchestra.run.smithi037.stdout:/usr/bin/ceph: stderr
2024-05-11T13:22:27.197+0000 7f93a8ecb700 1 --2- >> [v2:172.21.15.37:3300/0,v1:172.21.15.37:6789/0] conn(0x7f93a4109970 0x7f93a410bd60 unknown :-1 s=BANNER_CONNECTING pgs=0 cs=0 l=0 rev1=0 crypto rx=0 tx=0 comp rx=0 tx=0)._handle_peer_banner_payload supported=3 required=0
2024-05-11T13:22:33.490 INFO:teuthology.orchestra.run.smithi037.stdout:/usr/bin/ceph: stderr
2024-05-11T13:22:27.197+0000 7f93a8ecb700 1 --2- >> [v2:172.21.15.37:3300/0,v1:172.21.15.37:6789/0] conn(0x7f93a4109970 0x7f93a410bd60 unknown :-1 s=HELLO_CONNECTING pgs=0 cs=0 l=0 rev1=1 crypto rx=0 tx=0 comp rx=0 tx=0).handle_hello peer v2:172.21.15.37:3300/0 says I am v2:172.21.15.37:41472/0 (socket says 172.21.15.37:41472)
2024-05-11T13:22:33.490 INFO:teuthology.orchestra.run.smithi037.stdout:/usr/bin/ceph: stderr
2024-05-11T13:22:27.197+0000 7f93a8ecb700 1 -- 172.21.15.37:0/1606765980 learned_addr learned my addr 172.21.15.37:0/1606765980 (peer_addr_for_me v2:172.21.15.37:0/0)
2024-05-11T13:22:33.490 INFO:teuthology.orchestra.run.smithi037.stdout:/usr/bin/ceph: stderr
2024-05-11T13:22:27.197+0000 7f93a8ecb700 1 -- 172.21.15.37:0/1606765980 --> [v2:172.21.15.37:3300/0,v1:172.21.15.37:6789/0] -- mon_subscribe({config=0+,monmap=0+}) -- 0x7f93a410c2a0 con 0x7f93a4109970
2024-05-11T13:22:33.490 INFO:teuthology.orchestra.run.smithi037.stdout:/usr/bin/ceph: stderr
2024-05-11T13:22:27.198+0000 7f93a8ecb700 1 --2- 172.21.15.37:0/1606765980 >> [v2:172.21.15.37:3300/0,v1:172.21.15.37:6789/0] conn(0x7f93a4109970 0x7f93a410bd60 secure :-1 s=READY pgs=28 cs=0 l=1 rev1=1 crypto rx=0x7f93980098a0 tx=0x7f9398009bb0 comp rx=0 tx=0).ready entity=mon.0 client_cookie=50bd76f14aa34fba server_cookie=0 in_seq=0 out_seq=0
2024-05-11T13:22:33.490 INFO:teuthology.orchestra.run.smithi037.stdout:/usr/bin/ceph: stderr
2024-05-11T13:22:27.198+0000 7f93a37fe700 1 -- 172.21.15.37:0/1606765980 <== mon.0 v2:172.21.15.37:3300/0 1 ==== mon_map magic: 0 ==== 205+0+0 (secure 0 0 0) 0x7f9398004160 con 0x7f93a4109970
2024-05-11T13:22:33.490 INFO:teuthology.orchestra.run.smithi037.stdout:/usr/bin/ceph: stderr
2024-05-11T13:22:27.198+0000 7f93a37fe700 1 -- 172.21.15.37:0/1606765980 <== mon.0 v2:172.21.15.37:3300/0 2 ==== config(26 keys) ==== 1070+0+0 (secure 0 0 0) 0x7f9398004300 con 0x7f93a4109970
2024-05-11T13:22:33.490 INFO:teuthology.orchestra.run.smithi037.stdout:/usr/bin/ceph: stderr
2024-05-11T13:22:27.198+0000 7f93a37fe700 1 -- 172.21.15.37:0/1606765980 <== mon.0 v2:172.21.15.37:3300/0 3 ==== mon_map magic: 0 ==== 205+0+0 (secure 0 0 0) 0x7f9398011af0 con 0x7f93a4109970
2024-05-11T13:22:33.490 INFO:teuthology.orchestra.run.smithi037.stdout:/usr/bin/ceph: stderr
2024-05-11T13:22:27.198+0000 7f93ab12f700 1 -- 172.21.15.37:0/1606765980 >> [v2:172.21.15.37:3300/0,v1:172.21.15.37:6789/0] conn(0x7f93a4109970 msgr2=0x7f93a410bd60 secure :-1 s=STATE_CONNECTION_ESTABLISHED l=1).mark_down
2024-05-11T13:22:33.491 INFO:teuthology.orchestra.run.smithi037.stdout:/usr/bin/ceph: stderr
2024-05-11T13:22:27.198+0000 7f93ab12f700 1 --2- 172.21.15.37:0/1606765980 >> [v2:172.21.15.37:3300/0,v1:172.21.15.37:6789/0] conn(0x7f93a4109970 0x7f93a410bd60 secure :-1 s=READY pgs=28 cs=0 l=1 rev1=1 crypto rx=0x7f93980098a0 tx=0x7f9398009bb0 comp rx=0 tx=0).stop
2024-05-11T13:22:33.491 INFO:teuthology.orchestra.run.smithi037.stdout:/usr/bin/ceph: stderr
2024-05-11T13:22:27.198+0000 7f93ab12f700 1 -- 172.21.15.37:0/1606765980 shutdown_connections
2024-05-11T13:22:33.491 INFO:teuthology.orchestra.run.smithi037.stdout:/usr/bin/ceph: stderr
2024-05-11T13:22:27.198+0000 7f93ab12f700 1 --2- 172.21.15.37:0/1606765980 >> [v2:172.21.15.37:3300/0,v1:172.21.15.37:6789/0] conn(0x7f93a4109970 0x7f93a410bd60 unknown :-1 s=CLOSED pgs=28 cs=0 l=1 rev1=1 crypto rx=0 tx=0 comp rx=0 tx=0).stop
2024-05-11T13:22:33.491 INFO:teuthology.orchestra.run.smithi037.stdout:/usr/bin/ceph: stderr
2024-05-11T13:22:27.198+0000 7f93ab12f700 1 -- 172.21.15.37:0/1606765980 >> 172.21.15.37:0/1606765980 conn(0x7f93a41033a0 msgr2=0x7f93a41057e0 unknown :-1 s=STATE_NONE l=0).mark_down
2024-05-11T13:22:33.491 INFO:teuthology.orchestra.run.smithi037.stdout:/usr/bin/ceph: stderr
2024-05-11T13:22:27.198+0000 7f93ab12f700 1 -- 172.21.15.37:0/1606765980 shutdown_connections
2024-05-11T13:22:33.491 INFO:teuthology.orchestra.run.smithi037.stdout:/usr/bin/ceph: stderr
2024-05-11T13:22:27.198+0000 7f93ab12f700 1 -- 172.21.15.37:0/1606765980 wait complete.
2024-05-11T13:22:33.491 INFO:teuthology.orchestra.run.smithi037.stdout:/usr/bin/ceph: stderr
2024-05-11T13:22:27.199+0000 7f93ab12f700 1 Processor -- start
2024-05-11T13:22:33.491 INFO:teuthology.orchestra.run.smithi037.stdout:/usr/bin/ceph: stderr
2024-05-11T13:22:27.199+0000 7f93ab12f700 1 -- start start
2024-05-11T13:22:33.491 INFO:teuthology.orchestra.run.smithi037.stdout:/usr/bin/ceph: stderr
2024-05-11T13:22:27.199+0000 7f93ab12f700 1 --2- >> [v2:172.21.15.37:3300/0,v1:172.21.15.37:6789/0] conn(0x7f93a4109970 0x7f93a419ce50 unknown :-1 s=NONE pgs=0 cs=0 l=1 rev1=0 crypto rx=0 tx=0 comp rx=0 tx=0).connect
2024-05-11T13:22:33.491 INFO:teuthology.orchestra.run.smithi037.stdout:/usr/bin/ceph: stderr
2024-05-11T13:22:27.199+0000 7f93ab12f700 1 -- --> [v2:172.21.15.37:3300/0,v1:172.21.15.37:6789/0] -- mon_getmap magic: 0 -- 0x7f93a410d270 con 0x7f93a4109970
2024-05-11T13:22:33.491 INFO:teuthology.orchestra.run.smithi037.stdout:/usr/bin/ceph: stderr
2024-05-11T13:22:27.199+0000 7f93a8ecb700 1 --2- >> [v2:172.21.15.37:3300/0,v1:172.21.15.37:6789/0] conn(0x7f93a4109970 0x7f93a419ce50 unknown :-1 s=BANNER_CONNECTING pgs=0 cs=0 l=1 rev1=0 crypto rx=0 tx=0 comp rx=0 tx=0)._handle_peer_banner_payload supported=3 required=0
2024-05-11T13:22:33.491 INFO:teuthology.orchestra.run.smithi037.stdout:/usr/bin/ceph: stderr
2024-05-11T13:22:27.199+0000 7f93a8ecb700 1 --2- >> [v2:172.21.15.37:3300/0,v1:172.21.15.37:6789/0] conn(0x7f93a4109970 0x7f93a419ce50 unknown :-1 s=HELLO_CONNECTING pgs=0 cs=0 l=1 rev1=1 crypto rx=0 tx=0 comp rx=0 tx=0).handle_hello peer v2:172.21.15.37:3300/0 says I am v2:172.21.15.37:41482/0 (socket says 172.21.15.37:41482)
2024-05-11T13:22:33.491 INFO:teuthology.orchestra.run.smithi037.stdout:/usr/bin/ceph: stderr
2024-05-11T13:22:27.199+0000 7f93a8ecb700 1 -- 172.21.15.37:0/3218450220 learned_addr learned my addr 172.21.15.37:0/3218450220 (peer_addr_for_me v2:172.21.15.37:0/0)
2024-05-11T13:22:33.491 INFO:teuthology.orchestra.run.smithi037.stdout:/usr/bin/ceph: stderr
2024-05-11T13:22:27.200+0000 7f93a8ecb700 1 -- 172.21.15.37:0/3218450220 --> [v2:172.21.15.37:3300/0,v1:172.21.15.37:6789/0] -- mon_subscribe({config=0+,monmap=0+}) -- 0x7f93a419d390 con 0x7f93a4109970
2024-05-11T13:22:33.491 INFO:teuthology.orchestra.run.smithi037.stdout:/usr/bin/ceph: stderr
2024-05-11T13:22:27.200+0000 7f93a8ecb700 1 --2- 172.21.15.37:0/3218450220 >> [v2:172.21.15.37:3300/0,v1:172.21.15.37:6789/0] conn(0x7f93a4109970 0x7f93a419ce50 secure :-1 s=READY pgs=29 cs=0 l=1 rev1=1 crypto rx=0x7f9398009fb0 tx=0x7f9398011940 comp rx=0 tx=0).ready entity=mon.0 client_cookie=0 server_cookie=0 in_seq=0 out_seq=0
2024-05-11T13:22:33.492 INFO:teuthology.orchestra.run.smithi037.stdout:/usr/bin/ceph: stderr
2024-05-11T13:22:27.200+0000 7f93a1ffb700 1 -- 172.21.15.37:0/3218450220 <== mon.0 v2:172.21.15.37:3300/0 1 ==== mon_map magic: 0 ==== 205+0+0 (secure 0 0 0) 0x7f93980036a0 con 0x7f93a4109970
2024-05-11T13:22:33.492 INFO:teuthology.orchestra.run.smithi037.stdout:/usr/bin/ceph: stderr
2024-05-11T13:22:27.200+0000 7f93ab12f700 1 -- 172.21.15.37:0/3218450220 --> [v2:172.21.15.37:3300/0,v1:172.21.15.37:6789/0] -- mon_subscribe({mgrmap=0+}) -- 0x7f93a419d620 con 0x7f93a4109970
2024-05-11T13:22:33.492 INFO:teuthology.orchestra.run.smithi037.stdout:/usr/bin/ceph: stderr
2024-05-11T13:22:27.200+0000 7f93a1ffb700 1 -- 172.21.15.37:0/3218450220 <== mon.0 v2:172.21.15.37:3300/0 2 ==== config(26 keys) ==== 1070+0+0 (secure 0 0 0) 0x7f939801a430 con 0x7f93a4109970
2024-05-11T13:22:33.492 INFO:teuthology.orchestra.run.smithi037.stdout:/usr/bin/ceph: stderr
2024-05-11T13:22:27.200+0000 7f93a1ffb700 1 -- 172.21.15.37:0/3218450220 <== mon.0 v2:172.21.15.37:3300/0 3 ==== mon_map magic: 0 ==== 205+0+0 (secure 0 0 0) 0x7f9398019550 con 0x7f93a4109970
2024-05-11T13:22:33.492 INFO:teuthology.orchestra.run.smithi037.stdout:/usr/bin/ceph: stderr
2024-05-11T13:22:27.200+0000 7f93ab12f700 1 -- 172.21.15.37:0/3218450220 --> [v2:172.21.15.37:3300/0,v1:172.21.15.37:6789/0] -- mon_subscribe({osdmap=0}) -- 0x7f93a41a0310 con 0x7f93a4109970
2024-05-11T13:22:33.492 INFO:teuthology.orchestra.run.smithi037.stdout:/usr/bin/ceph: stderr
2024-05-11T13:22:27.201+0000 7f93a1ffb700 1 -- 172.21.15.37:0/3218450220 <== mon.0 v2:172.21.15.37:3300/0 4 ==== mgrmap(e 5) ==== 50222+0+0 (secure 0 0 0) 0x7f939801a8e0 con 0x7f93a4109970
2024-05-11T13:22:33.492 INFO:teuthology.orchestra.run.smithi037.stdout:/usr/bin/ceph: stderr
2024-05-11T13:22:27.201+0000 7f93a1ffb700 1 --2- 172.21.15.37:0/3218450220 >> [v2:172.21.15.37:6800/3108820885,v1:172.21.15.37:6801/3108820885] conn(0x7f939403e420 0x7f93940408e0 unknown :-1 s=NONE pgs=0 cs=0 l=1 rev1=0 crypto rx=0 tx=0 comp rx=0 tx=0).connect
2024-05-11T13:22:33.492 INFO:teuthology.orchestra.run.smithi037.stdout:/usr/bin/ceph: stderr
2024-05-11T13:22:27.201+0000 7f93a1ffb700 1 -- 172.21.15.37:0/3218450220 --> [v2:172.21.15.37:6800/3108820885,v1:172.21.15.37:6801/3108820885] -- command(tid 0: {"prefix": "get_command_descriptions"}) -- 0x7f9394040ff0 con 0x7f939403e420
2024-05-11T13:22:33.492 INFO:teuthology.orchestra.run.smithi037.stdout:/usr/bin/ceph: stderr
2024-05-11T13:22:27.201+0000 7f93a1ffb700 1 -- 172.21.15.37:0/3218450220 <== mon.0 v2:172.21.15.37:3300/0 5 ==== osd_map(1..1 src has 1..1) ==== 725+0+0 (secure 0 0 0) 0x7f9398053830 con 0x7f93a4109970
2024-05-11T13:22:33.492 INFO:teuthology.orchestra.run.smithi037.stdout:/usr/bin/ceph: stderr
2024-05-11T13:22:27.201+0000 7f93a3fff700 1 -- 172.21.15.37:0/3218450220 >> [v2:172.21.15.37:6800/3108820885,v1:172.21.15.37:6801/3108820885] conn(0x7f939403e420 msgr2=0x7f93940408e0 unknown :-1 s=STATE_CONNECTING_RE l=1).process reconnect failed to v2:172.21.15.37:6800/3108820885
2024-05-11T13:22:33.492 INFO:teuthology.orchestra.run.smithi037.stdout:/usr/bin/ceph: stderr
2024-05-11T13:22:27.202+0000 7f93a3fff700 1 --2- 172.21.15.37:0/3218450220 >> [v2:172.21.15.37:6800/3108820885,v1:172.21.15.37:6801/3108820885] conn(0x7f939403e420 0x7f93940408e0 unknown :-1 s=START_CONNECT pgs=0 cs=0 l=1 rev1=0 crypto rx=0 tx=0 comp rx=0 tx=0)._fault waiting 0.200000
2024-05-11T13:22:33.492 INFO:teuthology.orchestra.run.smithi037.stdout:/usr/bin/ceph: stderr
2024-05-11T13:22:27.403+0000 7f93a3fff700 1 -- 172.21.15.37:0/3218450220 >> [v2:172.21.15.37:6800/3108820885,v1:172.21.15.37:6801/3108820885] conn(0x7f939403e420 msgr2=0x7f93940408e0 unknown :-1 s=STATE_CONNECTING_RE l=1).process reconnect failed to v2:172.21.15.37:6800/3108820885
2024-05-11T13:22:33.492 INFO:teuthology.orchestra.run.smithi037.stdout:/usr/bin/ceph: stderr
2024-05-11T13:22:27.403+0000 7f93a3fff700 1 --2- 172.21.15.37:0/3218450220 >> [v2:172.21.15.37:6800/3108820885,v1:172.21.15.37:6801/3108820885] conn(0x7f939403e420 0x7f93940408e0 unknown :-1 s=START_CONNECT pgs=0 cs=0 l=1 rev1=0 crypto rx=0 tx=0 comp rx=0 tx=0)._fault waiting 0.400000
2024-05-11T13:22:33.493 INFO:teuthology.orchestra.run.smithi037.stdout:/usr/bin/ceph: stderr
2024-05-11T13:22:27.804+0000 7f93a3fff700 1 -- 172.21.15.37:0/3218450220 >> [v2:172.21.15.37:6800/3108820885,v1:172.21.15.37:6801/3108820885] conn(0x7f939403e420 msgr2=0x7f93940408e0 unknown :-1 s=STATE_CONNECTING_RE l=1).process reconnect failed to v2:172.21.15.37:6800/3108820885
2024-05-11T13:22:33.493 INFO:teuthology.orchestra.run.smithi037.stdout:/usr/bin/ceph: stderr
2024-05-11T13:22:27.804+0000 7f93a3fff700 1 --2- 172.21.15.37:0/3218450220 >> [v2:172.21.15.37:6800/3108820885,v1:172.21.15.37:6801/3108820885] conn(0x7f939403e420 0x7f93940408e0 unknown :-1 s=START_CONNECT pgs=0 cs=0 l=1 rev1=0 crypto rx=0 tx=0 comp rx=0 tx=0)._fault waiting 0.800000
2024-05-11T13:22:33.493 INFO:teuthology.orchestra.run.smithi037.stdout:/usr/bin/ceph: stderr
2024-05-11T13:22:28.605+0000 7f93a3fff700 1 -- 172.21.15.37:0/3218450220 >> [v2:172.21.15.37:6800/3108820885,v1:172.21.15.37:6801/3108820885] conn(0x7f939403e420 msgr2=0x7f93940408e0 unknown :-1 s=STATE_CONNECTING_RE l=1).process reconnect failed to v2:172.21.15.37:6800/3108820885
2024-05-11T13:22:33.493 INFO:teuthology.orchestra.run.smithi037.stdout:/usr/bin/ceph: stderr
2024-05-11T13:22:28.605+0000 7f93a3fff700 1 --2- 172.21.15.37:0/3218450220 >> [v2:172.21.15.37:6800/3108820885,v1:172.21.15.37:6801/3108820885] conn(0x7f939403e420 0x7f93940408e0 unknown :-1 s=START_CONNECT pgs=0 cs=0 l=1 rev1=0 crypto rx=0 tx=0 comp rx=0 tx=0)._fault waiting 1.600000
2024-05-11T13:22:33.493 INFO:teuthology.orchestra.run.smithi037.stdout:/usr/bin/ceph: stderr
2024-05-11T13:22:30.206+0000 7f93a3fff700 1 -- 172.21.15.37:0/3218450220 >> [v2:172.21.15.37:6800/3108820885,v1:172.21.15.37:6801/3108820885] conn(0x7f939403e420 msgr2=0x7f93940408e0 unknown :-1 s=STATE_CONNECTING_RE l=1).process reconnect failed to v2:172.21.15.37:6800/3108820885
2024-05-11T13:22:33.493 INFO:teuthology.orchestra.run.smithi037.stdout:/usr/bin/ceph: stderr
2024-05-11T13:22:30.206+0000 7f93a3fff700 1 --2- 172.21.15.37:0/3218450220 >> [v2:172.21.15.37:6800/3108820885,v1:172.21.15.37:6801/3108820885] conn(0x7f939403e420 0x7f93940408e0 unknown :-1 s=START_CONNECT pgs=0 cs=0 l=1 rev1=0 crypto rx=0 tx=0 comp rx=0 tx=0)._fault waiting 3.200000
2024-05-11T13:22:33.493 INFO:teuthology.orchestra.run.smithi037.stdout:/usr/bin/ceph: stderr
2024-05-11T13:22:32.021+0000 7f93a1ffb700 1 -- 172.21.15.37:0/3218450220 <== mon.0 v2:172.21.15.37:3300/0 6 ==== mgrmap(e 6) ==== 49989+0+0 (secure 0 0 0) 0x7f9398003840 con 0x7f93a4109970
2024-05-11T13:22:33.493 INFO:teuthology.orchestra.run.smithi037.stdout:/usr/bin/ceph: stderr
2024-05-11T13:22:32.022+0000 7f93a1ffb700 1 -- 172.21.15.37:0/3218450220 >> [v2:172.21.15.37:6800/3108820885,v1:172.21.15.37:6801/3108820885] conn(0x7f939403e420 msgr2=0x7f93940408e0 unknown :-1 s=STATE_CONNECTING l=1).mark_down
2024-05-11T13:22:33.493 INFO:teuthology.orchestra.run.smithi037.stdout:/usr/bin/ceph: stderr
2024-05-11T13:22:32.022+0000 7f93a1ffb700 1 --2- 172.21.15.37:0/3218450220 >> [v2:172.21.15.37:6800/3108820885,v1:172.21.15.37:6801/3108820885] conn(0x7f939403e420 0x7f93940408e0 unknown :-1 s=START_CONNECT pgs=0 cs=0 l=1 rev1=0 crypto rx=0 tx=0 comp rx=0 tx=0).stop
2024-05-11T13:22:33.493 INFO:teuthology.orchestra.run.smithi037.stdout:/usr/bin/ceph: stderr
2024-05-11T13:22:33.022+0000 7f93a1ffb700 1 -- 172.21.15.37:0/3218450220 <== mon.0 v2:172.21.15.37:3300/0 7 ==== mgrmap(e 7) ==== 50116+0+0 (secure 0 0 0) 0x7f9398023390 con 0x7f93a4109970
2024-05-11T13:22:33.493 INFO:teuthology.orchestra.run.smithi037.stdout:/usr/bin/ceph: stderr
2024-05-11T13:22:33.023+0000 7f93a1ffb700 1 --2- 172.21.15.37:0/3218450220 >> [v2:172.21.15.37:6800/1789127780,v1:172.21.15.37:6801/1789127780] conn(0x7f9394041d10 0x7f9394044100 unknown :-1 s=NONE pgs=0 cs=0 l=1 rev1=0 crypto rx=0 tx=0 comp rx=0 tx=0).connect
2024-05-11T13:22:33.493 INFO:teuthology.orchestra.run.smithi037.stdout:/usr/bin/ceph: stderr
2024-05-11T13:22:33.023+0000 7f93a1ffb700 1 -- 172.21.15.37:0/3218450220 --> [v2:172.21.15.37:6800/1789127780,v1:172.21.15.37:6801/1789127780] -- command(tid 0: {"prefix": "get_command_descriptions"}) -- 0x7f9394040ff0 con 0x7f9394041d10
2024-05-11T13:22:33.493 INFO:teuthology.orchestra.run.smithi037.stdout:/usr/bin/ceph: stderr
2024-05-11T13:22:33.023+0000 7f93a3fff700 1 --2- 172.21.15.37:0/3218450220 >> [v2:172.21.15.37:6800/1789127780,v1:172.21.15.37:6801/1789127780] conn(0x7f9394041d10 0x7f9394044100 unknown :-1 s=BANNER_CONNECTING pgs=0 cs=0 l=1 rev1=0 crypto rx=0 tx=0 comp rx=0 tx=0)._handle_peer_banner_payload supported=3 required=0
2024-05-11T13:22:33.493 INFO:teuthology.orchestra.run.smithi037.stdout:/usr/bin/ceph: stderr
2024-05-11T13:22:33.024+0000 7f93a3fff700 1 --2- 172.21.15.37:0/3218450220 >> [v2:172.21.15.37:6800/1789127780,v1:172.21.15.37:6801/1789127780] conn(0x7f9394041d10 0x7f9394044100 secure :-1 s=READY pgs=1 cs=0 l=1 rev1=1 crypto rx=0x7f9390003a10 tx=0x7f9390009290 comp rx=0 tx=0).ready entity=mgr.14120 client_cookie=0 server_cookie=0 in_seq=0 out_seq=0
2024-05-11T13:22:33.493 INFO:teuthology.orchestra.run.smithi037.stdout:/usr/bin/ceph: stderr
2024-05-11T13:22:33.025+0000 7f93a1ffb700 1 -- 172.21.15.37:0/3218450220 <== mgr.14120 v2:172.21.15.37:6800/1789127780 1 ==== command_reply(tid 0: 0 ) ==== 8+0+9564 (secure 0 0 0) 0x7f9394040ff0 con 0x7f9394041d10
2024-05-11T13:22:33.494 INFO:teuthology.orchestra.run.smithi037.stdout:/usr/bin/ceph: stderr
2024-05-11T13:22:33.033+0000 7f93ab12f700 1 -- 172.21.15.37:0/3218450220 --> [v2:172.21.15.37:6800/1789127780,v1:172.21.15.37:6801/1789127780] -- command(tid 1: {"prefix": "mgr_status"}) -- 0x7f93a4064bb0 con 0x7f9394041d10
2024-05-11T13:22:33.494 INFO:teuthology.orchestra.run.smithi037.stdout:/usr/bin/ceph: stderr
2024-05-11T13:22:33.033+0000 7f93a1ffb700 1 -- 172.21.15.37:0/3218450220 <== mgr.14120 v2:172.21.15.37:6800/1789127780 2 ==== command_reply(tid 1: 0 ) ==== 8+0+51 (secure 0 0 0) 0x7f93a4064bb0 con 0x7f9394041d10
2024-05-11T13:22:33.494 INFO:teuthology.orchestra.run.smithi037.stdout:/usr/bin/ceph: stderr
2024-05-11T13:22:33.034+0000 7f93ab12f700 1 -- 172.21.15.37:0/3218450220 >> [v2:172.21.15.37:6800/1789127780,v1:172.21.15.37:6801/1789127780] conn(0x7f9394041d10 msgr2=0x7f9394044100 secure :-1 s=STATE_CONNECTION_ESTABLISHED l=1).mark_down
2024-05-11T13:22:33.494 INFO:teuthology.orchestra.run.smithi037.stdout:/usr/bin/ceph: stderr
2024-05-11T13:22:33.034+0000 7f93ab12f700 1 --2- 172.21.15.37:0/3218450220 >> [v2:172.21.15.37:6800/1789127780,v1:172.21.15.37:6801/1789127780] conn(0x7f9394041d10 0x7f9394044100 secure :-1 s=READY pgs=1 cs=0 l=1 rev1=1 crypto rx=0x7f9390003a10 tx=0x7f9390009290 comp rx=0 tx=0).stop
2024-05-11T13:22:33.494 INFO:teuthology.orchestra.run.smithi037.stdout:/usr/bin/ceph: stderr
2024-05-11T13:22:33.034+0000 7f93ab12f700 1 -- 172.21.15.37:0/3218450220 >> [v2:172.21.15.37:3300/0,v1:172.21.15.37:6789/0] conn(0x7f93a4109970 msgr2=0x7f93a419ce50 secure :-1 s=STATE_CONNECTION_ESTABLISHED l=1).mark_down
2024-05-11T13:22:33.494 INFO:teuthology.orchestra.run.smithi037.stdout:/usr/bin/ceph: stderr
2024-05-11T13:22:33.034+0000 7f93ab12f700 1 --2- 172.21.15.37:0/3218450220 >> [v2:172.21.15.37:3300/0,v1:172.21.15.37:6789/0] conn(0x7f93a4109970 0x7f93a419ce50 secure :-1 s=READY pgs=29 cs=0 l=1 rev1=1 crypto rx=0x7f9398009fb0 tx=0x7f9398011940 comp rx=0 tx=0).stop
2024-05-11T13:22:33.494 INFO:teuthology.orchestra.run.smithi037.stdout:/usr/bin/ceph: stderr
2024-05-11T13:22:33.034+0000 7f93ab12f700 1 -- 172.21.15.37:0/3218450220 shutdown_connections
2024-05-11T13:22:33.494 INFO:teuthology.orchestra.run.smithi037.stdout:/usr/bin/ceph: stderr
2024-05-11T13:22:33.034+0000 7f93ab12f700 1 --2- 172.21.15.37:0/3218450220 >> [v2:172.21.15.37:6800/1789127780,v1:172.21.15.37:6801/1789127780] conn(0x7f9394041d10 0x7f9394044100 unknown :-1 s=CLOSED pgs=1 cs=0 l=1 rev1=1 crypto rx=0 tx=0 comp rx=0 tx=0).stop
2024-05-11T13:22:33.494 INFO:teuthology.orchestra.run.smithi037.stdout:/usr/bin/ceph: stderr
2024-05-11T13:22:33.034+0000 7f93ab12f700 1 --2- 172.21.15.37:0/3218450220 >> [v2:172.21.15.37:3300/0,v1:172.21.15.37:6789/0] conn(0x7f93a4109970 0x7f93a419ce50 unknown :-1 s=CLOSED pgs=29 cs=0 l=1 rev1=1 crypto rx=0 tx=0 comp rx=0 tx=0).stop
2024-05-11T13:22:33.494 INFO:teuthology.orchestra.run.smithi037.stdout:/usr/bin/ceph: stderr
2024-05-11T13:22:33.034+0000 7f93ab12f700 1 --2- 172.21.15.37:0/3218450220 >> [v2:172.21.15.37:6800/3108820885,v1:172.21.15.37:6801/3108820885] conn(0x7f939403e420 0x7f93940408e0 unknown :-1 s=CLOSED pgs=0 cs=0 l=1 rev1=0 crypto rx=0 tx=0 comp rx=0 tx=0).stop
2024-05-11T13:22:33.494 INFO:teuthology.orchestra.run.smithi037.stdout:/usr/bin/ceph: stderr
2024-05-11T13:22:33.034+0000 7f93ab12f700 1 -- 172.21.15.37:0/3218450220 >> 172.21.15.37:0/3218450220 conn(0x7f93a41033a0 msgr2=0x7f93a4103f60 unknown :-1 s=STATE_NONE l=0).mark_down
2024-05-11T13:22:33.494 INFO:teuthology.orchestra.run.smithi037.stdout:/usr/bin/ceph: stderr
2024-05-11T13:22:33.034+0000 7f93ab12f700 1 -- 172.21.15.37:0/3218450220 shutdown_connections
2024-05-11T13:22:33.494 INFO:teuthology.orchestra.run.smithi037.stdout:/usr/bin/ceph: stderr
2024-05-11T13:22:33.034+0000 7f93ab12f700 1 -- 172.21.15.37:0/3218450220 wait complete.
2024-05-11T13:22:33.494 INFO:teuthology.orchestra.run.smithi037.stdout:mgr epoch 5 is available
2024-05-11T13:22:33.495 INFO:teuthology.orchestra.run.smithi037.stdout:Setting orchestrator backend to cephadm...
2024-05-11T13:22:34.147 INFO:journalctl@ceph.mon.a.smithi037.stdout:May 11 13:22:34 smithi037 ceph-mon[30131]: from='client.14124 -' entity='client.admin' cmd=[{"prefix": "get_command_descriptions"}]: dispatch
2024-05-11T13:22:34.147 INFO:journalctl@ceph.mon.a.smithi037.stdout:May 11 13:22:34 smithi037 ceph-mon[30131]: from='client.14124 -' entity='client.admin' cmd=[{"prefix": "mgr_status"}]: dispatch
2024-05-11T13:22:34.148 INFO:journalctl@ceph.mon.a.smithi037.stdout:May 11 13:22:34 smithi037 ceph-mon[30131]: from='mgr.14120 172.21.15.37:0/3589202229' entity='mgr.x'
2024-05-11T13:22:34.148 INFO:journalctl@ceph.mon.a.smithi037.stdout:May 11 13:22:34 smithi037 ceph-mon[30131]: from='mgr.14120 172.21.15.37:0/3589202229' entity='mgr.x'
2024-05-11T13:22:34.700 INFO:teuthology.orchestra.run.smithi037.stdout:/usr/bin/ceph: stderr
2024-05-11T13:22:33.936+0000 7fce2bc83700 1 Processor -- start
2024-05-11T13:22:34.700 INFO:teuthology.orchestra.run.smithi037.stdout:/usr/bin/ceph: stderr
2024-05-11T13:22:33.936+0000 7fce2bc83700 1 -- start start
2024-05-11T13:22:34.700 INFO:teuthology.orchestra.run.smithi037.stdout:/usr/bin/ceph: stderr
2024-05-11T13:22:33.936+0000 7fce2bc83700 1 --2- >> [v2:172.21.15.37:3300/0,v1:172.21.15.37:6789/0] conn(0x7fce24108e80 0x7fce241092a0 unknown :-1 s=NONE pgs=0 cs=0 l=0 rev1=0 crypto rx=0 tx=0 comp rx=0 tx=0).connect
2024-05-11T13:22:34.700 INFO:teuthology.orchestra.run.smithi037.stdout:/usr/bin/ceph: stderr
2024-05-11T13:22:33.936+0000 7fce2bc83700 1 -- --> [v2:172.21.15.37:3300/0,v1:172.21.15.37:6789/0] -- mon_getmap magic: 0 -- 0x7fce241097e0 con 0x7fce24108e80
2024-05-11T13:22:34.700 INFO:teuthology.orchestra.run.smithi037.stdout:/usr/bin/ceph: stderr
2024-05-11T13:22:33.937+0000 7fce29a1f700 1 --2- >> [v2:172.21.15.37:3300/0,v1:172.21.15.37:6789/0] conn(0x7fce24108e80 0x7fce241092a0 unknown :-1 s=BANNER_CONNECTING pgs=0 cs=0 l=0 rev1=0 crypto rx=0 tx=0 comp rx=0 tx=0)._handle_peer_banner_payload supported=3 required=0
2024-05-11T13:22:34.701 INFO:teuthology.orchestra.run.smithi037.stdout:/usr/bin/ceph: stderr
2024-05-11T13:22:33.937+0000 7fce29a1f700 1 --2- >> [v2:172.21.15.37:3300/0,v1:172.21.15.37:6789/0] conn(0x7fce24108e80 0x7fce241092a0 unknown :-1 s=HELLO_CONNECTING pgs=0 cs=0 l=0 rev1=1 crypto rx=0 tx=0 comp rx=0 tx=0).handle_hello peer v2:172.21.15.37:3300/0 says I am v2:172.21.15.37:60370/0 (socket says 172.21.15.37:60370)
2024-05-11T13:22:34.701 INFO:teuthology.orchestra.run.smithi037.stdout:/usr/bin/ceph: stderr
2024-05-11T13:22:33.937+0000 7fce29a1f700 1 -- 172.21.15.37:0/3334807948 learned_addr learned my addr 172.21.15.37:0/3334807948 (peer_addr_for_me v2:172.21.15.37:0/0)
2024-05-11T13:22:34.701 INFO:teuthology.orchestra.run.smithi037.stdout:/usr/bin/ceph: stderr
2024-05-11T13:22:33.937+0000 7fce29a1f700 1 -- 172.21.15.37:0/3334807948 --> [v2:172.21.15.37:3300/0,v1:172.21.15.37:6789/0] -- mon_subscribe({config=0+,monmap=0+}) -- 0x7fce2410a070 con 0x7fce24108e80
2024-05-11T13:22:34.701 INFO:teuthology.orchestra.run.smithi037.stdout:/usr/bin/ceph: stderr
2024-05-11T13:22:33.937+0000 7fce29a1f700 1 --2- 172.21.15.37:0/3334807948 >> [v2:172.21.15.37:3300/0,v1:172.21.15.37:6789/0] conn(0x7fce24108e80 0x7fce241092a0 secure :-1 s=READY pgs=37 cs=0 l=1 rev1=1 crypto rx=0x7fce180098a0 tx=0x7fce18009bb0 comp rx=0 tx=0).ready entity=mon.0 client_cookie=5deb7c1e2696e341 server_cookie=0 in_seq=0 out_seq=0
2024-05-11T13:22:34.701 INFO:teuthology.orchestra.run.smithi037.stdout:/usr/bin/ceph: stderr
2024-05-11T13:22:33.937+0000 7fce28a1d700 1 -- 172.21.15.37:0/3334807948 <== mon.0 v2:172.21.15.37:3300/0 1 ==== mon_map magic: 0 ==== 205+0+0 (secure 0 0 0) 0x7fce18004160 con 0x7fce24108e80
2024-05-11T13:22:34.702 INFO:teuthology.orchestra.run.smithi037.stdout:/usr/bin/ceph: stderr
2024-05-11T13:22:33.937+0000 7fce28a1d700 1 -- 172.21.15.37:0/3334807948 <== mon.0 v2:172.21.15.37:3300/0 2 ==== config(26 keys) ==== 1070+0+0 (secure 0 0 0) 0x7fce18004300 con 0x7fce24108e80
2024-05-11T13:22:34.702 INFO:teuthology.orchestra.run.smithi037.stdout:/usr/bin/ceph: stderr
2024-05-11T13:22:33.937+0000 7fce28a1d700 1 -- 172.21.15.37:0/3334807948 <== mon.0 v2:172.21.15.37:3300/0 3 ==== mon_map magic: 0 ==== 205+0+0 (secure 0 0 0) 0x7fce18011af0 con 0x7fce24108e80
2024-05-11T13:22:34.702 INFO:teuthology.orchestra.run.smithi037.stdout:/usr/bin/ceph: stderr
2024-05-11T13:22:33.938+0000 7fce2bc83700 1 -- 172.21.15.37:0/3334807948 >> [v2:172.21.15.37:3300/0,v1:172.21.15.37:6789/0] conn(0x7fce24108e80 msgr2=0x7fce241092a0 secure :-1 s=STATE_CONNECTION_ESTABLISHED l=1).mark_down
2024-05-11T13:22:34.702 INFO:teuthology.orchestra.run.smithi037.stdout:/usr/bin/ceph: stderr
2024-05-11T13:22:33.938+0000 7fce2bc83700 1 --2- 172.21.15.37:0/3334807948 >> [v2:172.21.15.37:3300/0,v1:172.21.15.37:6789/0] conn(0x7fce24108e80 0x7fce241092a0 secure :-1 s=READY pgs=37 cs=0 l=1 rev1=1 crypto rx=0x7fce180098a0 tx=0x7fce18009bb0 comp rx=0 tx=0).stop
2024-05-11T13:22:34.702 INFO:teuthology.orchestra.run.smithi037.stdout:/usr/bin/ceph: stderr
2024-05-11T13:22:33.938+0000 7fce2bc83700 1 -- 172.21.15.37:0/3334807948 shutdown_connections
2024-05-11T13:22:34.703 INFO:teuthology.orchestra.run.smithi037.stdout:/usr/bin/ceph: stderr
2024-05-11T13:22:33.938+0000 7fce2bc83700 1 --2- 172.21.15.37:0/3334807948 >> [v2:172.21.15.37:3300/0,v1:172.21.15.37:6789/0] conn(0x7fce24108e80 0x7fce241092a0 unknown :-1 s=CLOSED pgs=37 cs=0 l=1 rev1=1 crypto rx=0 tx=0 comp rx=0 tx=0).stop
2024-05-11T13:22:34.703 INFO:teuthology.orchestra.run.smithi037.stdout:/usr/bin/ceph: stderr
2024-05-11T13:22:33.938+0000 7fce2bc83700 1 -- 172.21.15.37:0/3334807948 >> 172.21.15.37:0/3334807948 conn(0x7fce24104530 msgr2=0x7fce24106950 unknown :-1 s=STATE_NONE l=0).mark_down
2024-05-11T13:22:34.703 INFO:teuthology.orchestra.run.smithi037.stdout:/usr/bin/ceph: stderr
2024-05-11T13:22:33.938+0000 7fce2bc83700 1 -- 172.21.15.37:0/3334807948 shutdown_connections
2024-05-11T13:22:34.703 INFO:teuthology.orchestra.run.smithi037.stdout:/usr/bin/ceph: stderr
2024-05-11T13:22:33.938+0000 7fce2bc83700 1 -- 172.21.15.37:0/3334807948 wait complete.
2024-05-11T13:22:34.703 INFO:teuthology.orchestra.run.smithi037.stdout:/usr/bin/ceph: stderr
2024-05-11T13:22:33.939+0000 7fce2bc83700 1 Processor -- start
2024-05-11T13:22:34.703 INFO:teuthology.orchestra.run.smithi037.stdout:/usr/bin/ceph: stderr
2024-05-11T13:22:33.939+0000 7fce2bc83700 1 -- start start
2024-05-11T13:22:34.704 INFO:teuthology.orchestra.run.smithi037.stdout:/usr/bin/ceph: stderr
2024-05-11T13:22:33.939+0000 7fce2bc83700 1 --2- >> [v2:172.21.15.37:3300/0,v1:172.21.15.37:6789/0] conn(0x7fce24108e80 0x7fce2419ced0 unknown :-1 s=NONE pgs=0 cs=0 l=1 rev1=0 crypto rx=0 tx=0 comp rx=0 tx=0).connect
2024-05-11T13:22:34.704 INFO:teuthology.orchestra.run.smithi037.stdout:/usr/bin/ceph: stderr
2024-05-11T13:22:33.939+0000 7fce2bc83700 1 -- --> [v2:172.21.15.37:3300/0,v1:172.21.15.37:6789/0] -- mon_getmap magic: 0 -- 0x7fce2410d330 con 0x7fce24108e80
2024-05-11T13:22:34.704 INFO:teuthology.orchestra.run.smithi037.stdout:/usr/bin/ceph: stderr
2024-05-11T13:22:33.939+0000 7fce29a1f700 1 --2- >> [v2:172.21.15.37:3300/0,v1:172.21.15.37:6789/0] conn(0x7fce24108e80 0x7fce2419ced0 unknown :-1 s=BANNER_CONNECTING pgs=0 cs=0 l=1 rev1=0 crypto rx=0 tx=0 comp rx=0 tx=0)._handle_peer_banner_payload supported=3 required=0
2024-05-11T13:22:34.704 INFO:teuthology.orchestra.run.smithi037.stdout:/usr/bin/ceph: stderr
2024-05-11T13:22:33.939+0000 7fce29a1f700 1 --2- >> [v2:172.21.15.37:3300/0,v1:172.21.15.37:6789/0] conn(0x7fce24108e80 0x7fce2419ced0 unknown :-1 s=HELLO_CONNECTING pgs=0 cs=0 l=1 rev1=1 crypto rx=0 tx=0 comp rx=0 tx=0).handle_hello peer v2:172.21.15.37:3300/0 says I am v2:172.21.15.37:60380/0 (socket says 172.21.15.37:60380)
2024-05-11T13:22:34.704 INFO:teuthology.orchestra.run.smithi037.stdout:/usr/bin/ceph: stderr
2024-05-11T13:22:33.939+0000 7fce29a1f700 1 -- 172.21.15.37:0/968610454 learned_addr learned my addr 172.21.15.37:0/968610454 (peer_addr_for_me v2:172.21.15.37:0/0)
2024-05-11T13:22:34.704 INFO:teuthology.orchestra.run.smithi037.stdout:/usr/bin/ceph: stderr
2024-05-11T13:22:33.939+0000 7fce29a1f700 1 -- 172.21.15.37:0/968610454 --> [v2:172.21.15.37:3300/0,v1:172.21.15.37:6789/0] -- mon_subscribe({config=0+,monmap=0+}) -- 0x7fce2419d410 con 0x7fce24108e80
2024-05-11T13:22:34.704 INFO:teuthology.orchestra.run.smithi037.stdout:/usr/bin/ceph: stderr
2024-05-11T13:22:33.939+0000 7fce29a1f700 1 --2- 172.21.15.37:0/968610454 >> [v2:172.21.15.37:3300/0,v1:172.21.15.37:6789/0] conn(0x7fce24108e80 0x7fce2419ced0 secure :-1 s=READY pgs=38 cs=0 l=1 rev1=1 crypto rx=0x7fce18009fb0 tx=0x7fce18011940 comp rx=0 tx=0).ready entity=mon.0 client_cookie=0 server_cookie=0 in_seq=0 out_seq=0
2024-05-11T13:22:34.704 INFO:teuthology.orchestra.run.smithi037.stdout:/usr/bin/ceph: stderr
2024-05-11T13:22:33.940+0000 7fce16ffd700 1 -- 172.21.15.37:0/968610454 <== mon.0 v2:172.21.15.37:3300/0 1 ==== mon_map magic: 0 ==== 205+0+0 (secure 0 0 0) 0x7fce180036a0 con 0x7fce24108e80
2024-05-11T13:22:34.705 INFO:teuthology.orchestra.run.smithi037.stdout:/usr/bin/ceph: stderr
2024-05-11T13:22:33.940+0000 7fce16ffd700 1 -- 172.21.15.37:0/968610454 <== mon.0 v2:172.21.15.37:3300/0 2 ==== config(26 keys) ==== 1070+0+0 (secure 0 0 0) 0x7fce1801a430 con 0x7fce24108e80
2024-05-11T13:22:34.705 INFO:teuthology.orchestra.run.smithi037.stdout:/usr/bin/ceph: stderr
2024-05-11T13:22:33.940+0000 7fce2bc83700 1 -- 172.21.15.37:0/968610454 --> [v2:172.21.15.37:3300/0,v1:172.21.15.37:6789/0] -- mon_subscribe({mgrmap=0+}) -- 0x7fce2419d6a0 con 0x7fce24108e80
2024-05-11T13:22:34.705 INFO:teuthology.orchestra.run.smithi037.stdout:/usr/bin/ceph: stderr
2024-05-11T13:22:33.940+0000 7fce2bc83700 1 -- 172.21.15.37:0/968610454 --> [v2:172.21.15.37:3300/0,v1:172.21.15.37:6789/0] -- mon_subscribe({osdmap=0}) -- 0x7fce241a0390 con 0x7fce24108e80
2024-05-11T13:22:34.705 INFO:teuthology.orchestra.run.smithi037.stdout:/usr/bin/ceph: stderr
2024-05-11T13:22:33.940+0000 7fce16ffd700 1 -- 172.21.15.37:0/968610454 <== mon.0 v2:172.21.15.37:3300/0 3 ==== mon_map magic: 0 ==== 205+0+0 (secure 0 0 0) 0x7fce18019550 con 0x7fce24108e80
2024-05-11T13:22:34.705 INFO:teuthology.orchestra.run.smithi037.stdout:/usr/bin/ceph: stderr
2024-05-11T13:22:33.941+0000 7fce16ffd700 1 -- 172.21.15.37:0/968610454 <== mon.0 v2:172.21.15.37:3300/0 4 ==== mgrmap(e 7) ==== 50116+0+0 (secure 0 0 0) 0x7fce18019800 con 0x7fce24108e80
2024-05-11T13:22:34.705 INFO:teuthology.orchestra.run.smithi037.stdout:/usr/bin/ceph: stderr
2024-05-11T13:22:33.941+0000 7fce2bc83700 1 -- 172.21.15.37:0/968610454 --> [v2:172.21.15.37:3300/0,v1:172.21.15.37:6789/0] -- mon_command({"prefix": "get_command_descriptions"} v 0) -- 0x7fce24064bb0 con 0x7fce24108e80
2024-05-11T13:22:34.705 INFO:teuthology.orchestra.run.smithi037.stdout:/usr/bin/ceph: stderr
2024-05-11T13:22:33.941+0000 7fce16ffd700 1 --2- 172.21.15.37:0/968610454 >> [v2:172.21.15.37:6800/1789127780,v1:172.21.15.37:6801/1789127780] conn(0x7fce1003e340 0x7fce10040800 unknown :-1 s=NONE pgs=0 cs=0 l=1 rev1=0 crypto rx=0 tx=0 comp rx=0 tx=0).connect
2024-05-11T13:22:34.705 INFO:teuthology.orchestra.run.smithi037.stdout:/usr/bin/ceph: stderr
2024-05-11T13:22:33.941+0000 7fce16ffd700 1 -- 172.21.15.37:0/968610454 <== mon.0 v2:172.21.15.37:3300/0 5 ==== osd_map(2..2 src has 1..2) ==== 940+0+0 (secure 0 0 0) 0x7fce180536b0 con 0x7fce24108e80
2024-05-11T13:22:34.705 INFO:teuthology.orchestra.run.smithi037.stdout:/usr/bin/ceph: stderr
2024-05-11T13:22:33.941+0000 7fce2921e700 1 --2- 172.21.15.37:0/968610454 >> [v2:172.21.15.37:6800/1789127780,v1:172.21.15.37:6801/1789127780] conn(0x7fce1003e340 0x7fce10040800 unknown :-1 s=BANNER_CONNECTING pgs=0 cs=0 l=1 rev1=0 crypto rx=0 tx=0 comp rx=0 tx=0)._handle_peer_banner_payload supported=3 required=0
2024-05-11T13:22:34.705 INFO:teuthology.orchestra.run.smithi037.stdout:/usr/bin/ceph: stderr
2024-05-11T13:22:33.941+0000 7fce2921e700 1 --2- 172.21.15.37:0/968610454 >> [v2:172.21.15.37:6800/1789127780,v1:172.21.15.37:6801/1789127780] conn(0x7fce1003e340 0x7fce10040800 secure :-1 s=READY pgs=7 cs=0 l=1 rev1=1 crypto rx=0x7fce20006fd0 tx=0x7fce20006e40 comp rx=0 tx=0).ready entity=mgr.14120 client_cookie=0 server_cookie=0 in_seq=0 out_seq=0
2024-05-11T13:22:34.705 INFO:teuthology.orchestra.run.smithi037.stdout:/usr/bin/ceph: stderr
2024-05-11T13:22:33.946+0000 7fce16ffd700 1 -- 172.21.15.37:0/968610454 <== mon.0 v2:172.21.15.37:3300/0 6 ==== mon_command_ack([{"prefix": "get_command_descriptions"}]=0 v0) ==== 72+0+191963 (secure 0 0 0) 0x7fce18023390 con 0x7fce24108e80
2024-05-11T13:22:34.705 INFO:teuthology.orchestra.run.smithi037.stdout:/usr/bin/ceph: stderr
2024-05-11T13:22:34.180+0000 7fce2bc83700 1 -- 172.21.15.37:0/968610454 --> [v2:172.21.15.37:6800/1789127780,v1:172.21.15.37:6801/1789127780] -- mgr_command(tid 0: {"prefix": "orch set backend", "module_name": "cephadm", "target": ["mon-mgr", ""]}) -- 0x7fce241057f0 con 0x7fce1003e340
2024-05-11T13:22:34.705 INFO:teuthology.orchestra.run.smithi037.stdout:/usr/bin/ceph: stderr
2024-05-11T13:22:34.188+0000 7fce16ffd700 1 -- 172.21.15.37:0/968610454 <== mgr.14120 v2:172.21.15.37:6800/1789127780 1 ==== mgr_command_reply(tid 0: 0 ) ==== 8+0+0 (secure 0 0 0) 0x7fce241057f0 con 0x7fce1003e340
2024-05-11T13:22:34.705 INFO:teuthology.orchestra.run.smithi037.stdout:/usr/bin/ceph: stderr
2024-05-11T13:22:34.191+0000 7fce2bc83700 1 -- 172.21.15.37:0/968610454 >> [v2:172.21.15.37:6800/1789127780,v1:172.21.15.37:6801/1789127780] conn(0x7fce1003e340 msgr2=0x7fce10040800 secure :-1 s=STATE_CONNECTION_ESTABLISHED l=1).mark_down
2024-05-11T13:22:34.706 INFO:teuthology.orchestra.run.smithi037.stdout:/usr/bin/ceph: stderr
2024-05-11T13:22:34.191+0000 7fce2bc83700 1 --2- 172.21.15.37:0/968610454 >> [v2:172.21.15.37:6800/1789127780,v1:172.21.15.37:6801/1789127780] conn(0x7fce1003e340 0x7fce10040800 secure :-1 s=READY pgs=7 cs=0 l=1 rev1=1 crypto rx=0x7fce20006fd0 tx=0x7fce20006e40 comp rx=0 tx=0).stop
2024-05-11T13:22:34.706 INFO:teuthology.orchestra.run.smithi037.stdout:/usr/bin/ceph: stderr
2024-05-11T13:22:34.191+0000 7fce2bc83700 1 -- 172.21.15.37:0/968610454 >> [v2:172.21.15.37:3300/0,v1:172.21.15.37:6789/0] conn(0x7fce24108e80 msgr2=0x7fce2419ced0 secure :-1 s=STATE_CONNECTION_ESTABLISHED l=1).mark_down
2024-05-11T13:22:34.706 INFO:teuthology.orchestra.run.smithi037.stdout:/usr/bin/ceph: stderr
2024-05-11T13:22:34.191+0000 7fce2bc83700 1 --2- 172.21.15.37:0/968610454 >> [v2:172.21.15.37:3300/0,v1:172.21.15.37:6789/0] conn(0x7fce24108e80 0x7fce2419ced0 secure :-1 s=READY pgs=38 cs=0 l=1 rev1=1 crypto rx=0x7fce18009fb0 tx=0x7fce18011940 comp rx=0 tx=0).stop
2024-05-11T13:22:34.706 INFO:teuthology.orchestra.run.smithi037.stdout:/usr/bin/ceph: stderr
2024-05-11T13:22:34.191+0000 7fce2bc83700 1 -- 172.21.15.37:0/968610454 shutdown_connections
2024-05-11T13:22:34.706 INFO:teuthology.orchestra.run.smithi037.stdout:/usr/bin/ceph: stderr
2024-05-11T13:22:34.191+0000 7fce2bc83700 1 --2- 172.21.15.37:0/968610454 >> [v2:172.21.15.37:6800/1789127780,v1:172.21.15.37:6801/1789127780] conn(0x7fce1003e340 0x7fce10040800 unknown :-1 s=CLOSED pgs=7 cs=0 l=1 rev1=1 crypto rx=0 tx=0 comp rx=0 tx=0).stop
2024-05-11T13:22:34.706 INFO:teuthology.orchestra.run.smithi037.stdout:/usr/bin/ceph: stderr
2024-05-11T13:22:34.191+0000 7fce2bc83700 1 --2- 172.21.15.37:0/968610454 >> [v2:172.21.15.37:3300/0,v1:172.21.15.37:6789/0] conn(0x7fce24108e80 0x7fce2419ced0 unknown :-1 s=CLOSED pgs=38 cs=0 l=1 rev1=1 crypto rx=0 tx=0 comp rx=0 tx=0).stop
2024-05-11T13:22:34.706 INFO:teuthology.orchestra.run.smithi037.stdout:/usr/bin/ceph: stderr
2024-05-11T13:22:34.191+0000 7fce2bc83700 1 -- 172.21.15.37:0/968610454 >> 172.21.15.37:0/968610454 conn(0x7fce24104530 msgr2=0x7fce241050e0 unknown :-1 s=STATE_NONE l=0).mark_down
2024-05-11T13:22:34.706 INFO:teuthology.orchestra.run.smithi037.stdout:/usr/bin/ceph: stderr
2024-05-11T13:22:34.191+0000 7fce2bc83700 1 -- 172.21.15.37:0/968610454 shutdown_connections
2024-05-11T13:22:34.706 INFO:teuthology.orchestra.run.smithi037.stdout:/usr/bin/ceph: stderr
2024-05-11T13:22:34.191+0000 7fce2bc83700 1 -- 172.21.15.37:0/968610454 wait complete.
2024-05-11T13:22:35.343 INFO:journalctl@ceph.mon.a.smithi037.stdout:May 11 13:22:35 smithi037 ceph-mon[30131]: [11/May/2024:13:22:34] ENGINE Bus STARTING
2024-05-11T13:22:35.343 INFO:journalctl@ceph.mon.a.smithi037.stdout:May 11 13:22:35 smithi037 ceph-mon[30131]: from='client.14132 -' entity='client.admin' cmd=[{"prefix": "orch set backend", "module_name": "cephadm", "target": ["mon-mgr", ""]}]: dispatch
2024-05-11T13:22:35.343 INFO:journalctl@ceph.mon.a.smithi037.stdout:May 11 13:22:35 smithi037 ceph-mon[30131]: from='mgr.14120 172.21.15.37:0/3589202229' entity='mgr.x'
2024-05-11T13:22:35.343 INFO:journalctl@ceph.mon.a.smithi037.stdout:May 11 13:22:35 smithi037 ceph-mon[30131]: [11/May/2024:13:22:34] ENGINE Serving on http://172.21.15.37:8765
2024-05-11T13:22:35.343 INFO:journalctl@ceph.mon.a.smithi037.stdout:May 11 13:22:35 smithi037 ceph-mon[30131]: from='mgr.14120 172.21.15.37:0/3589202229' entity='mgr.x' cmd=[{"prefix": "config dump", "format": "json"}]: dispatch
2024-05-11T13:22:35.344 INFO:journalctl@ceph.mon.a.smithi037.stdout:May 11 13:22:35 smithi037 ceph-mon[30131]: [11/May/2024:13:22:34] ENGINE Serving on https://172.21.15.37:7150
2024-05-11T13:22:35.344 INFO:journalctl@ceph.mon.a.smithi037.stdout:May 11 13:22:35 smithi037 ceph-mon[30131]: [11/May/2024:13:22:34] ENGINE Bus STARTED
2024-05-11T13:22:35.344 INFO:journalctl@ceph.mon.a.smithi037.stdout:May 11 13:22:35 smithi037 ceph-mon[30131]: from='mgr.14120 172.21.15.37:0/3589202229' entity='mgr.x' cmd=[{"prefix": "config dump", "format": "json"}]: dispatch
2024-05-11T13:22:35.344 INFO:journalctl@ceph.mon.a.smithi037.stdout:May 11 13:22:35 smithi037 ceph-mon[30131]: mgrmap e8: x(active, since 2s)
2024-05-11T13:22:35.909 INFO:teuthology.orchestra.run.smithi037.stdout:/usr/bin/ceph: stdout value unchanged
2024-05-11T13:22:35.909 INFO:teuthology.orchestra.run.smithi037.stdout:/usr/bin/ceph: stderr
2024-05-11T13:22:35.108+0000 7f8dec864700 1 Processor -- start
2024-05-11T13:22:35.909 INFO:teuthology.orchestra.run.smithi037.stdout:/usr/bin/ceph: stderr
2024-05-11T13:22:35.108+0000 7f8dec864700 1 -- start start
2024-05-11T13:22:35.909 INFO:teuthology.orchestra.run.smithi037.stdout:/usr/bin/ceph: stderr
2024-05-11T13:22:35.108+0000 7f8dec864700 1 --2- >> [v2:172.21.15.37:3300/0,v1:172.21.15.37:6789/0] conn(0x7f8de81077f0 0x7f8de8107c10 unknown :-1 s=NONE pgs=0 cs=0 l=0 rev1=0 crypto rx=0 tx=0 comp rx=0 tx=0).connect
2024-05-11T13:22:35.909 INFO:teuthology.orchestra.run.smithi037.stdout:/usr/bin/ceph: stderr
2024-05-11T13:22:35.108+0000 7f8dec864700 1 -- --> [v2:172.21.15.37:3300/0,v1:172.21.15.37:6789/0] -- mon_getmap magic: 0 -- 0x7f8de807ce50 con 0x7f8de81077f0
2024-05-11T13:22:35.909 INFO:teuthology.orchestra.run.smithi037.stdout:/usr/bin/ceph: stderr
