2024-05-11T13:22:38.625 INFO:teuthology.orchestra.run.smithi037.stdout:Wrote public SSH key to /home/ubuntu/cephtest/ceph.pub
2024-05-11T13:22:38.625 INFO:teuthology.orchestra.run.smithi037.stdout:Adding key to root@localhost authorized_keys...
2024-05-11T13:22:38.625 INFO:teuthology.orchestra.run.smithi037.stdout:Adding host smithi037...
2024-05-11T13:22:39.010 INFO:journalctl@ceph.mon.a.smithi037.stdout:May 11 13:22:38 smithi037 ceph-mon[30131]: from='client.14138 -' entity='client.admin' cmd=[{"prefix": "cephadm get-pub-key", "target": ["mon-mgr", ""]}]: dispatch
2024-05-11T13:22:39.897 INFO:journalctl@ceph.mon.a.smithi037.stdout:May 11 13:22:39 smithi037 ceph-mon[30131]: from='client.14140 -' entity='client.admin' cmd=[{"prefix": "orch host add", "hostname": "smithi037", "addr": "172.21.15.37", "target": ["mon-mgr", ""]}]: dispatch
2024-05-11T13:22:41.147 INFO:journalctl@ceph.mon.a.smithi037.stdout:May 11 13:22:40 smithi037 ceph-mon[30131]: Deploying cephadm binary to smithi037
2024-05-11T13:22:44.140 INFO:teuthology.orchestra.run.smithi037.stdout:/usr/bin/ceph: stdout Added host 'smithi037' with addr '172.21.15.37'
2024-05-11T13:22:44.140 INFO:teuthology.orchestra.run.smithi037.stdout:/usr/bin/ceph: stderr
2024-05-11T13:22:39.058+0000 7f9a28c5f700 1 Processor -- start
2024-05-11T13:22:44.140 INFO:teuthology.orchestra.run.smithi037.stdout:/usr/bin/ceph: stderr
2024-05-11T13:22:39.059+0000 7f9a28c5f700 1 -- start start
2024-05-11T13:22:44.140 INFO:teuthology.orchestra.run.smithi037.stdout:/usr/bin/ceph: stderr
2024-05-11T13:22:39.059+0000 7f9a28c5f700 1 --2- >> [v2:172.21.15.37:3300/0,v1:172.21.15.37:6789/0] conn(0x7f9a24107810 0x7f9a24107c30 unknown :-1 s=NONE pgs=0 cs=0 l=0 rev1=0 crypto rx=0 tx=0 comp rx=0 tx=0).connect
2024-05-11T13:22:44.140 INFO:teuthology.orchestra.run.smithi037.stdout:/usr/bin/ceph: stderr
2024-05-11T13:22:39.059+0000 7f9a28c5f700 1 -- --> [v2:172.21.15.37:3300/0,v1:172.21.15.37:6789/0] -- mon_getmap magic: 0 -- 0x7f9a2407ce50 con 0x7f9a24107810
2024-05-11T13:22:44.141 INFO:teuthology.orchestra.run.smithi037.stdout:/usr/bin/ceph: stderr
2024-05-11T13:22:39.059+0000 7f9a2259c700 1 --2- >> [v2:172.21.15.37:3300/0,v1:172.21.15.37:6789/0] conn(0x7f9a24107810 0x7f9a24107c30 unknown :-1 s=BANNER_CONNECTING pgs=0 cs=0 l=0 rev1=0 crypto rx=0 tx=0 comp rx=0 tx=0)._handle_peer_banner_payload supported=3 required=0
2024-05-11T13:22:44.141 INFO:teuthology.orchestra.run.smithi037.stdout:/usr/bin/ceph: stderr
2024-05-11T13:22:39.059+0000 7f9a2259c700 1 --2- >> [v2:172.21.15.37:3300/0,v1:172.21.15.37:6789/0] conn(0x7f9a24107810 0x7f9a24107c30 unknown :-1 s=HELLO_CONNECTING pgs=0 cs=0 l=0 rev1=1 crypto rx=0 tx=0 comp rx=0 tx=0).handle_hello peer v2:172.21.15.37:3300/0 says I am v2:172.21.15.37:60418/0 (socket says 172.21.15.37:60418)
2024-05-11T13:22:44.141 INFO:teuthology.orchestra.run.smithi037.stdout:/usr/bin/ceph: stderr
2024-05-11T13:22:39.059+0000 7f9a2259c700 1 -- 172.21.15.37:0/4002333280 learned_addr learned my addr 172.21.15.37:0/4002333280 (peer_addr_for_me v2:172.21.15.37:0/0)
2024-05-11T13:22:44.141 INFO:teuthology.orchestra.run.smithi037.stdout:/usr/bin/ceph: stderr
2024-05-11T13:22:39.059+0000 7f9a2259c700 1 -- 172.21.15.37:0/4002333280 --> [v2:172.21.15.37:3300/0,v1:172.21.15.37:6789/0] -- mon_subscribe({config=0+,monmap=0+}) -- 0x7f9a24108170 con 0x7f9a24107810
2024-05-11T13:22:44.141 INFO:teuthology.orchestra.run.smithi037.stdout:/usr/bin/ceph: stderr
2024-05-11T13:22:39.060+0000 7f9a2259c700 1 --2- 172.21.15.37:0/4002333280 >> [v2:172.21.15.37:3300/0,v1:172.21.15.37:6789/0] conn(0x7f9a24107810 0x7f9a24107c30 secure :-1 s=READY pgs=45 cs=0 l=1 rev1=1 crypto rx=0x7f9a140098a0 tx=0x7f9a14009bb0 comp rx=0 tx=0).ready entity=mon.0 client_cookie=c75c6e19ed127e80 server_cookie=0 in_seq=0 out_seq=0
2024-05-11T13:22:44.141 INFO:teuthology.orchestra.run.smithi037.stdout:/usr/bin/ceph: stderr
2024-05-11T13:22:39.060+0000 7f9a2159a700 1 -- 172.21.15.37:0/4002333280 <== mon.0 v2:172.21.15.37:3300/0 1 ==== mon_map magic: 0 ==== 205+0+0 (secure 0 0 0) 0x7f9a14004160 con 0x7f9a24107810
2024-05-11T13:22:44.141 INFO:teuthology.orchestra.run.smithi037.stdout:/usr/bin/ceph: stderr
2024-05-11T13:22:39.060+0000 7f9a2159a700 1 -- 172.21.15.37:0/4002333280 <== mon.0 v2:172.21.15.37:3300/0 2 ==== config(26 keys) ==== 1070+0+0 (secure 0 0 0) 0x7f9a14004300 con 0x7f9a24107810
2024-05-11T13:22:44.141 INFO:teuthology.orchestra.run.smithi037.stdout:/usr/bin/ceph: stderr
2024-05-11T13:22:39.060+0000 7f9a2159a700 1 -- 172.21.15.37:0/4002333280 <== mon.0 v2:172.21.15.37:3300/0 3 ==== mon_map magic: 0 ==== 205+0+0 (secure 0 0 0) 0x7f9a14011af0 con 0x7f9a24107810
2024-05-11T13:22:44.141 INFO:teuthology.orchestra.run.smithi037.stdout:/usr/bin/ceph: stderr
2024-05-11T13:22:39.060+0000 7f9a28c5f700 1 -- 172.21.15.37:0/4002333280 >> [v2:172.21.15.37:3300/0,v1:172.21.15.37:6789/0] conn(0x7f9a24107810 msgr2=0x7f9a24107c30 secure :-1 s=STATE_CONNECTION_ESTABLISHED l=1).mark_down
2024-05-11T13:22:44.141 INFO:teuthology.orchestra.run.smithi037.stdout:/usr/bin/ceph: stderr
2024-05-11T13:22:39.060+0000 7f9a28c5f700 1 --2- 172.21.15.37:0/4002333280 >> [v2:172.21.15.37:3300/0,v1:172.21.15.37:6789/0] conn(0x7f9a24107810 0x7f9a24107c30 secure :-1 s=READY pgs=45 cs=0 l=1 rev1=1 crypto rx=0x7f9a140098a0 tx=0x7f9a14009bb0 comp rx=0 tx=0).stop
2024-05-11T13:22:44.141 INFO:teuthology.orchestra.run.smithi037.stdout:/usr/bin/ceph: stderr
2024-05-11T13:22:39.060+0000 7f9a28c5f700 1 -- 172.21.15.37:0/4002333280 shutdown_connections
2024-05-11T13:22:44.141 INFO:teuthology.orchestra.run.smithi037.stdout:/usr/bin/ceph: stderr
2024-05-11T13:22:39.060+0000 7f9a28c5f700 1 --2- 172.21.15.37:0/4002333280 >> [v2:172.21.15.37:3300/0,v1:172.21.15.37:6789/0] conn(0x7f9a24107810 0x7f9a24107c30 unknown :-1 s=CLOSED pgs=45 cs=0 l=1 rev1=1 crypto rx=0 tx=0 comp rx=0 tx=0).stop
2024-05-11T13:22:44.141 INFO:teuthology.orchestra.run.smithi037.stdout:/usr/bin/ceph: stderr
2024-05-11T13:22:39.060+0000 7f9a28c5f700 1 -- 172.21.15.37:0/4002333280 >> 172.21.15.37:0/4002333280 conn(0x7f9a24103430 msgr2=0x7f9a24105850 unknown :-1 s=STATE_NONE l=0).mark_down
2024-05-11T13:22:44.142 INFO:teuthology.orchestra.run.smithi037.stdout:/usr/bin/ceph: stderr
2024-05-11T13:22:39.061+0000 7f9a28c5f700 1 -- 172.21.15.37:0/4002333280 shutdown_connections
2024-05-11T13:22:44.142 INFO:teuthology.orchestra.run.smithi037.stdout:/usr/bin/ceph: stderr
2024-05-11T13:22:39.061+0000 7f9a28c5f700 1 -- 172.21.15.37:0/4002333280 wait complete.
2024-05-11T13:22:44.142 INFO:teuthology.orchestra.run.smithi037.stdout:/usr/bin/ceph: stderr
2024-05-11T13:22:39.061+0000 7f9a28c5f700 1 Processor -- start
2024-05-11T13:22:44.142 INFO:teuthology.orchestra.run.smithi037.stdout:/usr/bin/ceph: stderr
2024-05-11T13:22:39.061+0000 7f9a28c5f700 1 -- start start
2024-05-11T13:22:44.142 INFO:teuthology.orchestra.run.smithi037.stdout:/usr/bin/ceph: stderr
2024-05-11T13:22:39.062+0000 7f9a28c5f700 1 --2- >> [v2:172.21.15.37:3300/0,v1:172.21.15.37:6789/0] conn(0x7f9a24107810 0x7f9a2419f0b0 unknown :-1 s=NONE pgs=0 cs=0 l=1 rev1=0 crypto rx=0 tx=0 comp rx=0 tx=0).connect
2024-05-11T13:22:44.142 INFO:teuthology.orchestra.run.smithi037.stdout:/usr/bin/ceph: stderr
2024-05-11T13:22:39.062+0000 7f9a28c5f700 1 -- --> [v2:172.21.15.37:3300/0,v1:172.21.15.37:6789/0] -- mon_getmap magic: 0 -- 0x7f9a241091a0 con 0x7f9a24107810
2024-05-11T13:22:44.142 INFO:teuthology.orchestra.run.smithi037.stdout:/usr/bin/ceph: stderr
2024-05-11T13:22:39.062+0000 7f9a2259c700 1 --2- >> [v2:172.21.15.37:3300/0,v1:172.21.15.37:6789/0] conn(0x7f9a24107810 0x7f9a2419f0b0 unknown :-1 s=BANNER_CONNECTING pgs=0 cs=0 l=1 rev1=0 crypto rx=0 tx=0 comp rx=0 tx=0)._handle_peer_banner_payload supported=3 required=0
2024-05-11T13:22:44.142 INFO:teuthology.orchestra.run.smithi037.stdout:/usr/bin/ceph: stderr
2024-05-11T13:22:39.062+0000 7f9a2259c700 1 --2- >> [v2:172.21.15.37:3300/0,v1:172.21.15.37:6789/0] conn(0x7f9a24107810 0x7f9a2419f0b0 unknown :-1 s=HELLO_CONNECTING pgs=0 cs=0 l=1 rev1=1 crypto rx=0 tx=0 comp rx=0 tx=0).handle_hello peer v2:172.21.15.37:3300/0 says I am v2:172.21.15.37:60430/0 (socket says 172.21.15.37:60430)
2024-05-11T13:22:44.142 INFO:teuthology.orchestra.run.smithi037.stdout:/usr/bin/ceph: stderr
2024-05-11T13:22:39.062+0000 7f9a2259c700 1 -- 172.21.15.37:0/3267313831 learned_addr learned my addr 172.21.15.37:0/3267313831 (peer_addr_for_me v2:172.21.15.37:0/0)
2024-05-11T13:22:44.142 INFO:teuthology.orchestra.run.smithi037.stdout:/usr/bin/ceph: stderr
2024-05-11T13:22:39.062+0000 7f9a2259c700 1 -- 172.21.15.37:0/3267313831 --> [v2:172.21.15.37:3300/0,v1:172.21.15.37:6789/0] -- mon_subscribe({config=0+,monmap=0+}) -- 0x7f9a2419f5f0 con 0x7f9a24107810
2024-05-11T13:22:44.142 INFO:teuthology.orchestra.run.smithi037.stdout:/usr/bin/ceph: stderr
2024-05-11T13:22:39.062+0000 7f9a2259c700 1 --2- 172.21.15.37:0/3267313831 >> [v2:172.21.15.37:3300/0,v1:172.21.15.37:6789/0] conn(0x7f9a24107810 0x7f9a2419f0b0 secure :-1 s=READY pgs=46 cs=0 l=1 rev1=1 crypto rx=0x7f9a14009fb0 tx=0x7f9a14011940 comp rx=0 tx=0).ready entity=mon.0 client_cookie=0 server_cookie=0 in_seq=0 out_seq=0
2024-05-11T13:22:44.142 INFO:teuthology.orchestra.run.smithi037.stdout:/usr/bin/ceph: stderr
2024-05-11T13:22:39.062+0000 7f9a137fe700 1 -- 172.21.15.37:0/3267313831 <== mon.0 v2:172.21.15.37:3300/0 1 ==== mon_map magic: 0 ==== 205+0+0 (secure 0 0 0) 0x7f9a140036a0 con 0x7f9a24107810
2024-05-11T13:22:44.142 INFO:teuthology.orchestra.run.smithi037.stdout:/usr/bin/ceph: stderr
2024-05-11T13:22:39.062+0000 7f9a137fe700 1 -- 172.21.15.37:0/3267313831 <== mon.0 v2:172.21.15.37:3300/0 2 ==== config(26 keys) ==== 1070+0+0 (secure 0 0 0) 0x7f9a1401a430 con 0x7f9a24107810
2024-05-11T13:22:44.142 INFO:teuthology.orchestra.run.smithi037.stdout:/usr/bin/ceph: stderr
2024-05-11T13:22:39.062+0000 7f9a28c5f700 1 -- 172.21.15.37:0/3267313831 --> [v2:172.21.15.37:3300/0,v1:172.21.15.37:6789/0] -- mon_subscribe({mgrmap=0+}) -- 0x7f9a2419f880 con 0x7f9a24107810
2024-05-11T13:22:44.143 INFO:teuthology.orchestra.run.smithi037.stdout:/usr/bin/ceph: stderr
2024-05-11T13:22:39.063+0000 7f9a137fe700 1 -- 172.21.15.37:0/3267313831 <== mon.0 v2:172.21.15.37:3300/0 3 ==== mon_map magic: 0 ==== 205+0+0 (secure 0 0 0) 0x7f9a14019550 con 0x7f9a24107810
2024-05-11T13:22:44.143 INFO:teuthology.orchestra.run.smithi037.stdout:/usr/bin/ceph: stderr
2024-05-11T13:22:39.063+0000 7f9a28c5f700 1 -- 172.21.15.37:0/3267313831 --> [v2:172.21.15.37:3300/0,v1:172.21.15.37:6789/0] -- mon_subscribe({osdmap=0}) -- 0x7f9a241a2570 con 0x7f9a24107810
2024-05-11T13:22:44.143 INFO:teuthology.orchestra.run.smithi037.stdout:/usr/bin/ceph: stderr
2024-05-11T13:22:39.063+0000 7f9a137fe700 1 -- 172.21.15.37:0/3267313831 <== mon.0 v2:172.21.15.37:3300/0 4 ==== mgrmap(e 8) ==== 50222+0+0 (secure 0 0 0) 0x7f9a14019850 con 0x7f9a24107810
2024-05-11T13:22:44.143 INFO:teuthology.orchestra.run.smithi037.stdout:/usr/bin/ceph: stderr
2024-05-11T13:22:39.064+0000 7f9a137fe700 1 --2- 172.21.15.37:0/3267313831 >> [v2:172.21.15.37:6800/1789127780,v1:172.21.15.37:6801/1789127780] conn(0x7f9a0c03e420 0x7f9a0c0408e0 unknown :-1 s=NONE pgs=0 cs=0 l=1 rev1=0 crypto rx=0 tx=0 comp rx=0 tx=0).connect
2024-05-11T13:22:44.143 INFO:teuthology.orchestra.run.smithi037.stdout:/usr/bin/ceph: stderr
2024-05-11T13:22:39.064+0000 7f9a28c5f700 1 -- 172.21.15.37:0/3267313831 --> [v2:172.21.15.37:3300/0,v1:172.21.15.37:6789/0] -- mon_command({"prefix": "get_command_descriptions"} v 0) -- 0x7f9a24064bb0 con 0x7f9a24107810
2024-05-11T13:22:44.143 INFO:teuthology.orchestra.run.smithi037.stdout:/usr/bin/ceph: stderr
2024-05-11T13:22:39.064+0000 7f9a137fe700 1 -- 172.21.15.37:0/3267313831 <== mon.0 v2:172.21.15.37:3300/0 5 ==== osd_map(2..2 src has 1..2) ==== 940+0+0 (secure 0 0 0) 0x7f9a14053990 con 0x7f9a24107810
2024-05-11T13:22:44.143 INFO:teuthology.orchestra.run.smithi037.stdout:/usr/bin/ceph: stderr
2024-05-11T13:22:39.064+0000 7f9a21d9b700 1 --2- 172.21.15.37:0/3267313831 >> [v2:172.21.15.37:6800/1789127780,v1:172.21.15.37:6801/1789127780] conn(0x7f9a0c03e420 0x7f9a0c0408e0 unknown :-1 s=BANNER_CONNECTING pgs=0 cs=0 l=1 rev1=0 crypto rx=0 tx=0 comp rx=0 tx=0)._handle_peer_banner_payload supported=3 required=0
2024-05-11T13:22:44.143 INFO:teuthology.orchestra.run.smithi037.stdout:/usr/bin/ceph: stderr
2024-05-11T13:22:39.064+0000 7f9a21d9b700 1 --2- 172.21.15.37:0/3267313831 >> [v2:172.21.15.37:6800/1789127780,v1:172.21.15.37:6801/1789127780] conn(0x7f9a0c03e420 0x7f9a0c0408e0 secure :-1 s=READY pgs=11 cs=0 l=1 rev1=1 crypto rx=0x7f9a18006fd0 tx=0x7f9a18006e40 comp rx=0 tx=0).ready entity=mgr.14120 client_cookie=0 server_cookie=0 in_seq=0 out_seq=0
2024-05-11T13:22:44.143 INFO:teuthology.orchestra.run.smithi037.stdout:/usr/bin/ceph: stderr
2024-05-11T13:22:39.069+0000 7f9a137fe700 1 -- 172.21.15.37:0/3267313831 <== mon.0 v2:172.21.15.37:3300/0 6 ==== mon_command_ack([{"prefix": "get_command_descriptions"}]=0 v0) ==== 72+0+191963 (secure 0 0 0) 0x7f9a14017e90 con 0x7f9a24107810
2024-05-11T13:22:44.143 INFO:teuthology.orchestra.run.smithi037.stdout:/usr/bin/ceph: stderr
2024-05-11T13:22:39.287+0000 7f9a28c5f700 1 -- 172.21.15.37:0/3267313831 --> [v2:172.21.15.37:6800/1789127780,v1:172.21.15.37:6801/1789127780] -- mgr_command(tid 0: {"prefix": "orch host add", "hostname": "smithi037", "addr": "172.21.15.37", "target": ["mon-mgr", ""]}) -- 0x7f9a240008d0 con 0x7f9a0c03e420
2024-05-11T13:22:44.143 INFO:teuthology.orchestra.run.smithi037.stdout:/usr/bin/ceph: stderr
2024-05-11T13:22:43.556+0000 7f9a137fe700 1 -- 172.21.15.37:0/3267313831 <== mgr.14120 v2:172.21.15.37:6800/1789127780 1 ==== mgr_command_reply(tid 0: 0 ) ==== 8+0+48 (secure 0 0 0) 0x7f9a240008d0 con 0x7f9a0c03e420
2024-05-11T13:22:44.143 INFO:teuthology.orchestra.run.smithi037.stdout:/usr/bin/ceph: stderr
2024-05-11T13:22:43.558+0000 7f9a28c5f700 1 -- 172.21.15.37:0/3267313831 >> [v2:172.21.15.37:6800/1789127780,v1:172.21.15.37:6801/1789127780] conn(0x7f9a0c03e420 msgr2=0x7f9a0c0408e0 secure :-1 s=STATE_CONNECTION_ESTABLISHED l=1).mark_down
2024-05-11T13:22:44.143 INFO:teuthology.orchestra.run.smithi037.stdout:/usr/bin/ceph: stderr
2024-05-11T13:22:43.558+0000 7f9a28c5f700 1 --2- 172.21.15.37:0/3267313831 >> [v2:172.21.15.37:6800/1789127780,v1:172.21.15.37:6801/1789127780] conn(0x7f9a0c03e420 0x7f9a0c0408e0 secure :-1 s=READY pgs=11 cs=0 l=1 rev1=1 crypto rx=0x7f9a18006fd0 tx=0x7f9a18006e40 comp rx=0 tx=0).stop
2024-05-11T13:22:44.143 INFO:teuthology.orchestra.run.smithi037.stdout:/usr/bin/ceph: stderr
2024-05-11T13:22:43.558+0000 7f9a28c5f700 1 -- 172.21.15.37:0/3267313831 >> [v2:172.21.15.37:3300/0,v1:172.21.15.37:6789/0] conn(0x7f9a24107810 msgr2=0x7f9a2419f0b0 secure :-1 s=STATE_CONNECTION_ESTABLISHED l=1).mark_down
2024-05-11T13:22:44.144 INFO:teuthology.orchestra.run.smithi037.stdout:/usr/bin/ceph: stderr
2024-05-11T13:22:43.558+0000 7f9a28c5f700 1 --2- 172.21.15.37:0/3267313831 >> [v2:172.21.15.37:3300/0,v1:172.21.15.37:6789/0] conn(0x7f9a24107810 0x7f9a2419f0b0 secure :-1 s=READY pgs=46 cs=0 l=1 rev1=1 crypto rx=0x7f9a14009fb0 tx=0x7f9a14011940 comp rx=0 tx=0).stop
2024-05-11T13:22:44.144 INFO:teuthology.orchestra.run.smithi037.stdout:/usr/bin/ceph: stderr
2024-05-11T13:22:43.558+0000 7f9a28c5f700 1 -- 172.21.15.37:0/3267313831 shutdown_connections
2024-05-11T13:22:44.144 INFO:teuthology.orchestra.run.smithi037.stdout:/usr/bin/ceph: stderr
2024-05-11T13:22:43.558+0000 7f9a28c5f700 1 --2- 172.21.15.37:0/3267313831 >> [v2:172.21.15.37:6800/1789127780,v1:172.21.15.37:6801/1789127780] conn(0x7f9a0c03e420 0x7f9a0c0408e0 unknown :-1 s=CLOSED pgs=11 cs=0 l=1 rev1=1 crypto rx=0 tx=0 comp rx=0 tx=0).stop
2024-05-11T13:22:44.144 INFO:teuthology.orchestra.run.smithi037.stdout:/usr/bin/ceph: stderr
2024-05-11T13:22:43.558+0000 7f9a28c5f700 1 --2- 172.21.15.37:0/3267313831 >> [v2:172.21.15.37:3300/0,v1:172.21.15.37:6789/0] conn(0x7f9a24107810 0x7f9a2419f0b0 unknown :-1 s=CLOSED pgs=46 cs=0 l=1 rev1=1 crypto rx=0 tx=0 comp rx=0 tx=0).stop
2024-05-11T13:22:44.144 INFO:teuthology.orchestra.run.smithi037.stdout:/usr/bin/ceph: stderr
2024-05-11T13:22:43.558+0000 7f9a28c5f700 1 -- 172.21.15.37:0/3267313831 >> 172.21.15.37:0/3267313831 conn(0x7f9a24103430 msgr2=0x7f9a24195d20 unknown :-1 s=STATE_NONE l=0).mark_down
2024-05-11T13:22:44.144 INFO:teuthology.orchestra.run.smithi037.stdout:/usr/bin/ceph: stderr
2024-05-11T13:22:43.558+0000 7f9a28c5f700 1 -- 172.21.15.37:0/3267313831 shutdown_connections
2024-05-11T13:22:44.144 INFO:teuthology.orchestra.run.smithi037.stdout:/usr/bin/ceph: stderr
2024-05-11T13:22:43.559+0000 7f9a28c5f700 1 -- 172.21.15.37:0/3267313831 wait complete.
2024-05-11T13:22:44.144 INFO:teuthology.orchestra.run.smithi037.stdout:Deploying unmanaged mon service...
2024-05-11T13:22:44.697 INFO:journalctl@ceph.mon.a.smithi037.stdout:May 11 13:22:44 smithi037 ceph-mon[30131]: from='mgr.14120 172.21.15.37:0/3589202229' entity='mgr.x'
2024-05-11T13:22:44.698 INFO:journalctl@ceph.mon.a.smithi037.stdout:May 11 13:22:44 smithi037 ceph-mon[30131]: Added host smithi037
2024-05-11T13:22:44.698 INFO:journalctl@ceph.mon.a.smithi037.stdout:May 11 13:22:44 smithi037 ceph-mon[30131]: from='mgr.14120 172.21.15.37:0/3589202229' entity='mgr.x' cmd=[{"prefix": "config dump", "format": "json"}]: dispatch
2024-05-11T13:22:46.039 INFO:journalctl@ceph.mon.a.smithi037.stdout:May 11 13:22:45 smithi037 ceph-mon[30131]: from='client.14142 -' entity='client.admin' cmd=[{"prefix": "orch apply", "service_type": "mon", "unmanaged": true, "target": ["mon-mgr", ""]}]: dispatch
2024-05-11T13:22:46.039 INFO:journalctl@ceph.mon.a.smithi037.stdout:May 11 13:22:45 smithi037 ceph-mon[30131]: Saving service mon spec with placement count:5
2024-05-11T13:22:46.039 INFO:journalctl@ceph.mon.a.smithi037.stdout:May 11 13:22:45 smithi037 ceph-mon[30131]: from='mgr.14120 172.21.15.37:0/3589202229' entity='mgr.x'
2024-05-11T13:22:46.263 INFO:teuthology.orchestra.run.smithi037.stdout:/usr/bin/ceph: stdout Scheduled mon update...
2024-05-11T13:22:46.263 INFO:teuthology.orchestra.run.smithi037.stdout:/usr/bin/ceph: stderr
2024-05-11T13:22:44.692+0000 7fa433f73700 1 Processor -- start
2024-05-11T13:22:46.263 INFO:teuthology.orchestra.run.smithi037.stdout:/usr/bin/ceph: stderr
2024-05-11T13:22:44.692+0000 7fa433f73700 1 -- start start
2024-05-11T13:22:46.263 INFO:teuthology.orchestra.run.smithi037.stdout:/usr/bin/ceph: stderr
2024-05-11T13:22:44.692+0000 7fa433f73700 1 --2- >> [v2:172.21.15.37:3300/0,v1:172.21.15.37:6789/0] conn(0x7fa42c107730 0x7fa42c107b50 unknown :-1 s=NONE pgs=0 cs=0 l=0 rev1=0 crypto rx=0 tx=0 comp rx=0 tx=0).connect
2024-05-11T13:22:46.264 INFO:teuthology.orchestra.run.smithi037.stdout:/usr/bin/ceph: stderr
2024-05-11T13:22:44.692+0000 7fa433f73700 1 -- --> [v2:172.21.15.37:3300/0,v1:172.21.15.37:6789/0] -- mon_getmap magic: 0 -- 0x7fa42c07ced0 con 0x7fa42c107730
2024-05-11T13:22:46.264 INFO:teuthology.orchestra.run.smithi037.stdout:/usr/bin/ceph: stderr
2024-05-11T13:22:44.692+0000 7fa431d0f700 1 --2- >> [v2:172.21.15.37:3300/0,v1:172.21.15.37:6789/0] conn(0x7fa42c107730 0x7fa42c107b50 unknown :-1 s=BANNER_CONNECTING pgs=0 cs=0 l=0 rev1=0 crypto rx=0 tx=0 comp rx=0 tx=0)._handle_peer_banner_payload supported=3 required=0
2024-05-11T13:22:46.264 INFO:teuthology.orchestra.run.smithi037.stdout:/usr/bin/ceph: stderr
2024-05-11T13:22:44.693+0000 7fa431d0f700 1 --2- >> [v2:172.21.15.37:3300/0,v1:172.21.15.37:6789/0] conn(0x7fa42c107730 0x7fa42c107b50 unknown :-1 s=HELLO_CONNECTING pgs=0 cs=0 l=0 rev1=1 crypto rx=0 tx=0 comp rx=0 tx=0).handle_hello peer v2:172.21.15.37:3300/0 says I am v2:172.21.15.37:45454/0 (socket says 172.21.15.37:45454)
2024-05-11T13:22:46.264 INFO:teuthology.orchestra.run.smithi037.stdout:/usr/bin/ceph: stderr
2024-05-11T13:22:44.693+0000 7fa431d0f700 1 -- 172.21.15.37:0/1651805006 learned_addr learned my addr 172.21.15.37:0/1651805006 (peer_addr_for_me v2:172.21.15.37:0/0)
2024-05-11T13:22:46.264 INFO:teuthology.orchestra.run.smithi037.stdout:/usr/bin/ceph: stderr
2024-05-11T13:22:44.693+0000 7fa431d0f700 1 -- 172.21.15.37:0/1651805006 --> [v2:172.21.15.37:3300/0,v1:172.21.15.37:6789/0] -- mon_subscribe({config=0+,monmap=0+}) -- 0x7fa42c108090 con 0x7fa42c107730
2024-05-11T13:22:46.264 INFO:teuthology.orchestra.run.smithi037.stdout:/usr/bin/ceph: stderr
2024-05-11T13:22:44.693+0000 7fa431d0f700 1 --2- 172.21.15.37:0/1651805006 >> [v2:172.21.15.37:3300/0,v1:172.21.15.37:6789/0] conn(0x7fa42c107730 0x7fa42c107b50 secure :-1 s=READY pgs=47 cs=0 l=1 rev1=1 crypto rx=0x7fa4280098a0 tx=0x7fa428009bb0 comp rx=0 tx=0).ready entity=mon.0 client_cookie=7c6c0ff6436988a0 server_cookie=0 in_seq=0 out_seq=0
2024-05-11T13:22:46.264 INFO:teuthology.orchestra.run.smithi037.stdout:/usr/bin/ceph: stderr
2024-05-11T13:22:44.693+0000 7fa430d0d700 1 -- 172.21.15.37:0/1651805006 <== mon.0 v2:172.21.15.37:3300/0 1 ==== mon_map magic: 0 ==== 205+0+0 (secure 0 0 0) 0x7fa428004160 con 0x7fa42c107730
2024-05-11T13:22:46.264 INFO:teuthology.orchestra.run.smithi037.stdout:/usr/bin/ceph: stderr
2024-05-11T13:22:44.693+0000 7fa430d0d700 1 -- 172.21.15.37:0/1651805006 <== mon.0 v2:172.21.15.37:3300/0 2 ==== config(26 keys) ==== 1070+0+0 (secure 0 0 0) 0x7fa428004300 con 0x7fa42c107730
2024-05-11T13:22:46.264 INFO:teuthology.orchestra.run.smithi037.stdout:/usr/bin/ceph: stderr
2024-05-11T13:22:44.693+0000 7fa430d0d700 1 -- 172.21.15.37:0/1651805006 <== mon.0 v2:172.21.15.37:3300/0 3 ==== mon_map magic: 0 ==== 205+0+0 (secure 0 0 0) 0x7fa428011af0 con 0x7fa42c107730
2024-05-11T13:22:46.264 INFO:teuthology.orchestra.run.smithi037.stdout:/usr/bin/ceph: stderr
2024-05-11T13:22:44.694+0000 7fa433f73700 1 -- 172.21.15.37:0/1651805006 >> [v2:172.21.15.37:3300/0,v1:172.21.15.37:6789/0] conn(0x7fa42c107730 msgr2=0x7fa42c107b50 secure :-1 s=STATE_CONNECTION_ESTABLISHED l=1).mark_down
2024-05-11T13:22:46.264 INFO:teuthology.orchestra.run.smithi037.stdout:/usr/bin/ceph: stderr
2024-05-11T13:22:44.694+0000 7fa433f73700 1 --2- 172.21.15.37:0/1651805006 >> [v2:172.21.15.37:3300/0,v1:172.21.15.37:6789/0] conn(0x7fa42c107730 0x7fa42c107b50 secure :-1 s=READY pgs=47 cs=0 l=1 rev1=1 crypto rx=0x7fa4280098a0 tx=0x7fa428009bb0 comp rx=0 tx=0).stop
2024-05-11T13:22:46.264 INFO:teuthology.orchestra.run.smithi037.stdout:/usr/bin/ceph: stderr
2024-05-11T13:22:44.694+0000 7fa433f73700 1 -- 172.21.15.37:0/1651805006 shutdown_connections
2024-05-11T13:22:46.264 INFO:teuthology.orchestra.run.smithi037.stdout:/usr/bin/ceph: stderr
2024-05-11T13:22:44.694+0000 7fa433f73700 1 --2- 172.21.15.37:0/1651805006 >> [v2:172.21.15.37:3300/0,v1:172.21.15.37:6789/0] conn(0x7fa42c107730 0x7fa42c107b50 unknown :-1 s=CLOSED pgs=47 cs=0 l=1 rev1=1 crypto rx=0 tx=0 comp rx=0 tx=0).stop
2024-05-11T13:22:46.265 INFO:teuthology.orchestra.run.smithi037.stdout:/usr/bin/ceph: stderr
2024-05-11T13:22:44.694+0000 7fa433f73700 1 -- 172.21.15.37:0/1651805006 >> 172.21.15.37:0/1651805006 conn(0x7fa42c1033b0 msgr2=0x7fa42c1057d0 unknown :-1 s=STATE_NONE l=0).mark_down
2024-05-11T13:22:46.265 INFO:teuthology.orchestra.run.smithi037.stdout:/usr/bin/ceph: stderr
2024-05-11T13:22:44.694+0000 7fa433f73700 1 -- 172.21.15.37:0/1651805006 shutdown_connections
2024-05-11T13:22:46.265 INFO:teuthology.orchestra.run.smithi037.stdout:/usr/bin/ceph: stderr
2024-05-11T13:22:44.694+0000 7fa433f73700 1 -- 172.21.15.37:0/1651805006 wait complete.
2024-05-11T13:22:46.265 INFO:teuthology.orchestra.run.smithi037.stdout:/usr/bin/ceph: stderr
2024-05-11T13:22:44.694+0000 7fa433f73700 1 Processor -- start
2024-05-11T13:22:46.265 INFO:teuthology.orchestra.run.smithi037.stdout:/usr/bin/ceph: stderr
2024-05-11T13:22:44.695+0000 7fa433f73700 1 -- start start
2024-05-11T13:22:46.265 INFO:teuthology.orchestra.run.smithi037.stdout:/usr/bin/ceph: stderr
2024-05-11T13:22:44.695+0000 7fa433f73700 1 --2- >> [v2:172.21.15.37:3300/0,v1:172.21.15.37:6789/0] conn(0x7fa42c107730 0x7fa42c19f030 unknown :-1 s=NONE pgs=0 cs=0 l=1 rev1=0 crypto rx=0 tx=0 comp rx=0 tx=0).connect
2024-05-11T13:22:46.265 INFO:teuthology.orchestra.run.smithi037.stdout:/usr/bin/ceph: stderr
2024-05-11T13:22:44.695+0000 7fa433f73700 1 -- --> [v2:172.21.15.37:3300/0,v1:172.21.15.37:6789/0] -- mon_getmap magic: 0 -- 0x7fa42c1090c0 con 0x7fa42c107730
2024-05-11T13:22:46.265 INFO:teuthology.orchestra.run.smithi037.stdout:/usr/bin/ceph: stderr
2024-05-11T13:22:44.695+0000 7fa431d0f700 1 --2- >> [v2:172.21.15.37:3300/0,v1:172.21.15.37:6789/0] conn(0x7fa42c107730 0x7fa42c19f030 unknown :-1 s=BANNER_CONNECTING pgs=0 cs=0 l=1 rev1=0 crypto rx=0 tx=0 comp rx=0 tx=0)._handle_peer_banner_payload supported=3 required=0
2024-05-11T13:22:46.265 INFO:teuthology.orchestra.run.smithi037.stdout:/usr/bin/ceph: stderr
2024-05-11T13:22:44.695+0000 7fa431d0f700 1 --2- >> [v2:172.21.15.37:3300/0,v1:172.21.15.37:6789/0] conn(0x7fa42c107730 0x7fa42c19f030 unknown :-1 s=HELLO_CONNECTING pgs=0 cs=0 l=1 rev1=1 crypto rx=0 tx=0 comp rx=0 tx=0).handle_hello peer v2:172.21.15.37:3300/0 says I am v2:172.21.15.37:45464/0 (socket says 172.21.15.37:45464)
2024-05-11T13:22:46.265 INFO:teuthology.orchestra.run.smithi037.stdout:/usr/bin/ceph: stderr
2024-05-11T13:22:44.695+0000 7fa431d0f700 1 -- 172.21.15.37:0/1063397025 learned_addr learned my addr 172.21.15.37:0/1063397025 (peer_addr_for_me v2:172.21.15.37:0/0)
2024-05-11T13:22:46.265 INFO:teuthology.orchestra.run.smithi037.stdout:/usr/bin/ceph: stderr
2024-05-11T13:22:44.695+0000 7fa431d0f700 1 -- 172.21.15.37:0/1063397025 --> [v2:172.21.15.37:3300/0,v1:172.21.15.37:6789/0] -- mon_subscribe({config=0+,monmap=0+}) -- 0x7fa42c19f570 con 0x7fa42c107730
2024-05-11T13:22:46.265 INFO:teuthology.orchestra.run.smithi037.stdout:/usr/bin/ceph: stderr
2024-05-11T13:22:44.695+0000 7fa431d0f700 1 --2- 172.21.15.37:0/1063397025 >> [v2:172.21.15.37:3300/0,v1:172.21.15.37:6789/0] conn(0x7fa42c107730 0x7fa42c19f030 secure :-1 s=READY pgs=48 cs=0 l=1 rev1=1 crypto rx=0x7fa428011ac0 tx=0x7fa428011ba0 comp rx=0 tx=0).ready entity=mon.0 client_cookie=0 server_cookie=0 in_seq=0 out_seq=0
2024-05-11T13:22:46.265 INFO:teuthology.orchestra.run.smithi037.stdout:/usr/bin/ceph: stderr
2024-05-11T13:22:44.695+0000 7fa422ffd700 1 -- 172.21.15.37:0/1063397025 <== mon.0 v2:172.21.15.37:3300/0 1 ==== mon_map magic: 0 ==== 205+0+0 (secure 0 0 0) 0x7fa428003b20 con 0x7fa42c107730
2024-05-11T13:22:46.265 INFO:teuthology.orchestra.run.smithi037.stdout:/usr/bin/ceph: stderr
2024-05-11T13:22:44.695+0000 7fa433f73700 1 -- 172.21.15.37:0/1063397025 --> [v2:172.21.15.37:3300/0,v1:172.21.15.37:6789/0] -- mon_subscribe({mgrmap=0+}) -- 0x7fa42c19f800 con 0x7fa42c107730
2024-05-11T13:22:46.265 INFO:teuthology.orchestra.run.smithi037.stdout:/usr/bin/ceph: stderr
2024-05-11T13:22:44.695+0000 7fa422ffd700 1 -- 172.21.15.37:0/1063397025 <== mon.0 v2:172.21.15.37:3300/0 2 ==== config(26 keys) ==== 1070+0+0 (secure 0 0 0) 0x7fa42801a8c0 con 0x7fa42c107730
2024-05-11T13:22:46.266 INFO:teuthology.orchestra.run.smithi037.stdout:/usr/bin/ceph: stderr
2024-05-11T13:22:44.695+0000 7fa422ffd700 1 -- 172.21.15.37:0/1063397025 <== mon.0 v2:172.21.15.37:3300/0 3 ==== mon_map magic: 0 ==== 205+0+0 (secure 0 0 0) 0x7fa4280248d0 con 0x7fa42c107730
2024-05-11T13:22:46.266 INFO:teuthology.orchestra.run.smithi037.stdout:/usr/bin/ceph: stderr
2024-05-11T13:22:44.696+0000 7fa433f73700 1 -- 172.21.15.37:0/1063397025 --> [v2:172.21.15.37:3300/0,v1:172.21.15.37:6789/0] -- mon_subscribe({osdmap=0}) -- 0x7fa42c1a24f0 con 0x7fa42c107730
2024-05-11T13:22:46.266 INFO:teuthology.orchestra.run.smithi037.stdout:/usr/bin/ceph: stderr
2024-05-11T13:22:44.696+0000 7fa422ffd700 1 -- 172.21.15.37:0/1063397025 <== mon.0 v2:172.21.15.37:3300/0 4 ==== mgrmap(e 8) ==== 50222+0+0 (secure 0 0 0) 0x7fa428022020 con 0x7fa42c107730
2024-05-11T13:22:46.266 INFO:teuthology.orchestra.run.smithi037.stdout:/usr/bin/ceph: stderr
2024-05-11T13:22:44.696+0000 7fa433f73700 1 -- 172.21.15.37:0/1063397025 --> [v2:172.21.15.37:3300/0,v1:172.21.15.37:6789/0] -- mon_command({"prefix": "get_command_descriptions"} v 0) -- 0x7fa42c064bb0 con 0x7fa42c107730
2024-05-11T13:22:46.266 INFO:teuthology.orchestra.run.smithi037.stdout:/usr/bin/ceph: stderr
2024-05-11T13:22:44.697+0000 7fa422ffd700 1 --2- 172.21.15.37:0/1063397025 >> [v2:172.21.15.37:6800/1789127780,v1:172.21.15.37:6801/1789127780] conn(0x7fa41803e4c0 0x7fa418040980 unknown :-1 s=NONE pgs=0 cs=0 l=1 rev1=0 crypto rx=0 tx=0 comp rx=0 tx=0).connect
2024-05-11T13:22:46.266 INFO:teuthology.orchestra.run.smithi037.stdout:/usr/bin/ceph: stderr
2024-05-11T13:22:44.697+0000 7fa422ffd700 1 -- 172.21.15.37:0/1063397025 <== mon.0 v2:172.21.15.37:3300/0 5 ==== osd_map(2..2 src has 1..2) ==== 940+0+0 (secure 0 0 0) 0x7fa428053810 con 0x7fa42c107730
2024-05-11T13:22:46.266 INFO:teuthology.orchestra.run.smithi037.stdout:/usr/bin/ceph: stderr
2024-05-11T13:22:44.697+0000 7fa43150e700 1 --2- 172.21.15.37:0/1063397025 >> [v2:172.21.15.37:6800/1789127780,v1:172.21.15.37:6801/1789127780] conn(0x7fa41803e4c0 0x7fa418040980 unknown :-1 s=BANNER_CONNECTING pgs=0 cs=0 l=1 rev1=0 crypto rx=0 tx=0 comp rx=0 tx=0)._handle_peer_banner_payload supported=3 required=0
2024-05-11T13:22:46.266 INFO:teuthology.orchestra.run.smithi037.stdout:/usr/bin/ceph: stderr
2024-05-11T13:22:44.697+0000 7fa43150e700 1 --2- 172.21.15.37:0/1063397025 >> [v2:172.21.15.37:6800/1789127780,v1:172.21.15.37:6801/1789127780] conn(0x7fa41803e4c0 0x7fa418040980 secure :-1 s=READY pgs=12 cs=0 l=1 rev1=1 crypto rx=0x7fa41c006fd0 tx=0x7fa41c006e40 comp rx=0 tx=0).ready entity=mgr.14120 client_cookie=0 server_cookie=0 in_seq=0 out_seq=0
2024-05-11T13:22:46.266 INFO:teuthology.orchestra.run.smithi037.stdout:/usr/bin/ceph: stderr
2024-05-11T13:22:44.702+0000 7fa422ffd700 1 -- 172.21.15.37:0/1063397025 <== mon.0 v2:172.21.15.37:3300/0 6 ==== mon_command_ack([{"prefix": "get_command_descriptions"}]=0 v0) ==== 72+0+191963 (secure 0 0 0) 0x7fa42801ab20 con 0x7fa42c107730
2024-05-11T13:22:46.266 INFO:teuthology.orchestra.run.smithi037.stdout:/usr/bin/ceph: stderr
2024-05-11T13:22:44.944+0000 7fa433f73700 1 -- 172.21.15.37:0/1063397025 --> [v2:172.21.15.37:6800/1789127780,v1:172.21.15.37:6801/1789127780] -- mgr_command(tid 0: {"prefix": "orch apply", "service_type": "mon", "unmanaged": true, "target": ["mon-mgr", ""]}) -- 0x7fa42c0008d0 con 0x7fa41803e4c0
2024-05-11T13:22:46.266 INFO:teuthology.orchestra.run.smithi037.stdout:/usr/bin/ceph: stderr
2024-05-11T13:22:44.948+0000 7fa422ffd700 1 -- 172.21.15.37:0/1063397025 <== mgr.14120 v2:172.21.15.37:6800/1789127780 1 ==== mgr_command_reply(tid 0: 0 ) ==== 8+0+24 (secure 0 0 0) 0x7fa42c0008d0 con 0x7fa41803e4c0
2024-05-11T13:22:46.266 INFO:teuthology.orchestra.run.smithi037.stdout:/usr/bin/ceph: stderr
2024-05-11T13:22:44.951+0000 7fa433f73700 1 -- 172.21.15.37:0/1063397025 >> [v2:172.21.15.37:6800/1789127780,v1:172.21.15.37:6801/1789127780] conn(0x7fa41803e4c0 msgr2=0x7fa418040980 secure :-1 s=STATE_CONNECTION_ESTABLISHED l=1).mark_down
2024-05-11T13:22:46.267 INFO:teuthology.orchestra.run.smithi037.stdout:/usr/bin/ceph: stderr
2024-05-11T13:22:44.951+0000 7fa433f73700 1 --2- 172.21.15.37:0/1063397025 >> [v2:172.21.15.37:6800/1789127780,v1:172.21.15.37:6801/1789127780] conn(0x7fa41803e4c0 0x7fa418040980 secure :-1 s=READY pgs=12 cs=0 l=1 rev1=1 crypto rx=0x7fa41c006fd0 tx=0x7fa41c006e40 comp rx=0 tx=0).stop
2024-05-11T13:22:46.267 INFO:teuthology.orchestra.run.smithi037.stdout:/usr/bin/ceph: stderr
2024-05-11T13:22:44.951+0000 7fa433f73700 1 -- 172.21.15.37:0/1063397025 >> [v2:172.21.15.37:3300/0,v1:172.21.15.37:6789/0] conn(0x7fa42c107730 msgr2=0x7fa42c19f030 secure :-1 s=STATE_CONNECTION_ESTABLISHED l=1).mark_down
2024-05-11T13:22:46.267 INFO:teuthology.orchestra.run.smithi037.stdout:/usr/bin/ceph: stderr
2024-05-11T13:22:44.951+0000 7fa433f73700 1 --2- 172.21.15.37:0/1063397025 >> [v2:172.21.15.37:3300/0,v1:172.21.15.37:6789/0] conn(0x7fa42c107730 0x7fa42c19f030 secure :-1 s=READY pgs=48 cs=0 l=1 rev1=1 crypto rx=0x7fa428011ac0 tx=0x7fa428011ba0 comp rx=0 tx=0).stop
2024-05-11T13:22:46.267 INFO:teuthology.orchestra.run.smithi037.stdout:/usr/bin/ceph: stderr
2024-05-11T13:22:44.951+0000 7fa433f73700 1 -- 172.21.15.37:0/1063397025 shutdown_connections
2024-05-11T13:22:46.267 INFO:teuthology.orchestra.run.smithi037.stdout:/usr/bin/ceph: stderr
2024-05-11T13:22:44.951+0000 7fa433f73700 1 --2- 172.21.15.37:0/1063397025 >> [v2:172.21.15.37:6800/1789127780,v1:172.21.15.37:6801/1789127780] conn(0x7fa41803e4c0 0x7fa418040980 unknown :-1 s=CLOSED pgs=12 cs=0 l=1 rev1=1 crypto rx=0 tx=0 comp rx=0 tx=0).stop
2024-05-11T13:22:46.267 INFO:teuthology.orchestra.run.smithi037.stdout:/usr/bin/ceph: stderr
2024-05-11T13:22:44.951+0000 7fa433f73700 1 --2- 172.21.15.37:0/1063397025 >> [v2:172.21.15.37:3300/0,v1:172.21.15.37:6789/0] conn(0x7fa42c107730 0x7fa42c19f030 unknown :-1 s=CLOSED pgs=48 cs=0 l=1 rev1=1 crypto rx=0 tx=0 comp rx=0 tx=0).stop
2024-05-11T13:22:46.267 INFO:teuthology.orchestra.run.smithi037.stdout:/usr/bin/ceph: stderr
2024-05-11T13:22:44.951+0000 7fa433f73700 1 -- 172.21.15.37:0/1063397025 >> 172.21.15.37:0/1063397025 conn(0x7fa42c1033b0 msgr2=0x7fa42c195c90 unknown :-1 s=STATE_NONE l=0).mark_down
2024-05-11T13:22:46.267 INFO:teuthology.orchestra.run.smithi037.stdout:/usr/bin/ceph: stderr
2024-05-11T13:22:44.951+0000 7fa433f73700 1 -- 172.21.15.37:0/1063397025 shutdown_connections
2024-05-11T13:22:46.267 INFO:teuthology.orchestra.run.smithi037.stdout:/usr/bin/ceph: stderr
2024-05-11T13:22:44.951+0000 7fa433f73700 1 -- 172.21.15.37:0/1063397025 wait complete.
2024-05-11T13:22:46.267 INFO:teuthology.orchestra.run.smithi037.stdout:Deploying unmanaged mgr service...
2024-05-11T13:22:47.236 INFO:journalctl@ceph.mon.a.smithi037.stdout:May 11 13:22:47 smithi037 ceph-mon[30131]: from='mgr.14120 172.21.15.37:0/3589202229' entity='mgr.x'
2024-05-11T13:22:47.237 INFO:journalctl@ceph.mon.a.smithi037.stdout:May 11 13:22:47 smithi037 ceph-mon[30131]: from='mgr.14120 172.21.15.37:0/3589202229' entity='mgr.x'
2024-05-11T13:22:47.237 INFO:journalctl@ceph.mon.a.smithi037.stdout:May 11 13:22:47 smithi037 ceph-mon[30131]: from='mgr.14120 172.21.15.37:0/3589202229' entity='mgr.x'
2024-05-11T13:22:47.478 INFO:teuthology.orchestra.run.smithi037.stdout:/usr/bin/ceph: stdout Scheduled mgr update...
2024-05-11T13:22:47.478 INFO:teuthology.orchestra.run.smithi037.stdout:/usr/bin/ceph: stderr
2024-05-11T13:22:46.731+0000 7fc1658d7700 1 Processor -- start
2024-05-11T13:22:47.479 INFO:teuthology.orchestra.run.smithi037.stdout:/usr/bin/ceph: stderr
2024-05-11T13:22:46.731+0000 7fc1658d7700 1 -- start start
2024-05-11T13:22:47.479 INFO:teuthology.orchestra.run.smithi037.stdout:/usr/bin/ceph: stderr
2024-05-11T13:22:46.731+0000 7fc1658d7700 1 --2- >> [v2:172.21.15.37:3300/0,v1:172.21.15.37:6789/0] conn(0x7fc160109980 0x7fc16010bd70 unknown :-1 s=NONE pgs=0 cs=0 l=0 rev1=0 crypto rx=0 tx=0 comp rx=0 tx=0).connect
2024-05-11T13:22:47.479 INFO:teuthology.orchestra.run.smithi037.stdout:/usr/bin/ceph: stderr
2024-05-11T13:22:46.731+0000 7fc1658d7700 1 -- --> [v2:172.21.15.37:3300/0,v1:172.21.15.37:6789/0] -- mon_getmap magic: 0 -- 0x7fc16007ce90 con 0x7fc160109980
2024-05-11T13:22:47.479 INFO:teuthology.orchestra.run.smithi037.stdout:/usr/bin/ceph: stderr
2024-05-11T13:22:46.731+0000 7fc15effd700 1 --2- >> [v2:172.21.15.37:3300/0,v1:172.21.15.37:6789/0] conn(0x7fc160109980 0x7fc16010bd70 unknown :-1 s=BANNER_CONNECTING pgs=0 cs=0 l=0 rev1=0 crypto rx=0 tx=0 comp rx=0 tx=0)._handle_peer_banner_payload supported=3 required=0
2024-05-11T13:22:47.479 INFO:teuthology.orchestra.run.smithi037.stdout:/usr/bin/ceph: stderr
2024-05-11T13:22:46.731+0000 7fc15effd700 1 --2- >> [v2:172.21.15.37:3300/0,v1:172.21.15.37:6789/0] conn(0x7fc160109980 0x7fc16010bd70 unknown :-1 s=HELLO_CONNECTING pgs=0 cs=0 l=0 rev1=1 crypto rx=0 tx=0 comp rx=0 tx=0).handle_hello peer v2:172.21.15.37:3300/0 says I am v2:172.21.15.37:45470/0 (socket says 172.21.15.37:45470)
2024-05-11T13:22:47.479 INFO:teuthology.orchestra.run.smithi037.stdout:/usr/bin/ceph: stderr
2024-05-11T13:22:46.731+0000 7fc15effd700 1 -- 172.21.15.37:0/2446430111 learned_addr learned my addr 172.21.15.37:0/2446430111 (peer_addr_for_me v2:172.21.15.37:0/0)
2024-05-11T13:22:47.479 INFO:teuthology.orchestra.run.smithi037.stdout:/usr/bin/ceph: stderr
2024-05-11T13:22:46.731+0000 7fc15effd700 1 -- 172.21.15.37:0/2446430111 --> [v2:172.21.15.37:3300/0,v1:172.21.15.37:6789/0] -- mon_subscribe({config=0+,monmap=0+}) -- 0x7fc16010c2b0 con 0x7fc160109980
2024-05-11T13:22:47.479 INFO:teuthology.orchestra.run.smithi037.stdout:/usr/bin/ceph: stderr
2024-05-11T13:22:46.732+0000 7fc15effd700 1 --2- 172.21.15.37:0/2446430111 >> [v2:172.21.15.37:3300/0,v1:172.21.15.37:6789/0] conn(0x7fc160109980 0x7fc16010bd70 secure :-1 s=READY pgs=49 cs=0 l=1 rev1=1 crypto rx=0x7fc1500098a0 tx=0x7fc150009bb0 comp rx=0 tx=0).ready entity=mon.0 client_cookie=bbd0bfba1c776e4 server_cookie=0 in_seq=0 out_seq=0
2024-05-11T13:22:47.479 INFO:teuthology.orchestra.run.smithi037.stdout:/usr/bin/ceph: stderr
2024-05-11T13:22:46.732+0000 7fc15dffb700 1 -- 172.21.15.37:0/2446430111 <== mon.0 v2:172.21.15.37:3300/0 1 ==== mon_map magic: 0 ==== 205+0+0 (secure 0 0 0) 0x7fc150004160 con 0x7fc160109980
2024-05-11T13:22:47.479 INFO:teuthology.orchestra.run.smithi037.stdout:/usr/bin/ceph: stderr
2024-05-11T13:22:46.732+0000 7fc15dffb700 1 -- 172.21.15.37:0/2446430111 <== mon.0 v2:172.21.15.37:3300/0 2 ==== config(26 keys) ==== 1101+0+0 (secure 0 0 0) 0x7fc150004300 con 0x7fc160109980
2024-05-11T13:22:47.479 INFO:teuthology.orchestra.run.smithi037.stdout:/usr/bin/ceph: stderr
2024-05-11T13:22:46.732+0000 7fc15dffb700 1 -- 172.21.15.37:0/2446430111 <== mon.0 v2:172.21.15.37:3300/0 3 ==== mon_map magic: 0 ==== 205+0+0 (secure 0 0 0) 0x7fc150011a20 con 0x7fc160109980
2024-05-11T13:22:47.479 INFO:teuthology.orchestra.run.smithi037.stdout:/usr/bin/ceph: stderr
2024-05-11T13:22:46.732+0000 7fc1658d7700 1 -- 172.21.15.37:0/2446430111 >> [v2:172.21.15.37:3300/0,v1:172.21.15.37:6789/0] conn(0x7fc160109980 msgr2=0x7fc16010bd70 secure :-1 s=STATE_CONNECTION_ESTABLISHED l=1).mark_down
2024-05-11T13:22:47.479 INFO:teuthology.orchestra.run.smithi037.stdout:/usr/bin/ceph: stderr
2024-05-11T13:22:46.732+0000 7fc1658d7700 1 --2- 172.21.15.37:0/2446430111 >> [v2:172.21.15.37:3300/0,v1:172.21.15.37:6789/0] conn(0x7fc160109980 0x7fc16010bd70 secure :-1 s=READY pgs=49 cs=0 l=1 rev1=1 crypto rx=0x7fc1500098a0 tx=0x7fc150009bb0 comp rx=0 tx=0).stop
2024-05-11T13:22:47.479 INFO:teuthology.orchestra.run.smithi037.stdout:/usr/bin/ceph: stderr
2024-05-11T13:22:46.733+0000 7fc1658d7700 1 -- 172.21.15.37:0/2446430111 shutdown_connections
2024-05-11T13:22:47.480 INFO:teuthology.orchestra.run.smithi037.stdout:/usr/bin/ceph: stderr
2024-05-11T13:22:46.733+0000 7fc1658d7700 1 --2- 172.21.15.37:0/2446430111 >> [v2:172.21.15.37:3300/0,v1:172.21.15.37:6789/0] conn(0x7fc160109980 0x7fc16010bd70 unknown :-1 s=CLOSED pgs=49 cs=0 l=1 rev1=1 crypto rx=0 tx=0 comp rx=0 tx=0).stop
2024-05-11T13:22:47.480 INFO:teuthology.orchestra.run.smithi037.stdout:/usr/bin/ceph: stderr
2024-05-11T13:22:46.733+0000 7fc1658d7700 1 -- 172.21.15.37:0/2446430111 >> 172.21.15.37:0/2446430111 conn(0x7fc1601033b0 msgr2=0x7fc1601057d0 unknown :-1 s=STATE_NONE l=0).mark_down
2024-05-11T13:22:47.480 INFO:teuthology.orchestra.run.smithi037.stdout:/usr/bin/ceph: stderr
2024-05-11T13:22:46.733+0000 7fc1658d7700 1 -- 172.21.15.37:0/2446430111 shutdown_connections
2024-05-11T13:22:47.480 INFO:teuthology.orchestra.run.smithi037.stdout:/usr/bin/ceph: stderr
2024-05-11T13:22:46.733+0000 7fc1658d7700 1 -- 172.21.15.37:0/2446430111 wait complete.
2024-05-11T13:22:47.480 INFO:teuthology.orchestra.run.smithi037.stdout:/usr/bin/ceph: stderr
2024-05-11T13:22:46.733+0000 7fc1658d7700 1 Processor -- start
2024-05-11T13:22:47.480 INFO:teuthology.orchestra.run.smithi037.stdout:/usr/bin/ceph: stderr
2024-05-11T13:22:46.734+0000 7fc1658d7700 1 -- start start
2024-05-11T13:22:47.480 INFO:teuthology.orchestra.run.smithi037.stdout:/usr/bin/ceph: stderr
2024-05-11T13:22:46.734+0000 7fc1658d7700 1 --2- >> [v2:172.21.15.37:3300/0,v1:172.21.15.37:6789/0] conn(0x7fc160109980 0x7fc160109200 unknown :-1 s=NONE pgs=0 cs=0 l=1 rev1=0 crypto rx=0 tx=0 comp rx=0 tx=0).connect
2024-05-11T13:22:47.480 INFO:teuthology.orchestra.run.smithi037.stdout:/usr/bin/ceph: stderr
2024-05-11T13:22:46.734+0000 7fc1658d7700 1 -- --> [v2:172.21.15.37:3300/0,v1:172.21.15.37:6789/0] -- mon_getmap magic: 0 -- 0x7fc16010d2b0 con 0x7fc160109980
2024-05-11T13:22:47.480 INFO:teuthology.orchestra.run.smithi037.stdout:/usr/bin/ceph: stderr
2024-05-11T13:22:46.734+0000 7fc15effd700 1 --2- >> [v2:172.21.15.37:3300/0,v1:172.21.15.37:6789/0] conn(0x7fc160109980 0x7fc160109200 unknown :-1 s=BANNER_CONNECTING pgs=0 cs=0 l=1 rev1=0 crypto rx=0 tx=0 comp rx=0 tx=0)._handle_peer_banner_payload supported=3 required=0
2024-05-11T13:22:47.481 INFO:teuthology.orchestra.run.smithi037.stdout:/usr/bin/ceph: stderr
2024-05-11T13:22:46.734+0000 7fc15effd700 1 --2- >> [v2:172.21.15.37:3300/0,v1:172.21.15.37:6789/0] conn(0x7fc160109980 0x7fc160109200 unknown :-1 s=HELLO_CONNECTING pgs=0 cs=0 l=1 rev1=1 crypto rx=0 tx=0 comp rx=0 tx=0).handle_hello peer v2:172.21.15.37:3300/0 says I am v2:172.21.15.37:45480/0 (socket says 172.21.15.37:45480)
2024-05-11T13:22:47.481 INFO:teuthology.orchestra.run.smithi037.stdout:/usr/bin/ceph: stderr
2024-05-11T13:22:46.734+0000 7fc15effd700 1 -- 172.21.15.37:0/3589113885 learned_addr learned my addr 172.21.15.37:0/3589113885 (peer_addr_for_me v2:172.21.15.37:0/0)
2024-05-11T13:22:47.481 INFO:teuthology.orchestra.run.smithi037.stdout:/usr/bin/ceph: stderr
2024-05-11T13:22:46.734+0000 7fc15effd700 1 -- 172.21.15.37:0/3589113885 --> [v2:172.21.15.37:3300/0,v1:172.21.15.37:6789/0] -- mon_subscribe({config=0+,monmap=0+}) -- 0x7fc160109740 con 0x7fc160109980
2024-05-11T13:22:47.481 INFO:teuthology.orchestra.run.smithi037.stdout:/usr/bin/ceph: stderr
2024-05-11T13:22:46.734+0000 7fc15effd700 1 --2- 172.21.15.37:0/3589113885 >> [v2:172.21.15.37:3300/0,v1:172.21.15.37:6789/0] conn(0x7fc160109980 0x7fc160109200 secure :-1 s=READY pgs=50 cs=0 l=1 rev1=1 crypto rx=0x7fc1500116e0 tx=0x7fc150011aa0 comp rx=0 tx=0).ready entity=mon.0 client_cookie=0 server_cookie=0 in_seq=0 out_seq=0
2024-05-11T13:22:47.481 INFO:teuthology.orchestra.run.smithi037.stdout:/usr/bin/ceph: stderr
2024-05-11T13:22:46.734+0000 7fc1648d5700 1 -- 172.21.15.37:0/3589113885 <== mon.0 v2:172.21.15.37:3300/0 1 ==== mon_map magic: 0 ==== 205+0+0 (secure 0 0 0) 0x7fc150003a60 con 0x7fc160109980
2024-05-11T13:22:47.481 INFO:teuthology.orchestra.run.smithi037.stdout:/usr/bin/ceph: stderr
2024-05-11T13:22:46.735+0000 7fc1648d5700 1 -- 172.21.15.37:0/3589113885 <== mon.0 v2:172.21.15.37:3300/0 2 ==== config(26 keys) ==== 1101+0+0 (secure 0 0 0) 0x7fc15001b8f0 con 0x7fc160109980
2024-05-11T13:22:47.481 INFO:teuthology.orchestra.run.smithi037.stdout:/usr/bin/ceph: stderr
2024-05-11T13:22:46.735+0000 7fc1648d5700 1 -- 172.21.15.37:0/3589113885 <== mon.0 v2:172.21.15.37:3300/0 3 ==== mon_map magic: 0 ==== 205+0+0 (secure 0 0 0) 0x7fc150019860 con 0x7fc160109980
2024-05-11T13:22:47.481 INFO:teuthology.orchestra.run.smithi037.stdout:/usr/bin/ceph: stderr
2024-05-11T13:22:46.735+0000 7fc1658d7700 1 -- 172.21.15.37:0/3589113885 --> [v2:172.21.15.37:3300/0,v1:172.21.15.37:6789/0] -- mon_subscribe({mgrmap=0+}) -- 0x7fc160107930 con 0x7fc160109980
2024-05-11T13:22:47.481 INFO:teuthology.orchestra.run.smithi037.stdout:/usr/bin/ceph: stderr
2024-05-11T13:22:46.735+0000 7fc1658d7700 1 -- 172.21.15.37:0/3589113885 --> [v2:172.21.15.37:3300/0,v1:172.21.15.37:6789/0] -- mon_subscribe({osdmap=0}) -- 0x7fc160107e70 con 0x7fc160109980
2024-05-11T13:22:47.481 INFO:teuthology.orchestra.run.smithi037.stdout:/usr/bin/ceph: stderr
2024-05-11T13:22:46.735+0000 7fc1648d5700 1 -- 172.21.15.37:0/3589113885 <== mon.0 v2:172.21.15.37:3300/0 4 ==== mgrmap(e 8) ==== 50222+0+0 (secure 0 0 0) 0x7fc150019b10 con 0x7fc160109980
2024-05-11T13:22:47.481 INFO:teuthology.orchestra.run.smithi037.stdout:/usr/bin/ceph: stderr
2024-05-11T13:22:46.736+0000 7fc1658d7700 1 -- 172.21.15.37:0/3589113885 --> [v2:172.21.15.37:3300/0,v1:172.21.15.37:6789/0] -- mon_command({"prefix": "get_command_descriptions"} v 0) -- 0x7fc160064bb0 con 0x7fc160109980
2024-05-11T13:22:47.481 INFO:teuthology.orchestra.run.smithi037.stdout:/usr/bin/ceph: stderr
2024-05-11T13:22:46.736+0000 7fc1648d5700 1 --2- 172.21.15.37:0/3589113885 >> [v2:172.21.15.37:6800/1789127780,v1:172.21.15.37:6801/1789127780] conn(0x7fc14803e470 0x7fc148040930 unknown :-1 s=NONE pgs=0 cs=0 l=1 rev1=0 crypto rx=0 tx=0 comp rx=0 tx=0).connect
2024-05-11T13:22:47.481 INFO:teuthology.orchestra.run.smithi037.stdout:/usr/bin/ceph: stderr
2024-05-11T13:22:46.736+0000 7fc1648d5700 1 -- 172.21.15.37:0/3589113885 <== mon.0 v2:172.21.15.37:3300/0 5 ==== osd_map(2..2 src has 1..2) ==== 940+0+0 (secure 0 0 0) 0x7fc150054cb0 con 0x7fc160109980
2024-05-11T13:22:47.481 INFO:teuthology.orchestra.run.smithi037.stdout:/usr/bin/ceph: stderr
2024-05-11T13:22:46.736+0000 7fc15e7fc700 1 --2- 172.21.15.37:0/3589113885 >> [v2:172.21.15.37:6800/1789127780,v1:172.21.15.37:6801/1789127780] conn(0x7fc14803e470 0x7fc148040930 unknown :-1 s=BANNER_CONNECTING pgs=0 cs=0 l=1 rev1=0 crypto rx=0 tx=0 comp rx=0 tx=0)._handle_peer_banner_payload supported=3 required=0
2024-05-11T13:22:47.482 INFO:teuthology.orchestra.run.smithi037.stdout:/usr/bin/ceph: stderr
2024-05-11T13:22:46.737+0000 7fc15e7fc700 1 --2- 172.21.15.37:0/3589113885 >> [v2:172.21.15.37:6800/1789127780,v1:172.21.15.37:6801/1789127780] conn(0x7fc14803e470 0x7fc148040930 secure :-1 s=READY pgs=13 cs=0 l=1 rev1=1 crypto rx=0x7fc154006fd0 tx=0x7fc154006e40 comp rx=0 tx=0).ready entity=mgr.14120 client_cookie=0 server_cookie=0 in_seq=0 out_seq=0
2024-05-11T13:22:47.482 INFO:teuthology.orchestra.run.smithi037.stdout:/usr/bin/ceph: stderr
2024-05-11T13:22:46.745+0000 7fc1648d5700 1 -- 172.21.15.37:0/3589113885 <== mon.0 v2:172.21.15.37:3300/0 6 ==== mon_command_ack([{"prefix": "get_command_descriptions"}]=0 v0) ==== 72+0+191963 (secure 0 0 0) 0x7fc15001f030 con 0x7fc160109980
2024-05-11T13:22:47.482 INFO:teuthology.orchestra.run.smithi037.stdout:/usr/bin/ceph: stderr
2024-05-11T13:22:46.973+0000 7fc1658d7700 1 -- 172.21.15.37:0/3589113885 --> [v2:172.21.15.37:6800/1789127780,v1:172.21.15.37:6801/1789127780] -- mgr_command(tid 0: {"prefix": "orch apply", "service_type": "mgr", "unmanaged": true, "target": ["mon-mgr", ""]}) -- 0x7fc160108780 con 0x7fc14803e470
2024-05-11T13:22:47.482 INFO:teuthology.orchestra.run.smithi037.stdout:/usr/bin/ceph: stderr
2024-05-11T13:22:46.981+0000 7fc1648d5700 1 -- 172.21.15.37:0/3589113885 <== mgr.14120 v2:172.21.15.37:6800/1789127780 1 ==== mgr_command_reply(tid 0: 0 ) ==== 8+0+24 (secure 0 0 0) 0x7fc160108780 con 0x7fc14803e470
2024-05-11T13:22:47.482 INFO:teuthology.orchestra.run.smithi037.stdout:/usr/bin/ceph: stderr
2024-05-11T13:22:46.983+0000 7fc1658d7700 1 -- 172.21.15.37:0/3589113885 >> [v2:172.21.15.37:6800/1789127780,v1:172.21.15.37:6801/1789127780] conn(0x7fc14803e470 msgr2=0x7fc148040930 secure :-1 s=STATE_CONNECTION_ESTABLISHED l=1).mark_down
2024-05-11T13:22:47.482 INFO:teuthology.orchestra.run.smithi037.stdout:/usr/bin/ceph: stderr
2024-05-11T13:22:46.983+0000 7fc1658d7700 1 --2- 172.21.15.37:0/3589113885 >> [v2:172.21.15.37:6800/1789127780,v1:172.21.15.37:6801/1789127780] conn(0x7fc14803e470 0x7fc148040930 secure :-1 s=READY pgs=13 cs=0 l=1 rev1=1 crypto rx=0x7fc154006fd0 tx=0x7fc154006e40 comp rx=0 tx=0).stop
2024-05-11T13:22:47.482 INFO:teuthology.orchestra.run.smithi037.stdout:/usr/bin/ceph: stderr
2024-05-11T13:22:46.983+0000 7fc1658d7700 1 -- 172.21.15.37:0/3589113885 >> [v2:172.21.15.37:3300/0,v1:172.21.15.37:6789/0] conn(0x7fc160109980 msgr2=0x7fc160109200 secure :-1 s=STATE_CONNECTION_ESTABLISHED l=1).mark_down
2024-05-11T13:22:47.482 INFO:teuthology.orchestra.run.smithi037.stdout:/usr/bin/ceph: stderr
2024-05-11T13:22:46.983+0000 7fc1658d7700 1 --2- 172.21.15.37:0/3589113885 >> [v2:172.21.15.37:3300/0,v1:172.21.15.37:6789/0] conn(0x7fc160109980 0x7fc160109200 secure :-1 s=READY pgs=50 cs=0 l=1 rev1=1 crypto rx=0x7fc1500116e0 tx=0x7fc150011aa0 comp rx=0 tx=0).stop
2024-05-11T13:22:47.482 INFO:teuthology.orchestra.run.smithi037.stdout:/usr/bin/ceph: stderr
2024-05-11T13:22:46.983+0000 7fc1658d7700 1 -- 172.21.15.37:0/3589113885 shutdown_connections
2024-05-11T13:22:47.482 INFO:teuthology.orchestra.run.smithi037.stdout:/usr/bin/ceph: stderr
2024-05-11T13:22:46.983+0000 7fc1658d7700 1 --2- 172.21.15.37:0/3589113885 >> [v2:172.21.15.37:6800/1789127780,v1:172.21.15.37:6801/1789127780] conn(0x7fc14803e470 0x7fc148040930 unknown :-1 s=CLOSED pgs=13 cs=0 l=1 rev1=1 crypto rx=0 tx=0 comp rx=0 tx=0).stop
2024-05-11T13:22:47.482 INFO:teuthology.orchestra.run.smithi037.stdout:/usr/bin/ceph: stderr
2024-05-11T13:22:46.983+0000 7fc1658d7700 1 --2- 172.21.15.37:0/3589113885 >> [v2:172.21.15.37:3300/0,v1:172.21.15.37:6789/0] conn(0x7fc160109980 0x7fc160109200 unknown :-1 s=CLOSED pgs=50 cs=0 l=1 rev1=1 crypto rx=0 tx=0 comp rx=0 tx=0).stop
2024-05-11T13:22:47.482 INFO:teuthology.orchestra.run.smithi037.stdout:/usr/bin/ceph: stderr
2024-05-11T13:22:46.983+0000 7fc1658d7700 1 -- 172.21.15.37:0/3589113885 >> 172.21.15.37:0/3589113885 conn(0x7fc1601033b0 msgr2=0x7fc160103e40 unknown :-1 s=STATE_NONE l=0).mark_down
2024-05-11T13:22:47.482 INFO:teuthology.orchestra.run.smithi037.stdout:/usr/bin/ceph: stderr
2024-05-11T13:22:46.983+0000 7fc1658d7700 1 -- 172.21.15.37:0/3589113885 shutdown_connections
2024-05-11T13:22:47.482 INFO:teuthology.orchestra.run.smithi037.stdout:/usr/bin/ceph: stderr
2024-05-11T13:22:46.983+0000 7fc1658d7700 1 -- 172.21.15.37:0/3589113885 wait complete.
2024-05-11T13:22:48.119 INFO:journalctl@ceph.mon.a.smithi037.stdout:May 11 13:22:48 smithi037 ceph-mon[30131]: from='client.14144 -' entity='client.admin' cmd=[{"prefix": "orch apply", "service_type": "mgr", "unmanaged": true, "target": ["mon-mgr", ""]}]: dispatch
