2024-09-10T00:25:44.991+0000 7f9659600640 1 --2- 172.21.15.22:0/464707618 >> [v2:172.21.15.22:3300/0,v1:172.21.15.22:6789/0] conn(0x7f9654107840 0x7f9654107c40 secure :-1 s=READY pgs=16 cs=0 l=1 rev1=1 crypto rx=0x7f9648009820 tx=0x7f964802a270 comp rx=0 tx=0).ready entity=mon.0 client_cookie=795286ce4cd867e2 server_cookie=0 in_seq=0 out_seq=0
2024-09-10T00:25:45.900 INFO:teuthology.orchestra.run.smithi022.stdout:/usr/bin/ceph: stderr
2024-09-10T00:25:44.991+0000 7f9653e00640 1 -- 172.21.15.22:0/464707618 <== mon.0 v2:172.21.15.22:3300/0 1 ==== mon_map magic: 0 ==== 205+0+0 (secure 0 0 0) 0x7f9648037070 con 0x7f9654107840
2024-09-10T00:25:45.900 INFO:teuthology.orchestra.run.smithi022.stdout:/usr/bin/ceph: stderr
2024-09-10T00:25:44.991+0000 7f9653e00640 1 -- 172.21.15.22:0/464707618 <== mon.0 v2:172.21.15.22:3300/0 2 ==== config(29 keys) ==== 1178+0+0 (secure 0 0 0) 0x7f9648032940 con 0x7f9654107840
2024-09-10T00:25:45.900 INFO:teuthology.orchestra.run.smithi022.stdout:/usr/bin/ceph: stderr
2024-09-10T00:25:44.991+0000 7f9653e00640 1 -- 172.21.15.22:0/464707618 <== mon.0 v2:172.21.15.22:3300/0 3 ==== mon_map magic: 0 ==== 205+0+0 (secure 0 0 0) 0x7f96480309c0 con 0x7f9654107840
2024-09-10T00:25:45.900 INFO:teuthology.orchestra.run.smithi022.stdout:/usr/bin/ceph: stderr
2024-09-10T00:25:44.992+0000 7f965aa00640 1 -- 172.21.15.22:0/464707618 >> [v2:172.21.15.22:3300/0,v1:172.21.15.22:6789/0] conn(0x7f9654107840 msgr2=0x7f9654107c40 secure :-1 s=STATE_CONNECTION_ESTABLISHED l=1).mark_down
2024-09-10T00:25:45.901 INFO:teuthology.orchestra.run.smithi022.stdout:/usr/bin/ceph: stderr
2024-09-10T00:25:44.992+0000 7f965aa00640 1 --2- 172.21.15.22:0/464707618 >> [v2:172.21.15.22:3300/0,v1:172.21.15.22:6789/0] conn(0x7f9654107840 0x7f9654107c40 secure :-1 s=READY pgs=16 cs=0 l=1 rev1=1 crypto rx=0x7f9648009820 tx=0x7f964802a270 comp rx=0 tx=0).stop
2024-09-10T00:25:45.901 INFO:teuthology.orchestra.run.smithi022.stdout:/usr/bin/ceph: stderr
2024-09-10T00:25:44.992+0000 7f965aa00640 1 -- 172.21.15.22:0/464707618 shutdown_connections
2024-09-10T00:25:45.901 INFO:teuthology.orchestra.run.smithi022.stdout:/usr/bin/ceph: stderr
2024-09-10T00:25:44.992+0000 7f965aa00640 1 --2- 172.21.15.22:0/464707618 >> [v2:172.21.15.22:3300/0,v1:172.21.15.22:6789/0] conn(0x7f9654107840 0x7f9654107c40 unknown :-1 s=CLOSED pgs=16 cs=0 l=1 rev1=1 crypto rx=0 tx=0 comp rx=0 tx=0).stop
2024-09-10T00:25:45.901 INFO:teuthology.orchestra.run.smithi022.stdout:/usr/bin/ceph: stderr
2024-09-10T00:25:44.992+0000 7f965aa00640 1 -- 172.21.15.22:0/464707618 >> 172.21.15.22:0/464707618 conn(0x7f9654102ff0 msgr2=0x7f9654105410 unknown :-1 s=STATE_NONE l=0).mark_down
2024-09-10T00:25:45.901 INFO:teuthology.orchestra.run.smithi022.stdout:/usr/bin/ceph: stderr
2024-09-10T00:25:44.992+0000 7f965aa00640 1 -- 172.21.15.22:0/464707618 shutdown_connections
2024-09-10T00:25:45.901 INFO:teuthology.orchestra.run.smithi022.stdout:/usr/bin/ceph: stderr
2024-09-10T00:25:44.992+0000 7f965aa00640 1 -- 172.21.15.22:0/464707618 wait complete.
2024-09-10T00:25:45.901 INFO:teuthology.orchestra.run.smithi022.stdout:/usr/bin/ceph: stderr
2024-09-10T00:25:44.993+0000 7f965aa00640 1 Processor -- start
2024-09-10T00:25:45.901 INFO:teuthology.orchestra.run.smithi022.stdout:/usr/bin/ceph: stderr
2024-09-10T00:25:44.993+0000 7f965aa00640 1 -- start start
2024-09-10T00:25:45.901 INFO:teuthology.orchestra.run.smithi022.stdout:/usr/bin/ceph: stderr
2024-09-10T00:25:44.993+0000 7f965aa00640 1 --2- >> [v2:172.21.15.22:3300/0,v1:172.21.15.22:6789/0] conn(0x7f9654107840 0x7f965419db10 unknown :-1 s=NONE pgs=0 cs=0 l=1 rev1=0 crypto rx=0 tx=0 comp rx=0 tx=0).connect
2024-09-10T00:25:45.901 INFO:teuthology.orchestra.run.smithi022.stdout:/usr/bin/ceph: stderr
2024-09-10T00:25:44.993+0000 7f965aa00640 1 -- --> [v2:172.21.15.22:3300/0,v1:172.21.15.22:6789/0] -- mon_getmap magic: 0 -- 0x7f965410bda0 con 0x7f9654107840
2024-09-10T00:25:45.901 INFO:teuthology.orchestra.run.smithi022.stdout:/usr/bin/ceph: stderr
2024-09-10T00:25:44.994+0000 7f9659600640 1 --2- >> [v2:172.21.15.22:3300/0,v1:172.21.15.22:6789/0] conn(0x7f9654107840 0x7f965419db10 unknown :-1 s=BANNER_CONNECTING pgs=0 cs=0 l=1 rev1=0 crypto rx=0 tx=0 comp rx=0 tx=0)._handle_peer_banner_payload supported=3 required=0
2024-09-10T00:25:45.901 INFO:teuthology.orchestra.run.smithi022.stdout:/usr/bin/ceph: stderr
2024-09-10T00:25:44.994+0000 7f9659600640 1 --2- >> [v2:172.21.15.22:3300/0,v1:172.21.15.22:6789/0] conn(0x7f9654107840 0x7f965419db10 unknown :-1 s=HELLO_CONNECTING pgs=0 cs=0 l=1 rev1=1 crypto rx=0 tx=0 comp rx=0 tx=0).handle_hello peer v2:172.21.15.22:3300/0 says I am v2:172.21.15.22:39390/0 (socket says 172.21.15.22:39390)
2024-09-10T00:25:45.901 INFO:teuthology.orchestra.run.smithi022.stdout:/usr/bin/ceph: stderr
2024-09-10T00:25:44.994+0000 7f9659600640 1 -- 172.21.15.22:0/2487989640 learned_addr learned my addr 172.21.15.22:0/2487989640 (peer_addr_for_me v2:172.21.15.22:0/0)
2024-09-10T00:25:45.902 INFO:teuthology.orchestra.run.smithi022.stdout:/usr/bin/ceph: stderr
2024-09-10T00:25:44.994+0000 7f9659600640 1 -- 172.21.15.22:0/2487989640 --> [v2:172.21.15.22:3300/0,v1:172.21.15.22:6789/0] -- mon_subscribe({config=0+,monmap=0+}) -- 0x7f965419e050 con 0x7f9654107840
2024-09-10T00:25:45.902 INFO:teuthology.orchestra.run.smithi022.stdout:/usr/bin/ceph: stderr
2024-09-10T00:25:44.994+0000 7f9659600640 1 --2- 172.21.15.22:0/2487989640 >> [v2:172.21.15.22:3300/0,v1:172.21.15.22:6789/0] conn(0x7f9654107840 0x7f965419db10 secure :-1 s=READY pgs=17 cs=0 l=1 rev1=1 crypto rx=0x7f96480097f0 tx=0x7f9648032e60 comp rx=0 tx=0).ready entity=mon.0 client_cookie=0 server_cookie=0 in_seq=0 out_seq=0
2024-09-10T00:25:45.902 INFO:teuthology.orchestra.run.smithi022.stdout:/usr/bin/ceph: stderr
2024-09-10T00:25:44.994+0000 7f9652000640 1 -- 172.21.15.22:0/2487989640 <== mon.0 v2:172.21.15.22:3300/0 1 ==== mon_map magic: 0 ==== 205+0+0 (secure 0 0 0) 0x7f9648042070 con 0x7f9654107840
2024-09-10T00:25:45.902 INFO:teuthology.orchestra.run.smithi022.stdout:/usr/bin/ceph: stderr
2024-09-10T00:25:44.994+0000 7f9652000640 1 -- 172.21.15.22:0/2487989640 <== mon.0 v2:172.21.15.22:3300/0 2 ==== config(29 keys) ==== 1178+0+0 (secure 0 0 0) 0x7f96480325f0 con 0x7f9654107840
2024-09-10T00:25:45.902 INFO:teuthology.orchestra.run.smithi022.stdout:/usr/bin/ceph: stderr
2024-09-10T00:25:44.994+0000 7f9652000640 1 -- 172.21.15.22:0/2487989640 <== mon.0 v2:172.21.15.22:3300/0 3 ==== mon_map magic: 0 ==== 205+0+0 (secure 0 0 0) 0x7f9648037040 con 0x7f9654107840
2024-09-10T00:25:45.902 INFO:teuthology.orchestra.run.smithi022.stdout:/usr/bin/ceph: stderr
2024-09-10T00:25:44.994+0000 7f965aa00640 1 -- 172.21.15.22:0/2487989640 --> [v2:172.21.15.22:3300/0,v1:172.21.15.22:6789/0] -- mon_subscribe({mgrmap=0+}) -- 0x7f965419e2e0 con 0x7f9654107840
2024-09-10T00:25:45.902 INFO:teuthology.orchestra.run.smithi022.stdout:/usr/bin/ceph: stderr
2024-09-10T00:25:44.995+0000 7f965aa00640 1 -- 172.21.15.22:0/2487989640 --> [v2:172.21.15.22:3300/0,v1:172.21.15.22:6789/0] -- mon_subscribe({osdmap=0}) -- 0x7f96541a0fd0 con 0x7f9654107840
2024-09-10T00:25:45.903 INFO:teuthology.orchestra.run.smithi022.stdout:/usr/bin/ceph: stderr
2024-09-10T00:25:44.996+0000 7f965aa00640 1 -- 172.21.15.22:0/2487989640 --> [v2:172.21.15.22:3300/0,v1:172.21.15.22:6789/0] -- mon_command({"prefix": "get_command_descriptions"} v 0) -- 0x7f9654107cc0 con 0x7f9654107840
2024-09-10T00:25:45.903 INFO:teuthology.orchestra.run.smithi022.stdout:/usr/bin/ceph: stderr
2024-09-10T00:25:44.996+0000 7f9652000640 1 -- 172.21.15.22:0/2487989640 <== mon.0 v2:172.21.15.22:3300/0 4 ==== mgrmap(e 3) ==== 46170+0+0 (secure 0 0 0) 0x7f9648045070 con 0x7f9654107840
2024-09-10T00:25:45.903 INFO:teuthology.orchestra.run.smithi022.stdout:/usr/bin/ceph: stderr
2024-09-10T00:25:44.996+0000 7f9652000640 1 --2- 172.21.15.22:0/2487989640 >> [v2:172.21.15.22:6800/2776569718,v1:172.21.15.22:6801/2776569718] conn(0x7f963c038e60 0x7f963c03b320 unknown :-1 s=NONE pgs=0 cs=0 l=1 rev1=0 crypto rx=0 tx=0 comp rx=0 tx=0).connect
2024-09-10T00:25:45.903 INFO:teuthology.orchestra.run.smithi022.stdout:/usr/bin/ceph: stderr
2024-09-10T00:25:44.996+0000 7f9652000640 1 -- 172.21.15.22:0/2487989640 <== mon.0 v2:172.21.15.22:3300/0 5 ==== osd_map(1..1 src has 1..1) ==== 725+0+0 (secure 0 0 0) 0x7f964806bcd0 con 0x7f9654107840
2024-09-10T00:25:45.903 INFO:teuthology.orchestra.run.smithi022.stdout:/usr/bin/ceph: stderr
2024-09-10T00:25:44.997+0000 7f9658c00640 1 --2- 172.21.15.22:0/2487989640 >> [v2:172.21.15.22:6800/2776569718,v1:172.21.15.22:6801/2776569718] conn(0x7f963c038e60 0x7f963c03b320 unknown :-1 s=BANNER_CONNECTING pgs=0 cs=0 l=1 rev1=0 crypto rx=0 tx=0 comp rx=0 tx=0)._handle_peer_banner_payload supported=3 required=0
2024-09-10T00:25:45.903 INFO:teuthology.orchestra.run.smithi022.stdout:/usr/bin/ceph: stderr
2024-09-10T00:25:44.997+0000 7f9658c00640 1 --2- 172.21.15.22:0/2487989640 >> [v2:172.21.15.22:6800/2776569718,v1:172.21.15.22:6801/2776569718] conn(0x7f963c038e60 0x7f963c03b320 secure :-1 s=READY pgs=6 cs=0 l=1 rev1=1 crypto rx=0x7f96400098c0 tx=0x7f9640006db0 comp rx=0 tx=0).ready entity=mgr.14100 client_cookie=0 server_cookie=0 in_seq=0 out_seq=0
2024-09-10T00:25:45.904 INFO:teuthology.orchestra.run.smithi022.stdout:/usr/bin/ceph: stderr
2024-09-10T00:25:45.002+0000 7f9652000640 1 -- 172.21.15.22:0/2487989640 <== mon.0 v2:172.21.15.22:3300/0 6 ==== mon_command_ack([{"prefix": "get_command_descriptions"}]=0 v0) ==== 72+0+188821 (secure 0 0 0) 0x7f964804b170 con 0x7f9654107840
2024-09-10T00:25:45.904 INFO:teuthology.orchestra.run.smithi022.stdout:/usr/bin/ceph: stderr
2024-09-10T00:25:45.256+0000 7f965aa00640 1 -- 172.21.15.22:0/2487989640 --> [v2:172.21.15.22:3300/0,v1:172.21.15.22:6789/0] -- mon_command({"prefix": "status", "format": "json-pretty"} v 0) -- 0x7f96541a1650 con 0x7f9654107840
2024-09-10T00:25:45.904 INFO:teuthology.orchestra.run.smithi022.stdout:/usr/bin/ceph: stderr
2024-09-10T00:25:45.257+0000 7f9652000640 1 -- 172.21.15.22:0/2487989640 <== mon.0 v2:172.21.15.22:3300/0 7 ==== mon_command_ack([{"prefix": "status", "format": "json-pretty"}]=0 v0) ==== 79+0+1290 (secure 0 0 0) 0x7f964803dc80 con 0x7f9654107840
2024-09-10T00:25:45.904 INFO:teuthology.orchestra.run.smithi022.stdout:/usr/bin/ceph: stderr
2024-09-10T00:25:45.259+0000 7f965aa00640 1 -- 172.21.15.22:0/2487989640 >> [v2:172.21.15.22:6800/2776569718,v1:172.21.15.22:6801/2776569718] conn(0x7f963c038e60 msgr2=0x7f963c03b320 secure :-1 s=STATE_CONNECTION_ESTABLISHED l=1).mark_down
2024-09-10T00:25:45.904 INFO:teuthology.orchestra.run.smithi022.stdout:/usr/bin/ceph: stderr
2024-09-10T00:25:45.259+0000 7f965aa00640 1 --2- 172.21.15.22:0/2487989640 >> [v2:172.21.15.22:6800/2776569718,v1:172.21.15.22:6801/2776569718] conn(0x7f963c038e60 0x7f963c03b320 secure :-1 s=READY pgs=6 cs=0 l=1 rev1=1 crypto rx=0x7f96400098c0 tx=0x7f9640006db0 comp rx=0 tx=0).stop
2024-09-10T00:25:45.905 INFO:teuthology.orchestra.run.smithi022.stdout:/usr/bin/ceph: stderr
2024-09-10T00:25:45.259+0000 7f965aa00640 1 -- 172.21.15.22:0/2487989640 >> [v2:172.21.15.22:3300/0,v1:172.21.15.22:6789/0] conn(0x7f9654107840 msgr2=0x7f965419db10 secure :-1 s=STATE_CONNECTION_ESTABLISHED l=1).mark_down
2024-09-10T00:25:45.905 INFO:teuthology.orchestra.run.smithi022.stdout:/usr/bin/ceph: stderr
2024-09-10T00:25:45.259+0000 7f965aa00640 1 --2- 172.21.15.22:0/2487989640 >> [v2:172.21.15.22:3300/0,v1:172.21.15.22:6789/0] conn(0x7f9654107840 0x7f965419db10 secure :-1 s=READY pgs=17 cs=0 l=1 rev1=1 crypto rx=0x7f96480097f0 tx=0x7f9648032e60 comp rx=0 tx=0).stop
2024-09-10T00:25:45.905 INFO:teuthology.orchestra.run.smithi022.stdout:/usr/bin/ceph: stderr
2024-09-10T00:25:45.260+0000 7f965aa00640 1 -- 172.21.15.22:0/2487989640 shutdown_connections
2024-09-10T00:25:45.905 INFO:teuthology.orchestra.run.smithi022.stdout:/usr/bin/ceph: stderr
2024-09-10T00:25:45.260+0000 7f965aa00640 1 --2- 172.21.15.22:0/2487989640 >> [v2:172.21.15.22:6800/2776569718,v1:172.21.15.22:6801/2776569718] conn(0x7f963c038e60 0x7f963c03b320 unknown :-1 s=CLOSED pgs=6 cs=0 l=1 rev1=1 crypto rx=0 tx=0 comp rx=0 tx=0).stop
2024-09-10T00:25:45.905 INFO:teuthology.orchestra.run.smithi022.stdout:/usr/bin/ceph: stderr
2024-09-10T00:25:45.260+0000 7f965aa00640 1 --2- 172.21.15.22:0/2487989640 >> [v2:172.21.15.22:3300/0,v1:172.21.15.22:6789/0] conn(0x7f9654107840 0x7f965419db10 unknown :-1 s=CLOSED pgs=17 cs=0 l=1 rev1=1 crypto rx=0 tx=0 comp rx=0 tx=0).stop
2024-09-10T00:25:45.905 INFO:teuthology.orchestra.run.smithi022.stdout:/usr/bin/ceph: stderr
2024-09-10T00:25:45.260+0000 7f965aa00640 1 -- 172.21.15.22:0/2487989640 >> 172.21.15.22:0/2487989640 conn(0x7f9654102ff0 msgr2=0x7f9654103b00 unknown :-1 s=STATE_NONE l=0).mark_down
2024-09-10T00:25:45.905 INFO:teuthology.orchestra.run.smithi022.stdout:/usr/bin/ceph: stderr
2024-09-10T00:25:45.260+0000 7f965aa00640 1 -- 172.21.15.22:0/2487989640 shutdown_connections
2024-09-10T00:25:45.906 INFO:teuthology.orchestra.run.smithi022.stdout:/usr/bin/ceph: stderr
2024-09-10T00:25:45.260+0000 7f965aa00640 1 -- 172.21.15.22:0/2487989640 wait complete.
2024-09-10T00:25:45.906 INFO:teuthology.orchestra.run.smithi022.stdout:mgr is available
2024-09-10T00:25:46.122 INFO:journalctl@ceph.mon.a.smithi022.stdout:Sep 10 00:25:45 smithi022 ceph-mon[30546]: mgrmap e3: x(active, since 1.00926s)
2024-09-10T00:25:46.122 INFO:journalctl@ceph.mon.a.smithi022.stdout:Sep 10 00:25:45 smithi022 ceph-mon[30546]: from='client.? 172.21.15.22:0/2487989640' entity='client.admin' cmd=[{"prefix": "status", "format": "json-pretty"}]: dispatch
2024-09-10T00:25:47.178 INFO:journalctl@ceph.mon.a.smithi022.stdout:Sep 10 00:25:46 smithi022 ceph-mon[30546]: mgrmap e4: x(active, since 2s)
2024-09-10T00:25:47.178 INFO:journalctl@ceph.mon.a.smithi022.stdout:Sep 10 00:25:46 smithi022 ceph-mon[30546]: from='client.? 172.21.15.22:0/3644566999' entity='client.admin' cmd=[{"prefix": "config assimilate-conf"}]: dispatch
2024-09-10T00:25:47.229 INFO:teuthology.orchestra.run.smithi022.stdout:/usr/bin/ceph: stdout
2024-09-10T00:25:47.229 INFO:teuthology.orchestra.run.smithi022.stdout:/usr/bin/ceph: stdout [global]
2024-09-10T00:25:47.229 INFO:teuthology.orchestra.run.smithi022.stdout:/usr/bin/ceph: stdout fsid = 0c240ad2-6f0b-11ef-bcea-c7b262605968
2024-09-10T00:25:47.230 INFO:teuthology.orchestra.run.smithi022.stdout:/usr/bin/ceph: stdout mon_host = [v2:172.21.15.22:3300,v1:172.21.15.22:6789]
2024-09-10T00:25:47.230 INFO:teuthology.orchestra.run.smithi022.stdout:/usr/bin/ceph: stdout mon_osd_allow_pg_remap = true
2024-09-10T00:25:47.230 INFO:teuthology.orchestra.run.smithi022.stdout:/usr/bin/ceph: stdout mon_osd_allow_primary_affinity = true
2024-09-10T00:25:47.230 INFO:teuthology.orchestra.run.smithi022.stdout:/usr/bin/ceph: stdout mon_warn_on_no_sortbitwise = false
2024-09-10T00:25:47.230 INFO:teuthology.orchestra.run.smithi022.stdout:/usr/bin/ceph: stdout osd_crush_chooseleaf_type = 0
2024-09-10T00:25:47.230 INFO:teuthology.orchestra.run.smithi022.stdout:/usr/bin/ceph: stdout
2024-09-10T00:25:47.230 INFO:teuthology.orchestra.run.smithi022.stdout:/usr/bin/ceph: stdout [mgr]
2024-09-10T00:25:47.230 INFO:teuthology.orchestra.run.smithi022.stdout:/usr/bin/ceph: stdout mgr/telemetry/nag = false
2024-09-10T00:25:47.230 INFO:teuthology.orchestra.run.smithi022.stdout:/usr/bin/ceph: stdout
2024-09-10T00:25:47.230 INFO:teuthology.orchestra.run.smithi022.stdout:/usr/bin/ceph: stdout [osd]
2024-09-10T00:25:47.230 INFO:teuthology.orchestra.run.smithi022.stdout:/usr/bin/ceph: stdout mon_osd_backfillfull_ratio = 0.85
2024-09-10T00:25:47.230 INFO:teuthology.orchestra.run.smithi022.stdout:/usr/bin/ceph: stdout mon_osd_full_ratio = 0.9
2024-09-10T00:25:47.230 INFO:teuthology.orchestra.run.smithi022.stdout:/usr/bin/ceph: stdout mon_osd_nearfull_ratio = 0.8
2024-09-10T00:25:47.230 INFO:teuthology.orchestra.run.smithi022.stdout:/usr/bin/ceph: stdout osd_map_max_advance = 10
2024-09-10T00:25:47.231 INFO:teuthology.orchestra.run.smithi022.stdout:/usr/bin/ceph: stdout osd_sloppy_crc = true
2024-09-10T00:25:47.231 INFO:teuthology.orchestra.run.smithi022.stdout:/usr/bin/ceph: stderr
2024-09-10T00:25:46.363+0000 7f04a0c00640 1 Processor -- start
2024-09-10T00:25:47.231 INFO:teuthology.orchestra.run.smithi022.stdout:/usr/bin/ceph: stderr
2024-09-10T00:25:46.363+0000 7f04a0c00640 1 -- start start
2024-09-10T00:25:47.231 INFO:teuthology.orchestra.run.smithi022.stdout:/usr/bin/ceph: stderr
2024-09-10T00:25:46.364+0000 7f04a0c00640 1 --2- >> [v2:172.21.15.22:3300/0,v1:172.21.15.22:6789/0] conn(0x7f049c07dd70 0x7f049c07c2e0 unknown :-1 s=NONE pgs=0 cs=0 l=0 rev1=0 crypto rx=0 tx=0 comp rx=0 tx=0).connect
2024-09-10T00:25:47.231 INFO:teuthology.orchestra.run.smithi022.stdout:/usr/bin/ceph: stderr
2024-09-10T00:25:46.364+0000 7f04a0c00640 1 -- --> [v2:172.21.15.22:3300/0,v1:172.21.15.22:6789/0] -- mon_getmap magic: 0 -- 0x7f049c07c820 con 0x7f049c07dd70
2024-09-10T00:25:47.231 INFO:teuthology.orchestra.run.smithi022.stdout:/usr/bin/ceph: stderr
2024-09-10T00:25:46.364+0000 7f0499e00640 1 --2- >> [v2:172.21.15.22:3300/0,v1:172.21.15.22:6789/0] conn(0x7f049c07dd70 0x7f049c07c2e0 unknown :-1 s=BANNER_CONNECTING pgs=0 cs=0 l=0 rev1=0 crypto rx=0 tx=0 comp rx=0 tx=0)._handle_peer_banner_payload supported=3 required=0
2024-09-10T00:25:47.231 INFO:teuthology.orchestra.run.smithi022.stdout:/usr/bin/ceph: stderr
2024-09-10T00:25:46.364+0000 7f0499e00640 1 --2- >> [v2:172.21.15.22:3300/0,v1:172.21.15.22:6789/0] conn(0x7f049c07dd70 0x7f049c07c2e0 unknown :-1 s=HELLO_CONNECTING pgs=0 cs=0 l=0 rev1=1 crypto rx=0 tx=0 comp rx=0 tx=0).handle_hello peer v2:172.21.15.22:3300/0 says I am v2:172.21.15.22:39392/0 (socket says 172.21.15.22:39392)
2024-09-10T00:25:47.231 INFO:teuthology.orchestra.run.smithi022.stdout:/usr/bin/ceph: stderr
2024-09-10T00:25:46.364+0000 7f0499e00640 1 -- 172.21.15.22:0/2052585357 learned_addr learned my addr 172.21.15.22:0/2052585357 (peer_addr_for_me v2:172.21.15.22:0/0)
2024-09-10T00:25:47.231 INFO:teuthology.orchestra.run.smithi022.stdout:/usr/bin/ceph: stderr
2024-09-10T00:25:46.364+0000 7f0499e00640 1 -- 172.21.15.22:0/2052585357 --> [v2:172.21.15.22:3300/0,v1:172.21.15.22:6789/0] -- mon_subscribe({config=0+,monmap=0+}) -- 0x7f049c07c9a0 con 0x7f049c07dd70
2024-09-10T00:25:47.231 INFO:teuthology.orchestra.run.smithi022.stdout:/usr/bin/ceph: stderr
2024-09-10T00:25:46.365+0000 7f0499e00640 1 --2- 172.21.15.22:0/2052585357 >> [v2:172.21.15.22:3300/0,v1:172.21.15.22:6789/0] conn(0x7f049c07dd70 0x7f049c07c2e0 secure :-1 s=READY pgs=18 cs=0 l=1 rev1=1 crypto rx=0x7f048c009820 tx=0x7f048c02a270 comp rx=0 tx=0).ready entity=mon.0 client_cookie=2f998d30d5a3974a server_cookie=0 in_seq=0 out_seq=0
2024-09-10T00:25:47.231 INFO:teuthology.orchestra.run.smithi022.stdout:/usr/bin/ceph: stderr
2024-09-10T00:25:46.366+0000 7f0499400640 1 -- 172.21.15.22:0/2052585357 <== mon.0 v2:172.21.15.22:3300/0 1 ==== mon_map magic: 0 ==== 205+0+0 (secure 0 0 0) 0x7f048c037070 con 0x7f049c07dd70
2024-09-10T00:25:47.231 INFO:teuthology.orchestra.run.smithi022.stdout:/usr/bin/ceph: stderr
2024-09-10T00:25:46.366+0000 7f0499400640 1 -- 172.21.15.22:0/2052585357 <== mon.0 v2:172.21.15.22:3300/0 2 ==== config(29 keys) ==== 1178+0+0 (secure 0 0 0) 0x7f048c032940 con 0x7f049c07dd70
2024-09-10T00:25:47.232 INFO:teuthology.orchestra.run.smithi022.stdout:/usr/bin/ceph: stderr
2024-09-10T00:25:46.366+0000 7f0499400640 1 -- 172.21.15.22:0/2052585357 <== mon.0 v2:172.21.15.22:3300/0 3 ==== mon_map magic: 0 ==== 205+0+0 (secure 0 0 0) 0x7f048c0309c0 con 0x7f049c07dd70
2024-09-10T00:25:47.232 INFO:teuthology.orchestra.run.smithi022.stdout:/usr/bin/ceph: stderr
2024-09-10T00:25:46.366+0000 7f04a0c00640 1 -- 172.21.15.22:0/2052585357 >> [v2:172.21.15.22:3300/0,v1:172.21.15.22:6789/0] conn(0x7f049c07dd70 msgr2=0x7f049c07c2e0 secure :-1 s=STATE_CONNECTION_ESTABLISHED l=1).mark_down
2024-09-10T00:25:47.232 INFO:teuthology.orchestra.run.smithi022.stdout:/usr/bin/ceph: stderr
2024-09-10T00:25:46.366+0000 7f04a0c00640 1 --2- 172.21.15.22:0/2052585357 >> [v2:172.21.15.22:3300/0,v1:172.21.15.22:6789/0] conn(0x7f049c07dd70 0x7f049c07c2e0 secure :-1 s=READY pgs=18 cs=0 l=1 rev1=1 crypto rx=0x7f048c009820 tx=0x7f048c02a270 comp rx=0 tx=0).stop
2024-09-10T00:25:47.232 INFO:teuthology.orchestra.run.smithi022.stdout:/usr/bin/ceph: stderr
2024-09-10T00:25:46.366+0000 7f04a0c00640 1 -- 172.21.15.22:0/2052585357 shutdown_connections
2024-09-10T00:25:47.232 INFO:teuthology.orchestra.run.smithi022.stdout:/usr/bin/ceph: stderr
2024-09-10T00:25:46.366+0000 7f04a0c00640 1 --2- 172.21.15.22:0/2052585357 >> [v2:172.21.15.22:3300/0,v1:172.21.15.22:6789/0] conn(0x7f049c07dd70 0x7f049c07c2e0 unknown :-1 s=CLOSED pgs=18 cs=0 l=1 rev1=1 crypto rx=0 tx=0 comp rx=0 tx=0).stop
2024-09-10T00:25:47.232 INFO:teuthology.orchestra.run.smithi022.stdout:/usr/bin/ceph: stderr
2024-09-10T00:25:46.366+0000 7f04a0c00640 1 -- 172.21.15.22:0/2052585357 >> 172.21.15.22:0/2052585357 conn(0x7f049c1031e0 msgr2=0x7f049c105640 unknown :-1 s=STATE_NONE l=0).mark_down
2024-09-10T00:25:47.232 INFO:teuthology.orchestra.run.smithi022.stdout:/usr/bin/ceph: stderr
2024-09-10T00:25:46.367+0000 7f04a0c00640 1 -- 172.21.15.22:0/2052585357 shutdown_connections
2024-09-10T00:25:47.232 INFO:teuthology.orchestra.run.smithi022.stdout:/usr/bin/ceph: stderr
2024-09-10T00:25:46.367+0000 7f04a0c00640 1 -- 172.21.15.22:0/2052585357 wait complete.
2024-09-10T00:25:47.232 INFO:teuthology.orchestra.run.smithi022.stdout:/usr/bin/ceph: stderr
2024-09-10T00:25:46.367+0000 7f04a0c00640 1 Processor -- start
2024-09-10T00:25:47.232 INFO:teuthology.orchestra.run.smithi022.stdout:/usr/bin/ceph: stderr
2024-09-10T00:25:46.368+0000 7f04a0c00640 1 -- start start
2024-09-10T00:25:47.232 INFO:teuthology.orchestra.run.smithi022.stdout:/usr/bin/ceph: stderr
2024-09-10T00:25:46.368+0000 7f04a0c00640 1 --2- >> [v2:172.21.15.22:3300/0,v1:172.21.15.22:6789/0] conn(0x7f049c07dd70 0x7f049c19dcc0 unknown :-1 s=NONE pgs=0 cs=0 l=1 rev1=0 crypto rx=0 tx=0 comp rx=0 tx=0).connect
2024-09-10T00:25:47.232 INFO:teuthology.orchestra.run.smithi022.stdout:/usr/bin/ceph: stderr
2024-09-10T00:25:46.368+0000 7f04a0c00640 1 -- --> [v2:172.21.15.22:3300/0,v1:172.21.15.22:6789/0] -- mon_getmap magic: 0 -- 0x7f049c10e010 con 0x7f049c07dd70
2024-09-10T00:25:47.233 INFO:teuthology.orchestra.run.smithi022.stdout:/usr/bin/ceph: stderr
2024-09-10T00:25:46.368+0000 7f0499e00640 1 --2- >> [v2:172.21.15.22:3300/0,v1:172.21.15.22:6789/0] conn(0x7f049c07dd70 0x7f049c19dcc0 unknown :-1 s=BANNER_CONNECTING pgs=0 cs=0 l=1 rev1=0 crypto rx=0 tx=0 comp rx=0 tx=0)._handle_peer_banner_payload supported=3 required=0
2024-09-10T00:25:47.233 INFO:teuthology.orchestra.run.smithi022.stdout:/usr/bin/ceph: stderr
2024-09-10T00:25:46.368+0000 7f0499e00640 1 --2- >> [v2:172.21.15.22:3300/0,v1:172.21.15.22:6789/0] conn(0x7f049c07dd70 0x7f049c19dcc0 unknown :-1 s=HELLO_CONNECTING pgs=0 cs=0 l=1 rev1=1 crypto rx=0 tx=0 comp rx=0 tx=0).handle_hello peer v2:172.21.15.22:3300/0 says I am v2:172.21.15.22:39394/0 (socket says 172.21.15.22:39394)
2024-09-10T00:25:47.233 INFO:teuthology.orchestra.run.smithi022.stdout:/usr/bin/ceph: stderr
2024-09-10T00:25:46.368+0000 7f0499e00640 1 -- 172.21.15.22:0/3644566999 learned_addr learned my addr 172.21.15.22:0/3644566999 (peer_addr_for_me v2:172.21.15.22:0/0)
2024-09-10T00:25:47.233 INFO:teuthology.orchestra.run.smithi022.stdout:/usr/bin/ceph: stderr
2024-09-10T00:25:46.368+0000 7f0499e00640 1 -- 172.21.15.22:0/3644566999 --> [v2:172.21.15.22:3300/0,v1:172.21.15.22:6789/0] -- mon_subscribe({config=0+,monmap=0+}) -- 0x7f049c19e200 con 0x7f049c07dd70
2024-09-10T00:25:47.233 INFO:teuthology.orchestra.run.smithi022.stdout:/usr/bin/ceph: stderr
2024-09-10T00:25:46.369+0000 7f0499e00640 1 --2- 172.21.15.22:0/3644566999 >> [v2:172.21.15.22:3300/0,v1:172.21.15.22:6789/0] conn(0x7f049c07dd70 0x7f049c19dcc0 secure :-1 s=READY pgs=19 cs=0 l=1 rev1=1 crypto rx=0x7f048c009940 tx=0x7f048c032670 comp rx=0 tx=0).ready entity=mon.0 client_cookie=0 server_cookie=0 in_seq=0 out_seq=0
2024-09-10T00:25:47.233 INFO:teuthology.orchestra.run.smithi022.stdout:/usr/bin/ceph: stderr
2024-09-10T00:25:46.369+0000 7f0492a00640 1 -- 172.21.15.22:0/3644566999 <== mon.0 v2:172.21.15.22:3300/0 1 ==== mon_map magic: 0 ==== 205+0+0 (secure 0 0 0) 0x7f048c042070 con 0x7f049c07dd70
2024-09-10T00:25:47.233 INFO:teuthology.orchestra.run.smithi022.stdout:/usr/bin/ceph: stderr
2024-09-10T00:25:46.369+0000 7f0492a00640 1 -- 172.21.15.22:0/3644566999 <== mon.0 v2:172.21.15.22:3300/0 2 ==== config(29 keys) ==== 1178+0+0 (secure 0 0 0) 0x7f048c030e50 con 0x7f049c07dd70
2024-09-10T00:25:47.233 INFO:teuthology.orchestra.run.smithi022.stdout:/usr/bin/ceph: stderr
2024-09-10T00:25:46.369+0000 7f0492a00640 1 -- 172.21.15.22:0/3644566999 <== mon.0 v2:172.21.15.22:3300/0 3 ==== mon_map magic: 0 ==== 205+0+0 (secure 0 0 0) 0x7f048c037040 con 0x7f049c07dd70
2024-09-10T00:25:47.233 INFO:teuthology.orchestra.run.smithi022.stdout:/usr/bin/ceph: stderr
2024-09-10T00:25:46.369+0000 7f04a0c00640 1 -- 172.21.15.22:0/3644566999 --> [v2:172.21.15.22:3300/0,v1:172.21.15.22:6789/0] -- mon_subscribe({mgrmap=0+}) -- 0x7f049c19e490 con 0x7f049c07dd70
2024-09-10T00:25:47.233 INFO:teuthology.orchestra.run.smithi022.stdout:/usr/bin/ceph: stderr
2024-09-10T00:25:46.369+0000 7f04a0c00640 1 -- 172.21.15.22:0/3644566999 --> [v2:172.21.15.22:3300/0,v1:172.21.15.22:6789/0] -- mon_subscribe({osdmap=0}) -- 0x7f049c1a1180 con 0x7f049c07dd70
2024-09-10T00:25:47.233 INFO:teuthology.orchestra.run.smithi022.stdout:/usr/bin/ceph: stderr
2024-09-10T00:25:46.370+0000 7f0492a00640 1 -- 172.21.15.22:0/3644566999 <== mon.0 v2:172.21.15.22:3300/0 4 ==== mgrmap(e 4) ==== 46276+0+0 (secure 0 0 0) 0x7f048c045070 con 0x7f049c07dd70
2024-09-10T00:25:47.233 INFO:teuthology.orchestra.run.smithi022.stdout:/usr/bin/ceph: stderr
2024-09-10T00:25:46.370+0000 7f04a0c00640 1 -- 172.21.15.22:0/3644566999 --> [v2:172.21.15.22:3300/0,v1:172.21.15.22:6789/0] -- mon_command({"prefix": "get_command_descriptions"} v 0) -- 0x7f049c07c360 con 0x7f049c07dd70
2024-09-10T00:25:47.233 INFO:teuthology.orchestra.run.smithi022.stdout:/usr/bin/ceph: stderr
2024-09-10T00:25:46.371+0000 7f0492a00640 1 --2- 172.21.15.22:0/3644566999 >> [v2:172.21.15.22:6800/2776569718,v1:172.21.15.22:6801/2776569718] conn(0x7f0480038f70 0x7f048003b430 unknown :-1 s=NONE pgs=0 cs=0 l=1 rev1=0 crypto rx=0 tx=0 comp rx=0 tx=0).connect
2024-09-10T00:25:47.234 INFO:teuthology.orchestra.run.smithi022.stdout:/usr/bin/ceph: stderr
2024-09-10T00:25:46.371+0000 7f0492a00640 1 -- 172.21.15.22:0/3644566999 <== mon.0 v2:172.21.15.22:3300/0 5 ==== osd_map(1..1 src has 1..1) ==== 725+0+0 (secure 0 0 0) 0x7f048c06bf40 con 0x7f049c07dd70
2024-09-10T00:25:47.234 INFO:teuthology.orchestra.run.smithi022.stdout:/usr/bin/ceph: stderr
2024-09-10T00:25:46.371+0000 7f0493e00640 1 --2- 172.21.15.22:0/3644566999 >> [v2:172.21.15.22:6800/2776569718,v1:172.21.15.22:6801/2776569718] conn(0x7f0480038f70 0x7f048003b430 unknown :-1 s=BANNER_CONNECTING pgs=0 cs=0 l=1 rev1=0 crypto rx=0 tx=0 comp rx=0 tx=0)._handle_peer_banner_payload supported=3 required=0
2024-09-10T00:25:47.234 INFO:teuthology.orchestra.run.smithi022.stdout:/usr/bin/ceph: stderr
2024-09-10T00:25:46.372+0000 7f0493e00640 1 --2- 172.21.15.22:0/3644566999 >> [v2:172.21.15.22:6800/2776569718,v1:172.21.15.22:6801/2776569718] conn(0x7f0480038f70 0x7f048003b430 secure :-1 s=READY pgs=7 cs=0 l=1 rev1=1 crypto rx=0x7f04840098c0 tx=0x7f0484006db0 comp rx=0 tx=0).ready entity=mgr.14100 client_cookie=0 server_cookie=0 in_seq=0 out_seq=0
2024-09-10T00:25:47.234 INFO:teuthology.orchestra.run.smithi022.stdout:/usr/bin/ceph: stderr
2024-09-10T00:25:46.376+0000 7f0492a00640 1 -- 172.21.15.22:0/3644566999 <== mon.0 v2:172.21.15.22:3300/0 6 ==== mon_command_ack([{"prefix": "get_command_descriptions"}]=0 v0) ==== 72+0+188821 (secure 0 0 0) 0x7f048c04b170 con 0x7f049c07dd70
2024-09-10T00:25:47.234 INFO:teuthology.orchestra.run.smithi022.stdout:/usr/bin/ceph: stderr
2024-09-10T00:25:46.562+0000 7f04a0c00640 1 -- 172.21.15.22:0/3644566999 --> [v2:172.21.15.22:3300/0,v1:172.21.15.22:6789/0] -- mon_command({"prefix": "config assimilate-conf"} v 0) -- 0x7f049c1a2980 con 0x7f049c07dd70
2024-09-10T00:25:47.234 INFO:teuthology.orchestra.run.smithi022.stdout:/usr/bin/ceph: stderr
2024-09-10T00:25:46.564+0000 7f0492a00640 1 -- 172.21.15.22:0/3644566999 <== mon.0 v2:172.21.15.22:3300/0 7 ==== mon_command_ack([{"prefix": "config assimilate-conf"}]=0 v3) ==== 70+0+429 (secure 0 0 0) 0x7f048c03cda0 con 0x7f049c07dd70
2024-09-10T00:25:47.234 INFO:teuthology.orchestra.run.smithi022.stdout:/usr/bin/ceph: stderr
2024-09-10T00:25:46.566+0000 7f04a0c00640 1 -- 172.21.15.22:0/3644566999 >> [v2:172.21.15.22:6800/2776569718,v1:172.21.15.22:6801/2776569718] conn(0x7f0480038f70 msgr2=0x7f048003b430 secure :-1 s=STATE_CONNECTION_ESTABLISHED l=1).mark_down
2024-09-10T00:25:47.234 INFO:teuthology.orchestra.run.smithi022.stdout:/usr/bin/ceph: stderr
2024-09-10T00:25:46.566+0000 7f04a0c00640 1 --2- 172.21.15.22:0/3644566999 >> [v2:172.21.15.22:6800/2776569718,v1:172.21.15.22:6801/2776569718] conn(0x7f0480038f70 0x7f048003b430 secure :-1 s=READY pgs=7 cs=0 l=1 rev1=1 crypto rx=0x7f04840098c0 tx=0x7f0484006db0 comp rx=0 tx=0).stop
2024-09-10T00:25:47.234 INFO:teuthology.orchestra.run.smithi022.stdout:/usr/bin/ceph: stderr
2024-09-10T00:25:46.566+0000 7f04a0c00640 1 -- 172.21.15.22:0/3644566999 >> [v2:172.21.15.22:3300/0,v1:172.21.15.22:6789/0] conn(0x7f049c07dd70 msgr2=0x7f049c19dcc0 secure :-1 s=STATE_CONNECTION_ESTABLISHED l=1).mark_down
2024-09-10T00:25:47.234 INFO:teuthology.orchestra.run.smithi022.stdout:/usr/bin/ceph: stderr
2024-09-10T00:25:46.566+0000 7f04a0c00640 1 --2- 172.21.15.22:0/3644566999 >> [v2:172.21.15.22:3300/0,v1:172.21.15.22:6789/0] conn(0x7f049c07dd70 0x7f049c19dcc0 secure :-1 s=READY pgs=19 cs=0 l=1 rev1=1 crypto rx=0x7f048c009940 tx=0x7f048c032670 comp rx=0 tx=0).stop
2024-09-10T00:25:47.234 INFO:teuthology.orchestra.run.smithi022.stdout:/usr/bin/ceph: stderr
2024-09-10T00:25:46.566+0000 7f04a0c00640 1 -- 172.21.15.22:0/3644566999 shutdown_connections
2024-09-10T00:25:47.234 INFO:teuthology.orchestra.run.smithi022.stdout:/usr/bin/ceph: stderr
2024-09-10T00:25:46.566+0000 7f04a0c00640 1 --2- 172.21.15.22:0/3644566999 >> [v2:172.21.15.22:6800/2776569718,v1:172.21.15.22:6801/2776569718] conn(0x7f0480038f70 0x7f048003b430 unknown :-1 s=CLOSED pgs=7 cs=0 l=1 rev1=1 crypto rx=0 tx=0 comp rx=0 tx=0).stop
2024-09-10T00:25:47.234 INFO:teuthology.orchestra.run.smithi022.stdout:/usr/bin/ceph: stderr
2024-09-10T00:25:46.566+0000 7f04a0c00640 1 --2- 172.21.15.22:0/3644566999 >> [v2:172.21.15.22:3300/0,v1:172.21.15.22:6789/0] conn(0x7f049c07dd70 0x7f049c19dcc0 unknown :-1 s=CLOSED pgs=19 cs=0 l=1 rev1=1 crypto rx=0 tx=0 comp rx=0 tx=0).stop
2024-09-10T00:25:47.234 INFO:teuthology.orchestra.run.smithi022.stdout:/usr/bin/ceph: stderr
2024-09-10T00:25:46.566+0000 7f04a0c00640 1 -- 172.21.15.22:0/3644566999 >> 172.21.15.22:0/3644566999 conn(0x7f049c1031e0 msgr2=0x7f049c103e50 unknown :-1 s=STATE_NONE l=0).mark_down
2024-09-10T00:25:47.235 INFO:teuthology.orchestra.run.smithi022.stdout:/usr/bin/ceph: stderr
2024-09-10T00:25:46.566+0000 7f04a0c00640 1 -- 172.21.15.22:0/3644566999 shutdown_connections
2024-09-10T00:25:47.235 INFO:teuthology.orchestra.run.smithi022.stdout:/usr/bin/ceph: stderr
2024-09-10T00:25:46.567+0000 7f04a0c00640 1 -- 172.21.15.22:0/3644566999 wait complete.
2024-09-10T00:25:47.235 INFO:teuthology.orchestra.run.smithi022.stdout:Enabling cephadm module...
2024-09-10T00:25:48.273 INFO:journalctl@ceph.mon.a.smithi022.stdout:Sep 10 00:25:48 smithi022 ceph-mon[30546]: from='client.? 172.21.15.22:0/3028715370' entity='client.admin' cmd=[{"prefix": "mgr module enable", "module": "cephadm"}]: dispatch
2024-09-10T00:25:48.274 INFO:journalctl@ceph.mgr.x.smithi022.stdout:Sep 10 00:25:48 smithi022 ceph-0c240ad2-6f0b-11ef-bcea-c7b262605968-mgr-x[30772]: ignoring --setuser ceph since I am not root
2024-09-10T00:25:48.274 INFO:journalctl@ceph.mgr.x.smithi022.stdout:Sep 10 00:25:48 smithi022 ceph-0c240ad2-6f0b-11ef-bcea-c7b262605968-mgr-x[30772]: ignoring --setgroup ceph since I am not root
2024-09-10T00:25:48.274 INFO:journalctl@ceph.mgr.x.smithi022.stdout:Sep 10 00:25:48 smithi022 ceph-0c240ad2-6f0b-11ef-bcea-c7b262605968-mgr-x[30772]:
2024-09-10T00:25:48.273+0000 7fc1c5634040 -1 mgr[py] Module osd_perf_query has missing NOTIFY_TYPES member
2024-09-10T00:25:48.536 INFO:journalctl@ceph.mgr.x.smithi022.stdout:Sep 10 00:25:48 smithi022 ceph-0c240ad2-6f0b-11ef-bcea-c7b262605968-mgr-x[30772]:
2024-09-10T00:25:48.344+0000 7fc1c5634040 -1 mgr[py] Module osd_support has missing NOTIFY_TYPES member
2024-09-10T00:25:48.800 INFO:journalctl@ceph.mgr.x.smithi022.stdout:Sep 10 00:25:48 smithi022 ceph-0c240ad2-6f0b-11ef-bcea-c7b262605968-mgr-x[30772]:
2024-09-10T00:25:48.535+0000 7fc1c5634040 -1 mgr[py] Module diskprediction_local has missing NOTIFY_TYPES member
2024-09-10T00:25:48.800 INFO:journalctl@ceph.mgr.x.smithi022.stdout:Sep 10 00:25:48 smithi022 ceph-0c240ad2-6f0b-11ef-bcea-c7b262605968-mgr-x[30772]:
2024-09-10T00:25:48.619+0000 7fc1c5634040 -1 mgr[py] Module crash has missing NOTIFY_TYPES member
2024-09-10T00:25:48.800 INFO:journalctl@ceph.mgr.x.smithi022.stdout:Sep 10 00:25:48 smithi022 ceph-0c240ad2-6f0b-11ef-bcea-c7b262605968-mgr-x[30772]:
2024-09-10T00:25:48.799+0000 7fc1c5634040 -1 mgr[py] Module test_orchestrator has missing NOTIFY_TYPES member
2024-09-10T00:25:48.971 INFO:teuthology.orchestra.run.smithi022.stdout:/usr/bin/ceph: stderr
2024-09-10T00:25:47.745+0000 7fc129a00640 1 Processor -- start
2024-09-10T00:25:48.972 INFO:teuthology.orchestra.run.smithi022.stdout:/usr/bin/ceph: stderr
2024-09-10T00:25:47.745+0000 7fc129a00640 1 -- start start
2024-09-10T00:25:48.972 INFO:teuthology.orchestra.run.smithi022.stdout:/usr/bin/ceph: stderr
2024-09-10T00:25:47.746+0000 7fc129a00640 1 --2- >> [v2:172.21.15.22:3300/0,v1:172.21.15.22:6789/0] conn(0x7fc1241079d0 0x7fc124107dd0 unknown :-1 s=NONE pgs=0 cs=0 l=0 rev1=0 crypto rx=0 tx=0 comp rx=0 tx=0).connect
2024-09-10T00:25:48.972 INFO:teuthology.orchestra.run.smithi022.stdout:/usr/bin/ceph: stderr
2024-09-10T00:25:47.746+0000 7fc129a00640 1 -- --> [v2:172.21.15.22:3300/0,v1:172.21.15.22:6789/0] -- mon_getmap magic: 0 -- 0x7fc1241083a0 con 0x7fc1241079d0
2024-09-10T00:25:48.972 INFO:teuthology.orchestra.run.smithi022.stdout:/usr/bin/ceph: stderr
2024-09-10T00:25:47.746+0000 7fc122a00640 1 --2- >> [v2:172.21.15.22:3300/0,v1:172.21.15.22:6789/0] conn(0x7fc1241079d0 0x7fc124107dd0 unknown :-1 s=BANNER_CONNECTING pgs=0 cs=0 l=0 rev1=0 crypto rx=0 tx=0 comp rx=0 tx=0)._handle_peer_banner_payload supported=3 required=0
2024-09-10T00:25:48.972 INFO:teuthology.orchestra.run.smithi022.stdout:/usr/bin/ceph: stderr
2024-09-10T00:25:47.746+0000 7fc122a00640 1 --2- >> [v2:172.21.15.22:3300/0,v1:172.21.15.22:6789/0] conn(0x7fc1241079d0 0x7fc124107dd0 unknown :-1 s=HELLO_CONNECTING pgs=0 cs=0 l=0 rev1=1 crypto rx=0 tx=0 comp rx=0 tx=0).handle_hello peer v2:172.21.15.22:3300/0 says I am v2:172.21.15.22:39402/0 (socket says 172.21.15.22:39402)
2024-09-10T00:25:48.972 INFO:teuthology.orchestra.run.smithi022.stdout:/usr/bin/ceph: stderr
2024-09-10T00:25:47.746+0000 7fc122a00640 1 -- 172.21.15.22:0/1594202073 learned_addr learned my addr 172.21.15.22:0/1594202073 (peer_addr_for_me v2:172.21.15.22:0/0)
2024-09-10T00:25:48.972 INFO:teuthology.orchestra.run.smithi022.stdout:/usr/bin/ceph: stderr
2024-09-10T00:25:47.747+0000 7fc122a00640 1 -- 172.21.15.22:0/1594202073 --> [v2:172.21.15.22:3300/0,v1:172.21.15.22:6789/0] -- mon_subscribe({config=0+,monmap=0+}) -- 0x7fc124108bd0 con 0x7fc1241079d0
2024-09-10T00:25:48.973 INFO:teuthology.orchestra.run.smithi022.stdout:/usr/bin/ceph: stderr
2024-09-10T00:25:47.747+0000 7fc122a00640 1 --2- 172.21.15.22:0/1594202073 >> [v2:172.21.15.22:3300/0,v1:172.21.15.22:6789/0] conn(0x7fc1241079d0 0x7fc124107dd0 secure :-1 s=READY pgs=20 cs=0 l=1 rev1=1 crypto rx=0x7fc114009820 tx=0x7fc11402a270 comp rx=0 tx=0).ready entity=mon.0 client_cookie=15144108f522bee0 server_cookie=0 in_seq=0 out_seq=0
2024-09-10T00:25:48.973 INFO:teuthology.orchestra.run.smithi022.stdout:/usr/bin/ceph: stderr
2024-09-10T00:25:47.748+0000 7fc122000640 1 -- 172.21.15.22:0/1594202073 <== mon.0 v2:172.21.15.22:3300/0 1 ==== mon_map magic: 0 ==== 205+0+0 (secure 0 0 0) 0x7fc114037070 con 0x7fc1241079d0
2024-09-10T00:25:48.973 INFO:teuthology.orchestra.run.smithi022.stdout:/usr/bin/ceph: stderr
2024-09-10T00:25:47.748+0000 7fc122000640 1 -- 172.21.15.22:0/1594202073 <== mon.0 v2:172.21.15.22:3300/0 2 ==== config(29 keys) ==== 1178+0+0 (secure 0 0 0) 0x7fc114032940 con 0x7fc1241079d0
2024-09-10T00:25:48.973 INFO:teuthology.orchestra.run.smithi022.stdout:/usr/bin/ceph: stderr
2024-09-10T00:25:47.748+0000 7fc122000640 1 -- 172.21.15.22:0/1594202073 <== mon.0 v2:172.21.15.22:3300/0 3 ==== mon_map magic: 0 ==== 205+0+0 (secure 0 0 0) 0x7fc1140309c0 con 0x7fc1241079d0
2024-09-10T00:25:48.973 INFO:teuthology.orchestra.run.smithi022.stdout:/usr/bin/ceph: stderr
2024-09-10T00:25:47.748+0000 7fc129a00640 1 -- 172.21.15.22:0/1594202073 >> [v2:172.21.15.22:3300/0,v1:172.21.15.22:6789/0] conn(0x7fc1241079d0 msgr2=0x7fc124107dd0 secure :-1 s=STATE_CONNECTION_ESTABLISHED l=1).mark_down
2024-09-10T00:25:48.973 INFO:teuthology.orchestra.run.smithi022.stdout:/usr/bin/ceph: stderr
2024-09-10T00:25:47.748+0000 7fc129a00640 1 --2- 172.21.15.22:0/1594202073 >> [v2:172.21.15.22:3300/0,v1:172.21.15.22:6789/0] conn(0x7fc1241079d0 0x7fc124107dd0 secure :-1 s=READY pgs=20 cs=0 l=1 rev1=1 crypto rx=0x7fc114009820 tx=0x7fc11402a270 comp rx=0 tx=0).stop
2024-09-10T00:25:48.973 INFO:teuthology.orchestra.run.smithi022.stdout:/usr/bin/ceph: stderr
2024-09-10T00:25:47.748+0000 7fc129a00640 1 -- 172.21.15.22:0/1594202073 shutdown_connections
2024-09-10T00:25:48.973 INFO:teuthology.orchestra.run.smithi022.stdout:/usr/bin/ceph: stderr
2024-09-10T00:25:47.748+0000 7fc129a00640 1 --2- 172.21.15.22:0/1594202073 >> [v2:172.21.15.22:3300/0,v1:172.21.15.22:6789/0] conn(0x7fc1241079d0 0x7fc124107dd0 unknown :-1 s=CLOSED pgs=20 cs=0 l=1 rev1=1 crypto rx=0 tx=0 comp rx=0 tx=0).stop
2024-09-10T00:25:48.973 INFO:teuthology.orchestra.run.smithi022.stdout:/usr/bin/ceph: stderr
2024-09-10T00:25:47.748+0000 7fc129a00640 1 -- 172.21.15.22:0/1594202073 >> 172.21.15.22:0/1594202073 conn(0x7fc124103160 msgr2=0x7fc1241055a0 unknown :-1 s=STATE_NONE l=0).mark_down
2024-09-10T00:25:48.973 INFO:teuthology.orchestra.run.smithi022.stdout:/usr/bin/ceph: stderr
2024-09-10T00:25:47.749+0000 7fc129a00640 1 -- 172.21.15.22:0/1594202073 shutdown_connections
2024-09-10T00:25:48.973 INFO:teuthology.orchestra.run.smithi022.stdout:/usr/bin/ceph: stderr
2024-09-10T00:25:47.749+0000 7fc129a00640 1 -- 172.21.15.22:0/1594202073 wait complete.
2024-09-10T00:25:48.973 INFO:teuthology.orchestra.run.smithi022.stdout:/usr/bin/ceph: stderr
2024-09-10T00:25:47.749+0000 7fc129a00640 1 Processor -- start
2024-09-10T00:25:48.974 INFO:teuthology.orchestra.run.smithi022.stdout:/usr/bin/ceph: stderr
2024-09-10T00:25:47.750+0000 7fc129a00640 1 -- start start
2024-09-10T00:25:48.974 INFO:teuthology.orchestra.run.smithi022.stdout:/usr/bin/ceph: stderr
2024-09-10T00:25:47.750+0000 7fc129a00640 1 --2- >> [v2:172.21.15.22:3300/0,v1:172.21.15.22:6789/0] conn(0x7fc1241079d0 0x7fc12419dd30 unknown :-1 s=NONE pgs=0 cs=0 l=1 rev1=0 crypto rx=0 tx=0 comp rx=0 tx=0).connect
2024-09-10T00:25:48.974 INFO:teuthology.orchestra.run.smithi022.stdout:/usr/bin/ceph: stderr
2024-09-10T00:25:47.750+0000 7fc129a00640 1 -- --> [v2:172.21.15.22:3300/0,v1:172.21.15.22:6789/0] -- mon_getmap magic: 0 -- 0x7fc12410bf80 con 0x7fc1241079d0
2024-09-10T00:25:48.974 INFO:teuthology.orchestra.run.smithi022.stdout:/usr/bin/ceph: stderr
2024-09-10T00:25:47.750+0000 7fc122a00640 1 --2- >> [v2:172.21.15.22:3300/0,v1:172.21.15.22:6789/0] conn(0x7fc1241079d0 0x7fc12419dd30 unknown :-1 s=BANNER_CONNECTING pgs=0 cs=0 l=1 rev1=0 crypto rx=0 tx=0 comp rx=0 tx=0)._handle_peer_banner_payload supported=3 required=0
2024-09-10T00:25:48.974 INFO:teuthology.orchestra.run.smithi022.stdout:/usr/bin/ceph: stderr
2024-09-10T00:25:47.750+0000 7fc122a00640 1 --2- >> [v2:172.21.15.22:3300/0,v1:172.21.15.22:6789/0] conn(0x7fc1241079d0 0x7fc12419dd30 unknown :-1 s=HELLO_CONNECTING pgs=0 cs=0 l=1 rev1=1 crypto rx=0 tx=0 comp rx=0 tx=0).handle_hello peer v2:172.21.15.22:3300/0 says I am v2:172.21.15.22:39410/0 (socket says 172.21.15.22:39410)
2024-09-10T00:25:48.974 INFO:teuthology.orchestra.run.smithi022.stdout:/usr/bin/ceph: stderr
2024-09-10T00:25:47.750+0000 7fc122a00640 1 -- 172.21.15.22:0/3028715370 learned_addr learned my addr 172.21.15.22:0/3028715370 (peer_addr_for_me v2:172.21.15.22:0/0)
2024-09-10T00:25:48.974 INFO:teuthology.orchestra.run.smithi022.stdout:/usr/bin/ceph: stderr
2024-09-10T00:25:47.751+0000 7fc122a00640 1 -- 172.21.15.22:0/3028715370 --> [v2:172.21.15.22:3300/0,v1:172.21.15.22:6789/0] -- mon_subscribe({config=0+,monmap=0+}) -- 0x7fc12419e270 con 0x7fc1241079d0
2024-09-10T00:25:48.974 INFO:teuthology.orchestra.run.smithi022.stdout:/usr/bin/ceph: stderr
2024-09-10T00:25:47.751+0000 7fc122a00640 1 --2- 172.21.15.22:0/3028715370 >> [v2:172.21.15.22:3300/0,v1:172.21.15.22:6789/0] conn(0x7fc1241079d0 0x7fc12419dd30 secure :-1 s=READY pgs=21 cs=0 l=1 rev1=1 crypto rx=0x7fc1140097f0 tx=0x7fc114032e60 comp rx=0 tx=0).ready entity=mon.0 client_cookie=0 server_cookie=0 in_seq=0 out_seq=0
2024-09-10T00:25:48.974 INFO:teuthology.orchestra.run.smithi022.stdout:/usr/bin/ceph: stderr
2024-09-10T00:25:47.751+0000 7fc11b400640 1 -- 172.21.15.22:0/3028715370 <== mon.0 v2:172.21.15.22:3300/0 1 ==== mon_map magic: 0 ==== 205+0+0 (secure 0 0 0) 0x7fc114042070 con 0x7fc1241079d0
2024-09-10T00:25:48.974 INFO:teuthology.orchestra.run.smithi022.stdout:/usr/bin/ceph: stderr
2024-09-10T00:25:47.751+0000 7fc11b400640 1 -- 172.21.15.22:0/3028715370 <== mon.0 v2:172.21.15.22:3300/0 2 ==== config(29 keys) ==== 1178+0+0 (secure 0 0 0) 0x7fc1140325f0 con 0x7fc1241079d0
2024-09-10T00:25:48.974 INFO:teuthology.orchestra.run.smithi022.stdout:/usr/bin/ceph: stderr
2024-09-10T00:25:47.751+0000 7fc129a00640 1 -- 172.21.15.22:0/3028715370 --> [v2:172.21.15.22:3300/0,v1:172.21.15.22:6789/0] -- mon_subscribe({mgrmap=0+}) -- 0x7fc12419e500 con 0x7fc1241079d0
2024-09-10T00:25:48.975 INFO:teuthology.orchestra.run.smithi022.stdout:/usr/bin/ceph: stderr
2024-09-10T00:25:47.751+0000 7fc11b400640 1 -- 172.21.15.22:0/3028715370 <== mon.0 v2:172.21.15.22:3300/0 3 ==== mon_map magic: 0 ==== 205+0+0 (secure 0 0 0) 0x7fc114037040 con 0x7fc1241079d0
2024-09-10T00:25:48.975 INFO:teuthology.orchestra.run.smithi022.stdout:/usr/bin/ceph: stderr
2024-09-10T00:25:47.751+0000 7fc129a00640 1 -- 172.21.15.22:0/3028715370 --> [v2:172.21.15.22:3300/0,v1:172.21.15.22:6789/0] -- mon_subscribe({osdmap=0}) -- 0x7fc1241a11f0 con 0x7fc1241079d0
2024-09-10T00:25:48.975 INFO:teuthology.orchestra.run.smithi022.stdout:/usr/bin/ceph: stderr
2024-09-10T00:25:47.752+0000 7fc11b400640 1 -- 172.21.15.22:0/3028715370 <== mon.0 v2:172.21.15.22:3300/0 4 ==== mgrmap(e 4) ==== 46276+0+0 (secure 0 0 0) 0x7fc114045070 con 0x7fc1241079d0
2024-09-10T00:25:48.975 INFO:teuthology.orchestra.run.smithi022.stdout:/usr/bin/ceph: stderr
2024-09-10T00:25:47.752+0000 7fc129a00640 1 -- 172.21.15.22:0/3028715370 --> [v2:172.21.15.22:3300/0,v1:172.21.15.22:6789/0] -- mon_command({"prefix": "get_command_descriptions"} v 0) -- 0x7fc124107e50 con 0x7fc1241079d0
2024-09-10T00:25:48.975 INFO:teuthology.orchestra.run.smithi022.stdout:/usr/bin/ceph: stderr
2024-09-10T00:25:47.753+0000 7fc11b400640 1 --2- 172.21.15.22:0/3028715370 >> [v2:172.21.15.22:6800/2776569718,v1:172.21.15.22:6801/2776569718] conn(0x7fc108038f70 0x7fc10803b430 unknown :-1 s=NONE pgs=0 cs=0 l=1 rev1=0 crypto rx=0 tx=0 comp rx=0 tx=0).connect
2024-09-10T00:25:48.975 INFO:teuthology.orchestra.run.smithi022.stdout:/usr/bin/ceph: stderr
2024-09-10T00:25:47.753+0000 7fc11b400640 1 -- 172.21.15.22:0/3028715370 <== mon.0 v2:172.21.15.22:3300/0 5 ==== osd_map(1..1 src has 1..1) ==== 725+0+0 (secure 0 0 0) 0x7fc11406bed0 con 0x7fc1241079d0
2024-09-10T00:25:48.975 INFO:teuthology.orchestra.run.smithi022.stdout:/usr/bin/ceph: stderr
2024-09-10T00:25:47.753+0000 7fc11be00640 1 --2- 172.21.15.22:0/3028715370 >> [v2:172.21.15.22:6800/2776569718,v1:172.21.15.22:6801/2776569718] conn(0x7fc108038f70 0x7fc10803b430 unknown :-1 s=BANNER_CONNECTING pgs=0 cs=0 l=1 rev1=0 crypto rx=0 tx=0 comp rx=0 tx=0)._handle_peer_banner_payload supported=3 required=0
2024-09-10T00:25:48.975 INFO:teuthology.orchestra.run.smithi022.stdout:/usr/bin/ceph: stderr
2024-09-10T00:25:47.754+0000 7fc11be00640 1 --2- 172.21.15.22:0/3028715370 >> [v2:172.21.15.22:6800/2776569718,v1:172.21.15.22:6801/2776569718] conn(0x7fc108038f70 0x7fc10803b430 secure :-1 s=READY pgs=8 cs=0 l=1 rev1=1 crypto rx=0x7fc10c0098c0 tx=0x7fc10c006db0 comp rx=0 tx=0).ready entity=mgr.14100 client_cookie=0 server_cookie=0 in_seq=0 out_seq=0
2024-09-10T00:25:48.975 INFO:teuthology.orchestra.run.smithi022.stdout:/usr/bin/ceph: stderr
2024-09-10T00:25:47.758+0000 7fc11b400640 1 -- 172.21.15.22:0/3028715370 <== mon.0 v2:172.21.15.22:3300/0 6 ==== mon_command_ack([{"prefix": "get_command_descriptions"}]=0 v0) ==== 72+0+188821 (secure 0 0 0) 0x7fc114045360 con 0x7fc1241079d0
2024-09-10T00:25:48.975 INFO:teuthology.orchestra.run.smithi022.stdout:/usr/bin/ceph: stderr
2024-09-10T00:25:47.990+0000 7fc129a00640 1 -- 172.21.15.22:0/3028715370 --> [v2:172.21.15.22:3300/0,v1:172.21.15.22:6789/0] -- mon_command({"prefix": "mgr module enable", "module": "cephadm"} v 0) -- 0x7fc1241a1870 con 0x7fc1241079d0
2024-09-10T00:25:48.975 INFO:teuthology.orchestra.run.smithi022.stdout:/usr/bin/ceph: stderr
2024-09-10T00:25:48.043+0000 7fc11b400640 1 -- 172.21.15.22:0/3028715370 <== mon.0 v2:172.21.15.22:3300/0 7 ==== mon_command_ack([{"prefix": "mgr module enable", "module": "cephadm"}]=0 v5) ==== 86+0+0 (secure 0 0 0) 0x7fc114043260 con 0x7fc1241079d0
2024-09-10T00:25:48.975 INFO:teuthology.orchestra.run.smithi022.stdout:/usr/bin/ceph: stderr
2024-09-10T00:25:48.044+0000 7fc11b400640 1 -- 172.21.15.22:0/3028715370 <== mon.0 v2:172.21.15.22:3300/0 8 ==== mgrmap(e 5) ==== 46287+0+0 (secure 0 0 0) 0x7fc11403c8f0 con 0x7fc1241079d0
2024-09-10T00:25:48.975 INFO:teuthology.orchestra.run.smithi022.stdout:/usr/bin/ceph: stderr
2024-09-10T00:25:48.046+0000 7fc129a00640 1 -- 172.21.15.22:0/3028715370 >> [v2:172.21.15.22:6800/2776569718,v1:172.21.15.22:6801/2776569718] conn(0x7fc108038f70 msgr2=0x7fc10803b430 secure :-1 s=STATE_CONNECTION_ESTABLISHED l=1).mark_down
2024-09-10T00:25:48.976 INFO:teuthology.orchestra.run.smithi022.stdout:/usr/bin/ceph: stderr
2024-09-10T00:25:48.046+0000 7fc129a00640 1 --2- 172.21.15.22:0/3028715370 >> [v2:172.21.15.22:6800/2776569718,v1:172.21.15.22:6801/2776569718] conn(0x7fc108038f70 0x7fc10803b430 secure :-1 s=READY pgs=8 cs=0 l=1 rev1=1 crypto rx=0x7fc10c0098c0 tx=0x7fc10c006db0 comp rx=0 tx=0).stop
2024-09-10T00:25:48.976 INFO:teuthology.orchestra.run.smithi022.stdout:/usr/bin/ceph: stderr
2024-09-10T00:25:48.046+0000 7fc129a00640 1 -- 172.21.15.22:0/3028715370 >> [v2:172.21.15.22:3300/0,v1:172.21.15.22:6789/0] conn(0x7fc1241079d0 msgr2=0x7fc12419dd30 secure :-1 s=STATE_CONNECTION_ESTABLISHED l=1).mark_down
2024-09-10T00:25:48.976 INFO:teuthology.orchestra.run.smithi022.stdout:/usr/bin/ceph: stderr
2024-09-10T00:25:48.046+0000 7fc129a00640 1 --2- 172.21.15.22:0/3028715370 >> [v2:172.21.15.22:3300/0,v1:172.21.15.22:6789/0] conn(0x7fc1241079d0 0x7fc12419dd30 secure :-1 s=READY pgs=21 cs=0 l=1 rev1=1 crypto rx=0x7fc1140097f0 tx=0x7fc114032e60 comp rx=0 tx=0).stop
2024-09-10T00:25:48.976 INFO:teuthology.orchestra.run.smithi022.stdout:/usr/bin/ceph: stderr
2024-09-10T00:25:48.046+0000 7fc129a00640 1 -- 172.21.15.22:0/3028715370 shutdown_connections
2024-09-10T00:25:48.976 INFO:teuthology.orchestra.run.smithi022.stdout:/usr/bin/ceph: stderr
2024-09-10T00:25:48.046+0000 7fc129a00640 1 --2- 172.21.15.22:0/3028715370 >> [v2:172.21.15.22:6800/2776569718,v1:172.21.15.22:6801/2776569718] conn(0x7fc108038f70 0x7fc10803b430 unknown :-1 s=CLOSED pgs=8 cs=0 l=1 rev1=1 crypto rx=0 tx=0 comp rx=0 tx=0).stop
2024-09-10T00:25:48.976 INFO:teuthology.orchestra.run.smithi022.stdout:/usr/bin/ceph: stderr
2024-09-10T00:25:48.046+0000 7fc129a00640 1 --2- 172.21.15.22:0/3028715370 >> [v2:172.21.15.22:3300/0,v1:172.21.15.22:6789/0] conn(0x7fc1241079d0 0x7fc12419dd30 unknown :-1 s=CLOSED pgs=21 cs=0 l=1 rev1=1 crypto rx=0 tx=0 comp rx=0 tx=0).stop
2024-09-10T00:25:48.976 INFO:teuthology.orchestra.run.smithi022.stdout:/usr/bin/ceph: stderr
2024-09-10T00:25:48.046+0000 7fc129a00640 1 -- 172.21.15.22:0/3028715370 >> 172.21.15.22:0/3028715370 conn(0x7fc124103160 msgr2=0x7fc124103cf0 unknown :-1 s=STATE_NONE l=0).mark_down
2024-09-10T00:25:48.976 INFO:teuthology.orchestra.run.smithi022.stdout:/usr/bin/ceph: stderr
2024-09-10T00:25:48.046+0000 7fc129a00640 1 -- 172.21.15.22:0/3028715370 shutdown_connections
2024-09-10T00:25:48.976 INFO:teuthology.orchestra.run.smithi022.stdout:/usr/bin/ceph: stderr
2024-09-10T00:25:48.046+0000 7fc129a00640 1 -- 172.21.15.22:0/3028715370 wait complete.
2024-09-10T00:25:49.107 INFO:journalctl@ceph.mon.a.smithi022.stdout:Sep 10 00:25:49 smithi022 ceph-mon[30546]: from='client.? 172.21.15.22:0/3028715370' entity='client.admin' cmd='[{"prefix": "mgr module enable", "module": "cephadm"}]': finished
2024-09-10T00:25:49.108 INFO:journalctl@ceph.mon.a.smithi022.stdout:Sep 10 00:25:49 smithi022 ceph-mon[30546]: mgrmap e5: x(active, since 4s)
2024-09-10T00:25:49.108 INFO:journalctl@ceph.mgr.x.smithi022.stdout:Sep 10 00:25:48 smithi022 ceph-0c240ad2-6f0b-11ef-bcea-c7b262605968-mgr-x[30772]:
2024-09-10T00:25:48.983+0000 7fc1c5634040 -1 mgr[py] Module snap_schedule has missing NOTIFY_TYPES member
2024-09-10T00:25:49.676 INFO:journalctl@ceph.mgr.x.smithi022.stdout:Sep 10 00:25:49 smithi022 ceph-0c240ad2-6f0b-11ef-bcea-c7b262605968-mgr-x[30772]:
