2024-09-10T00:26:08.609+0000 7f7418600640 1 -- 172.21.15.22:0/528296562 --> [v2:172.21.15.22:3300/0,v1:172.21.15.22:6789/0] -- mon_command({"prefix": "get_command_descriptions"} v 0) -- 0x7f741007c340 con 0x7f741007de60
2024-09-10T00:26:09.618 INFO:teuthology.orchestra.run.smithi022.stdout:/usr/bin/ceph: stderr
2024-09-10T00:26:08.609+0000 7f740e000640 1 --2- 172.21.15.22:0/528296562 >> [v2:172.21.15.22:6800/3351570054,v1:172.21.15.22:6801/3351570054] conn(0x7f73f8038fc0 0x7f73f803b480 unknown :-1 s=NONE pgs=0 cs=0 l=1 rev1=0 crypto rx=0 tx=0 comp rx=0 tx=0).connect
2024-09-10T00:26:09.618 INFO:teuthology.orchestra.run.smithi022.stdout:/usr/bin/ceph: stderr
2024-09-10T00:26:08.609+0000 7f740e000640 1 -- 172.21.15.22:0/528296562 <== mon.0 v2:172.21.15.22:3300/0 5 ==== osd_map(2..2 src has 1..2) ==== 940+0+0 (secure 0 0 0) 0x7f740406c050 con 0x7f741007de60
2024-09-10T00:26:09.618 INFO:teuthology.orchestra.run.smithi022.stdout:/usr/bin/ceph: stderr
2024-09-10T00:26:08.609+0000 7f7415200640 1 --2- 172.21.15.22:0/528296562 >> [v2:172.21.15.22:6800/3351570054,v1:172.21.15.22:6801/3351570054] conn(0x7f73f8038fc0 0x7f73f803b480 unknown :-1 s=BANNER_CONNECTING pgs=0 cs=0 l=1 rev1=0 crypto rx=0 tx=0 comp rx=0 tx=0)._handle_peer_banner_payload supported=3 required=0
2024-09-10T00:26:09.618 INFO:teuthology.orchestra.run.smithi022.stdout:/usr/bin/ceph: stderr
2024-09-10T00:26:08.610+0000 7f7415200640 1 --2- 172.21.15.22:0/528296562 >> [v2:172.21.15.22:6800/3351570054,v1:172.21.15.22:6801/3351570054] conn(0x7f73f8038fc0 0x7f73f803b480 secure :-1 s=READY pgs=12 cs=0 l=1 rev1=1 crypto rx=0x7f73fc0098c0 tx=0x7f73fc006db0 comp rx=0 tx=0).ready entity=mgr.14118 client_cookie=0 server_cookie=0 in_seq=0 out_seq=0
2024-09-10T00:26:09.618 INFO:teuthology.orchestra.run.smithi022.stdout:/usr/bin/ceph: stderr
2024-09-10T00:26:08.615+0000 7f740e000640 1 -- 172.21.15.22:0/528296562 <== mon.0 v2:172.21.15.22:3300/0 6 ==== mon_command_ack([{"prefix": "get_command_descriptions"}]=0 v0) ==== 72+0+188821 (secure 0 0 0) 0x7f7404032910 con 0x7f741007de60
2024-09-10T00:26:09.618 INFO:teuthology.orchestra.run.smithi022.stdout:/usr/bin/ceph: stderr
2024-09-10T00:26:08.820+0000 7f7418600640 1 -- 172.21.15.22:0/528296562 --> [v2:172.21.15.22:6800/3351570054,v1:172.21.15.22:6801/3351570054] -- mgr_command(tid 0: {"prefix": "orch apply", "service_type": "mon", "unmanaged": true, "target": ["mon-mgr", ""]}) -- 0x7f7410104490 con 0x7f73f8038fc0
2024-09-10T00:26:09.618 INFO:teuthology.orchestra.run.smithi022.stdout:/usr/bin/ceph: stderr
2024-09-10T00:26:08.825+0000 7f740e000640 1 -- 172.21.15.22:0/528296562 <== mgr.14118 v2:172.21.15.22:6800/3351570054 1 ==== mgr_command_reply(tid 0: 0 ) ==== 8+0+24 (secure 0 0 0) 0x7f7410104490 con 0x7f73f8038fc0
2024-09-10T00:26:09.618 INFO:teuthology.orchestra.run.smithi022.stdout:/usr/bin/ceph: stderr
2024-09-10T00:26:08.827+0000 7f7418600640 1 -- 172.21.15.22:0/528296562 >> [v2:172.21.15.22:6800/3351570054,v1:172.21.15.22:6801/3351570054] conn(0x7f73f8038fc0 msgr2=0x7f73f803b480 secure :-1 s=STATE_CONNECTION_ESTABLISHED l=1).mark_down
2024-09-10T00:26:09.618 INFO:teuthology.orchestra.run.smithi022.stdout:/usr/bin/ceph: stderr
2024-09-10T00:26:08.827+0000 7f7418600640 1 --2- 172.21.15.22:0/528296562 >> [v2:172.21.15.22:6800/3351570054,v1:172.21.15.22:6801/3351570054] conn(0x7f73f8038fc0 0x7f73f803b480 secure :-1 s=READY pgs=12 cs=0 l=1 rev1=1 crypto rx=0x7f73fc0098c0 tx=0x7f73fc006db0 comp rx=0 tx=0).stop
2024-09-10T00:26:09.618 INFO:teuthology.orchestra.run.smithi022.stdout:/usr/bin/ceph: stderr
2024-09-10T00:26:08.827+0000 7f7418600640 1 -- 172.21.15.22:0/528296562 >> [v2:172.21.15.22:3300/0,v1:172.21.15.22:6789/0] conn(0x7f741007de60 msgr2=0x7f741019dcb0 secure :-1 s=STATE_CONNECTION_ESTABLISHED l=1).mark_down
2024-09-10T00:26:09.618 INFO:teuthology.orchestra.run.smithi022.stdout:/usr/bin/ceph: stderr
2024-09-10T00:26:08.827+0000 7f7418600640 1 --2- 172.21.15.22:0/528296562 >> [v2:172.21.15.22:3300/0,v1:172.21.15.22:6789/0] conn(0x7f741007de60 0x7f741019dcb0 secure :-1 s=READY pgs=46 cs=0 l=1 rev1=1 crypto rx=0x7f7404009940 tx=0x7f7404032670 comp rx=0 tx=0).stop
2024-09-10T00:26:09.618 INFO:teuthology.orchestra.run.smithi022.stdout:/usr/bin/ceph: stderr
2024-09-10T00:26:08.827+0000 7f7418600640 1 -- 172.21.15.22:0/528296562 shutdown_connections
2024-09-10T00:26:09.618 INFO:teuthology.orchestra.run.smithi022.stdout:/usr/bin/ceph: stderr
2024-09-10T00:26:08.827+0000 7f7418600640 1 --2- 172.21.15.22:0/528296562 >> [v2:172.21.15.22:6800/3351570054,v1:172.21.15.22:6801/3351570054] conn(0x7f73f8038fc0 0x7f73f803b480 unknown :-1 s=CLOSED pgs=12 cs=0 l=1 rev1=1 crypto rx=0 tx=0 comp rx=0 tx=0).stop
2024-09-10T00:26:09.619 INFO:teuthology.orchestra.run.smithi022.stdout:/usr/bin/ceph: stderr
2024-09-10T00:26:08.827+0000 7f7418600640 1 --2- 172.21.15.22:0/528296562 >> [v2:172.21.15.22:3300/0,v1:172.21.15.22:6789/0] conn(0x7f741007de60 0x7f741019dcb0 unknown :-1 s=CLOSED pgs=46 cs=0 l=1 rev1=1 crypto rx=0 tx=0 comp rx=0 tx=0).stop
2024-09-10T00:26:09.619 INFO:teuthology.orchestra.run.smithi022.stdout:/usr/bin/ceph: stderr
2024-09-10T00:26:08.827+0000 7f7418600640 1 -- 172.21.15.22:0/528296562 >> 172.21.15.22:0/528296562 conn(0x7f7410103160 msgr2=0x7f7410103d80 unknown :-1 s=STATE_NONE l=0).mark_down
2024-09-10T00:26:09.619 INFO:teuthology.orchestra.run.smithi022.stdout:/usr/bin/ceph: stderr
2024-09-10T00:26:08.827+0000 7f7418600640 1 -- 172.21.15.22:0/528296562 shutdown_connections
2024-09-10T00:26:09.619 INFO:teuthology.orchestra.run.smithi022.stdout:/usr/bin/ceph: stderr
2024-09-10T00:26:08.827+0000 7f7418600640 1 -- 172.21.15.22:0/528296562 wait complete.
2024-09-10T00:26:09.619 INFO:teuthology.orchestra.run.smithi022.stdout:Deploying unmanaged mgr service...
2024-09-10T00:26:09.928 INFO:journalctl@ceph.mon.a.smithi022.stdout:Sep 10 00:26:09 smithi022 ceph-mon[30546]: from='client.14140 -' entity='client.admin' cmd=[{"prefix": "orch apply", "service_type": "mon", "unmanaged": true, "target": ["mon-mgr", ""]}]: dispatch
2024-09-10T00:26:09.928 INFO:journalctl@ceph.mon.a.smithi022.stdout:Sep 10 00:26:09 smithi022 ceph-mon[30546]: Saving service mon spec with placement count:5
2024-09-10T00:26:09.929 INFO:journalctl@ceph.mon.a.smithi022.stdout:Sep 10 00:26:09 smithi022 ceph-mon[30546]: from='mgr.14118 172.21.15.22:0/2390350209' entity='mgr.x'
2024-09-10T00:26:11.091 INFO:teuthology.orchestra.run.smithi022.stdout:/usr/bin/ceph: stdout Scheduled mgr update...
2024-09-10T00:26:11.092 INFO:teuthology.orchestra.run.smithi022.stdout:/usr/bin/ceph: stderr
2024-09-10T00:26:10.167+0000 7f77b6e00640 1 Processor -- start
2024-09-10T00:26:11.092 INFO:teuthology.orchestra.run.smithi022.stdout:/usr/bin/ceph: stderr
2024-09-10T00:26:10.168+0000 7f77b6e00640 1 -- start start
2024-09-10T00:26:11.092 INFO:teuthology.orchestra.run.smithi022.stdout:/usr/bin/ceph: stderr
2024-09-10T00:26:10.168+0000 7f77b6e00640 1 --2- >> [v2:172.21.15.22:3300/0,v1:172.21.15.22:6789/0] conn(0x7f77b007dec0 0x7f77b007c320 unknown :-1 s=NONE pgs=0 cs=0 l=0 rev1=0 crypto rx=0 tx=0 comp rx=0 tx=0).connect
2024-09-10T00:26:11.092 INFO:teuthology.orchestra.run.smithi022.stdout:/usr/bin/ceph: stderr
2024-09-10T00:26:10.168+0000 7f77b6e00640 1 -- --> [v2:172.21.15.22:3300/0,v1:172.21.15.22:6789/0] -- mon_getmap magic: 0 -- 0x7f77b007c8f0 con 0x7f77b007dec0
2024-09-10T00:26:11.092 INFO:teuthology.orchestra.run.smithi022.stdout:/usr/bin/ceph: stderr
2024-09-10T00:26:10.168+0000 7f77afe00640 1 --2- >> [v2:172.21.15.22:3300/0,v1:172.21.15.22:6789/0] conn(0x7f77b007dec0 0x7f77b007c320 unknown :-1 s=BANNER_CONNECTING pgs=0 cs=0 l=0 rev1=0 crypto rx=0 tx=0 comp rx=0 tx=0)._handle_peer_banner_payload supported=3 required=0
2024-09-10T00:26:11.092 INFO:teuthology.orchestra.run.smithi022.stdout:/usr/bin/ceph: stderr
2024-09-10T00:26:10.168+0000 7f77afe00640 1 --2- >> [v2:172.21.15.22:3300/0,v1:172.21.15.22:6789/0] conn(0x7f77b007dec0 0x7f77b007c320 unknown :-1 s=HELLO_CONNECTING pgs=0 cs=0 l=0 rev1=1 crypto rx=0 tx=0 comp rx=0 tx=0).handle_hello peer v2:172.21.15.22:3300/0 says I am v2:172.21.15.22:38900/0 (socket says 172.21.15.22:38900)
2024-09-10T00:26:11.092 INFO:teuthology.orchestra.run.smithi022.stdout:/usr/bin/ceph: stderr
2024-09-10T00:26:10.168+0000 7f77afe00640 1 -- 172.21.15.22:0/1105656808 learned_addr learned my addr 172.21.15.22:0/1105656808 (peer_addr_for_me v2:172.21.15.22:0/0)
2024-09-10T00:26:11.092 INFO:teuthology.orchestra.run.smithi022.stdout:/usr/bin/ceph: stderr
2024-09-10T00:26:10.169+0000 7f77afe00640 1 -- 172.21.15.22:0/1105656808 --> [v2:172.21.15.22:3300/0,v1:172.21.15.22:6789/0] -- mon_subscribe({config=0+,monmap=0+}) -- 0x7f77b007ca70 con 0x7f77b007dec0
2024-09-10T00:26:11.093 INFO:teuthology.orchestra.run.smithi022.stdout:/usr/bin/ceph: stderr
2024-09-10T00:26:10.170+0000 7f77afe00640 1 --2- 172.21.15.22:0/1105656808 >> [v2:172.21.15.22:3300/0,v1:172.21.15.22:6789/0] conn(0x7f77b007dec0 0x7f77b007c320 secure :-1 s=READY pgs=47 cs=0 l=1 rev1=1 crypto rx=0x7f77a0009820 tx=0x7f77a002a270 comp rx=0 tx=0).ready entity=mon.0 client_cookie=42c7b603ffdff441 server_cookie=0 in_seq=0 out_seq=0
2024-09-10T00:26:11.093 INFO:teuthology.orchestra.run.smithi022.stdout:/usr/bin/ceph: stderr
2024-09-10T00:26:10.170+0000 7f77af400640 1 -- 172.21.15.22:0/1105656808 <== mon.0 v2:172.21.15.22:3300/0 1 ==== mon_map magic: 0 ==== 205+0+0 (secure 0 0 0) 0x7f77a0037070 con 0x7f77b007dec0
2024-09-10T00:26:11.093 INFO:teuthology.orchestra.run.smithi022.stdout:/usr/bin/ceph: stderr
2024-09-10T00:26:10.170+0000 7f77af400640 1 -- 172.21.15.22:0/1105656808 <== mon.0 v2:172.21.15.22:3300/0 2 ==== config(29 keys) ==== 1178+0+0 (secure 0 0 0) 0x7f77a0032940 con 0x7f77b007dec0
2024-09-10T00:26:11.093 INFO:teuthology.orchestra.run.smithi022.stdout:/usr/bin/ceph: stderr
2024-09-10T00:26:10.170+0000 7f77af400640 1 -- 172.21.15.22:0/1105656808 <== mon.0 v2:172.21.15.22:3300/0 3 ==== mon_map magic: 0 ==== 205+0+0 (secure 0 0 0) 0x7f77a00309c0 con 0x7f77b007dec0
2024-09-10T00:26:11.093 INFO:teuthology.orchestra.run.smithi022.stdout:/usr/bin/ceph: stderr
2024-09-10T00:26:10.171+0000 7f77b6e00640 1 -- 172.21.15.22:0/1105656808 >> [v2:172.21.15.22:3300/0,v1:172.21.15.22:6789/0] conn(0x7f77b007dec0 msgr2=0x7f77b007c320 secure :-1 s=STATE_CONNECTION_ESTABLISHED l=1).mark_down
2024-09-10T00:26:11.093 INFO:teuthology.orchestra.run.smithi022.stdout:/usr/bin/ceph: stderr
2024-09-10T00:26:10.171+0000 7f77b6e00640 1 --2- 172.21.15.22:0/1105656808 >> [v2:172.21.15.22:3300/0,v1:172.21.15.22:6789/0] conn(0x7f77b007dec0 0x7f77b007c320 secure :-1 s=READY pgs=47 cs=0 l=1 rev1=1 crypto rx=0x7f77a0009820 tx=0x7f77a002a270 comp rx=0 tx=0).stop
2024-09-10T00:26:11.093 INFO:teuthology.orchestra.run.smithi022.stdout:/usr/bin/ceph: stderr
2024-09-10T00:26:10.171+0000 7f77b6e00640 1 -- 172.21.15.22:0/1105656808 shutdown_connections
2024-09-10T00:26:11.093 INFO:teuthology.orchestra.run.smithi022.stdout:/usr/bin/ceph: stderr
2024-09-10T00:26:10.171+0000 7f77b6e00640 1 --2- 172.21.15.22:0/1105656808 >> [v2:172.21.15.22:3300/0,v1:172.21.15.22:6789/0] conn(0x7f77b007dec0 0x7f77b007c320 unknown :-1 s=CLOSED pgs=47 cs=0 l=1 rev1=1 crypto rx=0 tx=0 comp rx=0 tx=0).stop
2024-09-10T00:26:11.093 INFO:teuthology.orchestra.run.smithi022.stdout:/usr/bin/ceph: stderr
2024-09-10T00:26:10.171+0000 7f77b6e00640 1 -- 172.21.15.22:0/1105656808 >> 172.21.15.22:0/1105656808 conn(0x7f77b0103160 msgr2=0x7f77b01055a0 unknown :-1 s=STATE_NONE l=0).mark_down
2024-09-10T00:26:11.093 INFO:teuthology.orchestra.run.smithi022.stdout:/usr/bin/ceph: stderr
2024-09-10T00:26:10.171+0000 7f77b6e00640 1 -- 172.21.15.22:0/1105656808 shutdown_connections
2024-09-10T00:26:11.093 INFO:teuthology.orchestra.run.smithi022.stdout:/usr/bin/ceph: stderr
2024-09-10T00:26:10.171+0000 7f77b6e00640 1 -- 172.21.15.22:0/1105656808 wait complete.
2024-09-10T00:26:11.094 INFO:teuthology.orchestra.run.smithi022.stdout:/usr/bin/ceph: stderr
2024-09-10T00:26:10.172+0000 7f77b6e00640 1 Processor -- start
2024-09-10T00:26:11.094 INFO:teuthology.orchestra.run.smithi022.stdout:/usr/bin/ceph: stderr
2024-09-10T00:26:10.172+0000 7f77b6e00640 1 -- start start
2024-09-10T00:26:11.094 INFO:teuthology.orchestra.run.smithi022.stdout:/usr/bin/ceph: stderr
2024-09-10T00:26:10.172+0000 7f77b6e00640 1 --2- >> [v2:172.21.15.22:3300/0,v1:172.21.15.22:6789/0] conn(0x7f77b007dec0 0x7f77b01a2110 unknown :-1 s=NONE pgs=0 cs=0 l=1 rev1=0 crypto rx=0 tx=0 comp rx=0 tx=0).connect
2024-09-10T00:26:11.094 INFO:teuthology.orchestra.run.smithi022.stdout:/usr/bin/ceph: stderr
2024-09-10T00:26:10.172+0000 7f77b6e00640 1 -- --> [v2:172.21.15.22:3300/0,v1:172.21.15.22:6789/0] -- mon_getmap magic: 0 -- 0x7f77b0109cb0 con 0x7f77b007dec0
2024-09-10T00:26:11.094 INFO:teuthology.orchestra.run.smithi022.stdout:/usr/bin/ceph: stderr
2024-09-10T00:26:10.172+0000 7f77afe00640 1 --2- >> [v2:172.21.15.22:3300/0,v1:172.21.15.22:6789/0] conn(0x7f77b007dec0 0x7f77b01a2110 unknown :-1 s=BANNER_CONNECTING pgs=0 cs=0 l=1 rev1=0 crypto rx=0 tx=0 comp rx=0 tx=0)._handle_peer_banner_payload supported=3 required=0
2024-09-10T00:26:11.094 INFO:teuthology.orchestra.run.smithi022.stdout:/usr/bin/ceph: stderr
2024-09-10T00:26:10.172+0000 7f77afe00640 1 --2- >> [v2:172.21.15.22:3300/0,v1:172.21.15.22:6789/0] conn(0x7f77b007dec0 0x7f77b01a2110 unknown :-1 s=HELLO_CONNECTING pgs=0 cs=0 l=1 rev1=1 crypto rx=0 tx=0 comp rx=0 tx=0).handle_hello peer v2:172.21.15.22:3300/0 says I am v2:172.21.15.22:38914/0 (socket says 172.21.15.22:38914)
2024-09-10T00:26:11.094 INFO:teuthology.orchestra.run.smithi022.stdout:/usr/bin/ceph: stderr
2024-09-10T00:26:10.172+0000 7f77afe00640 1 -- 172.21.15.22:0/2292433390 learned_addr learned my addr 172.21.15.22:0/2292433390 (peer_addr_for_me v2:172.21.15.22:0/0)
2024-09-10T00:26:11.094 INFO:teuthology.orchestra.run.smithi022.stdout:/usr/bin/ceph: stderr
2024-09-10T00:26:10.173+0000 7f77afe00640 1 -- 172.21.15.22:0/2292433390 --> [v2:172.21.15.22:3300/0,v1:172.21.15.22:6789/0] -- mon_subscribe({config=0+,monmap=0+}) -- 0x7f77b01a2650 con 0x7f77b007dec0
2024-09-10T00:26:11.094 INFO:teuthology.orchestra.run.smithi022.stdout:/usr/bin/ceph: stderr
2024-09-10T00:26:10.173+0000 7f77afe00640 1 --2- 172.21.15.22:0/2292433390 >> [v2:172.21.15.22:3300/0,v1:172.21.15.22:6789/0] conn(0x7f77b007dec0 0x7f77b01a2110 secure :-1 s=READY pgs=48 cs=0 l=1 rev1=1 crypto rx=0x7f77a0032e90 tx=0x7f77a0032ec0 comp rx=0 tx=0).ready entity=mon.0 client_cookie=0 server_cookie=0 in_seq=0 out_seq=0
2024-09-10T00:26:11.094 INFO:teuthology.orchestra.run.smithi022.stdout:/usr/bin/ceph: stderr
2024-09-10T00:26:10.173+0000 7f77ad600640 1 -- 172.21.15.22:0/2292433390 <== mon.0 v2:172.21.15.22:3300/0 1 ==== mon_map magic: 0 ==== 205+0+0 (secure 0 0 0) 0x7f77a0042070 con 0x7f77b007dec0
2024-09-10T00:26:11.095 INFO:teuthology.orchestra.run.smithi022.stdout:/usr/bin/ceph: stderr
2024-09-10T00:26:10.173+0000 7f77ad600640 1 -- 172.21.15.22:0/2292433390 <== mon.0 v2:172.21.15.22:3300/0 2 ==== config(29 keys) ==== 1178+0+0 (secure 0 0 0) 0x7f77a00326b0 con 0x7f77b007dec0
2024-09-10T00:26:11.095 INFO:teuthology.orchestra.run.smithi022.stdout:/usr/bin/ceph: stderr
2024-09-10T00:26:10.173+0000 7f77ad600640 1 -- 172.21.15.22:0/2292433390 <== mon.0 v2:172.21.15.22:3300/0 3 ==== mon_map magic: 0 ==== 205+0+0 (secure 0 0 0) 0x7f77a0037040 con 0x7f77b007dec0
2024-09-10T00:26:11.095 INFO:teuthology.orchestra.run.smithi022.stdout:/usr/bin/ceph: stderr
2024-09-10T00:26:10.173+0000 7f77b6e00640 1 -- 172.21.15.22:0/2292433390 --> [v2:172.21.15.22:3300/0,v1:172.21.15.22:6789/0] -- mon_subscribe({mgrmap=0+}) -- 0x7f77b01a28e0 con 0x7f77b007dec0
2024-09-10T00:26:11.095 INFO:teuthology.orchestra.run.smithi022.stdout:/usr/bin/ceph: stderr
2024-09-10T00:26:10.173+0000 7f77b6e00640 1 -- 172.21.15.22:0/2292433390 --> [v2:172.21.15.22:3300/0,v1:172.21.15.22:6789/0] -- mon_subscribe({osdmap=0}) -- 0x7f77b01a55d0 con 0x7f77b007dec0
2024-09-10T00:26:11.095 INFO:teuthology.orchestra.run.smithi022.stdout:/usr/bin/ceph: stderr
2024-09-10T00:26:10.174+0000 7f77ad600640 1 -- 172.21.15.22:0/2292433390 <== mon.0 v2:172.21.15.22:3300/0 4 ==== mgrmap(e 8) ==== 46287+0+0 (secure 0 0 0) 0x7f77a0045070 con 0x7f77b007dec0
2024-09-10T00:26:11.095 INFO:teuthology.orchestra.run.smithi022.stdout:/usr/bin/ceph: stderr
2024-09-10T00:26:10.174+0000 7f77b6e00640 1 -- 172.21.15.22:0/2292433390 --> [v2:172.21.15.22:3300/0,v1:172.21.15.22:6789/0] -- mon_command({"prefix": "get_command_descriptions"} v 0) -- 0x7f77b007c3a0 con 0x7f77b007dec0
2024-09-10T00:26:11.095 INFO:teuthology.orchestra.run.smithi022.stdout:/usr/bin/ceph: stderr
2024-09-10T00:26:10.175+0000 7f77ad600640 1 --2- 172.21.15.22:0/2292433390 >> [v2:172.21.15.22:6800/3351570054,v1:172.21.15.22:6801/3351570054] conn(0x7f7794038fc0 0x7f779403b480 unknown :-1 s=NONE pgs=0 cs=0 l=1 rev1=0 crypto rx=0 tx=0 comp rx=0 tx=0).connect
2024-09-10T00:26:11.095 INFO:teuthology.orchestra.run.smithi022.stdout:/usr/bin/ceph: stderr
2024-09-10T00:26:10.175+0000 7f77ad600640 1 -- 172.21.15.22:0/2292433390 <== mon.0 v2:172.21.15.22:3300/0 5 ==== osd_map(2..2 src has 1..2) ==== 940+0+0 (secure 0 0 0) 0x7f77a006c010 con 0x7f77b007dec0
2024-09-10T00:26:11.095 INFO:teuthology.orchestra.run.smithi022.stdout:/usr/bin/ceph: stderr
2024-09-10T00:26:10.175+0000 7f77a7400640 1 --2- 172.21.15.22:0/2292433390 >> [v2:172.21.15.22:6800/3351570054,v1:172.21.15.22:6801/3351570054] conn(0x7f7794038fc0 0x7f779403b480 unknown :-1 s=BANNER_CONNECTING pgs=0 cs=0 l=1 rev1=0 crypto rx=0 tx=0 comp rx=0 tx=0)._handle_peer_banner_payload supported=3 required=0
2024-09-10T00:26:11.095 INFO:teuthology.orchestra.run.smithi022.stdout:/usr/bin/ceph: stderr
2024-09-10T00:26:10.176+0000 7f77a7400640 1 --2- 172.21.15.22:0/2292433390 >> [v2:172.21.15.22:6800/3351570054,v1:172.21.15.22:6801/3351570054] conn(0x7f7794038fc0 0x7f779403b480 secure :-1 s=READY pgs=13 cs=0 l=1 rev1=1 crypto rx=0x7f77980098c0 tx=0x7f7798006db0 comp rx=0 tx=0).ready entity=mgr.14118 client_cookie=0 server_cookie=0 in_seq=0 out_seq=0
2024-09-10T00:26:11.095 INFO:teuthology.orchestra.run.smithi022.stdout:/usr/bin/ceph: stderr
2024-09-10T00:26:10.180+0000 7f77ad600640 1 -- 172.21.15.22:0/2292433390 <== mon.0 v2:172.21.15.22:3300/0 6 ==== mon_command_ack([{"prefix": "get_command_descriptions"}]=0 v0) ==== 72+0+188821 (secure 0 0 0) 0x7f77a004b170 con 0x7f77b007dec0
2024-09-10T00:26:11.096 INFO:teuthology.orchestra.run.smithi022.stdout:/usr/bin/ceph: stderr
2024-09-10T00:26:10.379+0000 7f77b6e00640 1 -- 172.21.15.22:0/2292433390 --> [v2:172.21.15.22:6800/3351570054,v1:172.21.15.22:6801/3351570054] -- mgr_command(tid 0: {"prefix": "orch apply", "service_type": "mgr", "unmanaged": true, "target": ["mon-mgr", ""]}) -- 0x7f77b002dab0 con 0x7f7794038fc0
2024-09-10T00:26:11.096 INFO:teuthology.orchestra.run.smithi022.stdout:/usr/bin/ceph: stderr
2024-09-10T00:26:10.383+0000 7f77ad600640 1 -- 172.21.15.22:0/2292433390 <== mgr.14118 v2:172.21.15.22:6800/3351570054 1 ==== mgr_command_reply(tid 0: 0 ) ==== 8+0+24 (secure 0 0 0) 0x7f77b002dab0 con 0x7f7794038fc0
2024-09-10T00:26:11.096 INFO:teuthology.orchestra.run.smithi022.stdout:/usr/bin/ceph: stderr
2024-09-10T00:26:10.386+0000 7f77b6e00640 1 -- 172.21.15.22:0/2292433390 >> [v2:172.21.15.22:6800/3351570054,v1:172.21.15.22:6801/3351570054] conn(0x7f7794038fc0 msgr2=0x7f779403b480 secure :-1 s=STATE_CONNECTION_ESTABLISHED l=1).mark_down
2024-09-10T00:26:11.096 INFO:teuthology.orchestra.run.smithi022.stdout:/usr/bin/ceph: stderr
2024-09-10T00:26:10.386+0000 7f77b6e00640 1 --2- 172.21.15.22:0/2292433390 >> [v2:172.21.15.22:6800/3351570054,v1:172.21.15.22:6801/3351570054] conn(0x7f7794038fc0 0x7f779403b480 secure :-1 s=READY pgs=13 cs=0 l=1 rev1=1 crypto rx=0x7f77980098c0 tx=0x7f7798006db0 comp rx=0 tx=0).stop
2024-09-10T00:26:11.096 INFO:teuthology.orchestra.run.smithi022.stdout:/usr/bin/ceph: stderr
2024-09-10T00:26:10.386+0000 7f77b6e00640 1 -- 172.21.15.22:0/2292433390 >> [v2:172.21.15.22:3300/0,v1:172.21.15.22:6789/0] conn(0x7f77b007dec0 msgr2=0x7f77b01a2110 secure :-1 s=STATE_CONNECTION_ESTABLISHED l=1).mark_down
2024-09-10T00:26:11.096 INFO:teuthology.orchestra.run.smithi022.stdout:/usr/bin/ceph: stderr
2024-09-10T00:26:10.386+0000 7f77b6e00640 1 --2- 172.21.15.22:0/2292433390 >> [v2:172.21.15.22:3300/0,v1:172.21.15.22:6789/0] conn(0x7f77b007dec0 0x7f77b01a2110 secure :-1 s=READY pgs=48 cs=0 l=1 rev1=1 crypto rx=0x7f77a0032e90 tx=0x7f77a0032ec0 comp rx=0 tx=0).stop
2024-09-10T00:26:11.096 INFO:teuthology.orchestra.run.smithi022.stdout:/usr/bin/ceph: stderr
2024-09-10T00:26:10.386+0000 7f77b6e00640 1 -- 172.21.15.22:0/2292433390 shutdown_connections
2024-09-10T00:26:11.096 INFO:teuthology.orchestra.run.smithi022.stdout:/usr/bin/ceph: stderr
2024-09-10T00:26:10.386+0000 7f77b6e00640 1 --2- 172.21.15.22:0/2292433390 >> [v2:172.21.15.22:6800/3351570054,v1:172.21.15.22:6801/3351570054] conn(0x7f7794038fc0 0x7f779403b480 unknown :-1 s=CLOSED pgs=13 cs=0 l=1 rev1=1 crypto rx=0 tx=0 comp rx=0 tx=0).stop
2024-09-10T00:26:11.096 INFO:teuthology.orchestra.run.smithi022.stdout:/usr/bin/ceph: stderr
2024-09-10T00:26:10.386+0000 7f77b6e00640 1 --2- 172.21.15.22:0/2292433390 >> [v2:172.21.15.22:3300/0,v1:172.21.15.22:6789/0] conn(0x7f77b007dec0 0x7f77b01a2110 unknown :-1 s=CLOSED pgs=48 cs=0 l=1 rev1=1 crypto rx=0 tx=0 comp rx=0 tx=0).stop
2024-09-10T00:26:11.096 INFO:teuthology.orchestra.run.smithi022.stdout:/usr/bin/ceph: stderr
2024-09-10T00:26:10.386+0000 7f77b6e00640 1 -- 172.21.15.22:0/2292433390 >> 172.21.15.22:0/2292433390 conn(0x7f77b0103160 msgr2=0x7f77b0198cc0 unknown :-1 s=STATE_NONE l=0).mark_down
2024-09-10T00:26:11.096 INFO:teuthology.orchestra.run.smithi022.stdout:/usr/bin/ceph: stderr
2024-09-10T00:26:10.386+0000 7f77b6e00640 1 -- 172.21.15.22:0/2292433390 shutdown_connections
2024-09-10T00:26:11.097 INFO:teuthology.orchestra.run.smithi022.stdout:/usr/bin/ceph: stderr
2024-09-10T00:26:10.386+0000 7f77b6e00640 1 -- 172.21.15.22:0/2292433390 wait complete.
2024-09-10T00:26:11.678 INFO:journalctl@ceph.mon.a.smithi022.stdout:Sep 10 00:26:11 smithi022 ceph-mon[30546]: from='client.14142 -' entity='client.admin' cmd=[{"prefix": "orch apply", "service_type": "mgr", "unmanaged": true, "target": ["mon-mgr", ""]}]: dispatch
2024-09-10T00:26:11.679 INFO:journalctl@ceph.mon.a.smithi022.stdout:Sep 10 00:26:11 smithi022 ceph-mon[30546]: Saving service mgr spec with placement count:2
2024-09-10T00:26:11.679 INFO:journalctl@ceph.mon.a.smithi022.stdout:Sep 10 00:26:11 smithi022 ceph-mon[30546]: from='mgr.14118 172.21.15.22:0/2390350209' entity='mgr.x'
2024-09-10T00:26:12.952 INFO:journalctl@ceph.mon.a.smithi022.stdout:Sep 10 00:26:12 smithi022 ceph-mon[30546]: from='mgr.14118 172.21.15.22:0/2390350209' entity='mgr.x'
2024-09-10T00:26:12.952 INFO:journalctl@ceph.mon.a.smithi022.stdout:Sep 10 00:26:12 smithi022 ceph-mon[30546]: from='mgr.14118 172.21.15.22:0/2390350209' entity='mgr.x'
2024-09-10T00:26:12.952 INFO:journalctl@ceph.mon.a.smithi022.stdout:Sep 10 00:26:12 smithi022 ceph-mon[30546]: from='client.? 172.21.15.22:0/2840691704' entity='client.admin'
2024-09-10T00:26:12.958 INFO:teuthology.orchestra.run.smithi022.stdout:/usr/bin/ceph: stderr
2024-09-10T00:26:12.091+0000 7f6c5e000640 1 Processor -- start
2024-09-10T00:26:12.958 INFO:teuthology.orchestra.run.smithi022.stdout:/usr/bin/ceph: stderr
2024-09-10T00:26:12.092+0000 7f6c5e000640 1 -- start start
2024-09-10T00:26:12.958 INFO:teuthology.orchestra.run.smithi022.stdout:/usr/bin/ceph: stderr
2024-09-10T00:26:12.092+0000 7f6c5e000640 1 --2- >> [v2:172.21.15.22:3300/0,v1:172.21.15.22:6789/0] conn(0x7f6c58109c90 0x7f6c5810a090 unknown :-1 s=NONE pgs=0 cs=0 l=0 rev1=0 crypto rx=0 tx=0 comp rx=0 tx=0).connect
2024-09-10T00:26:12.959 INFO:teuthology.orchestra.run.smithi022.stdout:/usr/bin/ceph: stderr
2024-09-10T00:26:12.092+0000 7f6c5e000640 1 -- --> [v2:172.21.15.22:3300/0,v1:172.21.15.22:6789/0] -- mon_getmap magic: 0 -- 0x7f6c5810a660 con 0x7f6c58109c90
2024-09-10T00:26:12.959 INFO:teuthology.orchestra.run.smithi022.stdout:/usr/bin/ceph: stderr
2024-09-10T00:26:12.092+0000 7f6c57400640 1 --2- >> [v2:172.21.15.22:3300/0,v1:172.21.15.22:6789/0] conn(0x7f6c58109c90 0x7f6c5810a090 unknown :-1 s=BANNER_CONNECTING pgs=0 cs=0 l=0 rev1=0 crypto rx=0 tx=0 comp rx=0 tx=0)._handle_peer_banner_payload supported=3 required=0
2024-09-10T00:26:12.959 INFO:teuthology.orchestra.run.smithi022.stdout:/usr/bin/ceph: stderr
2024-09-10T00:26:12.092+0000 7f6c57400640 1 --2- >> [v2:172.21.15.22:3300/0,v1:172.21.15.22:6789/0] conn(0x7f6c58109c90 0x7f6c5810a090 unknown :-1 s=HELLO_CONNECTING pgs=0 cs=0 l=0 rev1=1 crypto rx=0 tx=0 comp rx=0 tx=0).handle_hello peer v2:172.21.15.22:3300/0 says I am v2:172.21.15.22:38918/0 (socket says 172.21.15.22:38918)
2024-09-10T00:26:12.959 INFO:teuthology.orchestra.run.smithi022.stdout:/usr/bin/ceph: stderr
2024-09-10T00:26:12.092+0000 7f6c57400640 1 -- 172.21.15.22:0/1356906996 learned_addr learned my addr 172.21.15.22:0/1356906996 (peer_addr_for_me v2:172.21.15.22:0/0)
2024-09-10T00:26:12.959 INFO:teuthology.orchestra.run.smithi022.stdout:/usr/bin/ceph: stderr
2024-09-10T00:26:12.093+0000 7f6c57400640 1 -- 172.21.15.22:0/1356906996 --> [v2:172.21.15.22:3300/0,v1:172.21.15.22:6789/0] -- mon_subscribe({config=0+,monmap=0+}) -- 0x7f6c5810ae40 con 0x7f6c58109c90
2024-09-10T00:26:12.959 INFO:teuthology.orchestra.run.smithi022.stdout:/usr/bin/ceph: stderr
2024-09-10T00:26:12.094+0000 7f6c57400640 1 --2- 172.21.15.22:0/1356906996 >> [v2:172.21.15.22:3300/0,v1:172.21.15.22:6789/0] conn(0x7f6c58109c90 0x7f6c5810a090 secure :-1 s=READY pgs=49 cs=0 l=1 rev1=1 crypto rx=0x7f6c48009820 tx=0x7f6c4802a270 comp rx=0 tx=0).ready entity=mon.0 client_cookie=4ff417cf84bf6917 server_cookie=0 in_seq=0 out_seq=0
2024-09-10T00:26:12.959 INFO:teuthology.orchestra.run.smithi022.stdout:/usr/bin/ceph: stderr
2024-09-10T00:26:12.094+0000 7f6c56000640 1 -- 172.21.15.22:0/1356906996 <== mon.0 v2:172.21.15.22:3300/0 1 ==== mon_map magic: 0 ==== 205+0+0 (secure 0 0 0) 0x7f6c48037070 con 0x7f6c58109c90
2024-09-10T00:26:12.959 INFO:teuthology.orchestra.run.smithi022.stdout:/usr/bin/ceph: stderr
2024-09-10T00:26:12.094+0000 7f6c56000640 1 -- 172.21.15.22:0/1356906996 <== mon.0 v2:172.21.15.22:3300/0 2 ==== config(29 keys) ==== 1209+0+0 (secure 0 0 0) 0x7f6c48032960 con 0x7f6c58109c90
2024-09-10T00:26:12.959 INFO:teuthology.orchestra.run.smithi022.stdout:/usr/bin/ceph: stderr
2024-09-10T00:26:12.094+0000 7f6c56000640 1 -- 172.21.15.22:0/1356906996 <== mon.0 v2:172.21.15.22:3300/0 3 ==== mon_map magic: 0 ==== 205+0+0 (secure 0 0 0) 0x7f6c48030980 con 0x7f6c58109c90
2024-09-10T00:26:12.959 INFO:teuthology.orchestra.run.smithi022.stdout:/usr/bin/ceph: stderr
2024-09-10T00:26:12.095+0000 7f6c5e000640 1 -- 172.21.15.22:0/1356906996 >> [v2:172.21.15.22:3300/0,v1:172.21.15.22:6789/0] conn(0x7f6c58109c90 msgr2=0x7f6c5810a090 secure :-1 s=STATE_CONNECTION_ESTABLISHED l=1).mark_down
2024-09-10T00:26:12.960 INFO:teuthology.orchestra.run.smithi022.stdout:/usr/bin/ceph: stderr
2024-09-10T00:26:12.095+0000 7f6c5e000640 1 --2- 172.21.15.22:0/1356906996 >> [v2:172.21.15.22:3300/0,v1:172.21.15.22:6789/0] conn(0x7f6c58109c90 0x7f6c5810a090 secure :-1 s=READY pgs=49 cs=0 l=1 rev1=1 crypto rx=0x7f6c48009820 tx=0x7f6c4802a270 comp rx=0 tx=0).stop
2024-09-10T00:26:12.960 INFO:teuthology.orchestra.run.smithi022.stdout:/usr/bin/ceph: stderr
2024-09-10T00:26:12.095+0000 7f6c5e000640 1 -- 172.21.15.22:0/1356906996 shutdown_connections
2024-09-10T00:26:12.960 INFO:teuthology.orchestra.run.smithi022.stdout:/usr/bin/ceph: stderr
2024-09-10T00:26:12.095+0000 7f6c5e000640 1 --2- 172.21.15.22:0/1356906996 >> [v2:172.21.15.22:3300/0,v1:172.21.15.22:6789/0] conn(0x7f6c58109c90 0x7f6c5810a090 unknown :-1 s=CLOSED pgs=49 cs=0 l=1 rev1=1 crypto rx=0 tx=0 comp rx=0 tx=0).stop
2024-09-10T00:26:12.960 INFO:teuthology.orchestra.run.smithi022.stdout:/usr/bin/ceph: stderr
2024-09-10T00:26:12.095+0000 7f6c5e000640 1 -- 172.21.15.22:0/1356906996 >> 172.21.15.22:0/1356906996 conn(0x7f6c5807d2b0 msgr2=0x7f6c5807d6c0 unknown :-1 s=STATE_NONE l=0).mark_down
2024-09-10T00:26:12.960 INFO:teuthology.orchestra.run.smithi022.stdout:/usr/bin/ceph: stderr
2024-09-10T00:26:12.095+0000 7f6c5e000640 1 -- 172.21.15.22:0/1356906996 shutdown_connections
2024-09-10T00:26:12.960 INFO:teuthology.orchestra.run.smithi022.stdout:/usr/bin/ceph: stderr
2024-09-10T00:26:12.095+0000 7f6c5e000640 1 -- 172.21.15.22:0/1356906996 wait complete.
2024-09-10T00:26:12.960 INFO:teuthology.orchestra.run.smithi022.stdout:/usr/bin/ceph: stderr
2024-09-10T00:26:12.096+0000 7f6c5e000640 1 Processor -- start
2024-09-10T00:26:12.960 INFO:teuthology.orchestra.run.smithi022.stdout:/usr/bin/ceph: stderr
2024-09-10T00:26:12.096+0000 7f6c5e000640 1 -- start start
2024-09-10T00:26:12.961 INFO:teuthology.orchestra.run.smithi022.stdout:/usr/bin/ceph: stderr
2024-09-10T00:26:12.096+0000 7f6c5e000640 1 --2- >> [v2:172.21.15.22:3300/0,v1:172.21.15.22:6789/0] conn(0x7f6c58109c90 0x7f6c5819dc70 unknown :-1 s=NONE pgs=0 cs=0 l=1 rev1=0 crypto rx=0 tx=0 comp rx=0 tx=0).connect
2024-09-10T00:26:12.961 INFO:teuthology.orchestra.run.smithi022.stdout:/usr/bin/ceph: stderr
2024-09-10T00:26:12.096+0000 7f6c5e000640 1 -- --> [v2:172.21.15.22:3300/0,v1:172.21.15.22:6789/0] -- mon_getmap magic: 0 -- 0x7f6c5810e1f0 con 0x7f6c58109c90
2024-09-10T00:26:12.961 INFO:teuthology.orchestra.run.smithi022.stdout:/usr/bin/ceph: stderr
2024-09-10T00:26:12.097+0000 7f6c57400640 1 --2- >> [v2:172.21.15.22:3300/0,v1:172.21.15.22:6789/0] conn(0x7f6c58109c90 0x7f6c5819dc70 unknown :-1 s=BANNER_CONNECTING pgs=0 cs=0 l=1 rev1=0 crypto rx=0 tx=0 comp rx=0 tx=0)._handle_peer_banner_payload supported=3 required=0
2024-09-10T00:26:12.961 INFO:teuthology.orchestra.run.smithi022.stdout:/usr/bin/ceph: stderr
2024-09-10T00:26:12.097+0000 7f6c57400640 1 --2- >> [v2:172.21.15.22:3300/0,v1:172.21.15.22:6789/0] conn(0x7f6c58109c90 0x7f6c5819dc70 unknown :-1 s=HELLO_CONNECTING pgs=0 cs=0 l=1 rev1=1 crypto rx=0 tx=0 comp rx=0 tx=0).handle_hello peer v2:172.21.15.22:3300/0 says I am v2:172.21.15.22:38920/0 (socket says 172.21.15.22:38920)
2024-09-10T00:26:12.961 INFO:teuthology.orchestra.run.smithi022.stdout:/usr/bin/ceph: stderr
2024-09-10T00:26:12.097+0000 7f6c57400640 1 -- 172.21.15.22:0/2840691704 learned_addr learned my addr 172.21.15.22:0/2840691704 (peer_addr_for_me v2:172.21.15.22:0/0)
2024-09-10T00:26:12.961 INFO:teuthology.orchestra.run.smithi022.stdout:/usr/bin/ceph: stderr
2024-09-10T00:26:12.097+0000 7f6c57400640 1 -- 172.21.15.22:0/2840691704 --> [v2:172.21.15.22:3300/0,v1:172.21.15.22:6789/0] -- mon_subscribe({config=0+,monmap=0+}) -- 0x7f6c5819e1b0 con 0x7f6c58109c90
2024-09-10T00:26:12.961 INFO:teuthology.orchestra.run.smithi022.stdout:/usr/bin/ceph: stderr
2024-09-10T00:26:12.097+0000 7f6c57400640 1 --2- 172.21.15.22:0/2840691704 >> [v2:172.21.15.22:3300/0,v1:172.21.15.22:6789/0] conn(0x7f6c58109c90 0x7f6c5819dc70 secure :-1 s=READY pgs=50 cs=0 l=1 rev1=1 crypto rx=0x7f6c480097f0 tx=0x7f6c48032e80 comp rx=0 tx=0).ready entity=mon.0 client_cookie=0 server_cookie=0 in_seq=0 out_seq=0
2024-09-10T00:26:12.961 INFO:teuthology.orchestra.run.smithi022.stdout:/usr/bin/ceph: stderr
2024-09-10T00:26:12.098+0000 7f6c4fe00640 1 -- 172.21.15.22:0/2840691704 <== mon.0 v2:172.21.15.22:3300/0 1 ==== mon_map magic: 0 ==== 205+0+0 (secure 0 0 0) 0x7f6c48042070 con 0x7f6c58109c90
2024-09-10T00:26:12.961 INFO:teuthology.orchestra.run.smithi022.stdout:/usr/bin/ceph: stderr
2024-09-10T00:26:12.098+0000 7f6c4fe00640 1 -- 172.21.15.22:0/2840691704 <== mon.0 v2:172.21.15.22:3300/0 2 ==== config(29 keys) ==== 1209+0+0 (secure 0 0 0) 0x7f6c480326c0 con 0x7f6c58109c90
2024-09-10T00:26:12.962 INFO:teuthology.orchestra.run.smithi022.stdout:/usr/bin/ceph: stderr
2024-09-10T00:26:12.098+0000 7f6c4fe00640 1 -- 172.21.15.22:0/2840691704 <== mon.0 v2:172.21.15.22:3300/0 3 ==== mon_map magic: 0 ==== 205+0+0 (secure 0 0 0) 0x7f6c48037040 con 0x7f6c58109c90
2024-09-10T00:26:12.962 INFO:teuthology.orchestra.run.smithi022.stdout:/usr/bin/ceph: stderr
2024-09-10T00:26:12.098+0000 7f6c5e000640 1 -- 172.21.15.22:0/2840691704 --> [v2:172.21.15.22:3300/0,v1:172.21.15.22:6789/0] -- mon_subscribe({mgrmap=0+}) -- 0x7f6c5819e440 con 0x7f6c58109c90
2024-09-10T00:26:12.962 INFO:teuthology.orchestra.run.smithi022.stdout:/usr/bin/ceph: stderr
2024-09-10T00:26:12.098+0000 7f6c5e000640 1 -- 172.21.15.22:0/2840691704 --> [v2:172.21.15.22:3300/0,v1:172.21.15.22:6789/0] -- mon_subscribe({osdmap=0}) -- 0x7f6c581a1130 con 0x7f6c58109c90
2024-09-10T00:26:12.962 INFO:teuthology.orchestra.run.smithi022.stdout:/usr/bin/ceph: stderr
2024-09-10T00:26:12.099+0000 7f6c5e000640 1 -- 172.21.15.22:0/2840691704 --> [v2:172.21.15.22:3300/0,v1:172.21.15.22:6789/0] -- mon_command({"prefix": "get_command_descriptions"} v 0) -- 0x7f6c5810a090 con 0x7f6c58109c90
2024-09-10T00:26:12.962 INFO:teuthology.orchestra.run.smithi022.stdout:/usr/bin/ceph: stderr
2024-09-10T00:26:12.099+0000 7f6c4fe00640 1 -- 172.21.15.22:0/2840691704 <== mon.0 v2:172.21.15.22:3300/0 4 ==== mgrmap(e 8) ==== 46287+0+0 (secure 0 0 0) 0x7f6c48045070 con 0x7f6c58109c90
2024-09-10T00:26:12.962 INFO:teuthology.orchestra.run.smithi022.stdout:/usr/bin/ceph: stderr
2024-09-10T00:26:12.100+0000 7f6c4fe00640 1 --2- 172.21.15.22:0/2840691704 >> [v2:172.21.15.22:6800/3351570054,v1:172.21.15.22:6801/3351570054] conn(0x7f6c3c038fc0 0x7f6c3c03b480 unknown :-1 s=NONE pgs=0 cs=0 l=1 rev1=0 crypto rx=0 tx=0 comp rx=0 tx=0).connect
2024-09-10T00:26:12.962 INFO:teuthology.orchestra.run.smithi022.stdout:/usr/bin/ceph: stderr
2024-09-10T00:26:12.100+0000 7f6c4fe00640 1 -- 172.21.15.22:0/2840691704 <== mon.0 v2:172.21.15.22:3300/0 5 ==== osd_map(2..2 src has 1..2) ==== 940+0+0 (secure 0 0 0) 0x7f6c4806c090 con 0x7f6c58109c90
2024-09-10T00:26:12.962 INFO:teuthology.orchestra.run.smithi022.stdout:/usr/bin/ceph: stderr
2024-09-10T00:26:12.100+0000 7f6c56a00640 1 --2- 172.21.15.22:0/2840691704 >> [v2:172.21.15.22:6800/3351570054,v1:172.21.15.22:6801/3351570054] conn(0x7f6c3c038fc0 0x7f6c3c03b480 unknown :-1 s=BANNER_CONNECTING pgs=0 cs=0 l=1 rev1=0 crypto rx=0 tx=0 comp rx=0 tx=0)._handle_peer_banner_payload supported=3 required=0
2024-09-10T00:26:12.962 INFO:teuthology.orchestra.run.smithi022.stdout:/usr/bin/ceph: stderr
2024-09-10T00:26:12.101+0000 7f6c56a00640 1 --2- 172.21.15.22:0/2840691704 >> [v2:172.21.15.22:6800/3351570054,v1:172.21.15.22:6801/3351570054] conn(0x7f6c3c038fc0 0x7f6c3c03b480 secure :-1 s=READY pgs=14 cs=0 l=1 rev1=1 crypto rx=0x7f6c440098c0 tx=0x7f6c44006db0 comp rx=0 tx=0).ready entity=mgr.14118 client_cookie=0 server_cookie=0 in_seq=0 out_seq=0
2024-09-10T00:26:12.963 INFO:teuthology.orchestra.run.smithi022.stdout:/usr/bin/ceph: stderr
2024-09-10T00:26:12.105+0000 7f6c4fe00640 1 -- 172.21.15.22:0/2840691704 <== mon.0 v2:172.21.15.22:3300/0 6 ==== mon_command_ack([{"prefix": "get_command_descriptions"}]=0 v0) ==== 72+0+188821 (secure 0 0 0) 0x7f6c4804b170 con 0x7f6c58109c90
2024-09-10T00:26:12.963 INFO:teuthology.orchestra.run.smithi022.stdout:/usr/bin/ceph: stderr
2024-09-10T00:26:12.315+0000 7f6c5e000640 1 -- 172.21.15.22:0/2840691704 --> [v2:172.21.15.22:3300/0,v1:172.21.15.22:6789/0] -- mon_command([{prefix=config set, name=mgr/cephadm/container_init}] v 0) -- 0x7f6c581a13a0 con 0x7f6c58109c90
2024-09-10T00:26:12.963 INFO:teuthology.orchestra.run.smithi022.stdout:/usr/bin/ceph: stderr
2024-09-10T00:26:12.319+0000 7f6c4fe00640 1 -- 172.21.15.22:0/2840691704 <== mon.0 v2:172.21.15.22:3300/0 7 ==== mon_command_ack([{prefix=config set, name=mgr/cephadm/container_init}]=0 v7)=0 v7) ==== 142+0+0 (secure 0 0 0) 0x7f6c4806ba20 con 0x7f6c58109c90
2024-09-10T00:26:12.963 INFO:teuthology.orchestra.run.smithi022.stdout:/usr/bin/ceph: stderr
2024-09-10T00:26:12.322+0000 7f6c5e000640 1 -- 172.21.15.22:0/2840691704 >> [v2:172.21.15.22:6800/3351570054,v1:172.21.15.22:6801/3351570054] conn(0x7f6c3c038fc0 msgr2=0x7f6c3c03b480 secure :-1 s=STATE_CONNECTION_ESTABLISHED l=1).mark_down
2024-09-10T00:26:12.963 INFO:teuthology.orchestra.run.smithi022.stdout:/usr/bin/ceph: stderr
2024-09-10T00:26:12.322+0000 7f6c5e000640 1 --2- 172.21.15.22:0/2840691704 >> [v2:172.21.15.22:6800/3351570054,v1:172.21.15.22:6801/3351570054] conn(0x7f6c3c038fc0 0x7f6c3c03b480 secure :-1 s=READY pgs=14 cs=0 l=1 rev1=1 crypto rx=0x7f6c440098c0 tx=0x7f6c44006db0 comp rx=0 tx=0).stop
2024-09-10T00:26:12.963 INFO:teuthology.orchestra.run.smithi022.stdout:/usr/bin/ceph: stderr
2024-09-10T00:26:12.322+0000 7f6c5e000640 1 -- 172.21.15.22:0/2840691704 >> [v2:172.21.15.22:3300/0,v1:172.21.15.22:6789/0] conn(0x7f6c58109c90 msgr2=0x7f6c5819dc70 secure :-1 s=STATE_CONNECTION_ESTABLISHED l=1).mark_down
2024-09-10T00:26:12.963 INFO:teuthology.orchestra.run.smithi022.stdout:/usr/bin/ceph: stderr
2024-09-10T00:26:12.322+0000 7f6c5e000640 1 --2- 172.21.15.22:0/2840691704 >> [v2:172.21.15.22:3300/0,v1:172.21.15.22:6789/0] conn(0x7f6c58109c90 0x7f6c5819dc70 secure :-1 s=READY pgs=50 cs=0 l=1 rev1=1 crypto rx=0x7f6c480097f0 tx=0x7f6c48032e80 comp rx=0 tx=0).stop
2024-09-10T00:26:12.964 INFO:teuthology.orchestra.run.smithi022.stdout:/usr/bin/ceph: stderr
2024-09-10T00:26:12.322+0000 7f6c5e000640 1 -- 172.21.15.22:0/2840691704 shutdown_connections
2024-09-10T00:26:12.964 INFO:teuthology.orchestra.run.smithi022.stdout:/usr/bin/ceph: stderr
2024-09-10T00:26:12.322+0000 7f6c5e000640 1 --2- 172.21.15.22:0/2840691704 >> [v2:172.21.15.22:6800/3351570054,v1:172.21.15.22:6801/3351570054] conn(0x7f6c3c038fc0 0x7f6c3c03b480 unknown :-1 s=CLOSED pgs=14 cs=0 l=1 rev1=1 crypto rx=0 tx=0 comp rx=0 tx=0).stop
2024-09-10T00:26:12.964 INFO:teuthology.orchestra.run.smithi022.stdout:/usr/bin/ceph: stderr
2024-09-10T00:26:12.322+0000 7f6c5e000640 1 --2- 172.21.15.22:0/2840691704 >> [v2:172.21.15.22:3300/0,v1:172.21.15.22:6789/0] conn(0x7f6c58109c90 0x7f6c5819dc70 secure :-1 s=CLOSED pgs=50 cs=0 l=1 rev1=1 crypto rx=0x7f6c480097f0 tx=0x7f6c48032e80 comp rx=0 tx=0).stop
2024-09-10T00:26:12.964 INFO:teuthology.orchestra.run.smithi022.stdout:/usr/bin/ceph: stderr
2024-09-10T00:26:12.322+0000 7f6c5e000640 1 -- 172.21.15.22:0/2840691704 >> 172.21.15.22:0/2840691704 conn(0x7f6c5807d2b0 msgr2=0x7f6c58107430 unknown :-1 s=STATE_NONE l=0).mark_down
2024-09-10T00:26:12.964 INFO:teuthology.orchestra.run.smithi022.stdout:/usr/bin/ceph: stderr
2024-09-10T00:26:12.323+0000 7f6c5e000640 1 -- 172.21.15.22:0/2840691704 shutdown_connections
2024-09-10T00:26:12.964 INFO:teuthology.orchestra.run.smithi022.stdout:/usr/bin/ceph: stderr
2024-09-10T00:26:12.323+0000 7f6c5e000640 1 -- 172.21.15.22:0/2840691704 wait complete.
2024-09-10T00:26:14.899 INFO:journalctl@ceph.mon.a.smithi022.stdout:Sep 10 00:26:14 smithi022 ceph-mon[30546]: from='client.? 172.21.15.22:0/2631753344' entity='client.admin'
2024-09-10T00:26:14.899 INFO:journalctl@ceph.mon.a.smithi022.stdout:Sep 10 00:26:14 smithi022 ceph-mon[30546]: from='mgr.14118 172.21.15.22:0/2390350209' entity='mgr.x'
2024-09-10T00:26:14.910 INFO:teuthology.orchestra.run.smithi022.stdout:/usr/bin/ceph: stderr
2024-09-10T00:26:13.480+0000 7f4e6f600640 1 Processor -- start
2024-09-10T00:26:14.910 INFO:teuthology.orchestra.run.smithi022.stdout:/usr/bin/ceph: stderr
2024-09-10T00:26:13.480+0000 7f4e6f600640 1 -- start start
2024-09-10T00:26:14.910 INFO:teuthology.orchestra.run.smithi022.stdout:/usr/bin/ceph: stderr
2024-09-10T00:26:13.480+0000 7f4e6f600640 1 --2- >> [v2:172.21.15.22:3300/0,v1:172.21.15.22:6789/0] conn(0x7f4e68109be0 0x7f4e68109fe0 unknown :-1 s=NONE pgs=0 cs=0 l=0 rev1=0 crypto rx=0 tx=0 comp rx=0 tx=0).connect
2024-09-10T00:26:14.911 INFO:teuthology.orchestra.run.smithi022.stdout:/usr/bin/ceph: stderr
2024-09-10T00:26:13.480+0000 7f4e6f600640 1 -- --> [v2:172.21.15.22:3300/0,v1:172.21.15.22:6789/0] -- mon_getmap magic: 0 -- 0x7f4e6810a5b0 con 0x7f4e68109be0
2024-09-10T00:26:14.911 INFO:teuthology.orchestra.run.smithi022.stdout:/usr/bin/ceph: stderr
2024-09-10T00:26:13.481+0000 7f4e6cc00640 1 --2- >> [v2:172.21.15.22:3300/0,v1:172.21.15.22:6789/0] conn(0x7f4e68109be0 0x7f4e68109fe0 unknown :-1 s=BANNER_CONNECTING pgs=0 cs=0 l=0 rev1=0 crypto rx=0 tx=0 comp rx=0 tx=0)._handle_peer_banner_payload supported=3 required=0
2024-09-10T00:26:14.911 INFO:teuthology.orchestra.run.smithi022.stdout:/usr/bin/ceph: stderr
2024-09-10T00:26:13.481+0000 7f4e6cc00640 1 --2- >> [v2:172.21.15.22:3300/0,v1:172.21.15.22:6789/0] conn(0x7f4e68109be0 0x7f4e68109fe0 unknown :-1 s=HELLO_CONNECTING pgs=0 cs=0 l=0 rev1=1 crypto rx=0 tx=0 comp rx=0 tx=0).handle_hello peer v2:172.21.15.22:3300/0 says I am v2:172.21.15.22:38930/0 (socket says 172.21.15.22:38930)
2024-09-10T00:26:14.911 INFO:teuthology.orchestra.run.smithi022.stdout:/usr/bin/ceph: stderr
2024-09-10T00:26:13.481+0000 7f4e6cc00640 1 -- 172.21.15.22:0/208068958 learned_addr learned my addr 172.21.15.22:0/208068958 (peer_addr_for_me v2:172.21.15.22:0/0)
2024-09-10T00:26:14.911 INFO:teuthology.orchestra.run.smithi022.stdout:/usr/bin/ceph: stderr
2024-09-10T00:26:13.481+0000 7f4e6cc00640 1 -- 172.21.15.22:0/208068958 --> [v2:172.21.15.22:3300/0,v1:172.21.15.22:6789/0] -- mon_subscribe({config=0+,monmap=0+}) -- 0x7f4e6810ad90 con 0x7f4e68109be0
2024-09-10T00:26:14.911 INFO:teuthology.orchestra.run.smithi022.stdout:/usr/bin/ceph: stderr
2024-09-10T00:26:13.482+0000 7f4e6cc00640 1 --2- 172.21.15.22:0/208068958 >> [v2:172.21.15.22:3300/0,v1:172.21.15.22:6789/0] conn(0x7f4e68109be0 0x7f4e68109fe0 secure :-1 s=READY pgs=51 cs=0 l=1 rev1=1 crypto rx=0x7f4e5c009820 tx=0x7f4e5c02a270 comp rx=0 tx=0).ready entity=mon.0 client_cookie=c25679766d29d5f0 server_cookie=0 in_seq=0 out_seq=0
2024-09-10T00:26:14.911 INFO:teuthology.orchestra.run.smithi022.stdout:/usr/bin/ceph: stderr
2024-09-10T00:26:13.482+0000 7f4e67400640 1 -- 172.21.15.22:0/208068958 <== mon.0 v2:172.21.15.22:3300/0 1 ==== mon_map magic: 0 ==== 205+0+0 (secure 0 0 0) 0x7f4e5c037070 con 0x7f4e68109be0
2024-09-10T00:26:14.911 INFO:teuthology.orchestra.run.smithi022.stdout:/usr/bin/ceph: stderr
2024-09-10T00:26:13.483+0000 7f4e67400640 1 -- 172.21.15.22:0/208068958 <== mon.0 v2:172.21.15.22:3300/0 2 ==== config(29 keys) ==== 1209+0+0 (secure 0 0 0) 0x7f4e5c032960 con 0x7f4e68109be0
2024-09-10T00:26:14.911 INFO:teuthology.orchestra.run.smithi022.stdout:/usr/bin/ceph: stderr
2024-09-10T00:26:13.483+0000 7f4e67400640 1 -- 172.21.15.22:0/208068958 <== mon.0 v2:172.21.15.22:3300/0 3 ==== mon_map magic: 0 ==== 205+0+0 (secure 0 0 0) 0x7f4e5c030980 con 0x7f4e68109be0
2024-09-10T00:26:14.911 INFO:teuthology.orchestra.run.smithi022.stdout:/usr/bin/ceph: stderr
2024-09-10T00:26:13.483+0000 7f4e6f600640 1 -- 172.21.15.22:0/208068958 >> [v2:172.21.15.22:3300/0,v1:172.21.15.22:6789/0] conn(0x7f4e68109be0 msgr2=0x7f4e68109fe0 secure :-1 s=STATE_CONNECTION_ESTABLISHED l=1).mark_down
2024-09-10T00:26:14.911 INFO:teuthology.orchestra.run.smithi022.stdout:/usr/bin/ceph: stderr
2024-09-10T00:26:13.483+0000 7f4e6f600640 1 --2- 172.21.15.22:0/208068958 >> [v2:172.21.15.22:3300/0,v1:172.21.15.22:6789/0] conn(0x7f4e68109be0 0x7f4e68109fe0 secure :-1 s=READY pgs=51 cs=0 l=1 rev1=1 crypto rx=0x7f4e5c009820 tx=0x7f4e5c02a270 comp rx=0 tx=0).stop
2024-09-10T00:26:14.911 INFO:teuthology.orchestra.run.smithi022.stdout:/usr/bin/ceph: stderr
2024-09-10T00:26:13.483+0000 7f4e6f600640 1 -- 172.21.15.22:0/208068958 shutdown_connections
2024-09-10T00:26:14.912 INFO:teuthology.orchestra.run.smithi022.stdout:/usr/bin/ceph: stderr
2024-09-10T00:26:13.483+0000 7f4e6f600640 1 --2- 172.21.15.22:0/208068958 >> [v2:172.21.15.22:3300/0,v1:172.21.15.22:6789/0] conn(0x7f4e68109be0 0x7f4e68109fe0 unknown :-1 s=CLOSED pgs=51 cs=0 l=1 rev1=1 crypto rx=0 tx=0 comp rx=0 tx=0).stop
2024-09-10T00:26:14.912 INFO:teuthology.orchestra.run.smithi022.stdout:/usr/bin/ceph: stderr
2024-09-10T00:26:13.483+0000 7f4e6f600640 1 -- 172.21.15.22:0/208068958 >> 172.21.15.22:0/208068958 conn(0x7f4e6807d240 msgr2=0x7f4e6807d650 unknown :-1 s=STATE_NONE l=0).mark_down
2024-09-10T00:26:14.912 INFO:teuthology.orchestra.run.smithi022.stdout:/usr/bin/ceph: stderr
2024-09-10T00:26:13.484+0000 7f4e6f600640 1 -- 172.21.15.22:0/208068958 shutdown_connections
2024-09-10T00:26:14.912 INFO:teuthology.orchestra.run.smithi022.stdout:/usr/bin/ceph: stderr
2024-09-10T00:26:13.484+0000 7f4e6f600640 1 -- 172.21.15.22:0/208068958 wait complete.
2024-09-10T00:26:14.912 INFO:teuthology.orchestra.run.smithi022.stdout:/usr/bin/ceph: stderr
2024-09-10T00:26:13.484+0000 7f4e6f600640 1 Processor -- start
2024-09-10T00:26:14.912 INFO:teuthology.orchestra.run.smithi022.stdout:/usr/bin/ceph: stderr
2024-09-10T00:26:13.485+0000 7f4e6f600640 1 -- start start
2024-09-10T00:26:14.912 INFO:teuthology.orchestra.run.smithi022.stdout:/usr/bin/ceph: stderr
2024-09-10T00:26:13.485+0000 7f4e6f600640 1 --2- >> [v2:172.21.15.22:3300/0,v1:172.21.15.22:6789/0] conn(0x7f4e68109be0 0x7f4e6819dbf0 unknown :-1 s=NONE pgs=0 cs=0 l=1 rev1=0 crypto rx=0 tx=0 comp rx=0 tx=0).connect
2024-09-10T00:26:14.912 INFO:teuthology.orchestra.run.smithi022.stdout:/usr/bin/ceph: stderr
2024-09-10T00:26:13.485+0000 7f4e6f600640 1 -- --> [v2:172.21.15.22:3300/0,v1:172.21.15.22:6789/0] -- mon_getmap magic: 0 -- 0x7f4e6810e140 con 0x7f4e68109be0
2024-09-10T00:26:14.912 INFO:teuthology.orchestra.run.smithi022.stdout:/usr/bin/ceph: stderr
2024-09-10T00:26:13.485+0000 7f4e6cc00640 1 --2- >> [v2:172.21.15.22:3300/0,v1:172.21.15.22:6789/0] conn(0x7f4e68109be0 0x7f4e6819dbf0 unknown :-1 s=BANNER_CONNECTING pgs=0 cs=0 l=1 rev1=0 crypto rx=0 tx=0 comp rx=0 tx=0)._handle_peer_banner_payload supported=3 required=0
2024-09-10T00:26:14.912 INFO:teuthology.orchestra.run.smithi022.stdout:/usr/bin/ceph: stderr
2024-09-10T00:26:13.485+0000 7f4e6cc00640 1 --2- >> [v2:172.21.15.22:3300/0,v1:172.21.15.22:6789/0] conn(0x7f4e68109be0 0x7f4e6819dbf0 unknown :-1 s=HELLO_CONNECTING pgs=0 cs=0 l=1 rev1=1 crypto rx=0 tx=0 comp rx=0 tx=0).handle_hello peer v2:172.21.15.22:3300/0 says I am v2:172.21.15.22:38934/0 (socket says 172.21.15.22:38934)
2024-09-10T00:26:14.912 INFO:teuthology.orchestra.run.smithi022.stdout:/usr/bin/ceph: stderr
2024-09-10T00:26:13.485+0000 7f4e6cc00640 1 -- 172.21.15.22:0/2631753344 learned_addr learned my addr 172.21.15.22:0/2631753344 (peer_addr_for_me v2:172.21.15.22:0/0)
2024-09-10T00:26:14.912 INFO:teuthology.orchestra.run.smithi022.stdout:/usr/bin/ceph: stderr
2024-09-10T00:26:13.486+0000 7f4e6cc00640 1 -- 172.21.15.22:0/2631753344 --> [v2:172.21.15.22:3300/0,v1:172.21.15.22:6789/0] -- mon_subscribe({config=0+,monmap=0+}) -- 0x7f4e6819e130 con 0x7f4e68109be0
2024-09-10T00:26:14.912 INFO:teuthology.orchestra.run.smithi022.stdout:/usr/bin/ceph: stderr
2024-09-10T00:26:13.486+0000 7f4e6cc00640 1 --2- 172.21.15.22:0/2631753344 >> [v2:172.21.15.22:3300/0,v1:172.21.15.22:6789/0] conn(0x7f4e68109be0 0x7f4e6819dbf0 secure :-1 s=READY pgs=52 cs=0 l=1 rev1=1 crypto rx=0x7f4e5c032ea0 tx=0x7f4e5c032ed0 comp rx=0 tx=0).ready entity=mon.0 client_cookie=0 server_cookie=0 in_seq=0 out_seq=0
2024-09-10T00:26:14.913 INFO:teuthology.orchestra.run.smithi022.stdout:/usr/bin/ceph: stderr
2024-09-10T00:26:13.486+0000 7f4e65600640 1 -- 172.21.15.22:0/2631753344 <== mon.0 v2:172.21.15.22:3300/0 1 ==== mon_map magic: 0 ==== 205+0+0 (secure 0 0 0) 0x7f4e5c042070 con 0x7f4e68109be0
2024-09-10T00:26:14.913 INFO:teuthology.orchestra.run.smithi022.stdout:/usr/bin/ceph: stderr
2024-09-10T00:26:13.486+0000 7f4e6f600640 1 -- 172.21.15.22:0/2631753344 --> [v2:172.21.15.22:3300/0,v1:172.21.15.22:6789/0] -- mon_subscribe({mgrmap=0+}) -- 0x7f4e6819e3c0 con 0x7f4e68109be0
2024-09-10T00:26:14.913 INFO:teuthology.orchestra.run.smithi022.stdout:/usr/bin/ceph: stderr
2024-09-10T00:26:13.486+0000 7f4e65600640 1 -- 172.21.15.22:0/2631753344 <== mon.0 v2:172.21.15.22:3300/0 2 ==== config(29 keys) ==== 1209+0+0 (secure 0 0 0) 0x7f4e5c0326c0 con 0x7f4e68109be0
2024-09-10T00:26:14.913 INFO:teuthology.orchestra.run.smithi022.stdout:/usr/bin/ceph: stderr
2024-09-10T00:26:13.486+0000 7f4e65600640 1 -- 172.21.15.22:0/2631753344 <== mon.0 v2:172.21.15.22:3300/0 3 ==== mon_map magic: 0 ==== 205+0+0 (secure 0 0 0) 0x7f4e5c037040 con 0x7f4e68109be0
2024-09-10T00:26:14.913 INFO:teuthology.orchestra.run.smithi022.stdout:/usr/bin/ceph: stderr
2024-09-10T00:26:13.486+0000 7f4e6f600640 1 -- 172.21.15.22:0/2631753344 --> [v2:172.21.15.22:3300/0,v1:172.21.15.22:6789/0] -- mon_subscribe({osdmap=0}) -- 0x7f4e681a10b0 con 0x7f4e68109be0
2024-09-10T00:26:14.913 INFO:teuthology.orchestra.run.smithi022.stdout:/usr/bin/ceph: stderr
2024-09-10T00:26:13.487+0000 7f4e65600640 1 -- 172.21.15.22:0/2631753344 <== mon.0 v2:172.21.15.22:3300/0 4 ==== mgrmap(e 8) ==== 46287+0+0 (secure 0 0 0) 0x7f4e5c045070 con 0x7f4e68109be0
2024-09-10T00:26:14.913 INFO:teuthology.orchestra.run.smithi022.stdout:/usr/bin/ceph: stderr
2024-09-10T00:26:13.488+0000 7f4e6f600640 1 -- 172.21.15.22:0/2631753344 --> [v2:172.21.15.22:3300/0,v1:172.21.15.22:6789/0] -- mon_command({"prefix": "get_command_descriptions"} v 0) -- 0x7f4e68109fe0 con 0x7f4e68109be0
2024-09-10T00:26:14.913 INFO:teuthology.orchestra.run.smithi022.stdout:/usr/bin/ceph: stderr
2024-09-10T00:26:13.488+0000 7f4e65600640 1 --2- 172.21.15.22:0/2631753344 >> [v2:172.21.15.22:6800/3351570054,v1:172.21.15.22:6801/3351570054] conn(0x7f4e50038fc0 0x7f4e5003b480 unknown :-1 s=NONE pgs=0 cs=0 l=1 rev1=0 crypto rx=0 tx=0 comp rx=0 tx=0).connect
2024-09-10T00:26:14.913 INFO:teuthology.orchestra.run.smithi022.stdout:/usr/bin/ceph: stderr
2024-09-10T00:26:13.488+0000 7f4e65600640 1 -- 172.21.15.22:0/2631753344 <== mon.0 v2:172.21.15.22:3300/0 5 ==== osd_map(2..2 src has 1..2) ==== 940+0+0 (secure 0 0 0) 0x7f4e5c06c070 con 0x7f4e68109be0
2024-09-10T00:26:14.913 INFO:teuthology.orchestra.run.smithi022.stdout:/usr/bin/ceph: stderr
2024-09-10T00:26:13.488+0000 7f4e67e00640 1 --2- 172.21.15.22:0/2631753344 >> [v2:172.21.15.22:6800/3351570054,v1:172.21.15.22:6801/3351570054] conn(0x7f4e50038fc0 0x7f4e5003b480 unknown :-1 s=BANNER_CONNECTING pgs=0 cs=0 l=1 rev1=0 crypto rx=0 tx=0 comp rx=0 tx=0)._handle_peer_banner_payload supported=3 required=0
2024-09-10T00:26:14.913 INFO:teuthology.orchestra.run.smithi022.stdout:/usr/bin/ceph: stderr
