2024-09-10T07:40:32.410 INFO:teuthology.orchestra.run.smithi073.stdout:/usr/bin/ceph: stderr
2024-09-10T07:40:31.784+0000 7f2bea4d0640 1 -- 172.21.15.73:0/1916514793 >> 172.21.15.73:0/1916514793 conn(0x7f2be4101e80 msgr2=0x7f2be4102a50 unknown :-1 s=STATE_NONE l=0).mark_down
2024-09-10T07:40:32.411 INFO:teuthology.orchestra.run.smithi073.stdout:/usr/bin/ceph: stderr
2024-09-10T07:40:31.784+0000 7f2bea4d0640 1 -- 172.21.15.73:0/1916514793 shutdown_connections
2024-09-10T07:40:32.411 INFO:teuthology.orchestra.run.smithi073.stdout:/usr/bin/ceph: stderr
2024-09-10T07:40:31.784+0000 7f2bea4d0640 1 -- 172.21.15.73:0/1916514793 wait complete.
2024-09-10T07:40:32.411 INFO:teuthology.orchestra.run.smithi073.stdout:Deploying unmanaged mon service...
2024-09-10T07:40:32.972 INFO:journalctl@ceph.mon.a.smithi073.stdout:Sep 10 07:40:32 smithi073 ceph-mon[30850]: from='mgr.14118 172.21.15.73:0/2189795773' entity='mgr.x'
2024-09-10T07:40:32.972 INFO:journalctl@ceph.mon.a.smithi073.stdout:Sep 10 07:40:32 smithi073 ceph-mon[30850]: Added host smithi073
2024-09-10T07:40:32.972 INFO:journalctl@ceph.mon.a.smithi073.stdout:Sep 10 07:40:32 smithi073 ceph-mon[30850]: from='mgr.14118 172.21.15.73:0/2189795773' entity='mgr.x' cmd=[{"prefix": "config dump", "format": "json"}]: dispatch
2024-09-10T07:40:33.916 INFO:teuthology.orchestra.run.smithi073.stdout:/usr/bin/ceph: stdout Scheduled mon update...
2024-09-10T07:40:33.917 INFO:teuthology.orchestra.run.smithi073.stdout:/usr/bin/ceph: stderr
2024-09-10T07:40:32.784+0000 7f64dea11640 1 Processor -- start
2024-09-10T07:40:33.917 INFO:teuthology.orchestra.run.smithi073.stdout:/usr/bin/ceph: stderr
2024-09-10T07:40:32.784+0000 7f64dea11640 1 -- start start
2024-09-10T07:40:33.917 INFO:teuthology.orchestra.run.smithi073.stdout:/usr/bin/ceph: stderr
2024-09-10T07:40:32.784+0000 7f64dea11640 1 --2- >> [v2:172.21.15.73:3300/0,v1:172.21.15.73:6789/0] conn(0x7f64d8107850 0x7f64d8107c50 unknown :-1 s=NONE pgs=0 cs=0 l=0 rev1=0 crypto rx=0 tx=0 comp rx=0 tx=0).connect
2024-09-10T07:40:33.917 INFO:teuthology.orchestra.run.smithi073.stdout:/usr/bin/ceph: stderr
2024-09-10T07:40:32.784+0000 7f64dea11640 1 -- --> [v2:172.21.15.73:3300/0,v1:172.21.15.73:6789/0] -- mon_getmap magic: 0 -- 0x7f64d8108220 con 0x7f64d8107850
2024-09-10T07:40:33.917 INFO:teuthology.orchestra.run.smithi073.stdout:/usr/bin/ceph: stderr
2024-09-10T07:40:32.784+0000 7f64d7fff640 1 --2- >> [v2:172.21.15.73:3300/0,v1:172.21.15.73:6789/0] conn(0x7f64d8107850 0x7f64d8107c50 unknown :-1 s=BANNER_CONNECTING pgs=0 cs=0 l=0 rev1=0 crypto rx=0 tx=0 comp rx=0 tx=0)._handle_peer_banner_payload supported=3 required=0
2024-09-10T07:40:33.917 INFO:teuthology.orchestra.run.smithi073.stdout:/usr/bin/ceph: stderr
2024-09-10T07:40:32.784+0000 7f64d7fff640 1 --2- >> [v2:172.21.15.73:3300/0,v1:172.21.15.73:6789/0] conn(0x7f64d8107850 0x7f64d8107c50 unknown :-1 s=HELLO_CONNECTING pgs=0 cs=0 l=0 rev1=1 crypto rx=0 tx=0 comp rx=0 tx=0).handle_hello peer v2:172.21.15.73:3300/0 says I am v2:172.21.15.73:55416/0 (socket says 172.21.15.73:55416)
2024-09-10T07:40:33.917 INFO:teuthology.orchestra.run.smithi073.stdout:/usr/bin/ceph: stderr
2024-09-10T07:40:32.784+0000 7f64d7fff640 1 -- 172.21.15.73:0/995811052 learned_addr learned my addr 172.21.15.73:0/995811052 (peer_addr_for_me v2:172.21.15.73:0/0)
2024-09-10T07:40:33.917 INFO:teuthology.orchestra.run.smithi073.stdout:/usr/bin/ceph: stderr
2024-09-10T07:40:32.785+0000 7f64d7fff640 1 -- 172.21.15.73:0/995811052 --> [v2:172.21.15.73:3300/0,v1:172.21.15.73:6789/0] -- mon_subscribe({config=0+,monmap=0+}) -- 0x7f64d8108a50 con 0x7f64d8107850
2024-09-10T07:40:33.917 INFO:teuthology.orchestra.run.smithi073.stdout:/usr/bin/ceph: stderr
2024-09-10T07:40:32.785+0000 7f64d7fff640 1 --2- 172.21.15.73:0/995811052 >> [v2:172.21.15.73:3300/0,v1:172.21.15.73:6789/0] conn(0x7f64d8107850 0x7f64d8107c50 secure :-1 s=READY pgs=45 cs=0 l=1 rev1=1 crypto rx=0x7f64c8009820 tx=0x7f64c802a270 comp rx=0 tx=0).ready entity=mon.0 client_cookie=92fd37339073b1b4 server_cookie=0 in_seq=0 out_seq=0
2024-09-10T07:40:33.917 INFO:teuthology.orchestra.run.smithi073.stdout:/usr/bin/ceph: stderr
2024-09-10T07:40:32.785+0000 7f64d6ffd640 1 -- 172.21.15.73:0/995811052 <== mon.0 v2:172.21.15.73:3300/0 1 ==== mon_map magic: 0 ==== 205+0+0 (secure 0 0 0) 0x7f64c8037070 con 0x7f64d8107850
2024-09-10T07:40:33.917 INFO:teuthology.orchestra.run.smithi073.stdout:/usr/bin/ceph: stderr
2024-09-10T07:40:32.785+0000 7f64d6ffd640 1 -- 172.21.15.73:0/995811052 <== mon.0 v2:172.21.15.73:3300/0 2 ==== config(27 keys) ==== 1109+0+0 (secure 0 0 0) 0x7f64c8032900 con 0x7f64d8107850
2024-09-10T07:40:33.917 INFO:teuthology.orchestra.run.smithi073.stdout:/usr/bin/ceph: stderr
2024-09-10T07:40:32.785+0000 7f64d6ffd640 1 -- 172.21.15.73:0/995811052 <== mon.0 v2:172.21.15.73:3300/0 3 ==== mon_map magic: 0 ==== 205+0+0 (secure 0 0 0) 0x7f64c8030850 con 0x7f64d8107850
2024-09-10T07:40:33.918 INFO:teuthology.orchestra.run.smithi073.stdout:/usr/bin/ceph: stderr
2024-09-10T07:40:32.786+0000 7f64dea11640 1 -- 172.21.15.73:0/995811052 >> [v2:172.21.15.73:3300/0,v1:172.21.15.73:6789/0] conn(0x7f64d8107850 msgr2=0x7f64d8107c50 secure :-1 s=STATE_CONNECTION_ESTABLISHED l=1).mark_down
2024-09-10T07:40:33.918 INFO:teuthology.orchestra.run.smithi073.stdout:/usr/bin/ceph: stderr
2024-09-10T07:40:32.786+0000 7f64dea11640 1 --2- 172.21.15.73:0/995811052 >> [v2:172.21.15.73:3300/0,v1:172.21.15.73:6789/0] conn(0x7f64d8107850 0x7f64d8107c50 secure :-1 s=READY pgs=45 cs=0 l=1 rev1=1 crypto rx=0x7f64c8009820 tx=0x7f64c802a270 comp rx=0 tx=0).stop
2024-09-10T07:40:33.918 INFO:teuthology.orchestra.run.smithi073.stdout:/usr/bin/ceph: stderr
2024-09-10T07:40:32.786+0000 7f64dea11640 1 -- 172.21.15.73:0/995811052 shutdown_connections
2024-09-10T07:40:33.918 INFO:teuthology.orchestra.run.smithi073.stdout:/usr/bin/ceph: stderr
2024-09-10T07:40:32.786+0000 7f64dea11640 1 --2- 172.21.15.73:0/995811052 >> [v2:172.21.15.73:3300/0,v1:172.21.15.73:6789/0] conn(0x7f64d8107850 0x7f64d8107c50 unknown :-1 s=CLOSED pgs=45 cs=0 l=1 rev1=1 crypto rx=0 tx=0 comp rx=0 tx=0).stop
2024-09-10T07:40:33.918 INFO:teuthology.orchestra.run.smithi073.stdout:/usr/bin/ceph: stderr
2024-09-10T07:40:32.786+0000 7f64dea11640 1 -- 172.21.15.73:0/995811052 >> 172.21.15.73:0/995811052 conn(0x7f64d8102fc0 msgr2=0x7f64d8105420 unknown :-1 s=STATE_NONE l=0).mark_down
2024-09-10T07:40:33.918 INFO:teuthology.orchestra.run.smithi073.stdout:/usr/bin/ceph: stderr
2024-09-10T07:40:32.786+0000 7f64dea11640 1 -- 172.21.15.73:0/995811052 shutdown_connections
2024-09-10T07:40:33.918 INFO:teuthology.orchestra.run.smithi073.stdout:/usr/bin/ceph: stderr
2024-09-10T07:40:32.786+0000 7f64dea11640 1 -- 172.21.15.73:0/995811052 wait complete.
2024-09-10T07:40:33.918 INFO:teuthology.orchestra.run.smithi073.stdout:/usr/bin/ceph: stderr
2024-09-10T07:40:32.787+0000 7f64dea11640 1 Processor -- start
2024-09-10T07:40:33.918 INFO:teuthology.orchestra.run.smithi073.stdout:/usr/bin/ceph: stderr
2024-09-10T07:40:32.787+0000 7f64dea11640 1 -- start start
2024-09-10T07:40:33.918 INFO:teuthology.orchestra.run.smithi073.stdout:/usr/bin/ceph: stderr
2024-09-10T07:40:32.787+0000 7f64dea11640 1 --2- >> [v2:172.21.15.73:3300/0,v1:172.21.15.73:6789/0] conn(0x7f64d8107850 0x7f64d819b8e0 unknown :-1 s=NONE pgs=0 cs=0 l=1 rev1=0 crypto rx=0 tx=0 comp rx=0 tx=0).connect
2024-09-10T07:40:33.918 INFO:teuthology.orchestra.run.smithi073.stdout:/usr/bin/ceph: stderr
2024-09-10T07:40:32.787+0000 7f64dea11640 1 -- --> [v2:172.21.15.73:3300/0,v1:172.21.15.73:6789/0] -- mon_getmap magic: 0 -- 0x7f64d810be00 con 0x7f64d8107850
2024-09-10T07:40:33.918 INFO:teuthology.orchestra.run.smithi073.stdout:/usr/bin/ceph: stderr
2024-09-10T07:40:32.787+0000 7f64d7fff640 1 --2- >> [v2:172.21.15.73:3300/0,v1:172.21.15.73:6789/0] conn(0x7f64d8107850 0x7f64d819b8e0 unknown :-1 s=BANNER_CONNECTING pgs=0 cs=0 l=1 rev1=0 crypto rx=0 tx=0 comp rx=0 tx=0)._handle_peer_banner_payload supported=3 required=0
2024-09-10T07:40:33.918 INFO:teuthology.orchestra.run.smithi073.stdout:/usr/bin/ceph: stderr
2024-09-10T07:40:32.787+0000 7f64d7fff640 1 --2- >> [v2:172.21.15.73:3300/0,v1:172.21.15.73:6789/0] conn(0x7f64d8107850 0x7f64d819b8e0 unknown :-1 s=HELLO_CONNECTING pgs=0 cs=0 l=1 rev1=1 crypto rx=0 tx=0 comp rx=0 tx=0).handle_hello peer v2:172.21.15.73:3300/0 says I am v2:172.21.15.73:55430/0 (socket says 172.21.15.73:55430)
2024-09-10T07:40:33.918 INFO:teuthology.orchestra.run.smithi073.stdout:/usr/bin/ceph: stderr
2024-09-10T07:40:32.787+0000 7f64d7fff640 1 -- 172.21.15.73:0/602636188 learned_addr learned my addr 172.21.15.73:0/602636188 (peer_addr_for_me v2:172.21.15.73:0/0)
2024-09-10T07:40:33.919 INFO:teuthology.orchestra.run.smithi073.stdout:/usr/bin/ceph: stderr
2024-09-10T07:40:32.787+0000 7f64d7fff640 1 -- 172.21.15.73:0/602636188 --> [v2:172.21.15.73:3300/0,v1:172.21.15.73:6789/0] -- mon_subscribe({config=0+,monmap=0+}) -- 0x7f64d819be20 con 0x7f64d8107850
2024-09-10T07:40:33.919 INFO:teuthology.orchestra.run.smithi073.stdout:/usr/bin/ceph: stderr
2024-09-10T07:40:32.788+0000 7f64d7fff640 1 --2- 172.21.15.73:0/602636188 >> [v2:172.21.15.73:3300/0,v1:172.21.15.73:6789/0] conn(0x7f64d8107850 0x7f64d819b8e0 secure :-1 s=READY pgs=46 cs=0 l=1 rev1=1 crypto rx=0x7f64c8009940 tx=0x7f64c80326e0 comp rx=0 tx=0).ready entity=mon.0 client_cookie=0 server_cookie=0 in_seq=0 out_seq=0
2024-09-10T07:40:33.919 INFO:teuthology.orchestra.run.smithi073.stdout:/usr/bin/ceph: stderr
2024-09-10T07:40:32.788+0000 7f64d57fa640 1 -- 172.21.15.73:0/602636188 <== mon.0 v2:172.21.15.73:3300/0 1 ==== mon_map magic: 0 ==== 205+0+0 (secure 0 0 0) 0x7f64c8042070 con 0x7f64d8107850
2024-09-10T07:40:33.919 INFO:teuthology.orchestra.run.smithi073.stdout:/usr/bin/ceph: stderr
2024-09-10T07:40:32.788+0000 7f64d57fa640 1 -- 172.21.15.73:0/602636188 <== mon.0 v2:172.21.15.73:3300/0 2 ==== config(27 keys) ==== 1109+0+0 (secure 0 0 0) 0x7f64c8032be0 con 0x7f64d8107850
2024-09-10T07:40:33.919 INFO:teuthology.orchestra.run.smithi073.stdout:/usr/bin/ceph: stderr
2024-09-10T07:40:32.788+0000 7f64dea11640 1 -- 172.21.15.73:0/602636188 --> [v2:172.21.15.73:3300/0,v1:172.21.15.73:6789/0] -- mon_subscribe({mgrmap=0+}) -- 0x7f64d819c0b0 con 0x7f64d8107850
2024-09-10T07:40:33.919 INFO:teuthology.orchestra.run.smithi073.stdout:/usr/bin/ceph: stderr
2024-09-10T07:40:32.788+0000 7f64d57fa640 1 -- 172.21.15.73:0/602636188 <== mon.0 v2:172.21.15.73:3300/0 3 ==== mon_map magic: 0 ==== 205+0+0 (secure 0 0 0) 0x7f64c8037040 con 0x7f64d8107850
2024-09-10T07:40:33.919 INFO:teuthology.orchestra.run.smithi073.stdout:/usr/bin/ceph: stderr
2024-09-10T07:40:32.788+0000 7f64dea11640 1 -- 172.21.15.73:0/602636188 --> [v2:172.21.15.73:3300/0,v1:172.21.15.73:6789/0] -- mon_subscribe({osdmap=0}) -- 0x7f64d819eda0 con 0x7f64d8107850
2024-09-10T07:40:33.919 INFO:teuthology.orchestra.run.smithi073.stdout:/usr/bin/ceph: stderr
2024-09-10T07:40:32.789+0000 7f64d57fa640 1 -- 172.21.15.73:0/602636188 <== mon.0 v2:172.21.15.73:3300/0 4 ==== mgrmap(e 8) ==== 46287+0+0 (secure 0 0 0) 0x7f64c8045070 con 0x7f64d8107850
2024-09-10T07:40:33.919 INFO:teuthology.orchestra.run.smithi073.stdout:/usr/bin/ceph: stderr
2024-09-10T07:40:32.789+0000 7f64d57fa640 1 --2- 172.21.15.73:0/602636188 >> [v2:172.21.15.73:6800/142266274,v1:172.21.15.73:6801/142266274] conn(0x7f64c0038f70 0x7f64c003b430 unknown :-1 s=NONE pgs=0 cs=0 l=1 rev1=0 crypto rx=0 tx=0 comp rx=0 tx=0).connect
2024-09-10T07:40:33.919 INFO:teuthology.orchestra.run.smithi073.stdout:/usr/bin/ceph: stderr
2024-09-10T07:40:32.789+0000 7f64dea11640 1 -- 172.21.15.73:0/602636188 --> [v2:172.21.15.73:3300/0,v1:172.21.15.73:6789/0] -- mon_command({"prefix": "get_command_descriptions"} v 0) -- 0x7f64d810bf80 con 0x7f64d8107850
2024-09-10T07:40:33.919 INFO:teuthology.orchestra.run.smithi073.stdout:/usr/bin/ceph: stderr
2024-09-10T07:40:32.789+0000 7f64d57fa640 1 -- 172.21.15.73:0/602636188 <== mon.0 v2:172.21.15.73:3300/0 5 ==== osd_map(2..2 src has 1..2) ==== 940+0+0 (secure 0 0 0) 0x7f64c806bf60 con 0x7f64d8107850
2024-09-10T07:40:33.919 INFO:teuthology.orchestra.run.smithi073.stdout:/usr/bin/ceph: stderr
2024-09-10T07:40:32.789+0000 7f64d77fe640 1 --2- 172.21.15.73:0/602636188 >> [v2:172.21.15.73:6800/142266274,v1:172.21.15.73:6801/142266274] conn(0x7f64c0038f70 0x7f64c003b430 unknown :-1 s=BANNER_CONNECTING pgs=0 cs=0 l=1 rev1=0 crypto rx=0 tx=0 comp rx=0 tx=0)._handle_peer_banner_payload supported=3 required=0
2024-09-10T07:40:33.919 INFO:teuthology.orchestra.run.smithi073.stdout:/usr/bin/ceph: stderr
2024-09-10T07:40:32.789+0000 7f64d77fe640 1 --2- 172.21.15.73:0/602636188 >> [v2:172.21.15.73:6800/142266274,v1:172.21.15.73:6801/142266274] conn(0x7f64c0038f70 0x7f64c003b430 secure :-1 s=READY pgs=12 cs=0 l=1 rev1=1 crypto rx=0x7f64cc0098c0 tx=0x7f64cc006db0 comp rx=0 tx=0).ready entity=mgr.14118 client_cookie=0 server_cookie=0 in_seq=0 out_seq=0
2024-09-10T07:40:33.920 INFO:teuthology.orchestra.run.smithi073.stdout:/usr/bin/ceph: stderr
2024-09-10T07:40:32.794+0000 7f64d57fa640 1 -- 172.21.15.73:0/602636188 <== mon.0 v2:172.21.15.73:3300/0 6 ==== mon_command_ack([{"prefix": "get_command_descriptions"}]=0 v0) ==== 72+0+188821 (secure 0 0 0) 0x7f64c8045e10 con 0x7f64d8107850
2024-09-10T07:40:33.920 INFO:teuthology.orchestra.run.smithi073.stdout:/usr/bin/ceph: stderr
2024-09-10T07:40:32.983+0000 7f64dea11640 1 -- 172.21.15.73:0/602636188 --> [v2:172.21.15.73:6800/142266274,v1:172.21.15.73:6801/142266274] -- mgr_command(tid 0: {"prefix": "orch apply", "service_type": "mon", "unmanaged": true, "target": ["mon-mgr", ""]}) -- 0x7f64d8104310 con 0x7f64c0038f70
2024-09-10T07:40:33.920 INFO:teuthology.orchestra.run.smithi073.stdout:/usr/bin/ceph: stderr
2024-09-10T07:40:32.987+0000 7f64d57fa640 1 -- 172.21.15.73:0/602636188 <== mgr.14118 v2:172.21.15.73:6800/142266274 1 ==== mgr_command_reply(tid 0: 0 ) ==== 8+0+24 (secure 0 0 0) 0x7f64d8104310 con 0x7f64c0038f70
2024-09-10T07:40:33.920 INFO:teuthology.orchestra.run.smithi073.stdout:/usr/bin/ceph: stderr
2024-09-10T07:40:32.989+0000 7f64dea11640 1 -- 172.21.15.73:0/602636188 >> [v2:172.21.15.73:6800/142266274,v1:172.21.15.73:6801/142266274] conn(0x7f64c0038f70 msgr2=0x7f64c003b430 secure :-1 s=STATE_CONNECTION_ESTABLISHED l=1).mark_down
2024-09-10T07:40:33.920 INFO:teuthology.orchestra.run.smithi073.stdout:/usr/bin/ceph: stderr
2024-09-10T07:40:32.989+0000 7f64dea11640 1 --2- 172.21.15.73:0/602636188 >> [v2:172.21.15.73:6800/142266274,v1:172.21.15.73:6801/142266274] conn(0x7f64c0038f70 0x7f64c003b430 secure :-1 s=READY pgs=12 cs=0 l=1 rev1=1 crypto rx=0x7f64cc0098c0 tx=0x7f64cc006db0 comp rx=0 tx=0).stop
2024-09-10T07:40:33.920 INFO:teuthology.orchestra.run.smithi073.stdout:/usr/bin/ceph: stderr
2024-09-10T07:40:32.989+0000 7f64dea11640 1 -- 172.21.15.73:0/602636188 >> [v2:172.21.15.73:3300/0,v1:172.21.15.73:6789/0] conn(0x7f64d8107850 msgr2=0x7f64d819b8e0 secure :-1 s=STATE_CONNECTION_ESTABLISHED l=1).mark_down
2024-09-10T07:40:33.920 INFO:teuthology.orchestra.run.smithi073.stdout:/usr/bin/ceph: stderr
2024-09-10T07:40:32.989+0000 7f64dea11640 1 --2- 172.21.15.73:0/602636188 >> [v2:172.21.15.73:3300/0,v1:172.21.15.73:6789/0] conn(0x7f64d8107850 0x7f64d819b8e0 secure :-1 s=READY pgs=46 cs=0 l=1 rev1=1 crypto rx=0x7f64c8009940 tx=0x7f64c80326e0 comp rx=0 tx=0).stop
2024-09-10T07:40:33.920 INFO:teuthology.orchestra.run.smithi073.stdout:/usr/bin/ceph: stderr
2024-09-10T07:40:32.990+0000 7f64dea11640 1 -- 172.21.15.73:0/602636188 shutdown_connections
2024-09-10T07:40:33.920 INFO:teuthology.orchestra.run.smithi073.stdout:/usr/bin/ceph: stderr
2024-09-10T07:40:32.990+0000 7f64dea11640 1 --2- 172.21.15.73:0/602636188 >> [v2:172.21.15.73:6800/142266274,v1:172.21.15.73:6801/142266274] conn(0x7f64c0038f70 0x7f64c003b430 unknown :-1 s=CLOSED pgs=12 cs=0 l=1 rev1=1 crypto rx=0 tx=0 comp rx=0 tx=0).stop
2024-09-10T07:40:33.920 INFO:teuthology.orchestra.run.smithi073.stdout:/usr/bin/ceph: stderr
2024-09-10T07:40:32.990+0000 7f64dea11640 1 --2- 172.21.15.73:0/602636188 >> [v2:172.21.15.73:3300/0,v1:172.21.15.73:6789/0] conn(0x7f64d8107850 0x7f64d819b8e0 unknown :-1 s=CLOSED pgs=46 cs=0 l=1 rev1=1 crypto rx=0 tx=0 comp rx=0 tx=0).stop
2024-09-10T07:40:33.920 INFO:teuthology.orchestra.run.smithi073.stdout:/usr/bin/ceph: stderr
2024-09-10T07:40:32.990+0000 7f64dea11640 1 -- 172.21.15.73:0/602636188 >> 172.21.15.73:0/602636188 conn(0x7f64d8102fc0 msgr2=0x7f64d8103c00 unknown :-1 s=STATE_NONE l=0).mark_down
2024-09-10T07:40:33.920 INFO:teuthology.orchestra.run.smithi073.stdout:/usr/bin/ceph: stderr
2024-09-10T07:40:32.990+0000 7f64dea11640 1 -- 172.21.15.73:0/602636188 shutdown_connections
2024-09-10T07:40:33.920 INFO:teuthology.orchestra.run.smithi073.stdout:/usr/bin/ceph: stderr
2024-09-10T07:40:32.990+0000 7f64dea11640 1 -- 172.21.15.73:0/602636188 wait complete.
2024-09-10T07:40:33.920 INFO:teuthology.orchestra.run.smithi073.stdout:Deploying unmanaged mgr service...
2024-09-10T07:40:34.219 INFO:journalctl@ceph.mon.a.smithi073.stdout:Sep 10 07:40:33 smithi073 ceph-mon[30850]: from='client.14140 -' entity='client.admin' cmd=[{"prefix": "orch apply", "service_type": "mon", "unmanaged": true, "target": ["mon-mgr", ""]}]: dispatch
2024-09-10T07:40:34.219 INFO:journalctl@ceph.mon.a.smithi073.stdout:Sep 10 07:40:33 smithi073 ceph-mon[30850]: Saving service mon spec with placement count:5
2024-09-10T07:40:34.220 INFO:journalctl@ceph.mon.a.smithi073.stdout:Sep 10 07:40:33 smithi073 ceph-mon[30850]: from='mgr.14118 172.21.15.73:0/2189795773' entity='mgr.x'
2024-09-10T07:40:35.090 INFO:teuthology.orchestra.run.smithi073.stdout:/usr/bin/ceph: stdout Scheduled mgr update...
2024-09-10T07:40:35.090 INFO:teuthology.orchestra.run.smithi073.stdout:/usr/bin/ceph: stderr
2024-09-10T07:40:34.299+0000 7f289a479640 1 Processor -- start
2024-09-10T07:40:35.090 INFO:teuthology.orchestra.run.smithi073.stdout:/usr/bin/ceph: stderr
2024-09-10T07:40:34.299+0000 7f289a479640 1 -- start start
2024-09-10T07:40:35.090 INFO:teuthology.orchestra.run.smithi073.stdout:/usr/bin/ceph: stderr
2024-09-10T07:40:34.300+0000 7f289a479640 1 --2- >> [v2:172.21.15.73:3300/0,v1:172.21.15.73:6789/0] conn(0x7f2894108390 0x7f289410a780 unknown :-1 s=NONE pgs=0 cs=0 l=0 rev1=0 crypto rx=0 tx=0 comp rx=0 tx=0).connect
2024-09-10T07:40:35.090 INFO:teuthology.orchestra.run.smithi073.stdout:/usr/bin/ceph: stderr
2024-09-10T07:40:34.300+0000 7f289a479640 1 -- --> [v2:172.21.15.73:3300/0,v1:172.21.15.73:6789/0] -- mon_getmap magic: 0 -- 0x7f289407c680 con 0x7f2894108390
2024-09-10T07:40:35.090 INFO:teuthology.orchestra.run.smithi073.stdout:/usr/bin/ceph: stderr
2024-09-10T07:40:34.300+0000 7f2893fff640 1 --2- >> [v2:172.21.15.73:3300/0,v1:172.21.15.73:6789/0] conn(0x7f2894108390 0x7f289410a780 unknown :-1 s=BANNER_CONNECTING pgs=0 cs=0 l=0 rev1=0 crypto rx=0 tx=0 comp rx=0 tx=0)._handle_peer_banner_payload supported=3 required=0
2024-09-10T07:40:35.091 INFO:teuthology.orchestra.run.smithi073.stdout:/usr/bin/ceph: stderr
2024-09-10T07:40:34.300+0000 7f2893fff640 1 --2- >> [v2:172.21.15.73:3300/0,v1:172.21.15.73:6789/0] conn(0x7f2894108390 0x7f289410a780 unknown :-1 s=HELLO_CONNECTING pgs=0 cs=0 l=0 rev1=1 crypto rx=0 tx=0 comp rx=0 tx=0).handle_hello peer v2:172.21.15.73:3300/0 says I am v2:172.21.15.73:55442/0 (socket says 172.21.15.73:55442)
2024-09-10T07:40:35.091 INFO:teuthology.orchestra.run.smithi073.stdout:/usr/bin/ceph: stderr
2024-09-10T07:40:34.300+0000 7f2893fff640 1 -- 172.21.15.73:0/1004127059 learned_addr learned my addr 172.21.15.73:0/1004127059 (peer_addr_for_me v2:172.21.15.73:0/0)
2024-09-10T07:40:35.091 INFO:teuthology.orchestra.run.smithi073.stdout:/usr/bin/ceph: stderr
2024-09-10T07:40:34.300+0000 7f2893fff640 1 -- 172.21.15.73:0/1004127059 --> [v2:172.21.15.73:3300/0,v1:172.21.15.73:6789/0] -- mon_subscribe({config=0+,monmap=0+}) -- 0x7f289410acc0 con 0x7f2894108390
2024-09-10T07:40:35.091 INFO:teuthology.orchestra.run.smithi073.stdout:/usr/bin/ceph: stderr
2024-09-10T07:40:34.301+0000 7f2893fff640 1 --2- 172.21.15.73:0/1004127059 >> [v2:172.21.15.73:3300/0,v1:172.21.15.73:6789/0] conn(0x7f2894108390 0x7f289410a780 secure :-1 s=READY pgs=47 cs=0 l=1 rev1=1 crypto rx=0x7f2884009820 tx=0x7f288402a270 comp rx=0 tx=0).ready entity=mon.0 client_cookie=d3f71ba6b897dd30 server_cookie=0 in_seq=0 out_seq=0
2024-09-10T07:40:35.091 INFO:teuthology.orchestra.run.smithi073.stdout:/usr/bin/ceph: stderr
2024-09-10T07:40:34.301+0000 7f28937fe640 1 -- 172.21.15.73:0/1004127059 <== mon.0 v2:172.21.15.73:3300/0 1 ==== mon_map magic: 0 ==== 205+0+0 (secure 0 0 0) 0x7f2884037070 con 0x7f2894108390
2024-09-10T07:40:35.091 INFO:teuthology.orchestra.run.smithi073.stdout:/usr/bin/ceph: stderr
2024-09-10T07:40:34.301+0000 7f28937fe640 1 -- 172.21.15.73:0/1004127059 <== mon.0 v2:172.21.15.73:3300/0 2 ==== config(27 keys) ==== 1109+0+0 (secure 0 0 0) 0x7f2884032900 con 0x7f2894108390
2024-09-10T07:40:35.091 INFO:teuthology.orchestra.run.smithi073.stdout:/usr/bin/ceph: stderr
2024-09-10T07:40:34.301+0000 7f28937fe640 1 -- 172.21.15.73:0/1004127059 <== mon.0 v2:172.21.15.73:3300/0 3 ==== mon_map magic: 0 ==== 205+0+0 (secure 0 0 0) 0x7f2884030850 con 0x7f2894108390
2024-09-10T07:40:35.091 INFO:teuthology.orchestra.run.smithi073.stdout:/usr/bin/ceph: stderr
2024-09-10T07:40:34.302+0000 7f289a479640 1 -- 172.21.15.73:0/1004127059 >> [v2:172.21.15.73:3300/0,v1:172.21.15.73:6789/0] conn(0x7f2894108390 msgr2=0x7f289410a780 secure :-1 s=STATE_CONNECTION_ESTABLISHED l=1).mark_down
2024-09-10T07:40:35.091 INFO:teuthology.orchestra.run.smithi073.stdout:/usr/bin/ceph: stderr
2024-09-10T07:40:34.302+0000 7f289a479640 1 --2- 172.21.15.73:0/1004127059 >> [v2:172.21.15.73:3300/0,v1:172.21.15.73:6789/0] conn(0x7f2894108390 0x7f289410a780 secure :-1 s=READY pgs=47 cs=0 l=1 rev1=1 crypto rx=0x7f2884009820 tx=0x7f288402a270 comp rx=0 tx=0).stop
2024-09-10T07:40:35.091 INFO:teuthology.orchestra.run.smithi073.stdout:/usr/bin/ceph: stderr
2024-09-10T07:40:34.302+0000 7f289a479640 1 -- 172.21.15.73:0/1004127059 shutdown_connections
2024-09-10T07:40:35.091 INFO:teuthology.orchestra.run.smithi073.stdout:/usr/bin/ceph: stderr
2024-09-10T07:40:34.302+0000 7f289a479640 1 --2- 172.21.15.73:0/1004127059 >> [v2:172.21.15.73:3300/0,v1:172.21.15.73:6789/0] conn(0x7f2894108390 0x7f289410a780 unknown :-1 s=CLOSED pgs=47 cs=0 l=1 rev1=1 crypto rx=0 tx=0 comp rx=0 tx=0).stop
2024-09-10T07:40:35.091 INFO:teuthology.orchestra.run.smithi073.stdout:/usr/bin/ceph: stderr
2024-09-10T07:40:34.302+0000 7f289a479640 1 -- 172.21.15.73:0/1004127059 >> 172.21.15.73:0/1004127059 conn(0x7f2894101ed0 msgr2=0x7f2894104310 unknown :-1 s=STATE_NONE l=0).mark_down
2024-09-10T07:40:35.092 INFO:teuthology.orchestra.run.smithi073.stdout:/usr/bin/ceph: stderr
2024-09-10T07:40:34.302+0000 7f289a479640 1 -- 172.21.15.73:0/1004127059 shutdown_connections
2024-09-10T07:40:35.092 INFO:teuthology.orchestra.run.smithi073.stdout:/usr/bin/ceph: stderr
2024-09-10T07:40:34.302+0000 7f289a479640 1 -- 172.21.15.73:0/1004127059 wait complete.
2024-09-10T07:40:35.092 INFO:teuthology.orchestra.run.smithi073.stdout:/usr/bin/ceph: stderr
2024-09-10T07:40:34.302+0000 7f289a479640 1 Processor -- start
2024-09-10T07:40:35.092 INFO:teuthology.orchestra.run.smithi073.stdout:/usr/bin/ceph: stderr
2024-09-10T07:40:34.302+0000 7f289a479640 1 -- start start
2024-09-10T07:40:35.092 INFO:teuthology.orchestra.run.smithi073.stdout:/usr/bin/ceph: stderr
2024-09-10T07:40:34.302+0000 7f289a479640 1 --2- >> [v2:172.21.15.73:3300/0,v1:172.21.15.73:6789/0] conn(0x7f2894108390 0x7f2894107c10 unknown :-1 s=NONE pgs=0 cs=0 l=1 rev1=0 crypto rx=0 tx=0 comp rx=0 tx=0).connect
2024-09-10T07:40:35.092 INFO:teuthology.orchestra.run.smithi073.stdout:/usr/bin/ceph: stderr
2024-09-10T07:40:34.302+0000 7f289a479640 1 -- --> [v2:172.21.15.73:3300/0,v1:172.21.15.73:6789/0] -- mon_getmap magic: 0 -- 0x7f289410bc40 con 0x7f2894108390
2024-09-10T07:40:35.092 INFO:teuthology.orchestra.run.smithi073.stdout:/usr/bin/ceph: stderr
2024-09-10T07:40:34.303+0000 7f2893fff640 1 --2- >> [v2:172.21.15.73:3300/0,v1:172.21.15.73:6789/0] conn(0x7f2894108390 0x7f2894107c10 unknown :-1 s=BANNER_CONNECTING pgs=0 cs=0 l=1 rev1=0 crypto rx=0 tx=0 comp rx=0 tx=0)._handle_peer_banner_payload supported=3 required=0
2024-09-10T07:40:35.092 INFO:teuthology.orchestra.run.smithi073.stdout:/usr/bin/ceph: stderr
2024-09-10T07:40:34.303+0000 7f2893fff640 1 --2- >> [v2:172.21.15.73:3300/0,v1:172.21.15.73:6789/0] conn(0x7f2894108390 0x7f2894107c10 unknown :-1 s=HELLO_CONNECTING pgs=0 cs=0 l=1 rev1=1 crypto rx=0 tx=0 comp rx=0 tx=0).handle_hello peer v2:172.21.15.73:3300/0 says I am v2:172.21.15.73:55456/0 (socket says 172.21.15.73:55456)
2024-09-10T07:40:35.092 INFO:teuthology.orchestra.run.smithi073.stdout:/usr/bin/ceph: stderr
2024-09-10T07:40:34.303+0000 7f2893fff640 1 -- 172.21.15.73:0/2399978239 learned_addr learned my addr 172.21.15.73:0/2399978239 (peer_addr_for_me v2:172.21.15.73:0/0)
2024-09-10T07:40:35.092 INFO:teuthology.orchestra.run.smithi073.stdout:/usr/bin/ceph: stderr
2024-09-10T07:40:34.303+0000 7f2893fff640 1 -- 172.21.15.73:0/2399978239 --> [v2:172.21.15.73:3300/0,v1:172.21.15.73:6789/0] -- mon_subscribe({config=0+,monmap=0+}) -- 0x7f2894108150 con 0x7f2894108390
2024-09-10T07:40:35.092 INFO:teuthology.orchestra.run.smithi073.stdout:/usr/bin/ceph: stderr
2024-09-10T07:40:34.303+0000 7f2893fff640 1 --2- 172.21.15.73:0/2399978239 >> [v2:172.21.15.73:3300/0,v1:172.21.15.73:6789/0] conn(0x7f2894108390 0x7f2894107c10 secure :-1 s=READY pgs=48 cs=0 l=1 rev1=1 crypto rx=0x7f2884031000 tx=0x7f28840326e0 comp rx=0 tx=0).ready entity=mon.0 client_cookie=0 server_cookie=0 in_seq=0 out_seq=0
2024-09-10T07:40:35.092 INFO:teuthology.orchestra.run.smithi073.stdout:/usr/bin/ceph: stderr
2024-09-10T07:40:34.303+0000 7f2891ffb640 1 -- 172.21.15.73:0/2399978239 <== mon.0 v2:172.21.15.73:3300/0 1 ==== mon_map magic: 0 ==== 205+0+0 (secure 0 0 0) 0x7f2884042070 con 0x7f2894108390
2024-09-10T07:40:35.092 INFO:teuthology.orchestra.run.smithi073.stdout:/usr/bin/ceph: stderr
2024-09-10T07:40:34.303+0000 7f2891ffb640 1 -- 172.21.15.73:0/2399978239 <== mon.0 v2:172.21.15.73:3300/0 2 ==== config(27 keys) ==== 1109+0+0 (secure 0 0 0) 0x7f2884032be0 con 0x7f2894108390
2024-09-10T07:40:35.093 INFO:teuthology.orchestra.run.smithi073.stdout:/usr/bin/ceph: stderr
2024-09-10T07:40:34.303+0000 7f289a479640 1 -- 172.21.15.73:0/2399978239 --> [v2:172.21.15.73:3300/0,v1:172.21.15.73:6789/0] -- mon_subscribe({mgrmap=0+}) -- 0x7f2894106340 con 0x7f2894108390
2024-09-10T07:40:35.093 INFO:teuthology.orchestra.run.smithi073.stdout:/usr/bin/ceph: stderr
2024-09-10T07:40:34.303+0000 7f2891ffb640 1 -- 172.21.15.73:0/2399978239 <== mon.0 v2:172.21.15.73:3300/0 3 ==== mon_map magic: 0 ==== 205+0+0 (secure 0 0 0) 0x7f2884037040 con 0x7f2894108390
2024-09-10T07:40:35.093 INFO:teuthology.orchestra.run.smithi073.stdout:/usr/bin/ceph: stderr
2024-09-10T07:40:34.303+0000 7f289a479640 1 -- 172.21.15.73:0/2399978239 --> [v2:172.21.15.73:3300/0,v1:172.21.15.73:6789/0] -- mon_subscribe({osdmap=0}) -- 0x7f2894106880 con 0x7f2894108390
2024-09-10T07:40:35.093 INFO:teuthology.orchestra.run.smithi073.stdout:/usr/bin/ceph: stderr
2024-09-10T07:40:34.304+0000 7f2891ffb640 1 -- 172.21.15.73:0/2399978239 <== mon.0 v2:172.21.15.73:3300/0 4 ==== mgrmap(e 8) ==== 46287+0+0 (secure 0 0 0) 0x7f2884045070 con 0x7f2894108390
2024-09-10T07:40:35.093 INFO:teuthology.orchestra.run.smithi073.stdout:/usr/bin/ceph: stderr
2024-09-10T07:40:34.304+0000 7f289a479640 1 -- 172.21.15.73:0/2399978239 --> [v2:172.21.15.73:3300/0,v1:172.21.15.73:6789/0] -- mon_command({"prefix": "get_command_descriptions"} v 0) -- 0x7f28941087f0 con 0x7f2894108390
2024-09-10T07:40:35.093 INFO:teuthology.orchestra.run.smithi073.stdout:/usr/bin/ceph: stderr
2024-09-10T07:40:34.304+0000 7f2891ffb640 1 --2- 172.21.15.73:0/2399978239 >> [v2:172.21.15.73:6800/142266274,v1:172.21.15.73:6801/142266274] conn(0x7f2880038f70 0x7f288003b430 unknown :-1 s=NONE pgs=0 cs=0 l=1 rev1=0 crypto rx=0 tx=0 comp rx=0 tx=0).connect
2024-09-10T07:40:35.093 INFO:teuthology.orchestra.run.smithi073.stdout:/usr/bin/ceph: stderr
2024-09-10T07:40:34.304+0000 7f2891ffb640 1 -- 172.21.15.73:0/2399978239 <== mon.0 v2:172.21.15.73:3300/0 5 ==== osd_map(2..2 src has 1..2) ==== 940+0+0 (secure 0 0 0) 0x7f288406c0a0 con 0x7f2894108390
2024-09-10T07:40:35.093 INFO:teuthology.orchestra.run.smithi073.stdout:/usr/bin/ceph: stderr
2024-09-10T07:40:34.304+0000 7f288bfff640 1 --2- 172.21.15.73:0/2399978239 >> [v2:172.21.15.73:6800/142266274,v1:172.21.15.73:6801/142266274] conn(0x7f2880038f70 0x7f288003b430 unknown :-1 s=BANNER_CONNECTING pgs=0 cs=0 l=1 rev1=0 crypto rx=0 tx=0 comp rx=0 tx=0)._handle_peer_banner_payload supported=3 required=0
2024-09-10T07:40:35.093 INFO:teuthology.orchestra.run.smithi073.stdout:/usr/bin/ceph: stderr
2024-09-10T07:40:34.305+0000 7f288bfff640 1 --2- 172.21.15.73:0/2399978239 >> [v2:172.21.15.73:6800/142266274,v1:172.21.15.73:6801/142266274] conn(0x7f2880038f70 0x7f288003b430 secure :-1 s=READY pgs=13 cs=0 l=1 rev1=1 crypto rx=0x7f287c0098c0 tx=0x7f287c006db0 comp rx=0 tx=0).ready entity=mgr.14118 client_cookie=0 server_cookie=0 in_seq=0 out_seq=0
2024-09-10T07:40:35.093 INFO:teuthology.orchestra.run.smithi073.stdout:/usr/bin/ceph: stderr
2024-09-10T07:40:34.309+0000 7f2891ffb640 1 -- 172.21.15.73:0/2399978239 <== mon.0 v2:172.21.15.73:3300/0 6 ==== mon_command_ack([{"prefix": "get_command_descriptions"}]=0 v0) ==== 72+0+188821 (secure 0 0 0) 0x7f288403d430 con 0x7f2894108390
2024-09-10T07:40:35.093 INFO:teuthology.orchestra.run.smithi073.stdout:/usr/bin/ceph: stderr
2024-09-10T07:40:34.498+0000 7f289a479640 1 -- 172.21.15.73:0/2399978239 --> [v2:172.21.15.73:6800/142266274,v1:172.21.15.73:6801/142266274] -- mgr_command(tid 0: {"prefix": "orch apply", "service_type": "mgr", "unmanaged": true, "target": ["mon-mgr", ""]}) -- 0x7f2894107130 con 0x7f2880038f70
2024-09-10T07:40:35.093 INFO:teuthology.orchestra.run.smithi073.stdout:/usr/bin/ceph: stderr
2024-09-10T07:40:34.503+0000 7f2891ffb640 1 -- 172.21.15.73:0/2399978239 <== mgr.14118 v2:172.21.15.73:6800/142266274 1 ==== mgr_command_reply(tid 0: 0 ) ==== 8+0+24 (secure 0 0 0) 0x7f2894107130 con 0x7f2880038f70
2024-09-10T07:40:35.094 INFO:teuthology.orchestra.run.smithi073.stdout:/usr/bin/ceph: stderr
2024-09-10T07:40:34.504+0000 7f289a479640 1 -- 172.21.15.73:0/2399978239 >> [v2:172.21.15.73:6800/142266274,v1:172.21.15.73:6801/142266274] conn(0x7f2880038f70 msgr2=0x7f288003b430 secure :-1 s=STATE_CONNECTION_ESTABLISHED l=1).mark_down
2024-09-10T07:40:35.094 INFO:teuthology.orchestra.run.smithi073.stdout:/usr/bin/ceph: stderr
2024-09-10T07:40:34.504+0000 7f289a479640 1 --2- 172.21.15.73:0/2399978239 >> [v2:172.21.15.73:6800/142266274,v1:172.21.15.73:6801/142266274] conn(0x7f2880038f70 0x7f288003b430 secure :-1 s=READY pgs=13 cs=0 l=1 rev1=1 crypto rx=0x7f287c0098c0 tx=0x7f287c006db0 comp rx=0 tx=0).stop
2024-09-10T07:40:35.094 INFO:teuthology.orchestra.run.smithi073.stdout:/usr/bin/ceph: stderr
2024-09-10T07:40:34.505+0000 7f289a479640 1 -- 172.21.15.73:0/2399978239 >> [v2:172.21.15.73:3300/0,v1:172.21.15.73:6789/0] conn(0x7f2894108390 msgr2=0x7f2894107c10 secure :-1 s=STATE_CONNECTION_ESTABLISHED l=1).mark_down
2024-09-10T07:40:35.094 INFO:teuthology.orchestra.run.smithi073.stdout:/usr/bin/ceph: stderr
2024-09-10T07:40:34.505+0000 7f289a479640 1 --2- 172.21.15.73:0/2399978239 >> [v2:172.21.15.73:3300/0,v1:172.21.15.73:6789/0] conn(0x7f2894108390 0x7f2894107c10 secure :-1 s=READY pgs=48 cs=0 l=1 rev1=1 crypto rx=0x7f2884031000 tx=0x7f28840326e0 comp rx=0 tx=0).stop
2024-09-10T07:40:35.094 INFO:teuthology.orchestra.run.smithi073.stdout:/usr/bin/ceph: stderr
2024-09-10T07:40:34.505+0000 7f289a479640 1 -- 172.21.15.73:0/2399978239 shutdown_connections
2024-09-10T07:40:35.094 INFO:teuthology.orchestra.run.smithi073.stdout:/usr/bin/ceph: stderr
2024-09-10T07:40:34.505+0000 7f289a479640 1 --2- 172.21.15.73:0/2399978239 >> [v2:172.21.15.73:6800/142266274,v1:172.21.15.73:6801/142266274] conn(0x7f2880038f70 0x7f288003b430 unknown :-1 s=CLOSED pgs=13 cs=0 l=1 rev1=1 crypto rx=0 tx=0 comp rx=0 tx=0).stop
2024-09-10T07:40:35.094 INFO:teuthology.orchestra.run.smithi073.stdout:/usr/bin/ceph: stderr
2024-09-10T07:40:34.505+0000 7f289a479640 1 --2- 172.21.15.73:0/2399978239 >> [v2:172.21.15.73:3300/0,v1:172.21.15.73:6789/0] conn(0x7f2894108390 0x7f2894107c10 unknown :-1 s=CLOSED pgs=48 cs=0 l=1 rev1=1 crypto rx=0 tx=0 comp rx=0 tx=0).stop
2024-09-10T07:40:35.094 INFO:teuthology.orchestra.run.smithi073.stdout:/usr/bin/ceph: stderr
2024-09-10T07:40:34.505+0000 7f289a479640 1 -- 172.21.15.73:0/2399978239 >> 172.21.15.73:0/2399978239 conn(0x7f2894101ed0 msgr2=0x7f2894102ad0 unknown :-1 s=STATE_NONE l=0).mark_down
2024-09-10T07:40:35.094 INFO:teuthology.orchestra.run.smithi073.stdout:/usr/bin/ceph: stderr
2024-09-10T07:40:34.505+0000 7f289a479640 1 -- 172.21.15.73:0/2399978239 shutdown_connections
2024-09-10T07:40:35.094 INFO:teuthology.orchestra.run.smithi073.stdout:/usr/bin/ceph: stderr
2024-09-10T07:40:34.505+0000 7f289a479640 1 -- 172.21.15.73:0/2399978239 wait complete.
2024-09-10T07:40:35.642 INFO:journalctl@ceph.mon.a.smithi073.stdout:Sep 10 07:40:35 smithi073 ceph-mon[30850]: from='client.14142 -' entity='client.admin' cmd=[{"prefix": "orch apply", "service_type": "mgr", "unmanaged": true, "target": ["mon-mgr", ""]}]: dispatch
2024-09-10T07:40:35.642 INFO:journalctl@ceph.mon.a.smithi073.stdout:Sep 10 07:40:35 smithi073 ceph-mon[30850]: Saving service mgr spec with placement count:2
2024-09-10T07:40:35.643 INFO:journalctl@ceph.mon.a.smithi073.stdout:Sep 10 07:40:35 smithi073 ceph-mon[30850]: from='mgr.14118 172.21.15.73:0/2189795773' entity='mgr.x'
2024-09-10T07:40:36.886 INFO:journalctl@ceph.mon.a.smithi073.stdout:Sep 10 07:40:36 smithi073 ceph-mon[30850]: from='client.? 172.21.15.73:0/240614318' entity='client.admin'
2024-09-10T07:40:36.886 INFO:journalctl@ceph.mon.a.smithi073.stdout:Sep 10 07:40:36 smithi073 ceph-mon[30850]: from='mgr.14118 172.21.15.73:0/2189795773' entity='mgr.x'
2024-09-10T07:40:36.894 INFO:teuthology.orchestra.run.smithi073.stdout:/usr/bin/ceph: stderr
2024-09-10T07:40:35.473+0000 7f09d6171640 1 Processor -- start
2024-09-10T07:40:36.894 INFO:teuthology.orchestra.run.smithi073.stdout:/usr/bin/ceph: stderr
2024-09-10T07:40:35.473+0000 7f09d6171640 1 -- start start
2024-09-10T07:40:36.894 INFO:teuthology.orchestra.run.smithi073.stdout:/usr/bin/ceph: stderr
2024-09-10T07:40:35.474+0000 7f09d6171640 1 --2- >> [v2:172.21.15.73:3300/0,v1:172.21.15.73:6789/0] conn(0x7f09d0106710 0x7f09d0106b10 unknown :-1 s=NONE pgs=0 cs=0 l=0 rev1=0 crypto rx=0 tx=0 comp rx=0 tx=0).connect
2024-09-10T07:40:36.894 INFO:teuthology.orchestra.run.smithi073.stdout:/usr/bin/ceph: stderr
2024-09-10T07:40:35.474+0000 7f09d6171640 1 -- --> [v2:172.21.15.73:3300/0,v1:172.21.15.73:6789/0] -- mon_getmap magic: 0 -- 0x7f09d01070e0 con 0x7f09d0106710
2024-09-10T07:40:36.894 INFO:teuthology.orchestra.run.smithi073.stdout:/usr/bin/ceph: stderr
2024-09-10T07:40:35.474+0000 7f09cf7fe640 1 --2- >> [v2:172.21.15.73:3300/0,v1:172.21.15.73:6789/0] conn(0x7f09d0106710 0x7f09d0106b10 unknown :-1 s=BANNER_CONNECTING pgs=0 cs=0 l=0 rev1=0 crypto rx=0 tx=0 comp rx=0 tx=0)._handle_peer_banner_payload supported=3 required=0
2024-09-10T07:40:36.894 INFO:teuthology.orchestra.run.smithi073.stdout:/usr/bin/ceph: stderr
2024-09-10T07:40:35.474+0000 7f09cf7fe640 1 --2- >> [v2:172.21.15.73:3300/0,v1:172.21.15.73:6789/0] conn(0x7f09d0106710 0x7f09d0106b10 unknown :-1 s=HELLO_CONNECTING pgs=0 cs=0 l=0 rev1=1 crypto rx=0 tx=0 comp rx=0 tx=0).handle_hello peer v2:172.21.15.73:3300/0 says I am v2:172.21.15.73:55470/0 (socket says 172.21.15.73:55470)
2024-09-10T07:40:36.895 INFO:teuthology.orchestra.run.smithi073.stdout:/usr/bin/ceph: stderr
2024-09-10T07:40:35.474+0000 7f09cf7fe640 1 -- 172.21.15.73:0/3319796888 learned_addr learned my addr 172.21.15.73:0/3319796888 (peer_addr_for_me v2:172.21.15.73:0/0)
2024-09-10T07:40:36.895 INFO:teuthology.orchestra.run.smithi073.stdout:/usr/bin/ceph: stderr
2024-09-10T07:40:35.474+0000 7f09cf7fe640 1 -- 172.21.15.73:0/3319796888 --> [v2:172.21.15.73:3300/0,v1:172.21.15.73:6789/0] -- mon_subscribe({config=0+,monmap=0+}) -- 0x7f09d0107910 con 0x7f09d0106710
2024-09-10T07:40:36.895 INFO:teuthology.orchestra.run.smithi073.stdout:/usr/bin/ceph: stderr
2024-09-10T07:40:35.475+0000 7f09cf7fe640 1 --2- 172.21.15.73:0/3319796888 >> [v2:172.21.15.73:3300/0,v1:172.21.15.73:6789/0] conn(0x7f09d0106710 0x7f09d0106b10 secure :-1 s=READY pgs=49 cs=0 l=1 rev1=1 crypto rx=0x7f09c0009820 tx=0x7f09c002a270 comp rx=0 tx=0).ready entity=mon.0 client_cookie=b576ea884e6837e server_cookie=0 in_seq=0 out_seq=0
2024-09-10T07:40:36.895 INFO:teuthology.orchestra.run.smithi073.stdout:/usr/bin/ceph: stderr
2024-09-10T07:40:35.475+0000 7f09ce7fc640 1 -- 172.21.15.73:0/3319796888 <== mon.0 v2:172.21.15.73:3300/0 1 ==== mon_map magic: 0 ==== 205+0+0 (secure 0 0 0) 0x7f09c0037070 con 0x7f09d0106710
2024-09-10T07:40:36.895 INFO:teuthology.orchestra.run.smithi073.stdout:/usr/bin/ceph: stderr
2024-09-10T07:40:35.475+0000 7f09ce7fc640 1 -- 172.21.15.73:0/3319796888 <== mon.0 v2:172.21.15.73:3300/0 2 ==== config(27 keys) ==== 1109+0+0 (secure 0 0 0) 0x7f09c0032900 con 0x7f09d0106710
2024-09-10T07:40:36.895 INFO:teuthology.orchestra.run.smithi073.stdout:/usr/bin/ceph: stderr
2024-09-10T07:40:35.475+0000 7f09ce7fc640 1 -- 172.21.15.73:0/3319796888 <== mon.0 v2:172.21.15.73:3300/0 3 ==== mon_map magic: 0 ==== 205+0+0 (secure 0 0 0) 0x7f09c0030850 con 0x7f09d0106710
2024-09-10T07:40:36.895 INFO:teuthology.orchestra.run.smithi073.stdout:/usr/bin/ceph: stderr
2024-09-10T07:40:35.475+0000 7f09d6171640 1 -- 172.21.15.73:0/3319796888 >> [v2:172.21.15.73:3300/0,v1:172.21.15.73:6789/0] conn(0x7f09d0106710 msgr2=0x7f09d0106b10 secure :-1 s=STATE_CONNECTION_ESTABLISHED l=1).mark_down
2024-09-10T07:40:36.895 INFO:teuthology.orchestra.run.smithi073.stdout:/usr/bin/ceph: stderr
2024-09-10T07:40:35.475+0000 7f09d6171640 1 --2- 172.21.15.73:0/3319796888 >> [v2:172.21.15.73:3300/0,v1:172.21.15.73:6789/0] conn(0x7f09d0106710 0x7f09d0106b10 secure :-1 s=READY pgs=49 cs=0 l=1 rev1=1 crypto rx=0x7f09c0009820 tx=0x7f09c002a270 comp rx=0 tx=0).stop
2024-09-10T07:40:36.895 INFO:teuthology.orchestra.run.smithi073.stdout:/usr/bin/ceph: stderr
2024-09-10T07:40:35.475+0000 7f09d6171640 1 -- 172.21.15.73:0/3319796888 shutdown_connections
2024-09-10T07:40:36.895 INFO:teuthology.orchestra.run.smithi073.stdout:/usr/bin/ceph: stderr
2024-09-10T07:40:35.475+0000 7f09d6171640 1 --2- 172.21.15.73:0/3319796888 >> [v2:172.21.15.73:3300/0,v1:172.21.15.73:6789/0] conn(0x7f09d0106710 0x7f09d0106b10 unknown :-1 s=CLOSED pgs=49 cs=0 l=1 rev1=1 crypto rx=0 tx=0 comp rx=0 tx=0).stop
2024-09-10T07:40:36.895 INFO:teuthology.orchestra.run.smithi073.stdout:/usr/bin/ceph: stderr
2024-09-10T07:40:35.475+0000 7f09d6171640 1 -- 172.21.15.73:0/3319796888 >> 172.21.15.73:0/3319796888 conn(0x7f09d0101e80 msgr2=0x7f09d01042e0 unknown :-1 s=STATE_NONE l=0).mark_down
2024-09-10T07:40:36.895 INFO:teuthology.orchestra.run.smithi073.stdout:/usr/bin/ceph: stderr
2024-09-10T07:40:35.475+0000 7f09d6171640 1 -- 172.21.15.73:0/3319796888 shutdown_connections
2024-09-10T07:40:36.895 INFO:teuthology.orchestra.run.smithi073.stdout:/usr/bin/ceph: stderr
2024-09-10T07:40:35.476+0000 7f09d6171640 1 -- 172.21.15.73:0/3319796888 wait complete.
2024-09-10T07:40:36.895 INFO:teuthology.orchestra.run.smithi073.stdout:/usr/bin/ceph: stderr
2024-09-10T07:40:35.476+0000 7f09d6171640 1 Processor -- start
2024-09-10T07:40:36.896 INFO:teuthology.orchestra.run.smithi073.stdout:/usr/bin/ceph: stderr
2024-09-10T07:40:35.476+0000 7f09d6171640 1 -- start start
2024-09-10T07:40:36.896 INFO:teuthology.orchestra.run.smithi073.stdout:/usr/bin/ceph: stderr
2024-09-10T07:40:35.476+0000 7f09d6171640 1 --2- >> [v2:172.21.15.73:3300/0,v1:172.21.15.73:6789/0] conn(0x7f09d0106710 0x7f09d019b880 unknown :-1 s=NONE pgs=0 cs=0 l=1 rev1=0 crypto rx=0 tx=0 comp rx=0 tx=0).connect
2024-09-10T07:40:36.896 INFO:teuthology.orchestra.run.smithi073.stdout:/usr/bin/ceph: stderr
2024-09-10T07:40:35.476+0000 7f09d6171640 1 -- --> [v2:172.21.15.73:3300/0,v1:172.21.15.73:6789/0] -- mon_getmap magic: 0 -- 0x7f09d010acc0 con 0x7f09d0106710
2024-09-10T07:40:36.896 INFO:teuthology.orchestra.run.smithi073.stdout:/usr/bin/ceph: stderr
2024-09-10T07:40:35.476+0000 7f09cf7fe640 1 --2- >> [v2:172.21.15.73:3300/0,v1:172.21.15.73:6789/0] conn(0x7f09d0106710 0x7f09d019b880 unknown :-1 s=BANNER_CONNECTING pgs=0 cs=0 l=1 rev1=0 crypto rx=0 tx=0 comp rx=0 tx=0)._handle_peer_banner_payload supported=3 required=0
2024-09-10T07:40:36.896 INFO:teuthology.orchestra.run.smithi073.stdout:/usr/bin/ceph: stderr
2024-09-10T07:40:35.476+0000 7f09cf7fe640 1 --2- >> [v2:172.21.15.73:3300/0,v1:172.21.15.73:6789/0] conn(0x7f09d0106710 0x7f09d019b880 unknown :-1 s=HELLO_CONNECTING pgs=0 cs=0 l=1 rev1=1 crypto rx=0 tx=0 comp rx=0 tx=0).handle_hello peer v2:172.21.15.73:3300/0 says I am v2:172.21.15.73:55474/0 (socket says 172.21.15.73:55474)
2024-09-10T07:40:36.896 INFO:teuthology.orchestra.run.smithi073.stdout:/usr/bin/ceph: stderr
2024-09-10T07:40:35.477+0000 7f09cf7fe640 1 -- 172.21.15.73:0/240614318 learned_addr learned my addr 172.21.15.73:0/240614318 (peer_addr_for_me v2:172.21.15.73:0/0)
2024-09-10T07:40:36.896 INFO:teuthology.orchestra.run.smithi073.stdout:/usr/bin/ceph: stderr
2024-09-10T07:40:35.477+0000 7f09cf7fe640 1 -- 172.21.15.73:0/240614318 --> [v2:172.21.15.73:3300/0,v1:172.21.15.73:6789/0] -- mon_subscribe({config=0+,monmap=0+}) -- 0x7f09d019bdc0 con 0x7f09d0106710
2024-09-10T07:40:36.896 INFO:teuthology.orchestra.run.smithi073.stdout:/usr/bin/ceph: stderr
2024-09-10T07:40:35.477+0000 7f09cf7fe640 1 --2- 172.21.15.73:0/240614318 >> [v2:172.21.15.73:3300/0,v1:172.21.15.73:6789/0] conn(0x7f09d0106710 0x7f09d019b880 secure :-1 s=READY pgs=50 cs=0 l=1 rev1=1 crypto rx=0x7f09c00097f0 tx=0x7f09c0030d80 comp rx=0 tx=0).ready entity=mon.0 client_cookie=0 server_cookie=0 in_seq=0 out_seq=0
2024-09-10T07:40:36.896 INFO:teuthology.orchestra.run.smithi073.stdout:/usr/bin/ceph: stderr
2024-09-10T07:40:35.477+0000 7f09ccff9640 1 -- 172.21.15.73:0/240614318 <== mon.0 v2:172.21.15.73:3300/0 1 ==== mon_map magic: 0 ==== 205+0+0 (secure 0 0 0) 0x7f09c0037040 con 0x7f09d0106710
2024-09-10T07:40:36.896 INFO:teuthology.orchestra.run.smithi073.stdout:/usr/bin/ceph: stderr
2024-09-10T07:40:35.477+0000 7f09ccff9640 1 -- 172.21.15.73:0/240614318 <== mon.0 v2:172.21.15.73:3300/0 2 ==== config(27 keys) ==== 1109+0+0 (secure 0 0 0) 0x7f09c0040070 con 0x7f09d0106710
2024-09-10T07:40:36.897 INFO:teuthology.orchestra.run.smithi073.stdout:/usr/bin/ceph: stderr
2024-09-10T07:40:35.477+0000 7f09d6171640 1 -- 172.21.15.73:0/240614318 --> [v2:172.21.15.73:3300/0,v1:172.21.15.73:6789/0] -- mon_subscribe({mgrmap=0+}) -- 0x7f09d019c050 con 0x7f09d0106710
2024-09-10T07:40:36.897 INFO:teuthology.orchestra.run.smithi073.stdout:/usr/bin/ceph: stderr
2024-09-10T07:40:35.477+0000 7f09ccff9640 1 -- 172.21.15.73:0/240614318 <== mon.0 v2:172.21.15.73:3300/0 3 ==== mon_map magic: 0 ==== 205+0+0 (secure 0 0 0) 0x7f09c003a390 con 0x7f09d0106710
2024-09-10T07:40:36.897 INFO:teuthology.orchestra.run.smithi073.stdout:/usr/bin/ceph: stderr
2024-09-10T07:40:35.477+0000 7f09d6171640 1 -- 172.21.15.73:0/240614318 --> [v2:172.21.15.73:3300/0,v1:172.21.15.73:6789/0] -- mon_subscribe({osdmap=0}) -- 0x7f09d019ed40 con 0x7f09d0106710
2024-09-10T07:40:36.897 INFO:teuthology.orchestra.run.smithi073.stdout:/usr/bin/ceph: stderr
2024-09-10T07:40:35.478+0000 7f09ccff9640 1 -- 172.21.15.73:0/240614318 <== mon.0 v2:172.21.15.73:3300/0 4 ==== mgrmap(e 8) ==== 46287+0+0 (secure 0 0 0) 0x7f09c003a630 con 0x7f09d0106710
2024-09-10T07:40:36.897 INFO:teuthology.orchestra.run.smithi073.stdout:/usr/bin/ceph: stderr
2024-09-10T07:40:35.478+0000 7f09ccff9640 1 --2- 172.21.15.73:0/240614318 >> [v2:172.21.15.73:6800/142266274,v1:172.21.15.73:6801/142266274] conn(0x7f09b8038f70 0x7f09b803b430 unknown :-1 s=NONE pgs=0 cs=0 l=1 rev1=0 crypto rx=0 tx=0 comp rx=0 tx=0).connect
2024-09-10T07:40:36.897 INFO:teuthology.orchestra.run.smithi073.stdout:/usr/bin/ceph: stderr
2024-09-10T07:40:35.478+0000 7f09ccff9640 1 -- 172.21.15.73:0/240614318 <== mon.0 v2:172.21.15.73:3300/0 5 ==== osd_map(2..2 src has 1..2) ==== 940+0+0 (secure 0 0 0) 0x7f09c006c4d0 con 0x7f09d0106710
2024-09-10T07:40:36.898 INFO:teuthology.orchestra.run.smithi073.stdout:/usr/bin/ceph: stderr
2024-09-10T07:40:35.478+0000 7f09d6171640 1 -- 172.21.15.73:0/240614318 --> [v2:172.21.15.73:3300/0,v1:172.21.15.73:6789/0] -- mon_command({"prefix": "get_command_descriptions"} v 0) -- 0x7f09d010ae40 con 0x7f09d0106710
2024-09-10T07:40:36.898 INFO:teuthology.orchestra.run.smithi073.stdout:/usr/bin/ceph: stderr
2024-09-10T07:40:35.478+0000 7f09ceffd640 1 --2- 172.21.15.73:0/240614318 >> [v2:172.21.15.73:6800/142266274,v1:172.21.15.73:6801/142266274] conn(0x7f09b8038f70 0x7f09b803b430 unknown :-1 s=BANNER_CONNECTING pgs=0 cs=0 l=1 rev1=0 crypto rx=0 tx=0 comp rx=0 tx=0)._handle_peer_banner_payload supported=3 required=0
2024-09-10T07:40:36.898 INFO:teuthology.orchestra.run.smithi073.stdout:/usr/bin/ceph: stderr
2024-09-10T07:40:35.479+0000 7f09ceffd640 1 --2- 172.21.15.73:0/240614318 >> [v2:172.21.15.73:6800/142266274,v1:172.21.15.73:6801/142266274] conn(0x7f09b8038f70 0x7f09b803b430 secure :-1 s=READY pgs=14 cs=0 l=1 rev1=1 crypto rx=0x7f09c40098c0 tx=0x7f09c4006db0 comp rx=0 tx=0).ready entity=mgr.14118 client_cookie=0 server_cookie=0 in_seq=0 out_seq=0
2024-09-10T07:40:36.898 INFO:teuthology.orchestra.run.smithi073.stdout:/usr/bin/ceph: stderr
2024-09-10T07:40:35.483+0000 7f09ccff9640 1 -- 172.21.15.73:0/240614318 <== mon.0 v2:172.21.15.73:3300/0 6 ==== mon_command_ack([{"prefix": "get_command_descriptions"}]=0 v0) ==== 72+0+188821 (secure 0 0 0) 0x7f09c004a200 con 0x7f09d0106710
2024-09-10T07:40:36.898 INFO:teuthology.orchestra.run.smithi073.stdout:/usr/bin/ceph: stderr
2024-09-10T07:40:35.652+0000 7f09d6171640 1 -- 172.21.15.73:0/240614318 --> [v2:172.21.15.73:3300/0,v1:172.21.15.73:6789/0] -- mon_command([{prefix=config set, name=mgr/cephadm/container_init}] v 0) -- 0x7f09d002d950 con 0x7f09d0106710
2024-09-10T07:40:36.898 INFO:teuthology.orchestra.run.smithi073.stdout:/usr/bin/ceph: stderr
2024-09-10T07:40:35.655+0000 7f09ccff9640 1 -- 172.21.15.73:0/240614318 <== mon.0 v2:172.21.15.73:3300/0 7 ==== mon_command_ack([{prefix=config set, name=mgr/cephadm/container_init}]=0 v6)=0 v6) ==== 142+0+0 (secure 0 0 0) 0x7f09c002ee80 con 0x7f09d0106710
2024-09-10T07:40:36.898 INFO:teuthology.orchestra.run.smithi073.stdout:/usr/bin/ceph: stderr
2024-09-10T07:40:35.657+0000 7f09d6171640 1 -- 172.21.15.73:0/240614318 >> [v2:172.21.15.73:6800/142266274,v1:172.21.15.73:6801/142266274] conn(0x7f09b8038f70 msgr2=0x7f09b803b430 secure :-1 s=STATE_CONNECTION_ESTABLISHED l=1).mark_down
2024-09-10T07:40:36.898 INFO:teuthology.orchestra.run.smithi073.stdout:/usr/bin/ceph: stderr
2024-09-10T07:40:35.657+0000 7f09d6171640 1 --2- 172.21.15.73:0/240614318 >> [v2:172.21.15.73:6800/142266274,v1:172.21.15.73:6801/142266274] conn(0x7f09b8038f70 0x7f09b803b430 secure :-1 s=READY pgs=14 cs=0 l=1 rev1=1 crypto rx=0x7f09c40098c0 tx=0x7f09c4006db0 comp rx=0 tx=0).stop
2024-09-10T07:40:36.898 INFO:teuthology.orchestra.run.smithi073.stdout:/usr/bin/ceph: stderr
2024-09-10T07:40:35.657+0000 7f09d6171640 1 -- 172.21.15.73:0/240614318 >> [v2:172.21.15.73:3300/0,v1:172.21.15.73:6789/0] conn(0x7f09d0106710 msgr2=0x7f09d019b880 secure :-1 s=STATE_CONNECTION_ESTABLISHED l=1).mark_down
2024-09-10T07:40:36.899 INFO:teuthology.orchestra.run.smithi073.stdout:/usr/bin/ceph: stderr
2024-09-10T07:40:35.657+0000 7f09d6171640 1 --2- 172.21.15.73:0/240614318 >> [v2:172.21.15.73:3300/0,v1:172.21.15.73:6789/0] conn(0x7f09d0106710 0x7f09d019b880 secure :-1 s=READY pgs=50 cs=0 l=1 rev1=1 crypto rx=0x7f09c00097f0 tx=0x7f09c0030d80 comp rx=0 tx=0).stop
2024-09-10T07:40:36.899 INFO:teuthology.orchestra.run.smithi073.stdout:/usr/bin/ceph: stderr
2024-09-10T07:40:35.657+0000 7f09d6171640 1 -- 172.21.15.73:0/240614318 shutdown_connections
2024-09-10T07:40:36.899 INFO:teuthology.orchestra.run.smithi073.stdout:/usr/bin/ceph: stderr
2024-09-10T07:40:35.657+0000 7f09d6171640 1 --2- 172.21.15.73:0/240614318 >> [v2:172.21.15.73:6800/142266274,v1:172.21.15.73:6801/142266274] conn(0x7f09b8038f70 0x7f09b803b430 unknown :-1 s=CLOSED pgs=14 cs=0 l=1 rev1=1 crypto rx=0 tx=0 comp rx=0 tx=0).stop
2024-09-10T07:40:36.899 INFO:teuthology.orchestra.run.smithi073.stdout:/usr/bin/ceph: stderr
2024-09-10T07:40:35.657+0000 7f09d6171640 1 --2- 172.21.15.73:0/240614318 >> [v2:172.21.15.73:3300/0,v1:172.21.15.73:6789/0] conn(0x7f09d0106710 0x7f09d019b880 unknown :-1 s=CLOSED pgs=50 cs=0 l=1 rev1=1 crypto rx=0 tx=0 comp rx=0 tx=0).stop
2024-09-10T07:40:36.899 INFO:teuthology.orchestra.run.smithi073.stdout:/usr/bin/ceph: stderr
2024-09-10T07:40:35.657+0000 7f09d6171640 1 -- 172.21.15.73:0/240614318 >> 172.21.15.73:0/240614318 conn(0x7f09d0101e80 msgr2=0x7f09d0102e00 unknown :-1 s=STATE_NONE l=0).mark_down
2024-09-10T07:40:36.899 INFO:teuthology.orchestra.run.smithi073.stdout:/usr/bin/ceph: stderr
2024-09-10T07:40:35.657+0000 7f09d6171640 1 -- 172.21.15.73:0/240614318 shutdown_connections
2024-09-10T07:40:36.899 INFO:teuthology.orchestra.run.smithi073.stdout:/usr/bin/ceph: stderr
2024-09-10T07:40:35.657+0000 7f09d6171640 1 -- 172.21.15.73:0/240614318 wait complete.
2024-09-10T07:40:38.222 INFO:journalctl@ceph.mon.a.smithi073.stdout:Sep 10 07:40:37 smithi073 ceph-mon[30850]: from='mgr.14118 172.21.15.73:0/2189795773' entity='mgr.x'
2024-09-10T07:40:38.222 INFO:journalctl@ceph.mon.a.smithi073.stdout:Sep 10 07:40:37 smithi073 ceph-mon[30850]: from='client.? 172.21.15.73:0/2064742476' entity='client.admin'
2024-09-10T07:40:38.354 INFO:teuthology.orchestra.run.smithi073.stdout:/usr/bin/ceph: stderr
2024-09-10T07:40:37.345+0000 7fa01aee7640 1 Processor -- start
2024-09-10T07:40:38.354 INFO:teuthology.orchestra.run.smithi073.stdout:/usr/bin/ceph: stderr
