2024-09-10T07:40:40.941+0000 7f30f3b3e640 1 -- 172.21.15.73:0/3790987261 >> [v2:172.21.15.73:3300/0,v1:172.21.15.73:6789/0] conn(0x7f30ec106790 msgr2=0x7f30ec191920 secure :-1 s=STATE_CONNECTION_ESTABLISHED l=1).mark_down
2024-09-10T07:40:42.334 INFO:teuthology.orchestra.run.smithi073.stdout:/usr/bin/ceph: stderr
2024-09-10T07:40:40.941+0000 7f30f3b3e640 1 --2- 172.21.15.73:0/3790987261 >> [v2:172.21.15.73:3300/0,v1:172.21.15.73:6789/0] conn(0x7f30ec106790 0x7f30ec191920 secure :-1 s=READY pgs=58 cs=0 l=1 rev1=1 crypto rx=0x7f30e8030560 tx=0x7f30e8032670 comp rx=0 tx=0).stop
2024-09-10T07:40:42.334 INFO:teuthology.orchestra.run.smithi073.stdout:/usr/bin/ceph: stderr
2024-09-10T07:40:40.942+0000 7f30f3b3e640 1 -- 172.21.15.73:0/3790987261 shutdown_connections
2024-09-10T07:40:42.334 INFO:teuthology.orchestra.run.smithi073.stdout:/usr/bin/ceph: stderr
2024-09-10T07:40:40.942+0000 7f30f3b3e640 1 --2- 172.21.15.73:0/3790987261 >> [v2:172.21.15.73:6800/142266274,v1:172.21.15.73:6801/142266274] conn(0x7f30d8039020 0x7f30d803b4e0 unknown :-1 s=CLOSED pgs=0 cs=0 l=1 rev1=0 crypto rx=0 tx=0 comp rx=0 tx=0).stop
2024-09-10T07:40:42.334 INFO:teuthology.orchestra.run.smithi073.stdout:/usr/bin/ceph: stderr
2024-09-10T07:40:40.942+0000 7f30f3b3e640 1 --2- 172.21.15.73:0/3790987261 >> [v2:172.21.15.73:3300/0,v1:172.21.15.73:6789/0] conn(0x7f30ec106790 0x7f30ec191920 unknown :-1 s=CLOSED pgs=58 cs=0 l=1 rev1=1 crypto rx=0 tx=0 comp rx=0 tx=0).stop
2024-09-10T07:40:42.334 INFO:teuthology.orchestra.run.smithi073.stdout:/usr/bin/ceph: stderr
2024-09-10T07:40:40.942+0000 7f30f3b3e640 1 -- 172.21.15.73:0/3790987261 >> 172.21.15.73:0/3790987261 conn(0x7f30ec101f60 msgr2=0x7f30ec102eb0 unknown :-1 s=STATE_NONE l=0).mark_down
2024-09-10T07:40:42.334 INFO:teuthology.orchestra.run.smithi073.stdout:/usr/bin/ceph: stderr
2024-09-10T07:40:40.942+0000 7f30f3b3e640 1 -- 172.21.15.73:0/3790987261 shutdown_connections
2024-09-10T07:40:42.334 INFO:teuthology.orchestra.run.smithi073.stdout:/usr/bin/ceph: stderr
2024-09-10T07:40:40.942+0000 7f30f3b3e640 1 -- 172.21.15.73:0/3790987261 wait complete.
2024-09-10T07:40:42.334 INFO:teuthology.orchestra.run.smithi073.stdout:Waiting for the mgr to restart...
2024-09-10T07:40:42.334 INFO:teuthology.orchestra.run.smithi073.stdout:Waiting for mgr epoch 9...
2024-09-10T07:40:42.948 INFO:journalctl@ceph.mgr.x.smithi073.stdout:Sep 10 07:40:42 smithi073 ceph-c025e280-6f47-11ef-bcea-c7b262605968-mgr-x[31073]:
2024-09-10T07:40:42.702+0000 7f7e53d8c040 -1 mgr[py] Module rook has missing NOTIFY_TYPES member
2024-09-10T07:40:42.949 INFO:journalctl@ceph.mgr.x.smithi073.stdout:Sep 10 07:40:42 smithi073 ceph-c025e280-6f47-11ef-bcea-c7b262605968-mgr-x[31073]:
2024-09-10T07:40:42.822+0000 7f7e53d8c040 -1 mgr[py] Module iostat has missing NOTIFY_TYPES member
2024-09-10T07:40:43.222 INFO:journalctl@ceph.mgr.x.smithi073.stdout:Sep 10 07:40:42 smithi073 ceph-c025e280-6f47-11ef-bcea-c7b262605968-mgr-x[31073]:
2024-09-10T07:40:42.966+0000 7f7e53d8c040 -1 mgr[py] Module orchestrator has missing NOTIFY_TYPES member
2024-09-10T07:40:43.222 INFO:journalctl@ceph.mgr.x.smithi073.stdout:Sep 10 07:40:43 smithi073 ceph-c025e280-6f47-11ef-bcea-c7b262605968-mgr-x[31073]:
2024-09-10T07:40:43.028+0000 7f7e53d8c040 -1 mgr[py] Module devicehealth has missing NOTIFY_TYPES member
2024-09-10T07:40:43.222 INFO:journalctl@ceph.mgr.x.smithi073.stdout:Sep 10 07:40:43 smithi073 ceph-c025e280-6f47-11ef-bcea-c7b262605968-mgr-x[31073]:
2024-09-10T07:40:43.177+0000 7f7e53d8c040 -1 mgr[py] Module rgw has missing NOTIFY_TYPES member
2024-09-10T07:40:43.528 INFO:journalctl@ceph.mgr.x.smithi073.stdout:Sep 10 07:40:43 smithi073 ceph-c025e280-6f47-11ef-bcea-c7b262605968-mgr-x[31073]:
2024-09-10T07:40:43.245+0000 7f7e53d8c040 -1 mgr[py] Module alerts has missing NOTIFY_TYPES member
2024-09-10T07:40:43.529 INFO:journalctl@ceph.mgr.x.smithi073.stdout:Sep 10 07:40:43 smithi073 ceph-c025e280-6f47-11ef-bcea-c7b262605968-mgr-x[31073]:
2024-09-10T07:40:43.305+0000 7f7e53d8c040 -1 mgr[py] Module progress has missing NOTIFY_TYPES member
2024-09-10T07:40:43.529 INFO:journalctl@ceph.mgr.x.smithi073.stdout:Sep 10 07:40:43 smithi073 ceph-c025e280-6f47-11ef-bcea-c7b262605968-mgr-x[31073]:
2024-09-10T07:40:43.463+0000 7f7e53d8c040 -1 mgr[py] Module nfs has missing NOTIFY_TYPES member
2024-09-10T07:40:43.529 INFO:journalctl@ceph.mgr.x.smithi073.stdout:Sep 10 07:40:43 smithi073 ceph-c025e280-6f47-11ef-bcea-c7b262605968-mgr-x[31073]:
2024-09-10T07:40:43.528+0000 7f7e53d8c040 -1 mgr[py] Module status has missing NOTIFY_TYPES member
2024-09-10T07:40:43.795 INFO:journalctl@ceph.mgr.x.smithi073.stdout:Sep 10 07:40:43 smithi073 ceph-c025e280-6f47-11ef-bcea-c7b262605968-mgr-x[31073]:
2024-09-10T07:40:43.593+0000 7f7e53d8c040 -1 mgr[py] Module pg_autoscaler has missing NOTIFY_TYPES member
2024-09-10T07:40:43.795 INFO:journalctl@ceph.mgr.x.smithi073.stdout:Sep 10 07:40:43 smithi073 ceph-c025e280-6f47-11ef-bcea-c7b262605968-mgr-x[31073]:
2024-09-10T07:40:43.676+0000 7f7e53d8c040 -1 mgr[py] Module rbd_support has missing NOTIFY_TYPES member
2024-09-10T07:40:43.795 INFO:journalctl@ceph.mgr.x.smithi073.stdout:Sep 10 07:40:43 smithi073 ceph-c025e280-6f47-11ef-bcea-c7b262605968-mgr-x[31073]:
2024-09-10T07:40:43.736+0000 7f7e53d8c040 -1 mgr[py] Module influx has missing NOTIFY_TYPES member
2024-09-10T07:40:43.795 INFO:journalctl@ceph.mgr.x.smithi073.stdout:Sep 10 07:40:43 smithi073 ceph-c025e280-6f47-11ef-bcea-c7b262605968-mgr-x[31073]:
2024-09-10T07:40:43.795+0000 7f7e53d8c040 -1 mgr[py] Module zabbix has missing NOTIFY_TYPES member
2024-09-10T07:40:44.972 INFO:journalctl@ceph.mgr.x.smithi073.stdout:Sep 10 07:40:44 smithi073 ceph-c025e280-6f47-11ef-bcea-c7b262605968-mgr-x[31073]:
2024-09-10T07:40:44.579+0000 7f7e53d8c040 -1 mgr[py] Module telegraf has missing NOTIFY_TYPES member
2024-09-10T07:40:44.973 INFO:journalctl@ceph.mon.a.smithi073.stdout:Sep 10 07:40:44 smithi073 ceph-mon[30850]: Active manager daemon x restarted
2024-09-10T07:40:44.973 INFO:journalctl@ceph.mon.a.smithi073.stdout:Sep 10 07:40:44 smithi073 ceph-mon[30850]: Activating manager daemon x
2024-09-10T07:40:44.973 INFO:journalctl@ceph.mon.a.smithi073.stdout:Sep 10 07:40:44 smithi073 ceph-mon[30850]: osdmap e3: 0 total, 0 up, 0 in
2024-09-10T07:40:44.973 INFO:journalctl@ceph.mon.a.smithi073.stdout:Sep 10 07:40:44 smithi073 ceph-mon[30850]: mgrmap e10: x(active, starting, since 0.00319521s)
2024-09-10T07:40:44.973 INFO:journalctl@ceph.mon.a.smithi073.stdout:Sep 10 07:40:44 smithi073 ceph-mon[30850]: from='mgr.14150 172.21.15.73:0/588742217' entity='mgr.x' cmd=[{"prefix": "mon metadata", "id": "a"}]: dispatch
2024-09-10T07:40:44.973 INFO:journalctl@ceph.mon.a.smithi073.stdout:Sep 10 07:40:44 smithi073 ceph-mon[30850]: from='mgr.14150 172.21.15.73:0/588742217' entity='mgr.x' cmd=[{"prefix": "mgr metadata", "who": "x", "id": "x"}]: dispatch
2024-09-10T07:40:44.973 INFO:journalctl@ceph.mon.a.smithi073.stdout:Sep 10 07:40:44 smithi073 ceph-mon[30850]: from='mgr.14150 172.21.15.73:0/588742217' entity='mgr.x' cmd=[{"prefix": "mds metadata"}]: dispatch
2024-09-10T07:40:44.973 INFO:journalctl@ceph.mon.a.smithi073.stdout:Sep 10 07:40:44 smithi073 ceph-mon[30850]: from='mgr.14150 172.21.15.73:0/588742217' entity='mgr.x' cmd=[{"prefix": "osd metadata"}]: dispatch
2024-09-10T07:40:44.973 INFO:journalctl@ceph.mon.a.smithi073.stdout:Sep 10 07:40:44 smithi073 ceph-mon[30850]: from='mgr.14150 172.21.15.73:0/588742217' entity='mgr.x' cmd=[{"prefix": "mon metadata"}]: dispatch
2024-09-10T07:40:44.973 INFO:journalctl@ceph.mon.a.smithi073.stdout:Sep 10 07:40:44 smithi073 ceph-mon[30850]: Manager daemon x is now available
2024-09-10T07:40:44.973 INFO:journalctl@ceph.mon.a.smithi073.stdout:Sep 10 07:40:44 smithi073 ceph-mon[30850]: from='mgr.14150 172.21.15.73:0/588742217' entity='mgr.x' cmd=[{"prefix": "config dump", "format": "json"}]: dispatch
2024-09-10T07:40:44.973 INFO:journalctl@ceph.mon.a.smithi073.stdout:Sep 10 07:40:44 smithi073 ceph-mon[30850]: from='mgr.14150 172.21.15.73:0/588742217' entity='mgr.x' cmd=[{"prefix":"config rm","who":"mgr","name":"mgr/rbd_support/x/mirror_snapshot_schedule"}]: dispatch
2024-09-10T07:40:44.973 INFO:journalctl@ceph.mon.a.smithi073.stdout:Sep 10 07:40:44 smithi073 ceph-mon[30850]: from='mgr.14150 172.21.15.73:0/588742217' entity='mgr.x' cmd=[{"prefix":"config rm","who":"mgr","name":"mgr/rbd_support/x/trash_purge_schedule"}]: dispatch
2024-09-10T07:40:45.973 INFO:journalctl@ceph.mgr.x.smithi073.stdout:Sep 10 07:40:45 smithi073 ceph-c025e280-6f47-11ef-bcea-c7b262605968-mgr-x[31073]:
2024-09-10T07:40:45.648+0000 7f7db9855640 -1 log_channel(cephadm) log [ERR] : [10/Sep/2024:07:40:45] ENGINE Error in HTTPServer.serve
2024-09-10T07:40:45.973 INFO:journalctl@ceph.mgr.x.smithi073.stdout:Sep 10 07:40:45 smithi073 ceph-c025e280-6f47-11ef-bcea-c7b262605968-mgr-x[31073]: Traceback (most recent call last):
2024-09-10T07:40:45.973 INFO:journalctl@ceph.mgr.x.smithi073.stdout:Sep 10 07:40:45 smithi073 ceph-c025e280-6f47-11ef-bcea-c7b262605968-mgr-x[31073]: File "/lib/python3.9/site-packages/cheroot/server.py", line 1823, in serve
2024-09-10T07:40:45.973 INFO:journalctl@ceph.mgr.x.smithi073.stdout:Sep 10 07:40:45 smithi073 ceph-c025e280-6f47-11ef-bcea-c7b262605968-mgr-x[31073]: self._connections.run(self.expiration_interval)
2024-09-10T07:40:45.973 INFO:journalctl@ceph.mgr.x.smithi073.stdout:Sep 10 07:40:45 smithi073 ceph-c025e280-6f47-11ef-bcea-c7b262605968-mgr-x[31073]: File "/lib/python3.9/site-packages/cheroot/connections.py", line 203, in run
2024-09-10T07:40:45.974 INFO:journalctl@ceph.mgr.x.smithi073.stdout:Sep 10 07:40:45 smithi073 ceph-c025e280-6f47-11ef-bcea-c7b262605968-mgr-x[31073]: self._run(expiration_interval)
2024-09-10T07:40:45.974 INFO:journalctl@ceph.mgr.x.smithi073.stdout:Sep 10 07:40:45 smithi073 ceph-c025e280-6f47-11ef-bcea-c7b262605968-mgr-x[31073]: File "/lib/python3.9/site-packages/cheroot/connections.py", line 246, in _run
2024-09-10T07:40:45.974 INFO:journalctl@ceph.mgr.x.smithi073.stdout:Sep 10 07:40:45 smithi073 ceph-c025e280-6f47-11ef-bcea-c7b262605968-mgr-x[31073]: new_conn = self._from_server_socket(self.server.socket)
2024-09-10T07:40:45.974 INFO:journalctl@ceph.mgr.x.smithi073.stdout:Sep 10 07:40:45 smithi073 ceph-c025e280-6f47-11ef-bcea-c7b262605968-mgr-x[31073]: File "/lib/python3.9/site-packages/cheroot/connections.py", line 300, in _from_server_socket
2024-09-10T07:40:45.974 INFO:journalctl@ceph.mgr.x.smithi073.stdout:Sep 10 07:40:45 smithi073 ceph-c025e280-6f47-11ef-bcea-c7b262605968-mgr-x[31073]: s, ssl_env = self.server.ssl_adapter.wrap(s)
2024-09-10T07:40:45.974 INFO:journalctl@ceph.mgr.x.smithi073.stdout:Sep 10 07:40:45 smithi073 ceph-c025e280-6f47-11ef-bcea-c7b262605968-mgr-x[31073]: File "/lib/python3.9/site-packages/cheroot/ssl/builtin.py", line 277, in wrap
2024-09-10T07:40:45.974 INFO:journalctl@ceph.mgr.x.smithi073.stdout:Sep 10 07:40:45 smithi073 ceph-c025e280-6f47-11ef-bcea-c7b262605968-mgr-x[31073]: s = self.context.wrap_socket(
2024-09-10T07:40:45.974 INFO:journalctl@ceph.mgr.x.smithi073.stdout:Sep 10 07:40:45 smithi073 ceph-c025e280-6f47-11ef-bcea-c7b262605968-mgr-x[31073]: File "/lib64/python3.9/ssl.py", line 501, in wrap_socket
2024-09-10T07:40:45.974 INFO:journalctl@ceph.mgr.x.smithi073.stdout:Sep 10 07:40:45 smithi073 ceph-c025e280-6f47-11ef-bcea-c7b262605968-mgr-x[31073]: return self.sslsocket_class._create(
2024-09-10T07:40:45.974 INFO:journalctl@ceph.mgr.x.smithi073.stdout:Sep 10 07:40:45 smithi073 ceph-c025e280-6f47-11ef-bcea-c7b262605968-mgr-x[31073]: File "/lib64/python3.9/ssl.py", line 1074, in _create
2024-09-10T07:40:45.974 INFO:journalctl@ceph.mgr.x.smithi073.stdout:Sep 10 07:40:45 smithi073 ceph-c025e280-6f47-11ef-bcea-c7b262605968-mgr-x[31073]: self.do_handshake()
2024-09-10T07:40:45.974 INFO:journalctl@ceph.mgr.x.smithi073.stdout:Sep 10 07:40:45 smithi073 ceph-c025e280-6f47-11ef-bcea-c7b262605968-mgr-x[31073]: File "/lib64/python3.9/ssl.py", line 1343, in do_handshake
2024-09-10T07:40:45.974 INFO:journalctl@ceph.mgr.x.smithi073.stdout:Sep 10 07:40:45 smithi073 ceph-c025e280-6f47-11ef-bcea-c7b262605968-mgr-x[31073]: self._sslobj.do_handshake()
2024-09-10T07:40:45.975 INFO:journalctl@ceph.mgr.x.smithi073.stdout:Sep 10 07:40:45 smithi073 ceph-c025e280-6f47-11ef-bcea-c7b262605968-mgr-x[31073]: ssl.SSLZeroReturnError: TLS/SSL connection has been closed (EOF) (_ssl.c:1133)
2024-09-10T07:40:45.975 INFO:journalctl@ceph.mgr.x.smithi073.stdout:Sep 10 07:40:45 smithi073 ceph-c025e280-6f47-11ef-bcea-c7b262605968-mgr-x[31073]:
2024-09-10T07:40:46.305 INFO:teuthology.orchestra.run.smithi073.stdout:/usr/bin/ceph: stdout {
2024-09-10T07:40:46.305 INFO:teuthology.orchestra.run.smithi073.stdout:/usr/bin/ceph: stdout "mgrmap_epoch": 11,
2024-09-10T07:40:46.305 INFO:teuthology.orchestra.run.smithi073.stdout:/usr/bin/ceph: stdout "initialized": true
2024-09-10T07:40:46.305 INFO:teuthology.orchestra.run.smithi073.stdout:/usr/bin/ceph: stdout }
2024-09-10T07:40:46.305 INFO:teuthology.orchestra.run.smithi073.stdout:/usr/bin/ceph: stderr
2024-09-10T07:40:42.742+0000 7f395a172640 1 Processor -- start
2024-09-10T07:40:46.305 INFO:teuthology.orchestra.run.smithi073.stdout:/usr/bin/ceph: stderr
2024-09-10T07:40:42.742+0000 7f395a172640 1 -- start start
2024-09-10T07:40:46.306 INFO:teuthology.orchestra.run.smithi073.stdout:/usr/bin/ceph: stderr
2024-09-10T07:40:42.742+0000 7f395a172640 1 --2- >> [v2:172.21.15.73:3300/0,v1:172.21.15.73:6789/0] conn(0x7f3954106750 0x7f3954106b50 unknown :-1 s=NONE pgs=0 cs=0 l=0 rev1=0 crypto rx=0 tx=0 comp rx=0 tx=0).connect
2024-09-10T07:40:46.306 INFO:teuthology.orchestra.run.smithi073.stdout:/usr/bin/ceph: stderr
2024-09-10T07:40:42.742+0000 7f395a172640 1 -- --> [v2:172.21.15.73:3300/0,v1:172.21.15.73:6789/0] -- mon_getmap magic: 0 -- 0x7f3954107120 con 0x7f3954106750
2024-09-10T07:40:46.306 INFO:teuthology.orchestra.run.smithi073.stdout:/usr/bin/ceph: stderr
2024-09-10T07:40:42.742+0000 7f39537fe640 1 --2- >> [v2:172.21.15.73:3300/0,v1:172.21.15.73:6789/0] conn(0x7f3954106750 0x7f3954106b50 unknown :-1 s=BANNER_CONNECTING pgs=0 cs=0 l=0 rev1=0 crypto rx=0 tx=0 comp rx=0 tx=0)._handle_peer_banner_payload supported=3 required=0
2024-09-10T07:40:46.306 INFO:teuthology.orchestra.run.smithi073.stdout:/usr/bin/ceph: stderr
2024-09-10T07:40:42.742+0000 7f39537fe640 1 --2- >> [v2:172.21.15.73:3300/0,v1:172.21.15.73:6789/0] conn(0x7f3954106750 0x7f3954106b50 unknown :-1 s=HELLO_CONNECTING pgs=0 cs=0 l=0 rev1=1 crypto rx=0 tx=0 comp rx=0 tx=0).handle_hello peer v2:172.21.15.73:3300/0 says I am v2:172.21.15.73:41742/0 (socket says 172.21.15.73:41742)
2024-09-10T07:40:46.306 INFO:teuthology.orchestra.run.smithi073.stdout:/usr/bin/ceph: stderr
2024-09-10T07:40:42.742+0000 7f39537fe640 1 -- 172.21.15.73:0/3074118164 learned_addr learned my addr 172.21.15.73:0/3074118164 (peer_addr_for_me v2:172.21.15.73:0/0)
2024-09-10T07:40:46.306 INFO:teuthology.orchestra.run.smithi073.stdout:/usr/bin/ceph: stderr
2024-09-10T07:40:42.742+0000 7f39537fe640 1 -- 172.21.15.73:0/3074118164 --> [v2:172.21.15.73:3300/0,v1:172.21.15.73:6789/0] -- mon_subscribe({config=0+,monmap=0+}) -- 0x7f3954107950 con 0x7f3954106750
2024-09-10T07:40:46.306 INFO:teuthology.orchestra.run.smithi073.stdout:/usr/bin/ceph: stderr
2024-09-10T07:40:42.743+0000 7f39537fe640 1 --2- 172.21.15.73:0/3074118164 >> [v2:172.21.15.73:3300/0,v1:172.21.15.73:6789/0] conn(0x7f3954106750 0x7f3954106b50 secure :-1 s=READY pgs=59 cs=0 l=1 rev1=1 crypto rx=0x7f3944009820 tx=0x7f394402a270 comp rx=0 tx=0).ready entity=mon.0 client_cookie=d3beac96477250b1 server_cookie=0 in_seq=0 out_seq=0
2024-09-10T07:40:46.306 INFO:teuthology.orchestra.run.smithi073.stdout:/usr/bin/ceph: stderr
2024-09-10T07:40:42.743+0000 7f39527fc640 1 -- 172.21.15.73:0/3074118164 <== mon.0 v2:172.21.15.73:3300/0 1 ==== mon_map magic: 0 ==== 205+0+0 (secure 0 0 0) 0x7f3944037070 con 0x7f3954106750
2024-09-10T07:40:46.306 INFO:teuthology.orchestra.run.smithi073.stdout:/usr/bin/ceph: stderr
2024-09-10T07:40:42.743+0000 7f39527fc640 1 -- 172.21.15.73:0/3074118164 <== mon.0 v2:172.21.15.73:3300/0 2 ==== config(27 keys) ==== 1140+0+0 (secure 0 0 0) 0x7f3944032920 con 0x7f3954106750
2024-09-10T07:40:46.306 INFO:teuthology.orchestra.run.smithi073.stdout:/usr/bin/ceph: stderr
2024-09-10T07:40:42.743+0000 7f39527fc640 1 -- 172.21.15.73:0/3074118164 <== mon.0 v2:172.21.15.73:3300/0 3 ==== mon_map magic: 0 ==== 205+0+0 (secure 0 0 0) 0x7f3944030810 con 0x7f3954106750
2024-09-10T07:40:46.307 INFO:teuthology.orchestra.run.smithi073.stdout:/usr/bin/ceph: stderr
2024-09-10T07:40:42.744+0000 7f395a172640 1 -- 172.21.15.73:0/3074118164 >> [v2:172.21.15.73:3300/0,v1:172.21.15.73:6789/0] conn(0x7f3954106750 msgr2=0x7f3954106b50 secure :-1 s=STATE_CONNECTION_ESTABLISHED l=1).mark_down
2024-09-10T07:40:46.307 INFO:teuthology.orchestra.run.smithi073.stdout:/usr/bin/ceph: stderr
2024-09-10T07:40:42.744+0000 7f395a172640 1 --2- 172.21.15.73:0/3074118164 >> [v2:172.21.15.73:3300/0,v1:172.21.15.73:6789/0] conn(0x7f3954106750 0x7f3954106b50 secure :-1 s=READY pgs=59 cs=0 l=1 rev1=1 crypto rx=0x7f3944009820 tx=0x7f394402a270 comp rx=0 tx=0).stop
2024-09-10T07:40:46.307 INFO:teuthology.orchestra.run.smithi073.stdout:/usr/bin/ceph: stderr
2024-09-10T07:40:42.744+0000 7f395a172640 1 -- 172.21.15.73:0/3074118164 shutdown_connections
2024-09-10T07:40:46.307 INFO:teuthology.orchestra.run.smithi073.stdout:/usr/bin/ceph: stderr
2024-09-10T07:40:42.744+0000 7f395a172640 1 --2- 172.21.15.73:0/3074118164 >> [v2:172.21.15.73:3300/0,v1:172.21.15.73:6789/0] conn(0x7f3954106750 0x7f3954106b50 unknown :-1 s=CLOSED pgs=59 cs=0 l=1 rev1=1 crypto rx=0 tx=0 comp rx=0 tx=0).stop
2024-09-10T07:40:46.307 INFO:teuthology.orchestra.run.smithi073.stdout:/usr/bin/ceph: stderr
2024-09-10T07:40:42.744+0000 7f395a172640 1 -- 172.21.15.73:0/3074118164 >> 172.21.15.73:0/3074118164 conn(0x7f3954101ea0 msgr2=0x7f3954104320 unknown :-1 s=STATE_NONE l=0).mark_down
2024-09-10T07:40:46.307 INFO:teuthology.orchestra.run.smithi073.stdout:/usr/bin/ceph: stderr
2024-09-10T07:40:42.744+0000 7f395a172640 1 -- 172.21.15.73:0/3074118164 shutdown_connections
2024-09-10T07:40:46.307 INFO:teuthology.orchestra.run.smithi073.stdout:/usr/bin/ceph: stderr
2024-09-10T07:40:42.744+0000 7f395a172640 1 -- 172.21.15.73:0/3074118164 wait complete.
2024-09-10T07:40:46.307 INFO:teuthology.orchestra.run.smithi073.stdout:/usr/bin/ceph: stderr
2024-09-10T07:40:42.744+0000 7f395a172640 1 Processor -- start
2024-09-10T07:40:46.307 INFO:teuthology.orchestra.run.smithi073.stdout:/usr/bin/ceph: stderr
2024-09-10T07:40:42.745+0000 7f395a172640 1 -- start start
2024-09-10T07:40:46.307 INFO:teuthology.orchestra.run.smithi073.stdout:/usr/bin/ceph: stderr
2024-09-10T07:40:42.745+0000 7f395a172640 1 --2- >> [v2:172.21.15.73:3300/0,v1:172.21.15.73:6789/0] conn(0x7f3954106750 0x7f395419b940 unknown :-1 s=NONE pgs=0 cs=0 l=1 rev1=0 crypto rx=0 tx=0 comp rx=0 tx=0).connect
2024-09-10T07:40:46.307 INFO:teuthology.orchestra.run.smithi073.stdout:/usr/bin/ceph: stderr
2024-09-10T07:40:42.745+0000 7f395a172640 1 -- --> [v2:172.21.15.73:3300/0,v1:172.21.15.73:6789/0] -- mon_getmap magic: 0 -- 0x7f395410ad00 con 0x7f3954106750
2024-09-10T07:40:46.307 INFO:teuthology.orchestra.run.smithi073.stdout:/usr/bin/ceph: stderr
2024-09-10T07:40:42.745+0000 7f39537fe640 1 --2- >> [v2:172.21.15.73:3300/0,v1:172.21.15.73:6789/0] conn(0x7f3954106750 0x7f395419b940 unknown :-1 s=BANNER_CONNECTING pgs=0 cs=0 l=1 rev1=0 crypto rx=0 tx=0 comp rx=0 tx=0)._handle_peer_banner_payload supported=3 required=0
2024-09-10T07:40:46.307 INFO:teuthology.orchestra.run.smithi073.stdout:/usr/bin/ceph: stderr
2024-09-10T07:40:42.745+0000 7f39537fe640 1 --2- >> [v2:172.21.15.73:3300/0,v1:172.21.15.73:6789/0] conn(0x7f3954106750 0x7f395419b940 unknown :-1 s=HELLO_CONNECTING pgs=0 cs=0 l=1 rev1=1 crypto rx=0 tx=0 comp rx=0 tx=0).handle_hello peer v2:172.21.15.73:3300/0 says I am v2:172.21.15.73:41748/0 (socket says 172.21.15.73:41748)
2024-09-10T07:40:46.308 INFO:teuthology.orchestra.run.smithi073.stdout:/usr/bin/ceph: stderr
2024-09-10T07:40:42.745+0000 7f39537fe640 1 -- 172.21.15.73:0/946490893 learned_addr learned my addr 172.21.15.73:0/946490893 (peer_addr_for_me v2:172.21.15.73:0/0)
2024-09-10T07:40:46.308 INFO:teuthology.orchestra.run.smithi073.stdout:/usr/bin/ceph: stderr
2024-09-10T07:40:42.745+0000 7f39537fe640 1 -- 172.21.15.73:0/946490893 --> [v2:172.21.15.73:3300/0,v1:172.21.15.73:6789/0] -- mon_subscribe({config=0+,monmap=0+}) -- 0x7f395419be80 con 0x7f3954106750
2024-09-10T07:40:46.308 INFO:teuthology.orchestra.run.smithi073.stdout:/usr/bin/ceph: stderr
2024-09-10T07:40:42.745+0000 7f39537fe640 1 --2- 172.21.15.73:0/946490893 >> [v2:172.21.15.73:3300/0,v1:172.21.15.73:6789/0] conn(0x7f3954106750 0x7f395419b940 secure :-1 s=READY pgs=60 cs=0 l=1 rev1=1 crypto rx=0x7f39440097f0 tx=0x7f39440327b0 comp rx=0 tx=0).ready entity=mon.0 client_cookie=0 server_cookie=0 in_seq=0 out_seq=0
2024-09-10T07:40:46.308 INFO:teuthology.orchestra.run.smithi073.stdout:/usr/bin/ceph: stderr
2024-09-10T07:40:42.745+0000 7f3950ff9640 1 -- 172.21.15.73:0/946490893 <== mon.0 v2:172.21.15.73:3300/0 1 ==== mon_map magic: 0 ==== 205+0+0 (secure 0 0 0) 0x7f3944037040 con 0x7f3954106750
2024-09-10T07:40:46.308 INFO:teuthology.orchestra.run.smithi073.stdout:/usr/bin/ceph: stderr
2024-09-10T07:40:42.746+0000 7f3950ff9640 1 -- 172.21.15.73:0/946490893 <== mon.0 v2:172.21.15.73:3300/0 2 ==== config(27 keys) ==== 1140+0+0 (secure 0 0 0) 0x7f3944030c40 con 0x7f3954106750
2024-09-10T07:40:46.308 INFO:teuthology.orchestra.run.smithi073.stdout:/usr/bin/ceph: stderr
2024-09-10T07:40:42.746+0000 7f395a172640 1 -- 172.21.15.73:0/946490893 --> [v2:172.21.15.73:3300/0,v1:172.21.15.73:6789/0] -- mon_subscribe({mgrmap=0+}) -- 0x7f395419c110 con 0x7f3954106750
2024-09-10T07:40:46.308 INFO:teuthology.orchestra.run.smithi073.stdout:/usr/bin/ceph: stderr
2024-09-10T07:40:42.746+0000 7f3950ff9640 1 -- 172.21.15.73:0/946490893 <== mon.0 v2:172.21.15.73:3300/0 3 ==== mon_map magic: 0 ==== 205+0+0 (secure 0 0 0) 0x7f394403a5b0 con 0x7f3954106750
2024-09-10T07:40:46.308 INFO:teuthology.orchestra.run.smithi073.stdout:/usr/bin/ceph: stderr
2024-09-10T07:40:42.746+0000 7f395a172640 1 -- 172.21.15.73:0/946490893 --> [v2:172.21.15.73:3300/0,v1:172.21.15.73:6789/0] -- mon_subscribe({osdmap=0}) -- 0x7f395419ee00 con 0x7f3954106750
2024-09-10T07:40:46.308 INFO:teuthology.orchestra.run.smithi073.stdout:/usr/bin/ceph: stderr
2024-09-10T07:40:42.747+0000 7f3950ff9640 1 -- 172.21.15.73:0/946490893 <== mon.0 v2:172.21.15.73:3300/0 4 ==== mgrmap(e 9) ==== 46300+0+0 (secure 0 0 0) 0x7f394403a7a0 con 0x7f3954106750
2024-09-10T07:40:46.308 INFO:teuthology.orchestra.run.smithi073.stdout:/usr/bin/ceph: stderr
2024-09-10T07:40:42.747+0000 7f3950ff9640 1 --2- 172.21.15.73:0/946490893 >> [v2:172.21.15.73:6800/142266274,v1:172.21.15.73:6801/142266274] conn(0x7f393c039020 0x7f393c03b4e0 unknown :-1 s=NONE pgs=0 cs=0 l=1 rev1=0 crypto rx=0 tx=0 comp rx=0 tx=0).connect
2024-09-10T07:40:46.308 INFO:teuthology.orchestra.run.smithi073.stdout:/usr/bin/ceph: stderr
2024-09-10T07:40:42.747+0000 7f3950ff9640 1 -- 172.21.15.73:0/946490893 --> [v2:172.21.15.73:6800/142266274,v1:172.21.15.73:6801/142266274] -- command(tid 0: {"prefix": "get_command_descriptions"}) -- 0x7f393c03bbf0 con 0x7f393c039020
2024-09-10T07:40:46.308 INFO:teuthology.orchestra.run.smithi073.stdout:/usr/bin/ceph: stderr
2024-09-10T07:40:42.747+0000 7f3950ff9640 1 -- 172.21.15.73:0/946490893 <== mon.0 v2:172.21.15.73:3300/0 5 ==== osd_map(2..2 src has 1..2) ==== 940+0+0 (secure 0 0 0) 0x7f394406c5d0 con 0x7f3954106750
2024-09-10T07:40:46.308 INFO:teuthology.orchestra.run.smithi073.stdout:/usr/bin/ceph: stderr
2024-09-10T07:40:42.747+0000 7f3952ffd640 1 -- 172.21.15.73:0/946490893 >> [v2:172.21.15.73:6800/142266274,v1:172.21.15.73:6801/142266274] conn(0x7f393c039020 msgr2=0x7f393c03b4e0 unknown :-1 s=STATE_CONNECTING_RE l=1).process reconnect failed to v2:172.21.15.73:6800/142266274
2024-09-10T07:40:46.309 INFO:teuthology.orchestra.run.smithi073.stdout:/usr/bin/ceph: stderr
2024-09-10T07:40:42.747+0000 7f3952ffd640 1 --2- 172.21.15.73:0/946490893 >> [v2:172.21.15.73:6800/142266274,v1:172.21.15.73:6801/142266274] conn(0x7f393c039020 0x7f393c03b4e0 unknown :-1 s=START_CONNECT pgs=0 cs=0 l=1 rev1=0 crypto rx=0 tx=0 comp rx=0 tx=0)._fault waiting 0.200000
2024-09-10T07:40:46.309 INFO:teuthology.orchestra.run.smithi073.stdout:/usr/bin/ceph: stderr
2024-09-10T07:40:42.948+0000 7f3952ffd640 1 -- 172.21.15.73:0/946490893 >> [v2:172.21.15.73:6800/142266274,v1:172.21.15.73:6801/142266274] conn(0x7f393c039020 msgr2=0x7f393c03b4e0 unknown :-1 s=STATE_CONNECTING_RE l=1).process reconnect failed to v2:172.21.15.73:6800/142266274
2024-09-10T07:40:46.309 INFO:teuthology.orchestra.run.smithi073.stdout:/usr/bin/ceph: stderr
2024-09-10T07:40:42.948+0000 7f3952ffd640 1 --2- 172.21.15.73:0/946490893 >> [v2:172.21.15.73:6800/142266274,v1:172.21.15.73:6801/142266274] conn(0x7f393c039020 0x7f393c03b4e0 unknown :-1 s=START_CONNECT pgs=0 cs=0 l=1 rev1=0 crypto rx=0 tx=0 comp rx=0 tx=0)._fault waiting 0.400000
2024-09-10T07:40:46.309 INFO:teuthology.orchestra.run.smithi073.stdout:/usr/bin/ceph: stderr
2024-09-10T07:40:43.349+0000 7f3952ffd640 1 -- 172.21.15.73:0/946490893 >> [v2:172.21.15.73:6800/142266274,v1:172.21.15.73:6801/142266274] conn(0x7f393c039020 msgr2=0x7f393c03b4e0 unknown :-1 s=STATE_CONNECTING_RE l=1).process reconnect failed to v2:172.21.15.73:6800/142266274
2024-09-10T07:40:46.309 INFO:teuthology.orchestra.run.smithi073.stdout:/usr/bin/ceph: stderr
2024-09-10T07:40:43.349+0000 7f3952ffd640 1 --2- 172.21.15.73:0/946490893 >> [v2:172.21.15.73:6800/142266274,v1:172.21.15.73:6801/142266274] conn(0x7f393c039020 0x7f393c03b4e0 unknown :-1 s=START_CONNECT pgs=0 cs=0 l=1 rev1=0 crypto rx=0 tx=0 comp rx=0 tx=0)._fault waiting 0.800000
2024-09-10T07:40:46.309 INFO:teuthology.orchestra.run.smithi073.stdout:/usr/bin/ceph: stderr
2024-09-10T07:40:44.151+0000 7f3952ffd640 1 -- 172.21.15.73:0/946490893 >> [v2:172.21.15.73:6800/142266274,v1:172.21.15.73:6801/142266274] conn(0x7f393c039020 msgr2=0x7f393c03b4e0 unknown :-1 s=STATE_CONNECTING_RE l=1).process reconnect failed to v2:172.21.15.73:6800/142266274
2024-09-10T07:40:46.309 INFO:teuthology.orchestra.run.smithi073.stdout:/usr/bin/ceph: stderr
2024-09-10T07:40:44.151+0000 7f3952ffd640 1 --2- 172.21.15.73:0/946490893 >> [v2:172.21.15.73:6800/142266274,v1:172.21.15.73:6801/142266274] conn(0x7f393c039020 0x7f393c03b4e0 unknown :-1 s=START_CONNECT pgs=0 cs=0 l=1 rev1=0 crypto rx=0 tx=0 comp rx=0 tx=0)._fault waiting 1.600000
2024-09-10T07:40:46.309 INFO:teuthology.orchestra.run.smithi073.stdout:/usr/bin/ceph: stderr
2024-09-10T07:40:44.583+0000 7f3950ff9640 1 -- 172.21.15.73:0/946490893 <== mon.0 v2:172.21.15.73:3300/0 6 ==== mgrmap(e 10) ==== 46067+0+0 (secure 0 0 0) 0x7f394402fd60 con 0x7f3954106750
2024-09-10T07:40:46.309 INFO:teuthology.orchestra.run.smithi073.stdout:/usr/bin/ceph: stderr
2024-09-10T07:40:44.583+0000 7f3950ff9640 1 -- 172.21.15.73:0/946490893 >> [v2:172.21.15.73:6800/142266274,v1:172.21.15.73:6801/142266274] conn(0x7f393c039020 msgr2=0x7f393c03b4e0 unknown :-1 s=STATE_CONNECTING l=1).mark_down
2024-09-10T07:40:46.309 INFO:teuthology.orchestra.run.smithi073.stdout:/usr/bin/ceph: stderr
2024-09-10T07:40:44.583+0000 7f3950ff9640 1 --2- 172.21.15.73:0/946490893 >> [v2:172.21.15.73:6800/142266274,v1:172.21.15.73:6801/142266274] conn(0x7f393c039020 0x7f393c03b4e0 unknown :-1 s=START_CONNECT pgs=0 cs=0 l=1 rev1=0 crypto rx=0 tx=0 comp rx=0 tx=0).stop
2024-09-10T07:40:46.309 INFO:teuthology.orchestra.run.smithi073.stdout:/usr/bin/ceph: stderr
2024-09-10T07:40:45.584+0000 7f3950ff9640 1 -- 172.21.15.73:0/946490893 <== mon.0 v2:172.21.15.73:3300/0 7 ==== mgrmap(e 11) ==== 46194+0+0 (secure 0 0 0) 0x7f3944044400 con 0x7f3954106750
2024-09-10T07:40:46.310 INFO:teuthology.orchestra.run.smithi073.stdout:/usr/bin/ceph: stderr
2024-09-10T07:40:45.585+0000 7f3950ff9640 1 --2- 172.21.15.73:0/946490893 >> [v2:172.21.15.73:6800/662943870,v1:172.21.15.73:6801/662943870] conn(0x7f393c03cae0 0x7f393c03eed0 unknown :-1 s=NONE pgs=0 cs=0 l=1 rev1=0 crypto rx=0 tx=0 comp rx=0 tx=0).connect
2024-09-10T07:40:46.310 INFO:teuthology.orchestra.run.smithi073.stdout:/usr/bin/ceph: stderr
2024-09-10T07:40:45.585+0000 7f3950ff9640 1 -- 172.21.15.73:0/946490893 --> [v2:172.21.15.73:6800/662943870,v1:172.21.15.73:6801/662943870] -- command(tid 0: {"prefix": "get_command_descriptions"}) -- 0x7f393c03bbf0 con 0x7f393c03cae0
2024-09-10T07:40:46.310 INFO:teuthology.orchestra.run.smithi073.stdout:/usr/bin/ceph: stderr
2024-09-10T07:40:45.585+0000 7f3952ffd640 1 --2- 172.21.15.73:0/946490893 >> [v2:172.21.15.73:6800/662943870,v1:172.21.15.73:6801/662943870] conn(0x7f393c03cae0 0x7f393c03eed0 unknown :-1 s=BANNER_CONNECTING pgs=0 cs=0 l=1 rev1=0 crypto rx=0 tx=0 comp rx=0 tx=0)._handle_peer_banner_payload supported=3 required=0
2024-09-10T07:40:46.310 INFO:teuthology.orchestra.run.smithi073.stdout:/usr/bin/ceph: stderr
2024-09-10T07:40:45.586+0000 7f3952ffd640 1 --2- 172.21.15.73:0/946490893 >> [v2:172.21.15.73:6800/662943870,v1:172.21.15.73:6801/662943870] conn(0x7f393c03cae0 0x7f393c03eed0 secure :-1 s=READY pgs=2 cs=0 l=1 rev1=1 crypto rx=0x7f3948003980 tx=0x7f39480092b0 comp rx=0 tx=0).ready entity=mgr.14150 client_cookie=0 server_cookie=0 in_seq=0 out_seq=0
2024-09-10T07:40:46.310 INFO:teuthology.orchestra.run.smithi073.stdout:/usr/bin/ceph: stderr
2024-09-10T07:40:45.586+0000 7f3950ff9640 1 -- 172.21.15.73:0/946490893 <== mgr.14150 v2:172.21.15.73:6800/662943870 1 ==== command_reply(tid 0: 0 ) ==== 8+0+9564 (secure 0 0 0) 0x7f393c03bbf0 con 0x7f393c03cae0
2024-09-10T07:40:46.310 INFO:teuthology.orchestra.run.smithi073.stdout:/usr/bin/ceph: stderr
2024-09-10T07:40:45.593+0000 7f395a172640 1 -- 172.21.15.73:0/946490893 --> [v2:172.21.15.73:6800/662943870,v1:172.21.15.73:6801/662943870] -- command(tid 1: {"prefix": "mgr_status"}) -- 0x7f395410ae80 con 0x7f393c03cae0
2024-09-10T07:40:46.310 INFO:teuthology.orchestra.run.smithi073.stdout:/usr/bin/ceph: stderr
2024-09-10T07:40:45.593+0000 7f3950ff9640 1 -- 172.21.15.73:0/946490893 <== mgr.14150 v2:172.21.15.73:6800/662943870 2 ==== command_reply(tid 1: 0 ) ==== 8+0+52 (secure 0 0 0) 0x7f395410ae80 con 0x7f393c03cae0
2024-09-10T07:40:46.310 INFO:teuthology.orchestra.run.smithi073.stdout:/usr/bin/ceph: stderr
2024-09-10T07:40:45.593+0000 7f395a172640 1 -- 172.21.15.73:0/946490893 >> [v2:172.21.15.73:6800/662943870,v1:172.21.15.73:6801/662943870] conn(0x7f393c03cae0 msgr2=0x7f393c03eed0 secure :-1 s=STATE_CONNECTION_ESTABLISHED l=1).mark_down
2024-09-10T07:40:46.310 INFO:teuthology.orchestra.run.smithi073.stdout:/usr/bin/ceph: stderr
2024-09-10T07:40:45.594+0000 7f395a172640 1 --2- 172.21.15.73:0/946490893 >> [v2:172.21.15.73:6800/662943870,v1:172.21.15.73:6801/662943870] conn(0x7f393c03cae0 0x7f393c03eed0 secure :-1 s=READY pgs=2 cs=0 l=1 rev1=1 crypto rx=0x7f3948003980 tx=0x7f39480092b0 comp rx=0 tx=0).stop
2024-09-10T07:40:46.310 INFO:teuthology.orchestra.run.smithi073.stdout:/usr/bin/ceph: stderr
2024-09-10T07:40:45.594+0000 7f395a172640 1 -- 172.21.15.73:0/946490893 >> [v2:172.21.15.73:3300/0,v1:172.21.15.73:6789/0] conn(0x7f3954106750 msgr2=0x7f395419b940 secure :-1 s=STATE_CONNECTION_ESTABLISHED l=1).mark_down
2024-09-10T07:40:46.310 INFO:teuthology.orchestra.run.smithi073.stdout:/usr/bin/ceph: stderr
2024-09-10T07:40:45.594+0000 7f395a172640 1 --2- 172.21.15.73:0/946490893 >> [v2:172.21.15.73:3300/0,v1:172.21.15.73:6789/0] conn(0x7f3954106750 0x7f395419b940 secure :-1 s=READY pgs=60 cs=0 l=1 rev1=1 crypto rx=0x7f39440097f0 tx=0x7f39440327b0 comp rx=0 tx=0).stop
2024-09-10T07:40:46.311 INFO:teuthology.orchestra.run.smithi073.stdout:/usr/bin/ceph: stderr
2024-09-10T07:40:45.594+0000 7f395a172640 1 -- 172.21.15.73:0/946490893 shutdown_connections
2024-09-10T07:40:46.311 INFO:teuthology.orchestra.run.smithi073.stdout:/usr/bin/ceph: stderr
2024-09-10T07:40:45.594+0000 7f395a172640 1 --2- 172.21.15.73:0/946490893 >> [v2:172.21.15.73:6800/662943870,v1:172.21.15.73:6801/662943870] conn(0x7f393c03cae0 0x7f393c03eed0 unknown :-1 s=CLOSED pgs=2 cs=0 l=1 rev1=1 crypto rx=0 tx=0 comp rx=0 tx=0).stop
2024-09-10T07:40:46.311 INFO:teuthology.orchestra.run.smithi073.stdout:/usr/bin/ceph: stderr
2024-09-10T07:40:45.594+0000 7f395a172640 1 --2- 172.21.15.73:0/946490893 >> [v2:172.21.15.73:6800/142266274,v1:172.21.15.73:6801/142266274] conn(0x7f393c039020 0x7f393c03b4e0 unknown :-1 s=CLOSED pgs=0 cs=0 l=1 rev1=0 crypto rx=0 tx=0 comp rx=0 tx=0).stop
2024-09-10T07:40:46.311 INFO:teuthology.orchestra.run.smithi073.stdout:/usr/bin/ceph: stderr
2024-09-10T07:40:45.594+0000 7f395a172640 1 --2- 172.21.15.73:0/946490893 >> [v2:172.21.15.73:3300/0,v1:172.21.15.73:6789/0] conn(0x7f3954106750 0x7f395419b940 unknown :-1 s=CLOSED pgs=60 cs=0 l=1 rev1=1 crypto rx=0 tx=0 comp rx=0 tx=0).stop
2024-09-10T07:40:46.311 INFO:teuthology.orchestra.run.smithi073.stdout:/usr/bin/ceph: stderr
2024-09-10T07:40:45.594+0000 7f395a172640 1 -- 172.21.15.73:0/946490893 >> 172.21.15.73:0/946490893 conn(0x7f3954101ea0 msgr2=0x7f3954102ed0 unknown :-1 s=STATE_NONE l=0).mark_down
2024-09-10T07:40:46.311 INFO:teuthology.orchestra.run.smithi073.stdout:/usr/bin/ceph: stderr
2024-09-10T07:40:45.594+0000 7f395a172640 1 -- 172.21.15.73:0/946490893 shutdown_connections
2024-09-10T07:40:46.311 INFO:teuthology.orchestra.run.smithi073.stdout:/usr/bin/ceph: stderr
2024-09-10T07:40:45.594+0000 7f395a172640 1 -- 172.21.15.73:0/946490893 wait complete.
2024-09-10T07:40:46.311 INFO:teuthology.orchestra.run.smithi073.stdout:mgr epoch 9 is available
2024-09-10T07:40:46.311 INFO:teuthology.orchestra.run.smithi073.stdout:Generating a dashboard self-signed certificate...
2024-09-10T07:40:46.680 INFO:journalctl@ceph.mon.a.smithi073.stdout:Sep 10 07:40:46 smithi073 ceph-mon[30850]: [10/Sep/2024:07:40:45] ENGINE Bus STARTING
2024-09-10T07:40:46.680 INFO:journalctl@ceph.mon.a.smithi073.stdout:Sep 10 07:40:46 smithi073 ceph-mon[30850]: [10/Sep/2024:07:40:45] ENGINE Serving on http://172.21.15.73:8765
2024-09-10T07:40:46.680 INFO:journalctl@ceph.mon.a.smithi073.stdout:Sep 10 07:40:46 smithi073 ceph-mon[30850]: from='client.14154 -' entity='client.admin' cmd=[{"prefix": "get_command_descriptions"}]: dispatch
2024-09-10T07:40:46.680 INFO:journalctl@ceph.mon.a.smithi073.stdout:Sep 10 07:40:46 smithi073 ceph-mon[30850]: mgrmap e11: x(active, since 1.00603s)
2024-09-10T07:40:46.680 INFO:journalctl@ceph.mon.a.smithi073.stdout:Sep 10 07:40:46 smithi073 ceph-mon[30850]: from='client.14154 -' entity='client.admin' cmd=[{"prefix": "mgr_status"}]: dispatch
2024-09-10T07:40:46.681 INFO:journalctl@ceph.mon.a.smithi073.stdout:Sep 10 07:40:46 smithi073 ceph-mon[30850]: [10/Sep/2024:07:40:45] ENGINE Serving on https://172.21.15.73:7150
2024-09-10T07:40:46.681 INFO:journalctl@ceph.mon.a.smithi073.stdout:Sep 10 07:40:46 smithi073 ceph-mon[30850]: [10/Sep/2024:07:40:45] ENGINE Bus STARTED
2024-09-10T07:40:46.681 INFO:journalctl@ceph.mon.a.smithi073.stdout:Sep 10 07:40:46 smithi073 ceph-mon[30850]: [10/Sep/2024:07:40:45] ENGINE Error in HTTPServer.serve
2024-09-10T07:40:46.681 INFO:journalctl@ceph.mon.a.smithi073.stdout: Traceback (most recent call last):
2024-09-10T07:40:46.681 INFO:journalctl@ceph.mon.a.smithi073.stdout: File "/lib/python3.9/site-packages/cheroot/server.py", line 1823, in serve
2024-09-10T07:40:46.681 INFO:journalctl@ceph.mon.a.smithi073.stdout: self._connections.run(self.expiration_interval)
2024-09-10T07:40:46.681 INFO:journalctl@ceph.mon.a.smithi073.stdout: File "/lib/python3.9/site-packages/cheroot/connections.py", line 203, in run
2024-09-10T07:40:46.681 INFO:journalctl@ceph.mon.a.smithi073.stdout: self._run(expiration_interval)
2024-09-10T07:40:46.681 INFO:journalctl@ceph.mon.a.smithi073.stdout: File "/lib/python3.9/site-packages/cheroot/connections.py", line 246, in _run
2024-09-10T07:40:46.681 INFO:journalctl@ceph.mon.a.smithi073.stdout: new_conn = self._from_server_socket(self.server.socket)
2024-09-10T07:40:46.681 INFO:journalctl@ceph.mon.a.smithi073.stdout: File "/lib/python3.9/site-packages/cheroot/connections.py", line 300, in _from_server_socket
2024-09-10T07:40:46.681 INFO:journalctl@ceph.mon.a.smithi073.stdout: s, ssl_env = self.server.ssl_adapter.wrap(s)
2024-09-10T07:40:46.681 INFO:journalctl@ceph.mon.a.smithi073.stdout: File "/lib/python3.9/site-packages/cheroot/ssl/builtin.py", line 277, in wrap
2024-09-10T07:40:46.682 INFO:journalctl@ceph.mon.a.smithi073.stdout: s = self.context.wrap_socket(
2024-09-10T07:40:46.682 INFO:journalctl@ceph.mon.a.smithi073.stdout: File "/lib64/python3.9/ssl.py", line 501, in wrap_socket
2024-09-10T07:40:46.682 INFO:journalctl@ceph.mon.a.smithi073.stdout: return self.sslsocket_class._create(
2024-09-10T07:40:46.682 INFO:journalctl@ceph.mon.a.smithi073.stdout: File "/lib64/python3.9/ssl.py", line 1074, in _create
2024-09-10T07:40:46.682 INFO:journalctl@ceph.mon.a.smithi073.stdout: self.do_handshake()
2024-09-10T07:40:46.682 INFO:journalctl@ceph.mon.a.smithi073.stdout: File "/lib64/python3.9/ssl.py", line 1343, in do_handshake
2024-09-10T07:40:46.682 INFO:journalctl@ceph.mon.a.smithi073.stdout: self._sslobj.do_handshake()
2024-09-10T07:40:46.682 INFO:journalctl@ceph.mon.a.smithi073.stdout: ssl.SSLZeroReturnError: TLS/SSL connection has been closed (EOF) (_ssl.c:1133)
2024-09-10T07:40:47.512 INFO:teuthology.orchestra.run.smithi073.stdout:/usr/bin/ceph: stdout Self-signed certificate created
2024-09-10T07:40:47.518 INFO:teuthology.orchestra.run.smithi073.stdout:/usr/bin/ceph: stderr
2024-09-10T07:40:46.680+0000 7f4bbf620640 1 Processor -- start
2024-09-10T07:40:47.518 INFO:teuthology.orchestra.run.smithi073.stdout:/usr/bin/ceph: stderr
2024-09-10T07:40:46.680+0000 7f4bbf620640 1 -- start start
2024-09-10T07:40:47.518 INFO:teuthology.orchestra.run.smithi073.stdout:/usr/bin/ceph: stderr
2024-09-10T07:40:46.681+0000 7f4bbf620640 1 --2- >> [v2:172.21.15.73:3300/0,v1:172.21.15.73:6789/0] conn(0x7f4bb8107850 0x7f4bb8107c50 unknown :-1 s=NONE pgs=0 cs=0 l=0 rev1=0 crypto rx=0 tx=0 comp rx=0 tx=0).connect
2024-09-10T07:40:47.518 INFO:teuthology.orchestra.run.smithi073.stdout:/usr/bin/ceph: stderr
2024-09-10T07:40:46.681+0000 7f4bbf620640 1 -- --> [v2:172.21.15.73:3300/0,v1:172.21.15.73:6789/0] -- mon_getmap magic: 0 -- 0x7f4bb8108220 con 0x7f4bb8107850
2024-09-10T07:40:47.518 INFO:teuthology.orchestra.run.smithi073.stdout:/usr/bin/ceph: stderr
2024-09-10T07:40:46.681+0000 7f4bbd3bc640 1 --2- >> [v2:172.21.15.73:3300/0,v1:172.21.15.73:6789/0] conn(0x7f4bb8107850 0x7f4bb8107c50 unknown :-1 s=BANNER_CONNECTING pgs=0 cs=0 l=0 rev1=0 crypto rx=0 tx=0 comp rx=0 tx=0)._handle_peer_banner_payload supported=3 required=0
2024-09-10T07:40:47.518 INFO:teuthology.orchestra.run.smithi073.stdout:/usr/bin/ceph: stderr
2024-09-10T07:40:46.681+0000 7f4bbd3bc640 1 --2- >> [v2:172.21.15.73:3300/0,v1:172.21.15.73:6789/0] conn(0x7f4bb8107850 0x7f4bb8107c50 unknown :-1 s=HELLO_CONNECTING pgs=0 cs=0 l=0 rev1=1 crypto rx=0 tx=0 comp rx=0 tx=0).handle_hello peer v2:172.21.15.73:3300/0 says I am v2:172.21.15.73:41828/0 (socket says 172.21.15.73:41828)
2024-09-10T07:40:47.518 INFO:teuthology.orchestra.run.smithi073.stdout:/usr/bin/ceph: stderr
2024-09-10T07:40:46.681+0000 7f4bbd3bc640 1 -- 172.21.15.73:0/2824300481 learned_addr learned my addr 172.21.15.73:0/2824300481 (peer_addr_for_me v2:172.21.15.73:0/0)
2024-09-10T07:40:47.518 INFO:teuthology.orchestra.run.smithi073.stdout:/usr/bin/ceph: stderr
2024-09-10T07:40:46.681+0000 7f4bbd3bc640 1 -- 172.21.15.73:0/2824300481 --> [v2:172.21.15.73:3300/0,v1:172.21.15.73:6789/0] -- mon_subscribe({config=0+,monmap=0+}) -- 0x7f4bb8108a50 con 0x7f4bb8107850
2024-09-10T07:40:47.518 INFO:teuthology.orchestra.run.smithi073.stdout:/usr/bin/ceph: stderr
2024-09-10T07:40:46.682+0000 7f4bbd3bc640 1 --2- 172.21.15.73:0/2824300481 >> [v2:172.21.15.73:3300/0,v1:172.21.15.73:6789/0] conn(0x7f4bb8107850 0x7f4bb8107c50 secure :-1 s=READY pgs=68 cs=0 l=1 rev1=1 crypto rx=0x7f4bb4009820 tx=0x7f4bb402a270 comp rx=0 tx=0).ready entity=mon.0 client_cookie=fef8e82b12c4b38 server_cookie=0 in_seq=0 out_seq=0
2024-09-10T07:40:47.518 INFO:teuthology.orchestra.run.smithi073.stdout:/usr/bin/ceph: stderr
2024-09-10T07:40:46.682+0000 7f4baffff640 1 -- 172.21.15.73:0/2824300481 <== mon.0 v2:172.21.15.73:3300/0 1 ==== mon_map magic: 0 ==== 205+0+0 (secure 0 0 0) 0x7f4bb4037070 con 0x7f4bb8107850
2024-09-10T07:40:47.518 INFO:teuthology.orchestra.run.smithi073.stdout:/usr/bin/ceph: stderr
2024-09-10T07:40:46.682+0000 7f4baffff640 1 -- 172.21.15.73:0/2824300481 <== mon.0 v2:172.21.15.73:3300/0 2 ==== config(27 keys) ==== 1140+0+0 (secure 0 0 0) 0x7f4bb4032920 con 0x7f4bb8107850
2024-09-10T07:40:47.519 INFO:teuthology.orchestra.run.smithi073.stdout:/usr/bin/ceph: stderr
2024-09-10T07:40:46.682+0000 7f4baffff640 1 -- 172.21.15.73:0/2824300481 <== mon.0 v2:172.21.15.73:3300/0 3 ==== mon_map magic: 0 ==== 205+0+0 (secure 0 0 0) 0x7f4bb4030810 con 0x7f4bb8107850
2024-09-10T07:40:47.519 INFO:teuthology.orchestra.run.smithi073.stdout:/usr/bin/ceph: stderr
2024-09-10T07:40:46.683+0000 7f4bbf620640 1 -- 172.21.15.73:0/2824300481 >> [v2:172.21.15.73:3300/0,v1:172.21.15.73:6789/0] conn(0x7f4bb8107850 msgr2=0x7f4bb8107c50 secure :-1 s=STATE_CONNECTION_ESTABLISHED l=1).mark_down
2024-09-10T07:40:47.519 INFO:teuthology.orchestra.run.smithi073.stdout:/usr/bin/ceph: stderr
2024-09-10T07:40:46.683+0000 7f4bbf620640 1 --2- 172.21.15.73:0/2824300481 >> [v2:172.21.15.73:3300/0,v1:172.21.15.73:6789/0] conn(0x7f4bb8107850 0x7f4bb8107c50 secure :-1 s=READY pgs=68 cs=0 l=1 rev1=1 crypto rx=0x7f4bb4009820 tx=0x7f4bb402a270 comp rx=0 tx=0).stop
2024-09-10T07:40:47.519 INFO:teuthology.orchestra.run.smithi073.stdout:/usr/bin/ceph: stderr
2024-09-10T07:40:46.683+0000 7f4bbf620640 1 -- 172.21.15.73:0/2824300481 shutdown_connections
2024-09-10T07:40:47.519 INFO:teuthology.orchestra.run.smithi073.stdout:/usr/bin/ceph: stderr
2024-09-10T07:40:46.683+0000 7f4bbf620640 1 --2- 172.21.15.73:0/2824300481 >> [v2:172.21.15.73:3300/0,v1:172.21.15.73:6789/0] conn(0x7f4bb8107850 0x7f4bb8107c50 unknown :-1 s=CLOSED pgs=68 cs=0 l=1 rev1=1 crypto rx=0 tx=0 comp rx=0 tx=0).stop
2024-09-10T07:40:47.519 INFO:teuthology.orchestra.run.smithi073.stdout:/usr/bin/ceph: stderr
2024-09-10T07:40:46.683+0000 7f4bbf620640 1 -- 172.21.15.73:0/2824300481 >> 172.21.15.73:0/2824300481 conn(0x7f4bb8102fc0 msgr2=0x7f4bb8105420 unknown :-1 s=STATE_NONE l=0).mark_down
2024-09-10T07:40:47.519 INFO:teuthology.orchestra.run.smithi073.stdout:/usr/bin/ceph: stderr
2024-09-10T07:40:46.683+0000 7f4bbf620640 1 -- 172.21.15.73:0/2824300481 shutdown_connections
2024-09-10T07:40:47.519 INFO:teuthology.orchestra.run.smithi073.stdout:/usr/bin/ceph: stderr
2024-09-10T07:40:46.683+0000 7f4bbf620640 1 -- 172.21.15.73:0/2824300481 wait complete.
2024-09-10T07:40:47.519 INFO:teuthology.orchestra.run.smithi073.stdout:/usr/bin/ceph: stderr
2024-09-10T07:40:46.683+0000 7f4bbf620640 1 Processor -- start
2024-09-10T07:40:47.519 INFO:teuthology.orchestra.run.smithi073.stdout:/usr/bin/ceph: stderr
2024-09-10T07:40:46.683+0000 7f4bbf620640 1 -- start start
2024-09-10T07:40:47.519 INFO:teuthology.orchestra.run.smithi073.stdout:/usr/bin/ceph: stderr
2024-09-10T07:40:46.683+0000 7f4bbf620640 1 --2- >> [v2:172.21.15.73:3300/0,v1:172.21.15.73:6789/0] conn(0x7f4bb8107850 0x7f4bb819b8e0 unknown :-1 s=NONE pgs=0 cs=0 l=1 rev1=0 crypto rx=0 tx=0 comp rx=0 tx=0).connect
2024-09-10T07:40:47.519 INFO:teuthology.orchestra.run.smithi073.stdout:/usr/bin/ceph: stderr
2024-09-10T07:40:46.683+0000 7f4bbf620640 1 -- --> [v2:172.21.15.73:3300/0,v1:172.21.15.73:6789/0] -- mon_getmap magic: 0 -- 0x7f4bb810be00 con 0x7f4bb8107850
2024-09-10T07:40:47.519 INFO:teuthology.orchestra.run.smithi073.stdout:/usr/bin/ceph: stderr
2024-09-10T07:40:46.684+0000 7f4bbd3bc640 1 --2- >> [v2:172.21.15.73:3300/0,v1:172.21.15.73:6789/0] conn(0x7f4bb8107850 0x7f4bb819b8e0 unknown :-1 s=BANNER_CONNECTING pgs=0 cs=0 l=1 rev1=0 crypto rx=0 tx=0 comp rx=0 tx=0)._handle_peer_banner_payload supported=3 required=0
2024-09-10T07:40:47.520 INFO:teuthology.orchestra.run.smithi073.stdout:/usr/bin/ceph: stderr
2024-09-10T07:40:46.684+0000 7f4bbd3bc640 1 --2- >> [v2:172.21.15.73:3300/0,v1:172.21.15.73:6789/0] conn(0x7f4bb8107850 0x7f4bb819b8e0 unknown :-1 s=HELLO_CONNECTING pgs=0 cs=0 l=1 rev1=1 crypto rx=0 tx=0 comp rx=0 tx=0).handle_hello peer v2:172.21.15.73:3300/0 says I am v2:172.21.15.73:41838/0 (socket says 172.21.15.73:41838)
2024-09-10T07:40:47.520 INFO:teuthology.orchestra.run.smithi073.stdout:/usr/bin/ceph: stderr
2024-09-10T07:40:46.684+0000 7f4bbd3bc640 1 -- 172.21.15.73:0/1476668396 learned_addr learned my addr 172.21.15.73:0/1476668396 (peer_addr_for_me v2:172.21.15.73:0/0)
2024-09-10T07:40:47.520 INFO:teuthology.orchestra.run.smithi073.stdout:/usr/bin/ceph: stderr
2024-09-10T07:40:46.684+0000 7f4bbd3bc640 1 -- 172.21.15.73:0/1476668396 --> [v2:172.21.15.73:3300/0,v1:172.21.15.73:6789/0] -- mon_subscribe({config=0+,monmap=0+}) -- 0x7f4bb819be20 con 0x7f4bb8107850
2024-09-10T07:40:47.520 INFO:teuthology.orchestra.run.smithi073.stdout:/usr/bin/ceph: stderr
2024-09-10T07:40:46.684+0000 7f4bbd3bc640 1 --2- 172.21.15.73:0/1476668396 >> [v2:172.21.15.73:3300/0,v1:172.21.15.73:6789/0] conn(0x7f4bb8107850 0x7f4bb819b8e0 secure :-1 s=READY pgs=69 cs=0 l=1 rev1=1 crypto rx=0x7f4bb4030560 tx=0x7f4bb4032670 comp rx=0 tx=0).ready entity=mon.0 client_cookie=0 server_cookie=0 in_seq=0 out_seq=0
2024-09-10T07:40:47.520 INFO:teuthology.orchestra.run.smithi073.stdout:/usr/bin/ceph: stderr
2024-09-10T07:40:46.684+0000 7f4bae7fc640 1 -- 172.21.15.73:0/1476668396 <== mon.0 v2:172.21.15.73:3300/0 1 ==== mon_map magic: 0 ==== 205+0+0 (secure 0 0 0) 0x7f4bb4037040 con 0x7f4bb8107850
2024-09-10T07:40:47.520 INFO:teuthology.orchestra.run.smithi073.stdout:/usr/bin/ceph: stderr
2024-09-10T07:40:46.684+0000 7f4bbf620640 1 -- 172.21.15.73:0/1476668396 --> [v2:172.21.15.73:3300/0,v1:172.21.15.73:6789/0] -- mon_subscribe({mgrmap=0+}) -- 0x7f4bb819c0b0 con 0x7f4bb8107850
2024-09-10T07:40:47.520 INFO:teuthology.orchestra.run.smithi073.stdout:/usr/bin/ceph: stderr
2024-09-10T07:40:46.684+0000 7f4bae7fc640 1 -- 172.21.15.73:0/1476668396 <== mon.0 v2:172.21.15.73:3300/0 2 ==== config(27 keys) ==== 1140+0+0 (secure 0 0 0) 0x7f4bb4040070 con 0x7f4bb8107850
2024-09-10T07:40:47.520 INFO:teuthology.orchestra.run.smithi073.stdout:/usr/bin/ceph: stderr
2024-09-10T07:40:46.684+0000 7f4bae7fc640 1 -- 172.21.15.73:0/1476668396 <== mon.0 v2:172.21.15.73:3300/0 3 ==== mon_map magic: 0 ==== 205+0+0 (secure 0 0 0) 0x7f4bb403a6d0 con 0x7f4bb8107850
2024-09-10T07:40:47.520 INFO:teuthology.orchestra.run.smithi073.stdout:/usr/bin/ceph: stderr
2024-09-10T07:40:46.684+0000 7f4bbf620640 1 -- 172.21.15.73:0/1476668396 --> [v2:172.21.15.73:3300/0,v1:172.21.15.73:6789/0] -- mon_subscribe({osdmap=0}) -- 0x7f4bb819eda0 con 0x7f4bb8107850
2024-09-10T07:40:47.520 INFO:teuthology.orchestra.run.smithi073.stdout:/usr/bin/ceph: stderr
2024-09-10T07:40:46.685+0000 7f4bae7fc640 1 -- 172.21.15.73:0/1476668396 <== mon.0 v2:172.21.15.73:3300/0 4 ==== mgrmap(e 12) ==== 46300+0+0 (secure 0 0 0) 0x7f4bb403b420 con 0x7f4bb8107850
2024-09-10T07:40:47.520 INFO:teuthology.orchestra.run.smithi073.stdout:/usr/bin/ceph: stderr
2024-09-10T07:40:46.685+0000 7f4bbf620640 1 -- 172.21.15.73:0/1476668396 --> [v2:172.21.15.73:3300/0,v1:172.21.15.73:6789/0] -- mon_command({"prefix": "get_command_descriptions"} v 0) -- 0x7f4bb810bf80 con 0x7f4bb8107850
2024-09-10T07:40:47.520 INFO:teuthology.orchestra.run.smithi073.stdout:/usr/bin/ceph: stderr
2024-09-10T07:40:46.685+0000 7f4bae7fc640 1 --2- 172.21.15.73:0/1476668396 >> [v2:172.21.15.73:6800/662943870,v1:172.21.15.73:6801/662943870] conn(0x7f4ba4038fc0 0x7f4ba403b480 unknown :-1 s=NONE pgs=0 cs=0 l=1 rev1=0 crypto rx=0 tx=0 comp rx=0 tx=0).connect
2024-09-10T07:40:47.520 INFO:teuthology.orchestra.run.smithi073.stdout:/usr/bin/ceph: stderr
2024-09-10T07:40:46.686+0000 7f4bae7fc640 1 -- 172.21.15.73:0/1476668396 <== mon.0 v2:172.21.15.73:3300/0 5 ==== osd_map(3..3 src has 1..3) ==== 1155+0+0 (secure 0 0 0) 0x7f4bb406c650 con 0x7f4bb8107850
2024-09-10T07:40:47.521 INFO:teuthology.orchestra.run.smithi073.stdout:/usr/bin/ceph: stderr
2024-09-10T07:40:46.686+0000 7f4bbcbbb640 1 --2- 172.21.15.73:0/1476668396 >> [v2:172.21.15.73:6800/662943870,v1:172.21.15.73:6801/662943870] conn(0x7f4ba4038fc0 0x7f4ba403b480 unknown :-1 s=BANNER_CONNECTING pgs=0 cs=0 l=1 rev1=0 crypto rx=0 tx=0 comp rx=0 tx=0)._handle_peer_banner_payload supported=3 required=0
2024-09-10T07:40:47.521 INFO:teuthology.orchestra.run.smithi073.stdout:/usr/bin/ceph: stderr
2024-09-10T07:40:46.686+0000 7f4bbcbbb640 1 --2- 172.21.15.73:0/1476668396 >> [v2:172.21.15.73:6800/662943870,v1:172.21.15.73:6801/662943870] conn(0x7f4ba4038fc0 0x7f4ba403b480 secure :-1 s=READY pgs=7 cs=0 l=1 rev1=1 crypto rx=0x7f4ba80098c0 tx=0x7f4ba8006db0 comp rx=0 tx=0).ready entity=mgr.14150 client_cookie=0 server_cookie=0 in_seq=0 out_seq=0
2024-09-10T07:40:47.521 INFO:teuthology.orchestra.run.smithi073.stdout:/usr/bin/ceph: stderr
2024-09-10T07:40:46.691+0000 7f4bae7fc640 1 -- 172.21.15.73:0/1476668396 <== mon.0 v2:172.21.15.73:3300/0 6 ==== mon_command_ack([{"prefix": "get_command_descriptions"}]=0 v0) ==== 72+0+188821 (secure 0 0 0) 0x7f4bb404a200 con 0x7f4bb8107850
2024-09-10T07:40:47.521 INFO:teuthology.orchestra.run.smithi073.stdout:/usr/bin/ceph: stderr
2024-09-10T07:40:46.886+0000 7f4bbf620640 1 -- 172.21.15.73:0/1476668396 --> [v2:172.21.15.73:6800/662943870,v1:172.21.15.73:6801/662943870] -- mgr_command(tid 0: {"prefix": "dashboard create-self-signed-cert", "target": ["mon-mgr", ""]}) -- 0x7f4bb8104330 con 0x7f4ba4038fc0
2024-09-10T07:40:47.521 INFO:teuthology.orchestra.run.smithi073.stdout:/usr/bin/ceph: stderr
2024-09-10T07:40:46.971+0000 7f4bae7fc640 1 -- 172.21.15.73:0/1476668396 <== mgr.14150 v2:172.21.15.73:6800/662943870 1 ==== mgr_command_reply(tid 0: 0 ) ==== 8+0+32 (secure 0 0 0) 0x7f4bb8104330 con 0x7f4ba4038fc0
