2024-09-10T07:57:32.523 INFO:teuthology.orchestra.run.smithi002.stdout:/usr/bin/ceph: stderr
2024-09-10T07:57:31.543+0000 7fbdf8000640 1 -- 172.21.15.2:0/1529380106 shutdown_connections
2024-09-10T07:57:32.523 INFO:teuthology.orchestra.run.smithi002.stdout:/usr/bin/ceph: stderr
2024-09-10T07:57:31.543+0000 7fbdf8000640 1 --2- 172.21.15.2:0/1529380106 >> [v2:172.21.15.2:3300/0,v1:172.21.15.2:6789/0] conn(0x7fbdf01098e0 0x7fbdf0109ce0 unknown :-1 s=CLOSED pgs=24 cs=0 l=1 rev1=1 crypto rx=0 tx=0 comp rx=0 tx=0).stop
2024-09-10T07:57:32.523 INFO:teuthology.orchestra.run.smithi002.stdout:/usr/bin/ceph: stderr
2024-09-10T07:57:31.543+0000 7fbdf8000640 1 -- 172.21.15.2:0/1529380106 >> 172.21.15.2:0/1529380106 conn(0x7fbdf007ceb0 msgr2=0x7fbdf007d2c0 unknown :-1 s=STATE_NONE l=0).mark_down
2024-09-10T07:57:32.523 INFO:teuthology.orchestra.run.smithi002.stdout:/usr/bin/ceph: stderr
2024-09-10T07:57:31.543+0000 7fbdf8000640 1 -- 172.21.15.2:0/1529380106 shutdown_connections
2024-09-10T07:57:32.523 INFO:teuthology.orchestra.run.smithi002.stdout:/usr/bin/ceph: stderr
2024-09-10T07:57:31.543+0000 7fbdf8000640 1 -- 172.21.15.2:0/1529380106 wait complete.
2024-09-10T07:57:32.523 INFO:teuthology.orchestra.run.smithi002.stdout:/usr/bin/ceph: stderr
2024-09-10T07:57:31.544+0000 7fbdf8000640 1 Processor -- start
2024-09-10T07:57:32.523 INFO:teuthology.orchestra.run.smithi002.stdout:/usr/bin/ceph: stderr
2024-09-10T07:57:31.544+0000 7fbdf8000640 1 -- start start
2024-09-10T07:57:32.523 INFO:teuthology.orchestra.run.smithi002.stdout:/usr/bin/ceph: stderr
2024-09-10T07:57:31.545+0000 7fbdf8000640 1 --2- >> [v2:172.21.15.2:3300/0,v1:172.21.15.2:6789/0] conn(0x7fbdf01098e0 0x7fbdf019d980 unknown :-1 s=NONE pgs=0 cs=0 l=1 rev1=0 crypto rx=0 tx=0 comp rx=0 tx=0).connect
2024-09-10T07:57:32.523 INFO:teuthology.orchestra.run.smithi002.stdout:/usr/bin/ceph: stderr
2024-09-10T07:57:31.545+0000 7fbdf8000640 1 -- --> [v2:172.21.15.2:3300/0,v1:172.21.15.2:6789/0] -- mon_getmap magic: 0 -- 0x7fbdf010de90 con 0x7fbdf01098e0
2024-09-10T07:57:32.524 INFO:teuthology.orchestra.run.smithi002.stdout:/usr/bin/ceph: stderr
2024-09-10T07:57:31.545+0000 7fbdf5600640 1 --2- >> [v2:172.21.15.2:3300/0,v1:172.21.15.2:6789/0] conn(0x7fbdf01098e0 0x7fbdf019d980 unknown :-1 s=BANNER_CONNECTING pgs=0 cs=0 l=1 rev1=0 crypto rx=0 tx=0 comp rx=0 tx=0)._handle_peer_banner_payload supported=3 required=0
2024-09-10T07:57:32.524 INFO:teuthology.orchestra.run.smithi002.stdout:/usr/bin/ceph: stderr
2024-09-10T07:57:31.545+0000 7fbdf5600640 1 --2- >> [v2:172.21.15.2:3300/0,v1:172.21.15.2:6789/0] conn(0x7fbdf01098e0 0x7fbdf019d980 unknown :-1 s=HELLO_CONNECTING pgs=0 cs=0 l=1 rev1=1 crypto rx=0 tx=0 comp rx=0 tx=0).handle_hello peer v2:172.21.15.2:3300/0 says I am v2:172.21.15.2:43158/0 (socket says 172.21.15.2:43158)
2024-09-10T07:57:32.524 INFO:teuthology.orchestra.run.smithi002.stdout:/usr/bin/ceph: stderr
2024-09-10T07:57:31.545+0000 7fbdf5600640 1 -- 172.21.15.2:0/2618152232 learned_addr learned my addr 172.21.15.2:0/2618152232 (peer_addr_for_me v2:172.21.15.2:0/0)
2024-09-10T07:57:32.524 INFO:teuthology.orchestra.run.smithi002.stdout:/usr/bin/ceph: stderr
2024-09-10T07:57:31.545+0000 7fbdf5600640 1 -- 172.21.15.2:0/2618152232 --> [v2:172.21.15.2:3300/0,v1:172.21.15.2:6789/0] -- mon_subscribe({config=0+,monmap=0+}) -- 0x7fbdf019dec0 con 0x7fbdf01098e0
2024-09-10T07:57:32.524 INFO:teuthology.orchestra.run.smithi002.stdout:/usr/bin/ceph: stderr
2024-09-10T07:57:31.546+0000 7fbdf5600640 1 --2- 172.21.15.2:0/2618152232 >> [v2:172.21.15.2:3300/0,v1:172.21.15.2:6789/0] conn(0x7fbdf01098e0 0x7fbdf019d980 secure :-1 s=READY pgs=25 cs=0 l=1 rev1=1 crypto rx=0x7fbde40097f0 tx=0x7fbde4030d80 comp rx=0 tx=0).ready entity=mon.0 client_cookie=0 server_cookie=0 in_seq=0 out_seq=0
2024-09-10T07:57:32.524 INFO:teuthology.orchestra.run.smithi002.stdout:/usr/bin/ceph: stderr
2024-09-10T07:57:31.546+0000 7fbdee000640 1 -- 172.21.15.2:0/2618152232 <== mon.0 v2:172.21.15.2:3300/0 1 ==== mon_map magic: 0 ==== 205+0+0 (secure 0 0 0) 0x7fbde4037040 con 0x7fbdf01098e0
2024-09-10T07:57:32.524 INFO:teuthology.orchestra.run.smithi002.stdout:/usr/bin/ceph: stderr
2024-09-10T07:57:31.546+0000 7fbdee000640 1 -- 172.21.15.2:0/2618152232 <== mon.0 v2:172.21.15.2:3300/0 2 ==== config(27 keys) ==== 1109+0+0 (secure 0 0 0) 0x7fbde4040070 con 0x7fbdf01098e0
2024-09-10T07:57:32.524 INFO:teuthology.orchestra.run.smithi002.stdout:/usr/bin/ceph: stderr
2024-09-10T07:57:31.546+0000 7fbdf8000640 1 -- 172.21.15.2:0/2618152232 --> [v2:172.21.15.2:3300/0,v1:172.21.15.2:6789/0] -- mon_subscribe({mgrmap=0+}) -- 0x7fbdf019e150 con 0x7fbdf01098e0
2024-09-10T07:57:32.524 INFO:teuthology.orchestra.run.smithi002.stdout:/usr/bin/ceph: stderr
2024-09-10T07:57:31.546+0000 7fbdee000640 1 -- 172.21.15.2:0/2618152232 <== mon.0 v2:172.21.15.2:3300/0 3 ==== mon_map magic: 0 ==== 205+0+0 (secure 0 0 0) 0x7fbde403a390 con 0x7fbdf01098e0
2024-09-10T07:57:32.524 INFO:teuthology.orchestra.run.smithi002.stdout:/usr/bin/ceph: stderr
2024-09-10T07:57:31.546+0000 7fbdf8000640 1 -- 172.21.15.2:0/2618152232 --> [v2:172.21.15.2:3300/0,v1:172.21.15.2:6789/0] -- mon_subscribe({osdmap=0}) -- 0x7fbdf01a0e40 con 0x7fbdf01098e0
2024-09-10T07:57:32.524 INFO:teuthology.orchestra.run.smithi002.stdout:/usr/bin/ceph: stderr
2024-09-10T07:57:31.547+0000 7fbdee000640 1 -- 172.21.15.2:0/2618152232 <== mon.0 v2:172.21.15.2:3300/0 4 ==== mgrmap(e 5) ==== 46287+0+0 (secure 0 0 0) 0x7fbde403b430 con 0x7fbdf01098e0
2024-09-10T07:57:32.524 INFO:teuthology.orchestra.run.smithi002.stdout:/usr/bin/ceph: stderr
2024-09-10T07:57:31.547+0000 7fbdf8000640 1 -- 172.21.15.2:0/2618152232 --> [v2:172.21.15.2:3300/0,v1:172.21.15.2:6789/0] -- mon_command({"prefix": "get_command_descriptions"} v 0) -- 0x7fbdf0109d60 con 0x7fbdf01098e0
2024-09-10T07:57:32.524 INFO:teuthology.orchestra.run.smithi002.stdout:/usr/bin/ceph: stderr
2024-09-10T07:57:31.548+0000 7fbdee000640 1 --2- 172.21.15.2:0/2618152232 >> [v2:172.21.15.2:6800/712393349,v1:172.21.15.2:6801/712393349] conn(0x7fbdd8038f70 0x7fbdd803b430 unknown :-1 s=NONE pgs=0 cs=0 l=1 rev1=0 crypto rx=0 tx=0 comp rx=0 tx=0).connect
2024-09-10T07:57:32.525 INFO:teuthology.orchestra.run.smithi002.stdout:/usr/bin/ceph: stderr
2024-09-10T07:57:31.548+0000 7fbdee000640 1 -- 172.21.15.2:0/2618152232 <== mon.0 v2:172.21.15.2:3300/0 5 ==== osd_map(1..1 src has 1..1) ==== 725+0+0 (secure 0 0 0) 0x7fbde406c120 con 0x7fbdf01098e0
2024-09-10T07:57:32.525 INFO:teuthology.orchestra.run.smithi002.stdout:/usr/bin/ceph: stderr
2024-09-10T07:57:31.548+0000 7fbdf4c00640 1 -- 172.21.15.2:0/2618152232 >> [v2:172.21.15.2:6800/712393349,v1:172.21.15.2:6801/712393349] conn(0x7fbdd8038f70 msgr2=0x7fbdd803b430 unknown :-1 s=STATE_CONNECTING_RE l=1).process reconnect failed to v2:172.21.15.2:6800/712393349
2024-09-10T07:57:32.525 INFO:teuthology.orchestra.run.smithi002.stdout:/usr/bin/ceph: stderr
2024-09-10T07:57:31.548+0000 7fbdf4c00640 1 --2- 172.21.15.2:0/2618152232 >> [v2:172.21.15.2:6800/712393349,v1:172.21.15.2:6801/712393349] conn(0x7fbdd8038f70 0x7fbdd803b430 unknown :-1 s=START_CONNECT pgs=0 cs=0 l=1 rev1=0 crypto rx=0 tx=0 comp rx=0 tx=0)._fault waiting 0.200000
2024-09-10T07:57:32.525 INFO:teuthology.orchestra.run.smithi002.stdout:/usr/bin/ceph: stderr
2024-09-10T07:57:31.557+0000 7fbdee000640 1 -- 172.21.15.2:0/2618152232 <== mon.0 v2:172.21.15.2:3300/0 6 ==== mon_command_ack([{"prefix": "get_command_descriptions"}]=0 v0) ==== 72+0+188821 (secure 0 0 0) 0x7fbde406be80 con 0x7fbdf01098e0
2024-09-10T07:57:32.525 INFO:teuthology.orchestra.run.smithi002.stdout:/usr/bin/ceph: stderr
2024-09-10T07:57:31.749+0000 7fbdf4c00640 1 -- 172.21.15.2:0/2618152232 >> [v2:172.21.15.2:6800/712393349,v1:172.21.15.2:6801/712393349] conn(0x7fbdd8038f70 msgr2=0x7fbdd803b430 unknown :-1 s=STATE_CONNECTING_RE l=1).process reconnect failed to v2:172.21.15.2:6800/712393349
2024-09-10T07:57:32.525 INFO:teuthology.orchestra.run.smithi002.stdout:/usr/bin/ceph: stderr
2024-09-10T07:57:31.749+0000 7fbdf4c00640 1 --2- 172.21.15.2:0/2618152232 >> [v2:172.21.15.2:6800/712393349,v1:172.21.15.2:6801/712393349] conn(0x7fbdd8038f70 0x7fbdd803b430 unknown :-1 s=START_CONNECT pgs=0 cs=0 l=1 rev1=0 crypto rx=0 tx=0 comp rx=0 tx=0)._fault waiting 0.400000
2024-09-10T07:57:32.525 INFO:teuthology.orchestra.run.smithi002.stdout:/usr/bin/ceph: stderr
2024-09-10T07:57:31.789+0000 7fbdf8000640 1 -- 172.21.15.2:0/2618152232 --> [v2:172.21.15.2:3300/0,v1:172.21.15.2:6789/0] -- mon_command({"prefix": "mgr stat"} v 0) -- 0x7fbdf01a1010 con 0x7fbdf01098e0
2024-09-10T07:57:32.525 INFO:teuthology.orchestra.run.smithi002.stdout:/usr/bin/ceph: stderr
2024-09-10T07:57:31.789+0000 7fbdee000640 1 -- 172.21.15.2:0/2618152232 <== mon.0 v2:172.21.15.2:3300/0 7 ==== mon_command_ack([{"prefix": "mgr stat"}]=0 v5) ==== 56+0+88 (secure 0 0 0) 0x7fbde4032900 con 0x7fbdf01098e0
2024-09-10T07:57:32.525 INFO:teuthology.orchestra.run.smithi002.stdout:/usr/bin/ceph: stderr
2024-09-10T07:57:31.791+0000 7fbdf8000640 1 -- 172.21.15.2:0/2618152232 >> [v2:172.21.15.2:6800/712393349,v1:172.21.15.2:6801/712393349] conn(0x7fbdd8038f70 msgr2=0x7fbdd803b430 unknown :-1 s=STATE_CONNECTING l=1).mark_down
2024-09-10T07:57:32.525 INFO:teuthology.orchestra.run.smithi002.stdout:/usr/bin/ceph: stderr
2024-09-10T07:57:31.791+0000 7fbdf8000640 1 --2- 172.21.15.2:0/2618152232 >> [v2:172.21.15.2:6800/712393349,v1:172.21.15.2:6801/712393349] conn(0x7fbdd8038f70 0x7fbdd803b430 unknown :-1 s=START_CONNECT pgs=0 cs=0 l=1 rev1=0 crypto rx=0 tx=0 comp rx=0 tx=0).stop
2024-09-10T07:57:32.525 INFO:teuthology.orchestra.run.smithi002.stdout:/usr/bin/ceph: stderr
2024-09-10T07:57:31.791+0000 7fbdf8000640 1 -- 172.21.15.2:0/2618152232 >> [v2:172.21.15.2:3300/0,v1:172.21.15.2:6789/0] conn(0x7fbdf01098e0 msgr2=0x7fbdf019d980 secure :-1 s=STATE_CONNECTION_ESTABLISHED l=1).mark_down
2024-09-10T07:57:32.525 INFO:teuthology.orchestra.run.smithi002.stdout:/usr/bin/ceph: stderr
2024-09-10T07:57:31.791+0000 7fbdf8000640 1 --2- 172.21.15.2:0/2618152232 >> [v2:172.21.15.2:3300/0,v1:172.21.15.2:6789/0] conn(0x7fbdf01098e0 0x7fbdf019d980 secure :-1 s=READY pgs=25 cs=0 l=1 rev1=1 crypto rx=0x7fbde40097f0 tx=0x7fbde4030d80 comp rx=0 tx=0).stop
2024-09-10T07:57:32.525 INFO:teuthology.orchestra.run.smithi002.stdout:/usr/bin/ceph: stderr
2024-09-10T07:57:31.792+0000 7fbdf8000640 1 -- 172.21.15.2:0/2618152232 shutdown_connections
2024-09-10T07:57:32.526 INFO:teuthology.orchestra.run.smithi002.stdout:/usr/bin/ceph: stderr
2024-09-10T07:57:31.792+0000 7fbdf8000640 1 --2- 172.21.15.2:0/2618152232 >> [v2:172.21.15.2:6800/712393349,v1:172.21.15.2:6801/712393349] conn(0x7fbdd8038f70 0x7fbdd803b430 unknown :-1 s=CLOSED pgs=0 cs=0 l=1 rev1=0 crypto rx=0 tx=0 comp rx=0 tx=0).stop
2024-09-10T07:57:32.526 INFO:teuthology.orchestra.run.smithi002.stdout:/usr/bin/ceph: stderr
2024-09-10T07:57:31.792+0000 7fbdf8000640 1 --2- 172.21.15.2:0/2618152232 >> [v2:172.21.15.2:3300/0,v1:172.21.15.2:6789/0] conn(0x7fbdf01098e0 0x7fbdf019d980 unknown :-1 s=CLOSED pgs=25 cs=0 l=1 rev1=1 crypto rx=0 tx=0 comp rx=0 tx=0).stop
2024-09-10T07:57:32.526 INFO:teuthology.orchestra.run.smithi002.stdout:/usr/bin/ceph: stderr
2024-09-10T07:57:31.792+0000 7fbdf8000640 1 -- 172.21.15.2:0/2618152232 >> 172.21.15.2:0/2618152232 conn(0x7fbdf007ceb0 msgr2=0x7fbdf01075a0 unknown :-1 s=STATE_NONE l=0).mark_down
2024-09-10T07:57:32.526 INFO:teuthology.orchestra.run.smithi002.stdout:/usr/bin/ceph: stderr
2024-09-10T07:57:31.792+0000 7fbdf8000640 1 -- 172.21.15.2:0/2618152232 shutdown_connections
2024-09-10T07:57:32.526 INFO:teuthology.orchestra.run.smithi002.stdout:/usr/bin/ceph: stderr
2024-09-10T07:57:31.792+0000 7fbdf8000640 1 -- 172.21.15.2:0/2618152232 wait complete.
2024-09-10T07:57:32.526 INFO:teuthology.orchestra.run.smithi002.stdout:Waiting for the mgr to restart...
2024-09-10T07:57:32.526 INFO:teuthology.orchestra.run.smithi002.stdout:Waiting for mgr epoch 5...
2024-09-10T07:57:33.519 INFO:journalctl@ceph.mgr.x.smithi002.stdout:Sep 10 07:57:33 smithi002 ceph-26ec64b0-6f4a-11ef-bcea-c7b262605968-mgr-x[30800]:
2024-09-10T07:57:33.069+0000 7f1e7bc90040 -1 mgr[py] Module telemetry has missing NOTIFY_TYPES member
2024-09-10T07:57:33.520 INFO:journalctl@ceph.mgr.x.smithi002.stdout:Sep 10 07:57:33 smithi002 ceph-26ec64b0-6f4a-11ef-bcea-c7b262605968-mgr-x[30800]:
2024-09-10T07:57:33.152+0000 7f1e7bc90040 -1 mgr[py] Module balancer has missing NOTIFY_TYPES member
2024-09-10T07:57:34.405 INFO:journalctl@ceph.mgr.x.smithi002.stdout:Sep 10 07:57:34 smithi002 ceph-26ec64b0-6f4a-11ef-bcea-c7b262605968-mgr-x[30800]:
2024-09-10T07:57:34.095+0000 7f1e7bc90040 -1 mgr[py] Module rook has missing NOTIFY_TYPES member
2024-09-10T07:57:34.406 INFO:journalctl@ceph.mgr.x.smithi002.stdout:Sep 10 07:57:34 smithi002 ceph-26ec64b0-6f4a-11ef-bcea-c7b262605968-mgr-x[30800]:
2024-09-10T07:57:34.237+0000 7f1e7bc90040 -1 mgr[py] Module iostat has missing NOTIFY_TYPES member
2024-09-10T07:57:34.406 INFO:journalctl@ceph.mgr.x.smithi002.stdout:Sep 10 07:57:34 smithi002 ceph-26ec64b0-6f4a-11ef-bcea-c7b262605968-mgr-x[30800]:
2024-09-10T07:57:34.406+0000 7f1e7bc90040 -1 mgr[py] Module orchestrator has missing NOTIFY_TYPES member
2024-09-10T07:57:34.657 INFO:journalctl@ceph.mgr.x.smithi002.stdout:Sep 10 07:57:34 smithi002 ceph-26ec64b0-6f4a-11ef-bcea-c7b262605968-mgr-x[30800]:
2024-09-10T07:57:34.481+0000 7f1e7bc90040 -1 mgr[py] Module devicehealth has missing NOTIFY_TYPES member
2024-09-10T07:57:34.657 INFO:journalctl@ceph.mgr.x.smithi002.stdout:Sep 10 07:57:34 smithi002 ceph-26ec64b0-6f4a-11ef-bcea-c7b262605968-mgr-x[30800]:
2024-09-10T07:57:34.657+0000 7f1e7bc90040 -1 mgr[py] Module rgw has missing NOTIFY_TYPES member
2024-09-10T07:57:35.002 INFO:journalctl@ceph.mgr.x.smithi002.stdout:Sep 10 07:57:34 smithi002 ceph-26ec64b0-6f4a-11ef-bcea-c7b262605968-mgr-x[30800]:
2024-09-10T07:57:34.742+0000 7f1e7bc90040 -1 mgr[py] Module alerts has missing NOTIFY_TYPES member
2024-09-10T07:57:35.002 INFO:journalctl@ceph.mgr.x.smithi002.stdout:Sep 10 07:57:34 smithi002 ceph-26ec64b0-6f4a-11ef-bcea-c7b262605968-mgr-x[30800]:
2024-09-10T07:57:34.816+0000 7f1e7bc90040 -1 mgr[py] Module progress has missing NOTIFY_TYPES member
2024-09-10T07:57:35.002 INFO:journalctl@ceph.mgr.x.smithi002.stdout:Sep 10 07:57:35 smithi002 ceph-26ec64b0-6f4a-11ef-bcea-c7b262605968-mgr-x[30800]:
2024-09-10T07:57:35.002+0000 7f1e7bc90040 -1 mgr[py] Module nfs has missing NOTIFY_TYPES member
2024-09-10T07:57:35.263 INFO:journalctl@ceph.mgr.x.smithi002.stdout:Sep 10 07:57:35 smithi002 ceph-26ec64b0-6f4a-11ef-bcea-c7b262605968-mgr-x[30800]:
2024-09-10T07:57:35.082+0000 7f1e7bc90040 -1 mgr[py] Module status has missing NOTIFY_TYPES member
2024-09-10T07:57:35.264 INFO:journalctl@ceph.mgr.x.smithi002.stdout:Sep 10 07:57:35 smithi002 ceph-26ec64b0-6f4a-11ef-bcea-c7b262605968-mgr-x[30800]:
2024-09-10T07:57:35.164+0000 7f1e7bc90040 -1 mgr[py] Module pg_autoscaler has missing NOTIFY_TYPES member
2024-09-10T07:57:35.264 INFO:journalctl@ceph.mgr.x.smithi002.stdout:Sep 10 07:57:35 smithi002 ceph-26ec64b0-6f4a-11ef-bcea-c7b262605968-mgr-x[30800]:
2024-09-10T07:57:35.264+0000 7f1e7bc90040 -1 mgr[py] Module rbd_support has missing NOTIFY_TYPES member
2024-09-10T07:57:35.519 INFO:journalctl@ceph.mgr.x.smithi002.stdout:Sep 10 07:57:35 smithi002 ceph-26ec64b0-6f4a-11ef-bcea-c7b262605968-mgr-x[30800]:
2024-09-10T07:57:35.336+0000 7f1e7bc90040 -1 mgr[py] Module influx has missing NOTIFY_TYPES member
2024-09-10T07:57:35.520 INFO:journalctl@ceph.mgr.x.smithi002.stdout:Sep 10 07:57:35 smithi002 ceph-26ec64b0-6f4a-11ef-bcea-c7b262605968-mgr-x[30800]:
2024-09-10T07:57:35.408+0000 7f1e7bc90040 -1 mgr[py] Module zabbix has missing NOTIFY_TYPES member
2024-09-10T07:57:36.769 INFO:journalctl@ceph.mgr.x.smithi002.stdout:Sep 10 07:57:36 smithi002 ceph-26ec64b0-6f4a-11ef-bcea-c7b262605968-mgr-x[30800]:
2024-09-10T07:57:36.356+0000 7f1e7bc90040 -1 mgr[py] Module telegraf has missing NOTIFY_TYPES member
2024-09-10T07:57:36.770 INFO:journalctl@ceph.mon.a.smithi002.stdout:Sep 10 07:57:36 smithi002 ceph-mon[30563]: Active manager daemon x restarted
2024-09-10T07:57:36.770 INFO:journalctl@ceph.mon.a.smithi002.stdout:Sep 10 07:57:36 smithi002 ceph-mon[30563]: Activating manager daemon x
2024-09-10T07:57:36.770 INFO:journalctl@ceph.mon.a.smithi002.stdout:Sep 10 07:57:36 smithi002 ceph-mon[30563]: osdmap e2: 0 total, 0 up, 0 in
2024-09-10T07:57:36.770 INFO:journalctl@ceph.mon.a.smithi002.stdout:Sep 10 07:57:36 smithi002 ceph-mon[30563]: mgrmap e6: x(active, starting, since 0.00406042s)
2024-09-10T07:57:36.770 INFO:journalctl@ceph.mon.a.smithi002.stdout:Sep 10 07:57:36 smithi002 ceph-mon[30563]: from='mgr.14118 172.21.15.2:0/3508535874' entity='mgr.x' cmd=[{"prefix": "mon metadata", "id": "a"}]: dispatch
2024-09-10T07:57:36.770 INFO:journalctl@ceph.mon.a.smithi002.stdout:Sep 10 07:57:36 smithi002 ceph-mon[30563]: from='mgr.14118 172.21.15.2:0/3508535874' entity='mgr.x' cmd=[{"prefix": "mgr metadata", "who": "x", "id": "x"}]: dispatch
2024-09-10T07:57:36.770 INFO:journalctl@ceph.mon.a.smithi002.stdout:Sep 10 07:57:36 smithi002 ceph-mon[30563]: from='mgr.14118 172.21.15.2:0/3508535874' entity='mgr.x' cmd=[{"prefix": "mds metadata"}]: dispatch
2024-09-10T07:57:36.770 INFO:journalctl@ceph.mon.a.smithi002.stdout:Sep 10 07:57:36 smithi002 ceph-mon[30563]: from='mgr.14118 172.21.15.2:0/3508535874' entity='mgr.x' cmd=[{"prefix": "osd metadata"}]: dispatch
2024-09-10T07:57:36.770 INFO:journalctl@ceph.mon.a.smithi002.stdout:Sep 10 07:57:36 smithi002 ceph-mon[30563]: from='mgr.14118 172.21.15.2:0/3508535874' entity='mgr.x' cmd=[{"prefix": "mon metadata"}]: dispatch
2024-09-10T07:57:36.771 INFO:journalctl@ceph.mon.a.smithi002.stdout:Sep 10 07:57:36 smithi002 ceph-mon[30563]: Manager daemon x is now available
2024-09-10T07:57:36.771 INFO:journalctl@ceph.mon.a.smithi002.stdout:Sep 10 07:57:36 smithi002 ceph-mon[30563]: Found migration_current of "None". Setting to last migration.
2024-09-10T07:57:36.771 INFO:journalctl@ceph.mon.a.smithi002.stdout:Sep 10 07:57:36 smithi002 ceph-mon[30563]: from='mgr.14118 172.21.15.2:0/3508535874' entity='mgr.x'
2024-09-10T07:57:36.771 INFO:journalctl@ceph.mon.a.smithi002.stdout:Sep 10 07:57:36 smithi002 ceph-mon[30563]: from='mgr.14118 172.21.15.2:0/3508535874' entity='mgr.x'
2024-09-10T07:57:36.771 INFO:journalctl@ceph.mon.a.smithi002.stdout:Sep 10 07:57:36 smithi002 ceph-mon[30563]: from='mgr.14118 172.21.15.2:0/3508535874' entity='mgr.x' cmd=[{"prefix": "config dump", "format": "json"}]: dispatch
2024-09-10T07:57:36.771 INFO:journalctl@ceph.mon.a.smithi002.stdout:Sep 10 07:57:36 smithi002 ceph-mon[30563]: from='mgr.14118 172.21.15.2:0/3508535874' entity='mgr.x' cmd=[{"prefix": "config dump", "format": "json"}]: dispatch
2024-09-10T07:57:37.716 INFO:journalctl@ceph.mon.a.smithi002.stdout:Sep 10 07:57:37 smithi002 ceph-mon[30563]: from='mgr.14118 172.21.15.2:0/3508535874' entity='mgr.x' cmd=[{"prefix":"config rm","who":"mgr","name":"mgr/rbd_support/x/mirror_snapshot_schedule"}]: dispatch
2024-09-10T07:57:37.716 INFO:journalctl@ceph.mon.a.smithi002.stdout:Sep 10 07:57:37 smithi002 ceph-mon[30563]: from='mgr.14118 172.21.15.2:0/3508535874' entity='mgr.x' cmd=[{"prefix":"config rm","who":"mgr","name":"mgr/rbd_support/x/trash_purge_schedule"}]: dispatch
2024-09-10T07:57:37.716 INFO:journalctl@ceph.mon.a.smithi002.stdout:Sep 10 07:57:37 smithi002 ceph-mon[30563]: from='mgr.14118 172.21.15.2:0/3508535874' entity='mgr.x'
2024-09-10T07:57:37.716 INFO:journalctl@ceph.mon.a.smithi002.stdout:Sep 10 07:57:37 smithi002 ceph-mon[30563]: from='mgr.14118 172.21.15.2:0/3508535874' entity='mgr.x'
2024-09-10T07:57:37.716 INFO:journalctl@ceph.mon.a.smithi002.stdout:Sep 10 07:57:37 smithi002 ceph-mon[30563]: mgrmap e7: x(active, since 1.00666s)
2024-09-10T07:57:37.716 INFO:journalctl@ceph.mon.a.smithi002.stdout:Sep 10 07:57:37 smithi002 ceph-mon[30563]: from='client.14122 -' entity='client.admin' cmd=[{"prefix": "get_command_descriptions"}]: dispatch
2024-09-10T07:57:37.717 INFO:journalctl@ceph.mon.a.smithi002.stdout:Sep 10 07:57:37 smithi002 ceph-mon[30563]: from='client.14122 -' entity='client.admin' cmd=[{"prefix": "mgr_status"}]: dispatch
2024-09-10T07:57:38.369 INFO:teuthology.orchestra.run.smithi002.stdout:/usr/bin/ceph: stdout {
2024-09-10T07:57:38.369 INFO:teuthology.orchestra.run.smithi002.stdout:/usr/bin/ceph: stdout "mgrmap_epoch": 7,
2024-09-10T07:57:38.369 INFO:teuthology.orchestra.run.smithi002.stdout:/usr/bin/ceph: stdout "initialized": true
2024-09-10T07:57:38.370 INFO:teuthology.orchestra.run.smithi002.stdout:/usr/bin/ceph: stdout }
2024-09-10T07:57:38.370 INFO:teuthology.orchestra.run.smithi002.stdout:/usr/bin/ceph: stderr
2024-09-10T07:57:33.040+0000 7f8cab200640 1 Processor -- start
2024-09-10T07:57:38.370 INFO:teuthology.orchestra.run.smithi002.stdout:/usr/bin/ceph: stderr
2024-09-10T07:57:33.041+0000 7f8cab200640 1 -- start start
2024-09-10T07:57:38.370 INFO:teuthology.orchestra.run.smithi002.stdout:/usr/bin/ceph: stderr
2024-09-10T07:57:33.041+0000 7f8cab200640 1 --2- >> [v2:172.21.15.2:3300/0,v1:172.21.15.2:6789/0] conn(0x7f8ca4109930 0x7f8ca4109d30 unknown :-1 s=NONE pgs=0 cs=0 l=0 rev1=0 crypto rx=0 tx=0 comp rx=0 tx=0).connect
2024-09-10T07:57:38.370 INFO:teuthology.orchestra.run.smithi002.stdout:/usr/bin/ceph: stderr
2024-09-10T07:57:33.041+0000 7f8cab200640 1 -- --> [v2:172.21.15.2:3300/0,v1:172.21.15.2:6789/0] -- mon_getmap magic: 0 -- 0x7f8ca410a300 con 0x7f8ca4109930
2024-09-10T07:57:38.370 INFO:teuthology.orchestra.run.smithi002.stdout:/usr/bin/ceph: stderr
2024-09-10T07:57:33.041+0000 7f8ca3e00640 1 --2- >> [v2:172.21.15.2:3300/0,v1:172.21.15.2:6789/0] conn(0x7f8ca4109930 0x7f8ca4109d30 unknown :-1 s=BANNER_CONNECTING pgs=0 cs=0 l=0 rev1=0 crypto rx=0 tx=0 comp rx=0 tx=0)._handle_peer_banner_payload supported=3 required=0
2024-09-10T07:57:38.370 INFO:teuthology.orchestra.run.smithi002.stdout:/usr/bin/ceph: stderr
2024-09-10T07:57:33.041+0000 7f8ca3e00640 1 --2- >> [v2:172.21.15.2:3300/0,v1:172.21.15.2:6789/0] conn(0x7f8ca4109930 0x7f8ca4109d30 unknown :-1 s=HELLO_CONNECTING pgs=0 cs=0 l=0 rev1=1 crypto rx=0 tx=0 comp rx=0 tx=0).handle_hello peer v2:172.21.15.2:3300/0 says I am v2:172.21.15.2:43160/0 (socket says 172.21.15.2:43160)
2024-09-10T07:57:38.370 INFO:teuthology.orchestra.run.smithi002.stdout:/usr/bin/ceph: stderr
2024-09-10T07:57:33.041+0000 7f8ca3e00640 1 -- 172.21.15.2:0/3848145051 learned_addr learned my addr 172.21.15.2:0/3848145051 (peer_addr_for_me v2:172.21.15.2:0/0)
2024-09-10T07:57:38.371 INFO:teuthology.orchestra.run.smithi002.stdout:/usr/bin/ceph: stderr
2024-09-10T07:57:33.042+0000 7f8ca3e00640 1 -- 172.21.15.2:0/3848145051 --> [v2:172.21.15.2:3300/0,v1:172.21.15.2:6789/0] -- mon_subscribe({config=0+,monmap=0+}) -- 0x7f8ca410ab00 con 0x7f8ca4109930
2024-09-10T07:57:38.371 INFO:teuthology.orchestra.run.smithi002.stdout:/usr/bin/ceph: stderr
2024-09-10T07:57:33.043+0000 7f8ca3e00640 1 --2- 172.21.15.2:0/3848145051 >> [v2:172.21.15.2:3300/0,v1:172.21.15.2:6789/0] conn(0x7f8ca4109930 0x7f8ca4109d30 secure :-1 s=READY pgs=26 cs=0 l=1 rev1=1 crypto rx=0x7f8c94009820 tx=0x7f8c9402a270 comp rx=0 tx=0).ready entity=mon.0 client_cookie=6ac37a10e3f9b1ac server_cookie=0 in_seq=0 out_seq=0
2024-09-10T07:57:38.371 INFO:teuthology.orchestra.run.smithi002.stdout:/usr/bin/ceph: stderr
2024-09-10T07:57:33.043+0000 7f8ca2a00640 1 -- 172.21.15.2:0/3848145051 <== mon.0 v2:172.21.15.2:3300/0 1 ==== mon_map magic: 0 ==== 205+0+0 (secure 0 0 0) 0x7f8c94037070 con 0x7f8ca4109930
2024-09-10T07:57:38.371 INFO:teuthology.orchestra.run.smithi002.stdout:/usr/bin/ceph: stderr
2024-09-10T07:57:33.043+0000 7f8ca2a00640 1 -- 172.21.15.2:0/3848145051 <== mon.0 v2:172.21.15.2:3300/0 2 ==== config(27 keys) ==== 1109+0+0 (secure 0 0 0) 0x7f8c94032900 con 0x7f8ca4109930
2024-09-10T07:57:38.371 INFO:teuthology.orchestra.run.smithi002.stdout:/usr/bin/ceph: stderr
2024-09-10T07:57:33.043+0000 7f8ca2a00640 1 -- 172.21.15.2:0/3848145051 <== mon.0 v2:172.21.15.2:3300/0 3 ==== mon_map magic: 0 ==== 205+0+0 (secure 0 0 0) 0x7f8c94030850 con 0x7f8ca4109930
2024-09-10T07:57:38.371 INFO:teuthology.orchestra.run.smithi002.stdout:/usr/bin/ceph: stderr
2024-09-10T07:57:33.044+0000 7f8cab200640 1 -- 172.21.15.2:0/3848145051 >> [v2:172.21.15.2:3300/0,v1:172.21.15.2:6789/0] conn(0x7f8ca4109930 msgr2=0x7f8ca4109d30 secure :-1 s=STATE_CONNECTION_ESTABLISHED l=1).mark_down
2024-09-10T07:57:38.371 INFO:teuthology.orchestra.run.smithi002.stdout:/usr/bin/ceph: stderr
2024-09-10T07:57:33.044+0000 7f8cab200640 1 --2- 172.21.15.2:0/3848145051 >> [v2:172.21.15.2:3300/0,v1:172.21.15.2:6789/0] conn(0x7f8ca4109930 0x7f8ca4109d30 secure :-1 s=READY pgs=26 cs=0 l=1 rev1=1 crypto rx=0x7f8c94009820 tx=0x7f8c9402a270 comp rx=0 tx=0).stop
2024-09-10T07:57:38.371 INFO:teuthology.orchestra.run.smithi002.stdout:/usr/bin/ceph: stderr
2024-09-10T07:57:33.044+0000 7f8cab200640 1 -- 172.21.15.2:0/3848145051 shutdown_connections
2024-09-10T07:57:38.371 INFO:teuthology.orchestra.run.smithi002.stdout:/usr/bin/ceph: stderr
2024-09-10T07:57:33.044+0000 7f8cab200640 1 --2- 172.21.15.2:0/3848145051 >> [v2:172.21.15.2:3300/0,v1:172.21.15.2:6789/0] conn(0x7f8ca4109930 0x7f8ca4109d30 unknown :-1 s=CLOSED pgs=26 cs=0 l=1 rev1=1 crypto rx=0 tx=0 comp rx=0 tx=0).stop
2024-09-10T07:57:38.371 INFO:teuthology.orchestra.run.smithi002.stdout:/usr/bin/ceph: stderr
2024-09-10T07:57:33.044+0000 7f8cab200640 1 -- 172.21.15.2:0/3848145051 >> 172.21.15.2:0/3848145051 conn(0x7f8ca407cf30 msgr2=0x7f8ca407d340 unknown :-1 s=STATE_NONE l=0).mark_down
2024-09-10T07:57:38.371 INFO:teuthology.orchestra.run.smithi002.stdout:/usr/bin/ceph: stderr
2024-09-10T07:57:33.044+0000 7f8cab200640 1 -- 172.21.15.2:0/3848145051 shutdown_connections
2024-09-10T07:57:38.371 INFO:teuthology.orchestra.run.smithi002.stdout:/usr/bin/ceph: stderr
2024-09-10T07:57:33.044+0000 7f8cab200640 1 -- 172.21.15.2:0/3848145051 wait complete.
2024-09-10T07:57:38.372 INFO:teuthology.orchestra.run.smithi002.stdout:/usr/bin/ceph: stderr
2024-09-10T07:57:33.045+0000 7f8cab200640 1 Processor -- start
2024-09-10T07:57:38.372 INFO:teuthology.orchestra.run.smithi002.stdout:/usr/bin/ceph: stderr
2024-09-10T07:57:33.046+0000 7f8cab200640 1 -- start start
2024-09-10T07:57:38.372 INFO:teuthology.orchestra.run.smithi002.stdout:/usr/bin/ceph: stderr
2024-09-10T07:57:33.046+0000 7f8cab200640 1 --2- >> [v2:172.21.15.2:3300/0,v1:172.21.15.2:6789/0] conn(0x7f8ca4109930 0x7f8ca419d930 unknown :-1 s=NONE pgs=0 cs=0 l=1 rev1=0 crypto rx=0 tx=0 comp rx=0 tx=0).connect
2024-09-10T07:57:38.372 INFO:teuthology.orchestra.run.smithi002.stdout:/usr/bin/ceph: stderr
2024-09-10T07:57:33.046+0000 7f8cab200640 1 -- --> [v2:172.21.15.2:3300/0,v1:172.21.15.2:6789/0] -- mon_getmap magic: 0 -- 0x7f8ca410deb0 con 0x7f8ca4109930
2024-09-10T07:57:38.372 INFO:teuthology.orchestra.run.smithi002.stdout:/usr/bin/ceph: stderr
2024-09-10T07:57:33.046+0000 7f8ca3e00640 1 --2- >> [v2:172.21.15.2:3300/0,v1:172.21.15.2:6789/0] conn(0x7f8ca4109930 0x7f8ca419d930 unknown :-1 s=BANNER_CONNECTING pgs=0 cs=0 l=1 rev1=0 crypto rx=0 tx=0 comp rx=0 tx=0)._handle_peer_banner_payload supported=3 required=0
2024-09-10T07:57:38.372 INFO:teuthology.orchestra.run.smithi002.stdout:/usr/bin/ceph: stderr
2024-09-10T07:57:33.046+0000 7f8ca3e00640 1 --2- >> [v2:172.21.15.2:3300/0,v1:172.21.15.2:6789/0] conn(0x7f8ca4109930 0x7f8ca419d930 unknown :-1 s=HELLO_CONNECTING pgs=0 cs=0 l=1 rev1=1 crypto rx=0 tx=0 comp rx=0 tx=0).handle_hello peer v2:172.21.15.2:3300/0 says I am v2:172.21.15.2:43172/0 (socket says 172.21.15.2:43172)
2024-09-10T07:57:38.372 INFO:teuthology.orchestra.run.smithi002.stdout:/usr/bin/ceph: stderr
2024-09-10T07:57:33.046+0000 7f8ca3e00640 1 -- 172.21.15.2:0/3822516036 learned_addr learned my addr 172.21.15.2:0/3822516036 (peer_addr_for_me v2:172.21.15.2:0/0)
2024-09-10T07:57:38.372 INFO:teuthology.orchestra.run.smithi002.stdout:/usr/bin/ceph: stderr
2024-09-10T07:57:33.047+0000 7f8ca3e00640 1 -- 172.21.15.2:0/3822516036 --> [v2:172.21.15.2:3300/0,v1:172.21.15.2:6789/0] -- mon_subscribe({config=0+,monmap=0+}) -- 0x7f8ca419de70 con 0x7f8ca4109930
2024-09-10T07:57:38.373 INFO:teuthology.orchestra.run.smithi002.stdout:/usr/bin/ceph: stderr
2024-09-10T07:57:33.047+0000 7f8ca3e00640 1 --2- 172.21.15.2:0/3822516036 >> [v2:172.21.15.2:3300/0,v1:172.21.15.2:6789/0] conn(0x7f8ca4109930 0x7f8ca419d930 secure :-1 s=READY pgs=27 cs=0 l=1 rev1=1 crypto rx=0x7f8c94030460 tx=0x7f8c94030d80 comp rx=0 tx=0).ready entity=mon.0 client_cookie=0 server_cookie=0 in_seq=0 out_seq=0
2024-09-10T07:57:38.373 INFO:teuthology.orchestra.run.smithi002.stdout:/usr/bin/ceph: stderr
2024-09-10T07:57:33.048+0000 7f8ca0c00640 1 -- 172.21.15.2:0/3822516036 <== mon.0 v2:172.21.15.2:3300/0 1 ==== mon_map magic: 0 ==== 205+0+0 (secure 0 0 0) 0x7f8c94042070 con 0x7f8ca4109930
2024-09-10T07:57:38.373 INFO:teuthology.orchestra.run.smithi002.stdout:/usr/bin/ceph: stderr
2024-09-10T07:57:33.048+0000 7f8ca0c00640 1 -- 172.21.15.2:0/3822516036 <== mon.0 v2:172.21.15.2:3300/0 2 ==== config(27 keys) ==== 1109+0+0 (secure 0 0 0) 0x7f8c94032be0 con 0x7f8ca4109930
2024-09-10T07:57:38.373 INFO:teuthology.orchestra.run.smithi002.stdout:/usr/bin/ceph: stderr
2024-09-10T07:57:33.048+0000 7f8cab200640 1 -- 172.21.15.2:0/3822516036 --> [v2:172.21.15.2:3300/0,v1:172.21.15.2:6789/0] -- mon_subscribe({mgrmap=0+}) -- 0x7f8ca419e100 con 0x7f8ca4109930
2024-09-10T07:57:38.373 INFO:teuthology.orchestra.run.smithi002.stdout:/usr/bin/ceph: stderr
2024-09-10T07:57:33.048+0000 7f8ca0c00640 1 -- 172.21.15.2:0/3822516036 <== mon.0 v2:172.21.15.2:3300/0 3 ==== mon_map magic: 0 ==== 205+0+0 (secure 0 0 0) 0x7f8c94037040 con 0x7f8ca4109930
2024-09-10T07:57:38.373 INFO:teuthology.orchestra.run.smithi002.stdout:/usr/bin/ceph: stderr
2024-09-10T07:57:33.048+0000 7f8cab200640 1 -- 172.21.15.2:0/3822516036 --> [v2:172.21.15.2:3300/0,v1:172.21.15.2:6789/0] -- mon_subscribe({osdmap=0}) -- 0x7f8ca41a0df0 con 0x7f8ca4109930
2024-09-10T07:57:38.373 INFO:teuthology.orchestra.run.smithi002.stdout:/usr/bin/ceph: stderr
2024-09-10T07:57:33.049+0000 7f8ca0c00640 1 -- 172.21.15.2:0/3822516036 <== mon.0 v2:172.21.15.2:3300/0 4 ==== mgrmap(e 5) ==== 46287+0+0 (secure 0 0 0) 0x7f8c94045070 con 0x7f8ca4109930
2024-09-10T07:57:38.373 INFO:teuthology.orchestra.run.smithi002.stdout:/usr/bin/ceph: stderr
2024-09-10T07:57:33.049+0000 7f8ca0c00640 1 --2- 172.21.15.2:0/3822516036 >> [v2:172.21.15.2:6800/712393349,v1:172.21.15.2:6801/712393349] conn(0x7f8c88038f70 0x7f8c8803b430 unknown :-1 s=NONE pgs=0 cs=0 l=1 rev1=0 crypto rx=0 tx=0 comp rx=0 tx=0).connect
2024-09-10T07:57:38.373 INFO:teuthology.orchestra.run.smithi002.stdout:/usr/bin/ceph: stderr
2024-09-10T07:57:33.049+0000 7f8ca0c00640 1 -- 172.21.15.2:0/3822516036 --> [v2:172.21.15.2:6800/712393349,v1:172.21.15.2:6801/712393349] -- command(tid 0: {"prefix": "get_command_descriptions"}) -- 0x7f8c8803bb40 con 0x7f8c88038f70
2024-09-10T07:57:38.373 INFO:teuthology.orchestra.run.smithi002.stdout:/usr/bin/ceph: stderr
2024-09-10T07:57:33.049+0000 7f8ca0c00640 1 -- 172.21.15.2:0/3822516036 <== mon.0 v2:172.21.15.2:3300/0 5 ==== osd_map(1..1 src has 1..1) ==== 725+0+0 (secure 0 0 0) 0x7f8c9406be70 con 0x7f8ca4109930
2024-09-10T07:57:38.373 INFO:teuthology.orchestra.run.smithi002.stdout:/usr/bin/ceph: stderr
2024-09-10T07:57:33.049+0000 7f8ca3400640 1 -- 172.21.15.2:0/3822516036 >> [v2:172.21.15.2:6800/712393349,v1:172.21.15.2:6801/712393349] conn(0x7f8c88038f70 msgr2=0x7f8c8803b430 unknown :-1 s=STATE_CONNECTING_RE l=1).process reconnect failed to v2:172.21.15.2:6800/712393349
2024-09-10T07:57:38.373 INFO:teuthology.orchestra.run.smithi002.stdout:/usr/bin/ceph: stderr
2024-09-10T07:57:33.049+0000 7f8ca3400640 1 --2- 172.21.15.2:0/3822516036 >> [v2:172.21.15.2:6800/712393349,v1:172.21.15.2:6801/712393349] conn(0x7f8c88038f70 0x7f8c8803b430 unknown :-1 s=START_CONNECT pgs=0 cs=0 l=1 rev1=0 crypto rx=0 tx=0 comp rx=0 tx=0)._fault waiting 0.200000
2024-09-10T07:57:38.373 INFO:teuthology.orchestra.run.smithi002.stdout:/usr/bin/ceph: stderr
2024-09-10T07:57:33.250+0000 7f8ca3400640 1 -- 172.21.15.2:0/3822516036 >> [v2:172.21.15.2:6800/712393349,v1:172.21.15.2:6801/712393349] conn(0x7f8c88038f70 msgr2=0x7f8c8803b430 unknown :-1 s=STATE_CONNECTING_RE l=1).process reconnect failed to v2:172.21.15.2:6800/712393349
2024-09-10T07:57:38.374 INFO:teuthology.orchestra.run.smithi002.stdout:/usr/bin/ceph: stderr
2024-09-10T07:57:33.250+0000 7f8ca3400640 1 --2- 172.21.15.2:0/3822516036 >> [v2:172.21.15.2:6800/712393349,v1:172.21.15.2:6801/712393349] conn(0x7f8c88038f70 0x7f8c8803b430 unknown :-1 s=START_CONNECT pgs=0 cs=0 l=1 rev1=0 crypto rx=0 tx=0 comp rx=0 tx=0)._fault waiting 0.400000
2024-09-10T07:57:38.374 INFO:teuthology.orchestra.run.smithi002.stdout:/usr/bin/ceph: stderr
2024-09-10T07:57:33.651+0000 7f8ca3400640 1 -- 172.21.15.2:0/3822516036 >> [v2:172.21.15.2:6800/712393349,v1:172.21.15.2:6801/712393349] conn(0x7f8c88038f70 msgr2=0x7f8c8803b430 unknown :-1 s=STATE_CONNECTING_RE l=1).process reconnect failed to v2:172.21.15.2:6800/712393349
2024-09-10T07:57:38.374 INFO:teuthology.orchestra.run.smithi002.stdout:/usr/bin/ceph: stderr
2024-09-10T07:57:33.651+0000 7f8ca3400640 1 --2- 172.21.15.2:0/3822516036 >> [v2:172.21.15.2:6800/712393349,v1:172.21.15.2:6801/712393349] conn(0x7f8c88038f70 0x7f8c8803b430 unknown :-1 s=START_CONNECT pgs=0 cs=0 l=1 rev1=0 crypto rx=0 tx=0 comp rx=0 tx=0)._fault waiting 0.800000
2024-09-10T07:57:38.374 INFO:teuthology.orchestra.run.smithi002.stdout:/usr/bin/ceph: stderr
2024-09-10T07:57:34.452+0000 7f8ca3400640 1 -- 172.21.15.2:0/3822516036 >> [v2:172.21.15.2:6800/712393349,v1:172.21.15.2:6801/712393349] conn(0x7f8c88038f70 msgr2=0x7f8c8803b430 unknown :-1 s=STATE_CONNECTING_RE l=1).process reconnect failed to v2:172.21.15.2:6800/712393349
2024-09-10T07:57:38.374 INFO:teuthology.orchestra.run.smithi002.stdout:/usr/bin/ceph: stderr
2024-09-10T07:57:34.452+0000 7f8ca3400640 1 --2- 172.21.15.2:0/3822516036 >> [v2:172.21.15.2:6800/712393349,v1:172.21.15.2:6801/712393349] conn(0x7f8c88038f70 0x7f8c8803b430 unknown :-1 s=START_CONNECT pgs=0 cs=0 l=1 rev1=0 crypto rx=0 tx=0 comp rx=0 tx=0)._fault waiting 1.600000
2024-09-10T07:57:38.374 INFO:teuthology.orchestra.run.smithi002.stdout:/usr/bin/ceph: stderr
2024-09-10T07:57:36.053+0000 7f8ca3400640 1 -- 172.21.15.2:0/3822516036 >> [v2:172.21.15.2:6800/712393349,v1:172.21.15.2:6801/712393349] conn(0x7f8c88038f70 msgr2=0x7f8c8803b430 unknown :-1 s=STATE_CONNECTING_RE l=1).process reconnect failed to v2:172.21.15.2:6800/712393349
2024-09-10T07:57:38.374 INFO:teuthology.orchestra.run.smithi002.stdout:/usr/bin/ceph: stderr
2024-09-10T07:57:36.053+0000 7f8ca3400640 1 --2- 172.21.15.2:0/3822516036 >> [v2:172.21.15.2:6800/712393349,v1:172.21.15.2:6801/712393349] conn(0x7f8c88038f70 0x7f8c8803b430 unknown :-1 s=START_CONNECT pgs=0 cs=0 l=1 rev1=0 crypto rx=0 tx=0 comp rx=0 tx=0)._fault waiting 3.200000
2024-09-10T07:57:38.374 INFO:teuthology.orchestra.run.smithi002.stdout:/usr/bin/ceph: stderr
2024-09-10T07:57:36.360+0000 7f8ca0c00640 1 -- 172.21.15.2:0/3822516036 <== mon.0 v2:172.21.15.2:3300/0 6 ==== mgrmap(e 6) ==== 46054+0+0 (secure 0 0 0) 0x7f8c9403d430 con 0x7f8ca4109930
2024-09-10T07:57:38.374 INFO:teuthology.orchestra.run.smithi002.stdout:/usr/bin/ceph: stderr
2024-09-10T07:57:36.361+0000 7f8ca0c00640 1 -- 172.21.15.2:0/3822516036 >> [v2:172.21.15.2:6800/712393349,v1:172.21.15.2:6801/712393349] conn(0x7f8c88038f70 msgr2=0x7f8c8803b430 unknown :-1 s=STATE_CONNECTING l=1).mark_down
2024-09-10T07:57:38.374 INFO:teuthology.orchestra.run.smithi002.stdout:/usr/bin/ceph: stderr
2024-09-10T07:57:36.361+0000 7f8ca0c00640 1 --2- 172.21.15.2:0/3822516036 >> [v2:172.21.15.2:6800/712393349,v1:172.21.15.2:6801/712393349] conn(0x7f8c88038f70 0x7f8c8803b430 unknown :-1 s=START_CONNECT pgs=0 cs=0 l=1 rev1=0 crypto rx=0 tx=0 comp rx=0 tx=0).stop
2024-09-10T07:57:38.374 INFO:teuthology.orchestra.run.smithi002.stdout:/usr/bin/ceph: stderr
2024-09-10T07:57:37.362+0000 7f8ca0c00640 1 -- 172.21.15.2:0/3822516036 <== mon.0 v2:172.21.15.2:3300/0 7 ==== mgrmap(e 7) ==== 46181+0+0 (secure 0 0 0) 0x7f8c94065d00 con 0x7f8ca4109930
2024-09-10T07:57:38.374 INFO:teuthology.orchestra.run.smithi002.stdout:/usr/bin/ceph: stderr
2024-09-10T07:57:37.362+0000 7f8ca0c00640 1 --2- 172.21.15.2:0/3822516036 >> [v2:172.21.15.2:6800/3590511604,v1:172.21.15.2:6801/3590511604] conn(0x7f8c8803c8a0 0x7f8c8803ec90 unknown :-1 s=NONE pgs=0 cs=0 l=1 rev1=0 crypto rx=0 tx=0 comp rx=0 tx=0).connect
2024-09-10T07:57:38.374 INFO:teuthology.orchestra.run.smithi002.stdout:/usr/bin/ceph: stderr
2024-09-10T07:57:37.362+0000 7f8ca0c00640 1 -- 172.21.15.2:0/3822516036 --> [v2:172.21.15.2:6800/3590511604,v1:172.21.15.2:6801/3590511604] -- command(tid 0: {"prefix": "get_command_descriptions"}) -- 0x7f8c9400af30 con 0x7f8c8803c8a0
2024-09-10T07:57:38.375 INFO:teuthology.orchestra.run.smithi002.stdout:/usr/bin/ceph: stderr
2024-09-10T07:57:37.363+0000 7f8ca3400640 1 --2- 172.21.15.2:0/3822516036 >> [v2:172.21.15.2:6800/3590511604,v1:172.21.15.2:6801/3590511604] conn(0x7f8c8803c8a0 0x7f8c8803ec90 unknown :-1 s=BANNER_CONNECTING pgs=0 cs=0 l=1 rev1=0 crypto rx=0 tx=0 comp rx=0 tx=0)._handle_peer_banner_payload supported=3 required=0
2024-09-10T07:57:38.375 INFO:teuthology.orchestra.run.smithi002.stdout:/usr/bin/ceph: stderr
2024-09-10T07:57:37.365+0000 7f8ca3400640 1 --2- 172.21.15.2:0/3822516036 >> [v2:172.21.15.2:6800/3590511604,v1:172.21.15.2:6801/3590511604] conn(0x7f8c8803c8a0 0x7f8c8803ec90 secure :-1 s=READY pgs=4 cs=0 l=1 rev1=1 crypto rx=0x7f8c90003980 tx=0x7f8c90009290 comp rx=0 tx=0).ready entity=mgr.14118 client_cookie=0 server_cookie=0 in_seq=0 out_seq=0
2024-09-10T07:57:38.375 INFO:teuthology.orchestra.run.smithi002.stdout:/usr/bin/ceph: stderr
2024-09-10T07:57:37.366+0000 7f8ca0c00640 1 -- 172.21.15.2:0/3822516036 <== mgr.14118 v2:172.21.15.2:6800/3590511604 1 ==== command_reply(tid 0: 0 ) ==== 8+0+9564 (secure 0 0 0) 0x7f8c9400af30 con 0x7f8c8803c8a0
2024-09-10T07:57:38.375 INFO:teuthology.orchestra.run.smithi002.stdout:/usr/bin/ceph: stderr
2024-09-10T07:57:37.373+0000 7f8cab200640 1 -- 172.21.15.2:0/3822516036 --> [v2:172.21.15.2:6800/3590511604,v1:172.21.15.2:6801/3590511604] -- command(tid 1: {"prefix": "mgr_status"}) -- 0x7f8ca4109d30 con 0x7f8c8803c8a0
2024-09-10T07:57:38.375 INFO:teuthology.orchestra.run.smithi002.stdout:/usr/bin/ceph: stderr
2024-09-10T07:57:37.373+0000 7f8ca0c00640 1 -- 172.21.15.2:0/3822516036 <== mgr.14118 v2:172.21.15.2:6800/3590511604 2 ==== command_reply(tid 1: 0 ) ==== 8+0+51 (secure 0 0 0) 0x7f8ca4109d30 con 0x7f8c8803c8a0
2024-09-10T07:57:38.375 INFO:teuthology.orchestra.run.smithi002.stdout:/usr/bin/ceph: stderr
2024-09-10T07:57:37.374+0000 7f8cab200640 1 -- 172.21.15.2:0/3822516036 >> [v2:172.21.15.2:6800/3590511604,v1:172.21.15.2:6801/3590511604] conn(0x7f8c8803c8a0 msgr2=0x7f8c8803ec90 secure :-1 s=STATE_CONNECTION_ESTABLISHED l=1).mark_down
2024-09-10T07:57:38.375 INFO:teuthology.orchestra.run.smithi002.stdout:/usr/bin/ceph: stderr
2024-09-10T07:57:37.374+0000 7f8cab200640 1 --2- 172.21.15.2:0/3822516036 >> [v2:172.21.15.2:6800/3590511604,v1:172.21.15.2:6801/3590511604] conn(0x7f8c8803c8a0 0x7f8c8803ec90 secure :-1 s=READY pgs=4 cs=0 l=1 rev1=1 crypto rx=0x7f8c90003980 tx=0x7f8c90009290 comp rx=0 tx=0).stop
2024-09-10T07:57:38.375 INFO:teuthology.orchestra.run.smithi002.stdout:/usr/bin/ceph: stderr
2024-09-10T07:57:37.374+0000 7f8cab200640 1 -- 172.21.15.2:0/3822516036 >> [v2:172.21.15.2:3300/0,v1:172.21.15.2:6789/0] conn(0x7f8ca4109930 msgr2=0x7f8ca419d930 secure :-1 s=STATE_CONNECTION_ESTABLISHED l=1).mark_down
2024-09-10T07:57:38.375 INFO:teuthology.orchestra.run.smithi002.stdout:/usr/bin/ceph: stderr
2024-09-10T07:57:37.374+0000 7f8cab200640 1 --2- 172.21.15.2:0/3822516036 >> [v2:172.21.15.2:3300/0,v1:172.21.15.2:6789/0] conn(0x7f8ca4109930 0x7f8ca419d930 secure :-1 s=READY pgs=27 cs=0 l=1 rev1=1 crypto rx=0x7f8c94030460 tx=0x7f8c94030d80 comp rx=0 tx=0).stop
2024-09-10T07:57:38.375 INFO:teuthology.orchestra.run.smithi002.stdout:/usr/bin/ceph: stderr
2024-09-10T07:57:37.374+0000 7f8cab200640 1 -- 172.21.15.2:0/3822516036 shutdown_connections
2024-09-10T07:57:38.375 INFO:teuthology.orchestra.run.smithi002.stdout:/usr/bin/ceph: stderr
2024-09-10T07:57:37.374+0000 7f8cab200640 1 --2- 172.21.15.2:0/3822516036 >> [v2:172.21.15.2:6800/3590511604,v1:172.21.15.2:6801/3590511604] conn(0x7f8c8803c8a0 0x7f8c8803ec90 unknown :-1 s=CLOSED pgs=4 cs=0 l=1 rev1=1 crypto rx=0 tx=0 comp rx=0 tx=0).stop
2024-09-10T07:57:38.375 INFO:teuthology.orchestra.run.smithi002.stdout:/usr/bin/ceph: stderr
2024-09-10T07:57:37.374+0000 7f8cab200640 1 --2- 172.21.15.2:0/3822516036 >> [v2:172.21.15.2:6800/712393349,v1:172.21.15.2:6801/712393349] conn(0x7f8c88038f70 0x7f8c8803b430 unknown :-1 s=CLOSED pgs=0 cs=0 l=1 rev1=0 crypto rx=0 tx=0 comp rx=0 tx=0).stop
2024-09-10T07:57:38.376 INFO:teuthology.orchestra.run.smithi002.stdout:/usr/bin/ceph: stderr
2024-09-10T07:57:37.374+0000 7f8cab200640 1 --2- 172.21.15.2:0/3822516036 >> [v2:172.21.15.2:3300/0,v1:172.21.15.2:6789/0] conn(0x7f8ca4109930 0x7f8ca419d930 unknown :-1 s=CLOSED pgs=27 cs=0 l=1 rev1=1 crypto rx=0 tx=0 comp rx=0 tx=0).stop
2024-09-10T07:57:38.376 INFO:teuthology.orchestra.run.smithi002.stdout:/usr/bin/ceph: stderr
2024-09-10T07:57:37.374+0000 7f8cab200640 1 -- 172.21.15.2:0/3822516036 >> 172.21.15.2:0/3822516036 conn(0x7f8ca407cf30 msgr2=0x7f8ca41074d0 unknown :-1 s=STATE_NONE l=0).mark_down
2024-09-10T07:57:38.376 INFO:teuthology.orchestra.run.smithi002.stdout:/usr/bin/ceph: stderr
2024-09-10T07:57:37.374+0000 7f8cab200640 1 -- 172.21.15.2:0/3822516036 shutdown_connections
2024-09-10T07:57:38.376 INFO:teuthology.orchestra.run.smithi002.stdout:/usr/bin/ceph: stderr
2024-09-10T07:57:37.374+0000 7f8cab200640 1 -- 172.21.15.2:0/3822516036 wait complete.
2024-09-10T07:57:38.376 INFO:teuthology.orchestra.run.smithi002.stdout:mgr epoch 5 is available
2024-09-10T07:57:38.376 INFO:teuthology.orchestra.run.smithi002.stdout:Setting orchestrator backend to cephadm...
2024-09-10T07:57:39.020 INFO:journalctl@ceph.mgr.x.smithi002.stdout:Sep 10 07:57:38 smithi002 ceph-26ec64b0-6f4a-11ef-bcea-c7b262605968-mgr-x[30800]:
2024-09-10T07:57:38.771+0000 7f1ddb400640 -1 log_channel(cephadm) log [ERR] : [10/Sep/2024:07:57:38] ENGINE Error in HTTPServer.serve
2024-09-10T07:57:39.020 INFO:journalctl@ceph.mgr.x.smithi002.stdout:Sep 10 07:57:38 smithi002 ceph-26ec64b0-6f4a-11ef-bcea-c7b262605968-mgr-x[30800]: Traceback (most recent call last):
2024-09-10T07:57:39.020 INFO:journalctl@ceph.mgr.x.smithi002.stdout:Sep 10 07:57:38 smithi002 ceph-26ec64b0-6f4a-11ef-bcea-c7b262605968-mgr-x[30800]: File "/lib/python3.9/site-packages/cheroot/server.py", line 1823, in serve
2024-09-10T07:57:39.021 INFO:journalctl@ceph.mgr.x.smithi002.stdout:Sep 10 07:57:38 smithi002 ceph-26ec64b0-6f4a-11ef-bcea-c7b262605968-mgr-x[30800]: self._connections.run(self.expiration_interval)
2024-09-10T07:57:39.021 INFO:journalctl@ceph.mgr.x.smithi002.stdout:Sep 10 07:57:38 smithi002 ceph-26ec64b0-6f4a-11ef-bcea-c7b262605968-mgr-x[30800]: File "/lib/python3.9/site-packages/cheroot/connections.py", line 203, in run
2024-09-10T07:57:39.021 INFO:journalctl@ceph.mgr.x.smithi002.stdout:Sep 10 07:57:38 smithi002 ceph-26ec64b0-6f4a-11ef-bcea-c7b262605968-mgr-x[30800]: self._run(expiration_interval)
2024-09-10T07:57:39.021 INFO:journalctl@ceph.mgr.x.smithi002.stdout:Sep 10 07:57:38 smithi002 ceph-26ec64b0-6f4a-11ef-bcea-c7b262605968-mgr-x[30800]: File "/lib/python3.9/site-packages/cheroot/connections.py", line 246, in _run
2024-09-10T07:57:39.021 INFO:journalctl@ceph.mgr.x.smithi002.stdout:Sep 10 07:57:38 smithi002 ceph-26ec64b0-6f4a-11ef-bcea-c7b262605968-mgr-x[30800]: new_conn = self._from_server_socket(self.server.socket)
2024-09-10T07:57:39.021 INFO:journalctl@ceph.mgr.x.smithi002.stdout:Sep 10 07:57:38 smithi002 ceph-26ec64b0-6f4a-11ef-bcea-c7b262605968-mgr-x[30800]: File "/lib/python3.9/site-packages/cheroot/connections.py", line 300, in _from_server_socket
2024-09-10T07:57:39.021 INFO:journalctl@ceph.mgr.x.smithi002.stdout:Sep 10 07:57:38 smithi002 ceph-26ec64b0-6f4a-11ef-bcea-c7b262605968-mgr-x[30800]: s, ssl_env = self.server.ssl_adapter.wrap(s)
2024-09-10T07:57:39.021 INFO:journalctl@ceph.mgr.x.smithi002.stdout:Sep 10 07:57:38 smithi002 ceph-26ec64b0-6f4a-11ef-bcea-c7b262605968-mgr-x[30800]: File "/lib/python3.9/site-packages/cheroot/ssl/builtin.py", line 277, in wrap
2024-09-10T07:57:39.021 INFO:journalctl@ceph.mgr.x.smithi002.stdout:Sep 10 07:57:38 smithi002 ceph-26ec64b0-6f4a-11ef-bcea-c7b262605968-mgr-x[30800]: s = self.context.wrap_socket(
2024-09-10T07:57:39.021 INFO:journalctl@ceph.mgr.x.smithi002.stdout:Sep 10 07:57:38 smithi002 ceph-26ec64b0-6f4a-11ef-bcea-c7b262605968-mgr-x[30800]: File "/lib64/python3.9/ssl.py", line 501, in wrap_socket
2024-09-10T07:57:39.021 INFO:journalctl@ceph.mgr.x.smithi002.stdout:Sep 10 07:57:38 smithi002 ceph-26ec64b0-6f4a-11ef-bcea-c7b262605968-mgr-x[30800]: return self.sslsocket_class._create(
2024-09-10T07:57:39.021 INFO:journalctl@ceph.mgr.x.smithi002.stdout:Sep 10 07:57:38 smithi002 ceph-26ec64b0-6f4a-11ef-bcea-c7b262605968-mgr-x[30800]: File "/lib64/python3.9/ssl.py", line 1074, in _create
2024-09-10T07:57:39.022 INFO:journalctl@ceph.mgr.x.smithi002.stdout:Sep 10 07:57:38 smithi002 ceph-26ec64b0-6f4a-11ef-bcea-c7b262605968-mgr-x[30800]: self.do_handshake()
2024-09-10T07:57:39.022 INFO:journalctl@ceph.mgr.x.smithi002.stdout:Sep 10 07:57:38 smithi002 ceph-26ec64b0-6f4a-11ef-bcea-c7b262605968-mgr-x[30800]: File "/lib64/python3.9/ssl.py", line 1343, in do_handshake
2024-09-10T07:57:39.022 INFO:journalctl@ceph.mgr.x.smithi002.stdout:Sep 10 07:57:38 smithi002 ceph-26ec64b0-6f4a-11ef-bcea-c7b262605968-mgr-x[30800]: self._sslobj.do_handshake()
2024-09-10T07:57:39.022 INFO:journalctl@ceph.mgr.x.smithi002.stdout:Sep 10 07:57:38 smithi002 ceph-26ec64b0-6f4a-11ef-bcea-c7b262605968-mgr-x[30800]: ssl.SSLZeroReturnError: TLS/SSL connection has been closed (EOF) (_ssl.c:1133)
2024-09-10T07:57:39.022 INFO:journalctl@ceph.mgr.x.smithi002.stdout:Sep 10 07:57:38 smithi002 ceph-26ec64b0-6f4a-11ef-bcea-c7b262605968-mgr-x[30800]:
2024-09-10T07:57:39.705 INFO:journalctl@ceph.mon.a.smithi002.stdout:Sep 10 07:57:39 smithi002 ceph-mon[30563]: mgrmap e8: x(active, since 2s)
2024-09-10T07:57:39.706 INFO:journalctl@ceph.mon.a.smithi002.stdout:Sep 10 07:57:39 smithi002 ceph-mon[30563]: [10/Sep/2024:07:57:38] ENGINE Bus STARTING
2024-09-10T07:57:39.706 INFO:journalctl@ceph.mon.a.smithi002.stdout:Sep 10 07:57:39 smithi002 ceph-mon[30563]: [10/Sep/2024:07:57:38] ENGINE Serving on https://172.21.15.2:7150
2024-09-10T07:57:39.706 INFO:journalctl@ceph.mon.a.smithi002.stdout:Sep 10 07:57:39 smithi002 ceph-mon[30563]: [10/Sep/2024:07:57:38] ENGINE Error in HTTPServer.serve
2024-09-10T07:57:39.706 INFO:journalctl@ceph.mon.a.smithi002.stdout: Traceback (most recent call last):
2024-09-10T07:57:39.706 INFO:journalctl@ceph.mon.a.smithi002.stdout: File "/lib/python3.9/site-packages/cheroot/server.py", line 1823, in serve
2024-09-10T07:57:39.706 INFO:journalctl@ceph.mon.a.smithi002.stdout: self._connections.run(self.expiration_interval)
2024-09-10T07:57:39.706 INFO:journalctl@ceph.mon.a.smithi002.stdout: File "/lib/python3.9/site-packages/cheroot/connections.py", line 203, in run
2024-09-10T07:57:39.706 INFO:journalctl@ceph.mon.a.smithi002.stdout: self._run(expiration_interval)
2024-09-10T07:57:39.706 INFO:journalctl@ceph.mon.a.smithi002.stdout: File "/lib/python3.9/site-packages/cheroot/connections.py", line 246, in _run
2024-09-10T07:57:39.706 INFO:journalctl@ceph.mon.a.smithi002.stdout: new_conn = self._from_server_socket(self.server.socket)
2024-09-10T07:57:39.706 INFO:journalctl@ceph.mon.a.smithi002.stdout: File "/lib/python3.9/site-packages/cheroot/connections.py", line 300, in _from_server_socket
2024-09-10T07:57:39.707 INFO:journalctl@ceph.mon.a.smithi002.stdout: s, ssl_env = self.server.ssl_adapter.wrap(s)
2024-09-10T07:57:39.707 INFO:journalctl@ceph.mon.a.smithi002.stdout: File "/lib/python3.9/site-packages/cheroot/ssl/builtin.py", line 277, in wrap
2024-09-10T07:57:39.707 INFO:journalctl@ceph.mon.a.smithi002.stdout: s = self.context.wrap_socket(
2024-09-10T07:57:39.707 INFO:journalctl@ceph.mon.a.smithi002.stdout: File "/lib64/python3.9/ssl.py", line 501, in wrap_socket
2024-09-10T07:57:39.707 INFO:journalctl@ceph.mon.a.smithi002.stdout: return self.sslsocket_class._create(
2024-09-10T07:57:39.707 INFO:journalctl@ceph.mon.a.smithi002.stdout: File "/lib64/python3.9/ssl.py", line 1074, in _create
2024-09-10T07:57:39.707 INFO:journalctl@ceph.mon.a.smithi002.stdout: self.do_handshake()
2024-09-10T07:57:39.707 INFO:journalctl@ceph.mon.a.smithi002.stdout: File "/lib64/python3.9/ssl.py", line 1343, in do_handshake
2024-09-10T07:57:39.707 INFO:journalctl@ceph.mon.a.smithi002.stdout: self._sslobj.do_handshake()
2024-09-10T07:57:39.707 INFO:journalctl@ceph.mon.a.smithi002.stdout: ssl.SSLZeroReturnError: TLS/SSL connection has been closed (EOF) (_ssl.c:1133)
2024-09-10T07:57:39.707 INFO:journalctl@ceph.mon.a.smithi002.stdout:Sep 10 07:57:39 smithi002 ceph-mon[30563]: [10/Sep/2024:07:57:38] ENGINE Serving on http://172.21.15.2:8765
2024-09-10T07:57:39.707 INFO:journalctl@ceph.mon.a.smithi002.stdout:Sep 10 07:57:39 smithi002 ceph-mon[30563]: [10/Sep/2024:07:57:38] ENGINE Bus STARTED
2024-09-10T07:57:39.707 INFO:journalctl@ceph.mon.a.smithi002.stdout:Sep 10 07:57:39 smithi002 ceph-mon[30563]: from='mgr.14118 172.21.15.2:0/3508535874' entity='mgr.x' cmd=[{"prefix": "config dump", "format": "json"}]: dispatch
2024-09-10T07:57:39.708 INFO:journalctl@ceph.mon.a.smithi002.stdout:Sep 10 07:57:39 smithi002 ceph-mon[30563]: from='client.14130 -' entity='client.admin' cmd=[{"prefix": "orch set backend", "module_name": "cephadm", "target": ["mon-mgr", ""]}]: dispatch
2024-09-10T07:57:39.708 INFO:journalctl@ceph.mon.a.smithi002.stdout:Sep 10 07:57:39 smithi002 ceph-mon[30563]: from='mgr.14118 172.21.15.2:0/3508535874' entity='mgr.x'
