2024-09-10T07:57:39.708 INFO:journalctl@ceph.mon.a.smithi002.stdout:Sep 10 07:57:39 smithi002 ceph-mon[30563]: from='mgr.14118 172.21.15.2:0/3508535874' entity='mgr.x' cmd=[{"prefix": "config dump", "format": "json"}]: dispatch
2024-09-10T07:57:39.716 INFO:teuthology.orchestra.run.smithi002.stdout:/usr/bin/ceph: stderr
2024-09-10T07:57:38.829+0000 7fcf9fe00640 1 Processor -- start
2024-09-10T07:57:39.716 INFO:teuthology.orchestra.run.smithi002.stdout:/usr/bin/ceph: stderr
2024-09-10T07:57:38.830+0000 7fcf9fe00640 1 -- start start
2024-09-10T07:57:39.717 INFO:teuthology.orchestra.run.smithi002.stdout:/usr/bin/ceph: stderr
2024-09-10T07:57:38.830+0000 7fcf9fe00640 1 --2- >> [v2:172.21.15.2:3300/0,v1:172.21.15.2:6789/0] conn(0x7fcfa01098e0 0x7fcfa0109ce0 unknown :-1 s=NONE pgs=0 cs=0 l=0 rev1=0 crypto rx=0 tx=0 comp rx=0 tx=0).connect
2024-09-10T07:57:39.717 INFO:teuthology.orchestra.run.smithi002.stdout:/usr/bin/ceph: stderr
2024-09-10T07:57:38.830+0000 7fcf9fe00640 1 -- --> [v2:172.21.15.2:3300/0,v1:172.21.15.2:6789/0] -- mon_getmap magic: 0 -- 0x7fcfa010a2b0 con 0x7fcfa01098e0
2024-09-10T07:57:39.717 INFO:teuthology.orchestra.run.smithi002.stdout:/usr/bin/ceph: stderr
2024-09-10T07:57:38.830+0000 7fcf9ea00640 1 --2- >> [v2:172.21.15.2:3300/0,v1:172.21.15.2:6789/0] conn(0x7fcfa01098e0 0x7fcfa0109ce0 unknown :-1 s=BANNER_CONNECTING pgs=0 cs=0 l=0 rev1=0 crypto rx=0 tx=0 comp rx=0 tx=0)._handle_peer_banner_payload supported=3 required=0
2024-09-10T07:57:39.717 INFO:teuthology.orchestra.run.smithi002.stdout:/usr/bin/ceph: stderr
2024-09-10T07:57:38.830+0000 7fcf9ea00640 1 --2- >> [v2:172.21.15.2:3300/0,v1:172.21.15.2:6789/0] conn(0x7fcfa01098e0 0x7fcfa0109ce0 unknown :-1 s=HELLO_CONNECTING pgs=0 cs=0 l=0 rev1=1 crypto rx=0 tx=0 comp rx=0 tx=0).handle_hello peer v2:172.21.15.2:3300/0 says I am v2:172.21.15.2:42238/0 (socket says 172.21.15.2:42238)
2024-09-10T07:57:39.717 INFO:teuthology.orchestra.run.smithi002.stdout:/usr/bin/ceph: stderr
2024-09-10T07:57:38.830+0000 7fcf9ea00640 1 -- 172.21.15.2:0/2731713862 learned_addr learned my addr 172.21.15.2:0/2731713862 (peer_addr_for_me v2:172.21.15.2:0/0)
2024-09-10T07:57:39.717 INFO:teuthology.orchestra.run.smithi002.stdout:/usr/bin/ceph: stderr
2024-09-10T07:57:38.831+0000 7fcf9ea00640 1 -- 172.21.15.2:0/2731713862 --> [v2:172.21.15.2:3300/0,v1:172.21.15.2:6789/0] -- mon_subscribe({config=0+,monmap=0+}) -- 0x7fcfa010a430 con 0x7fcfa01098e0
2024-09-10T07:57:39.717 INFO:teuthology.orchestra.run.smithi002.stdout:/usr/bin/ceph: stderr
2024-09-10T07:57:38.832+0000 7fcf9ea00640 1 --2- 172.21.15.2:0/2731713862 >> [v2:172.21.15.2:3300/0,v1:172.21.15.2:6789/0] conn(0x7fcfa01098e0 0x7fcfa0109ce0 secure :-1 s=READY pgs=35 cs=0 l=1 rev1=1 crypto rx=0x7fcf90009820 tx=0x7fcf9002a270 comp rx=0 tx=0).ready entity=mon.0 client_cookie=af61634807f74be6 server_cookie=0 in_seq=0 out_seq=0
2024-09-10T07:57:39.717 INFO:teuthology.orchestra.run.smithi002.stdout:/usr/bin/ceph: stderr
2024-09-10T07:57:38.832+0000 7fcf9e000640 1 -- 172.21.15.2:0/2731713862 <== mon.0 v2:172.21.15.2:3300/0 1 ==== mon_map magic: 0 ==== 205+0+0 (secure 0 0 0) 0x7fcf90037070 con 0x7fcfa01098e0
2024-09-10T07:57:39.717 INFO:teuthology.orchestra.run.smithi002.stdout:/usr/bin/ceph: stderr
2024-09-10T07:57:38.832+0000 7fcf9e000640 1 -- 172.21.15.2:0/2731713862 <== mon.0 v2:172.21.15.2:3300/0 2 ==== config(27 keys) ==== 1109+0+0 (secure 0 0 0) 0x7fcf90032900 con 0x7fcfa01098e0
2024-09-10T07:57:39.717 INFO:teuthology.orchestra.run.smithi002.stdout:/usr/bin/ceph: stderr
2024-09-10T07:57:38.832+0000 7fcf9e000640 1 -- 172.21.15.2:0/2731713862 <== mon.0 v2:172.21.15.2:3300/0 3 ==== mon_map magic: 0 ==== 205+0+0 (secure 0 0 0) 0x7fcf90030850 con 0x7fcfa01098e0
2024-09-10T07:57:39.717 INFO:teuthology.orchestra.run.smithi002.stdout:/usr/bin/ceph: stderr
2024-09-10T07:57:38.833+0000 7fcf9fe00640 1 -- 172.21.15.2:0/2731713862 >> [v2:172.21.15.2:3300/0,v1:172.21.15.2:6789/0] conn(0x7fcfa01098e0 msgr2=0x7fcfa0109ce0 secure :-1 s=STATE_CONNECTION_ESTABLISHED l=1).mark_down
2024-09-10T07:57:39.717 INFO:teuthology.orchestra.run.smithi002.stdout:/usr/bin/ceph: stderr
2024-09-10T07:57:38.833+0000 7fcf9fe00640 1 --2- 172.21.15.2:0/2731713862 >> [v2:172.21.15.2:3300/0,v1:172.21.15.2:6789/0] conn(0x7fcfa01098e0 0x7fcfa0109ce0 secure :-1 s=READY pgs=35 cs=0 l=1 rev1=1 crypto rx=0x7fcf90009820 tx=0x7fcf9002a270 comp rx=0 tx=0).stop
2024-09-10T07:57:39.717 INFO:teuthology.orchestra.run.smithi002.stdout:/usr/bin/ceph: stderr
2024-09-10T07:57:38.833+0000 7fcf9fe00640 1 -- 172.21.15.2:0/2731713862 shutdown_connections
2024-09-10T07:57:39.718 INFO:teuthology.orchestra.run.smithi002.stdout:/usr/bin/ceph: stderr
2024-09-10T07:57:38.833+0000 7fcf9fe00640 1 --2- 172.21.15.2:0/2731713862 >> [v2:172.21.15.2:3300/0,v1:172.21.15.2:6789/0] conn(0x7fcfa01098e0 0x7fcfa0109ce0 unknown :-1 s=CLOSED pgs=35 cs=0 l=1 rev1=1 crypto rx=0 tx=0 comp rx=0 tx=0).stop
2024-09-10T07:57:39.718 INFO:teuthology.orchestra.run.smithi002.stdout:/usr/bin/ceph: stderr
2024-09-10T07:57:38.833+0000 7fcf9fe00640 1 -- 172.21.15.2:0/2731713862 >> 172.21.15.2:0/2731713862 conn(0x7fcfa007cd90 msgr2=0x7fcfa007d1a0 unknown :-1 s=STATE_NONE l=0).mark_down
2024-09-10T07:57:39.718 INFO:teuthology.orchestra.run.smithi002.stdout:/usr/bin/ceph: stderr
2024-09-10T07:57:38.833+0000 7fcf9fe00640 1 -- 172.21.15.2:0/2731713862 shutdown_connections
2024-09-10T07:57:39.718 INFO:teuthology.orchestra.run.smithi002.stdout:/usr/bin/ceph: stderr
2024-09-10T07:57:38.833+0000 7fcf9fe00640 1 -- 172.21.15.2:0/2731713862 wait complete.
2024-09-10T07:57:39.718 INFO:teuthology.orchestra.run.smithi002.stdout:/usr/bin/ceph: stderr
2024-09-10T07:57:38.834+0000 7fcf9fe00640 1 Processor -- start
2024-09-10T07:57:39.718 INFO:teuthology.orchestra.run.smithi002.stdout:/usr/bin/ceph: stderr
2024-09-10T07:57:38.834+0000 7fcf9fe00640 1 -- start start
2024-09-10T07:57:39.718 INFO:teuthology.orchestra.run.smithi002.stdout:/usr/bin/ceph: stderr
2024-09-10T07:57:38.834+0000 7fcf9fe00640 1 --2- >> [v2:172.21.15.2:3300/0,v1:172.21.15.2:6789/0] conn(0x7fcfa01098e0 0x7fcfa019d740 unknown :-1 s=NONE pgs=0 cs=0 l=1 rev1=0 crypto rx=0 tx=0 comp rx=0 tx=0).connect
2024-09-10T07:57:39.718 INFO:teuthology.orchestra.run.smithi002.stdout:/usr/bin/ceph: stderr
2024-09-10T07:57:38.834+0000 7fcf9fe00640 1 -- --> [v2:172.21.15.2:3300/0,v1:172.21.15.2:6789/0] -- mon_getmap magic: 0 -- 0x7fcfa010db60 con 0x7fcfa01098e0
2024-09-10T07:57:39.718 INFO:teuthology.orchestra.run.smithi002.stdout:/usr/bin/ceph: stderr
2024-09-10T07:57:38.835+0000 7fcf9ea00640 1 --2- >> [v2:172.21.15.2:3300/0,v1:172.21.15.2:6789/0] conn(0x7fcfa01098e0 0x7fcfa019d740 unknown :-1 s=BANNER_CONNECTING pgs=0 cs=0 l=1 rev1=0 crypto rx=0 tx=0 comp rx=0 tx=0)._handle_peer_banner_payload supported=3 required=0
2024-09-10T07:57:39.718 INFO:teuthology.orchestra.run.smithi002.stdout:/usr/bin/ceph: stderr
2024-09-10T07:57:38.835+0000 7fcf9ea00640 1 --2- >> [v2:172.21.15.2:3300/0,v1:172.21.15.2:6789/0] conn(0x7fcfa01098e0 0x7fcfa019d740 unknown :-1 s=HELLO_CONNECTING pgs=0 cs=0 l=1 rev1=1 crypto rx=0 tx=0 comp rx=0 tx=0).handle_hello peer v2:172.21.15.2:3300/0 says I am v2:172.21.15.2:42240/0 (socket says 172.21.15.2:42240)
2024-09-10T07:57:39.718 INFO:teuthology.orchestra.run.smithi002.stdout:/usr/bin/ceph: stderr
2024-09-10T07:57:38.835+0000 7fcf9ea00640 1 -- 172.21.15.2:0/660386874 learned_addr learned my addr 172.21.15.2:0/660386874 (peer_addr_for_me v2:172.21.15.2:0/0)
2024-09-10T07:57:39.719 INFO:teuthology.orchestra.run.smithi002.stdout:/usr/bin/ceph: stderr
2024-09-10T07:57:38.835+0000 7fcf9ea00640 1 -- 172.21.15.2:0/660386874 --> [v2:172.21.15.2:3300/0,v1:172.21.15.2:6789/0] -- mon_subscribe({config=0+,monmap=0+}) -- 0x7fcfa019dc80 con 0x7fcfa01098e0
2024-09-10T07:57:39.719 INFO:teuthology.orchestra.run.smithi002.stdout:/usr/bin/ceph: stderr
2024-09-10T07:57:38.835+0000 7fcf9ea00640 1 --2- 172.21.15.2:0/660386874 >> [v2:172.21.15.2:3300/0,v1:172.21.15.2:6789/0] conn(0x7fcfa01098e0 0x7fcfa019d740 secure :-1 s=READY pgs=36 cs=0 l=1 rev1=1 crypto rx=0x7fcf900097f0 tx=0x7fcf90030ec0 comp rx=0 tx=0).ready entity=mon.0 client_cookie=0 server_cookie=0 in_seq=0 out_seq=0
2024-09-10T07:57:39.719 INFO:teuthology.orchestra.run.smithi002.stdout:/usr/bin/ceph: stderr
2024-09-10T07:57:38.836+0000 7fcf97400640 1 -- 172.21.15.2:0/660386874 <== mon.0 v2:172.21.15.2:3300/0 1 ==== mon_map magic: 0 ==== 205+0+0 (secure 0 0 0) 0x7fcf90042070 con 0x7fcfa01098e0
2024-09-10T07:57:39.719 INFO:teuthology.orchestra.run.smithi002.stdout:/usr/bin/ceph: stderr
2024-09-10T07:57:38.836+0000 7fcf97400640 1 -- 172.21.15.2:0/660386874 <== mon.0 v2:172.21.15.2:3300/0 2 ==== config(27 keys) ==== 1109+0+0 (secure 0 0 0) 0x7fcf90032ca0 con 0x7fcfa01098e0
2024-09-10T07:57:39.719 INFO:teuthology.orchestra.run.smithi002.stdout:/usr/bin/ceph: stderr
2024-09-10T07:57:38.836+0000 7fcf9fe00640 1 -- 172.21.15.2:0/660386874 --> [v2:172.21.15.2:3300/0,v1:172.21.15.2:6789/0] -- mon_subscribe({mgrmap=0+}) -- 0x7fcfa019df10 con 0x7fcfa01098e0
2024-09-10T07:57:39.719 INFO:teuthology.orchestra.run.smithi002.stdout:/usr/bin/ceph: stderr
2024-09-10T07:57:38.836+0000 7fcf97400640 1 -- 172.21.15.2:0/660386874 <== mon.0 v2:172.21.15.2:3300/0 3 ==== mon_map magic: 0 ==== 205+0+0 (secure 0 0 0) 0x7fcf90037040 con 0x7fcfa01098e0
2024-09-10T07:57:39.719 INFO:teuthology.orchestra.run.smithi002.stdout:/usr/bin/ceph: stderr
2024-09-10T07:57:38.836+0000 7fcf9fe00640 1 -- 172.21.15.2:0/660386874 --> [v2:172.21.15.2:3300/0,v1:172.21.15.2:6789/0] -- mon_subscribe({osdmap=0}) -- 0x7fcfa01a0c00 con 0x7fcfa01098e0
2024-09-10T07:57:39.719 INFO:teuthology.orchestra.run.smithi002.stdout:/usr/bin/ceph: stderr
2024-09-10T07:57:38.837+0000 7fcf97400640 1 -- 172.21.15.2:0/660386874 <== mon.0 v2:172.21.15.2:3300/0 4 ==== mgrmap(e 8) ==== 46287+0+0 (secure 0 0 0) 0x7fcf90045070 con 0x7fcfa01098e0
2024-09-10T07:57:39.719 INFO:teuthology.orchestra.run.smithi002.stdout:/usr/bin/ceph: stderr
2024-09-10T07:57:38.837+0000 7fcf9fe00640 1 -- 172.21.15.2:0/660386874 --> [v2:172.21.15.2:3300/0,v1:172.21.15.2:6789/0] -- mon_command({"prefix": "get_command_descriptions"} v 0) -- 0x7fcfa0109d60 con 0x7fcfa01098e0
2024-09-10T07:57:39.719 INFO:teuthology.orchestra.run.smithi002.stdout:/usr/bin/ceph: stderr
2024-09-10T07:57:38.837+0000 7fcf97400640 1 --2- 172.21.15.2:0/660386874 >> [v2:172.21.15.2:6800/3590511604,v1:172.21.15.2:6801/3590511604] conn(0x7fcf84038fc0 0x7fcf8403b480 unknown :-1 s=NONE pgs=0 cs=0 l=1 rev1=0 crypto rx=0 tx=0 comp rx=0 tx=0).connect
2024-09-10T07:57:39.719 INFO:teuthology.orchestra.run.smithi002.stdout:/usr/bin/ceph: stderr
2024-09-10T07:57:38.837+0000 7fcf97400640 1 -- 172.21.15.2:0/660386874 <== mon.0 v2:172.21.15.2:3300/0 5 ==== osd_map(2..2 src has 1..2) ==== 940+0+0 (secure 0 0 0) 0x7fcf9006bfc0 con 0x7fcfa01098e0
2024-09-10T07:57:39.720 INFO:teuthology.orchestra.run.smithi002.stdout:/usr/bin/ceph: stderr
2024-09-10T07:57:38.838+0000 7fcf97e00640 1 --2- 172.21.15.2:0/660386874 >> [v2:172.21.15.2:6800/3590511604,v1:172.21.15.2:6801/3590511604] conn(0x7fcf84038fc0 0x7fcf8403b480 unknown :-1 s=BANNER_CONNECTING pgs=0 cs=0 l=1 rev1=0 crypto rx=0 tx=0 comp rx=0 tx=0)._handle_peer_banner_payload supported=3 required=0
2024-09-10T07:57:39.720 INFO:teuthology.orchestra.run.smithi002.stdout:/usr/bin/ceph: stderr
2024-09-10T07:57:38.838+0000 7fcf97e00640 1 --2- 172.21.15.2:0/660386874 >> [v2:172.21.15.2:6800/3590511604,v1:172.21.15.2:6801/3590511604] conn(0x7fcf84038fc0 0x7fcf8403b480 secure :-1 s=READY pgs=7 cs=0 l=1 rev1=1 crypto rx=0x7fcf880098c0 tx=0x7fcf88006db0 comp rx=0 tx=0).ready entity=mgr.14118 client_cookie=0 server_cookie=0 in_seq=0 out_seq=0
2024-09-10T07:57:39.720 INFO:teuthology.orchestra.run.smithi002.stdout:/usr/bin/ceph: stderr
2024-09-10T07:57:38.843+0000 7fcf97400640 1 -- 172.21.15.2:0/660386874 <== mon.0 v2:172.21.15.2:3300/0 6 ==== mon_command_ack([{"prefix": "get_command_descriptions"}]=0 v0) ==== 72+0+188821 (secure 0 0 0) 0x7fcf9006b910 con 0x7fcfa01098e0
2024-09-10T07:57:39.720 INFO:teuthology.orchestra.run.smithi002.stdout:/usr/bin/ceph: stderr
2024-09-10T07:57:39.042+0000 7fcf9fe00640 1 -- 172.21.15.2:0/660386874 --> [v2:172.21.15.2:6800/3590511604,v1:172.21.15.2:6801/3590511604] -- mgr_command(tid 0: {"prefix": "orch set backend", "module_name": "cephadm", "target": ["mon-mgr", ""]}) -- 0x7fcfa0107ce0 con 0x7fcf84038fc0
2024-09-10T07:57:39.720 INFO:teuthology.orchestra.run.smithi002.stdout:/usr/bin/ceph: stderr
2024-09-10T07:57:39.047+0000 7fcf97400640 1 -- 172.21.15.2:0/660386874 <== mgr.14118 v2:172.21.15.2:6800/3590511604 1 ==== mgr_command_reply(tid 0: 0 ) ==== 8+0+0 (secure 0 0 0) 0x7fcfa0107ce0 con 0x7fcf84038fc0
2024-09-10T07:57:39.720 INFO:teuthology.orchestra.run.smithi002.stdout:/usr/bin/ceph: stderr
2024-09-10T07:57:39.050+0000 7fcf9fe00640 1 -- 172.21.15.2:0/660386874 >> [v2:172.21.15.2:6800/3590511604,v1:172.21.15.2:6801/3590511604] conn(0x7fcf84038fc0 msgr2=0x7fcf8403b480 secure :-1 s=STATE_CONNECTION_ESTABLISHED l=1).mark_down
2024-09-10T07:57:39.720 INFO:teuthology.orchestra.run.smithi002.stdout:/usr/bin/ceph: stderr
2024-09-10T07:57:39.050+0000 7fcf9fe00640 1 --2- 172.21.15.2:0/660386874 >> [v2:172.21.15.2:6800/3590511604,v1:172.21.15.2:6801/3590511604] conn(0x7fcf84038fc0 0x7fcf8403b480 secure :-1 s=READY pgs=7 cs=0 l=1 rev1=1 crypto rx=0x7fcf880098c0 tx=0x7fcf88006db0 comp rx=0 tx=0).stop
2024-09-10T07:57:39.720 INFO:teuthology.orchestra.run.smithi002.stdout:/usr/bin/ceph: stderr
2024-09-10T07:57:39.050+0000 7fcf9fe00640 1 -- 172.21.15.2:0/660386874 >> [v2:172.21.15.2:3300/0,v1:172.21.15.2:6789/0] conn(0x7fcfa01098e0 msgr2=0x7fcfa019d740 secure :-1 s=STATE_CONNECTION_ESTABLISHED l=1).mark_down
2024-09-10T07:57:39.720 INFO:teuthology.orchestra.run.smithi002.stdout:/usr/bin/ceph: stderr
2024-09-10T07:57:39.050+0000 7fcf9fe00640 1 --2- 172.21.15.2:0/660386874 >> [v2:172.21.15.2:3300/0,v1:172.21.15.2:6789/0] conn(0x7fcfa01098e0 0x7fcfa019d740 secure :-1 s=READY pgs=36 cs=0 l=1 rev1=1 crypto rx=0x7fcf900097f0 tx=0x7fcf90030ec0 comp rx=0 tx=0).stop
2024-09-10T07:57:39.720 INFO:teuthology.orchestra.run.smithi002.stdout:/usr/bin/ceph: stderr
2024-09-10T07:57:39.050+0000 7fcf9fe00640 1 -- 172.21.15.2:0/660386874 shutdown_connections
2024-09-10T07:57:39.720 INFO:teuthology.orchestra.run.smithi002.stdout:/usr/bin/ceph: stderr
2024-09-10T07:57:39.050+0000 7fcf9fe00640 1 --2- 172.21.15.2:0/660386874 >> [v2:172.21.15.2:6800/3590511604,v1:172.21.15.2:6801/3590511604] conn(0x7fcf84038fc0 0x7fcf8403b480 unknown :-1 s=CLOSED pgs=7 cs=0 l=1 rev1=1 crypto rx=0 tx=0 comp rx=0 tx=0).stop
2024-09-10T07:57:39.720 INFO:teuthology.orchestra.run.smithi002.stdout:/usr/bin/ceph: stderr
2024-09-10T07:57:39.050+0000 7fcf9fe00640 1 --2- 172.21.15.2:0/660386874 >> [v2:172.21.15.2:3300/0,v1:172.21.15.2:6789/0] conn(0x7fcfa01098e0 0x7fcfa019d740 unknown :-1 s=CLOSED pgs=36 cs=0 l=1 rev1=1 crypto rx=0 tx=0 comp rx=0 tx=0).stop
2024-09-10T07:57:39.721 INFO:teuthology.orchestra.run.smithi002.stdout:/usr/bin/ceph: stderr
2024-09-10T07:57:39.050+0000 7fcf9fe00640 1 -- 172.21.15.2:0/660386874 >> 172.21.15.2:0/660386874 conn(0x7fcfa007cd90 msgr2=0x7fcfa01075d0 unknown :-1 s=STATE_NONE l=0).mark_down
2024-09-10T07:57:39.721 INFO:teuthology.orchestra.run.smithi002.stdout:/usr/bin/ceph: stderr
2024-09-10T07:57:39.050+0000 7fcf9fe00640 1 -- 172.21.15.2:0/660386874 shutdown_connections
2024-09-10T07:57:39.721 INFO:teuthology.orchestra.run.smithi002.stdout:/usr/bin/ceph: stderr
2024-09-10T07:57:39.050+0000 7fcf9fe00640 1 -- 172.21.15.2:0/660386874 wait complete.
2024-09-10T07:57:41.090 INFO:teuthology.orchestra.run.smithi002.stdout:/usr/bin/ceph: stdout value unchanged
2024-09-10T07:57:41.091 INFO:teuthology.orchestra.run.smithi002.stdout:/usr/bin/ceph: stderr
2024-09-10T07:57:40.264+0000 7f9a04c00640 1 Processor -- start
2024-09-10T07:57:41.091 INFO:teuthology.orchestra.run.smithi002.stdout:/usr/bin/ceph: stderr
2024-09-10T07:57:40.264+0000 7f9a04c00640 1 -- start start
2024-09-10T07:57:41.091 INFO:teuthology.orchestra.run.smithi002.stdout:/usr/bin/ceph: stderr
2024-09-10T07:57:40.264+0000 7f9a04c00640 1 --2- >> [v2:172.21.15.2:3300/0,v1:172.21.15.2:6789/0] conn(0x7f9a0007deb0 0x7f9a0007c360 unknown :-1 s=NONE pgs=0 cs=0 l=0 rev1=0 crypto rx=0 tx=0 comp rx=0 tx=0).connect
2024-09-10T07:57:41.091 INFO:teuthology.orchestra.run.smithi002.stdout:/usr/bin/ceph: stderr
2024-09-10T07:57:40.264+0000 7f9a04c00640 1 -- --> [v2:172.21.15.2:3300/0,v1:172.21.15.2:6789/0] -- mon_getmap magic: 0 -- 0x7f9a0007c930 con 0x7f9a0007deb0
2024-09-10T07:57:41.091 INFO:teuthology.orchestra.run.smithi002.stdout:/usr/bin/ceph: stderr
2024-09-10T07:57:40.264+0000 7f99ff400640 1 --2- >> [v2:172.21.15.2:3300/0,v1:172.21.15.2:6789/0] conn(0x7f9a0007deb0 0x7f9a0007c360 unknown :-1 s=BANNER_CONNECTING pgs=0 cs=0 l=0 rev1=0 crypto rx=0 tx=0 comp rx=0 tx=0)._handle_peer_banner_payload supported=3 required=0
2024-09-10T07:57:41.091 INFO:teuthology.orchestra.run.smithi002.stdout:/usr/bin/ceph: stderr
2024-09-10T07:57:40.264+0000 7f99ff400640 1 --2- >> [v2:172.21.15.2:3300/0,v1:172.21.15.2:6789/0] conn(0x7f9a0007deb0 0x7f9a0007c360 unknown :-1 s=HELLO_CONNECTING pgs=0 cs=0 l=0 rev1=1 crypto rx=0 tx=0 comp rx=0 tx=0).handle_hello peer v2:172.21.15.2:3300/0 says I am v2:172.21.15.2:42246/0 (socket says 172.21.15.2:42246)
2024-09-10T07:57:41.091 INFO:teuthology.orchestra.run.smithi002.stdout:/usr/bin/ceph: stderr
2024-09-10T07:57:40.264+0000 7f99ff400640 1 -- 172.21.15.2:0/1300945867 learned_addr learned my addr 172.21.15.2:0/1300945867 (peer_addr_for_me v2:172.21.15.2:0/0)
2024-09-10T07:57:41.092 INFO:teuthology.orchestra.run.smithi002.stdout:/usr/bin/ceph: stderr
2024-09-10T07:57:40.265+0000 7f99ff400640 1 -- 172.21.15.2:0/1300945867 --> [v2:172.21.15.2:3300/0,v1:172.21.15.2:6789/0] -- mon_subscribe({config=0+,monmap=0+}) -- 0x7f9a0007cab0 con 0x7f9a0007deb0
2024-09-10T07:57:41.092 INFO:teuthology.orchestra.run.smithi002.stdout:/usr/bin/ceph: stderr
2024-09-10T07:57:40.266+0000 7f99ff400640 1 --2- 172.21.15.2:0/1300945867 >> [v2:172.21.15.2:3300/0,v1:172.21.15.2:6789/0] conn(0x7f9a0007deb0 0x7f9a0007c360 secure :-1 s=READY pgs=37 cs=0 l=1 rev1=1 crypto rx=0x7f99f0009820 tx=0x7f99f002a270 comp rx=0 tx=0).ready entity=mon.0 client_cookie=9b3bdfe982e5a0c5 server_cookie=0 in_seq=0 out_seq=0
2024-09-10T07:57:41.092 INFO:teuthology.orchestra.run.smithi002.stdout:/usr/bin/ceph: stderr
2024-09-10T07:57:40.266+0000 7f99fea00640 1 -- 172.21.15.2:0/1300945867 <== mon.0 v2:172.21.15.2:3300/0 1 ==== mon_map magic: 0 ==== 205+0+0 (secure 0 0 0) 0x7f99f0037070 con 0x7f9a0007deb0
2024-09-10T07:57:41.092 INFO:teuthology.orchestra.run.smithi002.stdout:/usr/bin/ceph: stderr
2024-09-10T07:57:40.266+0000 7f99fea00640 1 -- 172.21.15.2:0/1300945867 <== mon.0 v2:172.21.15.2:3300/0 2 ==== config(27 keys) ==== 1109+0+0 (secure 0 0 0) 0x7f99f0032900 con 0x7f9a0007deb0
2024-09-10T07:57:41.092 INFO:teuthology.orchestra.run.smithi002.stdout:/usr/bin/ceph: stderr
2024-09-10T07:57:40.266+0000 7f99fea00640 1 -- 172.21.15.2:0/1300945867 <== mon.0 v2:172.21.15.2:3300/0 3 ==== mon_map magic: 0 ==== 205+0+0 (secure 0 0 0) 0x7f99f0030850 con 0x7f9a0007deb0
2024-09-10T07:57:41.092 INFO:teuthology.orchestra.run.smithi002.stdout:/usr/bin/ceph: stderr
2024-09-10T07:57:40.267+0000 7f9a04c00640 1 -- 172.21.15.2:0/1300945867 >> [v2:172.21.15.2:3300/0,v1:172.21.15.2:6789/0] conn(0x7f9a0007deb0 msgr2=0x7f9a0007c360 secure :-1 s=STATE_CONNECTION_ESTABLISHED l=1).mark_down
2024-09-10T07:57:41.092 INFO:teuthology.orchestra.run.smithi002.stdout:/usr/bin/ceph: stderr
2024-09-10T07:57:40.267+0000 7f9a04c00640 1 --2- 172.21.15.2:0/1300945867 >> [v2:172.21.15.2:3300/0,v1:172.21.15.2:6789/0] conn(0x7f9a0007deb0 0x7f9a0007c360 secure :-1 s=READY pgs=37 cs=0 l=1 rev1=1 crypto rx=0x7f99f0009820 tx=0x7f99f002a270 comp rx=0 tx=0).stop
2024-09-10T07:57:41.092 INFO:teuthology.orchestra.run.smithi002.stdout:/usr/bin/ceph: stderr
2024-09-10T07:57:40.267+0000 7f9a04c00640 1 -- 172.21.15.2:0/1300945867 shutdown_connections
2024-09-10T07:57:41.092 INFO:teuthology.orchestra.run.smithi002.stdout:/usr/bin/ceph: stderr
2024-09-10T07:57:40.267+0000 7f9a04c00640 1 --2- 172.21.15.2:0/1300945867 >> [v2:172.21.15.2:3300/0,v1:172.21.15.2:6789/0] conn(0x7f9a0007deb0 0x7f9a0007c360 unknown :-1 s=CLOSED pgs=37 cs=0 l=1 rev1=1 crypto rx=0 tx=0 comp rx=0 tx=0).stop
2024-09-10T07:57:41.092 INFO:teuthology.orchestra.run.smithi002.stdout:/usr/bin/ceph: stderr
2024-09-10T07:57:40.267+0000 7f9a04c00640 1 -- 172.21.15.2:0/1300945867 >> 172.21.15.2:0/1300945867 conn(0x7f9a00102d10 msgr2=0x7f9a00105150 unknown :-1 s=STATE_NONE l=0).mark_down
2024-09-10T07:57:41.093 INFO:teuthology.orchestra.run.smithi002.stdout:/usr/bin/ceph: stderr
2024-09-10T07:57:40.267+0000 7f9a04c00640 1 -- 172.21.15.2:0/1300945867 shutdown_connections
2024-09-10T07:57:41.093 INFO:teuthology.orchestra.run.smithi002.stdout:/usr/bin/ceph: stderr
2024-09-10T07:57:40.267+0000 7f9a04c00640 1 -- 172.21.15.2:0/1300945867 wait complete.
2024-09-10T07:57:41.093 INFO:teuthology.orchestra.run.smithi002.stdout:/usr/bin/ceph: stderr
2024-09-10T07:57:40.268+0000 7f9a04c00640 1 Processor -- start
2024-09-10T07:57:41.093 INFO:teuthology.orchestra.run.smithi002.stdout:/usr/bin/ceph: stderr
2024-09-10T07:57:40.268+0000 7f9a04c00640 1 -- start start
2024-09-10T07:57:41.093 INFO:teuthology.orchestra.run.smithi002.stdout:/usr/bin/ceph: stderr
2024-09-10T07:57:40.268+0000 7f9a04c00640 1 --2- >> [v2:172.21.15.2:3300/0,v1:172.21.15.2:6789/0] conn(0x7f9a0007deb0 0x7f9a001a1b40 unknown :-1 s=NONE pgs=0 cs=0 l=1 rev1=0 crypto rx=0 tx=0 comp rx=0 tx=0).connect
2024-09-10T07:57:41.093 INFO:teuthology.orchestra.run.smithi002.stdout:/usr/bin/ceph: stderr
2024-09-10T07:57:40.268+0000 7f9a04c00640 1 -- --> [v2:172.21.15.2:3300/0,v1:172.21.15.2:6789/0] -- mon_getmap magic: 0 -- 0x7f9a00109740 con 0x7f9a0007deb0
2024-09-10T07:57:41.093 INFO:teuthology.orchestra.run.smithi002.stdout:/usr/bin/ceph: stderr
2024-09-10T07:57:40.268+0000 7f99ff400640 1 --2- >> [v2:172.21.15.2:3300/0,v1:172.21.15.2:6789/0] conn(0x7f9a0007deb0 0x7f9a001a1b40 unknown :-1 s=BANNER_CONNECTING pgs=0 cs=0 l=1 rev1=0 crypto rx=0 tx=0 comp rx=0 tx=0)._handle_peer_banner_payload supported=3 required=0
2024-09-10T07:57:41.093 INFO:teuthology.orchestra.run.smithi002.stdout:/usr/bin/ceph: stderr
2024-09-10T07:57:40.268+0000 7f99ff400640 1 --2- >> [v2:172.21.15.2:3300/0,v1:172.21.15.2:6789/0] conn(0x7f9a0007deb0 0x7f9a001a1b40 unknown :-1 s=HELLO_CONNECTING pgs=0 cs=0 l=1 rev1=1 crypto rx=0 tx=0 comp rx=0 tx=0).handle_hello peer v2:172.21.15.2:3300/0 says I am v2:172.21.15.2:42256/0 (socket says 172.21.15.2:42256)
2024-09-10T07:57:41.093 INFO:teuthology.orchestra.run.smithi002.stdout:/usr/bin/ceph: stderr
2024-09-10T07:57:40.268+0000 7f99ff400640 1 -- 172.21.15.2:0/3658441529 learned_addr learned my addr 172.21.15.2:0/3658441529 (peer_addr_for_me v2:172.21.15.2:0/0)
2024-09-10T07:57:41.093 INFO:teuthology.orchestra.run.smithi002.stdout:/usr/bin/ceph: stderr
2024-09-10T07:57:40.269+0000 7f99ff400640 1 -- 172.21.15.2:0/3658441529 --> [v2:172.21.15.2:3300/0,v1:172.21.15.2:6789/0] -- mon_subscribe({config=0+,monmap=0+}) -- 0x7f9a001a2080 con 0x7f9a0007deb0
2024-09-10T07:57:41.094 INFO:teuthology.orchestra.run.smithi002.stdout:/usr/bin/ceph: stderr
2024-09-10T07:57:40.269+0000 7f99ff400640 1 --2- 172.21.15.2:0/3658441529 >> [v2:172.21.15.2:3300/0,v1:172.21.15.2:6789/0] conn(0x7f9a0007deb0 0x7f9a001a1b40 secure :-1 s=READY pgs=38 cs=0 l=1 rev1=1 crypto rx=0x7f99f00097f0 tx=0x7f99f0030ec0 comp rx=0 tx=0).ready entity=mon.0 client_cookie=0 server_cookie=0 in_seq=0 out_seq=0
2024-09-10T07:57:41.094 INFO:teuthology.orchestra.run.smithi002.stdout:/usr/bin/ceph: stderr
2024-09-10T07:57:40.269+0000 7f99fcc00640 1 -- 172.21.15.2:0/3658441529 <== mon.0 v2:172.21.15.2:3300/0 1 ==== mon_map magic: 0 ==== 205+0+0 (secure 0 0 0) 0x7f99f0042070 con 0x7f9a0007deb0
2024-09-10T07:57:41.094 INFO:teuthology.orchestra.run.smithi002.stdout:/usr/bin/ceph: stderr
2024-09-10T07:57:40.269+0000 7f99fcc00640 1 -- 172.21.15.2:0/3658441529 <== mon.0 v2:172.21.15.2:3300/0 2 ==== config(27 keys) ==== 1109+0+0 (secure 0 0 0) 0x7f99f0032ca0 con 0x7f9a0007deb0
2024-09-10T07:57:41.094 INFO:teuthology.orchestra.run.smithi002.stdout:/usr/bin/ceph: stderr
2024-09-10T07:57:40.269+0000 7f9a04c00640 1 -- 172.21.15.2:0/3658441529 --> [v2:172.21.15.2:3300/0,v1:172.21.15.2:6789/0] -- mon_subscribe({mgrmap=0+}) -- 0x7f9a001a2310 con 0x7f9a0007deb0
2024-09-10T07:57:41.094 INFO:teuthology.orchestra.run.smithi002.stdout:/usr/bin/ceph: stderr
2024-09-10T07:57:40.269+0000 7f99fcc00640 1 -- 172.21.15.2:0/3658441529 <== mon.0 v2:172.21.15.2:3300/0 3 ==== mon_map magic: 0 ==== 205+0+0 (secure 0 0 0) 0x7f99f0037040 con 0x7f9a0007deb0
2024-09-10T07:57:41.094 INFO:teuthology.orchestra.run.smithi002.stdout:/usr/bin/ceph: stderr
2024-09-10T07:57:40.270+0000 7f9a04c00640 1 -- 172.21.15.2:0/3658441529 --> [v2:172.21.15.2:3300/0,v1:172.21.15.2:6789/0] -- mon_subscribe({osdmap=0}) -- 0x7f9a001a5000 con 0x7f9a0007deb0
2024-09-10T07:57:41.094 INFO:teuthology.orchestra.run.smithi002.stdout:/usr/bin/ceph: stderr
2024-09-10T07:57:40.271+0000 7f9a04c00640 1 -- 172.21.15.2:0/3658441529 --> [v2:172.21.15.2:3300/0,v1:172.21.15.2:6789/0] -- mon_command({"prefix": "get_command_descriptions"} v 0) -- 0x7f9a0007c3e0 con 0x7f9a0007deb0
2024-09-10T07:57:41.094 INFO:teuthology.orchestra.run.smithi002.stdout:/usr/bin/ceph: stderr
2024-09-10T07:57:40.271+0000 7f99fcc00640 1 -- 172.21.15.2:0/3658441529 <== mon.0 v2:172.21.15.2:3300/0 4 ==== mgrmap(e 8) ==== 46287+0+0 (secure 0 0 0) 0x7f99f0045070 con 0x7f9a0007deb0
2024-09-10T07:57:41.094 INFO:teuthology.orchestra.run.smithi002.stdout:/usr/bin/ceph: stderr
2024-09-10T07:57:40.271+0000 7f99fcc00640 1 --2- 172.21.15.2:0/3658441529 >> [v2:172.21.15.2:6800/3590511604,v1:172.21.15.2:6801/3590511604] conn(0x7f99e4038fc0 0x7f99e403b480 unknown :-1 s=NONE pgs=0 cs=0 l=1 rev1=0 crypto rx=0 tx=0 comp rx=0 tx=0).connect
2024-09-10T07:57:41.094 INFO:teuthology.orchestra.run.smithi002.stdout:/usr/bin/ceph: stderr
2024-09-10T07:57:40.271+0000 7f99fcc00640 1 -- 172.21.15.2:0/3658441529 <== mon.0 v2:172.21.15.2:3300/0 5 ==== osd_map(2..2 src has 1..2) ==== 940+0+0 (secure 0 0 0) 0x7f99f006bfc0 con 0x7f9a0007deb0
2024-09-10T07:57:41.094 INFO:teuthology.orchestra.run.smithi002.stdout:/usr/bin/ceph: stderr
2024-09-10T07:57:40.271+0000 7f99f7e00640 1 --2- 172.21.15.2:0/3658441529 >> [v2:172.21.15.2:6800/3590511604,v1:172.21.15.2:6801/3590511604] conn(0x7f99e4038fc0 0x7f99e403b480 unknown :-1 s=BANNER_CONNECTING pgs=0 cs=0 l=1 rev1=0 crypto rx=0 tx=0 comp rx=0 tx=0)._handle_peer_banner_payload supported=3 required=0
2024-09-10T07:57:41.095 INFO:teuthology.orchestra.run.smithi002.stdout:/usr/bin/ceph: stderr
2024-09-10T07:57:40.272+0000 7f99f7e00640 1 --2- 172.21.15.2:0/3658441529 >> [v2:172.21.15.2:6800/3590511604,v1:172.21.15.2:6801/3590511604] conn(0x7f99e4038fc0 0x7f99e403b480 secure :-1 s=READY pgs=8 cs=0 l=1 rev1=1 crypto rx=0x7f99e80098c0 tx=0x7f99e8006db0 comp rx=0 tx=0).ready entity=mgr.14118 client_cookie=0 server_cookie=0 in_seq=0 out_seq=0
2024-09-10T07:57:41.095 INFO:teuthology.orchestra.run.smithi002.stdout:/usr/bin/ceph: stderr
2024-09-10T07:57:40.276+0000 7f99fcc00640 1 -- 172.21.15.2:0/3658441529 <== mon.0 v2:172.21.15.2:3300/0 6 ==== mon_command_ack([{"prefix": "get_command_descriptions"}]=0 v0) ==== 72+0+188821 (secure 0 0 0) 0x7f99f0045360 con 0x7f9a0007deb0
2024-09-10T07:57:41.095 INFO:teuthology.orchestra.run.smithi002.stdout:/usr/bin/ceph: stderr
2024-09-10T07:57:40.462+0000 7f9a04c00640 1 -- 172.21.15.2:0/3658441529 --> [v2:172.21.15.2:6800/3590511604,v1:172.21.15.2:6801/3590511604] -- mgr_command(tid 0: {"prefix": "cephadm set-user", "user": "root", "target": ["mon-mgr", ""]}) -- 0x7f9a00062630 con 0x7f99e4038fc0
2024-09-10T07:57:41.095 INFO:teuthology.orchestra.run.smithi002.stdout:/usr/bin/ceph: stderr
2024-09-10T07:57:40.462+0000 7f99fcc00640 1 -- 172.21.15.2:0/3658441529 <== mgr.14118 v2:172.21.15.2:6800/3590511604 1 ==== mgr_command_reply(tid 0: 0 ) ==== 8+0+16 (secure 0 0 0) 0x7f9a00062630 con 0x7f99e4038fc0
2024-09-10T07:57:41.095 INFO:teuthology.orchestra.run.smithi002.stdout:/usr/bin/ceph: stderr
2024-09-10T07:57:40.464+0000 7f9a04c00640 1 -- 172.21.15.2:0/3658441529 >> [v2:172.21.15.2:6800/3590511604,v1:172.21.15.2:6801/3590511604] conn(0x7f99e4038fc0 msgr2=0x7f99e403b480 secure :-1 s=STATE_CONNECTION_ESTABLISHED l=1).mark_down
2024-09-10T07:57:41.095 INFO:teuthology.orchestra.run.smithi002.stdout:/usr/bin/ceph: stderr
2024-09-10T07:57:40.464+0000 7f9a04c00640 1 --2- 172.21.15.2:0/3658441529 >> [v2:172.21.15.2:6800/3590511604,v1:172.21.15.2:6801/3590511604] conn(0x7f99e4038fc0 0x7f99e403b480 secure :-1 s=READY pgs=8 cs=0 l=1 rev1=1 crypto rx=0x7f99e80098c0 tx=0x7f99e8006db0 comp rx=0 tx=0).stop
2024-09-10T07:57:41.095 INFO:teuthology.orchestra.run.smithi002.stdout:/usr/bin/ceph: stderr
2024-09-10T07:57:40.464+0000 7f9a04c00640 1 -- 172.21.15.2:0/3658441529 >> [v2:172.21.15.2:3300/0,v1:172.21.15.2:6789/0] conn(0x7f9a0007deb0 msgr2=0x7f9a001a1b40 secure :-1 s=STATE_CONNECTION_ESTABLISHED l=1).mark_down
2024-09-10T07:57:41.095 INFO:teuthology.orchestra.run.smithi002.stdout:/usr/bin/ceph: stderr
2024-09-10T07:57:40.464+0000 7f9a04c00640 1 --2- 172.21.15.2:0/3658441529 >> [v2:172.21.15.2:3300/0,v1:172.21.15.2:6789/0] conn(0x7f9a0007deb0 0x7f9a001a1b40 secure :-1 s=READY pgs=38 cs=0 l=1 rev1=1 crypto rx=0x7f99f00097f0 tx=0x7f99f0030ec0 comp rx=0 tx=0).stop
2024-09-10T07:57:41.095 INFO:teuthology.orchestra.run.smithi002.stdout:/usr/bin/ceph: stderr
2024-09-10T07:57:40.465+0000 7f9a04c00640 1 -- 172.21.15.2:0/3658441529 shutdown_connections
2024-09-10T07:57:41.095 INFO:teuthology.orchestra.run.smithi002.stdout:/usr/bin/ceph: stderr
2024-09-10T07:57:40.465+0000 7f9a04c00640 1 --2- 172.21.15.2:0/3658441529 >> [v2:172.21.15.2:6800/3590511604,v1:172.21.15.2:6801/3590511604] conn(0x7f99e4038fc0 0x7f99e403b480 unknown :-1 s=CLOSED pgs=8 cs=0 l=1 rev1=1 crypto rx=0 tx=0 comp rx=0 tx=0).stop
2024-09-10T07:57:41.096 INFO:teuthology.orchestra.run.smithi002.stdout:/usr/bin/ceph: stderr
2024-09-10T07:57:40.465+0000 7f9a04c00640 1 --2- 172.21.15.2:0/3658441529 >> [v2:172.21.15.2:3300/0,v1:172.21.15.2:6789/0] conn(0x7f9a0007deb0 0x7f9a001a1b40 unknown :-1 s=CLOSED pgs=38 cs=0 l=1 rev1=1 crypto rx=0 tx=0 comp rx=0 tx=0).stop
2024-09-10T07:57:41.096 INFO:teuthology.orchestra.run.smithi002.stdout:/usr/bin/ceph: stderr
2024-09-10T07:57:40.465+0000 7f9a04c00640 1 -- 172.21.15.2:0/3658441529 >> 172.21.15.2:0/3658441529 conn(0x7f9a00102d10 msgr2=0x7f9a00105150 unknown :-1 s=STATE_NONE l=0).mark_down
2024-09-10T07:57:41.096 INFO:teuthology.orchestra.run.smithi002.stdout:/usr/bin/ceph: stderr
2024-09-10T07:57:40.465+0000 7f9a04c00640 1 -- 172.21.15.2:0/3658441529 shutdown_connections
2024-09-10T07:57:41.096 INFO:teuthology.orchestra.run.smithi002.stdout:/usr/bin/ceph: stderr
2024-09-10T07:57:40.465+0000 7f9a04c00640 1 -- 172.21.15.2:0/3658441529 wait complete.
2024-09-10T07:57:41.096 INFO:teuthology.orchestra.run.smithi002.stdout:Generating ssh key...
2024-09-10T07:57:41.584 INFO:journalctl@ceph.mon.a.smithi002.stdout:Sep 10 07:57:41 smithi002 ceph-mon[30563]: from='client.14132 -' entity='client.admin' cmd=[{"prefix": "cephadm set-user", "user": "root", "target": ["mon-mgr", ""]}]: dispatch
2024-09-10T07:57:42.272 INFO:journalctl@ceph.mgr.x.smithi002.stdout:Sep 10 07:57:42 smithi002 ceph-26ec64b0-6f4a-11ef-bcea-c7b262605968-mgr-x[30800]: Generating public/private rsa key pair.
2024-09-10T07:57:42.273 INFO:journalctl@ceph.mgr.x.smithi002.stdout:Sep 10 07:57:42 smithi002 ceph-26ec64b0-6f4a-11ef-bcea-c7b262605968-mgr-x[30800]: Your identification has been saved in /tmp/tmpss6labsr/key
2024-09-10T07:57:42.273 INFO:journalctl@ceph.mgr.x.smithi002.stdout:Sep 10 07:57:42 smithi002 ceph-26ec64b0-6f4a-11ef-bcea-c7b262605968-mgr-x[30800]: Your public key has been saved in /tmp/tmpss6labsr/key.pub
2024-09-10T07:57:42.273 INFO:journalctl@ceph.mgr.x.smithi002.stdout:Sep 10 07:57:42 smithi002 ceph-26ec64b0-6f4a-11ef-bcea-c7b262605968-mgr-x[30800]: The key fingerprint is:
2024-09-10T07:57:42.273 INFO:journalctl@ceph.mgr.x.smithi002.stdout:Sep 10 07:57:42 smithi002 ceph-26ec64b0-6f4a-11ef-bcea-c7b262605968-mgr-x[30800]: SHA256:+i0Y9k8+hHYdCllizpeAVypo7fRPSaQVjuoZLpd2at4 ceph-26ec64b0-6f4a-11ef-bcea-c7b262605968
2024-09-10T07:57:42.273 INFO:journalctl@ceph.mgr.x.smithi002.stdout:Sep 10 07:57:42 smithi002 ceph-26ec64b0-6f4a-11ef-bcea-c7b262605968-mgr-x[30800]: The key's randomart image is:
2024-09-10T07:57:42.273 INFO:journalctl@ceph.mgr.x.smithi002.stdout:Sep 10 07:57:42 smithi002 ceph-26ec64b0-6f4a-11ef-bcea-c7b262605968-mgr-x[30800]: +---[RSA 3072]----+
2024-09-10T07:57:42.273 INFO:journalctl@ceph.mgr.x.smithi002.stdout:Sep 10 07:57:42 smithi002 ceph-26ec64b0-6f4a-11ef-bcea-c7b262605968-mgr-x[30800]: | . .=. |
2024-09-10T07:57:42.273 INFO:journalctl@ceph.mgr.x.smithi002.stdout:Sep 10 07:57:42 smithi002 ceph-26ec64b0-6f4a-11ef-bcea-c7b262605968-mgr-x[30800]: | o. =B. |
2024-09-10T07:57:42.273 INFO:journalctl@ceph.mgr.x.smithi002.stdout:Sep 10 07:57:42 smithi002 ceph-26ec64b0-6f4a-11ef-bcea-c7b262605968-mgr-x[30800]: | o +=+=o. |
2024-09-10T07:57:42.274 INFO:journalctl@ceph.mgr.x.smithi002.stdout:Sep 10 07:57:42 smithi002 ceph-26ec64b0-6f4a-11ef-bcea-c7b262605968-mgr-x[30800]: | . o +=.o.. |
2024-09-10T07:57:42.274 INFO:journalctl@ceph.mgr.x.smithi002.stdout:Sep 10 07:57:42 smithi002 ceph-26ec64b0-6f4a-11ef-bcea-c7b262605968-mgr-x[30800]: | + S+oo . |
2024-09-10T07:57:42.274 INFO:journalctl@ceph.mgr.x.smithi002.stdout:Sep 10 07:57:42 smithi002 ceph-26ec64b0-6f4a-11ef-bcea-c7b262605968-mgr-x[30800]: | oo=oo+ . |
2024-09-10T07:57:42.274 INFO:journalctl@ceph.mgr.x.smithi002.stdout:Sep 10 07:57:42 smithi002 ceph-26ec64b0-6f4a-11ef-bcea-c7b262605968-mgr-x[30800]: | ..O=.oo |
2024-09-10T07:57:42.274 INFO:journalctl@ceph.mgr.x.smithi002.stdout:Sep 10 07:57:42 smithi002 ceph-26ec64b0-6f4a-11ef-bcea-c7b262605968-mgr-x[30800]: | +o=o+. |
2024-09-10T07:57:42.274 INFO:journalctl@ceph.mgr.x.smithi002.stdout:Sep 10 07:57:42 smithi002 ceph-26ec64b0-6f4a-11ef-bcea-c7b262605968-mgr-x[30800]: | oo Eo+. |
2024-09-10T07:57:42.274 INFO:journalctl@ceph.mgr.x.smithi002.stdout:Sep 10 07:57:42 smithi002 ceph-26ec64b0-6f4a-11ef-bcea-c7b262605968-mgr-x[30800]: +----[SHA256]-----+
2024-09-10T07:57:42.670 INFO:teuthology.orchestra.run.smithi002.stdout:/usr/bin/ceph: stderr
2024-09-10T07:57:41.572+0000 7f83f6000640 1 Processor -- start
2024-09-10T07:57:42.670 INFO:teuthology.orchestra.run.smithi002.stdout:/usr/bin/ceph: stderr
2024-09-10T07:57:41.572+0000 7f83f6000640 1 -- start start
2024-09-10T07:57:42.670 INFO:teuthology.orchestra.run.smithi002.stdout:/usr/bin/ceph: stderr
2024-09-10T07:57:41.573+0000 7f83f6000640 1 --2- >> [v2:172.21.15.2:3300/0,v1:172.21.15.2:6789/0] conn(0x7f83f0107740 0x7f83f0107b40 unknown :-1 s=NONE pgs=0 cs=0 l=0 rev1=0 crypto rx=0 tx=0 comp rx=0 tx=0).connect
2024-09-10T07:57:42.670 INFO:teuthology.orchestra.run.smithi002.stdout:/usr/bin/ceph: stderr
2024-09-10T07:57:41.573+0000 7f83f6000640 1 -- --> [v2:172.21.15.2:3300/0,v1:172.21.15.2:6789/0] -- mon_getmap magic: 0 -- 0x7f83f0108110 con 0x7f83f0107740
2024-09-10T07:57:42.670 INFO:teuthology.orchestra.run.smithi002.stdout:/usr/bin/ceph: stderr
2024-09-10T07:57:41.573+0000 7f83ef400640 1 --2- >> [v2:172.21.15.2:3300/0,v1:172.21.15.2:6789/0] conn(0x7f83f0107740 0x7f83f0107b40 unknown :-1 s=BANNER_CONNECTING pgs=0 cs=0 l=0 rev1=0 crypto rx=0 tx=0 comp rx=0 tx=0)._handle_peer_banner_payload supported=3 required=0
2024-09-10T07:57:42.670 INFO:teuthology.orchestra.run.smithi002.stdout:/usr/bin/ceph: stderr
2024-09-10T07:57:41.573+0000 7f83ef400640 1 --2- >> [v2:172.21.15.2:3300/0,v1:172.21.15.2:6789/0] conn(0x7f83f0107740 0x7f83f0107b40 unknown :-1 s=HELLO_CONNECTING pgs=0 cs=0 l=0 rev1=1 crypto rx=0 tx=0 comp rx=0 tx=0).handle_hello peer v2:172.21.15.2:3300/0 says I am v2:172.21.15.2:42270/0 (socket says 172.21.15.2:42270)
2024-09-10T07:57:42.670 INFO:teuthology.orchestra.run.smithi002.stdout:/usr/bin/ceph: stderr
2024-09-10T07:57:41.573+0000 7f83ef400640 1 -- 172.21.15.2:0/1837171879 learned_addr learned my addr 172.21.15.2:0/1837171879 (peer_addr_for_me v2:172.21.15.2:0/0)
2024-09-10T07:57:42.670 INFO:teuthology.orchestra.run.smithi002.stdout:/usr/bin/ceph: stderr
2024-09-10T07:57:41.573+0000 7f83ef400640 1 -- 172.21.15.2:0/1837171879 --> [v2:172.21.15.2:3300/0,v1:172.21.15.2:6789/0] -- mon_subscribe({config=0+,monmap=0+}) -- 0x7f83f01088a0 con 0x7f83f0107740
2024-09-10T07:57:42.671 INFO:teuthology.orchestra.run.smithi002.stdout:/usr/bin/ceph: stderr
2024-09-10T07:57:41.574+0000 7f83ef400640 1 --2- 172.21.15.2:0/1837171879 >> [v2:172.21.15.2:3300/0,v1:172.21.15.2:6789/0] conn(0x7f83f0107740 0x7f83f0107b40 secure :-1 s=READY pgs=39 cs=0 l=1 rev1=1 crypto rx=0x7f83e0009820 tx=0x7f83e002a270 comp rx=0 tx=0).ready entity=mon.0 client_cookie=130ef50629b53aef server_cookie=0 in_seq=0 out_seq=0
2024-09-10T07:57:42.671 INFO:teuthology.orchestra.run.smithi002.stdout:/usr/bin/ceph: stderr
2024-09-10T07:57:41.575+0000 7f83eea00640 1 -- 172.21.15.2:0/1837171879 <== mon.0 v2:172.21.15.2:3300/0 1 ==== mon_map magic: 0 ==== 205+0+0 (secure 0 0 0) 0x7f83e0037070 con 0x7f83f0107740
2024-09-10T07:57:42.671 INFO:teuthology.orchestra.run.smithi002.stdout:/usr/bin/ceph: stderr
2024-09-10T07:57:41.575+0000 7f83eea00640 1 -- 172.21.15.2:0/1837171879 <== mon.0 v2:172.21.15.2:3300/0 2 ==== config(27 keys) ==== 1109+0+0 (secure 0 0 0) 0x7f83e0032900 con 0x7f83f0107740
2024-09-10T07:57:42.671 INFO:teuthology.orchestra.run.smithi002.stdout:/usr/bin/ceph: stderr
2024-09-10T07:57:41.575+0000 7f83eea00640 1 -- 172.21.15.2:0/1837171879 <== mon.0 v2:172.21.15.2:3300/0 3 ==== mon_map magic: 0 ==== 205+0+0 (secure 0 0 0) 0x7f83e0030850 con 0x7f83f0107740
2024-09-10T07:57:42.671 INFO:teuthology.orchestra.run.smithi002.stdout:/usr/bin/ceph: stderr
2024-09-10T07:57:41.575+0000 7f83f6000640 1 -- 172.21.15.2:0/1837171879 >> [v2:172.21.15.2:3300/0,v1:172.21.15.2:6789/0] conn(0x7f83f0107740 msgr2=0x7f83f0107b40 secure :-1 s=STATE_CONNECTION_ESTABLISHED l=1).mark_down
2024-09-10T07:57:42.671 INFO:teuthology.orchestra.run.smithi002.stdout:/usr/bin/ceph: stderr
2024-09-10T07:57:41.575+0000 7f83f6000640 1 --2- 172.21.15.2:0/1837171879 >> [v2:172.21.15.2:3300/0,v1:172.21.15.2:6789/0] conn(0x7f83f0107740 0x7f83f0107b40 secure :-1 s=READY pgs=39 cs=0 l=1 rev1=1 crypto rx=0x7f83e0009820 tx=0x7f83e002a270 comp rx=0 tx=0).stop
2024-09-10T07:57:42.671 INFO:teuthology.orchestra.run.smithi002.stdout:/usr/bin/ceph: stderr
2024-09-10T07:57:41.575+0000 7f83f6000640 1 -- 172.21.15.2:0/1837171879 shutdown_connections
2024-09-10T07:57:42.671 INFO:teuthology.orchestra.run.smithi002.stdout:/usr/bin/ceph: stderr
2024-09-10T07:57:41.575+0000 7f83f6000640 1 --2- 172.21.15.2:0/1837171879 >> [v2:172.21.15.2:3300/0,v1:172.21.15.2:6789/0] conn(0x7f83f0107740 0x7f83f0107b40 unknown :-1 s=CLOSED pgs=39 cs=0 l=1 rev1=1 crypto rx=0 tx=0 comp rx=0 tx=0).stop
2024-09-10T07:57:42.671 INFO:teuthology.orchestra.run.smithi002.stdout:/usr/bin/ceph: stderr
2024-09-10T07:57:41.575+0000 7f83f6000640 1 -- 172.21.15.2:0/1837171879 >> 172.21.15.2:0/1837171879 conn(0x7f83f0102ed0 msgr2=0x7f83f0105310 unknown :-1 s=STATE_NONE l=0).mark_down
2024-09-10T07:57:42.671 INFO:teuthology.orchestra.run.smithi002.stdout:/usr/bin/ceph: stderr
2024-09-10T07:57:41.575+0000 7f83f6000640 1 -- 172.21.15.2:0/1837171879 shutdown_connections
2024-09-10T07:57:42.671 INFO:teuthology.orchestra.run.smithi002.stdout:/usr/bin/ceph: stderr
2024-09-10T07:57:41.576+0000 7f83f6000640 1 -- 172.21.15.2:0/1837171879 wait complete.
2024-09-10T07:57:42.671 INFO:teuthology.orchestra.run.smithi002.stdout:/usr/bin/ceph: stderr
2024-09-10T07:57:41.576+0000 7f83f6000640 1 Processor -- start
2024-09-10T07:57:42.671 INFO:teuthology.orchestra.run.smithi002.stdout:/usr/bin/ceph: stderr
2024-09-10T07:57:41.577+0000 7f83f6000640 1 -- start start
2024-09-10T07:57:42.672 INFO:teuthology.orchestra.run.smithi002.stdout:/usr/bin/ceph: stderr
2024-09-10T07:57:41.577+0000 7f83f6000640 1 --2- >> [v2:172.21.15.2:3300/0,v1:172.21.15.2:6789/0] conn(0x7f83f0107740 0x7f83f007db90 unknown :-1 s=NONE pgs=0 cs=0 l=1 rev1=0 crypto rx=0 tx=0 comp rx=0 tx=0).connect
2024-09-10T07:57:42.672 INFO:teuthology.orchestra.run.smithi002.stdout:/usr/bin/ceph: stderr
2024-09-10T07:57:41.577+0000 7f83f6000640 1 -- --> [v2:172.21.15.2:3300/0,v1:172.21.15.2:6789/0] -- mon_getmap magic: 0 -- 0x7f83f010bc50 con 0x7f83f0107740
2024-09-10T07:57:42.672 INFO:teuthology.orchestra.run.smithi002.stdout:/usr/bin/ceph: stderr
2024-09-10T07:57:41.577+0000 7f83ef400640 1 --2- >> [v2:172.21.15.2:3300/0,v1:172.21.15.2:6789/0] conn(0x7f83f0107740 0x7f83f007db90 unknown :-1 s=BANNER_CONNECTING pgs=0 cs=0 l=1 rev1=0 crypto rx=0 tx=0 comp rx=0 tx=0)._handle_peer_banner_payload supported=3 required=0
2024-09-10T07:57:42.672 INFO:teuthology.orchestra.run.smithi002.stdout:/usr/bin/ceph: stderr
2024-09-10T07:57:41.577+0000 7f83ef400640 1 --2- >> [v2:172.21.15.2:3300/0,v1:172.21.15.2:6789/0] conn(0x7f83f0107740 0x7f83f007db90 unknown :-1 s=HELLO_CONNECTING pgs=0 cs=0 l=1 rev1=1 crypto rx=0 tx=0 comp rx=0 tx=0).handle_hello peer v2:172.21.15.2:3300/0 says I am v2:172.21.15.2:42272/0 (socket says 172.21.15.2:42272)
2024-09-10T07:57:42.672 INFO:teuthology.orchestra.run.smithi002.stdout:/usr/bin/ceph: stderr
2024-09-10T07:57:41.577+0000 7f83ef400640 1 -- 172.21.15.2:0/580276593 learned_addr learned my addr 172.21.15.2:0/580276593 (peer_addr_for_me v2:172.21.15.2:0/0)
2024-09-10T07:57:42.672 INFO:teuthology.orchestra.run.smithi002.stdout:/usr/bin/ceph: stderr
2024-09-10T07:57:41.577+0000 7f83ef400640 1 -- 172.21.15.2:0/580276593 --> [v2:172.21.15.2:3300/0,v1:172.21.15.2:6789/0] -- mon_subscribe({config=0+,monmap=0+}) -- 0x7f83f007e0d0 con 0x7f83f0107740
2024-09-10T07:57:42.672 INFO:teuthology.orchestra.run.smithi002.stdout:/usr/bin/ceph: stderr
2024-09-10T07:57:41.578+0000 7f83ef400640 1 --2- 172.21.15.2:0/580276593 >> [v2:172.21.15.2:3300/0,v1:172.21.15.2:6789/0] conn(0x7f83f0107740 0x7f83f007db90 secure :-1 s=READY pgs=40 cs=0 l=1 rev1=1 crypto rx=0x7f83e00097f0 tx=0x7f83e0030ec0 comp rx=0 tx=0).ready entity=mon.0 client_cookie=0 server_cookie=0 in_seq=0 out_seq=0
2024-09-10T07:57:42.672 INFO:teuthology.orchestra.run.smithi002.stdout:/usr/bin/ceph: stderr
2024-09-10T07:57:41.578+0000 7f83ecc00640 1 -- 172.21.15.2:0/580276593 <== mon.0 v2:172.21.15.2:3300/0 1 ==== mon_map magic: 0 ==== 205+0+0 (secure 0 0 0) 0x7f83e0042070 con 0x7f83f0107740
2024-09-10T07:57:42.672 INFO:teuthology.orchestra.run.smithi002.stdout:/usr/bin/ceph: stderr
2024-09-10T07:57:41.578+0000 7f83ecc00640 1 -- 172.21.15.2:0/580276593 <== mon.0 v2:172.21.15.2:3300/0 2 ==== config(27 keys) ==== 1109+0+0 (secure 0 0 0) 0x7f83e0032ca0 con 0x7f83f0107740
2024-09-10T07:57:42.672 INFO:teuthology.orchestra.run.smithi002.stdout:/usr/bin/ceph: stderr
2024-09-10T07:57:41.578+0000 7f83f6000640 1 -- 172.21.15.2:0/580276593 --> [v2:172.21.15.2:3300/0,v1:172.21.15.2:6789/0] -- mon_subscribe({mgrmap=0+}) -- 0x7f83f007c2c0 con 0x7f83f0107740
2024-09-10T07:57:42.672 INFO:teuthology.orchestra.run.smithi002.stdout:/usr/bin/ceph: stderr
2024-09-10T07:57:41.578+0000 7f83ecc00640 1 -- 172.21.15.2:0/580276593 <== mon.0 v2:172.21.15.2:3300/0 3 ==== mon_map magic: 0 ==== 205+0+0 (secure 0 0 0) 0x7f83e0037040 con 0x7f83f0107740
2024-09-10T07:57:42.673 INFO:teuthology.orchestra.run.smithi002.stdout:/usr/bin/ceph: stderr
2024-09-10T07:57:41.578+0000 7f83f6000640 1 -- 172.21.15.2:0/580276593 --> [v2:172.21.15.2:3300/0,v1:172.21.15.2:6789/0] -- mon_subscribe({osdmap=0}) -- 0x7f83f007c800 con 0x7f83f0107740
2024-09-10T07:57:42.673 INFO:teuthology.orchestra.run.smithi002.stdout:/usr/bin/ceph: stderr
2024-09-10T07:57:41.579+0000 7f83ecc00640 1 -- 172.21.15.2:0/580276593 <== mon.0 v2:172.21.15.2:3300/0 4 ==== mgrmap(e 8) ==== 46287+0+0 (secure 0 0 0) 0x7f83e0045070 con 0x7f83f0107740
2024-09-10T07:57:42.673 INFO:teuthology.orchestra.run.smithi002.stdout:/usr/bin/ceph: stderr
2024-09-10T07:57:41.579+0000 7f83f6000640 1 -- 172.21.15.2:0/580276593 --> [v2:172.21.15.2:3300/0,v1:172.21.15.2:6789/0] -- mon_command({"prefix": "get_command_descriptions"} v 0) -- 0x7f83f0107bc0 con 0x7f83f0107740
2024-09-10T07:57:42.673 INFO:teuthology.orchestra.run.smithi002.stdout:/usr/bin/ceph: stderr
2024-09-10T07:57:41.580+0000 7f83ecc00640 1 --2- 172.21.15.2:0/580276593 >> [v2:172.21.15.2:6800/3590511604,v1:172.21.15.2:6801/3590511604] conn(0x7f83d4038fc0 0x7f83d403b480 unknown :-1 s=NONE pgs=0 cs=0 l=1 rev1=0 crypto rx=0 tx=0 comp rx=0 tx=0).connect
2024-09-10T07:57:42.673 INFO:teuthology.orchestra.run.smithi002.stdout:/usr/bin/ceph: stderr
2024-09-10T07:57:41.580+0000 7f83ecc00640 1 -- 172.21.15.2:0/580276593 <== mon.0 v2:172.21.15.2:3300/0 5 ==== osd_map(2..2 src has 1..2) ==== 940+0+0 (secure 0 0 0) 0x7f83e006c130 con 0x7f83f0107740
2024-09-10T07:57:42.673 INFO:teuthology.orchestra.run.smithi002.stdout:/usr/bin/ceph: stderr
2024-09-10T07:57:41.580+0000 7f83e7e00640 1 --2- 172.21.15.2:0/580276593 >> [v2:172.21.15.2:6800/3590511604,v1:172.21.15.2:6801/3590511604] conn(0x7f83d4038fc0 0x7f83d403b480 unknown :-1 s=BANNER_CONNECTING pgs=0 cs=0 l=1 rev1=0 crypto rx=0 tx=0 comp rx=0 tx=0)._handle_peer_banner_payload supported=3 required=0
2024-09-10T07:57:42.673 INFO:teuthology.orchestra.run.smithi002.stdout:/usr/bin/ceph: stderr
2024-09-10T07:57:41.581+0000 7f83e7e00640 1 --2- 172.21.15.2:0/580276593 >> [v2:172.21.15.2:6800/3590511604,v1:172.21.15.2:6801/3590511604] conn(0x7f83d4038fc0 0x7f83d403b480 secure :-1 s=READY pgs=9 cs=0 l=1 rev1=1 crypto rx=0x7f83d80098c0 tx=0x7f83d8006db0 comp rx=0 tx=0).ready entity=mgr.14118 client_cookie=0 server_cookie=0 in_seq=0 out_seq=0
2024-09-10T07:57:42.673 INFO:teuthology.orchestra.run.smithi002.stdout:/usr/bin/ceph: stderr
2024-09-10T07:57:41.585+0000 7f83ecc00640 1 -- 172.21.15.2:0/580276593 <== mon.0 v2:172.21.15.2:3300/0 6 ==== mon_command_ack([{"prefix": "get_command_descriptions"}]=0 v0) ==== 72+0+188821 (secure 0 0 0) 0x7f83e0045360 con 0x7f83f0107740
2024-09-10T07:57:42.673 INFO:teuthology.orchestra.run.smithi002.stdout:/usr/bin/ceph: stderr
2024-09-10T07:57:41.772+0000 7f83f6000640 1 -- 172.21.15.2:0/580276593 --> [v2:172.21.15.2:6800/3590511604,v1:172.21.15.2:6801/3590511604] -- mgr_command(tid 0: {"prefix": "cephadm generate-key", "target": ["mon-mgr", ""]}) -- 0x7f83f0104200 con 0x7f83d4038fc0
2024-09-10T07:57:42.673 INFO:teuthology.orchestra.run.smithi002.stdout:/usr/bin/ceph: stderr
2024-09-10T07:57:42.019+0000 7f83ecc00640 1 -- 172.21.15.2:0/580276593 <== mgr.14118 v2:172.21.15.2:6800/3590511604 1 ==== mgr_command_reply(tid 0: 0 ) ==== 8+0+0 (secure 0 0 0) 0x7f83f0104200 con 0x7f83d4038fc0
2024-09-10T07:57:42.673 INFO:teuthology.orchestra.run.smithi002.stdout:/usr/bin/ceph: stderr
2024-09-10T07:57:42.022+0000 7f83f6000640 1 -- 172.21.15.2:0/580276593 >> [v2:172.21.15.2:6800/3590511604,v1:172.21.15.2:6801/3590511604] conn(0x7f83d4038fc0 msgr2=0x7f83d403b480 secure :-1 s=STATE_CONNECTION_ESTABLISHED l=1).mark_down
2024-09-10T07:57:42.673 INFO:teuthology.orchestra.run.smithi002.stdout:/usr/bin/ceph: stderr
2024-09-10T07:57:42.022+0000 7f83f6000640 1 --2- 172.21.15.2:0/580276593 >> [v2:172.21.15.2:6800/3590511604,v1:172.21.15.2:6801/3590511604] conn(0x7f83d4038fc0 0x7f83d403b480 secure :-1 s=READY pgs=9 cs=0 l=1 rev1=1 crypto rx=0x7f83d80098c0 tx=0x7f83d8006db0 comp rx=0 tx=0).stop
2024-09-10T07:57:42.674 INFO:teuthology.orchestra.run.smithi002.stdout:/usr/bin/ceph: stderr
2024-09-10T07:57:42.022+0000 7f83f6000640 1 -- 172.21.15.2:0/580276593 >> [v2:172.21.15.2:3300/0,v1:172.21.15.2:6789/0] conn(0x7f83f0107740 msgr2=0x7f83f007db90 secure :-1 s=STATE_CONNECTION_ESTABLISHED l=1).mark_down
2024-09-10T07:57:42.674 INFO:teuthology.orchestra.run.smithi002.stdout:/usr/bin/ceph: stderr
2024-09-10T07:57:42.022+0000 7f83f6000640 1 --2- 172.21.15.2:0/580276593 >> [v2:172.21.15.2:3300/0,v1:172.21.15.2:6789/0] conn(0x7f83f0107740 0x7f83f007db90 secure :-1 s=READY pgs=40 cs=0 l=1 rev1=1 crypto rx=0x7f83e00097f0 tx=0x7f83e0030ec0 comp rx=0 tx=0).stop
2024-09-10T07:57:42.674 INFO:teuthology.orchestra.run.smithi002.stdout:/usr/bin/ceph: stderr
2024-09-10T07:57:42.022+0000 7f83f6000640 1 -- 172.21.15.2:0/580276593 shutdown_connections
2024-09-10T07:57:42.674 INFO:teuthology.orchestra.run.smithi002.stdout:/usr/bin/ceph: stderr
2024-09-10T07:57:42.022+0000 7f83f6000640 1 --2- 172.21.15.2:0/580276593 >> [v2:172.21.15.2:6800/3590511604,v1:172.21.15.2:6801/3590511604] conn(0x7f83d4038fc0 0x7f83d403b480 unknown :-1 s=CLOSED pgs=9 cs=0 l=1 rev1=1 crypto rx=0 tx=0 comp rx=0 tx=0).stop
2024-09-10T07:57:42.674 INFO:teuthology.orchestra.run.smithi002.stdout:/usr/bin/ceph: stderr
2024-09-10T07:57:42.022+0000 7f83f6000640 1 --2- 172.21.15.2:0/580276593 >> [v2:172.21.15.2:3300/0,v1:172.21.15.2:6789/0] conn(0x7f83f0107740 0x7f83f007db90 unknown :-1 s=CLOSED pgs=40 cs=0 l=1 rev1=1 crypto rx=0 tx=0 comp rx=0 tx=0).stop
2024-09-10T07:57:42.674 INFO:teuthology.orchestra.run.smithi002.stdout:/usr/bin/ceph: stderr
2024-09-10T07:57:42.022+0000 7f83f6000640 1 -- 172.21.15.2:0/580276593 >> 172.21.15.2:0/580276593 conn(0x7f83f0102ed0 msgr2=0x7f83f0103af0 unknown :-1 s=STATE_NONE l=0).mark_down
2024-09-10T07:57:42.674 INFO:teuthology.orchestra.run.smithi002.stdout:/usr/bin/ceph: stderr
2024-09-10T07:57:42.022+0000 7f83f6000640 1 -- 172.21.15.2:0/580276593 shutdown_connections
2024-09-10T07:57:42.674 INFO:teuthology.orchestra.run.smithi002.stdout:/usr/bin/ceph: stderr
2024-09-10T07:57:42.022+0000 7f83f6000640 1 -- 172.21.15.2:0/580276593 wait complete.
2024-09-10T07:57:43.279 INFO:journalctl@ceph.mon.a.smithi002.stdout:Sep 10 07:57:43 smithi002 ceph-mon[30563]: from='client.14134 -' entity='client.admin' cmd=[{"prefix": "cephadm generate-key", "target": ["mon-mgr", ""]}]: dispatch
2024-09-10T07:57:43.279 INFO:journalctl@ceph.mon.a.smithi002.stdout:Sep 10 07:57:43 smithi002 ceph-mon[30563]: Generating ssh key...
