2024-09-10T07:59:41.256 INFO:journalctl@ceph.mon.a.smithi022.stdout: File "/lib/python3.9/site-packages/cheroot/connections.py", line 203, in run
2024-09-10T07:59:41.256 INFO:journalctl@ceph.mon.a.smithi022.stdout: self._run(expiration_interval)
2024-09-10T07:59:41.256 INFO:journalctl@ceph.mon.a.smithi022.stdout: File "/lib/python3.9/site-packages/cheroot/connections.py", line 246, in _run
2024-09-10T07:59:41.256 INFO:journalctl@ceph.mon.a.smithi022.stdout: new_conn = self._from_server_socket(self.server.socket)
2024-09-10T07:59:41.256 INFO:journalctl@ceph.mon.a.smithi022.stdout: File "/lib/python3.9/site-packages/cheroot/connections.py", line 300, in _from_server_socket
2024-09-10T07:59:41.257 INFO:journalctl@ceph.mon.a.smithi022.stdout: s, ssl_env = self.server.ssl_adapter.wrap(s)
2024-09-10T07:59:41.257 INFO:journalctl@ceph.mon.a.smithi022.stdout: File "/lib/python3.9/site-packages/cheroot/ssl/builtin.py", line 277, in wrap
2024-09-10T07:59:41.257 INFO:journalctl@ceph.mon.a.smithi022.stdout: s = self.context.wrap_socket(
2024-09-10T07:59:41.257 INFO:journalctl@ceph.mon.a.smithi022.stdout: File "/lib64/python3.9/ssl.py", line 501, in wrap_socket
2024-09-10T07:59:41.257 INFO:journalctl@ceph.mon.a.smithi022.stdout: return self.sslsocket_class._create(
2024-09-10T07:59:41.257 INFO:journalctl@ceph.mon.a.smithi022.stdout: File "/lib64/python3.9/ssl.py", line 1074, in _create
2024-09-10T07:59:41.257 INFO:journalctl@ceph.mon.a.smithi022.stdout: self.do_handshake()
2024-09-10T07:59:41.257 INFO:journalctl@ceph.mon.a.smithi022.stdout: File "/lib64/python3.9/ssl.py", line 1343, in do_handshake
2024-09-10T07:59:41.257 INFO:journalctl@ceph.mon.a.smithi022.stdout: self._sslobj.do_handshake()
2024-09-10T07:59:41.257 INFO:journalctl@ceph.mon.a.smithi022.stdout: ssl.SSLZeroReturnError: TLS/SSL connection has been closed (EOF) (_ssl.c:1133)
2024-09-10T07:59:41.257 INFO:journalctl@ceph.mon.a.smithi022.stdout:Sep 10 07:59:40 smithi022 ceph-mon[30854]: from='client.14132 -' entity='client.admin' cmd=[{"prefix": "cephadm set-user", "user": "root", "target": ["mon-mgr", ""]}]: dispatch
2024-09-10T07:59:42.253 INFO:journalctl@ceph.mon.a.smithi022.stdout:Sep 10 07:59:41 smithi022 ceph-mon[30854]: from='client.14134 -' entity='client.admin' cmd=[{"prefix": "cephadm generate-key", "target": ["mon-mgr", ""]}]: dispatch
2024-09-10T07:59:42.253 INFO:journalctl@ceph.mon.a.smithi022.stdout:Sep 10 07:59:41 smithi022 ceph-mon[30854]: Generating ssh key...
2024-09-10T07:59:42.253 INFO:journalctl@ceph.mon.a.smithi022.stdout:Sep 10 07:59:41 smithi022 ceph-mon[30854]: from='mgr.14118 172.21.15.22:0/3733157137' entity='mgr.x'
2024-09-10T07:59:42.253 INFO:journalctl@ceph.mon.a.smithi022.stdout:Sep 10 07:59:41 smithi022 ceph-mon[30854]: from='mgr.14118 172.21.15.22:0/3733157137' entity='mgr.x'
2024-09-10T07:59:42.253 INFO:journalctl@ceph.mgr.x.smithi022.stdout:Sep 10 07:59:41 smithi022 ceph-71bf679e-6f4a-11ef-bcea-c7b262605968-mgr-x[31080]: Generating public/private rsa key pair.
2024-09-10T07:59:42.254 INFO:journalctl@ceph.mgr.x.smithi022.stdout:Sep 10 07:59:41 smithi022 ceph-71bf679e-6f4a-11ef-bcea-c7b262605968-mgr-x[31080]: Your identification has been saved in /tmp/tmpppyotkni/key
2024-09-10T07:59:42.254 INFO:journalctl@ceph.mgr.x.smithi022.stdout:Sep 10 07:59:41 smithi022 ceph-71bf679e-6f4a-11ef-bcea-c7b262605968-mgr-x[31080]: Your public key has been saved in /tmp/tmpppyotkni/key.pub
2024-09-10T07:59:42.254 INFO:journalctl@ceph.mgr.x.smithi022.stdout:Sep 10 07:59:41 smithi022 ceph-71bf679e-6f4a-11ef-bcea-c7b262605968-mgr-x[31080]: The key fingerprint is:
2024-09-10T07:59:42.254 INFO:journalctl@ceph.mgr.x.smithi022.stdout:Sep 10 07:59:41 smithi022 ceph-71bf679e-6f4a-11ef-bcea-c7b262605968-mgr-x[31080]: SHA256:xW6w5Q8vTtRVlFLKXeVQPXq+u7l2iJPJnGS0U4k/f2M ceph-71bf679e-6f4a-11ef-bcea-c7b262605968
2024-09-10T07:59:42.254 INFO:journalctl@ceph.mgr.x.smithi022.stdout:Sep 10 07:59:41 smithi022 ceph-71bf679e-6f4a-11ef-bcea-c7b262605968-mgr-x[31080]: The key's randomart image is:
2024-09-10T07:59:42.254 INFO:journalctl@ceph.mgr.x.smithi022.stdout:Sep 10 07:59:41 smithi022 ceph-71bf679e-6f4a-11ef-bcea-c7b262605968-mgr-x[31080]: +---[RSA 3072]----+
2024-09-10T07:59:42.254 INFO:journalctl@ceph.mgr.x.smithi022.stdout:Sep 10 07:59:41 smithi022 ceph-71bf679e-6f4a-11ef-bcea-c7b262605968-mgr-x[31080]: | o+X|
2024-09-10T07:59:42.254 INFO:journalctl@ceph.mgr.x.smithi022.stdout:Sep 10 07:59:41 smithi022 ceph-71bf679e-6f4a-11ef-bcea-c7b262605968-mgr-x[31080]: | . ..o*o|
2024-09-10T07:59:42.254 INFO:journalctl@ceph.mgr.x.smithi022.stdout:Sep 10 07:59:41 smithi022 ceph-71bf679e-6f4a-11ef-bcea-c7b262605968-mgr-x[31080]: | . + ++oo|
2024-09-10T07:59:42.254 INFO:journalctl@ceph.mgr.x.smithi022.stdout:Sep 10 07:59:41 smithi022 ceph-71bf679e-6f4a-11ef-bcea-c7b262605968-mgr-x[31080]: | B .ooo. |
2024-09-10T07:59:42.254 INFO:journalctl@ceph.mgr.x.smithi022.stdout:Sep 10 07:59:41 smithi022 ceph-71bf679e-6f4a-11ef-bcea-c7b262605968-mgr-x[31080]: | S *..+o |
2024-09-10T07:59:42.254 INFO:journalctl@ceph.mgr.x.smithi022.stdout:Sep 10 07:59:41 smithi022 ceph-71bf679e-6f4a-11ef-bcea-c7b262605968-mgr-x[31080]: | o += o. |
2024-09-10T07:59:42.254 INFO:journalctl@ceph.mgr.x.smithi022.stdout:Sep 10 07:59:41 smithi022 ceph-71bf679e-6f4a-11ef-bcea-c7b262605968-mgr-x[31080]: | o=o* +.|
2024-09-10T07:59:42.255 INFO:journalctl@ceph.mgr.x.smithi022.stdout:Sep 10 07:59:41 smithi022 ceph-71bf679e-6f4a-11ef-bcea-c7b262605968-mgr-x[31080]: | o .O .E=|
2024-09-10T07:59:42.255 INFO:journalctl@ceph.mgr.x.smithi022.stdout:Sep 10 07:59:41 smithi022 ceph-71bf679e-6f4a-11ef-bcea-c7b262605968-mgr-x[31080]: | . .o=B|
2024-09-10T07:59:42.255 INFO:journalctl@ceph.mgr.x.smithi022.stdout:Sep 10 07:59:41 smithi022 ceph-71bf679e-6f4a-11ef-bcea-c7b262605968-mgr-x[31080]: +----[SHA256]-----+
2024-09-10T07:59:42.479 INFO:teuthology.orchestra.run.smithi022.stdout:/usr/bin/ceph: stderr
2024-09-10T07:59:40.828+0000 7fd4e7315640 1 Processor -- start
2024-09-10T07:59:42.480 INFO:teuthology.orchestra.run.smithi022.stdout:/usr/bin/ceph: stderr
2024-09-10T07:59:40.828+0000 7fd4e7315640 1 -- start start
2024-09-10T07:59:42.480 INFO:teuthology.orchestra.run.smithi022.stdout:/usr/bin/ceph: stderr
2024-09-10T07:59:40.828+0000 7fd4e7315640 1 --2- >> [v2:172.21.15.22:3300/0,v1:172.21.15.22:6789/0] conn(0x7fd4e0107630 0x7fd4e0107a30 unknown :-1 s=NONE pgs=0 cs=0 l=0 rev1=0 crypto rx=0 tx=0 comp rx=0 tx=0).connect
2024-09-10T07:59:42.480 INFO:teuthology.orchestra.run.smithi022.stdout:/usr/bin/ceph: stderr
2024-09-10T07:59:40.828+0000 7fd4e7315640 1 -- --> [v2:172.21.15.22:3300/0,v1:172.21.15.22:6789/0] -- mon_getmap magic: 0 -- 0x7fd4e0108000 con 0x7fd4e0107630
2024-09-10T07:59:42.480 INFO:teuthology.orchestra.run.smithi022.stdout:/usr/bin/ceph: stderr
2024-09-10T07:59:40.829+0000 7fd4e50b1640 1 --2- >> [v2:172.21.15.22:3300/0,v1:172.21.15.22:6789/0] conn(0x7fd4e0107630 0x7fd4e0107a30 unknown :-1 s=BANNER_CONNECTING pgs=0 cs=0 l=0 rev1=0 crypto rx=0 tx=0 comp rx=0 tx=0)._handle_peer_banner_payload supported=3 required=0
2024-09-10T07:59:42.481 INFO:teuthology.orchestra.run.smithi022.stdout:/usr/bin/ceph: stderr
2024-09-10T07:59:40.829+0000 7fd4e50b1640 1 --2- >> [v2:172.21.15.22:3300/0,v1:172.21.15.22:6789/0] conn(0x7fd4e0107630 0x7fd4e0107a30 unknown :-1 s=HELLO_CONNECTING pgs=0 cs=0 l=0 rev1=1 crypto rx=0 tx=0 comp rx=0 tx=0).handle_hello peer v2:172.21.15.22:3300/0 says I am v2:172.21.15.22:46686/0 (socket says 172.21.15.22:46686)
2024-09-10T07:59:42.481 INFO:teuthology.orchestra.run.smithi022.stdout:/usr/bin/ceph: stderr
2024-09-10T07:59:40.829+0000 7fd4e50b1640 1 -- 172.21.15.22:0/2804090228 learned_addr learned my addr 172.21.15.22:0/2804090228 (peer_addr_for_me v2:172.21.15.22:0/0)
2024-09-10T07:59:42.481 INFO:teuthology.orchestra.run.smithi022.stdout:/usr/bin/ceph: stderr
2024-09-10T07:59:40.829+0000 7fd4e50b1640 1 -- 172.21.15.22:0/2804090228 --> [v2:172.21.15.22:3300/0,v1:172.21.15.22:6789/0] -- mon_subscribe({config=0+,monmap=0+}) -- 0x7fd4e01087e0 con 0x7fd4e0107630
2024-09-10T07:59:42.481 INFO:teuthology.orchestra.run.smithi022.stdout:/usr/bin/ceph: stderr
2024-09-10T07:59:40.830+0000 7fd4e50b1640 1 --2- 172.21.15.22:0/2804090228 >> [v2:172.21.15.22:3300/0,v1:172.21.15.22:6789/0] conn(0x7fd4e0107630 0x7fd4e0107a30 secure :-1 s=READY pgs=39 cs=0 l=1 rev1=1 crypto rx=0x7fd4dc009820 tx=0x7fd4dc02a270 comp rx=0 tx=0).ready entity=mon.0 client_cookie=85879ce17e7d1232 server_cookie=0 in_seq=0 out_seq=0
2024-09-10T07:59:42.481 INFO:teuthology.orchestra.run.smithi022.stdout:/usr/bin/ceph: stderr
2024-09-10T07:59:40.830+0000 7fd4d7fff640 1 -- 172.21.15.22:0/2804090228 <== mon.0 v2:172.21.15.22:3300/0 1 ==== mon_map magic: 0 ==== 205+0+0 (secure 0 0 0) 0x7fd4dc037070 con 0x7fd4e0107630
2024-09-10T07:59:42.481 INFO:teuthology.orchestra.run.smithi022.stdout:/usr/bin/ceph: stderr
2024-09-10T07:59:40.830+0000 7fd4d7fff640 1 -- 172.21.15.22:0/2804090228 <== mon.0 v2:172.21.15.22:3300/0 2 ==== config(27 keys) ==== 1109+0+0 (secure 0 0 0) 0x7fd4dc032900 con 0x7fd4e0107630
2024-09-10T07:59:42.481 INFO:teuthology.orchestra.run.smithi022.stdout:/usr/bin/ceph: stderr
2024-09-10T07:59:40.830+0000 7fd4d7fff640 1 -- 172.21.15.22:0/2804090228 <== mon.0 v2:172.21.15.22:3300/0 3 ==== mon_map magic: 0 ==== 205+0+0 (secure 0 0 0) 0x7fd4dc030850 con 0x7fd4e0107630
2024-09-10T07:59:42.481 INFO:teuthology.orchestra.run.smithi022.stdout:/usr/bin/ceph: stderr
2024-09-10T07:59:40.830+0000 7fd4e7315640 1 -- 172.21.15.22:0/2804090228 >> [v2:172.21.15.22:3300/0,v1:172.21.15.22:6789/0] conn(0x7fd4e0107630 msgr2=0x7fd4e0107a30 secure :-1 s=STATE_CONNECTION_ESTABLISHED l=1).mark_down
2024-09-10T07:59:42.481 INFO:teuthology.orchestra.run.smithi022.stdout:/usr/bin/ceph: stderr
2024-09-10T07:59:40.830+0000 7fd4e7315640 1 --2- 172.21.15.22:0/2804090228 >> [v2:172.21.15.22:3300/0,v1:172.21.15.22:6789/0] conn(0x7fd4e0107630 0x7fd4e0107a30 secure :-1 s=READY pgs=39 cs=0 l=1 rev1=1 crypto rx=0x7fd4dc009820 tx=0x7fd4dc02a270 comp rx=0 tx=0).stop
2024-09-10T07:59:42.481 INFO:teuthology.orchestra.run.smithi022.stdout:/usr/bin/ceph: stderr
2024-09-10T07:59:40.830+0000 7fd4e7315640 1 -- 172.21.15.22:0/2804090228 shutdown_connections
2024-09-10T07:59:42.481 INFO:teuthology.orchestra.run.smithi022.stdout:/usr/bin/ceph: stderr
2024-09-10T07:59:40.830+0000 7fd4e7315640 1 --2- 172.21.15.22:0/2804090228 >> [v2:172.21.15.22:3300/0,v1:172.21.15.22:6789/0] conn(0x7fd4e0107630 0x7fd4e0107a30 unknown :-1 s=CLOSED pgs=39 cs=0 l=1 rev1=1 crypto rx=0 tx=0 comp rx=0 tx=0).stop
2024-09-10T07:59:42.481 INFO:teuthology.orchestra.run.smithi022.stdout:/usr/bin/ceph: stderr
2024-09-10T07:59:40.830+0000 7fd4e7315640 1 -- 172.21.15.22:0/2804090228 >> 172.21.15.22:0/2804090228 conn(0x7fd4e0102da0 msgr2=0x7fd4e0105200 unknown :-1 s=STATE_NONE l=0).mark_down
2024-09-10T07:59:42.481 INFO:teuthology.orchestra.run.smithi022.stdout:/usr/bin/ceph: stderr
2024-09-10T07:59:40.831+0000 7fd4e7315640 1 -- 172.21.15.22:0/2804090228 shutdown_connections
2024-09-10T07:59:42.482 INFO:teuthology.orchestra.run.smithi022.stdout:/usr/bin/ceph: stderr
2024-09-10T07:59:40.831+0000 7fd4e7315640 1 -- 172.21.15.22:0/2804090228 wait complete.
2024-09-10T07:59:42.482 INFO:teuthology.orchestra.run.smithi022.stdout:/usr/bin/ceph: stderr
2024-09-10T07:59:40.831+0000 7fd4e7315640 1 Processor -- start
2024-09-10T07:59:42.482 INFO:teuthology.orchestra.run.smithi022.stdout:/usr/bin/ceph: stderr
2024-09-10T07:59:40.831+0000 7fd4e7315640 1 -- start start
2024-09-10T07:59:42.482 INFO:teuthology.orchestra.run.smithi022.stdout:/usr/bin/ceph: stderr
2024-09-10T07:59:40.831+0000 7fd4e7315640 1 --2- >> [v2:172.21.15.22:3300/0,v1:172.21.15.22:6789/0] conn(0x7fd4e0107630 0x7fd4e007db40 unknown :-1 s=NONE pgs=0 cs=0 l=1 rev1=0 crypto rx=0 tx=0 comp rx=0 tx=0).connect
2024-09-10T07:59:42.482 INFO:teuthology.orchestra.run.smithi022.stdout:/usr/bin/ceph: stderr
2024-09-10T07:59:40.831+0000 7fd4e7315640 1 -- --> [v2:172.21.15.22:3300/0,v1:172.21.15.22:6789/0] -- mon_getmap magic: 0 -- 0x7fd4e010bb90 con 0x7fd4e0107630
2024-09-10T07:59:42.482 INFO:teuthology.orchestra.run.smithi022.stdout:/usr/bin/ceph: stderr
2024-09-10T07:59:40.832+0000 7fd4e50b1640 1 --2- >> [v2:172.21.15.22:3300/0,v1:172.21.15.22:6789/0] conn(0x7fd4e0107630 0x7fd4e007db40 unknown :-1 s=BANNER_CONNECTING pgs=0 cs=0 l=1 rev1=0 crypto rx=0 tx=0 comp rx=0 tx=0)._handle_peer_banner_payload supported=3 required=0
2024-09-10T07:59:42.482 INFO:teuthology.orchestra.run.smithi022.stdout:/usr/bin/ceph: stderr
2024-09-10T07:59:40.832+0000 7fd4e50b1640 1 --2- >> [v2:172.21.15.22:3300/0,v1:172.21.15.22:6789/0] conn(0x7fd4e0107630 0x7fd4e007db40 unknown :-1 s=HELLO_CONNECTING pgs=0 cs=0 l=1 rev1=1 crypto rx=0 tx=0 comp rx=0 tx=0).handle_hello peer v2:172.21.15.22:3300/0 says I am v2:172.21.15.22:46700/0 (socket says 172.21.15.22:46700)
2024-09-10T07:59:42.482 INFO:teuthology.orchestra.run.smithi022.stdout:/usr/bin/ceph: stderr
2024-09-10T07:59:40.832+0000 7fd4e50b1640 1 -- 172.21.15.22:0/1461735298 learned_addr learned my addr 172.21.15.22:0/1461735298 (peer_addr_for_me v2:172.21.15.22:0/0)
2024-09-10T07:59:42.482 INFO:teuthology.orchestra.run.smithi022.stdout:/usr/bin/ceph: stderr
2024-09-10T07:59:40.832+0000 7fd4e50b1640 1 -- 172.21.15.22:0/1461735298 --> [v2:172.21.15.22:3300/0,v1:172.21.15.22:6789/0] -- mon_subscribe({config=0+,monmap=0+}) -- 0x7fd4e007e080 con 0x7fd4e0107630
2024-09-10T07:59:42.482 INFO:teuthology.orchestra.run.smithi022.stdout:/usr/bin/ceph: stderr
2024-09-10T07:59:40.832+0000 7fd4e50b1640 1 --2- 172.21.15.22:0/1461735298 >> [v2:172.21.15.22:3300/0,v1:172.21.15.22:6789/0] conn(0x7fd4e0107630 0x7fd4e007db40 secure :-1 s=READY pgs=40 cs=0 l=1 rev1=1 crypto rx=0x7fd4dc0097f0 tx=0x7fd4dc030ec0 comp rx=0 tx=0).ready entity=mon.0 client_cookie=0 server_cookie=0 in_seq=0 out_seq=0
2024-09-10T07:59:42.482 INFO:teuthology.orchestra.run.smithi022.stdout:/usr/bin/ceph: stderr
2024-09-10T07:59:40.832+0000 7fd4d67fc640 1 -- 172.21.15.22:0/1461735298 <== mon.0 v2:172.21.15.22:3300/0 1 ==== mon_map magic: 0 ==== 205+0+0 (secure 0 0 0) 0x7fd4dc042070 con 0x7fd4e0107630
2024-09-10T07:59:42.482 INFO:teuthology.orchestra.run.smithi022.stdout:/usr/bin/ceph: stderr
2024-09-10T07:59:40.832+0000 7fd4d67fc640 1 -- 172.21.15.22:0/1461735298 <== mon.0 v2:172.21.15.22:3300/0 2 ==== config(27 keys) ==== 1109+0+0 (secure 0 0 0) 0x7fd4dc032ca0 con 0x7fd4e0107630
2024-09-10T07:59:42.482 INFO:teuthology.orchestra.run.smithi022.stdout:/usr/bin/ceph: stderr
2024-09-10T07:59:40.832+0000 7fd4e7315640 1 -- 172.21.15.22:0/1461735298 --> [v2:172.21.15.22:3300/0,v1:172.21.15.22:6789/0] -- mon_subscribe({mgrmap=0+}) -- 0x7fd4e007c270 con 0x7fd4e0107630
2024-09-10T07:59:42.483 INFO:teuthology.orchestra.run.smithi022.stdout:/usr/bin/ceph: stderr
2024-09-10T07:59:40.832+0000 7fd4d67fc640 1 -- 172.21.15.22:0/1461735298 <== mon.0 v2:172.21.15.22:3300/0 3 ==== mon_map magic: 0 ==== 205+0+0 (secure 0 0 0) 0x7fd4dc037040 con 0x7fd4e0107630
2024-09-10T07:59:42.483 INFO:teuthology.orchestra.run.smithi022.stdout:/usr/bin/ceph: stderr
2024-09-10T07:59:40.832+0000 7fd4e7315640 1 -- 172.21.15.22:0/1461735298 --> [v2:172.21.15.22:3300/0,v1:172.21.15.22:6789/0] -- mon_subscribe({osdmap=0}) -- 0x7fd4e007c7b0 con 0x7fd4e0107630
2024-09-10T07:59:42.483 INFO:teuthology.orchestra.run.smithi022.stdout:/usr/bin/ceph: stderr
2024-09-10T07:59:40.833+0000 7fd4d67fc640 1 -- 172.21.15.22:0/1461735298 <== mon.0 v2:172.21.15.22:3300/0 4 ==== mgrmap(e 8) ==== 46287+0+0 (secure 0 0 0) 0x7fd4dc045070 con 0x7fd4e0107630
2024-09-10T07:59:42.483 INFO:teuthology.orchestra.run.smithi022.stdout:/usr/bin/ceph: stderr
2024-09-10T07:59:40.833+0000 7fd4e7315640 1 -- 172.21.15.22:0/1461735298 --> [v2:172.21.15.22:3300/0,v1:172.21.15.22:6789/0] -- mon_command({"prefix": "get_command_descriptions"} v 0) -- 0x7fd4e0107ab0 con 0x7fd4e0107630
2024-09-10T07:59:42.483 INFO:teuthology.orchestra.run.smithi022.stdout:/usr/bin/ceph: stderr
2024-09-10T07:59:40.834+0000 7fd4d67fc640 1 --2- 172.21.15.22:0/1461735298 >> [v2:172.21.15.22:6800/17773609,v1:172.21.15.22:6801/17773609] conn(0x7fd4cc038fc0 0x7fd4cc03b480 unknown :-1 s=NONE pgs=0 cs=0 l=1 rev1=0 crypto rx=0 tx=0 comp rx=0 tx=0).connect
2024-09-10T07:59:42.483 INFO:teuthology.orchestra.run.smithi022.stdout:/usr/bin/ceph: stderr
2024-09-10T07:59:40.834+0000 7fd4d67fc640 1 -- 172.21.15.22:0/1461735298 <== mon.0 v2:172.21.15.22:3300/0 5 ==== osd_map(2..2 src has 1..2) ==== 940+0+0 (secure 0 0 0) 0x7fd4dc06c010 con 0x7fd4e0107630
2024-09-10T07:59:42.483 INFO:teuthology.orchestra.run.smithi022.stdout:/usr/bin/ceph: stderr
2024-09-10T07:59:40.834+0000 7fd4e48b0640 1 --2- 172.21.15.22:0/1461735298 >> [v2:172.21.15.22:6800/17773609,v1:172.21.15.22:6801/17773609] conn(0x7fd4cc038fc0 0x7fd4cc03b480 unknown :-1 s=BANNER_CONNECTING pgs=0 cs=0 l=1 rev1=0 crypto rx=0 tx=0 comp rx=0 tx=0)._handle_peer_banner_payload supported=3 required=0
2024-09-10T07:59:42.483 INFO:teuthology.orchestra.run.smithi022.stdout:/usr/bin/ceph: stderr
2024-09-10T07:59:40.834+0000 7fd4e48b0640 1 --2- 172.21.15.22:0/1461735298 >> [v2:172.21.15.22:6800/17773609,v1:172.21.15.22:6801/17773609] conn(0x7fd4cc038fc0 0x7fd4cc03b480 secure :-1 s=READY pgs=9 cs=0 l=1 rev1=1 crypto rx=0x7fd4d00098c0 tx=0x7fd4d0006db0 comp rx=0 tx=0).ready entity=mgr.14118 client_cookie=0 server_cookie=0 in_seq=0 out_seq=0
2024-09-10T07:59:42.483 INFO:teuthology.orchestra.run.smithi022.stdout:/usr/bin/ceph: stderr
2024-09-10T07:59:40.838+0000 7fd4d67fc640 1 -- 172.21.15.22:0/1461735298 <== mon.0 v2:172.21.15.22:3300/0 6 ==== mon_command_ack([{"prefix": "get_command_descriptions"}]=0 v0) ==== 72+0+188821 (secure 0 0 0) 0x7fd4dc03ac60 con 0x7fd4e0107630
2024-09-10T07:59:42.483 INFO:teuthology.orchestra.run.smithi022.stdout:/usr/bin/ceph: stderr
2024-09-10T07:59:41.015+0000 7fd4e7315640 1 -- 172.21.15.22:0/1461735298 --> [v2:172.21.15.22:6800/17773609,v1:172.21.15.22:6801/17773609] -- mgr_command(tid 0: {"prefix": "cephadm generate-key", "target": ["mon-mgr", ""]}) -- 0x7fd4e0104060 con 0x7fd4cc038fc0
2024-09-10T07:59:42.483 INFO:teuthology.orchestra.run.smithi022.stdout:/usr/bin/ceph: stderr
2024-09-10T07:59:41.804+0000 7fd4d67fc640 1 -- 172.21.15.22:0/1461735298 <== mgr.14118 v2:172.21.15.22:6800/17773609 1 ==== mgr_command_reply(tid 0: 0 ) ==== 8+0+0 (secure 0 0 0) 0x7fd4e0104060 con 0x7fd4cc038fc0
2024-09-10T07:59:42.483 INFO:teuthology.orchestra.run.smithi022.stdout:/usr/bin/ceph: stderr
2024-09-10T07:59:41.806+0000 7fd4e7315640 1 -- 172.21.15.22:0/1461735298 >> [v2:172.21.15.22:6800/17773609,v1:172.21.15.22:6801/17773609] conn(0x7fd4cc038fc0 msgr2=0x7fd4cc03b480 secure :-1 s=STATE_CONNECTION_ESTABLISHED l=1).mark_down
2024-09-10T07:59:42.483 INFO:teuthology.orchestra.run.smithi022.stdout:/usr/bin/ceph: stderr
2024-09-10T07:59:41.806+0000 7fd4e7315640 1 --2- 172.21.15.22:0/1461735298 >> [v2:172.21.15.22:6800/17773609,v1:172.21.15.22:6801/17773609] conn(0x7fd4cc038fc0 0x7fd4cc03b480 secure :-1 s=READY pgs=9 cs=0 l=1 rev1=1 crypto rx=0x7fd4d00098c0 tx=0x7fd4d0006db0 comp rx=0 tx=0).stop
2024-09-10T07:59:42.483 INFO:teuthology.orchestra.run.smithi022.stdout:/usr/bin/ceph: stderr
2024-09-10T07:59:41.806+0000 7fd4e7315640 1 -- 172.21.15.22:0/1461735298 >> [v2:172.21.15.22:3300/0,v1:172.21.15.22:6789/0] conn(0x7fd4e0107630 msgr2=0x7fd4e007db40 secure :-1 s=STATE_CONNECTION_ESTABLISHED l=1).mark_down
2024-09-10T07:59:42.484 INFO:teuthology.orchestra.run.smithi022.stdout:/usr/bin/ceph: stderr
2024-09-10T07:59:41.806+0000 7fd4e7315640 1 --2- 172.21.15.22:0/1461735298 >> [v2:172.21.15.22:3300/0,v1:172.21.15.22:6789/0] conn(0x7fd4e0107630 0x7fd4e007db40 secure :-1 s=READY pgs=40 cs=0 l=1 rev1=1 crypto rx=0x7fd4dc0097f0 tx=0x7fd4dc030ec0 comp rx=0 tx=0).stop
2024-09-10T07:59:42.484 INFO:teuthology.orchestra.run.smithi022.stdout:/usr/bin/ceph: stderr
2024-09-10T07:59:41.806+0000 7fd4e7315640 1 -- 172.21.15.22:0/1461735298 shutdown_connections
2024-09-10T07:59:42.484 INFO:teuthology.orchestra.run.smithi022.stdout:/usr/bin/ceph: stderr
2024-09-10T07:59:41.806+0000 7fd4e7315640 1 --2- 172.21.15.22:0/1461735298 >> [v2:172.21.15.22:6800/17773609,v1:172.21.15.22:6801/17773609] conn(0x7fd4cc038fc0 0x7fd4cc03b480 unknown :-1 s=CLOSED pgs=9 cs=0 l=1 rev1=1 crypto rx=0 tx=0 comp rx=0 tx=0).stop
2024-09-10T07:59:42.484 INFO:teuthology.orchestra.run.smithi022.stdout:/usr/bin/ceph: stderr
2024-09-10T07:59:41.806+0000 7fd4e7315640 1 --2- 172.21.15.22:0/1461735298 >> [v2:172.21.15.22:3300/0,v1:172.21.15.22:6789/0] conn(0x7fd4e0107630 0x7fd4e007db40 unknown :-1 s=CLOSED pgs=40 cs=0 l=1 rev1=1 crypto rx=0 tx=0 comp rx=0 tx=0).stop
2024-09-10T07:59:42.484 INFO:teuthology.orchestra.run.smithi022.stdout:/usr/bin/ceph: stderr
2024-09-10T07:59:41.806+0000 7fd4e7315640 1 -- 172.21.15.22:0/1461735298 >> 172.21.15.22:0/1461735298 conn(0x7fd4e0102da0 msgr2=0x7fd4e0103950 unknown :-1 s=STATE_NONE l=0).mark_down
2024-09-10T07:59:42.484 INFO:teuthology.orchestra.run.smithi022.stdout:/usr/bin/ceph: stderr
2024-09-10T07:59:41.806+0000 7fd4e7315640 1 -- 172.21.15.22:0/1461735298 shutdown_connections
2024-09-10T07:59:42.484 INFO:teuthology.orchestra.run.smithi022.stdout:/usr/bin/ceph: stderr
2024-09-10T07:59:41.806+0000 7fd4e7315640 1 -- 172.21.15.22:0/1461735298 wait complete.
2024-09-10T07:59:43.653 INFO:journalctl@ceph.mon.a.smithi022.stdout:Sep 10 07:59:43 smithi022 ceph-mon[30854]: from='client.14136 -' entity='client.admin' cmd=[{"prefix": "cephadm get-pub-key", "target": ["mon-mgr", ""]}]: dispatch
2024-09-10T07:59:43.660 INFO:teuthology.orchestra.run.smithi022.stdout:/usr/bin/ceph: stdout ssh-rsa AAAAB3NzaC1yc2EAAAADAQABAAABgQDCcDW4/CUHRk7y9GgXowmlgK8RCCn/vNWPkSqDuvWz0PruIxIwABZaLJlgVKKe/NSIIyKwjk0Ef+fT3F5fPscj7tFsnU1iM4GH57d57xkjMvjDgXFVB8mkhgYE64ZZnRswKYD/qwW8Ig0/bcyr+UknoEQ/ICunX+i6kjQVYOt0UNPRwd68YbwXvusWSr7dq4c59OVXBwKXrY6V5VbmWTpDBHfbAASUOEgELSPnM6RcMhVjM8XNYcO7l8vTz3xVr2L2OTg/+SkgLNcUhfZnMct78LXHFMsahxJ5UZr5H5WgWluAp9smk6f4DtoPeB759fLdJ3VCg0u7hXvXzmrVVtJY7zIRULYP7yXOMRgLydA9tvNqV/uvUrUoIjRYLFowSLek5MqYh++7DCb+3eCbgC/YdEBLrt+pVC1WJd+oUprzLoXYDcYwrS9hUIjBgah0POzei/FPlfDppJ1t7idL3CPGJ4o6VmaiSP35SKCfsZ9+euy/PyBX9FsyGkaJJD+/ydU= ceph-71bf679e-6f4a-11ef-bcea-c7b262605968
2024-09-10T07:59:43.660 INFO:teuthology.orchestra.run.smithi022.stdout:/usr/bin/ceph: stderr
2024-09-10T07:59:42.876+0000 7f6494821640 1 Processor -- start
2024-09-10T07:59:43.660 INFO:teuthology.orchestra.run.smithi022.stdout:/usr/bin/ceph: stderr
2024-09-10T07:59:42.876+0000 7f6494821640 1 -- start start
2024-09-10T07:59:43.661 INFO:teuthology.orchestra.run.smithi022.stdout:/usr/bin/ceph: stderr
2024-09-10T07:59:42.876+0000 7f6494821640 1 --2- >> [v2:172.21.15.22:3300/0,v1:172.21.15.22:6789/0] conn(0x7f6490108110 0x7f649010a500 unknown :-1 s=NONE pgs=0 cs=0 l=0 rev1=0 crypto rx=0 tx=0 comp rx=0 tx=0).connect
2024-09-10T07:59:43.661 INFO:teuthology.orchestra.run.smithi022.stdout:/usr/bin/ceph: stderr
2024-09-10T07:59:42.876+0000 7f6494821640 1 -- --> [v2:172.21.15.22:3300/0,v1:172.21.15.22:6789/0] -- mon_getmap magic: 0 -- 0x7f649007be00 con 0x7f6490108110
2024-09-10T07:59:43.661 INFO:teuthology.orchestra.run.smithi022.stdout:/usr/bin/ceph: stderr
2024-09-10T07:59:42.876+0000 7f648e59c640 1 --2- >> [v2:172.21.15.22:3300/0,v1:172.21.15.22:6789/0] conn(0x7f6490108110 0x7f649010a500 unknown :-1 s=BANNER_CONNECTING pgs=0 cs=0 l=0 rev1=0 crypto rx=0 tx=0 comp rx=0 tx=0)._handle_peer_banner_payload supported=3 required=0
2024-09-10T07:59:43.661 INFO:teuthology.orchestra.run.smithi022.stdout:/usr/bin/ceph: stderr
2024-09-10T07:59:42.876+0000 7f648e59c640 1 --2- >> [v2:172.21.15.22:3300/0,v1:172.21.15.22:6789/0] conn(0x7f6490108110 0x7f649010a500 unknown :-1 s=HELLO_CONNECTING pgs=0 cs=0 l=0 rev1=1 crypto rx=0 tx=0 comp rx=0 tx=0).handle_hello peer v2:172.21.15.22:3300/0 says I am v2:172.21.15.22:46716/0 (socket says 172.21.15.22:46716)
2024-09-10T07:59:43.661 INFO:teuthology.orchestra.run.smithi022.stdout:/usr/bin/ceph: stderr
2024-09-10T07:59:42.876+0000 7f648e59c640 1 -- 172.21.15.22:0/3494185401 learned_addr learned my addr 172.21.15.22:0/3494185401 (peer_addr_for_me v2:172.21.15.22:0/0)
2024-09-10T07:59:43.661 INFO:teuthology.orchestra.run.smithi022.stdout:/usr/bin/ceph: stderr
2024-09-10T07:59:42.877+0000 7f648e59c640 1 -- 172.21.15.22:0/3494185401 --> [v2:172.21.15.22:3300/0,v1:172.21.15.22:6789/0] -- mon_subscribe({config=0+,monmap=0+}) -- 0x7f649010aa40 con 0x7f6490108110
2024-09-10T07:59:43.661 INFO:teuthology.orchestra.run.smithi022.stdout:/usr/bin/ceph: stderr
2024-09-10T07:59:42.877+0000 7f648e59c640 1 --2- 172.21.15.22:0/3494185401 >> [v2:172.21.15.22:3300/0,v1:172.21.15.22:6789/0] conn(0x7f6490108110 0x7f649010a500 secure :-1 s=READY pgs=41 cs=0 l=1 rev1=1 crypto rx=0x7f6480009820 tx=0x7f648002a270 comp rx=0 tx=0).ready entity=mon.0 client_cookie=e75e63682e2ab386 server_cookie=0 in_seq=0 out_seq=0
2024-09-10T07:59:43.661 INFO:teuthology.orchestra.run.smithi022.stdout:/usr/bin/ceph: stderr
2024-09-10T07:59:42.878+0000 7f648d59a640 1 -- 172.21.15.22:0/3494185401 <== mon.0 v2:172.21.15.22:3300/0 1 ==== mon_map magic: 0 ==== 205+0+0 (secure 0 0 0) 0x7f6480037070 con 0x7f6490108110
2024-09-10T07:59:43.661 INFO:teuthology.orchestra.run.smithi022.stdout:/usr/bin/ceph: stderr
2024-09-10T07:59:42.878+0000 7f648d59a640 1 -- 172.21.15.22:0/3494185401 <== mon.0 v2:172.21.15.22:3300/0 2 ==== config(27 keys) ==== 1109+0+0 (secure 0 0 0) 0x7f6480032900 con 0x7f6490108110
2024-09-10T07:59:43.661 INFO:teuthology.orchestra.run.smithi022.stdout:/usr/bin/ceph: stderr
2024-09-10T07:59:42.878+0000 7f648d59a640 1 -- 172.21.15.22:0/3494185401 <== mon.0 v2:172.21.15.22:3300/0 3 ==== mon_map magic: 0 ==== 205+0+0 (secure 0 0 0) 0x7f6480030850 con 0x7f6490108110
2024-09-10T07:59:43.661 INFO:teuthology.orchestra.run.smithi022.stdout:/usr/bin/ceph: stderr
2024-09-10T07:59:42.878+0000 7f6494821640 1 -- 172.21.15.22:0/3494185401 >> [v2:172.21.15.22:3300/0,v1:172.21.15.22:6789/0] conn(0x7f6490108110 msgr2=0x7f649010a500 secure :-1 s=STATE_CONNECTION_ESTABLISHED l=1).mark_down
2024-09-10T07:59:43.661 INFO:teuthology.orchestra.run.smithi022.stdout:/usr/bin/ceph: stderr
2024-09-10T07:59:42.878+0000 7f6494821640 1 --2- 172.21.15.22:0/3494185401 >> [v2:172.21.15.22:3300/0,v1:172.21.15.22:6789/0] conn(0x7f6490108110 0x7f649010a500 secure :-1 s=READY pgs=41 cs=0 l=1 rev1=1 crypto rx=0x7f6480009820 tx=0x7f648002a270 comp rx=0 tx=0).stop
2024-09-10T07:59:43.661 INFO:teuthology.orchestra.run.smithi022.stdout:/usr/bin/ceph: stderr
2024-09-10T07:59:42.878+0000 7f6494821640 1 -- 172.21.15.22:0/3494185401 shutdown_connections
2024-09-10T07:59:43.662 INFO:teuthology.orchestra.run.smithi022.stdout:/usr/bin/ceph: stderr
2024-09-10T07:59:42.878+0000 7f6494821640 1 --2- 172.21.15.22:0/3494185401 >> [v2:172.21.15.22:3300/0,v1:172.21.15.22:6789/0] conn(0x7f6490108110 0x7f649010a500 unknown :-1 s=CLOSED pgs=41 cs=0 l=1 rev1=1 crypto rx=0 tx=0 comp rx=0 tx=0).stop
2024-09-10T07:59:43.662 INFO:teuthology.orchestra.run.smithi022.stdout:/usr/bin/ceph: stderr
2024-09-10T07:59:42.878+0000 7f6494821640 1 -- 172.21.15.22:0/3494185401 >> 172.21.15.22:0/3494185401 conn(0x7f6490101cb0 msgr2=0x7f64901040f0 unknown :-1 s=STATE_NONE l=0).mark_down
2024-09-10T07:59:43.662 INFO:teuthology.orchestra.run.smithi022.stdout:/usr/bin/ceph: stderr
2024-09-10T07:59:42.878+0000 7f6494821640 1 -- 172.21.15.22:0/3494185401 shutdown_connections
2024-09-10T07:59:43.662 INFO:teuthology.orchestra.run.smithi022.stdout:/usr/bin/ceph: stderr
2024-09-10T07:59:42.878+0000 7f6494821640 1 -- 172.21.15.22:0/3494185401 wait complete.
2024-09-10T07:59:43.662 INFO:teuthology.orchestra.run.smithi022.stdout:/usr/bin/ceph: stderr
2024-09-10T07:59:42.879+0000 7f6494821640 1 Processor -- start
2024-09-10T07:59:43.662 INFO:teuthology.orchestra.run.smithi022.stdout:/usr/bin/ceph: stderr
2024-09-10T07:59:42.879+0000 7f6494821640 1 -- start start
2024-09-10T07:59:43.662 INFO:teuthology.orchestra.run.smithi022.stdout:/usr/bin/ceph: stderr
2024-09-10T07:59:42.879+0000 7f6494821640 1 --2- >> [v2:172.21.15.22:3300/0,v1:172.21.15.22:6789/0] conn(0x7f6490108110 0x7f6490107990 unknown :-1 s=NONE pgs=0 cs=0 l=1 rev1=0 crypto rx=0 tx=0 comp rx=0 tx=0).connect
2024-09-10T07:59:43.662 INFO:teuthology.orchestra.run.smithi022.stdout:/usr/bin/ceph: stderr
2024-09-10T07:59:42.879+0000 7f6494821640 1 -- --> [v2:172.21.15.22:3300/0,v1:172.21.15.22:6789/0] -- mon_getmap magic: 0 -- 0x7f649010ba20 con 0x7f6490108110
2024-09-10T07:59:43.662 INFO:teuthology.orchestra.run.smithi022.stdout:/usr/bin/ceph: stderr
2024-09-10T07:59:42.879+0000 7f648e59c640 1 --2- >> [v2:172.21.15.22:3300/0,v1:172.21.15.22:6789/0] conn(0x7f6490108110 0x7f6490107990 unknown :-1 s=BANNER_CONNECTING pgs=0 cs=0 l=1 rev1=0 crypto rx=0 tx=0 comp rx=0 tx=0)._handle_peer_banner_payload supported=3 required=0
2024-09-10T07:59:43.662 INFO:teuthology.orchestra.run.smithi022.stdout:/usr/bin/ceph: stderr
2024-09-10T07:59:42.879+0000 7f648e59c640 1 --2- >> [v2:172.21.15.22:3300/0,v1:172.21.15.22:6789/0] conn(0x7f6490108110 0x7f6490107990 unknown :-1 s=HELLO_CONNECTING pgs=0 cs=0 l=1 rev1=1 crypto rx=0 tx=0 comp rx=0 tx=0).handle_hello peer v2:172.21.15.22:3300/0 says I am v2:172.21.15.22:46726/0 (socket says 172.21.15.22:46726)
2024-09-10T07:59:43.662 INFO:teuthology.orchestra.run.smithi022.stdout:/usr/bin/ceph: stderr
2024-09-10T07:59:42.879+0000 7f648e59c640 1 -- 172.21.15.22:0/788839570 learned_addr learned my addr 172.21.15.22:0/788839570 (peer_addr_for_me v2:172.21.15.22:0/0)
2024-09-10T07:59:43.662 INFO:teuthology.orchestra.run.smithi022.stdout:/usr/bin/ceph: stderr
2024-09-10T07:59:42.880+0000 7f648e59c640 1 -- 172.21.15.22:0/788839570 --> [v2:172.21.15.22:3300/0,v1:172.21.15.22:6789/0] -- mon_subscribe({config=0+,monmap=0+}) -- 0x7f6490107ed0 con 0x7f6490108110
2024-09-10T07:59:43.662 INFO:teuthology.orchestra.run.smithi022.stdout:/usr/bin/ceph: stderr
2024-09-10T07:59:42.880+0000 7f648e59c640 1 --2- 172.21.15.22:0/788839570 >> [v2:172.21.15.22:3300/0,v1:172.21.15.22:6789/0] conn(0x7f6490108110 0x7f6490107990 secure :-1 s=READY pgs=42 cs=0 l=1 rev1=1 crypto rx=0x7f64800097f0 tx=0x7f6480030ec0 comp rx=0 tx=0).ready entity=mon.0 client_cookie=0 server_cookie=0 in_seq=0 out_seq=0
2024-09-10T07:59:43.663 INFO:teuthology.orchestra.run.smithi022.stdout:/usr/bin/ceph: stderr
2024-09-10T07:59:42.880+0000 7f647f7fe640 1 -- 172.21.15.22:0/788839570 <== mon.0 v2:172.21.15.22:3300/0 1 ==== mon_map magic: 0 ==== 205+0+0 (secure 0 0 0) 0x7f6480042070 con 0x7f6490108110
2024-09-10T07:59:43.663 INFO:teuthology.orchestra.run.smithi022.stdout:/usr/bin/ceph: stderr
2024-09-10T07:59:42.880+0000 7f647f7fe640 1 -- 172.21.15.22:0/788839570 <== mon.0 v2:172.21.15.22:3300/0 2 ==== config(27 keys) ==== 1109+0+0 (secure 0 0 0) 0x7f6480032ca0 con 0x7f6490108110
2024-09-10T07:59:43.663 INFO:teuthology.orchestra.run.smithi022.stdout:/usr/bin/ceph: stderr
2024-09-10T07:59:42.880+0000 7f6494821640 1 -- 172.21.15.22:0/788839570 --> [v2:172.21.15.22:3300/0,v1:172.21.15.22:6789/0] -- mon_subscribe({mgrmap=0+}) -- 0x7f64901060c0 con 0x7f6490108110
2024-09-10T07:59:43.663 INFO:teuthology.orchestra.run.smithi022.stdout:/usr/bin/ceph: stderr
2024-09-10T07:59:42.880+0000 7f647f7fe640 1 -- 172.21.15.22:0/788839570 <== mon.0 v2:172.21.15.22:3300/0 3 ==== mon_map magic: 0 ==== 205+0+0 (secure 0 0 0) 0x7f6480037040 con 0x7f6490108110
2024-09-10T07:59:43.663 INFO:teuthology.orchestra.run.smithi022.stdout:/usr/bin/ceph: stderr
2024-09-10T07:59:42.880+0000 7f6494821640 1 -- 172.21.15.22:0/788839570 --> [v2:172.21.15.22:3300/0,v1:172.21.15.22:6789/0] -- mon_subscribe({osdmap=0}) -- 0x7f6490106600 con 0x7f6490108110
2024-09-10T07:59:43.663 INFO:teuthology.orchestra.run.smithi022.stdout:/usr/bin/ceph: stderr
2024-09-10T07:59:42.881+0000 7f647f7fe640 1 -- 172.21.15.22:0/788839570 <== mon.0 v2:172.21.15.22:3300/0 4 ==== mgrmap(e 8) ==== 46287+0+0 (secure 0 0 0) 0x7f6480045070 con 0x7f6490108110
2024-09-10T07:59:43.663 INFO:teuthology.orchestra.run.smithi022.stdout:/usr/bin/ceph: stderr
2024-09-10T07:59:42.881+0000 7f6494821640 1 -- 172.21.15.22:0/788839570 --> [v2:172.21.15.22:3300/0,v1:172.21.15.22:6789/0] -- mon_command({"prefix": "get_command_descriptions"} v 0) -- 0x7f6490108570 con 0x7f6490108110
2024-09-10T07:59:43.663 INFO:teuthology.orchestra.run.smithi022.stdout:/usr/bin/ceph: stderr
2024-09-10T07:59:42.881+0000 7f647f7fe640 1 --2- 172.21.15.22:0/788839570 >> [v2:172.21.15.22:6800/17773609,v1:172.21.15.22:6801/17773609] conn(0x7f6478038f70 0x7f647803b430 unknown :-1 s=NONE pgs=0 cs=0 l=1 rev1=0 crypto rx=0 tx=0 comp rx=0 tx=0).connect
2024-09-10T07:59:43.663 INFO:teuthology.orchestra.run.smithi022.stdout:/usr/bin/ceph: stderr
2024-09-10T07:59:42.881+0000 7f647f7fe640 1 -- 172.21.15.22:0/788839570 <== mon.0 v2:172.21.15.22:3300/0 5 ==== osd_map(2..2 src has 1..2) ==== 940+0+0 (secure 0 0 0) 0x7f648006c1b0 con 0x7f6490108110
2024-09-10T07:59:43.663 INFO:teuthology.orchestra.run.smithi022.stdout:/usr/bin/ceph: stderr
2024-09-10T07:59:42.882+0000 7f648dd9b640 1 --2- 172.21.15.22:0/788839570 >> [v2:172.21.15.22:6800/17773609,v1:172.21.15.22:6801/17773609] conn(0x7f6478038f70 0x7f647803b430 unknown :-1 s=BANNER_CONNECTING pgs=0 cs=0 l=1 rev1=0 crypto rx=0 tx=0 comp rx=0 tx=0)._handle_peer_banner_payload supported=3 required=0
2024-09-10T07:59:43.663 INFO:teuthology.orchestra.run.smithi022.stdout:/usr/bin/ceph: stderr
2024-09-10T07:59:42.882+0000 7f648dd9b640 1 --2- 172.21.15.22:0/788839570 >> [v2:172.21.15.22:6800/17773609,v1:172.21.15.22:6801/17773609] conn(0x7f6478038f70 0x7f647803b430 secure :-1 s=READY pgs=10 cs=0 l=1 rev1=1 crypto rx=0x7f64840098c0 tx=0x7f6484006db0 comp rx=0 tx=0).ready entity=mgr.14118 client_cookie=0 server_cookie=0 in_seq=0 out_seq=0
2024-09-10T07:59:43.663 INFO:teuthology.orchestra.run.smithi022.stdout:/usr/bin/ceph: stderr
2024-09-10T07:59:42.886+0000 7f647f7fe640 1 -- 172.21.15.22:0/788839570 <== mon.0 v2:172.21.15.22:3300/0 6 ==== mon_command_ack([{"prefix": "get_command_descriptions"}]=0 v0) ==== 72+0+188821 (secure 0 0 0) 0x7f6480045520 con 0x7f6490108110
2024-09-10T07:59:43.663 INFO:teuthology.orchestra.run.smithi022.stdout:/usr/bin/ceph: stderr
2024-09-10T07:59:43.063+0000 7f6494821640 1 -- 172.21.15.22:0/788839570 --> [v2:172.21.15.22:6800/17773609,v1:172.21.15.22:6801/17773609] -- mgr_command(tid 0: {"prefix": "cephadm get-pub-key", "target": ["mon-mgr", ""]}) -- 0x7f6490106e40 con 0x7f6478038f70
2024-09-10T07:59:43.664 INFO:teuthology.orchestra.run.smithi022.stdout:/usr/bin/ceph: stderr
2024-09-10T07:59:43.064+0000 7f647f7fe640 1 -- 172.21.15.22:0/788839570 <== mgr.14118 v2:172.21.15.22:6800/17773609 1 ==== mgr_command_reply(tid 0: 0 ) ==== 8+0+595 (secure 0 0 0) 0x7f6490106e40 con 0x7f6478038f70
2024-09-10T07:59:43.664 INFO:teuthology.orchestra.run.smithi022.stdout:/usr/bin/ceph: stderr
2024-09-10T07:59:43.066+0000 7f6494821640 1 -- 172.21.15.22:0/788839570 >> [v2:172.21.15.22:6800/17773609,v1:172.21.15.22:6801/17773609] conn(0x7f6478038f70 msgr2=0x7f647803b430 secure :-1 s=STATE_CONNECTION_ESTABLISHED l=1).mark_down
2024-09-10T07:59:43.664 INFO:teuthology.orchestra.run.smithi022.stdout:/usr/bin/ceph: stderr
2024-09-10T07:59:43.066+0000 7f6494821640 1 --2- 172.21.15.22:0/788839570 >> [v2:172.21.15.22:6800/17773609,v1:172.21.15.22:6801/17773609] conn(0x7f6478038f70 0x7f647803b430 secure :-1 s=READY pgs=10 cs=0 l=1 rev1=1 crypto rx=0x7f64840098c0 tx=0x7f6484006db0 comp rx=0 tx=0).stop
2024-09-10T07:59:43.664 INFO:teuthology.orchestra.run.smithi022.stdout:/usr/bin/ceph: stderr
2024-09-10T07:59:43.066+0000 7f6494821640 1 -- 172.21.15.22:0/788839570 >> [v2:172.21.15.22:3300/0,v1:172.21.15.22:6789/0] conn(0x7f6490108110 msgr2=0x7f6490107990 secure :-1 s=STATE_CONNECTION_ESTABLISHED l=1).mark_down
2024-09-10T07:59:43.664 INFO:teuthology.orchestra.run.smithi022.stdout:/usr/bin/ceph: stderr
2024-09-10T07:59:43.066+0000 7f6494821640 1 --2- 172.21.15.22:0/788839570 >> [v2:172.21.15.22:3300/0,v1:172.21.15.22:6789/0] conn(0x7f6490108110 0x7f6490107990 secure :-1 s=READY pgs=42 cs=0 l=1 rev1=1 crypto rx=0x7f64800097f0 tx=0x7f6480030ec0 comp rx=0 tx=0).stop
2024-09-10T07:59:43.664 INFO:teuthology.orchestra.run.smithi022.stdout:/usr/bin/ceph: stderr
2024-09-10T07:59:43.066+0000 7f6494821640 1 -- 172.21.15.22:0/788839570 shutdown_connections
2024-09-10T07:59:43.664 INFO:teuthology.orchestra.run.smithi022.stdout:/usr/bin/ceph: stderr
2024-09-10T07:59:43.066+0000 7f6494821640 1 --2- 172.21.15.22:0/788839570 >> [v2:172.21.15.22:6800/17773609,v1:172.21.15.22:6801/17773609] conn(0x7f6478038f70 0x7f647803b430 unknown :-1 s=CLOSED pgs=10 cs=0 l=1 rev1=1 crypto rx=0 tx=0 comp rx=0 tx=0).stop
2024-09-10T07:59:43.664 INFO:teuthology.orchestra.run.smithi022.stdout:/usr/bin/ceph: stderr
2024-09-10T07:59:43.066+0000 7f6494821640 1 --2- 172.21.15.22:0/788839570 >> [v2:172.21.15.22:3300/0,v1:172.21.15.22:6789/0] conn(0x7f6490108110 0x7f6490107990 unknown :-1 s=CLOSED pgs=42 cs=0 l=1 rev1=1 crypto rx=0 tx=0 comp rx=0 tx=0).stop
2024-09-10T07:59:43.664 INFO:teuthology.orchestra.run.smithi022.stdout:/usr/bin/ceph: stderr
2024-09-10T07:59:43.066+0000 7f6494821640 1 -- 172.21.15.22:0/788839570 >> 172.21.15.22:0/788839570 conn(0x7f6490101cb0 msgr2=0x7f64901028c0 unknown :-1 s=STATE_NONE l=0).mark_down
2024-09-10T07:59:43.664 INFO:teuthology.orchestra.run.smithi022.stdout:/usr/bin/ceph: stderr
2024-09-10T07:59:43.066+0000 7f6494821640 1 -- 172.21.15.22:0/788839570 shutdown_connections
2024-09-10T07:59:43.664 INFO:teuthology.orchestra.run.smithi022.stdout:/usr/bin/ceph: stderr
2024-09-10T07:59:43.066+0000 7f6494821640 1 -- 172.21.15.22:0/788839570 wait complete.
2024-09-10T07:59:43.664 INFO:teuthology.orchestra.run.smithi022.stdout:Wrote public SSH key to /home/ubuntu/cephtest/ceph.pub
2024-09-10T07:59:43.664 INFO:teuthology.orchestra.run.smithi022.stdout:Adding key to root@localhost authorized_keys...
2024-09-10T07:59:43.668 INFO:teuthology.orchestra.run.smithi022.stdout:Adding host smithi022...
2024-09-10T07:59:44.753 INFO:journalctl@ceph.mon.a.smithi022.stdout:Sep 10 07:59:44 smithi022 ceph-mon[30854]: from='client.14138 -' entity='client.admin' cmd=[{"prefix": "orch host add", "hostname": "smithi022", "addr": "172.21.15.22", "target": ["mon-mgr", ""]}]: dispatch
2024-09-10T07:59:45.883 INFO:journalctl@ceph.mon.a.smithi022.stdout:Sep 10 07:59:45 smithi022 ceph-mon[30854]: Deploying cephadm binary to smithi022
2024-09-10T07:59:48.752 INFO:teuthology.orchestra.run.smithi022.stdout:/usr/bin/ceph: stdout Added host 'smithi022' with addr '172.21.15.22'
2024-09-10T07:59:48.752 INFO:teuthology.orchestra.run.smithi022.stdout:/usr/bin/ceph: stderr
2024-09-10T07:59:44.049+0000 7f98268aa640 1 Processor -- start
2024-09-10T07:59:48.752 INFO:teuthology.orchestra.run.smithi022.stdout:/usr/bin/ceph: stderr
2024-09-10T07:59:44.049+0000 7f98268aa640 1 -- start start
2024-09-10T07:59:48.752 INFO:teuthology.orchestra.run.smithi022.stdout:/usr/bin/ceph: stderr
2024-09-10T07:59:44.049+0000 7f98268aa640 1 --2- >> [v2:172.21.15.22:3300/0,v1:172.21.15.22:6789/0] conn(0x7f9820107620 0x7f9820107a20 unknown :-1 s=NONE pgs=0 cs=0 l=0 rev1=0 crypto rx=0 tx=0 comp rx=0 tx=0).connect
2024-09-10T07:59:48.752 INFO:teuthology.orchestra.run.smithi022.stdout:/usr/bin/ceph: stderr
2024-09-10T07:59:44.049+0000 7f98268aa640 1 -- --> [v2:172.21.15.22:3300/0,v1:172.21.15.22:6789/0] -- mon_getmap magic: 0 -- 0x7f9820107ff0 con 0x7f9820107620
2024-09-10T07:59:48.753 INFO:teuthology.orchestra.run.smithi022.stdout:/usr/bin/ceph: stderr
2024-09-10T07:59:44.049+0000 7f981ffff640 1 --2- >> [v2:172.21.15.22:3300/0,v1:172.21.15.22:6789/0] conn(0x7f9820107620 0x7f9820107a20 unknown :-1 s=BANNER_CONNECTING pgs=0 cs=0 l=0 rev1=0 crypto rx=0 tx=0 comp rx=0 tx=0)._handle_peer_banner_payload supported=3 required=0
2024-09-10T07:59:48.753 INFO:teuthology.orchestra.run.smithi022.stdout:/usr/bin/ceph: stderr
2024-09-10T07:59:44.049+0000 7f981ffff640 1 --2- >> [v2:172.21.15.22:3300/0,v1:172.21.15.22:6789/0] conn(0x7f9820107620 0x7f9820107a20 unknown :-1 s=HELLO_CONNECTING pgs=0 cs=0 l=0 rev1=1 crypto rx=0 tx=0 comp rx=0 tx=0).handle_hello peer v2:172.21.15.22:3300/0 says I am v2:172.21.15.22:48520/0 (socket says 172.21.15.22:48520)
2024-09-10T07:59:48.753 INFO:teuthology.orchestra.run.smithi022.stdout:/usr/bin/ceph: stderr
2024-09-10T07:59:44.049+0000 7f981ffff640 1 -- 172.21.15.22:0/697664336 learned_addr learned my addr 172.21.15.22:0/697664336 (peer_addr_for_me v2:172.21.15.22:0/0)
2024-09-10T07:59:48.753 INFO:teuthology.orchestra.run.smithi022.stdout:/usr/bin/ceph: stderr
2024-09-10T07:59:44.049+0000 7f981ffff640 1 -- 172.21.15.22:0/697664336 --> [v2:172.21.15.22:3300/0,v1:172.21.15.22:6789/0] -- mon_subscribe({config=0+,monmap=0+}) -- 0x7f9820108820 con 0x7f9820107620
2024-09-10T07:59:48.753 INFO:teuthology.orchestra.run.smithi022.stdout:/usr/bin/ceph: stderr
2024-09-10T07:59:44.050+0000 7f981ffff640 1 --2- 172.21.15.22:0/697664336 >> [v2:172.21.15.22:3300/0,v1:172.21.15.22:6789/0] conn(0x7f9820107620 0x7f9820107a20 secure :-1 s=READY pgs=43 cs=0 l=1 rev1=1 crypto rx=0x7f9810009820 tx=0x7f981002a270 comp rx=0 tx=0).ready entity=mon.0 client_cookie=9a8d5f130487639 server_cookie=0 in_seq=0 out_seq=0
2024-09-10T07:59:48.753 INFO:teuthology.orchestra.run.smithi022.stdout:/usr/bin/ceph: stderr
2024-09-10T07:59:44.050+0000 7f981f7fe640 1 -- 172.21.15.22:0/697664336 <== mon.0 v2:172.21.15.22:3300/0 1 ==== mon_map magic: 0 ==== 205+0+0 (secure 0 0 0) 0x7f9810037070 con 0x7f9820107620
2024-09-10T07:59:48.753 INFO:teuthology.orchestra.run.smithi022.stdout:/usr/bin/ceph: stderr
2024-09-10T07:59:44.050+0000 7f981f7fe640 1 -- 172.21.15.22:0/697664336 <== mon.0 v2:172.21.15.22:3300/0 2 ==== config(27 keys) ==== 1109+0+0 (secure 0 0 0) 0x7f9810032900 con 0x7f9820107620
2024-09-10T07:59:48.753 INFO:teuthology.orchestra.run.smithi022.stdout:/usr/bin/ceph: stderr
2024-09-10T07:59:44.050+0000 7f981f7fe640 1 -- 172.21.15.22:0/697664336 <== mon.0 v2:172.21.15.22:3300/0 3 ==== mon_map magic: 0 ==== 205+0+0 (secure 0 0 0) 0x7f9810030850 con 0x7f9820107620
2024-09-10T07:59:48.753 INFO:teuthology.orchestra.run.smithi022.stdout:/usr/bin/ceph: stderr
2024-09-10T07:59:44.051+0000 7f98268aa640 1 -- 172.21.15.22:0/697664336 >> [v2:172.21.15.22:3300/0,v1:172.21.15.22:6789/0] conn(0x7f9820107620 msgr2=0x7f9820107a20 secure :-1 s=STATE_CONNECTION_ESTABLISHED l=1).mark_down
2024-09-10T07:59:48.753 INFO:teuthology.orchestra.run.smithi022.stdout:/usr/bin/ceph: stderr
2024-09-10T07:59:44.051+0000 7f98268aa640 1 --2- 172.21.15.22:0/697664336 >> [v2:172.21.15.22:3300/0,v1:172.21.15.22:6789/0] conn(0x7f9820107620 0x7f9820107a20 secure :-1 s=READY pgs=43 cs=0 l=1 rev1=1 crypto rx=0x7f9810009820 tx=0x7f981002a270 comp rx=0 tx=0).stop
2024-09-10T07:59:48.754 INFO:teuthology.orchestra.run.smithi022.stdout:/usr/bin/ceph: stderr
2024-09-10T07:59:44.051+0000 7f98268aa640 1 -- 172.21.15.22:0/697664336 shutdown_connections
2024-09-10T07:59:48.754 INFO:teuthology.orchestra.run.smithi022.stdout:/usr/bin/ceph: stderr
2024-09-10T07:59:44.051+0000 7f98268aa640 1 --2- 172.21.15.22:0/697664336 >> [v2:172.21.15.22:3300/0,v1:172.21.15.22:6789/0] conn(0x7f9820107620 0x7f9820107a20 unknown :-1 s=CLOSED pgs=43 cs=0 l=1 rev1=1 crypto rx=0 tx=0 comp rx=0 tx=0).stop
2024-09-10T07:59:48.754 INFO:teuthology.orchestra.run.smithi022.stdout:/usr/bin/ceph: stderr
2024-09-10T07:59:44.051+0000 7f98268aa640 1 -- 172.21.15.22:0/697664336 >> 172.21.15.22:0/697664336 conn(0x7f9820102db0 msgr2=0x7f98201051f0 unknown :-1 s=STATE_NONE l=0).mark_down
2024-09-10T07:59:48.754 INFO:teuthology.orchestra.run.smithi022.stdout:/usr/bin/ceph: stderr
2024-09-10T07:59:44.051+0000 7f98268aa640 1 -- 172.21.15.22:0/697664336 shutdown_connections
2024-09-10T07:59:48.754 INFO:teuthology.orchestra.run.smithi022.stdout:/usr/bin/ceph: stderr
2024-09-10T07:59:44.051+0000 7f98268aa640 1 -- 172.21.15.22:0/697664336 wait complete.
2024-09-10T07:59:48.754 INFO:teuthology.orchestra.run.smithi022.stdout:/usr/bin/ceph: stderr
2024-09-10T07:59:44.052+0000 7f98268aa640 1 Processor -- start
2024-09-10T07:59:48.754 INFO:teuthology.orchestra.run.smithi022.stdout:/usr/bin/ceph: stderr
2024-09-10T07:59:44.052+0000 7f98268aa640 1 -- start start
2024-09-10T07:59:48.754 INFO:teuthology.orchestra.run.smithi022.stdout:/usr/bin/ceph: stderr
2024-09-10T07:59:44.052+0000 7f98268aa640 1 --2- >> [v2:172.21.15.22:3300/0,v1:172.21.15.22:6789/0] conn(0x7f9820107620 0x7f982019b650 unknown :-1 s=NONE pgs=0 cs=0 l=1 rev1=0 crypto rx=0 tx=0 comp rx=0 tx=0).connect
2024-09-10T07:59:48.754 INFO:teuthology.orchestra.run.smithi022.stdout:/usr/bin/ceph: stderr
2024-09-10T07:59:44.052+0000 7f98268aa640 1 -- --> [v2:172.21.15.22:3300/0,v1:172.21.15.22:6789/0] -- mon_getmap magic: 0 -- 0x7f982010bbd0 con 0x7f9820107620
2024-09-10T07:59:48.754 INFO:teuthology.orchestra.run.smithi022.stdout:/usr/bin/ceph: stderr
2024-09-10T07:59:44.052+0000 7f981ffff640 1 --2- >> [v2:172.21.15.22:3300/0,v1:172.21.15.22:6789/0] conn(0x7f9820107620 0x7f982019b650 unknown :-1 s=BANNER_CONNECTING pgs=0 cs=0 l=1 rev1=0 crypto rx=0 tx=0 comp rx=0 tx=0)._handle_peer_banner_payload supported=3 required=0
2024-09-10T07:59:48.754 INFO:teuthology.orchestra.run.smithi022.stdout:/usr/bin/ceph: stderr
2024-09-10T07:59:44.052+0000 7f981ffff640 1 --2- >> [v2:172.21.15.22:3300/0,v1:172.21.15.22:6789/0] conn(0x7f9820107620 0x7f982019b650 unknown :-1 s=HELLO_CONNECTING pgs=0 cs=0 l=1 rev1=1 crypto rx=0 tx=0 comp rx=0 tx=0).handle_hello peer v2:172.21.15.22:3300/0 says I am v2:172.21.15.22:48526/0 (socket says 172.21.15.22:48526)
2024-09-10T07:59:48.754 INFO:teuthology.orchestra.run.smithi022.stdout:/usr/bin/ceph: stderr
2024-09-10T07:59:44.052+0000 7f981ffff640 1 -- 172.21.15.22:0/3503960165 learned_addr learned my addr 172.21.15.22:0/3503960165 (peer_addr_for_me v2:172.21.15.22:0/0)
2024-09-10T07:59:48.754 INFO:teuthology.orchestra.run.smithi022.stdout:/usr/bin/ceph: stderr
2024-09-10T07:59:44.052+0000 7f981ffff640 1 -- 172.21.15.22:0/3503960165 --> [v2:172.21.15.22:3300/0,v1:172.21.15.22:6789/0] -- mon_subscribe({config=0+,monmap=0+}) -- 0x7f982019bb90 con 0x7f9820107620
2024-09-10T07:59:48.755 INFO:teuthology.orchestra.run.smithi022.stdout:/usr/bin/ceph: stderr
2024-09-10T07:59:44.052+0000 7f981ffff640 1 --2- 172.21.15.22:0/3503960165 >> [v2:172.21.15.22:3300/0,v1:172.21.15.22:6789/0] conn(0x7f9820107620 0x7f982019b650 secure :-1 s=READY pgs=44 cs=0 l=1 rev1=1 crypto rx=0x7f98100097f0 tx=0x7f9810030ec0 comp rx=0 tx=0).ready entity=mon.0 client_cookie=0 server_cookie=0 in_seq=0 out_seq=0
2024-09-10T07:59:48.755 INFO:teuthology.orchestra.run.smithi022.stdout:/usr/bin/ceph: stderr
2024-09-10T07:59:44.053+0000 7f981dffb640 1 -- 172.21.15.22:0/3503960165 <== mon.0 v2:172.21.15.22:3300/0 1 ==== mon_map magic: 0 ==== 205+0+0 (secure 0 0 0) 0x7f9810042070 con 0x7f9820107620
2024-09-10T07:59:48.755 INFO:teuthology.orchestra.run.smithi022.stdout:/usr/bin/ceph: stderr
2024-09-10T07:59:44.053+0000 7f98268aa640 1 -- 172.21.15.22:0/3503960165 --> [v2:172.21.15.22:3300/0,v1:172.21.15.22:6789/0] -- mon_subscribe({mgrmap=0+}) -- 0x7f982019be20 con 0x7f9820107620
2024-09-10T07:59:48.755 INFO:teuthology.orchestra.run.smithi022.stdout:/usr/bin/ceph: stderr
2024-09-10T07:59:44.053+0000 7f981dffb640 1 -- 172.21.15.22:0/3503960165 <== mon.0 v2:172.21.15.22:3300/0 2 ==== config(27 keys) ==== 1109+0+0 (secure 0 0 0) 0x7f9810032ca0 con 0x7f9820107620
2024-09-10T07:59:48.755 INFO:teuthology.orchestra.run.smithi022.stdout:/usr/bin/ceph: stderr
2024-09-10T07:59:44.053+0000 7f981dffb640 1 -- 172.21.15.22:0/3503960165 <== mon.0 v2:172.21.15.22:3300/0 3 ==== mon_map magic: 0 ==== 205+0+0 (secure 0 0 0) 0x7f9810037040 con 0x7f9820107620
2024-09-10T07:59:48.755 INFO:teuthology.orchestra.run.smithi022.stdout:/usr/bin/ceph: stderr
2024-09-10T07:59:44.053+0000 7f98268aa640 1 -- 172.21.15.22:0/3503960165 --> [v2:172.21.15.22:3300/0,v1:172.21.15.22:6789/0] -- mon_subscribe({osdmap=0}) -- 0x7f982019eb10 con 0x7f9820107620
2024-09-10T07:59:48.756 INFO:teuthology.orchestra.run.smithi022.stdout:/usr/bin/ceph: stderr
2024-09-10T07:59:44.054+0000 7f981dffb640 1 -- 172.21.15.22:0/3503960165 <== mon.0 v2:172.21.15.22:3300/0 4 ==== mgrmap(e 8) ==== 46287+0+0 (secure 0 0 0) 0x7f9810045070 con 0x7f9820107620
2024-09-10T07:59:48.756 INFO:teuthology.orchestra.run.smithi022.stdout:/usr/bin/ceph: stderr
2024-09-10T07:59:44.054+0000 7f981dffb640 1 --2- 172.21.15.22:0/3503960165 >> [v2:172.21.15.22:6800/17773609,v1:172.21.15.22:6801/17773609] conn(0x7f980c038f70 0x7f980c03b430 unknown :-1 s=NONE pgs=0 cs=0 l=1 rev1=0 crypto rx=0 tx=0 comp rx=0 tx=0).connect
2024-09-10T07:59:48.756 INFO:teuthology.orchestra.run.smithi022.stdout:/usr/bin/ceph: stderr
2024-09-10T07:59:44.054+0000 7f981dffb640 1 -- 172.21.15.22:0/3503960165 <== mon.0 v2:172.21.15.22:3300/0 5 ==== osd_map(2..2 src has 1..2) ==== 940+0+0 (secure 0 0 0) 0x7f981006c010 con 0x7f9820107620
2024-09-10T07:59:48.756 INFO:teuthology.orchestra.run.smithi022.stdout:/usr/bin/ceph: stderr
2024-09-10T07:59:44.054+0000 7f98268aa640 1 -- 172.21.15.22:0/3503960165 --> [v2:172.21.15.22:3300/0,v1:172.21.15.22:6789/0] -- mon_command({"prefix": "get_command_descriptions"} v 0) -- 0x7f982010bd50 con 0x7f9820107620
2024-09-10T07:59:48.756 INFO:teuthology.orchestra.run.smithi022.stdout:/usr/bin/ceph: stderr
2024-09-10T07:59:44.054+0000 7f9817fff640 1 --2- 172.21.15.22:0/3503960165 >> [v2:172.21.15.22:6800/17773609,v1:172.21.15.22:6801/17773609] conn(0x7f980c038f70 0x7f980c03b430 unknown :-1 s=BANNER_CONNECTING pgs=0 cs=0 l=1 rev1=0 crypto rx=0 tx=0 comp rx=0 tx=0)._handle_peer_banner_payload supported=3 required=0
2024-09-10T07:59:48.756 INFO:teuthology.orchestra.run.smithi022.stdout:/usr/bin/ceph: stderr
2024-09-10T07:59:44.054+0000 7f9817fff640 1 --2- 172.21.15.22:0/3503960165 >> [v2:172.21.15.22:6800/17773609,v1:172.21.15.22:6801/17773609] conn(0x7f980c038f70 0x7f980c03b430 secure :-1 s=READY pgs=11 cs=0 l=1 rev1=1 crypto rx=0x7f98080098c0 tx=0x7f9808006db0 comp rx=0 tx=0).ready entity=mgr.14118 client_cookie=0 server_cookie=0 in_seq=0 out_seq=0
2024-09-10T07:59:48.756 INFO:teuthology.orchestra.run.smithi022.stdout:/usr/bin/ceph: stderr
