2024-09-10T08:05:42.709 INFO:teuthology.orchestra.run.smithi067.stdout:/usr/bin/ceph: stderr
2024-09-10T08:05:41.429+0000 7f5fd0ff9640 1 -- 172.21.15.67:0/3928139328 <== mon.0 v2:172.21.15.67:3300/0 3 ==== mon_map magic: 0 ==== 205+0+0 (secure 0 0 0) 0x7f5fc4037040 con 0x7f5fd4108010
2024-09-10T08:05:42.709 INFO:teuthology.orchestra.run.smithi067.stdout:/usr/bin/ceph: stderr
2024-09-10T08:05:41.429+0000 7f5fd93e4640 1 -- 172.21.15.67:0/3928139328 --> [v2:172.21.15.67:3300/0,v1:172.21.15.67:6789/0] -- mon_subscribe({osdmap=0}) -- 0x7f5fd419e820 con 0x7f5fd4108010
2024-09-10T08:05:42.709 INFO:teuthology.orchestra.run.smithi067.stdout:/usr/bin/ceph: stderr
2024-09-10T08:05:41.429+0000 7f5fd0ff9640 1 -- 172.21.15.67:0/3928139328 <== mon.0 v2:172.21.15.67:3300/0 4 ==== mgrmap(e 12) ==== 46300+0+0 (secure 0 0 0) 0x7f5fc4045070 con 0x7f5fd4108010
2024-09-10T08:05:42.709 INFO:teuthology.orchestra.run.smithi067.stdout:/usr/bin/ceph: stderr
2024-09-10T08:05:41.430+0000 7f5fd93e4640 1 -- 172.21.15.67:0/3928139328 --> [v2:172.21.15.67:3300/0,v1:172.21.15.67:6789/0] -- mon_command({"prefix": "get_command_descriptions"} v 0) -- 0x7f5fd4108470 con 0x7f5fd4108010
2024-09-10T08:05:42.710 INFO:teuthology.orchestra.run.smithi067.stdout:/usr/bin/ceph: stderr
2024-09-10T08:05:41.430+0000 7f5fd0ff9640 1 --2- 172.21.15.67:0/3928139328 >> [v2:172.21.15.67:6800/4256949759,v1:172.21.15.67:6801/4256949759] conn(0x7f5fc00390e0 0x7f5fc003b5a0 unknown :-1 s=NONE pgs=0 cs=0 l=1 rev1=0 crypto rx=0 tx=0 comp rx=0 tx=0).connect
2024-09-10T08:05:42.710 INFO:teuthology.orchestra.run.smithi067.stdout:/usr/bin/ceph: stderr
2024-09-10T08:05:41.430+0000 7f5fd0ff9640 1 -- 172.21.15.67:0/3928139328 <== mon.0 v2:172.21.15.67:3300/0 5 ==== osd_map(3..3 src has 1..3) ==== 1155+0+0 (secure 0 0 0) 0x7f5fc406c110 con 0x7f5fd4108010
2024-09-10T08:05:42.710 INFO:teuthology.orchestra.run.smithi067.stdout:/usr/bin/ceph: stderr
2024-09-10T08:05:41.430+0000 7f5fca7fc640 1 --2- 172.21.15.67:0/3928139328 >> [v2:172.21.15.67:6800/4256949759,v1:172.21.15.67:6801/4256949759] conn(0x7f5fc00390e0 0x7f5fc003b5a0 unknown :-1 s=BANNER_CONNECTING pgs=0 cs=0 l=1 rev1=0 crypto rx=0 tx=0 comp rx=0 tx=0)._handle_peer_banner_payload supported=3 required=0
2024-09-10T08:05:42.710 INFO:teuthology.orchestra.run.smithi067.stdout:/usr/bin/ceph: stderr
2024-09-10T08:05:41.430+0000 7f5fca7fc640 1 --2- 172.21.15.67:0/3928139328 >> [v2:172.21.15.67:6800/4256949759,v1:172.21.15.67:6801/4256949759] conn(0x7f5fc00390e0 0x7f5fc003b5a0 secure :-1 s=READY pgs=8 cs=0 l=1 rev1=1 crypto rx=0x7f5fbc0098c0 tx=0x7f5fbc006db0 comp rx=0 tx=0).ready entity=mgr.14150 client_cookie=0 server_cookie=0 in_seq=0 out_seq=0
2024-09-10T08:05:42.710 INFO:teuthology.orchestra.run.smithi067.stdout:/usr/bin/ceph: stderr
2024-09-10T08:05:41.434+0000 7f5fd0ff9640 1 -- 172.21.15.67:0/3928139328 <== mon.0 v2:172.21.15.67:3300/0 6 ==== mon_command_ack([{"prefix": "get_command_descriptions"}]=0 v0) ==== 72+0+188821 (secure 0 0 0) 0x7f5fc4045360 con 0x7f5fd4108010
2024-09-10T08:05:42.710 INFO:teuthology.orchestra.run.smithi067.stdout:/usr/bin/ceph: stderr
2024-09-10T08:05:41.626+0000 7f5fd93e4640 1 -- 172.21.15.67:0/3928139328 --> [v2:172.21.15.67:6800/4256949759,v1:172.21.15.67:6801/4256949759] -- mgr_command(tid 0: {"prefix": "dashboard ac-user-create", "username": "admin", "rolename": "administrator", "force_password": true, "pwd_update_required": true, "target": ["mon-mgr", ""]}) -- 0x7f5fd419c010 con 0x7f5fc00390e0
2024-09-10T08:05:42.710 INFO:teuthology.orchestra.run.smithi067.stdout:/usr/bin/ceph: stderr
2024-09-10T08:05:41.876+0000 7f5fd0ff9640 1 -- 172.21.15.67:0/3928139328 <== mgr.14150 v2:172.21.15.67:6800/4256949759 1 ==== mgr_command_reply(tid 0: 0 ) ==== 8+0+252 (secure 0 0 0) 0x7f5fd419c010 con 0x7f5fc00390e0
2024-09-10T08:05:42.710 INFO:teuthology.orchestra.run.smithi067.stdout:/usr/bin/ceph: stderr
2024-09-10T08:05:41.878+0000 7f5fd93e4640 1 -- 172.21.15.67:0/3928139328 >> [v2:172.21.15.67:6800/4256949759,v1:172.21.15.67:6801/4256949759] conn(0x7f5fc00390e0 msgr2=0x7f5fc003b5a0 secure :-1 s=STATE_CONNECTION_ESTABLISHED l=1).mark_down
2024-09-10T08:05:42.710 INFO:teuthology.orchestra.run.smithi067.stdout:/usr/bin/ceph: stderr
2024-09-10T08:05:41.878+0000 7f5fd93e4640 1 --2- 172.21.15.67:0/3928139328 >> [v2:172.21.15.67:6800/4256949759,v1:172.21.15.67:6801/4256949759] conn(0x7f5fc00390e0 0x7f5fc003b5a0 secure :-1 s=READY pgs=8 cs=0 l=1 rev1=1 crypto rx=0x7f5fbc0098c0 tx=0x7f5fbc006db0 comp rx=0 tx=0).stop
2024-09-10T08:05:42.710 INFO:teuthology.orchestra.run.smithi067.stdout:/usr/bin/ceph: stderr
2024-09-10T08:05:41.878+0000 7f5fd93e4640 1 -- 172.21.15.67:0/3928139328 >> [v2:172.21.15.67:3300/0,v1:172.21.15.67:6789/0] conn(0x7f5fd4108010 msgr2=0x7f5fd419b360 secure :-1 s=STATE_CONNECTION_ESTABLISHED l=1).mark_down
2024-09-10T08:05:42.710 INFO:teuthology.orchestra.run.smithi067.stdout:/usr/bin/ceph: stderr
2024-09-10T08:05:41.878+0000 7f5fd93e4640 1 --2- 172.21.15.67:0/3928139328 >> [v2:172.21.15.67:3300/0,v1:172.21.15.67:6789/0] conn(0x7f5fd4108010 0x7f5fd419b360 secure :-1 s=READY pgs=71 cs=0 l=1 rev1=1 crypto rx=0x7f5fc40097f0 tx=0x7f5fc4030c70 comp rx=0 tx=0).stop
2024-09-10T08:05:42.710 INFO:teuthology.orchestra.run.smithi067.stdout:/usr/bin/ceph: stderr
2024-09-10T08:05:41.878+0000 7f5fd93e4640 1 -- 172.21.15.67:0/3928139328 shutdown_connections
2024-09-10T08:05:42.710 INFO:teuthology.orchestra.run.smithi067.stdout:/usr/bin/ceph: stderr
2024-09-10T08:05:41.878+0000 7f5fd93e4640 1 --2- 172.21.15.67:0/3928139328 >> [v2:172.21.15.67:6800/4256949759,v1:172.21.15.67:6801/4256949759] conn(0x7f5fc00390e0 0x7f5fc003b5a0 unknown :-1 s=CLOSED pgs=8 cs=0 l=1 rev1=1 crypto rx=0 tx=0 comp rx=0 tx=0).stop
2024-09-10T08:05:42.710 INFO:teuthology.orchestra.run.smithi067.stdout:/usr/bin/ceph: stderr
2024-09-10T08:05:41.878+0000 7f5fd93e4640 1 --2- 172.21.15.67:0/3928139328 >> [v2:172.21.15.67:3300/0,v1:172.21.15.67:6789/0] conn(0x7f5fd4108010 0x7f5fd419b360 unknown :-1 s=CLOSED pgs=71 cs=0 l=1 rev1=1 crypto rx=0 tx=0 comp rx=0 tx=0).stop
2024-09-10T08:05:42.711 INFO:teuthology.orchestra.run.smithi067.stdout:/usr/bin/ceph: stderr
2024-09-10T08:05:41.878+0000 7f5fd93e4640 1 -- 172.21.15.67:0/3928139328 >> 172.21.15.67:0/3928139328 conn(0x7f5fd4101b30 msgr2=0x7f5fd4102670 unknown :-1 s=STATE_NONE l=0).mark_down
2024-09-10T08:05:42.711 INFO:teuthology.orchestra.run.smithi067.stdout:/usr/bin/ceph: stderr
2024-09-10T08:05:41.878+0000 7f5fd93e4640 1 -- 172.21.15.67:0/3928139328 shutdown_connections
2024-09-10T08:05:42.711 INFO:teuthology.orchestra.run.smithi067.stdout:/usr/bin/ceph: stderr
2024-09-10T08:05:41.878+0000 7f5fd93e4640 1 -- 172.21.15.67:0/3928139328 wait complete.
2024-09-10T08:05:42.711 INFO:teuthology.orchestra.run.smithi067.stdout:Fetching dashboard port number...
2024-09-10T08:05:43.662 INFO:journalctl@ceph.mon.a.smithi067.stdout:Sep 10 08:05:43 smithi067 ceph-mon[31051]: from='client.? 172.21.15.67:0/3730257585' entity='client.admin' cmd=[{"prefix": "config get", "who": "mgr", "key": "mgr/dashboard/ssl_server_port"}]: dispatch
2024-09-10T08:05:44.331 INFO:teuthology.orchestra.run.smithi067.stdout:/usr/bin/ceph: stdout 8443
2024-09-10T08:05:44.331 INFO:teuthology.orchestra.run.smithi067.stdout:/usr/bin/ceph: stderr
2024-09-10T08:05:43.224+0000 7fec0819f640 1 Processor -- start
2024-09-10T08:05:44.331 INFO:teuthology.orchestra.run.smithi067.stdout:/usr/bin/ceph: stderr
2024-09-10T08:05:43.224+0000 7fec0819f640 1 -- start start
2024-09-10T08:05:44.331 INFO:teuthology.orchestra.run.smithi067.stdout:/usr/bin/ceph: stderr
2024-09-10T08:05:43.225+0000 7fec0819f640 1 --2- >> [v2:172.21.15.67:3300/0,v1:172.21.15.67:6789/0] conn(0x7fec00107f30 0x7fec0010a320 unknown :-1 s=NONE pgs=0 cs=0 l=0 rev1=0 crypto rx=0 tx=0 comp rx=0 tx=0).connect
2024-09-10T08:05:44.332 INFO:teuthology.orchestra.run.smithi067.stdout:/usr/bin/ceph: stderr
2024-09-10T08:05:43.225+0000 7fec0819f640 1 -- --> [v2:172.21.15.67:3300/0,v1:172.21.15.67:6789/0] -- mon_getmap magic: 0 -- 0x7fec00075780 con 0x7fec00107f30
2024-09-10T08:05:44.332 INFO:teuthology.orchestra.run.smithi067.stdout:/usr/bin/ceph: stderr
2024-09-10T08:05:43.225+0000 7fec05f3b640 1 --2- >> [v2:172.21.15.67:3300/0,v1:172.21.15.67:6789/0] conn(0x7fec00107f30 0x7fec0010a320 unknown :-1 s=BANNER_CONNECTING pgs=0 cs=0 l=0 rev1=0 crypto rx=0 tx=0 comp rx=0 tx=0)._handle_peer_banner_payload supported=3 required=0
2024-09-10T08:05:44.332 INFO:teuthology.orchestra.run.smithi067.stdout:/usr/bin/ceph: stderr
2024-09-10T08:05:43.225+0000 7fec05f3b640 1 --2- >> [v2:172.21.15.67:3300/0,v1:172.21.15.67:6789/0] conn(0x7fec00107f30 0x7fec0010a320 unknown :-1 s=HELLO_CONNECTING pgs=0 cs=0 l=0 rev1=1 crypto rx=0 tx=0 comp rx=0 tx=0).handle_hello peer v2:172.21.15.67:3300/0 says I am v2:172.21.15.67:52438/0 (socket says 172.21.15.67:52438)
2024-09-10T08:05:44.332 INFO:teuthology.orchestra.run.smithi067.stdout:/usr/bin/ceph: stderr
2024-09-10T08:05:43.225+0000 7fec05f3b640 1 -- 172.21.15.67:0/161335292 learned_addr learned my addr 172.21.15.67:0/161335292 (peer_addr_for_me v2:172.21.15.67:0/0)
2024-09-10T08:05:44.332 INFO:teuthology.orchestra.run.smithi067.stdout:/usr/bin/ceph: stderr
2024-09-10T08:05:43.225+0000 7fec05f3b640 1 -- 172.21.15.67:0/161335292 --> [v2:172.21.15.67:3300/0,v1:172.21.15.67:6789/0] -- mon_subscribe({config=0+,monmap=0+}) -- 0x7fec0010a860 con 0x7fec00107f30
2024-09-10T08:05:44.332 INFO:teuthology.orchestra.run.smithi067.stdout:/usr/bin/ceph: stderr
2024-09-10T08:05:43.226+0000 7fec05f3b640 1 --2- 172.21.15.67:0/161335292 >> [v2:172.21.15.67:3300/0,v1:172.21.15.67:6789/0] conn(0x7fec00107f30 0x7fec0010a320 secure :-1 s=READY pgs=72 cs=0 l=1 rev1=1 crypto rx=0x7febfc009820 tx=0x7febfc02a270 comp rx=0 tx=0).ready entity=mon.0 client_cookie=a36484d0ab07ca8f server_cookie=0 in_seq=0 out_seq=0
2024-09-10T08:05:44.332 INFO:teuthology.orchestra.run.smithi067.stdout:/usr/bin/ceph: stderr
2024-09-10T08:05:43.226+0000 7fec04f39640 1 -- 172.21.15.67:0/161335292 <== mon.0 v2:172.21.15.67:3300/0 1 ==== mon_map magic: 0 ==== 205+0+0 (secure 0 0 0) 0x7febfc037070 con 0x7fec00107f30
2024-09-10T08:05:44.332 INFO:teuthology.orchestra.run.smithi067.stdout:/usr/bin/ceph: stderr
2024-09-10T08:05:43.226+0000 7fec04f39640 1 -- 172.21.15.67:0/161335292 <== mon.0 v2:172.21.15.67:3300/0 2 ==== config(26 keys) ==== 1102+0+0 (secure 0 0 0) 0x7febfc0328f0 con 0x7fec00107f30
2024-09-10T08:05:44.332 INFO:teuthology.orchestra.run.smithi067.stdout:/usr/bin/ceph: stderr
2024-09-10T08:05:43.226+0000 7fec04f39640 1 -- 172.21.15.67:0/161335292 <== mon.0 v2:172.21.15.67:3300/0 3 ==== mon_map magic: 0 ==== 205+0+0 (secure 0 0 0) 0x7febfc030740 con 0x7fec00107f30
2024-09-10T08:05:44.332 INFO:teuthology.orchestra.run.smithi067.stdout:/usr/bin/ceph: stderr
2024-09-10T08:05:43.226+0000 7fec0819f640 1 -- 172.21.15.67:0/161335292 >> [v2:172.21.15.67:3300/0,v1:172.21.15.67:6789/0] conn(0x7fec00107f30 msgr2=0x7fec0010a320 secure :-1 s=STATE_CONNECTION_ESTABLISHED l=1).mark_down
2024-09-10T08:05:44.332 INFO:teuthology.orchestra.run.smithi067.stdout:/usr/bin/ceph: stderr
2024-09-10T08:05:43.226+0000 7fec0819f640 1 --2- 172.21.15.67:0/161335292 >> [v2:172.21.15.67:3300/0,v1:172.21.15.67:6789/0] conn(0x7fec00107f30 0x7fec0010a320 secure :-1 s=READY pgs=72 cs=0 l=1 rev1=1 crypto rx=0x7febfc009820 tx=0x7febfc02a270 comp rx=0 tx=0).stop
2024-09-10T08:05:44.332 INFO:teuthology.orchestra.run.smithi067.stdout:/usr/bin/ceph: stderr
2024-09-10T08:05:43.227+0000 7fec0819f640 1 -- 172.21.15.67:0/161335292 shutdown_connections
2024-09-10T08:05:44.333 INFO:teuthology.orchestra.run.smithi067.stdout:/usr/bin/ceph: stderr
2024-09-10T08:05:43.227+0000 7fec0819f640 1 --2- 172.21.15.67:0/161335292 >> [v2:172.21.15.67:3300/0,v1:172.21.15.67:6789/0] conn(0x7fec00107f30 0x7fec0010a320 unknown :-1 s=CLOSED pgs=72 cs=0 l=1 rev1=1 crypto rx=0 tx=0 comp rx=0 tx=0).stop
2024-09-10T08:05:44.333 INFO:teuthology.orchestra.run.smithi067.stdout:/usr/bin/ceph: stderr
2024-09-10T08:05:43.227+0000 7fec0819f640 1 -- 172.21.15.67:0/161335292 >> 172.21.15.67:0/161335292 conn(0x7fec00101b30 msgr2=0x7fec00103f90 unknown :-1 s=STATE_NONE l=0).mark_down
2024-09-10T08:05:44.333 INFO:teuthology.orchestra.run.smithi067.stdout:/usr/bin/ceph: stderr
2024-09-10T08:05:43.227+0000 7fec0819f640 1 -- 172.21.15.67:0/161335292 shutdown_connections
2024-09-10T08:05:44.333 INFO:teuthology.orchestra.run.smithi067.stdout:/usr/bin/ceph: stderr
2024-09-10T08:05:43.227+0000 7fec0819f640 1 -- 172.21.15.67:0/161335292 wait complete.
2024-09-10T08:05:44.333 INFO:teuthology.orchestra.run.smithi067.stdout:/usr/bin/ceph: stderr
2024-09-10T08:05:43.227+0000 7fec0819f640 1 Processor -- start
2024-09-10T08:05:44.333 INFO:teuthology.orchestra.run.smithi067.stdout:/usr/bin/ceph: stderr
2024-09-10T08:05:43.227+0000 7fec0819f640 1 -- start start
2024-09-10T08:05:44.333 INFO:teuthology.orchestra.run.smithi067.stdout:/usr/bin/ceph: stderr
2024-09-10T08:05:43.227+0000 7fec0819f640 1 --2- >> [v2:172.21.15.67:3300/0,v1:172.21.15.67:6789/0] conn(0x7fec00107f30 0x7fec0019b3c0 unknown :-1 s=NONE pgs=0 cs=0 l=1 rev1=0 crypto rx=0 tx=0 comp rx=0 tx=0).connect
2024-09-10T08:05:44.333 INFO:teuthology.orchestra.run.smithi067.stdout:/usr/bin/ceph: stderr
2024-09-10T08:05:43.227+0000 7fec0819f640 1 -- --> [v2:172.21.15.67:3300/0,v1:172.21.15.67:6789/0] -- mon_getmap magic: 0 -- 0x7fec0010b8e0 con 0x7fec00107f30
2024-09-10T08:05:44.333 INFO:teuthology.orchestra.run.smithi067.stdout:/usr/bin/ceph: stderr
2024-09-10T08:05:43.227+0000 7fec05f3b640 1 --2- >> [v2:172.21.15.67:3300/0,v1:172.21.15.67:6789/0] conn(0x7fec00107f30 0x7fec0019b3c0 unknown :-1 s=BANNER_CONNECTING pgs=0 cs=0 l=1 rev1=0 crypto rx=0 tx=0 comp rx=0 tx=0)._handle_peer_banner_payload supported=3 required=0
2024-09-10T08:05:44.333 INFO:teuthology.orchestra.run.smithi067.stdout:/usr/bin/ceph: stderr
2024-09-10T08:05:43.228+0000 7fec05f3b640 1 --2- >> [v2:172.21.15.67:3300/0,v1:172.21.15.67:6789/0] conn(0x7fec00107f30 0x7fec0019b3c0 unknown :-1 s=HELLO_CONNECTING pgs=0 cs=0 l=1 rev1=1 crypto rx=0 tx=0 comp rx=0 tx=0).handle_hello peer v2:172.21.15.67:3300/0 says I am v2:172.21.15.67:52444/0 (socket says 172.21.15.67:52444)
2024-09-10T08:05:44.333 INFO:teuthology.orchestra.run.smithi067.stdout:/usr/bin/ceph: stderr
2024-09-10T08:05:43.228+0000 7fec05f3b640 1 -- 172.21.15.67:0/3730257585 learned_addr learned my addr 172.21.15.67:0/3730257585 (peer_addr_for_me v2:172.21.15.67:0/0)
2024-09-10T08:05:44.333 INFO:teuthology.orchestra.run.smithi067.stdout:/usr/bin/ceph: stderr
2024-09-10T08:05:43.228+0000 7fec05f3b640 1 -- 172.21.15.67:0/3730257585 --> [v2:172.21.15.67:3300/0,v1:172.21.15.67:6789/0] -- mon_subscribe({config=0+,monmap=0+}) -- 0x7fec0019b900 con 0x7fec00107f30
2024-09-10T08:05:44.334 INFO:teuthology.orchestra.run.smithi067.stdout:/usr/bin/ceph: stderr
2024-09-10T08:05:43.228+0000 7fec05f3b640 1 --2- 172.21.15.67:0/3730257585 >> [v2:172.21.15.67:3300/0,v1:172.21.15.67:6789/0] conn(0x7fec00107f30 0x7fec0019b3c0 secure :-1 s=READY pgs=73 cs=0 l=1 rev1=1 crypto rx=0x7febfc030cc0 tx=0x7febfc030cf0 comp rx=0 tx=0).ready entity=mon.0 client_cookie=0 server_cookie=0 in_seq=0 out_seq=0
2024-09-10T08:05:44.334 INFO:teuthology.orchestra.run.smithi067.stdout:/usr/bin/ceph: stderr
2024-09-10T08:05:43.228+0000 7febf2ffd640 1 -- 172.21.15.67:0/3730257585 <== mon.0 v2:172.21.15.67:3300/0 1 ==== mon_map magic: 0 ==== 205+0+0 (secure 0 0 0) 0x7febfc042070 con 0x7fec00107f30
2024-09-10T08:05:44.334 INFO:teuthology.orchestra.run.smithi067.stdout:/usr/bin/ceph: stderr
2024-09-10T08:05:43.228+0000 7fec0819f640 1 -- 172.21.15.67:0/3730257585 --> [v2:172.21.15.67:3300/0,v1:172.21.15.67:6789/0] -- mon_subscribe({mgrmap=0+}) -- 0x7fec0019bb90 con 0x7fec00107f30
2024-09-10T08:05:44.334 INFO:teuthology.orchestra.run.smithi067.stdout:/usr/bin/ceph: stderr
2024-09-10T08:05:43.228+0000 7febf2ffd640 1 -- 172.21.15.67:0/3730257585 <== mon.0 v2:172.21.15.67:3300/0 2 ==== config(26 keys) ==== 1102+0+0 (secure 0 0 0) 0x7febfc030e60 con 0x7fec00107f30
2024-09-10T08:05:44.334 INFO:teuthology.orchestra.run.smithi067.stdout:/usr/bin/ceph: stderr
2024-09-10T08:05:43.228+0000 7febf2ffd640 1 -- 172.21.15.67:0/3730257585 <== mon.0 v2:172.21.15.67:3300/0 3 ==== mon_map magic: 0 ==== 205+0+0 (secure 0 0 0) 0x7febfc037040 con 0x7fec00107f30
2024-09-10T08:05:44.334 INFO:teuthology.orchestra.run.smithi067.stdout:/usr/bin/ceph: stderr
2024-09-10T08:05:43.228+0000 7fec0819f640 1 -- 172.21.15.67:0/3730257585 --> [v2:172.21.15.67:3300/0,v1:172.21.15.67:6789/0] -- mon_subscribe({osdmap=0}) -- 0x7fec0019e880 con 0x7fec00107f30
2024-09-10T08:05:44.334 INFO:teuthology.orchestra.run.smithi067.stdout:/usr/bin/ceph: stderr
2024-09-10T08:05:43.229+0000 7febf2ffd640 1 -- 172.21.15.67:0/3730257585 <== mon.0 v2:172.21.15.67:3300/0 4 ==== mgrmap(e 12) ==== 46300+0+0 (secure 0 0 0) 0x7febfc045070 con 0x7fec00107f30
2024-09-10T08:05:44.334 INFO:teuthology.orchestra.run.smithi067.stdout:/usr/bin/ceph: stderr
2024-09-10T08:05:43.229+0000 7febf2ffd640 1 --2- 172.21.15.67:0/3730257585 >> [v2:172.21.15.67:6800/4256949759,v1:172.21.15.67:6801/4256949759] conn(0x7febec0390e0 0x7febec03b5a0 unknown :-1 s=NONE pgs=0 cs=0 l=1 rev1=0 crypto rx=0 tx=0 comp rx=0 tx=0).connect
2024-09-10T08:05:44.334 INFO:teuthology.orchestra.run.smithi067.stdout:/usr/bin/ceph: stderr
2024-09-10T08:05:43.229+0000 7febf2ffd640 1 -- 172.21.15.67:0/3730257585 <== mon.0 v2:172.21.15.67:3300/0 5 ==== osd_map(3..3 src has 1..3) ==== 1155+0+0 (secure 0 0 0) 0x7febfc06c150 con 0x7fec00107f30
2024-09-10T08:05:44.334 INFO:teuthology.orchestra.run.smithi067.stdout:/usr/bin/ceph: stderr
2024-09-10T08:05:43.230+0000 7fec0819f640 1 -- 172.21.15.67:0/3730257585 --> [v2:172.21.15.67:3300/0,v1:172.21.15.67:6789/0] -- mon_command({"prefix": "get_command_descriptions"} v 0) -- 0x7fec00108390 con 0x7fec00107f30
2024-09-10T08:05:44.334 INFO:teuthology.orchestra.run.smithi067.stdout:/usr/bin/ceph: stderr
2024-09-10T08:05:43.230+0000 7fec0573a640 1 --2- 172.21.15.67:0/3730257585 >> [v2:172.21.15.67:6800/4256949759,v1:172.21.15.67:6801/4256949759] conn(0x7febec0390e0 0x7febec03b5a0 unknown :-1 s=BANNER_CONNECTING pgs=0 cs=0 l=1 rev1=0 crypto rx=0 tx=0 comp rx=0 tx=0)._handle_peer_banner_payload supported=3 required=0
2024-09-10T08:05:44.334 INFO:teuthology.orchestra.run.smithi067.stdout:/usr/bin/ceph: stderr
2024-09-10T08:05:43.230+0000 7fec0573a640 1 --2- 172.21.15.67:0/3730257585 >> [v2:172.21.15.67:6800/4256949759,v1:172.21.15.67:6801/4256949759] conn(0x7febec0390e0 0x7febec03b5a0 secure :-1 s=READY pgs=9 cs=0 l=1 rev1=1 crypto rx=0x7febf40098c0 tx=0x7febf4006db0 comp rx=0 tx=0).ready entity=mgr.14150 client_cookie=0 server_cookie=0 in_seq=0 out_seq=0
2024-09-10T08:05:44.334 INFO:teuthology.orchestra.run.smithi067.stdout:/usr/bin/ceph: stderr
2024-09-10T08:05:43.234+0000 7febf2ffd640 1 -- 172.21.15.67:0/3730257585 <== mon.0 v2:172.21.15.67:3300/0 6 ==== mon_command_ack([{"prefix": "get_command_descriptions"}]=0 v0) ==== 72+0+188821 (secure 0 0 0) 0x7febfc04b170 con 0x7fec00107f30
2024-09-10T08:05:44.335 INFO:teuthology.orchestra.run.smithi067.stdout:/usr/bin/ceph: stderr
2024-09-10T08:05:43.411+0000 7fec0819f640 1 -- 172.21.15.67:0/3730257585 --> [v2:172.21.15.67:3300/0,v1:172.21.15.67:6789/0] -- mon_command({"prefix": "config get", "who": "mgr", "key": "mgr/dashboard/ssl_server_port"} v 0) -- 0x7fec0019ed40 con 0x7fec00107f30
2024-09-10T08:05:44.335 INFO:teuthology.orchestra.run.smithi067.stdout:/usr/bin/ceph: stderr
2024-09-10T08:05:43.412+0000 7febf2ffd640 1 -- 172.21.15.67:0/3730257585 <== mon.0 v2:172.21.15.67:3300/0 7 ==== mon_command_ack([{"prefix": "config get", "who": "mgr", "key": "mgr/dashboard/ssl_server_port"}]=0 v8) ==== 112+0+5 (secure 0 0 0) 0x7febfc02fd90 con 0x7fec00107f30
2024-09-10T08:05:44.335 INFO:teuthology.orchestra.run.smithi067.stdout:/usr/bin/ceph: stderr
2024-09-10T08:05:43.414+0000 7fec0819f640 1 -- 172.21.15.67:0/3730257585 >> [v2:172.21.15.67:6800/4256949759,v1:172.21.15.67:6801/4256949759] conn(0x7febec0390e0 msgr2=0x7febec03b5a0 secure :-1 s=STATE_CONNECTION_ESTABLISHED l=1).mark_down
2024-09-10T08:05:44.335 INFO:teuthology.orchestra.run.smithi067.stdout:/usr/bin/ceph: stderr
2024-09-10T08:05:43.414+0000 7fec0819f640 1 --2- 172.21.15.67:0/3730257585 >> [v2:172.21.15.67:6800/4256949759,v1:172.21.15.67:6801/4256949759] conn(0x7febec0390e0 0x7febec03b5a0 secure :-1 s=READY pgs=9 cs=0 l=1 rev1=1 crypto rx=0x7febf40098c0 tx=0x7febf4006db0 comp rx=0 tx=0).stop
2024-09-10T08:05:44.335 INFO:teuthology.orchestra.run.smithi067.stdout:/usr/bin/ceph: stderr
2024-09-10T08:05:43.414+0000 7fec0819f640 1 -- 172.21.15.67:0/3730257585 >> [v2:172.21.15.67:3300/0,v1:172.21.15.67:6789/0] conn(0x7fec00107f30 msgr2=0x7fec0019b3c0 secure :-1 s=STATE_CONNECTION_ESTABLISHED l=1).mark_down
2024-09-10T08:05:44.335 INFO:teuthology.orchestra.run.smithi067.stdout:/usr/bin/ceph: stderr
2024-09-10T08:05:43.414+0000 7fec0819f640 1 --2- 172.21.15.67:0/3730257585 >> [v2:172.21.15.67:3300/0,v1:172.21.15.67:6789/0] conn(0x7fec00107f30 0x7fec0019b3c0 secure :-1 s=READY pgs=73 cs=0 l=1 rev1=1 crypto rx=0x7febfc030cc0 tx=0x7febfc030cf0 comp rx=0 tx=0).stop
2024-09-10T08:05:44.335 INFO:teuthology.orchestra.run.smithi067.stdout:/usr/bin/ceph: stderr
2024-09-10T08:05:43.414+0000 7fec0819f640 1 -- 172.21.15.67:0/3730257585 shutdown_connections
2024-09-10T08:05:44.335 INFO:teuthology.orchestra.run.smithi067.stdout:/usr/bin/ceph: stderr
2024-09-10T08:05:43.414+0000 7fec0819f640 1 --2- 172.21.15.67:0/3730257585 >> [v2:172.21.15.67:6800/4256949759,v1:172.21.15.67:6801/4256949759] conn(0x7febec0390e0 0x7febec03b5a0 unknown :-1 s=CLOSED pgs=9 cs=0 l=1 rev1=1 crypto rx=0 tx=0 comp rx=0 tx=0).stop
2024-09-10T08:05:44.335 INFO:teuthology.orchestra.run.smithi067.stdout:/usr/bin/ceph: stderr
2024-09-10T08:05:43.414+0000 7fec0819f640 1 --2- 172.21.15.67:0/3730257585 >> [v2:172.21.15.67:3300/0,v1:172.21.15.67:6789/0] conn(0x7fec00107f30 0x7fec0019b3c0 unknown :-1 s=CLOSED pgs=73 cs=0 l=1 rev1=1 crypto rx=0 tx=0 comp rx=0 tx=0).stop
2024-09-10T08:05:44.335 INFO:teuthology.orchestra.run.smithi067.stdout:/usr/bin/ceph: stderr
2024-09-10T08:05:43.414+0000 7fec0819f640 1 -- 172.21.15.67:0/3730257585 >> 172.21.15.67:0/3730257585 conn(0x7fec00101b30 msgr2=0x7fec00102640 unknown :-1 s=STATE_NONE l=0).mark_down
2024-09-10T08:05:44.335 INFO:teuthology.orchestra.run.smithi067.stdout:/usr/bin/ceph: stderr
2024-09-10T08:05:43.414+0000 7fec0819f640 1 -- 172.21.15.67:0/3730257585 shutdown_connections
2024-09-10T08:05:44.335 INFO:teuthology.orchestra.run.smithi067.stdout:/usr/bin/ceph: stderr
2024-09-10T08:05:43.414+0000 7fec0819f640 1 -- 172.21.15.67:0/3730257585 wait complete.
2024-09-10T08:05:44.338 INFO:teuthology.orchestra.run.smithi067.stdout:Non-zero exit code 1 from systemctl is-enabled firewalld.service
2024-09-10T08:05:44.338 INFO:teuthology.orchestra.run.smithi067.stdout:systemctl: stdout disabled
2024-09-10T08:05:44.346 INFO:teuthology.orchestra.run.smithi067.stdout:Non-zero exit code 3 from systemctl is-active firewalld.service
2024-09-10T08:05:44.346 INFO:teuthology.orchestra.run.smithi067.stdout:systemctl: stdout inactive
2024-09-10T08:05:44.347 INFO:teuthology.orchestra.run.smithi067.stdout:firewalld.service is not enabled
2024-09-10T08:05:44.347 INFO:teuthology.orchestra.run.smithi067.stdout:Not possible to open ports <[8443]>. firewalld.service is not available
2024-09-10T08:05:44.349 INFO:teuthology.orchestra.run.smithi067.stdout:Ceph Dashboard is now available at:
2024-09-10T08:05:44.349 INFO:teuthology.orchestra.run.smithi067.stdout:
2024-09-10T08:05:44.349 INFO:teuthology.orchestra.run.smithi067.stdout: URL: https://smithi067.front.sepia.ceph.com:8443/
2024-09-10T08:05:44.349 INFO:teuthology.orchestra.run.smithi067.stdout: User: admin
2024-09-10T08:05:44.349 INFO:teuthology.orchestra.run.smithi067.stdout: Password: fklmiqmiog
2024-09-10T08:05:44.350 INFO:teuthology.orchestra.run.smithi067.stdout:
2024-09-10T08:05:44.350 INFO:teuthology.orchestra.run.smithi067.stdout:Saving cluster configuration to /var/lib/ceph/315284b0-6f4b-11ef-bcea-c7b262605968/config directory
2024-09-10T08:05:45.589 INFO:journalctl@ceph.mon.a.smithi067.stdout:Sep 10 08:05:45 smithi067 ceph-mon[31051]: mgrmap e13: x(active, since 6s)
2024-09-10T08:05:45.589 INFO:journalctl@ceph.mon.a.smithi067.stdout:Sep 10 08:05:45 smithi067 ceph-mon[31051]: from='client.? 172.21.15.67:0/3792232089' entity='client.admin'
2024-09-10T08:05:45.591 INFO:teuthology.orchestra.run.smithi067.stdout:/usr/bin/ceph: stderr
2024-09-10T08:05:44.760+0000 7f0025370640 1 Processor -- start
2024-09-10T08:05:45.597 INFO:teuthology.orchestra.run.smithi067.stdout:/usr/bin/ceph: stderr
2024-09-10T08:05:44.760+0000 7f0025370640 1 -- start start
2024-09-10T08:05:45.597 INFO:teuthology.orchestra.run.smithi067.stdout:/usr/bin/ceph: stderr
2024-09-10T08:05:44.760+0000 7f0025370640 1 --2- >> [v2:172.21.15.67:3300/0,v1:172.21.15.67:6789/0] conn(0x7f0020108010 0x7f002010a400 unknown :-1 s=NONE pgs=0 cs=0 l=0 rev1=0 crypto rx=0 tx=0 comp rx=0 tx=0).connect
2024-09-10T08:05:45.597 INFO:teuthology.orchestra.run.smithi067.stdout:/usr/bin/ceph: stderr
2024-09-10T08:05:44.760+0000 7f0025370640 1 -- --> [v2:172.21.15.67:3300/0,v1:172.21.15.67:6789/0] -- mon_getmap magic: 0 -- 0x7f002007be50 con 0x7f0020108010
2024-09-10T08:05:45.597 INFO:teuthology.orchestra.run.smithi067.stdout:/usr/bin/ceph: stderr
2024-09-10T08:05:44.760+0000 7f001effd640 1 --2- >> [v2:172.21.15.67:3300/0,v1:172.21.15.67:6789/0] conn(0x7f0020108010 0x7f002010a400 unknown :-1 s=BANNER_CONNECTING pgs=0 cs=0 l=0 rev1=0 crypto rx=0 tx=0 comp rx=0 tx=0)._handle_peer_banner_payload supported=3 required=0
2024-09-10T08:05:45.597 INFO:teuthology.orchestra.run.smithi067.stdout:/usr/bin/ceph: stderr
2024-09-10T08:05:44.760+0000 7f001effd640 1 --2- >> [v2:172.21.15.67:3300/0,v1:172.21.15.67:6789/0] conn(0x7f0020108010 0x7f002010a400 unknown :-1 s=HELLO_CONNECTING pgs=0 cs=0 l=0 rev1=1 crypto rx=0 tx=0 comp rx=0 tx=0).handle_hello peer v2:172.21.15.67:3300/0 says I am v2:172.21.15.67:52458/0 (socket says 172.21.15.67:52458)
2024-09-10T08:05:45.597 INFO:teuthology.orchestra.run.smithi067.stdout:/usr/bin/ceph: stderr
2024-09-10T08:05:44.760+0000 7f001effd640 1 -- 172.21.15.67:0/1768021877 learned_addr learned my addr 172.21.15.67:0/1768021877 (peer_addr_for_me v2:172.21.15.67:0/0)
2024-09-10T08:05:45.597 INFO:teuthology.orchestra.run.smithi067.stdout:/usr/bin/ceph: stderr
2024-09-10T08:05:44.761+0000 7f001effd640 1 -- 172.21.15.67:0/1768021877 --> [v2:172.21.15.67:3300/0,v1:172.21.15.67:6789/0] -- mon_subscribe({config=0+,monmap=0+}) -- 0x7f002010a940 con 0x7f0020108010
2024-09-10T08:05:45.597 INFO:teuthology.orchestra.run.smithi067.stdout:/usr/bin/ceph: stderr
2024-09-10T08:05:44.761+0000 7f001effd640 1 --2- 172.21.15.67:0/1768021877 >> [v2:172.21.15.67:3300/0,v1:172.21.15.67:6789/0] conn(0x7f0020108010 0x7f002010a400 secure :-1 s=READY pgs=74 cs=0 l=1 rev1=1 crypto rx=0x7f0010009820 tx=0x7f001002a270 comp rx=0 tx=0).ready entity=mon.0 client_cookie=95c0f787887448d2 server_cookie=0 in_seq=0 out_seq=0
2024-09-10T08:05:45.597 INFO:teuthology.orchestra.run.smithi067.stdout:/usr/bin/ceph: stderr
2024-09-10T08:05:44.762+0000 7f001dffb640 1 -- 172.21.15.67:0/1768021877 <== mon.0 v2:172.21.15.67:3300/0 1 ==== mon_map magic: 0 ==== 205+0+0 (secure 0 0 0) 0x7f0010037070 con 0x7f0020108010
2024-09-10T08:05:45.597 INFO:teuthology.orchestra.run.smithi067.stdout:/usr/bin/ceph: stderr
2024-09-10T08:05:44.762+0000 7f001dffb640 1 -- 172.21.15.67:0/1768021877 <== mon.0 v2:172.21.15.67:3300/0 2 ==== config(26 keys) ==== 1102+0+0 (secure 0 0 0) 0x7f00100328f0 con 0x7f0020108010
2024-09-10T08:05:45.598 INFO:teuthology.orchestra.run.smithi067.stdout:/usr/bin/ceph: stderr
2024-09-10T08:05:44.762+0000 7f001dffb640 1 -- 172.21.15.67:0/1768021877 <== mon.0 v2:172.21.15.67:3300/0 3 ==== mon_map magic: 0 ==== 205+0+0 (secure 0 0 0) 0x7f0010030740 con 0x7f0020108010
2024-09-10T08:05:45.598 INFO:teuthology.orchestra.run.smithi067.stdout:/usr/bin/ceph: stderr
2024-09-10T08:05:44.762+0000 7f0025370640 1 -- 172.21.15.67:0/1768021877 >> [v2:172.21.15.67:3300/0,v1:172.21.15.67:6789/0] conn(0x7f0020108010 msgr2=0x7f002010a400 secure :-1 s=STATE_CONNECTION_ESTABLISHED l=1).mark_down
2024-09-10T08:05:45.598 INFO:teuthology.orchestra.run.smithi067.stdout:/usr/bin/ceph: stderr
2024-09-10T08:05:44.762+0000 7f0025370640 1 --2- 172.21.15.67:0/1768021877 >> [v2:172.21.15.67:3300/0,v1:172.21.15.67:6789/0] conn(0x7f0020108010 0x7f002010a400 secure :-1 s=READY pgs=74 cs=0 l=1 rev1=1 crypto rx=0x7f0010009820 tx=0x7f001002a270 comp rx=0 tx=0).stop
2024-09-10T08:05:45.598 INFO:teuthology.orchestra.run.smithi067.stdout:/usr/bin/ceph: stderr
2024-09-10T08:05:44.762+0000 7f0025370640 1 -- 172.21.15.67:0/1768021877 shutdown_connections
2024-09-10T08:05:45.598 INFO:teuthology.orchestra.run.smithi067.stdout:/usr/bin/ceph: stderr
2024-09-10T08:05:44.762+0000 7f0025370640 1 --2- 172.21.15.67:0/1768021877 >> [v2:172.21.15.67:3300/0,v1:172.21.15.67:6789/0] conn(0x7f0020108010 0x7f002010a400 unknown :-1 s=CLOSED pgs=74 cs=0 l=1 rev1=1 crypto rx=0 tx=0 comp rx=0 tx=0).stop
2024-09-10T08:05:45.598 INFO:teuthology.orchestra.run.smithi067.stdout:/usr/bin/ceph: stderr
2024-09-10T08:05:44.762+0000 7f0025370640 1 -- 172.21.15.67:0/1768021877 >> 172.21.15.67:0/1768021877 conn(0x7f0020101c90 msgr2=0x7f00201040b0 unknown :-1 s=STATE_NONE l=0).mark_down
2024-09-10T08:05:45.598 INFO:teuthology.orchestra.run.smithi067.stdout:/usr/bin/ceph: stderr
2024-09-10T08:05:44.762+0000 7f0025370640 1 -- 172.21.15.67:0/1768021877 shutdown_connections
2024-09-10T08:05:45.598 INFO:teuthology.orchestra.run.smithi067.stdout:/usr/bin/ceph: stderr
2024-09-10T08:05:44.762+0000 7f0025370640 1 -- 172.21.15.67:0/1768021877 wait complete.
2024-09-10T08:05:45.598 INFO:teuthology.orchestra.run.smithi067.stdout:/usr/bin/ceph: stderr
2024-09-10T08:05:44.763+0000 7f0025370640 1 Processor -- start
2024-09-10T08:05:45.598 INFO:teuthology.orchestra.run.smithi067.stdout:/usr/bin/ceph: stderr
2024-09-10T08:05:44.763+0000 7f0025370640 1 -- start start
2024-09-10T08:05:45.598 INFO:teuthology.orchestra.run.smithi067.stdout:/usr/bin/ceph: stderr
2024-09-10T08:05:44.763+0000 7f0025370640 1 --2- >> [v2:172.21.15.67:3300/0,v1:172.21.15.67:6789/0] conn(0x7f0020108010 0x7f002019d640 unknown :-1 s=NONE pgs=0 cs=0 l=1 rev1=0 crypto rx=0 tx=0 comp rx=0 tx=0).connect
2024-09-10T08:05:45.598 INFO:teuthology.orchestra.run.smithi067.stdout:/usr/bin/ceph: stderr
2024-09-10T08:05:44.763+0000 7f0025370640 1 -- --> [v2:172.21.15.67:3300/0,v1:172.21.15.67:6789/0] -- mon_getmap magic: 0 -- 0x7f002010b9c0 con 0x7f0020108010
2024-09-10T08:05:45.598 INFO:teuthology.orchestra.run.smithi067.stdout:/usr/bin/ceph: stderr
2024-09-10T08:05:44.763+0000 7f001effd640 1 --2- >> [v2:172.21.15.67:3300/0,v1:172.21.15.67:6789/0] conn(0x7f0020108010 0x7f002019d640 unknown :-1 s=BANNER_CONNECTING pgs=0 cs=0 l=1 rev1=0 crypto rx=0 tx=0 comp rx=0 tx=0)._handle_peer_banner_payload supported=3 required=0
2024-09-10T08:05:45.599 INFO:teuthology.orchestra.run.smithi067.stdout:/usr/bin/ceph: stderr
2024-09-10T08:05:44.763+0000 7f001effd640 1 --2- >> [v2:172.21.15.67:3300/0,v1:172.21.15.67:6789/0] conn(0x7f0020108010 0x7f002019d640 unknown :-1 s=HELLO_CONNECTING pgs=0 cs=0 l=1 rev1=1 crypto rx=0 tx=0 comp rx=0 tx=0).handle_hello peer v2:172.21.15.67:3300/0 says I am v2:172.21.15.67:52464/0 (socket says 172.21.15.67:52464)
2024-09-10T08:05:45.599 INFO:teuthology.orchestra.run.smithi067.stdout:/usr/bin/ceph: stderr
2024-09-10T08:05:44.763+0000 7f001effd640 1 -- 172.21.15.67:0/3792232089 learned_addr learned my addr 172.21.15.67:0/3792232089 (peer_addr_for_me v2:172.21.15.67:0/0)
2024-09-10T08:05:45.599 INFO:teuthology.orchestra.run.smithi067.stdout:/usr/bin/ceph: stderr
2024-09-10T08:05:44.764+0000 7f001effd640 1 -- 172.21.15.67:0/3792232089 --> [v2:172.21.15.67:3300/0,v1:172.21.15.67:6789/0] -- mon_subscribe({config=0+,monmap=0+}) -- 0x7f002019db80 con 0x7f0020108010
2024-09-10T08:05:45.599 INFO:teuthology.orchestra.run.smithi067.stdout:/usr/bin/ceph: stderr
2024-09-10T08:05:44.764+0000 7f001effd640 1 --2- 172.21.15.67:0/3792232089 >> [v2:172.21.15.67:3300/0,v1:172.21.15.67:6789/0] conn(0x7f0020108010 0x7f002019d640 secure :-1 s=READY pgs=75 cs=0 l=1 rev1=1 crypto rx=0x7f00100097f0 tx=0x7f0010030c70 comp rx=0 tx=0).ready entity=mon.0 client_cookie=0 server_cookie=0 in_seq=0 out_seq=0
2024-09-10T08:05:45.599 INFO:teuthology.orchestra.run.smithi067.stdout:/usr/bin/ceph: stderr
2024-09-10T08:05:44.764+0000 7f0007fff640 1 -- 172.21.15.67:0/3792232089 <== mon.0 v2:172.21.15.67:3300/0 1 ==== mon_map magic: 0 ==== 205+0+0 (secure 0 0 0) 0x7f0010042070 con 0x7f0020108010
2024-09-10T08:05:45.599 INFO:teuthology.orchestra.run.smithi067.stdout:/usr/bin/ceph: stderr
2024-09-10T08:05:44.764+0000 7f0007fff640 1 -- 172.21.15.67:0/3792232089 <== mon.0 v2:172.21.15.67:3300/0 2 ==== config(26 keys) ==== 1102+0+0 (secure 0 0 0) 0x7f0010030d80 con 0x7f0020108010
2024-09-10T08:05:45.599 INFO:teuthology.orchestra.run.smithi067.stdout:/usr/bin/ceph: stderr
2024-09-10T08:05:44.764+0000 7f0025370640 1 -- 172.21.15.67:0/3792232089 --> [v2:172.21.15.67:3300/0,v1:172.21.15.67:6789/0] -- mon_subscribe({mgrmap=0+}) -- 0x7f002019de10 con 0x7f0020108010
2024-09-10T08:05:45.599 INFO:teuthology.orchestra.run.smithi067.stdout:/usr/bin/ceph: stderr
2024-09-10T08:05:44.764+0000 7f0007fff640 1 -- 172.21.15.67:0/3792232089 <== mon.0 v2:172.21.15.67:3300/0 3 ==== mon_map magic: 0 ==== 205+0+0 (secure 0 0 0) 0x7f0010037040 con 0x7f0020108010
2024-09-10T08:05:45.599 INFO:teuthology.orchestra.run.smithi067.stdout:/usr/bin/ceph: stderr
2024-09-10T08:05:44.764+0000 7f0025370640 1 -- 172.21.15.67:0/3792232089 --> [v2:172.21.15.67:3300/0,v1:172.21.15.67:6789/0] -- mon_subscribe({osdmap=0}) -- 0x7f00201a0b00 con 0x7f0020108010
2024-09-10T08:05:45.599 INFO:teuthology.orchestra.run.smithi067.stdout:/usr/bin/ceph: stderr
2024-09-10T08:05:44.765+0000 7f0007fff640 1 -- 172.21.15.67:0/3792232089 <== mon.0 v2:172.21.15.67:3300/0 4 ==== mgrmap(e 13) ==== 46343+0+0 (secure 0 0 0) 0x7f0010045070 con 0x7f0020108010
2024-09-10T08:05:45.599 INFO:teuthology.orchestra.run.smithi067.stdout:/usr/bin/ceph: stderr
2024-09-10T08:05:44.765+0000 7f0025370640 1 -- 172.21.15.67:0/3792232089 --> [v2:172.21.15.67:3300/0,v1:172.21.15.67:6789/0] -- mon_command({"prefix": "get_command_descriptions"} v 0) -- 0x7f0020108470 con 0x7f0020108010
2024-09-10T08:05:45.599 INFO:teuthology.orchestra.run.smithi067.stdout:/usr/bin/ceph: stderr
2024-09-10T08:05:44.765+0000 7f0007fff640 1 --2- 172.21.15.67:0/3792232089 >> [v2:172.21.15.67:6800/4256949759,v1:172.21.15.67:6801/4256949759] conn(0x7f0008039180 0x7f000803b640 unknown :-1 s=NONE pgs=0 cs=0 l=1 rev1=0 crypto rx=0 tx=0 comp rx=0 tx=0).connect
2024-09-10T08:05:45.599 INFO:teuthology.orchestra.run.smithi067.stdout:/usr/bin/ceph: stderr
2024-09-10T08:05:44.765+0000 7f0007fff640 1 -- 172.21.15.67:0/3792232089 <== mon.0 v2:172.21.15.67:3300/0 5 ==== osd_map(3..3 src has 1..3) ==== 1155+0+0 (secure 0 0 0) 0x7f001006c1f0 con 0x7f0020108010
2024-09-10T08:05:45.599 INFO:teuthology.orchestra.run.smithi067.stdout:/usr/bin/ceph: stderr
2024-09-10T08:05:44.765+0000 7f001e7fc640 1 --2- 172.21.15.67:0/3792232089 >> [v2:172.21.15.67:6800/4256949759,v1:172.21.15.67:6801/4256949759] conn(0x7f0008039180 0x7f000803b640 unknown :-1 s=BANNER_CONNECTING pgs=0 cs=0 l=1 rev1=0 crypto rx=0 tx=0 comp rx=0 tx=0)._handle_peer_banner_payload supported=3 required=0
2024-09-10T08:05:45.600 INFO:teuthology.orchestra.run.smithi067.stdout:/usr/bin/ceph: stderr
2024-09-10T08:05:44.766+0000 7f001e7fc640 1 --2- 172.21.15.67:0/3792232089 >> [v2:172.21.15.67:6800/4256949759,v1:172.21.15.67:6801/4256949759] conn(0x7f0008039180 0x7f000803b640 secure :-1 s=READY pgs=10 cs=0 l=1 rev1=1 crypto rx=0x7f00140098c0 tx=0x7f0014006db0 comp rx=0 tx=0).ready entity=mgr.14150 client_cookie=0 server_cookie=0 in_seq=0 out_seq=0
2024-09-10T08:05:45.600 INFO:teuthology.orchestra.run.smithi067.stdout:/usr/bin/ceph: stderr
2024-09-10T08:05:44.770+0000 7f0007fff640 1 -- 172.21.15.67:0/3792232089 <== mon.0 v2:172.21.15.67:3300/0 6 ==== mon_command_ack([{"prefix": "get_command_descriptions"}]=0 v0) ==== 72+0+188821 (secure 0 0 0) 0x7f0010045360 con 0x7f0020108010
2024-09-10T08:05:45.600 INFO:teuthology.orchestra.run.smithi067.stdout:/usr/bin/ceph: stderr
2024-09-10T08:05:45.044+0000 7f0025370640 1 -- 172.21.15.67:0/3792232089 --> [v2:172.21.15.67:3300/0,v1:172.21.15.67:6789/0] -- mon_command([{prefix=config-key set, key=mgr/dashboard/cluster/status}] v 0) -- 0x7f00201a0cd0 con 0x7f0020108010
2024-09-10T08:05:45.600 INFO:teuthology.orchestra.run.smithi067.stdout:/usr/bin/ceph: stderr
2024-09-10T08:05:45.046+0000 7f0007fff640 1 -- 172.21.15.67:0/3792232089 <== mon.0 v2:172.21.15.67:3300/0 7 ==== mon_command_ack([{prefix=config-key set, key=mgr/dashboard/cluster/status}]=0 set mgr/dashboard/cluster/status v28)=0 set mgr/dashboard/cluster/status v28) ==== 153+0+0 (secure 0 0 0) 0x7f001002ed70 con 0x7f0020108010
2024-09-10T08:05:45.600 INFO:teuthology.orchestra.run.smithi067.stdout:/usr/bin/ceph: stderr set mgr/dashboard/cluster/status
2024-09-10T08:05:45.600 INFO:teuthology.orchestra.run.smithi067.stdout:/usr/bin/ceph: stderr
2024-09-10T08:05:45.048+0000 7f0025370640 1 -- 172.21.15.67:0/3792232089 >> [v2:172.21.15.67:6800/4256949759,v1:172.21.15.67:6801/4256949759] conn(0x7f0008039180 msgr2=0x7f000803b640 secure :-1 s=STATE_CONNECTION_ESTABLISHED l=1).mark_down
2024-09-10T08:05:45.600 INFO:teuthology.orchestra.run.smithi067.stdout:/usr/bin/ceph: stderr
2024-09-10T08:05:45.048+0000 7f0025370640 1 --2- 172.21.15.67:0/3792232089 >> [v2:172.21.15.67:6800/4256949759,v1:172.21.15.67:6801/4256949759] conn(0x7f0008039180 0x7f000803b640 secure :-1 s=READY pgs=10 cs=0 l=1 rev1=1 crypto rx=0x7f00140098c0 tx=0x7f0014006db0 comp rx=0 tx=0).stop
2024-09-10T08:05:45.600 INFO:teuthology.orchestra.run.smithi067.stdout:/usr/bin/ceph: stderr
2024-09-10T08:05:45.048+0000 7f0025370640 1 -- 172.21.15.67:0/3792232089 >> [v2:172.21.15.67:3300/0,v1:172.21.15.67:6789/0] conn(0x7f0020108010 msgr2=0x7f002019d640 secure :-1 s=STATE_CONNECTION_ESTABLISHED l=1).mark_down
2024-09-10T08:05:45.600 INFO:teuthology.orchestra.run.smithi067.stdout:/usr/bin/ceph: stderr
2024-09-10T08:05:45.048+0000 7f0025370640 1 --2- 172.21.15.67:0/3792232089 >> [v2:172.21.15.67:3300/0,v1:172.21.15.67:6789/0] conn(0x7f0020108010 0x7f002019d640 secure :-1 s=READY pgs=75 cs=0 l=1 rev1=1 crypto rx=0x7f00100097f0 tx=0x7f0010030c70 comp rx=0 tx=0).stop
2024-09-10T08:05:45.600 INFO:teuthology.orchestra.run.smithi067.stdout:/usr/bin/ceph: stderr
2024-09-10T08:05:45.048+0000 7f0025370640 1 -- 172.21.15.67:0/3792232089 shutdown_connections
2024-09-10T08:05:45.600 INFO:teuthology.orchestra.run.smithi067.stdout:/usr/bin/ceph: stderr
2024-09-10T08:05:45.048+0000 7f0025370640 1 --2- 172.21.15.67:0/3792232089 >> [v2:172.21.15.67:6800/4256949759,v1:172.21.15.67:6801/4256949759] conn(0x7f0008039180 0x7f000803b640 unknown :-1 s=CLOSED pgs=10 cs=0 l=1 rev1=1 crypto rx=0 tx=0 comp rx=0 tx=0).stop
2024-09-10T08:05:45.600 INFO:teuthology.orchestra.run.smithi067.stdout:/usr/bin/ceph: stderr
2024-09-10T08:05:45.048+0000 7f0025370640 1 --2- 172.21.15.67:0/3792232089 >> [v2:172.21.15.67:3300/0,v1:172.21.15.67:6789/0] conn(0x7f0020108010 0x7f002019d640 unknown :-1 s=CLOSED pgs=75 cs=0 l=1 rev1=1 crypto rx=0 tx=0 comp rx=0 tx=0).stop
2024-09-10T08:05:45.601 INFO:teuthology.orchestra.run.smithi067.stdout:/usr/bin/ceph: stderr
2024-09-10T08:05:45.048+0000 7f0025370640 1 -- 172.21.15.67:0/3792232089 >> 172.21.15.67:0/3792232089 conn(0x7f0020101c90 msgr2=0x7f00201026b0 unknown :-1 s=STATE_NONE l=0).mark_down
2024-09-10T08:05:45.601 INFO:teuthology.orchestra.run.smithi067.stdout:/usr/bin/ceph: stderr
2024-09-10T08:05:45.048+0000 7f0025370640 1 -- 172.21.15.67:0/3792232089 shutdown_connections
2024-09-10T08:05:45.601 INFO:teuthology.orchestra.run.smithi067.stdout:/usr/bin/ceph: stderr
2024-09-10T08:05:45.048+0000 7f0025370640 1 -- 172.21.15.67:0/3792232089 wait complete.
2024-09-10T08:05:45.601 INFO:teuthology.orchestra.run.smithi067.stdout:You can access the Ceph CLI as following in case of multi-cluster or non-default config:
2024-09-10T08:05:45.601 INFO:teuthology.orchestra.run.smithi067.stdout:
2024-09-10T08:05:45.601 INFO:teuthology.orchestra.run.smithi067.stdout: sudo /home/ubuntu/cephtest/cephadm shell --fsid 315284b0-6f4b-11ef-bcea-c7b262605968 -c /etc/ceph/ceph.conf -k /etc/ceph/ceph.client.admin.keyring
2024-09-10T08:05:45.601 INFO:teuthology.orchestra.run.smithi067.stdout:
2024-09-10T08:05:45.601 INFO:teuthology.orchestra.run.smithi067.stdout:Or, if you are only running a single cluster on this host:
2024-09-10T08:05:45.601 INFO:teuthology.orchestra.run.smithi067.stdout:
2024-09-10T08:05:45.601 INFO:teuthology.orchestra.run.smithi067.stdout: sudo /home/ubuntu/cephtest/cephadm shell
2024-09-10T08:05:45.601 INFO:teuthology.orchestra.run.smithi067.stdout:
2024-09-10T08:05:45.601 INFO:teuthology.orchestra.run.smithi067.stdout:Please consider enabling telemetry to help improve Ceph:
2024-09-10T08:05:45.601 INFO:teuthology.orchestra.run.smithi067.stdout:
2024-09-10T08:05:45.602 INFO:teuthology.orchestra.run.smithi067.stdout: ceph telemetry on
2024-09-10T08:05:45.602 INFO:teuthology.orchestra.run.smithi067.stdout:
2024-09-10T08:05:45.602 INFO:teuthology.orchestra.run.smithi067.stdout:For more information see:
2024-09-10T08:05:45.602 INFO:teuthology.orchestra.run.smithi067.stdout:
2024-09-10T08:05:45.602 INFO:teuthology.orchestra.run.smithi067.stdout: https://docs.ceph.com/en/latest/mgr/telemetry/
2024-09-10T08:05:45.602 INFO:teuthology.orchestra.run.smithi067.stdout:
2024-09-10T08:05:45.602 INFO:teuthology.orchestra.run.smithi067.stdout:Bootstrap complete.
2024-09-10T08:05:45.637 INFO:tasks.cephadm:Fetching config...
2024-09-10T08:05:45.638 DEBUG:teuthology.orchestra.run.smithi067:> set -ex
2024-09-10T08:05:45.638 DEBUG:teuthology.orchestra.run.smithi067:> dd if=/etc/ceph/ceph.conf of=/dev/stdout
2024-09-10T08:05:45.655 INFO:tasks.cephadm:Fetching client.admin keyring...
2024-09-10T08:05:45.656 DEBUG:teuthology.orchestra.run.smithi067:> set -ex
2024-09-10T08:05:45.656 DEBUG:teuthology.orchestra.run.smithi067:> dd if=/etc/ceph/ceph.client.admin.keyring of=/dev/stdout
2024-09-10T08:05:45.712 INFO:tasks.cephadm:Fetching mon keyring...
2024-09-10T08:05:45.712 DEBUG:teuthology.orchestra.run.smithi067:> set -ex
2024-09-10T08:05:45.712 DEBUG:teuthology.orchestra.run.smithi067:> sudo dd if=/var/lib/ceph/315284b0-6f4b-11ef-bcea-c7b262605968/mon.a/keyring of=/dev/stdout
2024-09-10T08:05:45.778 INFO:tasks.cephadm:Fetching pub ssh key...
2024-09-10T08:05:45.778 DEBUG:teuthology.orchestra.run.smithi067:> set -ex
2024-09-10T08:05:45.778 DEBUG:teuthology.orchestra.run.smithi067:> dd if=/home/ubuntu/cephtest/ceph.pub of=/dev/stdout
2024-09-10T08:05:45.834 INFO:tasks.cephadm:Installing pub ssh key for root users...
2024-09-10T08:05:45.834 DEBUG:teuthology.orchestra.run.smithi067:> sudo install -d -m 0700 /root/.ssh && echo 'ssh-rsa AAAAB3NzaC1yc2EAAAADAQABAAABgQC9uOMKNGYQw4J60UAL3KJyPHpkuYfio/BMYnxcCjM88oQ+iMzXM2TNXHXNnJxH92MySSod9htXpAUmdOzEsVpAl7mmhz9mRe3rWq6vSFNHGhwhgLPWcnXa0vzBd+2cOz2MzXex7nO4TXvLNaQoPyUZ6HbHAt1iaDCtPcy+SNwnSCyOJYqQZG3lKjIvaNT2BGpf+QjYhE91OSMzB/L1GyS3V7tzoQwIR3s0sZyTqu06mOTFkObxMfQIOx2zknJzRuBj0F5o+kyjbkuDE6QH68YggrhGMZsu0CLUIarTWujV2YOlxHd+/ORuy04mYSUVw5HW8wWrsuIWU7ggwB4yPQbNJiI/dBDJmio+3PjxpPIhm/LTameVpJlJ5yuDS6AxDPIk64IT+/pkJ2VUZCXbGW1S5nA483gsOUrYY0mE7S3n4IzTq+Nj+7JwEe3QpN5d3eckLNug/Qb+OoM3poVh/nAP04KRIbAlailbjTx61I07djC9MWNB5kbTD5L8uLHXnQ0= ceph-315284b0-6f4b-11ef-bcea-c7b262605968' | sudo tee -a /root/.ssh/authorized_keys && sudo chmod 0600 /root/.ssh/authorized_keys
2024-09-10T08:05:45.909 INFO:teuthology.orchestra.run.smithi067.stdout:ssh-rsa AAAAB3NzaC1yc2EAAAADAQABAAABgQC9uOMKNGYQw4J60UAL3KJyPHpkuYfio/BMYnxcCjM88oQ+iMzXM2TNXHXNnJxH92MySSod9htXpAUmdOzEsVpAl7mmhz9mRe3rWq6vSFNHGhwhgLPWcnXa0vzBd+2cOz2MzXex7nO4TXvLNaQoPyUZ6HbHAt1iaDCtPcy+SNwnSCyOJYqQZG3lKjIvaNT2BGpf+QjYhE91OSMzB/L1GyS3V7tzoQwIR3s0sZyTqu06mOTFkObxMfQIOx2zknJzRuBj0F5o+kyjbkuDE6QH68YggrhGMZsu0CLUIarTWujV2YOlxHd+/ORuy04mYSUVw5HW8wWrsuIWU7ggwB4yPQbNJiI/dBDJmio+3PjxpPIhm/LTameVpJlJ5yuDS6AxDPIk64IT+/pkJ2VUZCXbGW1S5nA483gsOUrYY0mE7S3n4IzTq+Nj+7JwEe3QpN5d3eckLNug/Qb+OoM3poVh/nAP04KRIbAlailbjTx61I07djC9MWNB5kbTD5L8uLHXnQ0= ceph-315284b0-6f4b-11ef-bcea-c7b262605968
2024-09-10T08:05:45.921 DEBUG:teuthology.orchestra.run.smithi133:> sudo install -d -m 0700 /root/.ssh && echo 'ssh-rsa AAAAB3NzaC1yc2EAAAADAQABAAABgQC9uOMKNGYQw4J60UAL3KJyPHpkuYfio/BMYnxcCjM88oQ+iMzXM2TNXHXNnJxH92MySSod9htXpAUmdOzEsVpAl7mmhz9mRe3rWq6vSFNHGhwhgLPWcnXa0vzBd+2cOz2MzXex7nO4TXvLNaQoPyUZ6HbHAt1iaDCtPcy+SNwnSCyOJYqQZG3lKjIvaNT2BGpf+QjYhE91OSMzB/L1GyS3V7tzoQwIR3s0sZyTqu06mOTFkObxMfQIOx2zknJzRuBj0F5o+kyjbkuDE6QH68YggrhGMZsu0CLUIarTWujV2YOlxHd+/ORuy04mYSUVw5HW8wWrsuIWU7ggwB4yPQbNJiI/dBDJmio+3PjxpPIhm/LTameVpJlJ5yuDS6AxDPIk64IT+/pkJ2VUZCXbGW1S5nA483gsOUrYY0mE7S3n4IzTq+Nj+7JwEe3QpN5d3eckLNug/Qb+OoM3poVh/nAP04KRIbAlailbjTx61I07djC9MWNB5kbTD5L8uLHXnQ0= ceph-315284b0-6f4b-11ef-bcea-c7b262605968' | sudo tee -a /root/.ssh/authorized_keys && sudo chmod 0600 /root/.ssh/authorized_keys
2024-09-10T08:05:45.972 INFO:teuthology.orchestra.run.smithi133.stdout:ssh-rsa AAAAB3NzaC1yc2EAAAADAQABAAABgQC9uOMKNGYQw4J60UAL3KJyPHpkuYfio/BMYnxcCjM88oQ+iMzXM2TNXHXNnJxH92MySSod9htXpAUmdOzEsVpAl7mmhz9mRe3rWq6vSFNHGhwhgLPWcnXa0vzBd+2cOz2MzXex7nO4TXvLNaQoPyUZ6HbHAt1iaDCtPcy+SNwnSCyOJYqQZG3lKjIvaNT2BGpf+QjYhE91OSMzB/L1GyS3V7tzoQwIR3s0sZyTqu06mOTFkObxMfQIOx2zknJzRuBj0F5o+kyjbkuDE6QH68YggrhGMZsu0CLUIarTWujV2YOlxHd+/ORuy04mYSUVw5HW8wWrsuIWU7ggwB4yPQbNJiI/dBDJmio+3PjxpPIhm/LTameVpJlJ5yuDS6AxDPIk64IT+/pkJ2VUZCXbGW1S5nA483gsOUrYY0mE7S3n4IzTq+Nj+7JwEe3QpN5d3eckLNug/Qb+OoM3poVh/nAP04KRIbAlailbjTx61I07djC9MWNB5kbTD5L8uLHXnQ0= ceph-315284b0-6f4b-11ef-bcea-c7b262605968
2024-09-10T08:05:45.985 DEBUG:teuthology.orchestra.run.smithi203:> sudo install -d -m 0700 /root/.ssh && echo 'ssh-rsa AAAAB3NzaC1yc2EAAAADAQABAAABgQC9uOMKNGYQw4J60UAL3KJyPHpkuYfio/BMYnxcCjM88oQ+iMzXM2TNXHXNnJxH92MySSod9htXpAUmdOzEsVpAl7mmhz9mRe3rWq6vSFNHGhwhgLPWcnXa0vzBd+2cOz2MzXex7nO4TXvLNaQoPyUZ6HbHAt1iaDCtPcy+SNwnSCyOJYqQZG3lKjIvaNT2BGpf+QjYhE91OSMzB/L1GyS3V7tzoQwIR3s0sZyTqu06mOTFkObxMfQIOx2zknJzRuBj0F5o+kyjbkuDE6QH68YggrhGMZsu0CLUIarTWujV2YOlxHd+/ORuy04mYSUVw5HW8wWrsuIWU7ggwB4yPQbNJiI/dBDJmio+3PjxpPIhm/LTameVpJlJ5yuDS6AxDPIk64IT+/pkJ2VUZCXbGW1S5nA483gsOUrYY0mE7S3n4IzTq+Nj+7JwEe3QpN5d3eckLNug/Qb+OoM3poVh/nAP04KRIbAlailbjTx61I07djC9MWNB5kbTD5L8uLHXnQ0= ceph-315284b0-6f4b-11ef-bcea-c7b262605968' | sudo tee -a /root/.ssh/authorized_keys && sudo chmod 0600 /root/.ssh/authorized_keys
2024-09-10T08:05:46.033 INFO:teuthology.orchestra.run.smithi203.stdout:ssh-rsa AAAAB3NzaC1yc2EAAAADAQABAAABgQC9uOMKNGYQw4J60UAL3KJyPHpkuYfio/BMYnxcCjM88oQ+iMzXM2TNXHXNnJxH92MySSod9htXpAUmdOzEsVpAl7mmhz9mRe3rWq6vSFNHGhwhgLPWcnXa0vzBd+2cOz2MzXex7nO4TXvLNaQoPyUZ6HbHAt1iaDCtPcy+SNwnSCyOJYqQZG3lKjIvaNT2BGpf+QjYhE91OSMzB/L1GyS3V7tzoQwIR3s0sZyTqu06mOTFkObxMfQIOx2zknJzRuBj0F5o+kyjbkuDE6QH68YggrhGMZsu0CLUIarTWujV2YOlxHd+/ORuy04mYSUVw5HW8wWrsuIWU7ggwB4yPQbNJiI/dBDJmio+3PjxpPIhm/LTameVpJlJ5yuDS6AxDPIk64IT+/pkJ2VUZCXbGW1S5nA483gsOUrYY0mE7S3n4IzTq+Nj+7JwEe3QpN5d3eckLNug/Qb+OoM3poVh/nAP04KRIbAlailbjTx61I07djC9MWNB5kbTD5L8uLHXnQ0= ceph-315284b0-6f4b-11ef-bcea-c7b262605968
2024-09-10T08:05:46.046 DEBUG:teuthology.orchestra.run.smithi067:> sudo /home/ubuntu/cephtest/cephadm --image quay-quay-quay.apps.os.sepia.ceph.com/ceph-ci/ceph:1cf819b7212a6048e92fc78c4eff963344f6d56b shell -c /etc/ceph/ceph.conf -k /etc/ceph/ceph.client.admin.keyring --fsid 315284b0-6f4b-11ef-bcea-c7b262605968 -- ceph config set mgr mgr/cephadm/allow_ptrace true
2024-09-10T08:05:46.298 INFO:teuthology.orchestra.run.smithi067.stderr:Inferring config /var/lib/ceph/315284b0-6f4b-11ef-bcea-c7b262605968/mon.a/config
2024-09-10T08:05:46.760 INFO:teuthology.orchestra.run.smithi067.stderr:2024-09-10T08:05:46.759+0000 7ff1202cb640 1 -- 172.21.15.67:0/1338484837 >> [v2:172.21.15.67:3300/0,v1:172.21.15.67:6789/0] conn(0x7ff1181004e0 msgr2=0x7ff1181008e0 secure :-1 s=STATE_CONNECTION_ESTABLISHED l=1).mark_down
2024-09-10T08:05:46.761 INFO:teuthology.orchestra.run.smithi067.stderr:2024-09-10T08:05:46.759+0000 7ff1202cb640 1 --2- 172.21.15.67:0/1338484837 >> [v2:172.21.15.67:3300/0,v1:172.21.15.67:6789/0] conn(0x7ff1181004e0 0x7ff1181008e0 secure :-1 s=READY pgs=76 cs=0 l=1 rev1=1 crypto rx=0x7ff114009880 tx=0x7ff11402a5d0 comp rx=0 tx=0).stop
2024-09-10T08:05:46.761 INFO:teuthology.orchestra.run.smithi067.stderr:2024-09-10T08:05:46.759+0000 7ff1202cb640 1 -- 172.21.15.67:0/1338484837 shutdown_connections
2024-09-10T08:05:46.761 INFO:teuthology.orchestra.run.smithi067.stderr:2024-09-10T08:05:46.759+0000 7ff1202cb640 1 --2- 172.21.15.67:0/1338484837 >> [v2:172.21.15.67:3300/0,v1:172.21.15.67:6789/0] conn(0x7ff1181004e0 0x7ff1181008e0 unknown :-1 s=CLOSED pgs=76 cs=0 l=1 rev1=1 crypto rx=0 tx=0 comp rx=0 tx=0).stop
2024-09-10T08:05:46.761 INFO:teuthology.orchestra.run.smithi067.stderr:2024-09-10T08:05:46.759+0000 7ff1202cb640 1 -- 172.21.15.67:0/1338484837 >> 172.21.15.67:0/1338484837 conn(0x7ff1180fbc90 msgr2=0x7ff1180fe0b0 unknown :-1 s=STATE_NONE l=0).mark_down
2024-09-10T08:05:46.761 INFO:teuthology.orchestra.run.smithi067.stderr:2024-09-10T08:05:46.759+0000 7ff1202cb640 1 -- 172.21.15.67:0/1338484837 shutdown_connections
2024-09-10T08:05:46.761 INFO:teuthology.orchestra.run.smithi067.stderr:2024-09-10T08:05:46.759+0000 7ff1202cb640 1 -- 172.21.15.67:0/1338484837 wait complete.
2024-09-10T08:05:46.762 INFO:teuthology.orchestra.run.smithi067.stderr:2024-09-10T08:05:46.760+0000 7ff1202cb640 1 Processor -- start
2024-09-10T08:05:46.762 INFO:teuthology.orchestra.run.smithi067.stderr:2024-09-10T08:05:46.760+0000 7ff1202cb640 1 -- start start
