2024-09-10T08:05:26.673 INFO:teuthology.orchestra.run.smithi067.stdout:/usr/bin/ceph: stderr
2024-09-10T08:05:26.089+0000 7f5405100640 1 --2- 172.21.15.67:0/2255410067 >> [v2:172.21.15.67:6800/2987520524,v1:172.21.15.67:6801/2987520524] conn(0x7f53e8039080 0x7f53e803b540 secure :-1 s=READY pgs=12 cs=0 l=1 rev1=1 crypto rx=0x7f53f40098c0 tx=0x7f53f4006db0 comp rx=0 tx=0).stop
2024-09-10T08:05:26.674 INFO:teuthology.orchestra.run.smithi067.stdout:/usr/bin/ceph: stderr
2024-09-10T08:05:26.089+0000 7f5405100640 1 -- 172.21.15.67:0/2255410067 >> [v2:172.21.15.67:3300/0,v1:172.21.15.67:6789/0] conn(0x7f540007de40 msgr2=0x7f540019d540 secure :-1 s=STATE_CONNECTION_ESTABLISHED l=1).mark_down
2024-09-10T08:05:26.674 INFO:teuthology.orchestra.run.smithi067.stdout:/usr/bin/ceph: stderr
2024-09-10T08:05:26.089+0000 7f5405100640 1 --2- 172.21.15.67:0/2255410067 >> [v2:172.21.15.67:3300/0,v1:172.21.15.67:6789/0] conn(0x7f540007de40 0x7f540019d540 secure :-1 s=READY pgs=46 cs=0 l=1 rev1=1 crypto rx=0x7f53f0032e10 tx=0x7f53f0032e40 comp rx=0 tx=0).stop
2024-09-10T08:05:26.674 INFO:teuthology.orchestra.run.smithi067.stdout:/usr/bin/ceph: stderr
2024-09-10T08:05:26.089+0000 7f5405100640 1 -- 172.21.15.67:0/2255410067 shutdown_connections
2024-09-10T08:05:26.674 INFO:teuthology.orchestra.run.smithi067.stdout:/usr/bin/ceph: stderr
2024-09-10T08:05:26.089+0000 7f5405100640 1 --2- 172.21.15.67:0/2255410067 >> [v2:172.21.15.67:6800/2987520524,v1:172.21.15.67:6801/2987520524] conn(0x7f53e8039080 0x7f53e803b540 unknown :-1 s=CLOSED pgs=12 cs=0 l=1 rev1=1 crypto rx=0 tx=0 comp rx=0 tx=0).stop
2024-09-10T08:05:26.674 INFO:teuthology.orchestra.run.smithi067.stdout:/usr/bin/ceph: stderr
2024-09-10T08:05:26.089+0000 7f5405100640 1 --2- 172.21.15.67:0/2255410067 >> [v2:172.21.15.67:3300/0,v1:172.21.15.67:6789/0] conn(0x7f540007de40 0x7f540019d540 unknown :-1 s=CLOSED pgs=46 cs=0 l=1 rev1=1 crypto rx=0 tx=0 comp rx=0 tx=0).stop
2024-09-10T08:05:26.674 INFO:teuthology.orchestra.run.smithi067.stdout:/usr/bin/ceph: stderr
2024-09-10T08:05:26.089+0000 7f5405100640 1 -- 172.21.15.67:0/2255410067 >> 172.21.15.67:0/2255410067 conn(0x7f5400102da0 msgr2=0x7f54001037e0 unknown :-1 s=STATE_NONE l=0).mark_down
2024-09-10T08:05:26.674 INFO:teuthology.orchestra.run.smithi067.stdout:/usr/bin/ceph: stderr
2024-09-10T08:05:26.090+0000 7f5405100640 1 -- 172.21.15.67:0/2255410067 shutdown_connections
2024-09-10T08:05:26.674 INFO:teuthology.orchestra.run.smithi067.stdout:/usr/bin/ceph: stderr
2024-09-10T08:05:26.090+0000 7f5405100640 1 -- 172.21.15.67:0/2255410067 wait complete.
2024-09-10T08:05:26.674 INFO:teuthology.orchestra.run.smithi067.stdout:Deploying unmanaged mgr service...
2024-09-10T08:05:27.206 INFO:journalctl@ceph.mon.a.smithi067.stdout:Sep 10 08:05:27 smithi067 ceph-mon[31051]: from='client.14140 -' entity='client.admin' cmd=[{"prefix": "orch apply", "service_type": "mon", "unmanaged": true, "target": ["mon-mgr", ""]}]: dispatch
2024-09-10T08:05:27.206 INFO:journalctl@ceph.mon.a.smithi067.stdout:Sep 10 08:05:27 smithi067 ceph-mon[31051]: Saving service mon spec with placement count:5
2024-09-10T08:05:27.206 INFO:journalctl@ceph.mon.a.smithi067.stdout:Sep 10 08:05:27 smithi067 ceph-mon[31051]: from='mgr.14118 172.21.15.67:0/1905199546' entity='mgr.x'
2024-09-10T08:05:28.456 INFO:journalctl@ceph.mon.a.smithi067.stdout:Sep 10 08:05:28 smithi067 ceph-mon[31051]: from='client.14142 -' entity='client.admin' cmd=[{"prefix": "orch apply", "service_type": "mgr", "unmanaged": true, "target": ["mon-mgr", ""]}]: dispatch
2024-09-10T08:05:28.456 INFO:journalctl@ceph.mon.a.smithi067.stdout:Sep 10 08:05:28 smithi067 ceph-mon[31051]: Saving service mgr spec with placement count:2
2024-09-10T08:05:28.456 INFO:journalctl@ceph.mon.a.smithi067.stdout:Sep 10 08:05:28 smithi067 ceph-mon[31051]: from='mgr.14118 172.21.15.67:0/1905199546' entity='mgr.x'
2024-09-10T08:05:28.457 INFO:journalctl@ceph.mon.a.smithi067.stdout:Sep 10 08:05:28 smithi067 ceph-mon[31051]: from='mgr.14118 172.21.15.67:0/1905199546' entity='mgr.x'
2024-09-10T08:05:28.831 INFO:teuthology.orchestra.run.smithi067.stdout:/usr/bin/ceph: stdout Scheduled mgr update...
2024-09-10T08:05:28.831 INFO:teuthology.orchestra.run.smithi067.stdout:/usr/bin/ceph: stderr
2024-09-10T08:05:27.095+0000 7fcd46258640 1 Processor -- start
2024-09-10T08:05:28.831 INFO:teuthology.orchestra.run.smithi067.stdout:/usr/bin/ceph: stderr
2024-09-10T08:05:27.095+0000 7fcd46258640 1 -- start start
2024-09-10T08:05:28.831 INFO:teuthology.orchestra.run.smithi067.stdout:/usr/bin/ceph: stderr
2024-09-10T08:05:27.095+0000 7fcd46258640 1 --2- >> [v2:172.21.15.67:3300/0,v1:172.21.15.67:6789/0] conn(0x7fcd40105870 0x7fcd40105c70 unknown :-1 s=NONE pgs=0 cs=0 l=0 rev1=0 crypto rx=0 tx=0 comp rx=0 tx=0).connect
2024-09-10T08:05:28.831 INFO:teuthology.orchestra.run.smithi067.stdout:/usr/bin/ceph: stderr
2024-09-10T08:05:27.095+0000 7fcd46258640 1 -- --> [v2:172.21.15.67:3300/0,v1:172.21.15.67:6789/0] -- mon_getmap magic: 0 -- 0x7fcd40106240 con 0x7fcd40105870
2024-09-10T08:05:28.831 INFO:teuthology.orchestra.run.smithi067.stdout:/usr/bin/ceph: stderr
2024-09-10T08:05:27.096+0000 7fcd3f7fe640 1 --2- >> [v2:172.21.15.67:3300/0,v1:172.21.15.67:6789/0] conn(0x7fcd40105870 0x7fcd40105c70 unknown :-1 s=BANNER_CONNECTING pgs=0 cs=0 l=0 rev1=0 crypto rx=0 tx=0 comp rx=0 tx=0)._handle_peer_banner_payload supported=3 required=0
2024-09-10T08:05:28.831 INFO:teuthology.orchestra.run.smithi067.stdout:/usr/bin/ceph: stderr
2024-09-10T08:05:27.096+0000 7fcd3f7fe640 1 --2- >> [v2:172.21.15.67:3300/0,v1:172.21.15.67:6789/0] conn(0x7fcd40105870 0x7fcd40105c70 unknown :-1 s=HELLO_CONNECTING pgs=0 cs=0 l=0 rev1=1 crypto rx=0 tx=0 comp rx=0 tx=0).handle_hello peer v2:172.21.15.67:3300/0 says I am v2:172.21.15.67:38334/0 (socket says 172.21.15.67:38334)
2024-09-10T08:05:28.831 INFO:teuthology.orchestra.run.smithi067.stdout:/usr/bin/ceph: stderr
2024-09-10T08:05:27.096+0000 7fcd3f7fe640 1 -- 172.21.15.67:0/4139908316 learned_addr learned my addr 172.21.15.67:0/4139908316 (peer_addr_for_me v2:172.21.15.67:0/0)
2024-09-10T08:05:28.831 INFO:teuthology.orchestra.run.smithi067.stdout:/usr/bin/ceph: stderr
2024-09-10T08:05:27.096+0000 7fcd3f7fe640 1 -- 172.21.15.67:0/4139908316 --> [v2:172.21.15.67:3300/0,v1:172.21.15.67:6789/0] -- mon_subscribe({config=0+,monmap=0+}) -- 0x7fcd401063c0 con 0x7fcd40105870
2024-09-10T08:05:28.831 INFO:teuthology.orchestra.run.smithi067.stdout:/usr/bin/ceph: stderr
2024-09-10T08:05:27.096+0000 7fcd3f7fe640 1 --2- 172.21.15.67:0/4139908316 >> [v2:172.21.15.67:3300/0,v1:172.21.15.67:6789/0] conn(0x7fcd40105870 0x7fcd40105c70 secure :-1 s=READY pgs=47 cs=0 l=1 rev1=1 crypto rx=0x7fcd30009820 tx=0x7fcd3002a270 comp rx=0 tx=0).ready entity=mon.0 client_cookie=cebfad98d940ddca server_cookie=0 in_seq=0 out_seq=0
2024-09-10T08:05:28.832 INFO:teuthology.orchestra.run.smithi067.stdout:/usr/bin/ceph: stderr
2024-09-10T08:05:27.097+0000 7fcd3e7fc640 1 -- 172.21.15.67:0/4139908316 <== mon.0 v2:172.21.15.67:3300/0 1 ==== mon_map magic: 0 ==== 205+0+0 (secure 0 0 0) 0x7fcd30037070 con 0x7fcd40105870
2024-09-10T08:05:28.832 INFO:teuthology.orchestra.run.smithi067.stdout:/usr/bin/ceph: stderr
2024-09-10T08:05:27.097+0000 7fcd3e7fc640 1 -- 172.21.15.67:0/4139908316 <== mon.0 v2:172.21.15.67:3300/0 2 ==== config(26 keys) ==== 1071+0+0 (secure 0 0 0) 0x7fcd300328d0 con 0x7fcd40105870
2024-09-10T08:05:28.832 INFO:teuthology.orchestra.run.smithi067.stdout:/usr/bin/ceph: stderr
2024-09-10T08:05:27.097+0000 7fcd3e7fc640 1 -- 172.21.15.67:0/4139908316 <== mon.0 v2:172.21.15.67:3300/0 3 ==== mon_map magic: 0 ==== 205+0+0 (secure 0 0 0) 0x7fcd300307d0 con 0x7fcd40105870
2024-09-10T08:05:28.832 INFO:teuthology.orchestra.run.smithi067.stdout:/usr/bin/ceph: stderr
2024-09-10T08:05:27.097+0000 7fcd46258640 1 -- 172.21.15.67:0/4139908316 >> [v2:172.21.15.67:3300/0,v1:172.21.15.67:6789/0] conn(0x7fcd40105870 msgr2=0x7fcd40105c70 secure :-1 s=STATE_CONNECTION_ESTABLISHED l=1).mark_down
2024-09-10T08:05:28.832 INFO:teuthology.orchestra.run.smithi067.stdout:/usr/bin/ceph: stderr
2024-09-10T08:05:27.097+0000 7fcd46258640 1 --2- 172.21.15.67:0/4139908316 >> [v2:172.21.15.67:3300/0,v1:172.21.15.67:6789/0] conn(0x7fcd40105870 0x7fcd40105c70 secure :-1 s=READY pgs=47 cs=0 l=1 rev1=1 crypto rx=0x7fcd30009820 tx=0x7fcd3002a270 comp rx=0 tx=0).stop
2024-09-10T08:05:28.832 INFO:teuthology.orchestra.run.smithi067.stdout:/usr/bin/ceph: stderr
2024-09-10T08:05:27.097+0000 7fcd46258640 1 -- 172.21.15.67:0/4139908316 shutdown_connections
2024-09-10T08:05:28.832 INFO:teuthology.orchestra.run.smithi067.stdout:/usr/bin/ceph: stderr
2024-09-10T08:05:27.097+0000 7fcd46258640 1 --2- 172.21.15.67:0/4139908316 >> [v2:172.21.15.67:3300/0,v1:172.21.15.67:6789/0] conn(0x7fcd40105870 0x7fcd40105c70 unknown :-1 s=CLOSED pgs=47 cs=0 l=1 rev1=1 crypto rx=0 tx=0 comp rx=0 tx=0).stop
2024-09-10T08:05:28.832 INFO:teuthology.orchestra.run.smithi067.stdout:/usr/bin/ceph: stderr
2024-09-10T08:05:27.097+0000 7fcd46258640 1 -- 172.21.15.67:0/4139908316 >> 172.21.15.67:0/4139908316 conn(0x7fcd40101420 msgr2=0x7fcd40103840 unknown :-1 s=STATE_NONE l=0).mark_down
2024-09-10T08:05:28.832 INFO:teuthology.orchestra.run.smithi067.stdout:/usr/bin/ceph: stderr
2024-09-10T08:05:27.097+0000 7fcd46258640 1 -- 172.21.15.67:0/4139908316 shutdown_connections
2024-09-10T08:05:28.832 INFO:teuthology.orchestra.run.smithi067.stdout:/usr/bin/ceph: stderr
2024-09-10T08:05:27.097+0000 7fcd46258640 1 -- 172.21.15.67:0/4139908316 wait complete.
2024-09-10T08:05:28.832 INFO:teuthology.orchestra.run.smithi067.stdout:/usr/bin/ceph: stderr
2024-09-10T08:05:27.098+0000 7fcd46258640 1 Processor -- start
2024-09-10T08:05:28.833 INFO:teuthology.orchestra.run.smithi067.stdout:/usr/bin/ceph: stderr
2024-09-10T08:05:27.098+0000 7fcd46258640 1 -- start start
2024-09-10T08:05:28.833 INFO:teuthology.orchestra.run.smithi067.stdout:/usr/bin/ceph: stderr
2024-09-10T08:05:27.098+0000 7fcd46258640 1 --2- >> [v2:172.21.15.67:3300/0,v1:172.21.15.67:6789/0] conn(0x7fcd40105870 0x7fcd4019b3b0 unknown :-1 s=NONE pgs=0 cs=0 l=1 rev1=0 crypto rx=0 tx=0 comp rx=0 tx=0).connect
2024-09-10T08:05:28.833 INFO:teuthology.orchestra.run.smithi067.stdout:/usr/bin/ceph: stderr
2024-09-10T08:05:27.098+0000 7fcd46258640 1 -- --> [v2:172.21.15.67:3300/0,v1:172.21.15.67:6789/0] -- mon_getmap magic: 0 -- 0x7fcd401096f0 con 0x7fcd40105870
2024-09-10T08:05:28.833 INFO:teuthology.orchestra.run.smithi067.stdout:/usr/bin/ceph: stderr
2024-09-10T08:05:27.098+0000 7fcd3f7fe640 1 --2- >> [v2:172.21.15.67:3300/0,v1:172.21.15.67:6789/0] conn(0x7fcd40105870 0x7fcd4019b3b0 unknown :-1 s=BANNER_CONNECTING pgs=0 cs=0 l=1 rev1=0 crypto rx=0 tx=0 comp rx=0 tx=0)._handle_peer_banner_payload supported=3 required=0
2024-09-10T08:05:28.833 INFO:teuthology.orchestra.run.smithi067.stdout:/usr/bin/ceph: stderr
2024-09-10T08:05:27.098+0000 7fcd3f7fe640 1 --2- >> [v2:172.21.15.67:3300/0,v1:172.21.15.67:6789/0] conn(0x7fcd40105870 0x7fcd4019b3b0 unknown :-1 s=HELLO_CONNECTING pgs=0 cs=0 l=1 rev1=1 crypto rx=0 tx=0 comp rx=0 tx=0).handle_hello peer v2:172.21.15.67:3300/0 says I am v2:172.21.15.67:38350/0 (socket says 172.21.15.67:38350)
2024-09-10T08:05:28.833 INFO:teuthology.orchestra.run.smithi067.stdout:/usr/bin/ceph: stderr
2024-09-10T08:05:27.098+0000 7fcd3f7fe640 1 -- 172.21.15.67:0/1411796314 learned_addr learned my addr 172.21.15.67:0/1411796314 (peer_addr_for_me v2:172.21.15.67:0/0)
2024-09-10T08:05:28.833 INFO:teuthology.orchestra.run.smithi067.stdout:/usr/bin/ceph: stderr
2024-09-10T08:05:27.099+0000 7fcd3f7fe640 1 -- 172.21.15.67:0/1411796314 --> [v2:172.21.15.67:3300/0,v1:172.21.15.67:6789/0] -- mon_subscribe({config=0+,monmap=0+}) -- 0x7fcd4019b8f0 con 0x7fcd40105870
2024-09-10T08:05:28.833 INFO:teuthology.orchestra.run.smithi067.stdout:/usr/bin/ceph: stderr
2024-09-10T08:05:27.099+0000 7fcd3f7fe640 1 --2- 172.21.15.67:0/1411796314 >> [v2:172.21.15.67:3300/0,v1:172.21.15.67:6789/0] conn(0x7fcd40105870 0x7fcd4019b3b0 secure :-1 s=READY pgs=48 cs=0 l=1 rev1=1 crypto rx=0x7fcd30009940 tx=0x7fcd30032e10 comp rx=0 tx=0).ready entity=mon.0 client_cookie=0 server_cookie=0 in_seq=0 out_seq=0
2024-09-10T08:05:28.833 INFO:teuthology.orchestra.run.smithi067.stdout:/usr/bin/ceph: stderr
2024-09-10T08:05:27.099+0000 7fcd3cff9640 1 -- 172.21.15.67:0/1411796314 <== mon.0 v2:172.21.15.67:3300/0 1 ==== mon_map magic: 0 ==== 205+0+0 (secure 0 0 0) 0x7fcd30042070 con 0x7fcd40105870
2024-09-10T08:05:28.833 INFO:teuthology.orchestra.run.smithi067.stdout:/usr/bin/ceph: stderr
2024-09-10T08:05:27.099+0000 7fcd3cff9640 1 -- 172.21.15.67:0/1411796314 <== mon.0 v2:172.21.15.67:3300/0 2 ==== config(26 keys) ==== 1071+0+0 (secure 0 0 0) 0x7fcd30030c80 con 0x7fcd40105870
2024-09-10T08:05:28.833 INFO:teuthology.orchestra.run.smithi067.stdout:/usr/bin/ceph: stderr
2024-09-10T08:05:27.099+0000 7fcd3cff9640 1 -- 172.21.15.67:0/1411796314 <== mon.0 v2:172.21.15.67:3300/0 3 ==== mon_map magic: 0 ==== 205+0+0 (secure 0 0 0) 0x7fcd30037040 con 0x7fcd40105870
2024-09-10T08:05:28.833 INFO:teuthology.orchestra.run.smithi067.stdout:/usr/bin/ceph: stderr
2024-09-10T08:05:27.099+0000 7fcd46258640 1 -- 172.21.15.67:0/1411796314 --> [v2:172.21.15.67:3300/0,v1:172.21.15.67:6789/0] -- mon_subscribe({mgrmap=0+}) -- 0x7fcd4019bbe0 con 0x7fcd40105870
2024-09-10T08:05:28.833 INFO:teuthology.orchestra.run.smithi067.stdout:/usr/bin/ceph: stderr
2024-09-10T08:05:27.099+0000 7fcd46258640 1 -- 172.21.15.67:0/1411796314 --> [v2:172.21.15.67:3300/0,v1:172.21.15.67:6789/0] -- mon_subscribe({osdmap=0}) -- 0x7fcd4019e870 con 0x7fcd40105870
2024-09-10T08:05:28.834 INFO:teuthology.orchestra.run.smithi067.stdout:/usr/bin/ceph: stderr
2024-09-10T08:05:27.100+0000 7fcd3cff9640 1 -- 172.21.15.67:0/1411796314 <== mon.0 v2:172.21.15.67:3300/0 4 ==== mgrmap(e 8) ==== 46287+0+0 (secure 0 0 0) 0x7fcd30045070 con 0x7fcd40105870
2024-09-10T08:05:28.834 INFO:teuthology.orchestra.run.smithi067.stdout:/usr/bin/ceph: stderr
2024-09-10T08:05:27.100+0000 7fcd3cff9640 1 --2- 172.21.15.67:0/1411796314 >> [v2:172.21.15.67:6800/2987520524,v1:172.21.15.67:6801/2987520524] conn(0x7fcd28039030 0x7fcd2803b4f0 unknown :-1 s=NONE pgs=0 cs=0 l=1 rev1=0 crypto rx=0 tx=0 comp rx=0 tx=0).connect
2024-09-10T08:05:28.834 INFO:teuthology.orchestra.run.smithi067.stdout:/usr/bin/ceph: stderr
2024-09-10T08:05:27.100+0000 7fcd46258640 1 -- 172.21.15.67:0/1411796314 --> [v2:172.21.15.67:3300/0,v1:172.21.15.67:6789/0] -- mon_command({"prefix": "get_command_descriptions"} v 0) -- 0x7fcd40105cf0 con 0x7fcd40105870
2024-09-10T08:05:28.834 INFO:teuthology.orchestra.run.smithi067.stdout:/usr/bin/ceph: stderr
2024-09-10T08:05:27.100+0000 7fcd3cff9640 1 -- 172.21.15.67:0/1411796314 <== mon.0 v2:172.21.15.67:3300/0 5 ==== osd_map(2..2 src has 1..2) ==== 940+0+0 (secure 0 0 0) 0x7fcd3006bfd0 con 0x7fcd40105870
2024-09-10T08:05:28.834 INFO:teuthology.orchestra.run.smithi067.stdout:/usr/bin/ceph: stderr
2024-09-10T08:05:27.100+0000 7fcd3effd640 1 --2- 172.21.15.67:0/1411796314 >> [v2:172.21.15.67:6800/2987520524,v1:172.21.15.67:6801/2987520524] conn(0x7fcd28039030 0x7fcd2803b4f0 unknown :-1 s=BANNER_CONNECTING pgs=0 cs=0 l=1 rev1=0 crypto rx=0 tx=0 comp rx=0 tx=0)._handle_peer_banner_payload supported=3 required=0
2024-09-10T08:05:28.834 INFO:teuthology.orchestra.run.smithi067.stdout:/usr/bin/ceph: stderr
2024-09-10T08:05:27.101+0000 7fcd3effd640 1 --2- 172.21.15.67:0/1411796314 >> [v2:172.21.15.67:6800/2987520524,v1:172.21.15.67:6801/2987520524] conn(0x7fcd28039030 0x7fcd2803b4f0 secure :-1 s=READY pgs=13 cs=0 l=1 rev1=1 crypto rx=0x7fcd340098c0 tx=0x7fcd34006db0 comp rx=0 tx=0).ready entity=mgr.14118 client_cookie=0 server_cookie=0 in_seq=0 out_seq=0
2024-09-10T08:05:28.834 INFO:teuthology.orchestra.run.smithi067.stdout:/usr/bin/ceph: stderr
2024-09-10T08:05:27.105+0000 7fcd3cff9640 1 -- 172.21.15.67:0/1411796314 <== mon.0 v2:172.21.15.67:3300/0 6 ==== mon_command_ack([{"prefix": "get_command_descriptions"}]=0 v0) ==== 72+0+188821 (secure 0 0 0) 0x7fcd30045360 con 0x7fcd40105870
2024-09-10T08:05:28.834 INFO:teuthology.orchestra.run.smithi067.stdout:/usr/bin/ceph: stderr
2024-09-10T08:05:27.304+0000 7fcd46258640 1 -- 172.21.15.67:0/1411796314 --> [v2:172.21.15.67:6800/2987520524,v1:172.21.15.67:6801/2987520524] -- mgr_command(tid 0: {"prefix": "orch apply", "service_type": "mgr", "unmanaged": true, "target": ["mon-mgr", ""]}) -- 0x7fcd4019ea40 con 0x7fcd28039030
2024-09-10T08:05:28.834 INFO:teuthology.orchestra.run.smithi067.stdout:/usr/bin/ceph: stderr
2024-09-10T08:05:27.308+0000 7fcd3cff9640 1 -- 172.21.15.67:0/1411796314 <== mgr.14118 v2:172.21.15.67:6800/2987520524 1 ==== mgr_command_reply(tid 0: 0 ) ==== 8+0+24 (secure 0 0 0) 0x7fcd4019ea40 con 0x7fcd28039030
2024-09-10T08:05:28.834 INFO:teuthology.orchestra.run.smithi067.stdout:/usr/bin/ceph: stderr
2024-09-10T08:05:27.310+0000 7fcd46258640 1 -- 172.21.15.67:0/1411796314 >> [v2:172.21.15.67:6800/2987520524,v1:172.21.15.67:6801/2987520524] conn(0x7fcd28039030 msgr2=0x7fcd2803b4f0 secure :-1 s=STATE_CONNECTION_ESTABLISHED l=1).mark_down
2024-09-10T08:05:28.834 INFO:teuthology.orchestra.run.smithi067.stdout:/usr/bin/ceph: stderr
2024-09-10T08:05:27.310+0000 7fcd46258640 1 --2- 172.21.15.67:0/1411796314 >> [v2:172.21.15.67:6800/2987520524,v1:172.21.15.67:6801/2987520524] conn(0x7fcd28039030 0x7fcd2803b4f0 secure :-1 s=READY pgs=13 cs=0 l=1 rev1=1 crypto rx=0x7fcd340098c0 tx=0x7fcd34006db0 comp rx=0 tx=0).stop
2024-09-10T08:05:28.834 INFO:teuthology.orchestra.run.smithi067.stdout:/usr/bin/ceph: stderr
2024-09-10T08:05:27.310+0000 7fcd46258640 1 -- 172.21.15.67:0/1411796314 >> [v2:172.21.15.67:3300/0,v1:172.21.15.67:6789/0] conn(0x7fcd40105870 msgr2=0x7fcd4019b3b0 secure :-1 s=STATE_CONNECTION_ESTABLISHED l=1).mark_down
2024-09-10T08:05:28.835 INFO:teuthology.orchestra.run.smithi067.stdout:/usr/bin/ceph: stderr
2024-09-10T08:05:27.310+0000 7fcd46258640 1 --2- 172.21.15.67:0/1411796314 >> [v2:172.21.15.67:3300/0,v1:172.21.15.67:6789/0] conn(0x7fcd40105870 0x7fcd4019b3b0 secure :-1 s=READY pgs=48 cs=0 l=1 rev1=1 crypto rx=0x7fcd30009940 tx=0x7fcd30032e10 comp rx=0 tx=0).stop
2024-09-10T08:05:28.835 INFO:teuthology.orchestra.run.smithi067.stdout:/usr/bin/ceph: stderr
2024-09-10T08:05:27.310+0000 7fcd46258640 1 -- 172.21.15.67:0/1411796314 shutdown_connections
2024-09-10T08:05:28.835 INFO:teuthology.orchestra.run.smithi067.stdout:/usr/bin/ceph: stderr
2024-09-10T08:05:27.310+0000 7fcd46258640 1 --2- 172.21.15.67:0/1411796314 >> [v2:172.21.15.67:6800/2987520524,v1:172.21.15.67:6801/2987520524] conn(0x7fcd28039030 0x7fcd2803b4f0 unknown :-1 s=CLOSED pgs=13 cs=0 l=1 rev1=1 crypto rx=0 tx=0 comp rx=0 tx=0).stop
2024-09-10T08:05:28.835 INFO:teuthology.orchestra.run.smithi067.stdout:/usr/bin/ceph: stderr
2024-09-10T08:05:27.310+0000 7fcd46258640 1 --2- 172.21.15.67:0/1411796314 >> [v2:172.21.15.67:3300/0,v1:172.21.15.67:6789/0] conn(0x7fcd40105870 0x7fcd4019b3b0 unknown :-1 s=CLOSED pgs=48 cs=0 l=1 rev1=1 crypto rx=0 tx=0 comp rx=0 tx=0).stop
2024-09-10T08:05:28.835 INFO:teuthology.orchestra.run.smithi067.stdout:/usr/bin/ceph: stderr
2024-09-10T08:05:27.310+0000 7fcd46258640 1 -- 172.21.15.67:0/1411796314 >> 172.21.15.67:0/1411796314 conn(0x7fcd40101420 msgr2=0x7fcd40101e90 unknown :-1 s=STATE_NONE l=0).mark_down
2024-09-10T08:05:28.835 INFO:teuthology.orchestra.run.smithi067.stdout:/usr/bin/ceph: stderr
2024-09-10T08:05:27.310+0000 7fcd46258640 1 -- 172.21.15.67:0/1411796314 shutdown_connections
2024-09-10T08:05:28.835 INFO:teuthology.orchestra.run.smithi067.stdout:/usr/bin/ceph: stderr
2024-09-10T08:05:27.310+0000 7fcd46258640 1 -- 172.21.15.67:0/1411796314 wait complete.
2024-09-10T08:05:30.004 INFO:teuthology.orchestra.run.smithi067.stdout:/usr/bin/ceph: stderr
2024-09-10T08:05:29.253+0000 7fdee42be640 1 Processor -- start
2024-09-10T08:05:30.004 INFO:teuthology.orchestra.run.smithi067.stdout:/usr/bin/ceph: stderr
2024-09-10T08:05:29.253+0000 7fdee42be640 1 -- start start
2024-09-10T08:05:30.004 INFO:teuthology.orchestra.run.smithi067.stdout:/usr/bin/ceph: stderr
2024-09-10T08:05:29.253+0000 7fdee42be640 1 --2- >> [v2:172.21.15.67:3300/0,v1:172.21.15.67:6789/0] conn(0x7fdedc107f70 0x7fdedc10a360 unknown :-1 s=NONE pgs=0 cs=0 l=0 rev1=0 crypto rx=0 tx=0 comp rx=0 tx=0).connect
2024-09-10T08:05:30.004 INFO:teuthology.orchestra.run.smithi067.stdout:/usr/bin/ceph: stderr
2024-09-10T08:05:29.253+0000 7fdee42be640 1 -- --> [v2:172.21.15.67:3300/0,v1:172.21.15.67:6789/0] -- mon_getmap magic: 0 -- 0x7fdedc075740 con 0x7fdedc107f70
2024-09-10T08:05:30.004 INFO:teuthology.orchestra.run.smithi067.stdout:/usr/bin/ceph: stderr
2024-09-10T08:05:29.254+0000 7fdee205a640 1 --2- >> [v2:172.21.15.67:3300/0,v1:172.21.15.67:6789/0] conn(0x7fdedc107f70 0x7fdedc10a360 unknown :-1 s=BANNER_CONNECTING pgs=0 cs=0 l=0 rev1=0 crypto rx=0 tx=0 comp rx=0 tx=0)._handle_peer_banner_payload supported=3 required=0
2024-09-10T08:05:30.004 INFO:teuthology.orchestra.run.smithi067.stdout:/usr/bin/ceph: stderr
2024-09-10T08:05:29.254+0000 7fdee205a640 1 --2- >> [v2:172.21.15.67:3300/0,v1:172.21.15.67:6789/0] conn(0x7fdedc107f70 0x7fdedc10a360 unknown :-1 s=HELLO_CONNECTING pgs=0 cs=0 l=0 rev1=1 crypto rx=0 tx=0 comp rx=0 tx=0).handle_hello peer v2:172.21.15.67:3300/0 says I am v2:172.21.15.67:38352/0 (socket says 172.21.15.67:38352)
2024-09-10T08:05:30.005 INFO:teuthology.orchestra.run.smithi067.stdout:/usr/bin/ceph: stderr
2024-09-10T08:05:29.254+0000 7fdee205a640 1 -- 172.21.15.67:0/3397128054 learned_addr learned my addr 172.21.15.67:0/3397128054 (peer_addr_for_me v2:172.21.15.67:0/0)
2024-09-10T08:05:30.005 INFO:teuthology.orchestra.run.smithi067.stdout:/usr/bin/ceph: stderr
2024-09-10T08:05:29.254+0000 7fdee205a640 1 -- 172.21.15.67:0/3397128054 --> [v2:172.21.15.67:3300/0,v1:172.21.15.67:6789/0] -- mon_subscribe({config=0+,monmap=0+}) -- 0x7fdedc10a8a0 con 0x7fdedc107f70
2024-09-10T08:05:30.005 INFO:teuthology.orchestra.run.smithi067.stdout:/usr/bin/ceph: stderr
2024-09-10T08:05:29.255+0000 7fdee205a640 1 --2- 172.21.15.67:0/3397128054 >> [v2:172.21.15.67:3300/0,v1:172.21.15.67:6789/0] conn(0x7fdedc107f70 0x7fdedc10a360 secure :-1 s=READY pgs=49 cs=0 l=1 rev1=1 crypto rx=0x7fded8009820 tx=0x7fded802a270 comp rx=0 tx=0).ready entity=mon.0 client_cookie=dcb000655b1780b3 server_cookie=0 in_seq=0 out_seq=0
2024-09-10T08:05:30.005 INFO:teuthology.orchestra.run.smithi067.stdout:/usr/bin/ceph: stderr
2024-09-10T08:05:29.255+0000 7fdee1058640 1 -- 172.21.15.67:0/3397128054 <== mon.0 v2:172.21.15.67:3300/0 1 ==== mon_map magic: 0 ==== 205+0+0 (secure 0 0 0) 0x7fded8037070 con 0x7fdedc107f70
2024-09-10T08:05:30.005 INFO:teuthology.orchestra.run.smithi067.stdout:/usr/bin/ceph: stderr
2024-09-10T08:05:29.255+0000 7fdee1058640 1 -- 172.21.15.67:0/3397128054 <== mon.0 v2:172.21.15.67:3300/0 2 ==== config(26 keys) ==== 1102+0+0 (secure 0 0 0) 0x7fded80328f0 con 0x7fdedc107f70
2024-09-10T08:05:30.005 INFO:teuthology.orchestra.run.smithi067.stdout:/usr/bin/ceph: stderr
2024-09-10T08:05:29.255+0000 7fdee1058640 1 -- 172.21.15.67:0/3397128054 <== mon.0 v2:172.21.15.67:3300/0 3 ==== mon_map magic: 0 ==== 205+0+0 (secure 0 0 0) 0x7fded8030740 con 0x7fdedc107f70
2024-09-10T08:05:30.005 INFO:teuthology.orchestra.run.smithi067.stdout:/usr/bin/ceph: stderr
2024-09-10T08:05:29.256+0000 7fdee42be640 1 -- 172.21.15.67:0/3397128054 >> [v2:172.21.15.67:3300/0,v1:172.21.15.67:6789/0] conn(0x7fdedc107f70 msgr2=0x7fdedc10a360 secure :-1 s=STATE_CONNECTION_ESTABLISHED l=1).mark_down
2024-09-10T08:05:30.005 INFO:teuthology.orchestra.run.smithi067.stdout:/usr/bin/ceph: stderr
2024-09-10T08:05:29.256+0000 7fdee42be640 1 --2- 172.21.15.67:0/3397128054 >> [v2:172.21.15.67:3300/0,v1:172.21.15.67:6789/0] conn(0x7fdedc107f70 0x7fdedc10a360 secure :-1 s=READY pgs=49 cs=0 l=1 rev1=1 crypto rx=0x7fded8009820 tx=0x7fded802a270 comp rx=0 tx=0).stop
2024-09-10T08:05:30.005 INFO:teuthology.orchestra.run.smithi067.stdout:/usr/bin/ceph: stderr
2024-09-10T08:05:29.256+0000 7fdee42be640 1 -- 172.21.15.67:0/3397128054 shutdown_connections
2024-09-10T08:05:30.005 INFO:teuthology.orchestra.run.smithi067.stdout:/usr/bin/ceph: stderr
2024-09-10T08:05:29.256+0000 7fdee42be640 1 --2- 172.21.15.67:0/3397128054 >> [v2:172.21.15.67:3300/0,v1:172.21.15.67:6789/0] conn(0x7fdedc107f70 0x7fdedc10a360 unknown :-1 s=CLOSED pgs=49 cs=0 l=1 rev1=1 crypto rx=0 tx=0 comp rx=0 tx=0).stop
2024-09-10T08:05:30.005 INFO:teuthology.orchestra.run.smithi067.stdout:/usr/bin/ceph: stderr
2024-09-10T08:05:29.256+0000 7fdee42be640 1 -- 172.21.15.67:0/3397128054 >> 172.21.15.67:0/3397128054 conn(0x7fdedc101b30 msgr2=0x7fdedc103f90 unknown :-1 s=STATE_NONE l=0).mark_down
2024-09-10T08:05:30.005 INFO:teuthology.orchestra.run.smithi067.stdout:/usr/bin/ceph: stderr
2024-09-10T08:05:29.256+0000 7fdee42be640 1 -- 172.21.15.67:0/3397128054 shutdown_connections
2024-09-10T08:05:30.006 INFO:teuthology.orchestra.run.smithi067.stdout:/usr/bin/ceph: stderr
2024-09-10T08:05:29.256+0000 7fdee42be640 1 -- 172.21.15.67:0/3397128054 wait complete.
2024-09-10T08:05:30.006 INFO:teuthology.orchestra.run.smithi067.stdout:/usr/bin/ceph: stderr
2024-09-10T08:05:29.256+0000 7fdee42be640 1 Processor -- start
2024-09-10T08:05:30.006 INFO:teuthology.orchestra.run.smithi067.stdout:/usr/bin/ceph: stderr
2024-09-10T08:05:29.256+0000 7fdee42be640 1 -- start start
2024-09-10T08:05:30.006 INFO:teuthology.orchestra.run.smithi067.stdout:/usr/bin/ceph: stderr
2024-09-10T08:05:29.257+0000 7fdee42be640 1 --2- >> [v2:172.21.15.67:3300/0,v1:172.21.15.67:6789/0] conn(0x7fdedc107f70 0x7fdedc19b380 unknown :-1 s=NONE pgs=0 cs=0 l=1 rev1=0 crypto rx=0 tx=0 comp rx=0 tx=0).connect
2024-09-10T08:05:30.006 INFO:teuthology.orchestra.run.smithi067.stdout:/usr/bin/ceph: stderr
2024-09-10T08:05:29.257+0000 7fdee42be640 1 -- --> [v2:172.21.15.67:3300/0,v1:172.21.15.67:6789/0] -- mon_getmap magic: 0 -- 0x7fdedc10b8c0 con 0x7fdedc107f70
2024-09-10T08:05:30.006 INFO:teuthology.orchestra.run.smithi067.stdout:/usr/bin/ceph: stderr
2024-09-10T08:05:29.257+0000 7fdee205a640 1 --2- >> [v2:172.21.15.67:3300/0,v1:172.21.15.67:6789/0] conn(0x7fdedc107f70 0x7fdedc19b380 unknown :-1 s=BANNER_CONNECTING pgs=0 cs=0 l=1 rev1=0 crypto rx=0 tx=0 comp rx=0 tx=0)._handle_peer_banner_payload supported=3 required=0
2024-09-10T08:05:30.006 INFO:teuthology.orchestra.run.smithi067.stdout:/usr/bin/ceph: stderr
2024-09-10T08:05:29.257+0000 7fdee205a640 1 --2- >> [v2:172.21.15.67:3300/0,v1:172.21.15.67:6789/0] conn(0x7fdedc107f70 0x7fdedc19b380 unknown :-1 s=HELLO_CONNECTING pgs=0 cs=0 l=1 rev1=1 crypto rx=0 tx=0 comp rx=0 tx=0).handle_hello peer v2:172.21.15.67:3300/0 says I am v2:172.21.15.67:38360/0 (socket says 172.21.15.67:38360)
2024-09-10T08:05:30.006 INFO:teuthology.orchestra.run.smithi067.stdout:/usr/bin/ceph: stderr
2024-09-10T08:05:29.257+0000 7fdee205a640 1 -- 172.21.15.67:0/958586032 learned_addr learned my addr 172.21.15.67:0/958586032 (peer_addr_for_me v2:172.21.15.67:0/0)
2024-09-10T08:05:30.006 INFO:teuthology.orchestra.run.smithi067.stdout:/usr/bin/ceph: stderr
2024-09-10T08:05:29.257+0000 7fdee205a640 1 -- 172.21.15.67:0/958586032 --> [v2:172.21.15.67:3300/0,v1:172.21.15.67:6789/0] -- mon_subscribe({config=0+,monmap=0+}) -- 0x7fdedc19b8c0 con 0x7fdedc107f70
2024-09-10T08:05:30.006 INFO:teuthology.orchestra.run.smithi067.stdout:/usr/bin/ceph: stderr
2024-09-10T08:05:29.257+0000 7fdee205a640 1 --2- 172.21.15.67:0/958586032 >> [v2:172.21.15.67:3300/0,v1:172.21.15.67:6789/0] conn(0x7fdedc107f70 0x7fdedc19b380 secure :-1 s=READY pgs=50 cs=0 l=1 rev1=1 crypto rx=0x7fded80097f0 tx=0x7fded8030c70 comp rx=0 tx=0).ready entity=mon.0 client_cookie=0 server_cookie=0 in_seq=0 out_seq=0
2024-09-10T08:05:30.006 INFO:teuthology.orchestra.run.smithi067.stdout:/usr/bin/ceph: stderr
2024-09-10T08:05:29.257+0000 7fded37fe640 1 -- 172.21.15.67:0/958586032 <== mon.0 v2:172.21.15.67:3300/0 1 ==== mon_map magic: 0 ==== 205+0+0 (secure 0 0 0) 0x7fded8042070 con 0x7fdedc107f70
2024-09-10T08:05:30.006 INFO:teuthology.orchestra.run.smithi067.stdout:/usr/bin/ceph: stderr
2024-09-10T08:05:29.257+0000 7fded37fe640 1 -- 172.21.15.67:0/958586032 <== mon.0 v2:172.21.15.67:3300/0 2 ==== config(26 keys) ==== 1102+0+0 (secure 0 0 0) 0x7fded8030d80 con 0x7fdedc107f70
2024-09-10T08:05:30.006 INFO:teuthology.orchestra.run.smithi067.stdout:/usr/bin/ceph: stderr
2024-09-10T08:05:29.257+0000 7fdee42be640 1 -- 172.21.15.67:0/958586032 --> [v2:172.21.15.67:3300/0,v1:172.21.15.67:6789/0] -- mon_subscribe({mgrmap=0+}) -- 0x7fdedc19bb50 con 0x7fdedc107f70
2024-09-10T08:05:30.007 INFO:teuthology.orchestra.run.smithi067.stdout:/usr/bin/ceph: stderr
2024-09-10T08:05:29.257+0000 7fded37fe640 1 -- 172.21.15.67:0/958586032 <== mon.0 v2:172.21.15.67:3300/0 3 ==== mon_map magic: 0 ==== 205+0+0 (secure 0 0 0) 0x7fded8037040 con 0x7fdedc107f70
2024-09-10T08:05:30.007 INFO:teuthology.orchestra.run.smithi067.stdout:/usr/bin/ceph: stderr
2024-09-10T08:05:29.257+0000 7fdee42be640 1 -- 172.21.15.67:0/958586032 --> [v2:172.21.15.67:3300/0,v1:172.21.15.67:6789/0] -- mon_subscribe({osdmap=0}) -- 0x7fdedc19e840 con 0x7fdedc107f70
2024-09-10T08:05:30.007 INFO:teuthology.orchestra.run.smithi067.stdout:/usr/bin/ceph: stderr
2024-09-10T08:05:29.258+0000 7fded37fe640 1 -- 172.21.15.67:0/958586032 <== mon.0 v2:172.21.15.67:3300/0 4 ==== mgrmap(e 8) ==== 46287+0+0 (secure 0 0 0) 0x7fded8045070 con 0x7fdedc107f70
2024-09-10T08:05:30.007 INFO:teuthology.orchestra.run.smithi067.stdout:/usr/bin/ceph: stderr
2024-09-10T08:05:29.258+0000 7fdee42be640 1 -- 172.21.15.67:0/958586032 --> [v2:172.21.15.67:3300/0,v1:172.21.15.67:6789/0] -- mon_command({"prefix": "get_command_descriptions"} v 0) -- 0x7fdedc1083d0 con 0x7fdedc107f70
2024-09-10T08:05:30.007 INFO:teuthology.orchestra.run.smithi067.stdout:/usr/bin/ceph: stderr
2024-09-10T08:05:29.259+0000 7fded37fe640 1 --2- 172.21.15.67:0/958586032 >> [v2:172.21.15.67:6800/2987520524,v1:172.21.15.67:6801/2987520524] conn(0x7fdec8039080 0x7fdec803b540 unknown :-1 s=NONE pgs=0 cs=0 l=1 rev1=0 crypto rx=0 tx=0 comp rx=0 tx=0).connect
2024-09-10T08:05:30.007 INFO:teuthology.orchestra.run.smithi067.stdout:/usr/bin/ceph: stderr
2024-09-10T08:05:29.259+0000 7fded37fe640 1 -- 172.21.15.67:0/958586032 <== mon.0 v2:172.21.15.67:3300/0 5 ==== osd_map(2..2 src has 1..2) ==== 940+0+0 (secure 0 0 0) 0x7fded806bfe0 con 0x7fdedc107f70
2024-09-10T08:05:30.007 INFO:teuthology.orchestra.run.smithi067.stdout:/usr/bin/ceph: stderr
2024-09-10T08:05:29.259+0000 7fdee1859640 1 --2- 172.21.15.67:0/958586032 >> [v2:172.21.15.67:6800/2987520524,v1:172.21.15.67:6801/2987520524] conn(0x7fdec8039080 0x7fdec803b540 unknown :-1 s=BANNER_CONNECTING pgs=0 cs=0 l=1 rev1=0 crypto rx=0 tx=0 comp rx=0 tx=0)._handle_peer_banner_payload supported=3 required=0
2024-09-10T08:05:30.007 INFO:teuthology.orchestra.run.smithi067.stdout:/usr/bin/ceph: stderr
2024-09-10T08:05:29.259+0000 7fdee1859640 1 --2- 172.21.15.67:0/958586032 >> [v2:172.21.15.67:6800/2987520524,v1:172.21.15.67:6801/2987520524] conn(0x7fdec8039080 0x7fdec803b540 secure :-1 s=READY pgs=14 cs=0 l=1 rev1=1 crypto rx=0x7fdecc0098c0 tx=0x7fdecc006db0 comp rx=0 tx=0).ready entity=mgr.14118 client_cookie=0 server_cookie=0 in_seq=0 out_seq=0
2024-09-10T08:05:30.007 INFO:teuthology.orchestra.run.smithi067.stdout:/usr/bin/ceph: stderr
2024-09-10T08:05:29.263+0000 7fded37fe640 1 -- 172.21.15.67:0/958586032 <== mon.0 v2:172.21.15.67:3300/0 6 ==== mon_command_ack([{"prefix": "get_command_descriptions"}]=0 v0) ==== 72+0+188821 (secure 0 0 0) 0x7fded802ed90 con 0x7fdedc107f70
2024-09-10T08:05:30.007 INFO:teuthology.orchestra.run.smithi067.stdout:/usr/bin/ceph: stderr
2024-09-10T08:05:29.441+0000 7fdee42be640 1 -- 172.21.15.67:0/958586032 --> [v2:172.21.15.67:3300/0,v1:172.21.15.67:6789/0] -- mon_command([{prefix=config set, name=mgr/cephadm/container_init}] v 0) -- 0x7fdedc19ee30 con 0x7fdedc107f70
2024-09-10T08:05:30.007 INFO:teuthology.orchestra.run.smithi067.stdout:/usr/bin/ceph: stderr
2024-09-10T08:05:29.446+0000 7fded37fe640 1 -- 172.21.15.67:0/958586032 <== mon.0 v2:172.21.15.67:3300/0 7 ==== mon_command_ack([{prefix=config set, name=mgr/cephadm/container_init}]=0 v7)=0 v7) ==== 142+0+0 (secure 0 0 0) 0x7fded80313a0 con 0x7fdedc107f70
2024-09-10T08:05:30.007 INFO:teuthology.orchestra.run.smithi067.stdout:/usr/bin/ceph: stderr
2024-09-10T08:05:29.448+0000 7fdee42be640 1 -- 172.21.15.67:0/958586032 >> [v2:172.21.15.67:6800/2987520524,v1:172.21.15.67:6801/2987520524] conn(0x7fdec8039080 msgr2=0x7fdec803b540 secure :-1 s=STATE_CONNECTION_ESTABLISHED l=1).mark_down
2024-09-10T08:05:30.008 INFO:teuthology.orchestra.run.smithi067.stdout:/usr/bin/ceph: stderr
2024-09-10T08:05:29.448+0000 7fdee42be640 1 --2- 172.21.15.67:0/958586032 >> [v2:172.21.15.67:6800/2987520524,v1:172.21.15.67:6801/2987520524] conn(0x7fdec8039080 0x7fdec803b540 secure :-1 s=READY pgs=14 cs=0 l=1 rev1=1 crypto rx=0x7fdecc0098c0 tx=0x7fdecc006db0 comp rx=0 tx=0).stop
2024-09-10T08:05:30.008 INFO:teuthology.orchestra.run.smithi067.stdout:/usr/bin/ceph: stderr
2024-09-10T08:05:29.448+0000 7fdee42be640 1 -- 172.21.15.67:0/958586032 >> [v2:172.21.15.67:3300/0,v1:172.21.15.67:6789/0] conn(0x7fdedc107f70 msgr2=0x7fdedc19b380 secure :-1 s=STATE_CONNECTION_ESTABLISHED l=1).mark_down
2024-09-10T08:05:30.008 INFO:teuthology.orchestra.run.smithi067.stdout:/usr/bin/ceph: stderr
2024-09-10T08:05:29.448+0000 7fdee42be640 1 --2- 172.21.15.67:0/958586032 >> [v2:172.21.15.67:3300/0,v1:172.21.15.67:6789/0] conn(0x7fdedc107f70 0x7fdedc19b380 secure :-1 s=READY pgs=50 cs=0 l=1 rev1=1 crypto rx=0x7fded80097f0 tx=0x7fded8030c70 comp rx=0 tx=0).stop
2024-09-10T08:05:30.008 INFO:teuthology.orchestra.run.smithi067.stdout:/usr/bin/ceph: stderr
2024-09-10T08:05:29.449+0000 7fdee42be640 1 -- 172.21.15.67:0/958586032 shutdown_connections
2024-09-10T08:05:30.008 INFO:teuthology.orchestra.run.smithi067.stdout:/usr/bin/ceph: stderr
2024-09-10T08:05:29.449+0000 7fdee42be640 1 --2- 172.21.15.67:0/958586032 >> [v2:172.21.15.67:6800/2987520524,v1:172.21.15.67:6801/2987520524] conn(0x7fdec8039080 0x7fdec803b540 unknown :-1 s=CLOSED pgs=14 cs=0 l=1 rev1=1 crypto rx=0 tx=0 comp rx=0 tx=0).stop
2024-09-10T08:05:30.008 INFO:teuthology.orchestra.run.smithi067.stdout:/usr/bin/ceph: stderr
2024-09-10T08:05:29.449+0000 7fdee42be640 1 --2- 172.21.15.67:0/958586032 >> [v2:172.21.15.67:3300/0,v1:172.21.15.67:6789/0] conn(0x7fdedc107f70 0x7fdedc19b380 unknown :-1 s=CLOSED pgs=50 cs=0 l=1 rev1=1 crypto rx=0 tx=0 comp rx=0 tx=0).stop
2024-09-10T08:05:30.008 INFO:teuthology.orchestra.run.smithi067.stdout:/usr/bin/ceph: stderr
2024-09-10T08:05:29.449+0000 7fdee42be640 1 -- 172.21.15.67:0/958586032 >> 172.21.15.67:0/958586032 conn(0x7fdedc101b30 msgr2=0x7fdedc102690 unknown :-1 s=STATE_NONE l=0).mark_down
2024-09-10T08:05:30.008 INFO:teuthology.orchestra.run.smithi067.stdout:/usr/bin/ceph: stderr
2024-09-10T08:05:29.449+0000 7fdee42be640 1 -- 172.21.15.67:0/958586032 shutdown_connections
2024-09-10T08:05:30.008 INFO:teuthology.orchestra.run.smithi067.stdout:/usr/bin/ceph: stderr
2024-09-10T08:05:29.449+0000 7fdee42be640 1 -- 172.21.15.67:0/958586032 wait complete.
2024-09-10T08:05:30.665 INFO:journalctl@ceph.mon.a.smithi067.stdout:Sep 10 08:05:30 smithi067 ceph-mon[31051]: from='mgr.14118 172.21.15.67:0/1905199546' entity='mgr.x'
2024-09-10T08:05:30.665 INFO:journalctl@ceph.mon.a.smithi067.stdout:Sep 10 08:05:30 smithi067 ceph-mon[31051]: from='client.? 172.21.15.67:0/958586032' entity='client.admin'
2024-09-10T08:05:31.589 INFO:teuthology.orchestra.run.smithi067.stdout:/usr/bin/ceph: stderr
2024-09-10T08:05:30.372+0000 7fbb16f85640 1 Processor -- start
2024-09-10T08:05:31.589 INFO:teuthology.orchestra.run.smithi067.stdout:/usr/bin/ceph: stderr
2024-09-10T08:05:30.372+0000 7fbb16f85640 1 -- start start
2024-09-10T08:05:31.589 INFO:teuthology.orchestra.run.smithi067.stdout:/usr/bin/ceph: stderr
2024-09-10T08:05:30.372+0000 7fbb16f85640 1 --2- >> [v2:172.21.15.67:3300/0,v1:172.21.15.67:6789/0] conn(0x7fbb10105d20 0x7fbb10108130 unknown :-1 s=NONE pgs=0 cs=0 l=0 rev1=0 crypto rx=0 tx=0 comp rx=0 tx=0).connect
2024-09-10T08:05:31.589 INFO:teuthology.orchestra.run.smithi067.stdout:/usr/bin/ceph: stderr
2024-09-10T08:05:30.372+0000 7fbb16f85640 1 -- --> [v2:172.21.15.67:3300/0,v1:172.21.15.67:6789/0] -- mon_getmap magic: 0 -- 0x7fbb10075780 con 0x7fbb10105d20
2024-09-10T08:05:31.589 INFO:teuthology.orchestra.run.smithi067.stdout:/usr/bin/ceph: stderr
2024-09-10T08:05:30.372+0000 7fbb14d21640 1 --2- >> [v2:172.21.15.67:3300/0,v1:172.21.15.67:6789/0] conn(0x7fbb10105d20 0x7fbb10108130 unknown :-1 s=BANNER_CONNECTING pgs=0 cs=0 l=0 rev1=0 crypto rx=0 tx=0 comp rx=0 tx=0)._handle_peer_banner_payload supported=3 required=0
2024-09-10T08:05:31.589 INFO:teuthology.orchestra.run.smithi067.stdout:/usr/bin/ceph: stderr
2024-09-10T08:05:30.372+0000 7fbb14d21640 1 --2- >> [v2:172.21.15.67:3300/0,v1:172.21.15.67:6789/0] conn(0x7fbb10105d20 0x7fbb10108130 unknown :-1 s=HELLO_CONNECTING pgs=0 cs=0 l=0 rev1=1 crypto rx=0 tx=0 comp rx=0 tx=0).handle_hello peer v2:172.21.15.67:3300/0 says I am v2:172.21.15.67:38366/0 (socket says 172.21.15.67:38366)
2024-09-10T08:05:31.589 INFO:teuthology.orchestra.run.smithi067.stdout:/usr/bin/ceph: stderr
2024-09-10T08:05:30.372+0000 7fbb14d21640 1 -- 172.21.15.67:0/95249816 learned_addr learned my addr 172.21.15.67:0/95249816 (peer_addr_for_me v2:172.21.15.67:0/0)
2024-09-10T08:05:31.589 INFO:teuthology.orchestra.run.smithi067.stdout:/usr/bin/ceph: stderr
2024-09-10T08:05:30.373+0000 7fbb14d21640 1 -- 172.21.15.67:0/95249816 --> [v2:172.21.15.67:3300/0,v1:172.21.15.67:6789/0] -- mon_subscribe({config=0+,monmap=0+}) -- 0x7fbb10108670 con 0x7fbb10105d20
2024-09-10T08:05:31.590 INFO:teuthology.orchestra.run.smithi067.stdout:/usr/bin/ceph: stderr
2024-09-10T08:05:30.373+0000 7fbb14d21640 1 --2- 172.21.15.67:0/95249816 >> [v2:172.21.15.67:3300/0,v1:172.21.15.67:6789/0] conn(0x7fbb10105d20 0x7fbb10108130 secure :-1 s=READY pgs=51 cs=0 l=1 rev1=1 crypto rx=0x7fbb04009820 tx=0x7fbb0402a270 comp rx=0 tx=0).ready entity=mon.0 client_cookie=bc73a12c24e92adc server_cookie=0 in_seq=0 out_seq=0
2024-09-10T08:05:31.590 INFO:teuthology.orchestra.run.smithi067.stdout:/usr/bin/ceph: stderr
2024-09-10T08:05:30.373+0000 7fbb0f7fe640 1 -- 172.21.15.67:0/95249816 <== mon.0 v2:172.21.15.67:3300/0 1 ==== mon_map magic: 0 ==== 205+0+0 (secure 0 0 0) 0x7fbb04037070 con 0x7fbb10105d20
2024-09-10T08:05:31.590 INFO:teuthology.orchestra.run.smithi067.stdout:/usr/bin/ceph: stderr
2024-09-10T08:05:30.374+0000 7fbb0f7fe640 1 -- 172.21.15.67:0/95249816 <== mon.0 v2:172.21.15.67:3300/0 2 ==== config(26 keys) ==== 1102+0+0 (secure 0 0 0) 0x7fbb040328f0 con 0x7fbb10105d20
2024-09-10T08:05:31.590 INFO:teuthology.orchestra.run.smithi067.stdout:/usr/bin/ceph: stderr
2024-09-10T08:05:30.374+0000 7fbb0f7fe640 1 -- 172.21.15.67:0/95249816 <== mon.0 v2:172.21.15.67:3300/0 3 ==== mon_map magic: 0 ==== 205+0+0 (secure 0 0 0) 0x7fbb04030740 con 0x7fbb10105d20
2024-09-10T08:05:31.590 INFO:teuthology.orchestra.run.smithi067.stdout:/usr/bin/ceph: stderr
2024-09-10T08:05:30.374+0000 7fbb16f85640 1 -- 172.21.15.67:0/95249816 >> [v2:172.21.15.67:3300/0,v1:172.21.15.67:6789/0] conn(0x7fbb10105d20 msgr2=0x7fbb10108130 secure :-1 s=STATE_CONNECTION_ESTABLISHED l=1).mark_down
2024-09-10T08:05:31.590 INFO:teuthology.orchestra.run.smithi067.stdout:/usr/bin/ceph: stderr
2024-09-10T08:05:30.374+0000 7fbb16f85640 1 --2- 172.21.15.67:0/95249816 >> [v2:172.21.15.67:3300/0,v1:172.21.15.67:6789/0] conn(0x7fbb10105d20 0x7fbb10108130 secure :-1 s=READY pgs=51 cs=0 l=1 rev1=1 crypto rx=0x7fbb04009820 tx=0x7fbb0402a270 comp rx=0 tx=0).stop
2024-09-10T08:05:31.590 INFO:teuthology.orchestra.run.smithi067.stdout:/usr/bin/ceph: stderr
2024-09-10T08:05:30.374+0000 7fbb16f85640 1 -- 172.21.15.67:0/95249816 shutdown_connections
2024-09-10T08:05:31.590 INFO:teuthology.orchestra.run.smithi067.stdout:/usr/bin/ceph: stderr
2024-09-10T08:05:30.374+0000 7fbb16f85640 1 --2- 172.21.15.67:0/95249816 >> [v2:172.21.15.67:3300/0,v1:172.21.15.67:6789/0] conn(0x7fbb10105d20 0x7fbb10108130 unknown :-1 s=CLOSED pgs=51 cs=0 l=1 rev1=1 crypto rx=0 tx=0 comp rx=0 tx=0).stop
2024-09-10T08:05:31.590 INFO:teuthology.orchestra.run.smithi067.stdout:/usr/bin/ceph: stderr
2024-09-10T08:05:30.374+0000 7fbb16f85640 1 -- 172.21.15.67:0/95249816 >> 172.21.15.67:0/95249816 conn(0x7fbb10101b30 msgr2=0x7fbb10103f90 unknown :-1 s=STATE_NONE l=0).mark_down
2024-09-10T08:05:31.590 INFO:teuthology.orchestra.run.smithi067.stdout:/usr/bin/ceph: stderr
2024-09-10T08:05:30.374+0000 7fbb16f85640 1 -- 172.21.15.67:0/95249816 shutdown_connections
2024-09-10T08:05:31.590 INFO:teuthology.orchestra.run.smithi067.stdout:/usr/bin/ceph: stderr
2024-09-10T08:05:30.374+0000 7fbb16f85640 1 -- 172.21.15.67:0/95249816 wait complete.
2024-09-10T08:05:31.590 INFO:teuthology.orchestra.run.smithi067.stdout:/usr/bin/ceph: stderr
2024-09-10T08:05:30.375+0000 7fbb16f85640 1 Processor -- start
2024-09-10T08:05:31.591 INFO:teuthology.orchestra.run.smithi067.stdout:/usr/bin/ceph: stderr
2024-09-10T08:05:30.375+0000 7fbb16f85640 1 -- start start
2024-09-10T08:05:31.591 INFO:teuthology.orchestra.run.smithi067.stdout:/usr/bin/ceph: stderr
2024-09-10T08:05:30.375+0000 7fbb16f85640 1 --2- >> [v2:172.21.15.67:3300/0,v1:172.21.15.67:6789/0] conn(0x7fbb10105d20 0x7fbb101a1940 unknown :-1 s=NONE pgs=0 cs=0 l=1 rev1=0 crypto rx=0 tx=0 comp rx=0 tx=0).connect
2024-09-10T08:05:31.591 INFO:teuthology.orchestra.run.smithi067.stdout:/usr/bin/ceph: stderr
2024-09-10T08:05:30.375+0000 7fbb16f85640 1 -- --> [v2:172.21.15.67:3300/0,v1:172.21.15.67:6789/0] -- mon_getmap magic: 0 -- 0x7fbb10109750 con 0x7fbb10105d20
2024-09-10T08:05:31.591 INFO:teuthology.orchestra.run.smithi067.stdout:/usr/bin/ceph: stderr
2024-09-10T08:05:30.375+0000 7fbb14d21640 1 --2- >> [v2:172.21.15.67:3300/0,v1:172.21.15.67:6789/0] conn(0x7fbb10105d20 0x7fbb101a1940 unknown :-1 s=BANNER_CONNECTING pgs=0 cs=0 l=1 rev1=0 crypto rx=0 tx=0 comp rx=0 tx=0)._handle_peer_banner_payload supported=3 required=0
2024-09-10T08:05:31.591 INFO:teuthology.orchestra.run.smithi067.stdout:/usr/bin/ceph: stderr
2024-09-10T08:05:30.375+0000 7fbb14d21640 1 --2- >> [v2:172.21.15.67:3300/0,v1:172.21.15.67:6789/0] conn(0x7fbb10105d20 0x7fbb101a1940 unknown :-1 s=HELLO_CONNECTING pgs=0 cs=0 l=1 rev1=1 crypto rx=0 tx=0 comp rx=0 tx=0).handle_hello peer v2:172.21.15.67:3300/0 says I am v2:172.21.15.67:38380/0 (socket says 172.21.15.67:38380)
2024-09-10T08:05:31.591 INFO:teuthology.orchestra.run.smithi067.stdout:/usr/bin/ceph: stderr
2024-09-10T08:05:30.375+0000 7fbb14d21640 1 -- 172.21.15.67:0/1376282905 learned_addr learned my addr 172.21.15.67:0/1376282905 (peer_addr_for_me v2:172.21.15.67:0/0)
2024-09-10T08:05:31.591 INFO:teuthology.orchestra.run.smithi067.stdout:/usr/bin/ceph: stderr
2024-09-10T08:05:30.376+0000 7fbb14d21640 1 -- 172.21.15.67:0/1376282905 --> [v2:172.21.15.67:3300/0,v1:172.21.15.67:6789/0] -- mon_subscribe({config=0+,monmap=0+}) -- 0x7fbb101a1e80 con 0x7fbb10105d20
2024-09-10T08:05:31.591 INFO:teuthology.orchestra.run.smithi067.stdout:/usr/bin/ceph: stderr
2024-09-10T08:05:30.376+0000 7fbb14d21640 1 --2- 172.21.15.67:0/1376282905 >> [v2:172.21.15.67:3300/0,v1:172.21.15.67:6789/0] conn(0x7fbb10105d20 0x7fbb101a1940 secure :-1 s=READY pgs=52 cs=0 l=1 rev1=1 crypto rx=0x7fbb040097f0 tx=0x7fbb04030c70 comp rx=0 tx=0).ready entity=mon.0 client_cookie=0 server_cookie=0 in_seq=0 out_seq=0
2024-09-10T08:05:31.591 INFO:teuthology.orchestra.run.smithi067.stdout:/usr/bin/ceph: stderr
2024-09-10T08:05:30.376+0000 7fbb0dffb640 1 -- 172.21.15.67:0/1376282905 <== mon.0 v2:172.21.15.67:3300/0 1 ==== mon_map magic: 0 ==== 205+0+0 (secure 0 0 0) 0x7fbb04042070 con 0x7fbb10105d20
2024-09-10T08:05:31.591 INFO:teuthology.orchestra.run.smithi067.stdout:/usr/bin/ceph: stderr
2024-09-10T08:05:30.376+0000 7fbb0dffb640 1 -- 172.21.15.67:0/1376282905 <== mon.0 v2:172.21.15.67:3300/0 2 ==== config(26 keys) ==== 1102+0+0 (secure 0 0 0) 0x7fbb04030d80 con 0x7fbb10105d20
2024-09-10T08:05:31.592 INFO:teuthology.orchestra.run.smithi067.stdout:/usr/bin/ceph: stderr
2024-09-10T08:05:30.376+0000 7fbb16f85640 1 -- 172.21.15.67:0/1376282905 --> [v2:172.21.15.67:3300/0,v1:172.21.15.67:6789/0] -- mon_subscribe({mgrmap=0+}) -- 0x7fbb101a2110 con 0x7fbb10105d20
2024-09-10T08:05:31.592 INFO:teuthology.orchestra.run.smithi067.stdout:/usr/bin/ceph: stderr
2024-09-10T08:05:30.376+0000 7fbb0dffb640 1 -- 172.21.15.67:0/1376282905 <== mon.0 v2:172.21.15.67:3300/0 3 ==== mon_map magic: 0 ==== 205+0+0 (secure 0 0 0) 0x7fbb04037040 con 0x7fbb10105d20
2024-09-10T08:05:31.592 INFO:teuthology.orchestra.run.smithi067.stdout:/usr/bin/ceph: stderr
2024-09-10T08:05:30.376+0000 7fbb16f85640 1 -- 172.21.15.67:0/1376282905 --> [v2:172.21.15.67:3300/0,v1:172.21.15.67:6789/0] -- mon_subscribe({osdmap=0}) -- 0x7fbb101a4e00 con 0x7fbb10105d20
2024-09-10T08:05:31.592 INFO:teuthology.orchestra.run.smithi067.stdout:/usr/bin/ceph: stderr
2024-09-10T08:05:30.377+0000 7fbb0dffb640 1 -- 172.21.15.67:0/1376282905 <== mon.0 v2:172.21.15.67:3300/0 4 ==== mgrmap(e 8) ==== 46287+0+0 (secure 0 0 0) 0x7fbb04045070 con 0x7fbb10105d20
2024-09-10T08:05:31.592 INFO:teuthology.orchestra.run.smithi067.stdout:/usr/bin/ceph: stderr
2024-09-10T08:05:30.377+0000 7fbb0dffb640 1 --2- 172.21.15.67:0/1376282905 >> [v2:172.21.15.67:6800/2987520524,v1:172.21.15.67:6801/2987520524] conn(0x7fbb00039080 0x7fbb0003b540 unknown :-1 s=NONE pgs=0 cs=0 l=1 rev1=0 crypto rx=0 tx=0 comp rx=0 tx=0).connect
2024-09-10T08:05:31.592 INFO:teuthology.orchestra.run.smithi067.stdout:/usr/bin/ceph: stderr
2024-09-10T08:05:30.377+0000 7fbb0dffb640 1 -- 172.21.15.67:0/1376282905 <== mon.0 v2:172.21.15.67:3300/0 5 ==== osd_map(2..2 src has 1..2) ==== 940+0+0 (secure 0 0 0) 0x7fbb0406c030 con 0x7fbb10105d20
2024-09-10T08:05:31.592 INFO:teuthology.orchestra.run.smithi067.stdout:/usr/bin/ceph: stderr
2024-09-10T08:05:30.378+0000 7fbb16f85640 1 -- 172.21.15.67:0/1376282905 --> [v2:172.21.15.67:3300/0,v1:172.21.15.67:6789/0] -- mon_command({"prefix": "get_command_descriptions"} v 0) -- 0x7fbb10106120 con 0x7fbb10105d20
2024-09-10T08:05:31.592 INFO:teuthology.orchestra.run.smithi067.stdout:/usr/bin/ceph: stderr
2024-09-10T08:05:30.378+0000 7fbb0ffff640 1 --2- 172.21.15.67:0/1376282905 >> [v2:172.21.15.67:6800/2987520524,v1:172.21.15.67:6801/2987520524] conn(0x7fbb00039080 0x7fbb0003b540 unknown :-1 s=BANNER_CONNECTING pgs=0 cs=0 l=1 rev1=0 crypto rx=0 tx=0 comp rx=0 tx=0)._handle_peer_banner_payload supported=3 required=0
2024-09-10T08:05:31.592 INFO:teuthology.orchestra.run.smithi067.stdout:/usr/bin/ceph: stderr
2024-09-10T08:05:30.378+0000 7fbb0ffff640 1 --2- 172.21.15.67:0/1376282905 >> [v2:172.21.15.67:6800/2987520524,v1:172.21.15.67:6801/2987520524] conn(0x7fbb00039080 0x7fbb0003b540 secure :-1 s=READY pgs=15 cs=0 l=1 rev1=1 crypto rx=0x7fbafc0098c0 tx=0x7fbafc006db0 comp rx=0 tx=0).ready entity=mgr.14118 client_cookie=0 server_cookie=0 in_seq=0 out_seq=0
2024-09-10T08:05:31.592 INFO:teuthology.orchestra.run.smithi067.stdout:/usr/bin/ceph: stderr
2024-09-10T08:05:30.384+0000 7fbb0dffb640 1 -- 172.21.15.67:0/1376282905 <== mon.0 v2:172.21.15.67:3300/0 6 ==== mon_command_ack([{"prefix": "get_command_descriptions"}]=0 v0) ==== 72+0+188821 (secure 0 0 0) 0x7fbb0404b170 con 0x7fbb10105d20
2024-09-10T08:05:31.592 INFO:teuthology.orchestra.run.smithi067.stdout:/usr/bin/ceph: stderr
2024-09-10T08:05:30.568+0000 7fbb16f85640 1 -- 172.21.15.67:0/1376282905 --> [v2:172.21.15.67:3300/0,v1:172.21.15.67:6789/0] -- mon_command([{prefix=config set, name=mgr/dashboard/ssl_server_port}] v 0) -- 0x7fbb1002d930 con 0x7fbb10105d20
2024-09-10T08:05:31.592 INFO:teuthology.orchestra.run.smithi067.stdout:/usr/bin/ceph: stderr
2024-09-10T08:05:30.573+0000 7fbb0dffb640 1 -- 172.21.15.67:0/1376282905 <== mon.0 v2:172.21.15.67:3300/0 7 ==== mon_command_ack([{prefix=config set, name=mgr/dashboard/ssl_server_port}]=0 v8)=0 v8) ==== 130+0+0 (secure 0 0 0) 0x7fbb04045520 con 0x7fbb10105d20
2024-09-10T08:05:31.592 INFO:teuthology.orchestra.run.smithi067.stdout:/usr/bin/ceph: stderr
2024-09-10T08:05:30.576+0000 7fbb16f85640 1 -- 172.21.15.67:0/1376282905 >> [v2:172.21.15.67:6800/2987520524,v1:172.21.15.67:6801/2987520524] conn(0x7fbb00039080 msgr2=0x7fbb0003b540 secure :-1 s=STATE_CONNECTION_ESTABLISHED l=1).mark_down
2024-09-10T08:05:31.593 INFO:teuthology.orchestra.run.smithi067.stdout:/usr/bin/ceph: stderr
2024-09-10T08:05:30.576+0000 7fbb16f85640 1 --2- 172.21.15.67:0/1376282905 >> [v2:172.21.15.67:6800/2987520524,v1:172.21.15.67:6801/2987520524] conn(0x7fbb00039080 0x7fbb0003b540 secure :-1 s=READY pgs=15 cs=0 l=1 rev1=1 crypto rx=0x7fbafc0098c0 tx=0x7fbafc006db0 comp rx=0 tx=0).stop
2024-09-10T08:05:31.593 INFO:teuthology.orchestra.run.smithi067.stdout:/usr/bin/ceph: stderr
2024-09-10T08:05:30.576+0000 7fbb16f85640 1 -- 172.21.15.67:0/1376282905 >> [v2:172.21.15.67:3300/0,v1:172.21.15.67:6789/0] conn(0x7fbb10105d20 msgr2=0x7fbb101a1940 secure :-1 s=STATE_CONNECTION_ESTABLISHED l=1).mark_down
2024-09-10T08:05:31.593 INFO:teuthology.orchestra.run.smithi067.stdout:/usr/bin/ceph: stderr
2024-09-10T08:05:30.576+0000 7fbb16f85640 1 --2- 172.21.15.67:0/1376282905 >> [v2:172.21.15.67:3300/0,v1:172.21.15.67:6789/0] conn(0x7fbb10105d20 0x7fbb101a1940 secure :-1 s=READY pgs=52 cs=0 l=1 rev1=1 crypto rx=0x7fbb040097f0 tx=0x7fbb04030c70 comp rx=0 tx=0).stop
2024-09-10T08:05:31.593 INFO:teuthology.orchestra.run.smithi067.stdout:/usr/bin/ceph: stderr
2024-09-10T08:05:30.576+0000 7fbb16f85640 1 -- 172.21.15.67:0/1376282905 shutdown_connections
2024-09-10T08:05:31.593 INFO:teuthology.orchestra.run.smithi067.stdout:/usr/bin/ceph: stderr
2024-09-10T08:05:30.576+0000 7fbb16f85640 1 --2- 172.21.15.67:0/1376282905 >> [v2:172.21.15.67:6800/2987520524,v1:172.21.15.67:6801/2987520524] conn(0x7fbb00039080 0x7fbb0003b540 unknown :-1 s=CLOSED pgs=15 cs=0 l=1 rev1=1 crypto rx=0 tx=0 comp rx=0 tx=0).stop
2024-09-10T08:05:31.593 INFO:teuthology.orchestra.run.smithi067.stdout:/usr/bin/ceph: stderr
