2024-09-10T08:08:31.325+0000 7f58d6ffd640 1 -- 172.21.15.79:0/1028458060 learned_addr learned my addr 172.21.15.79:0/1028458060 (peer_addr_for_me v2:172.21.15.79:0/0)
2024-09-10T08:08:32.323 INFO:teuthology.orchestra.run.smithi079.stdout:/usr/bin/ceph: stderr
2024-09-10T08:08:31.325+0000 7f58d6ffd640 1 -- 172.21.15.79:0/1028458060 --> [v2:172.21.15.79:3300/0,v1:172.21.15.79:6789/0] -- mon_subscribe({config=0+,monmap=0+}) -- 0x7f58d819c030 con 0x7f58d8107a40
2024-09-10T08:08:32.323 INFO:teuthology.orchestra.run.smithi079.stdout:/usr/bin/ceph: stderr
2024-09-10T08:08:31.325+0000 7f58d6ffd640 1 --2- 172.21.15.79:0/1028458060 >> [v2:172.21.15.79:3300/0,v1:172.21.15.79:6789/0] conn(0x7f58d8107a40 0x7f58d819baf0 secure :-1 s=READY pgs=8 cs=0 l=1 rev1=1 crypto rx=0x7f58c80097f0 tx=0x7f58c8032e60 comp rx=0 tx=0).ready entity=mon.0 client_cookie=0 server_cookie=0 in_seq=0 out_seq=0
2024-09-10T08:08:32.323 INFO:teuthology.orchestra.run.smithi079.stdout:/usr/bin/ceph: stderr
2024-09-10T08:08:31.325+0000 7f58dc9db640 1 -- 172.21.15.79:0/1028458060 <== mon.0 v2:172.21.15.79:3300/0 1 ==== mon_map magic: 0 ==== 205+0+0 (secure 0 0 0) 0x7f58c8042070 con 0x7f58d8107a40
2024-09-10T08:08:32.323 INFO:teuthology.orchestra.run.smithi079.stdout:/usr/bin/ceph: stderr
2024-09-10T08:08:31.325+0000 7f58dc9db640 1 -- 172.21.15.79:0/1028458060 <== mon.0 v2:172.21.15.79:3300/0 2 ==== config(29 keys) ==== 1178+0+0 (secure 0 0 0) 0x7f58c80325f0 con 0x7f58d8107a40
2024-09-10T08:08:32.323 INFO:teuthology.orchestra.run.smithi079.stdout:/usr/bin/ceph: stderr
2024-09-10T08:08:31.325+0000 7f58dc9db640 1 -- 172.21.15.79:0/1028458060 <== mon.0 v2:172.21.15.79:3300/0 3 ==== mon_map magic: 0 ==== 205+0+0 (secure 0 0 0) 0x7f58c8037040 con 0x7f58d8107a40
2024-09-10T08:08:32.323 INFO:teuthology.orchestra.run.smithi079.stdout:/usr/bin/ceph: stderr
2024-09-10T08:08:31.325+0000 7f58dd9dd640 1 -- 172.21.15.79:0/1028458060 --> [v2:172.21.15.79:3300/0,v1:172.21.15.79:6789/0] -- mon_subscribe({mgrmap=0+}) -- 0x7f58d819c2c0 con 0x7f58d8107a40
2024-09-10T08:08:32.323 INFO:teuthology.orchestra.run.smithi079.stdout:/usr/bin/ceph: stderr
2024-09-10T08:08:31.326+0000 7f58dd9dd640 1 -- 172.21.15.79:0/1028458060 --> [v2:172.21.15.79:3300/0,v1:172.21.15.79:6789/0] -- mon_subscribe({osdmap=0}) -- 0x7f58d819efb0 con 0x7f58d8107a40
2024-09-10T08:08:32.323 INFO:teuthology.orchestra.run.smithi079.stdout:/usr/bin/ceph: stderr
2024-09-10T08:08:31.326+0000 7f58dc9db640 1 -- 172.21.15.79:0/1028458060 <== mon.0 v2:172.21.15.79:3300/0 4 ==== mgrmap(e 1) ==== 807+0+0 (secure 0 0 0) 0x7f58c8045070 con 0x7f58d8107a40
2024-09-10T08:08:32.323 INFO:teuthology.orchestra.run.smithi079.stdout:/usr/bin/ceph: stderr
2024-09-10T08:08:31.326+0000 7f58dc9db640 1 -- 172.21.15.79:0/1028458060 <== mon.0 v2:172.21.15.79:3300/0 5 ==== osd_map(1..1 src has 1..1) ==== 725+0+0 (secure 0 0 0) 0x7f58c80466f0 con 0x7f58d8107a40
2024-09-10T08:08:32.323 INFO:teuthology.orchestra.run.smithi079.stdout:/usr/bin/ceph: stderr
2024-09-10T08:08:31.327+0000 7f58dd9dd640 1 -- 172.21.15.79:0/1028458060 --> [v2:172.21.15.79:3300/0,v1:172.21.15.79:6789/0] -- mon_command({"prefix": "get_command_descriptions"} v 0) -- 0x7f58d8107ec0 con 0x7f58d8107a40
2024-09-10T08:08:32.324 INFO:teuthology.orchestra.run.smithi079.stdout:/usr/bin/ceph: stderr
2024-09-10T08:08:31.329+0000 7f58dc9db640 1 -- 172.21.15.79:0/1028458060 <== mon.0 v2:172.21.15.79:3300/0 6 ==== mon_command_ack([{"prefix": "get_command_descriptions"}]=0 v0) ==== 72+0+74432 (secure 0 0 0) 0x7f58c803dc80 con 0x7f58d8107a40
2024-09-10T08:08:32.324 INFO:teuthology.orchestra.run.smithi079.stdout:/usr/bin/ceph: stderr
2024-09-10T08:08:31.392+0000 7f58dd9dd640 1 -- 172.21.15.79:0/1028458060 --> [v2:172.21.15.79:3300/0,v1:172.21.15.79:6789/0] -- mon_command({"prefix": "status", "format": "json-pretty"} v 0) -- 0x7f58d819f540 con 0x7f58d8107a40
2024-09-10T08:08:32.324 INFO:teuthology.orchestra.run.smithi079.stdout:/usr/bin/ceph: stderr
2024-09-10T08:08:31.392+0000 7f58dc9db640 1 -- 172.21.15.79:0/1028458060 <== mon.0 v2:172.21.15.79:3300/0 7 ==== mon_command_ack([{"prefix": "status", "format": "json-pretty"}]=0 v0) ==== 79+0+1291 (secure 0 0 0) 0x7f58c8047440 con 0x7f58d8107a40
2024-09-10T08:08:32.324 INFO:teuthology.orchestra.run.smithi079.stdout:/usr/bin/ceph: stderr
2024-09-10T08:08:31.393+0000 7f58dd9dd640 1 -- 172.21.15.79:0/1028458060 >> [v2:172.21.15.79:3300/0,v1:172.21.15.79:6789/0] conn(0x7f58d8107a40 msgr2=0x7f58d819baf0 secure :-1 s=STATE_CONNECTION_ESTABLISHED l=1).mark_down
2024-09-10T08:08:32.324 INFO:teuthology.orchestra.run.smithi079.stdout:/usr/bin/ceph: stderr
2024-09-10T08:08:31.393+0000 7f58dd9dd640 1 --2- 172.21.15.79:0/1028458060 >> [v2:172.21.15.79:3300/0,v1:172.21.15.79:6789/0] conn(0x7f58d8107a40 0x7f58d819baf0 secure :-1 s=READY pgs=8 cs=0 l=1 rev1=1 crypto rx=0x7f58c80097f0 tx=0x7f58c8032e60 comp rx=0 tx=0).stop
2024-09-10T08:08:32.324 INFO:teuthology.orchestra.run.smithi079.stdout:/usr/bin/ceph: stderr
2024-09-10T08:08:31.393+0000 7f58dd9dd640 1 -- 172.21.15.79:0/1028458060 shutdown_connections
2024-09-10T08:08:32.324 INFO:teuthology.orchestra.run.smithi079.stdout:/usr/bin/ceph: stderr
2024-09-10T08:08:31.393+0000 7f58dd9dd640 1 --2- 172.21.15.79:0/1028458060 >> [v2:172.21.15.79:3300/0,v1:172.21.15.79:6789/0] conn(0x7f58d8107a40 0x7f58d819baf0 unknown :-1 s=CLOSED pgs=8 cs=0 l=1 rev1=1 crypto rx=0 tx=0 comp rx=0 tx=0).stop
2024-09-10T08:08:32.324 INFO:teuthology.orchestra.run.smithi079.stdout:/usr/bin/ceph: stderr
2024-09-10T08:08:31.393+0000 7f58dd9dd640 1 -- 172.21.15.79:0/1028458060 >> 172.21.15.79:0/1028458060 conn(0x7f58d8103210 msgr2=0x7f58d8103d60 unknown :-1 s=STATE_NONE l=0).mark_down
2024-09-10T08:08:32.324 INFO:teuthology.orchestra.run.smithi079.stdout:/usr/bin/ceph: stderr
2024-09-10T08:08:31.394+0000 7f58dd9dd640 1 -- 172.21.15.79:0/1028458060 shutdown_connections
2024-09-10T08:08:32.324 INFO:teuthology.orchestra.run.smithi079.stdout:/usr/bin/ceph: stderr
2024-09-10T08:08:31.394+0000 7f58dd9dd640 1 -- 172.21.15.79:0/1028458060 wait complete.
2024-09-10T08:08:32.324 INFO:teuthology.orchestra.run.smithi079.stdout:mgr not available, waiting (2/15)...
2024-09-10T08:08:32.683 INFO:journalctl@ceph.mgr.x.smithi079.stdout:Sep 10 08:08:32 smithi079 ceph-aeab2db8-6f4b-11ef-bcea-c7b262605968-mgr-x[31077]:
2024-09-10T08:08:32.499+0000 7f52f4245040 -1 mgr[py] Module telegraf has missing NOTIFY_TYPES member
2024-09-10T08:08:32.683 INFO:journalctl@ceph.mon.a.smithi079.stdout:Sep 10 08:08:32 smithi079 ceph-mon[30848]: Activating manager daemon x
2024-09-10T08:08:32.683 INFO:journalctl@ceph.mon.a.smithi079.stdout:Sep 10 08:08:32 smithi079 ceph-mon[30848]: mgrmap e2: x(active, starting, since 0.00313476s)
2024-09-10T08:08:32.683 INFO:journalctl@ceph.mon.a.smithi079.stdout:Sep 10 08:08:32 smithi079 ceph-mon[30848]: from='mgr.14100 172.21.15.79:0/1234296796' entity='mgr.x' cmd=[{"prefix": "mds metadata"}]: dispatch
2024-09-10T08:08:32.683 INFO:journalctl@ceph.mon.a.smithi079.stdout:Sep 10 08:08:32 smithi079 ceph-mon[30848]: from='mgr.14100 172.21.15.79:0/1234296796' entity='mgr.x' cmd=[{"prefix": "osd metadata"}]: dispatch
2024-09-10T08:08:32.684 INFO:journalctl@ceph.mon.a.smithi079.stdout:Sep 10 08:08:32 smithi079 ceph-mon[30848]: from='mgr.14100 172.21.15.79:0/1234296796' entity='mgr.x' cmd=[{"prefix": "mon metadata"}]: dispatch
2024-09-10T08:08:32.684 INFO:journalctl@ceph.mon.a.smithi079.stdout:Sep 10 08:08:32 smithi079 ceph-mon[30848]: from='mgr.14100 172.21.15.79:0/1234296796' entity='mgr.x' cmd=[{"prefix": "mon metadata", "id": "a"}]: dispatch
2024-09-10T08:08:32.684 INFO:journalctl@ceph.mon.a.smithi079.stdout:Sep 10 08:08:32 smithi079 ceph-mon[30848]: from='mgr.14100 172.21.15.79:0/1234296796' entity='mgr.x' cmd=[{"prefix": "mgr metadata", "who": "x", "id": "x"}]: dispatch
2024-09-10T08:08:32.684 INFO:journalctl@ceph.mon.a.smithi079.stdout:Sep 10 08:08:32 smithi079 ceph-mon[30848]: Manager daemon x is now available
2024-09-10T08:08:32.684 INFO:journalctl@ceph.mon.a.smithi079.stdout:Sep 10 08:08:32 smithi079 ceph-mon[30848]: from='mgr.14100 172.21.15.79:0/1234296796' entity='mgr.x' cmd=[{"prefix":"config rm","who":"mgr","name":"mgr/rbd_support/x/mirror_snapshot_schedule"}]: dispatch
2024-09-10T08:08:32.684 INFO:journalctl@ceph.mon.a.smithi079.stdout:Sep 10 08:08:32 smithi079 ceph-mon[30848]: from='mgr.14100 172.21.15.79:0/1234296796' entity='mgr.x' cmd=[{"prefix":"config rm","who":"mgr","name":"mgr/rbd_support/x/trash_purge_schedule"}]: dispatch
2024-09-10T08:08:32.684 INFO:journalctl@ceph.mon.a.smithi079.stdout:Sep 10 08:08:32 smithi079 ceph-mon[30848]: from='mgr.14100 172.21.15.79:0/1234296796' entity='mgr.x'
2024-09-10T08:08:32.684 INFO:journalctl@ceph.mon.a.smithi079.stdout:Sep 10 08:08:32 smithi079 ceph-mon[30848]: from='mgr.14100 172.21.15.79:0/1234296796' entity='mgr.x'
2024-09-10T08:08:32.684 INFO:journalctl@ceph.mon.a.smithi079.stdout:Sep 10 08:08:32 smithi079 ceph-mon[30848]: from='mgr.14100 172.21.15.79:0/1234296796' entity='mgr.x'
2024-09-10T08:08:34.689 INFO:journalctl@ceph.mon.a.smithi079.stdout:Sep 10 08:08:34 smithi079 ceph-mon[30848]: mgrmap e3: x(active, since 1.00689s)
2024-09-10T08:08:35.524 INFO:teuthology.orchestra.run.smithi079.stdout:/usr/bin/ceph: stdout
2024-09-10T08:08:35.524 INFO:teuthology.orchestra.run.smithi079.stdout:/usr/bin/ceph: stdout {
2024-09-10T08:08:35.524 INFO:teuthology.orchestra.run.smithi079.stdout:/usr/bin/ceph: stdout "fsid": "aeab2db8-6f4b-11ef-bcea-c7b262605968",
2024-09-10T08:08:35.525 INFO:teuthology.orchestra.run.smithi079.stdout:/usr/bin/ceph: stdout "health": {
2024-09-10T08:08:35.525 INFO:teuthology.orchestra.run.smithi079.stdout:/usr/bin/ceph: stdout "status": "HEALTH_OK",
2024-09-10T08:08:35.525 INFO:teuthology.orchestra.run.smithi079.stdout:/usr/bin/ceph: stdout "checks": {},
2024-09-10T08:08:35.525 INFO:teuthology.orchestra.run.smithi079.stdout:/usr/bin/ceph: stdout "mutes": []
2024-09-10T08:08:35.525 INFO:teuthology.orchestra.run.smithi079.stdout:/usr/bin/ceph: stdout },
2024-09-10T08:08:35.525 INFO:teuthology.orchestra.run.smithi079.stdout:/usr/bin/ceph: stdout "election_epoch": 5,
2024-09-10T08:08:35.525 INFO:teuthology.orchestra.run.smithi079.stdout:/usr/bin/ceph: stdout "quorum": [
2024-09-10T08:08:35.525 INFO:teuthology.orchestra.run.smithi079.stdout:/usr/bin/ceph: stdout 0
2024-09-10T08:08:35.525 INFO:teuthology.orchestra.run.smithi079.stdout:/usr/bin/ceph: stdout ],
2024-09-10T08:08:35.525 INFO:teuthology.orchestra.run.smithi079.stdout:/usr/bin/ceph: stdout "quorum_names": [
2024-09-10T08:08:35.525 INFO:teuthology.orchestra.run.smithi079.stdout:/usr/bin/ceph: stdout "a"
2024-09-10T08:08:35.525 INFO:teuthology.orchestra.run.smithi079.stdout:/usr/bin/ceph: stdout ],
2024-09-10T08:08:35.526 INFO:teuthology.orchestra.run.smithi079.stdout:/usr/bin/ceph: stdout "quorum_age": 9,
2024-09-10T08:08:35.526 INFO:teuthology.orchestra.run.smithi079.stdout:/usr/bin/ceph: stdout "monmap": {
2024-09-10T08:08:35.526 INFO:teuthology.orchestra.run.smithi079.stdout:/usr/bin/ceph: stdout "epoch": 1,
2024-09-10T08:08:35.526 INFO:teuthology.orchestra.run.smithi079.stdout:/usr/bin/ceph: stdout "min_mon_release_name": "squid",
2024-09-10T08:08:35.526 INFO:teuthology.orchestra.run.smithi079.stdout:/usr/bin/ceph: stdout "num_mons": 1
2024-09-10T08:08:35.526 INFO:teuthology.orchestra.run.smithi079.stdout:/usr/bin/ceph: stdout },
2024-09-10T08:08:35.526 INFO:teuthology.orchestra.run.smithi079.stdout:/usr/bin/ceph: stdout "osdmap": {
2024-09-10T08:08:35.526 INFO:teuthology.orchestra.run.smithi079.stdout:/usr/bin/ceph: stdout "epoch": 1,
2024-09-10T08:08:35.526 INFO:teuthology.orchestra.run.smithi079.stdout:/usr/bin/ceph: stdout "num_osds": 0,
2024-09-10T08:08:35.526 INFO:teuthology.orchestra.run.smithi079.stdout:/usr/bin/ceph: stdout "num_up_osds": 0,
2024-09-10T08:08:35.526 INFO:teuthology.orchestra.run.smithi079.stdout:/usr/bin/ceph: stdout "osd_up_since": 0,
2024-09-10T08:08:35.526 INFO:teuthology.orchestra.run.smithi079.stdout:/usr/bin/ceph: stdout "num_in_osds": 0,
2024-09-10T08:08:35.526 INFO:teuthology.orchestra.run.smithi079.stdout:/usr/bin/ceph: stdout "osd_in_since": 0,
2024-09-10T08:08:35.526 INFO:teuthology.orchestra.run.smithi079.stdout:/usr/bin/ceph: stdout "num_remapped_pgs": 0
2024-09-10T08:08:35.527 INFO:teuthology.orchestra.run.smithi079.stdout:/usr/bin/ceph: stdout },
2024-09-10T08:08:35.527 INFO:teuthology.orchestra.run.smithi079.stdout:/usr/bin/ceph: stdout "pgmap": {
2024-09-10T08:08:35.527 INFO:teuthology.orchestra.run.smithi079.stdout:/usr/bin/ceph: stdout "pgs_by_state": [],
2024-09-10T08:08:35.527 INFO:teuthology.orchestra.run.smithi079.stdout:/usr/bin/ceph: stdout "num_pgs": 0,
2024-09-10T08:08:35.527 INFO:teuthology.orchestra.run.smithi079.stdout:/usr/bin/ceph: stdout "num_pools": 0,
2024-09-10T08:08:35.527 INFO:teuthology.orchestra.run.smithi079.stdout:/usr/bin/ceph: stdout "num_objects": 0,
2024-09-10T08:08:35.527 INFO:teuthology.orchestra.run.smithi079.stdout:/usr/bin/ceph: stdout "data_bytes": 0,
2024-09-10T08:08:35.527 INFO:teuthology.orchestra.run.smithi079.stdout:/usr/bin/ceph: stdout "bytes_used": 0,
2024-09-10T08:08:35.527 INFO:teuthology.orchestra.run.smithi079.stdout:/usr/bin/ceph: stdout "bytes_avail": 0,
2024-09-10T08:08:35.527 INFO:teuthology.orchestra.run.smithi079.stdout:/usr/bin/ceph: stdout "bytes_total": 0
2024-09-10T08:08:35.527 INFO:teuthology.orchestra.run.smithi079.stdout:/usr/bin/ceph: stdout },
2024-09-10T08:08:35.527 INFO:teuthology.orchestra.run.smithi079.stdout:/usr/bin/ceph: stdout "fsmap": {
2024-09-10T08:08:35.527 INFO:teuthology.orchestra.run.smithi079.stdout:/usr/bin/ceph: stdout "epoch": 1,
2024-09-10T08:08:35.527 INFO:teuthology.orchestra.run.smithi079.stdout:/usr/bin/ceph: stdout "btime": "2024-09-10T08:08:20:551379+0000",
2024-09-10T08:08:35.528 INFO:teuthology.orchestra.run.smithi079.stdout:/usr/bin/ceph: stdout "by_rank": [],
2024-09-10T08:08:35.528 INFO:teuthology.orchestra.run.smithi079.stdout:/usr/bin/ceph: stdout "up:standby": 0
2024-09-10T08:08:35.528 INFO:teuthology.orchestra.run.smithi079.stdout:/usr/bin/ceph: stdout },
2024-09-10T08:08:35.528 INFO:teuthology.orchestra.run.smithi079.stdout:/usr/bin/ceph: stdout "mgrmap": {
2024-09-10T08:08:35.528 INFO:teuthology.orchestra.run.smithi079.stdout:/usr/bin/ceph: stdout "available": true,
2024-09-10T08:08:35.528 INFO:teuthology.orchestra.run.smithi079.stdout:/usr/bin/ceph: stdout "num_standbys": 0,
2024-09-10T08:08:35.528 INFO:teuthology.orchestra.run.smithi079.stdout:/usr/bin/ceph: stdout "modules": [
2024-09-10T08:08:35.528 INFO:teuthology.orchestra.run.smithi079.stdout:/usr/bin/ceph: stdout "iostat",
2024-09-10T08:08:35.528 INFO:teuthology.orchestra.run.smithi079.stdout:/usr/bin/ceph: stdout "nfs",
2024-09-10T08:08:35.528 INFO:teuthology.orchestra.run.smithi079.stdout:/usr/bin/ceph: stdout "restful"
2024-09-10T08:08:35.528 INFO:teuthology.orchestra.run.smithi079.stdout:/usr/bin/ceph: stdout ],
2024-09-10T08:08:35.528 INFO:teuthology.orchestra.run.smithi079.stdout:/usr/bin/ceph: stdout "services": {}
2024-09-10T08:08:35.528 INFO:teuthology.orchestra.run.smithi079.stdout:/usr/bin/ceph: stdout },
2024-09-10T08:08:35.528 INFO:teuthology.orchestra.run.smithi079.stdout:/usr/bin/ceph: stdout "servicemap": {
2024-09-10T08:08:35.529 INFO:teuthology.orchestra.run.smithi079.stdout:/usr/bin/ceph: stdout "epoch": 1,
2024-09-10T08:08:35.529 INFO:teuthology.orchestra.run.smithi079.stdout:/usr/bin/ceph: stdout "modified": "2024-09-10T08:08:20.552114+0000",
2024-09-10T08:08:35.529 INFO:teuthology.orchestra.run.smithi079.stdout:/usr/bin/ceph: stdout "services": {}
2024-09-10T08:08:35.529 INFO:teuthology.orchestra.run.smithi079.stdout:/usr/bin/ceph: stdout },
2024-09-10T08:08:35.529 INFO:teuthology.orchestra.run.smithi079.stdout:/usr/bin/ceph: stdout "progress_events": {}
2024-09-10T08:08:35.529 INFO:teuthology.orchestra.run.smithi079.stdout:/usr/bin/ceph: stdout }
2024-09-10T08:08:35.529 INFO:teuthology.orchestra.run.smithi079.stdout:/usr/bin/ceph: stderr
2024-09-10T08:08:34.679+0000 7fdd06567640 1 Processor -- start
2024-09-10T08:08:35.529 INFO:teuthology.orchestra.run.smithi079.stdout:/usr/bin/ceph: stderr
2024-09-10T08:08:34.679+0000 7fdd06567640 1 -- start start
2024-09-10T08:08:35.529 INFO:teuthology.orchestra.run.smithi079.stdout:/usr/bin/ceph: stderr
2024-09-10T08:08:34.679+0000 7fdd06567640 1 --2- >> [v2:172.21.15.79:3300/0,v1:172.21.15.79:6789/0] conn(0x7fdd00106310 0x7fdd00106710 unknown :-1 s=NONE pgs=0 cs=0 l=0 rev1=0 crypto rx=0 tx=0 comp rx=0 tx=0).connect
2024-09-10T08:08:35.529 INFO:teuthology.orchestra.run.smithi079.stdout:/usr/bin/ceph: stderr
2024-09-10T08:08:34.679+0000 7fdd06567640 1 -- --> [v2:172.21.15.79:3300/0,v1:172.21.15.79:6789/0] -- mon_getmap magic: 0 -- 0x7fdd00063490 con 0x7fdd00106310
2024-09-10T08:08:35.529 INFO:teuthology.orchestra.run.smithi079.stdout:/usr/bin/ceph: stderr
2024-09-10T08:08:34.680+0000 7fdcfffff640 1 --2- >> [v2:172.21.15.79:3300/0,v1:172.21.15.79:6789/0] conn(0x7fdd00106310 0x7fdd00106710 unknown :-1 s=BANNER_CONNECTING pgs=0 cs=0 l=0 rev1=0 crypto rx=0 tx=0 comp rx=0 tx=0)._handle_peer_banner_payload supported=3 required=0
2024-09-10T08:08:35.529 INFO:teuthology.orchestra.run.smithi079.stdout:/usr/bin/ceph: stderr
2024-09-10T08:08:34.680+0000 7fdcfffff640 1 --2- >> [v2:172.21.15.79:3300/0,v1:172.21.15.79:6789/0] conn(0x7fdd00106310 0x7fdd00106710 unknown :-1 s=HELLO_CONNECTING pgs=0 cs=0 l=0 rev1=1 crypto rx=0 tx=0 comp rx=0 tx=0).handle_hello peer v2:172.21.15.79:3300/0 says I am v2:172.21.15.79:49794/0 (socket says 172.21.15.79:49794)
2024-09-10T08:08:35.530 INFO:teuthology.orchestra.run.smithi079.stdout:/usr/bin/ceph: stderr
2024-09-10T08:08:34.680+0000 7fdcfffff640 1 -- 172.21.15.79:0/1959503670 learned_addr learned my addr 172.21.15.79:0/1959503670 (peer_addr_for_me v2:172.21.15.79:0/0)
2024-09-10T08:08:35.530 INFO:teuthology.orchestra.run.smithi079.stdout:/usr/bin/ceph: stderr
2024-09-10T08:08:34.680+0000 7fdcfffff640 1 -- 172.21.15.79:0/1959503670 --> [v2:172.21.15.79:3300/0,v1:172.21.15.79:6789/0] -- mon_subscribe({config=0+,monmap=0+}) -- 0x7fdd00106c50 con 0x7fdd00106310
2024-09-10T08:08:35.530 INFO:teuthology.orchestra.run.smithi079.stdout:/usr/bin/ceph: stderr
2024-09-10T08:08:34.681+0000 7fdcfffff640 1 --2- 172.21.15.79:0/1959503670 >> [v2:172.21.15.79:3300/0,v1:172.21.15.79:6789/0] conn(0x7fdd00106310 0x7fdd00106710 secure :-1 s=READY pgs=16 cs=0 l=1 rev1=1 crypto rx=0x7fdcf0009820 tx=0x7fdcf002a270 comp rx=0 tx=0).ready entity=mon.0 client_cookie=2be1c0ad34dae951 server_cookie=0 in_seq=0 out_seq=0
2024-09-10T08:08:35.530 INFO:teuthology.orchestra.run.smithi079.stdout:/usr/bin/ceph: stderr
2024-09-10T08:08:34.681+0000 7fdcfeffd640 1 -- 172.21.15.79:0/1959503670 <== mon.0 v2:172.21.15.79:3300/0 1 ==== mon_map magic: 0 ==== 205+0+0 (secure 0 0 0) 0x7fdcf0037070 con 0x7fdd00106310
2024-09-10T08:08:35.530 INFO:teuthology.orchestra.run.smithi079.stdout:/usr/bin/ceph: stderr
2024-09-10T08:08:34.681+0000 7fdcfeffd640 1 -- 172.21.15.79:0/1959503670 <== mon.0 v2:172.21.15.79:3300/0 2 ==== config(29 keys) ==== 1178+0+0 (secure 0 0 0) 0x7fdcf0032940 con 0x7fdd00106310
2024-09-10T08:08:35.530 INFO:teuthology.orchestra.run.smithi079.stdout:/usr/bin/ceph: stderr
2024-09-10T08:08:34.681+0000 7fdcfeffd640 1 -- 172.21.15.79:0/1959503670 <== mon.0 v2:172.21.15.79:3300/0 3 ==== mon_map magic: 0 ==== 205+0+0 (secure 0 0 0) 0x7fdcf00309c0 con 0x7fdd00106310
2024-09-10T08:08:35.530 INFO:teuthology.orchestra.run.smithi079.stdout:/usr/bin/ceph: stderr
2024-09-10T08:08:34.681+0000 7fdd06567640 1 -- 172.21.15.79:0/1959503670 >> [v2:172.21.15.79:3300/0,v1:172.21.15.79:6789/0] conn(0x7fdd00106310 msgr2=0x7fdd00106710 secure :-1 s=STATE_CONNECTION_ESTABLISHED l=1).mark_down
2024-09-10T08:08:35.530 INFO:teuthology.orchestra.run.smithi079.stdout:/usr/bin/ceph: stderr
2024-09-10T08:08:34.681+0000 7fdd06567640 1 --2- 172.21.15.79:0/1959503670 >> [v2:172.21.15.79:3300/0,v1:172.21.15.79:6789/0] conn(0x7fdd00106310 0x7fdd00106710 secure :-1 s=READY pgs=16 cs=0 l=1 rev1=1 crypto rx=0x7fdcf0009820 tx=0x7fdcf002a270 comp rx=0 tx=0).stop
2024-09-10T08:08:35.530 INFO:teuthology.orchestra.run.smithi079.stdout:/usr/bin/ceph: stderr
2024-09-10T08:08:34.682+0000 7fdd06567640 1 -- 172.21.15.79:0/1959503670 shutdown_connections
2024-09-10T08:08:35.530 INFO:teuthology.orchestra.run.smithi079.stdout:/usr/bin/ceph: stderr
2024-09-10T08:08:34.682+0000 7fdd06567640 1 --2- 172.21.15.79:0/1959503670 >> [v2:172.21.15.79:3300/0,v1:172.21.15.79:6789/0] conn(0x7fdd00106310 0x7fdd00106710 unknown :-1 s=CLOSED pgs=16 cs=0 l=1 rev1=1 crypto rx=0 tx=0 comp rx=0 tx=0).stop
2024-09-10T08:08:35.530 INFO:teuthology.orchestra.run.smithi079.stdout:/usr/bin/ceph: stderr
2024-09-10T08:08:34.682+0000 7fdd06567640 1 -- 172.21.15.79:0/1959503670 >> 172.21.15.79:0/1959503670 conn(0x7fdd00102140 msgr2=0x7fdd00104560 unknown :-1 s=STATE_NONE l=0).mark_down
2024-09-10T08:08:35.530 INFO:teuthology.orchestra.run.smithi079.stdout:/usr/bin/ceph: stderr
2024-09-10T08:08:34.682+0000 7fdd06567640 1 -- 172.21.15.79:0/1959503670 shutdown_connections
2024-09-10T08:08:35.530 INFO:teuthology.orchestra.run.smithi079.stdout:/usr/bin/ceph: stderr
2024-09-10T08:08:34.682+0000 7fdd06567640 1 -- 172.21.15.79:0/1959503670 wait complete.
2024-09-10T08:08:35.531 INFO:teuthology.orchestra.run.smithi079.stdout:/usr/bin/ceph: stderr
2024-09-10T08:08:34.682+0000 7fdd06567640 1 Processor -- start
2024-09-10T08:08:35.531 INFO:teuthology.orchestra.run.smithi079.stdout:/usr/bin/ceph: stderr
2024-09-10T08:08:34.682+0000 7fdd06567640 1 -- start start
2024-09-10T08:08:35.531 INFO:teuthology.orchestra.run.smithi079.stdout:/usr/bin/ceph: stderr
2024-09-10T08:08:34.683+0000 7fdd06567640 1 --2- >> [v2:172.21.15.79:3300/0,v1:172.21.15.79:6789/0] conn(0x7fdd00106310 0x7fdd0019dc80 unknown :-1 s=NONE pgs=0 cs=0 l=1 rev1=0 crypto rx=0 tx=0 comp rx=0 tx=0).connect
2024-09-10T08:08:35.531 INFO:teuthology.orchestra.run.smithi079.stdout:/usr/bin/ceph: stderr
2024-09-10T08:08:34.683+0000 7fdd06567640 1 -- --> [v2:172.21.15.79:3300/0,v1:172.21.15.79:6789/0] -- mon_getmap magic: 0 -- 0x7fdd00107e10 con 0x7fdd00106310
2024-09-10T08:08:35.531 INFO:teuthology.orchestra.run.smithi079.stdout:/usr/bin/ceph: stderr
2024-09-10T08:08:34.683+0000 7fdcfffff640 1 --2- >> [v2:172.21.15.79:3300/0,v1:172.21.15.79:6789/0] conn(0x7fdd00106310 0x7fdd0019dc80 unknown :-1 s=BANNER_CONNECTING pgs=0 cs=0 l=1 rev1=0 crypto rx=0 tx=0 comp rx=0 tx=0)._handle_peer_banner_payload supported=3 required=0
2024-09-10T08:08:35.531 INFO:teuthology.orchestra.run.smithi079.stdout:/usr/bin/ceph: stderr
2024-09-10T08:08:34.683+0000 7fdcfffff640 1 --2- >> [v2:172.21.15.79:3300/0,v1:172.21.15.79:6789/0] conn(0x7fdd00106310 0x7fdd0019dc80 unknown :-1 s=HELLO_CONNECTING pgs=0 cs=0 l=1 rev1=1 crypto rx=0 tx=0 comp rx=0 tx=0).handle_hello peer v2:172.21.15.79:3300/0 says I am v2:172.21.15.79:49802/0 (socket says 172.21.15.79:49802)
2024-09-10T08:08:35.531 INFO:teuthology.orchestra.run.smithi079.stdout:/usr/bin/ceph: stderr
2024-09-10T08:08:34.683+0000 7fdcfffff640 1 -- 172.21.15.79:0/3390061144 learned_addr learned my addr 172.21.15.79:0/3390061144 (peer_addr_for_me v2:172.21.15.79:0/0)
2024-09-10T08:08:35.531 INFO:teuthology.orchestra.run.smithi079.stdout:/usr/bin/ceph: stderr
2024-09-10T08:08:34.683+0000 7fdcfffff640 1 -- 172.21.15.79:0/3390061144 --> [v2:172.21.15.79:3300/0,v1:172.21.15.79:6789/0] -- mon_subscribe({config=0+,monmap=0+}) -- 0x7fdd0019e1c0 con 0x7fdd00106310
2024-09-10T08:08:35.531 INFO:teuthology.orchestra.run.smithi079.stdout:/usr/bin/ceph: stderr
2024-09-10T08:08:34.683+0000 7fdcfffff640 1 --2- 172.21.15.79:0/3390061144 >> [v2:172.21.15.79:3300/0,v1:172.21.15.79:6789/0] conn(0x7fdd00106310 0x7fdd0019dc80 secure :-1 s=READY pgs=17 cs=0 l=1 rev1=1 crypto rx=0x7fdcf0009940 tx=0x7fdcf0032e60 comp rx=0 tx=0).ready entity=mon.0 client_cookie=0 server_cookie=0 in_seq=0 out_seq=0
2024-09-10T08:08:35.531 INFO:teuthology.orchestra.run.smithi079.stdout:/usr/bin/ceph: stderr
2024-09-10T08:08:34.683+0000 7fdcfd7fa640 1 -- 172.21.15.79:0/3390061144 <== mon.0 v2:172.21.15.79:3300/0 1 ==== mon_map magic: 0 ==== 205+0+0 (secure 0 0 0) 0x7fdcf0042070 con 0x7fdd00106310
2024-09-10T08:08:35.531 INFO:teuthology.orchestra.run.smithi079.stdout:/usr/bin/ceph: stderr
2024-09-10T08:08:34.683+0000 7fdcfd7fa640 1 -- 172.21.15.79:0/3390061144 <== mon.0 v2:172.21.15.79:3300/0 2 ==== config(29 keys) ==== 1178+0+0 (secure 0 0 0) 0x7fdcf00326b0 con 0x7fdd00106310
2024-09-10T08:08:35.531 INFO:teuthology.orchestra.run.smithi079.stdout:/usr/bin/ceph: stderr
2024-09-10T08:08:34.683+0000 7fdd06567640 1 -- 172.21.15.79:0/3390061144 --> [v2:172.21.15.79:3300/0,v1:172.21.15.79:6789/0] -- mon_subscribe({mgrmap=0+}) -- 0x7fdd0019e450 con 0x7fdd00106310
2024-09-10T08:08:35.532 INFO:teuthology.orchestra.run.smithi079.stdout:/usr/bin/ceph: stderr
2024-09-10T08:08:34.683+0000 7fdcfd7fa640 1 -- 172.21.15.79:0/3390061144 <== mon.0 v2:172.21.15.79:3300/0 3 ==== mon_map magic: 0 ==== 205+0+0 (secure 0 0 0) 0x7fdcf0037040 con 0x7fdd00106310
2024-09-10T08:08:35.532 INFO:teuthology.orchestra.run.smithi079.stdout:/usr/bin/ceph: stderr
2024-09-10T08:08:34.683+0000 7fdd06567640 1 -- 172.21.15.79:0/3390061144 --> [v2:172.21.15.79:3300/0,v1:172.21.15.79:6789/0] -- mon_subscribe({osdmap=0}) -- 0x7fdd001a1140 con 0x7fdd00106310
2024-09-10T08:08:35.532 INFO:teuthology.orchestra.run.smithi079.stdout:/usr/bin/ceph: stderr
2024-09-10T08:08:34.684+0000 7fdcfd7fa640 1 -- 172.21.15.79:0/3390061144 <== mon.0 v2:172.21.15.79:3300/0 4 ==== mgrmap(e 4) ==== 46276+0+0 (secure 0 0 0) 0x7fdcf0045070 con 0x7fdd00106310
2024-09-10T08:08:35.532 INFO:teuthology.orchestra.run.smithi079.stdout:/usr/bin/ceph: stderr
2024-09-10T08:08:34.684+0000 7fdcfd7fa640 1 --2- 172.21.15.79:0/3390061144 >> [v2:172.21.15.79:6800/1252467309,v1:172.21.15.79:6801/1252467309] conn(0x7fdce8038f70 0x7fdce803b430 unknown :-1 s=NONE pgs=0 cs=0 l=1 rev1=0 crypto rx=0 tx=0 comp rx=0 tx=0).connect
2024-09-10T08:08:35.532 INFO:teuthology.orchestra.run.smithi079.stdout:/usr/bin/ceph: stderr
2024-09-10T08:08:34.684+0000 7fdcfd7fa640 1 -- 172.21.15.79:0/3390061144 <== mon.0 v2:172.21.15.79:3300/0 5 ==== osd_map(1..1 src has 1..1) ==== 725+0+0 (secure 0 0 0) 0x7fdcf006bee0 con 0x7fdd00106310
2024-09-10T08:08:35.532 INFO:teuthology.orchestra.run.smithi079.stdout:/usr/bin/ceph: stderr
2024-09-10T08:08:34.684+0000 7fdd06567640 1 -- 172.21.15.79:0/3390061144 --> [v2:172.21.15.79:3300/0,v1:172.21.15.79:6789/0] -- mon_command({"prefix": "get_command_descriptions"} v 0) -- 0x7fdd00106710 con 0x7fdd00106310
2024-09-10T08:08:35.532 INFO:teuthology.orchestra.run.smithi079.stdout:/usr/bin/ceph: stderr
2024-09-10T08:08:34.685+0000 7fdcff7fe640 1 --2- 172.21.15.79:0/3390061144 >> [v2:172.21.15.79:6800/1252467309,v1:172.21.15.79:6801/1252467309] conn(0x7fdce8038f70 0x7fdce803b430 unknown :-1 s=BANNER_CONNECTING pgs=0 cs=0 l=1 rev1=0 crypto rx=0 tx=0 comp rx=0 tx=0)._handle_peer_banner_payload supported=3 required=0
2024-09-10T08:08:35.532 INFO:teuthology.orchestra.run.smithi079.stdout:/usr/bin/ceph: stderr
2024-09-10T08:08:34.685+0000 7fdcff7fe640 1 --2- 172.21.15.79:0/3390061144 >> [v2:172.21.15.79:6800/1252467309,v1:172.21.15.79:6801/1252467309] conn(0x7fdce8038f70 0x7fdce803b430 secure :-1 s=READY pgs=6 cs=0 l=1 rev1=1 crypto rx=0x7fdcf40098c0 tx=0x7fdcf4006db0 comp rx=0 tx=0).ready entity=mgr.14100 client_cookie=0 server_cookie=0 in_seq=0 out_seq=0
2024-09-10T08:08:35.532 INFO:teuthology.orchestra.run.smithi079.stdout:/usr/bin/ceph: stderr
2024-09-10T08:08:34.690+0000 7fdcfd7fa640 1 -- 172.21.15.79:0/3390061144 <== mon.0 v2:172.21.15.79:3300/0 6 ==== mon_command_ack([{"prefix": "get_command_descriptions"}]=0 v0) ==== 72+0+188821 (secure 0 0 0) 0x7fdcf006b900 con 0x7fdd00106310
2024-09-10T08:08:35.532 INFO:teuthology.orchestra.run.smithi079.stdout:/usr/bin/ceph: stderr
2024-09-10T08:08:34.919+0000 7fdd06567640 1 -- 172.21.15.79:0/3390061144 --> [v2:172.21.15.79:3300/0,v1:172.21.15.79:6789/0] -- mon_command({"prefix": "status", "format": "json-pretty"} v 0) -- 0x7fdd001970f0 con 0x7fdd00106310
2024-09-10T08:08:35.532 INFO:teuthology.orchestra.run.smithi079.stdout:/usr/bin/ceph: stderr
2024-09-10T08:08:34.919+0000 7fdcfd7fa640 1 -- 172.21.15.79:0/3390061144 <== mon.0 v2:172.21.15.79:3300/0 7 ==== mon_command_ack([{"prefix": "status", "format": "json-pretty"}]=0 v0) ==== 79+0+1290 (secure 0 0 0) 0x7fdcf003cd40 con 0x7fdd00106310
2024-09-10T08:08:35.532 INFO:teuthology.orchestra.run.smithi079.stdout:/usr/bin/ceph: stderr
2024-09-10T08:08:34.921+0000 7fdd06567640 1 -- 172.21.15.79:0/3390061144 >> [v2:172.21.15.79:6800/1252467309,v1:172.21.15.79:6801/1252467309] conn(0x7fdce8038f70 msgr2=0x7fdce803b430 secure :-1 s=STATE_CONNECTION_ESTABLISHED l=1).mark_down
2024-09-10T08:08:35.533 INFO:teuthology.orchestra.run.smithi079.stdout:/usr/bin/ceph: stderr
2024-09-10T08:08:34.921+0000 7fdd06567640 1 --2- 172.21.15.79:0/3390061144 >> [v2:172.21.15.79:6800/1252467309,v1:172.21.15.79:6801/1252467309] conn(0x7fdce8038f70 0x7fdce803b430 secure :-1 s=READY pgs=6 cs=0 l=1 rev1=1 crypto rx=0x7fdcf40098c0 tx=0x7fdcf4006db0 comp rx=0 tx=0).stop
2024-09-10T08:08:35.533 INFO:teuthology.orchestra.run.smithi079.stdout:/usr/bin/ceph: stderr
2024-09-10T08:08:34.921+0000 7fdd06567640 1 -- 172.21.15.79:0/3390061144 >> [v2:172.21.15.79:3300/0,v1:172.21.15.79:6789/0] conn(0x7fdd00106310 msgr2=0x7fdd0019dc80 secure :-1 s=STATE_CONNECTION_ESTABLISHED l=1).mark_down
2024-09-10T08:08:35.533 INFO:teuthology.orchestra.run.smithi079.stdout:/usr/bin/ceph: stderr
2024-09-10T08:08:34.921+0000 7fdd06567640 1 --2- 172.21.15.79:0/3390061144 >> [v2:172.21.15.79:3300/0,v1:172.21.15.79:6789/0] conn(0x7fdd00106310 0x7fdd0019dc80 secure :-1 s=READY pgs=17 cs=0 l=1 rev1=1 crypto rx=0x7fdcf0009940 tx=0x7fdcf0032e60 comp rx=0 tx=0).stop
2024-09-10T08:08:35.533 INFO:teuthology.orchestra.run.smithi079.stdout:/usr/bin/ceph: stderr
2024-09-10T08:08:34.921+0000 7fdd06567640 1 -- 172.21.15.79:0/3390061144 shutdown_connections
2024-09-10T08:08:35.533 INFO:teuthology.orchestra.run.smithi079.stdout:/usr/bin/ceph: stderr
2024-09-10T08:08:34.921+0000 7fdd06567640 1 --2- 172.21.15.79:0/3390061144 >> [v2:172.21.15.79:6800/1252467309,v1:172.21.15.79:6801/1252467309] conn(0x7fdce8038f70 0x7fdce803b430 unknown :-1 s=CLOSED pgs=6 cs=0 l=1 rev1=1 crypto rx=0 tx=0 comp rx=0 tx=0).stop
2024-09-10T08:08:35.533 INFO:teuthology.orchestra.run.smithi079.stdout:/usr/bin/ceph: stderr
2024-09-10T08:08:34.921+0000 7fdd06567640 1 --2- 172.21.15.79:0/3390061144 >> [v2:172.21.15.79:3300/0,v1:172.21.15.79:6789/0] conn(0x7fdd00106310 0x7fdd0019dc80 unknown :-1 s=CLOSED pgs=17 cs=0 l=1 rev1=1 crypto rx=0 tx=0 comp rx=0 tx=0).stop
2024-09-10T08:08:35.533 INFO:teuthology.orchestra.run.smithi079.stdout:/usr/bin/ceph: stderr
2024-09-10T08:08:34.921+0000 7fdd06567640 1 -- 172.21.15.79:0/3390061144 >> 172.21.15.79:0/3390061144 conn(0x7fdd00102140 msgr2=0x7fdd00191f80 unknown :-1 s=STATE_NONE l=0).mark_down
2024-09-10T08:08:35.533 INFO:teuthology.orchestra.run.smithi079.stdout:/usr/bin/ceph: stderr
2024-09-10T08:08:34.922+0000 7fdd06567640 1 -- 172.21.15.79:0/3390061144 shutdown_connections
2024-09-10T08:08:35.533 INFO:teuthology.orchestra.run.smithi079.stdout:/usr/bin/ceph: stderr
2024-09-10T08:08:34.922+0000 7fdd06567640 1 -- 172.21.15.79:0/3390061144 wait complete.
2024-09-10T08:08:35.533 INFO:teuthology.orchestra.run.smithi079.stdout:mgr is available
2024-09-10T08:08:35.760 INFO:journalctl@ceph.mon.a.smithi079.stdout:Sep 10 08:08:35 smithi079 ceph-mon[30848]: mgrmap e4: x(active, since 2s)
2024-09-10T08:08:35.760 INFO:journalctl@ceph.mon.a.smithi079.stdout:Sep 10 08:08:35 smithi079 ceph-mon[30848]: from='client.? 172.21.15.79:0/3390061144' entity='client.admin' cmd=[{"prefix": "status", "format": "json-pretty"}]: dispatch
2024-09-10T08:08:36.692 INFO:teuthology.orchestra.run.smithi079.stdout:/usr/bin/ceph: stdout
2024-09-10T08:08:36.692 INFO:teuthology.orchestra.run.smithi079.stdout:/usr/bin/ceph: stdout [global]
2024-09-10T08:08:36.692 INFO:teuthology.orchestra.run.smithi079.stdout:/usr/bin/ceph: stdout fsid = aeab2db8-6f4b-11ef-bcea-c7b262605968
2024-09-10T08:08:36.692 INFO:teuthology.orchestra.run.smithi079.stdout:/usr/bin/ceph: stdout mon_host = [v2:172.21.15.79:3300,v1:172.21.15.79:6789]
2024-09-10T08:08:36.692 INFO:teuthology.orchestra.run.smithi079.stdout:/usr/bin/ceph: stdout mon_osd_allow_pg_remap = true
2024-09-10T08:08:36.692 INFO:teuthology.orchestra.run.smithi079.stdout:/usr/bin/ceph: stdout mon_osd_allow_primary_affinity = true
2024-09-10T08:08:36.692 INFO:teuthology.orchestra.run.smithi079.stdout:/usr/bin/ceph: stdout mon_warn_on_no_sortbitwise = false
2024-09-10T08:08:36.692 INFO:teuthology.orchestra.run.smithi079.stdout:/usr/bin/ceph: stdout osd_crush_chooseleaf_type = 0
2024-09-10T08:08:36.693 INFO:teuthology.orchestra.run.smithi079.stdout:/usr/bin/ceph: stdout
2024-09-10T08:08:36.693 INFO:teuthology.orchestra.run.smithi079.stdout:/usr/bin/ceph: stdout [mgr]
2024-09-10T08:08:36.693 INFO:teuthology.orchestra.run.smithi079.stdout:/usr/bin/ceph: stdout mgr/telemetry/nag = false
2024-09-10T08:08:36.693 INFO:teuthology.orchestra.run.smithi079.stdout:/usr/bin/ceph: stdout
2024-09-10T08:08:36.693 INFO:teuthology.orchestra.run.smithi079.stdout:/usr/bin/ceph: stdout [osd]
2024-09-10T08:08:36.693 INFO:teuthology.orchestra.run.smithi079.stdout:/usr/bin/ceph: stdout mon_osd_backfillfull_ratio = 0.85
2024-09-10T08:08:36.693 INFO:teuthology.orchestra.run.smithi079.stdout:/usr/bin/ceph: stdout mon_osd_full_ratio = 0.9
2024-09-10T08:08:36.693 INFO:teuthology.orchestra.run.smithi079.stdout:/usr/bin/ceph: stdout mon_osd_nearfull_ratio = 0.8
2024-09-10T08:08:36.693 INFO:teuthology.orchestra.run.smithi079.stdout:/usr/bin/ceph: stdout osd_map_max_advance = 10
2024-09-10T08:08:36.693 INFO:teuthology.orchestra.run.smithi079.stdout:/usr/bin/ceph: stdout osd_sloppy_crc = true
2024-09-10T08:08:36.693 INFO:teuthology.orchestra.run.smithi079.stdout:/usr/bin/ceph: stderr
2024-09-10T08:08:35.924+0000 7f7e9d5dc640 1 Processor -- start
2024-09-10T08:08:36.693 INFO:teuthology.orchestra.run.smithi079.stdout:/usr/bin/ceph: stderr
2024-09-10T08:08:35.924+0000 7f7e9d5dc640 1 -- start start
2024-09-10T08:08:36.693 INFO:teuthology.orchestra.run.smithi079.stdout:/usr/bin/ceph: stderr
2024-09-10T08:08:35.924+0000 7f7e9d5dc640 1 --2- >> [v2:172.21.15.79:3300/0,v1:172.21.15.79:6789/0] conn(0x7f7e981084f0 0x7f7e9810a8e0 unknown :-1 s=NONE pgs=0 cs=0 l=0 rev1=0 crypto rx=0 tx=0 comp rx=0 tx=0).connect
2024-09-10T08:08:36.694 INFO:teuthology.orchestra.run.smithi079.stdout:/usr/bin/ceph: stderr
2024-09-10T08:08:35.924+0000 7f7e9d5dc640 1 -- --> [v2:172.21.15.79:3300/0,v1:172.21.15.79:6789/0] -- mon_getmap magic: 0 -- 0x7f7e9807be80 con 0x7f7e981084f0
2024-09-10T08:08:36.694 INFO:teuthology.orchestra.run.smithi079.stdout:/usr/bin/ceph: stderr
2024-09-10T08:08:35.924+0000 7f7e96ffd640 1 --2- >> [v2:172.21.15.79:3300/0,v1:172.21.15.79:6789/0] conn(0x7f7e981084f0 0x7f7e9810a8e0 unknown :-1 s=BANNER_CONNECTING pgs=0 cs=0 l=0 rev1=0 crypto rx=0 tx=0 comp rx=0 tx=0)._handle_peer_banner_payload supported=3 required=0
2024-09-10T08:08:36.694 INFO:teuthology.orchestra.run.smithi079.stdout:/usr/bin/ceph: stderr
2024-09-10T08:08:35.924+0000 7f7e96ffd640 1 --2- >> [v2:172.21.15.79:3300/0,v1:172.21.15.79:6789/0] conn(0x7f7e981084f0 0x7f7e9810a8e0 unknown :-1 s=HELLO_CONNECTING pgs=0 cs=0 l=0 rev1=1 crypto rx=0 tx=0 comp rx=0 tx=0).handle_hello peer v2:172.21.15.79:3300/0 says I am v2:172.21.15.79:49818/0 (socket says 172.21.15.79:49818)
2024-09-10T08:08:36.694 INFO:teuthology.orchestra.run.smithi079.stdout:/usr/bin/ceph: stderr
2024-09-10T08:08:35.924+0000 7f7e96ffd640 1 -- 172.21.15.79:0/2940014776 learned_addr learned my addr 172.21.15.79:0/2940014776 (peer_addr_for_me v2:172.21.15.79:0/0)
2024-09-10T08:08:36.694 INFO:teuthology.orchestra.run.smithi079.stdout:/usr/bin/ceph: stderr
2024-09-10T08:08:35.924+0000 7f7e96ffd640 1 -- 172.21.15.79:0/2940014776 --> [v2:172.21.15.79:3300/0,v1:172.21.15.79:6789/0] -- mon_subscribe({config=0+,monmap=0+}) -- 0x7f7e9810ae20 con 0x7f7e981084f0
2024-09-10T08:08:36.694 INFO:teuthology.orchestra.run.smithi079.stdout:/usr/bin/ceph: stderr
2024-09-10T08:08:35.925+0000 7f7e96ffd640 1 --2- 172.21.15.79:0/2940014776 >> [v2:172.21.15.79:3300/0,v1:172.21.15.79:6789/0] conn(0x7f7e981084f0 0x7f7e9810a8e0 secure :-1 s=READY pgs=18 cs=0 l=1 rev1=1 crypto rx=0x7f7e88009820 tx=0x7f7e8802a270 comp rx=0 tx=0).ready entity=mon.0 client_cookie=890fb54a28519d86 server_cookie=0 in_seq=0 out_seq=0
2024-09-10T08:08:36.694 INFO:teuthology.orchestra.run.smithi079.stdout:/usr/bin/ceph: stderr
2024-09-10T08:08:35.925+0000 7f7e95ffb640 1 -- 172.21.15.79:0/2940014776 <== mon.0 v2:172.21.15.79:3300/0 1 ==== mon_map magic: 0 ==== 205+0+0 (secure 0 0 0) 0x7f7e88037070 con 0x7f7e981084f0
2024-09-10T08:08:36.694 INFO:teuthology.orchestra.run.smithi079.stdout:/usr/bin/ceph: stderr
2024-09-10T08:08:35.925+0000 7f7e95ffb640 1 -- 172.21.15.79:0/2940014776 <== mon.0 v2:172.21.15.79:3300/0 2 ==== config(29 keys) ==== 1178+0+0 (secure 0 0 0) 0x7f7e88032940 con 0x7f7e981084f0
2024-09-10T08:08:36.694 INFO:teuthology.orchestra.run.smithi079.stdout:/usr/bin/ceph: stderr
2024-09-10T08:08:35.925+0000 7f7e95ffb640 1 -- 172.21.15.79:0/2940014776 <== mon.0 v2:172.21.15.79:3300/0 3 ==== mon_map magic: 0 ==== 205+0+0 (secure 0 0 0) 0x7f7e880309c0 con 0x7f7e981084f0
2024-09-10T08:08:36.694 INFO:teuthology.orchestra.run.smithi079.stdout:/usr/bin/ceph: stderr
2024-09-10T08:08:35.926+0000 7f7e9d5dc640 1 -- 172.21.15.79:0/2940014776 >> [v2:172.21.15.79:3300/0,v1:172.21.15.79:6789/0] conn(0x7f7e981084f0 msgr2=0x7f7e9810a8e0 secure :-1 s=STATE_CONNECTION_ESTABLISHED l=1).mark_down
2024-09-10T08:08:36.694 INFO:teuthology.orchestra.run.smithi079.stdout:/usr/bin/ceph: stderr
2024-09-10T08:08:35.926+0000 7f7e9d5dc640 1 --2- 172.21.15.79:0/2940014776 >> [v2:172.21.15.79:3300/0,v1:172.21.15.79:6789/0] conn(0x7f7e981084f0 0x7f7e9810a8e0 secure :-1 s=READY pgs=18 cs=0 l=1 rev1=1 crypto rx=0x7f7e88009820 tx=0x7f7e8802a270 comp rx=0 tx=0).stop
2024-09-10T08:08:36.694 INFO:teuthology.orchestra.run.smithi079.stdout:/usr/bin/ceph: stderr
2024-09-10T08:08:35.926+0000 7f7e9d5dc640 1 -- 172.21.15.79:0/2940014776 shutdown_connections
2024-09-10T08:08:36.694 INFO:teuthology.orchestra.run.smithi079.stdout:/usr/bin/ceph: stderr
2024-09-10T08:08:35.926+0000 7f7e9d5dc640 1 --2- 172.21.15.79:0/2940014776 >> [v2:172.21.15.79:3300/0,v1:172.21.15.79:6789/0] conn(0x7f7e981084f0 0x7f7e9810a8e0 unknown :-1 s=CLOSED pgs=18 cs=0 l=1 rev1=1 crypto rx=0 tx=0 comp rx=0 tx=0).stop
2024-09-10T08:08:36.694 INFO:teuthology.orchestra.run.smithi079.stdout:/usr/bin/ceph: stderr
2024-09-10T08:08:35.926+0000 7f7e9d5dc640 1 -- 172.21.15.79:0/2940014776 >> 172.21.15.79:0/2940014776 conn(0x7f7e98102110 msgr2=0x7f7e98104530 unknown :-1 s=STATE_NONE l=0).mark_down
2024-09-10T08:08:36.695 INFO:teuthology.orchestra.run.smithi079.stdout:/usr/bin/ceph: stderr
2024-09-10T08:08:35.926+0000 7f7e9d5dc640 1 -- 172.21.15.79:0/2940014776 shutdown_connections
2024-09-10T08:08:36.695 INFO:teuthology.orchestra.run.smithi079.stdout:/usr/bin/ceph: stderr
2024-09-10T08:08:35.926+0000 7f7e9d5dc640 1 -- 172.21.15.79:0/2940014776 wait complete.
2024-09-10T08:08:36.695 INFO:teuthology.orchestra.run.smithi079.stdout:/usr/bin/ceph: stderr
2024-09-10T08:08:35.926+0000 7f7e9d5dc640 1 Processor -- start
2024-09-10T08:08:36.695 INFO:teuthology.orchestra.run.smithi079.stdout:/usr/bin/ceph: stderr
2024-09-10T08:08:35.927+0000 7f7e9d5dc640 1 -- start start
2024-09-10T08:08:36.695 INFO:teuthology.orchestra.run.smithi079.stdout:/usr/bin/ceph: stderr
2024-09-10T08:08:35.927+0000 7f7e9d5dc640 1 --2- >> [v2:172.21.15.79:3300/0,v1:172.21.15.79:6789/0] conn(0x7f7e981084f0 0x7f7e9819bb40 unknown :-1 s=NONE pgs=0 cs=0 l=1 rev1=0 crypto rx=0 tx=0 comp rx=0 tx=0).connect
2024-09-10T08:08:36.695 INFO:teuthology.orchestra.run.smithi079.stdout:/usr/bin/ceph: stderr
2024-09-10T08:08:35.927+0000 7f7e9d5dc640 1 -- --> [v2:172.21.15.79:3300/0,v1:172.21.15.79:6789/0] -- mon_getmap magic: 0 -- 0x7f7e9810bf20 con 0x7f7e981084f0
2024-09-10T08:08:36.695 INFO:teuthology.orchestra.run.smithi079.stdout:/usr/bin/ceph: stderr
2024-09-10T08:08:35.927+0000 7f7e96ffd640 1 --2- >> [v2:172.21.15.79:3300/0,v1:172.21.15.79:6789/0] conn(0x7f7e981084f0 0x7f7e9819bb40 unknown :-1 s=BANNER_CONNECTING pgs=0 cs=0 l=1 rev1=0 crypto rx=0 tx=0 comp rx=0 tx=0)._handle_peer_banner_payload supported=3 required=0
2024-09-10T08:08:36.695 INFO:teuthology.orchestra.run.smithi079.stdout:/usr/bin/ceph: stderr
2024-09-10T08:08:35.927+0000 7f7e96ffd640 1 --2- >> [v2:172.21.15.79:3300/0,v1:172.21.15.79:6789/0] conn(0x7f7e981084f0 0x7f7e9819bb40 unknown :-1 s=HELLO_CONNECTING pgs=0 cs=0 l=1 rev1=1 crypto rx=0 tx=0 comp rx=0 tx=0).handle_hello peer v2:172.21.15.79:3300/0 says I am v2:172.21.15.79:49822/0 (socket says 172.21.15.79:49822)
2024-09-10T08:08:36.695 INFO:teuthology.orchestra.run.smithi079.stdout:/usr/bin/ceph: stderr
2024-09-10T08:08:35.927+0000 7f7e96ffd640 1 -- 172.21.15.79:0/2217912245 learned_addr learned my addr 172.21.15.79:0/2217912245 (peer_addr_for_me v2:172.21.15.79:0/0)
2024-09-10T08:08:36.695 INFO:teuthology.orchestra.run.smithi079.stdout:/usr/bin/ceph: stderr
2024-09-10T08:08:35.927+0000 7f7e96ffd640 1 -- 172.21.15.79:0/2217912245 --> [v2:172.21.15.79:3300/0,v1:172.21.15.79:6789/0] -- mon_subscribe({config=0+,monmap=0+}) -- 0x7f7e9819c080 con 0x7f7e981084f0
2024-09-10T08:08:36.695 INFO:teuthology.orchestra.run.smithi079.stdout:/usr/bin/ceph: stderr
2024-09-10T08:08:35.927+0000 7f7e96ffd640 1 --2- 172.21.15.79:0/2217912245 >> [v2:172.21.15.79:3300/0,v1:172.21.15.79:6789/0] conn(0x7f7e981084f0 0x7f7e9819bb40 secure :-1 s=READY pgs=19 cs=0 l=1 rev1=1 crypto rx=0x7f7e88009940 tx=0x7f7e88032670 comp rx=0 tx=0).ready entity=mon.0 client_cookie=0 server_cookie=0 in_seq=0 out_seq=0
2024-09-10T08:08:36.695 INFO:teuthology.orchestra.run.smithi079.stdout:/usr/bin/ceph: stderr
2024-09-10T08:08:35.927+0000 7f7e7ffff640 1 -- 172.21.15.79:0/2217912245 <== mon.0 v2:172.21.15.79:3300/0 1 ==== mon_map magic: 0 ==== 205+0+0 (secure 0 0 0) 0x7f7e88042070 con 0x7f7e981084f0
2024-09-10T08:08:36.695 INFO:teuthology.orchestra.run.smithi079.stdout:/usr/bin/ceph: stderr
2024-09-10T08:08:35.927+0000 7f7e7ffff640 1 -- 172.21.15.79:0/2217912245 <== mon.0 v2:172.21.15.79:3300/0 2 ==== config(29 keys) ==== 1178+0+0 (secure 0 0 0) 0x7f7e88030e50 con 0x7f7e981084f0
2024-09-10T08:08:36.696 INFO:teuthology.orchestra.run.smithi079.stdout:/usr/bin/ceph: stderr
2024-09-10T08:08:35.927+0000 7f7e9d5dc640 1 -- 172.21.15.79:0/2217912245 --> [v2:172.21.15.79:3300/0,v1:172.21.15.79:6789/0] -- mon_subscribe({mgrmap=0+}) -- 0x7f7e9819c310 con 0x7f7e981084f0
2024-09-10T08:08:36.696 INFO:teuthology.orchestra.run.smithi079.stdout:/usr/bin/ceph: stderr
2024-09-10T08:08:35.928+0000 7f7e7ffff640 1 -- 172.21.15.79:0/2217912245 <== mon.0 v2:172.21.15.79:3300/0 3 ==== mon_map magic: 0 ==== 205+0+0 (secure 0 0 0) 0x7f7e88037040 con 0x7f7e981084f0
2024-09-10T08:08:36.696 INFO:teuthology.orchestra.run.smithi079.stdout:/usr/bin/ceph: stderr
2024-09-10T08:08:35.928+0000 7f7e9d5dc640 1 -- 172.21.15.79:0/2217912245 --> [v2:172.21.15.79:3300/0,v1:172.21.15.79:6789/0] -- mon_subscribe({osdmap=0}) -- 0x7f7e9819f000 con 0x7f7e981084f0
2024-09-10T08:08:36.696 INFO:teuthology.orchestra.run.smithi079.stdout:/usr/bin/ceph: stderr
2024-09-10T08:08:35.928+0000 7f7e7ffff640 1 -- 172.21.15.79:0/2217912245 <== mon.0 v2:172.21.15.79:3300/0 4 ==== mgrmap(e 4) ==== 46276+0+0 (secure 0 0 0) 0x7f7e88045070 con 0x7f7e981084f0
2024-09-10T08:08:36.696 INFO:teuthology.orchestra.run.smithi079.stdout:/usr/bin/ceph: stderr
2024-09-10T08:08:35.929+0000 7f7e7ffff640 1 --2- 172.21.15.79:0/2217912245 >> [v2:172.21.15.79:6800/1252467309,v1:172.21.15.79:6801/1252467309] conn(0x7f7e80038f20 0x7f7e8003b3e0 unknown :-1 s=NONE pgs=0 cs=0 l=1 rev1=0 crypto rx=0 tx=0 comp rx=0 tx=0).connect
2024-09-10T08:08:36.696 INFO:teuthology.orchestra.run.smithi079.stdout:/usr/bin/ceph: stderr
2024-09-10T08:08:35.929+0000 7f7e7ffff640 1 -- 172.21.15.79:0/2217912245 <== mon.0 v2:172.21.15.79:3300/0 5 ==== osd_map(1..1 src has 1..1) ==== 725+0+0 (secure 0 0 0) 0x7f7e8806c020 con 0x7f7e981084f0
2024-09-10T08:08:36.696 INFO:teuthology.orchestra.run.smithi079.stdout:/usr/bin/ceph: stderr
2024-09-10T08:08:35.929+0000 7f7e9d5dc640 1 -- 172.21.15.79:0/2217912245 --> [v2:172.21.15.79:3300/0,v1:172.21.15.79:6789/0] -- mon_command({"prefix": "get_command_descriptions"} v 0) -- 0x7f7e98108950 con 0x7f7e981084f0
2024-09-10T08:08:36.696 INFO:teuthology.orchestra.run.smithi079.stdout:/usr/bin/ceph: stderr
2024-09-10T08:08:35.929+0000 7f7e967fc640 1 --2- 172.21.15.79:0/2217912245 >> [v2:172.21.15.79:6800/1252467309,v1:172.21.15.79:6801/1252467309] conn(0x7f7e80038f20 0x7f7e8003b3e0 unknown :-1 s=BANNER_CONNECTING pgs=0 cs=0 l=1 rev1=0 crypto rx=0 tx=0 comp rx=0 tx=0)._handle_peer_banner_payload supported=3 required=0
2024-09-10T08:08:36.696 INFO:teuthology.orchestra.run.smithi079.stdout:/usr/bin/ceph: stderr
2024-09-10T08:08:35.929+0000 7f7e967fc640 1 --2- 172.21.15.79:0/2217912245 >> [v2:172.21.15.79:6800/1252467309,v1:172.21.15.79:6801/1252467309] conn(0x7f7e80038f20 0x7f7e8003b3e0 secure :-1 s=READY pgs=7 cs=0 l=1 rev1=1 crypto rx=0x7f7e8c0098c0 tx=0x7f7e8c006db0 comp rx=0 tx=0).ready entity=mgr.14100 client_cookie=0 server_cookie=0 in_seq=0 out_seq=0
2024-09-10T08:08:36.696 INFO:teuthology.orchestra.run.smithi079.stdout:/usr/bin/ceph: stderr
2024-09-10T08:08:35.933+0000 7f7e7ffff640 1 -- 172.21.15.79:0/2217912245 <== mon.0 v2:172.21.15.79:3300/0 6 ==== mon_command_ack([{"prefix": "get_command_descriptions"}]=0 v0) ==== 72+0+188821 (secure 0 0 0) 0x7f7e8803c940 con 0x7f7e981084f0
2024-09-10T08:08:36.696 INFO:teuthology.orchestra.run.smithi079.stdout:/usr/bin/ceph: stderr
2024-09-10T08:08:36.098+0000 7f7e9d5dc640 1 -- 172.21.15.79:0/2217912245 --> [v2:172.21.15.79:3300/0,v1:172.21.15.79:6789/0] -- mon_command({"prefix": "config assimilate-conf"} v 0) -- 0x7f7e9819f1d0 con 0x7f7e981084f0
2024-09-10T08:08:36.696 INFO:teuthology.orchestra.run.smithi079.stdout:/usr/bin/ceph: stderr
2024-09-10T08:08:36.099+0000 7f7e7ffff640 1 -- 172.21.15.79:0/2217912245 <== mon.0 v2:172.21.15.79:3300/0 7 ==== mon_command_ack([{"prefix": "config assimilate-conf"}]=0 v3) ==== 70+0+429 (secure 0 0 0) 0x7f7e88050020 con 0x7f7e981084f0
2024-09-10T08:08:36.696 INFO:teuthology.orchestra.run.smithi079.stdout:/usr/bin/ceph: stderr
2024-09-10T08:08:36.101+0000 7f7e9d5dc640 1 -- 172.21.15.79:0/2217912245 >> [v2:172.21.15.79:6800/1252467309,v1:172.21.15.79:6801/1252467309] conn(0x7f7e80038f20 msgr2=0x7f7e8003b3e0 secure :-1 s=STATE_CONNECTION_ESTABLISHED l=1).mark_down
2024-09-10T08:08:36.696 INFO:teuthology.orchestra.run.smithi079.stdout:/usr/bin/ceph: stderr
2024-09-10T08:08:36.101+0000 7f7e9d5dc640 1 --2- 172.21.15.79:0/2217912245 >> [v2:172.21.15.79:6800/1252467309,v1:172.21.15.79:6801/1252467309] conn(0x7f7e80038f20 0x7f7e8003b3e0 secure :-1 s=READY pgs=7 cs=0 l=1 rev1=1 crypto rx=0x7f7e8c0098c0 tx=0x7f7e8c006db0 comp rx=0 tx=0).stop
2024-09-10T08:08:36.697 INFO:teuthology.orchestra.run.smithi079.stdout:/usr/bin/ceph: stderr
2024-09-10T08:08:36.101+0000 7f7e9d5dc640 1 -- 172.21.15.79:0/2217912245 >> [v2:172.21.15.79:3300/0,v1:172.21.15.79:6789/0] conn(0x7f7e981084f0 msgr2=0x7f7e9819bb40 secure :-1 s=STATE_CONNECTION_ESTABLISHED l=1).mark_down
2024-09-10T08:08:36.697 INFO:teuthology.orchestra.run.smithi079.stdout:/usr/bin/ceph: stderr
2024-09-10T08:08:36.101+0000 7f7e9d5dc640 1 --2- 172.21.15.79:0/2217912245 >> [v2:172.21.15.79:3300/0,v1:172.21.15.79:6789/0] conn(0x7f7e981084f0 0x7f7e9819bb40 secure :-1 s=READY pgs=19 cs=0 l=1 rev1=1 crypto rx=0x7f7e88009940 tx=0x7f7e88032670 comp rx=0 tx=0).stop
2024-09-10T08:08:36.697 INFO:teuthology.orchestra.run.smithi079.stdout:/usr/bin/ceph: stderr
2024-09-10T08:08:36.101+0000 7f7e9d5dc640 1 -- 172.21.15.79:0/2217912245 shutdown_connections
2024-09-10T08:08:36.697 INFO:teuthology.orchestra.run.smithi079.stdout:/usr/bin/ceph: stderr
2024-09-10T08:08:36.101+0000 7f7e9d5dc640 1 --2- 172.21.15.79:0/2217912245 >> [v2:172.21.15.79:6800/1252467309,v1:172.21.15.79:6801/1252467309] conn(0x7f7e80038f20 0x7f7e8003b3e0 unknown :-1 s=CLOSED pgs=7 cs=0 l=1 rev1=1 crypto rx=0 tx=0 comp rx=0 tx=0).stop
2024-09-10T08:08:36.697 INFO:teuthology.orchestra.run.smithi079.stdout:/usr/bin/ceph: stderr
2024-09-10T08:08:36.101+0000 7f7e9d5dc640 1 --2- 172.21.15.79:0/2217912245 >> [v2:172.21.15.79:3300/0,v1:172.21.15.79:6789/0] conn(0x7f7e981084f0 0x7f7e9819bb40 unknown :-1 s=CLOSED pgs=19 cs=0 l=1 rev1=1 crypto rx=0 tx=0 comp rx=0 tx=0).stop
2024-09-10T08:08:36.697 INFO:teuthology.orchestra.run.smithi079.stdout:/usr/bin/ceph: stderr
2024-09-10T08:08:36.101+0000 7f7e9d5dc640 1 -- 172.21.15.79:0/2217912245 >> 172.21.15.79:0/2217912245 conn(0x7f7e98102110 msgr2=0x7f7e98102cf0 unknown :-1 s=STATE_NONE l=0).mark_down
2024-09-10T08:08:36.697 INFO:teuthology.orchestra.run.smithi079.stdout:/usr/bin/ceph: stderr
2024-09-10T08:08:36.101+0000 7f7e9d5dc640 1 -- 172.21.15.79:0/2217912245 shutdown_connections
2024-09-10T08:08:36.697 INFO:teuthology.orchestra.run.smithi079.stdout:/usr/bin/ceph: stderr
2024-09-10T08:08:36.101+0000 7f7e9d5dc640 1 -- 172.21.15.79:0/2217912245 wait complete.
2024-09-10T08:08:36.697 INFO:teuthology.orchestra.run.smithi079.stdout:Enabling cephadm module...
2024-09-10T08:08:36.807 INFO:journalctl@ceph.mon.a.smithi079.stdout:Sep 10 08:08:36 smithi079 ceph-mon[30848]: from='client.? 172.21.15.79:0/2217912245' entity='client.admin' cmd=[{"prefix": "config assimilate-conf"}]: dispatch
2024-09-10T08:08:37.821 INFO:journalctl@ceph.mon.a.smithi079.stdout:Sep 10 08:08:37 smithi079 ceph-mon[30848]: from='client.? 172.21.15.79:0/4173010176' entity='client.admin' cmd=[{"prefix": "mgr module enable", "module": "cephadm"}]: dispatch
2024-09-10T08:08:37.822 INFO:journalctl@ceph.mgr.x.smithi079.stdout:Sep 10 08:08:37 smithi079 ceph-aeab2db8-6f4b-11ef-bcea-c7b262605968-mgr-x[31077]: ignoring --setuser ceph since I am not root
