2024-09-10T08:17:46.663 INFO:journalctl@ceph.mgr.x.smithi012.stdout:Sep 10 08:17:46 smithi012 ceph-dcad1914-6f4c-11ef-bcea-c7b262605968-mgr-x[30837]:
2024-09-10T08:17:46.486+0000 7f023d21a040 -1 mgr[py] Module crash has missing NOTIFY_TYPES member
2024-09-10T08:17:46.663 INFO:journalctl@ceph.mgr.x.smithi012.stdout:Sep 10 08:17:46 smithi012 ceph-dcad1914-6f4c-11ef-bcea-c7b262605968-mgr-x[30837]:
2024-09-10T08:17:46.663+0000 7f023d21a040 -1 mgr[py] Module test_orchestrator has missing NOTIFY_TYPES member
2024-09-10T08:17:46.924 INFO:journalctl@ceph.mgr.x.smithi012.stdout:Sep 10 08:17:46 smithi012 ceph-dcad1914-6f4c-11ef-bcea-c7b262605968-mgr-x[30837]:
2024-09-10T08:17:46.833+0000 7f023d21a040 -1 mgr[py] Module snap_schedule has missing NOTIFY_TYPES member
2024-09-10T08:17:46.925 INFO:journalctl@ceph.mon.a.smithi012.stdout:Sep 10 08:17:46 smithi012 ceph-mon[30612]: from='client.? 172.21.15.12:0/2768740121' entity='client.admin' cmd='[{"prefix": "mgr module enable", "module": "dashboard"}]': finished
2024-09-10T08:17:46.925 INFO:journalctl@ceph.mon.a.smithi012.stdout:Sep 10 08:17:46 smithi012 ceph-mon[30612]: mgrmap e9: x(active, since 20s)
2024-09-10T08:17:46.935 INFO:teuthology.orchestra.run.smithi012.stdout:/usr/bin/ceph: stderr
2024-09-10T08:17:45.326+0000 7f0aee400640 1 Processor -- start
2024-09-10T08:17:46.935 INFO:teuthology.orchestra.run.smithi012.stdout:/usr/bin/ceph: stderr
2024-09-10T08:17:45.326+0000 7f0aee400640 1 -- start start
2024-09-10T08:17:46.935 INFO:teuthology.orchestra.run.smithi012.stdout:/usr/bin/ceph: stderr
2024-09-10T08:17:45.326+0000 7f0aee400640 1 --2- >> [v2:172.21.15.12:3300/0,v1:172.21.15.12:6789/0] conn(0x7f0ae8109920 0x7f0ae8109d20 unknown :-1 s=NONE pgs=0 cs=0 l=0 rev1=0 crypto rx=0 tx=0 comp rx=0 tx=0).connect
2024-09-10T08:17:46.935 INFO:teuthology.orchestra.run.smithi012.stdout:/usr/bin/ceph: stderr
2024-09-10T08:17:45.326+0000 7f0aee400640 1 -- --> [v2:172.21.15.12:3300/0,v1:172.21.15.12:6789/0] -- mon_getmap magic: 0 -- 0x7f0ae810a2f0 con 0x7f0ae8109920
2024-09-10T08:17:46.935 INFO:teuthology.orchestra.run.smithi012.stdout:/usr/bin/ceph: stderr
2024-09-10T08:17:45.326+0000 7f0aed000640 1 --2- >> [v2:172.21.15.12:3300/0,v1:172.21.15.12:6789/0] conn(0x7f0ae8109920 0x7f0ae8109d20 unknown :-1 s=BANNER_CONNECTING pgs=0 cs=0 l=0 rev1=0 crypto rx=0 tx=0 comp rx=0 tx=0)._handle_peer_banner_payload supported=3 required=0
2024-09-10T08:17:46.935 INFO:teuthology.orchestra.run.smithi012.stdout:/usr/bin/ceph: stderr
2024-09-10T08:17:45.327+0000 7f0aed000640 1 --2- >> [v2:172.21.15.12:3300/0,v1:172.21.15.12:6789/0] conn(0x7f0ae8109920 0x7f0ae8109d20 unknown :-1 s=HELLO_CONNECTING pgs=0 cs=0 l=0 rev1=1 crypto rx=0 tx=0 comp rx=0 tx=0).handle_hello peer v2:172.21.15.12:3300/0 says I am v2:172.21.15.12:60574/0 (socket says 172.21.15.12:60574)
2024-09-10T08:17:46.935 INFO:teuthology.orchestra.run.smithi012.stdout:/usr/bin/ceph: stderr
2024-09-10T08:17:45.327+0000 7f0aed000640 1 -- 172.21.15.12:0/2409259655 learned_addr learned my addr 172.21.15.12:0/2409259655 (peer_addr_for_me v2:172.21.15.12:0/0)
2024-09-10T08:17:46.935 INFO:teuthology.orchestra.run.smithi012.stdout:/usr/bin/ceph: stderr
2024-09-10T08:17:45.327+0000 7f0aed000640 1 -- 172.21.15.12:0/2409259655 --> [v2:172.21.15.12:3300/0,v1:172.21.15.12:6789/0] -- mon_subscribe({config=0+,monmap=0+}) -- 0x7f0ae810a780 con 0x7f0ae8109920
2024-09-10T08:17:46.935 INFO:teuthology.orchestra.run.smithi012.stdout:/usr/bin/ceph: stderr
2024-09-10T08:17:45.328+0000 7f0aed000640 1 --2- 172.21.15.12:0/2409259655 >> [v2:172.21.15.12:3300/0,v1:172.21.15.12:6789/0] conn(0x7f0ae8109920 0x7f0ae8109d20 secure :-1 s=READY pgs=53 cs=0 l=1 rev1=1 crypto rx=0x7f0adc009820 tx=0x7f0adc02a270 comp rx=0 tx=0).ready entity=mon.0 client_cookie=2ae63986b5fd23ae server_cookie=0 in_seq=0 out_seq=0
2024-09-10T08:17:46.936 INFO:teuthology.orchestra.run.smithi012.stdout:/usr/bin/ceph: stderr
2024-09-10T08:17:45.328+0000 7f0ae7400640 1 -- 172.21.15.12:0/2409259655 <== mon.0 v2:172.21.15.12:3300/0 1 ==== mon_map magic: 0 ==== 205+0+0 (secure 0 0 0) 0x7f0adc037070 con 0x7f0ae8109920
2024-09-10T08:17:46.936 INFO:teuthology.orchestra.run.smithi012.stdout:/usr/bin/ceph: stderr
2024-09-10T08:17:45.328+0000 7f0ae7400640 1 -- 172.21.15.12:0/2409259655 <== mon.0 v2:172.21.15.12:3300/0 2 ==== config(27 keys) ==== 1140+0+0 (secure 0 0 0) 0x7f0adc032920 con 0x7f0ae8109920
2024-09-10T08:17:46.936 INFO:teuthology.orchestra.run.smithi012.stdout:/usr/bin/ceph: stderr
2024-09-10T08:17:45.328+0000 7f0ae7400640 1 -- 172.21.15.12:0/2409259655 <== mon.0 v2:172.21.15.12:3300/0 3 ==== mon_map magic: 0 ==== 205+0+0 (secure 0 0 0) 0x7f0adc030810 con 0x7f0ae8109920
2024-09-10T08:17:46.936 INFO:teuthology.orchestra.run.smithi012.stdout:/usr/bin/ceph: stderr
2024-09-10T08:17:45.329+0000 7f0aee400640 1 -- 172.21.15.12:0/2409259655 >> [v2:172.21.15.12:3300/0,v1:172.21.15.12:6789/0] conn(0x7f0ae8109920 msgr2=0x7f0ae8109d20 secure :-1 s=STATE_CONNECTION_ESTABLISHED l=1).mark_down
2024-09-10T08:17:46.936 INFO:teuthology.orchestra.run.smithi012.stdout:/usr/bin/ceph: stderr
2024-09-10T08:17:45.329+0000 7f0aee400640 1 --2- 172.21.15.12:0/2409259655 >> [v2:172.21.15.12:3300/0,v1:172.21.15.12:6789/0] conn(0x7f0ae8109920 0x7f0ae8109d20 secure :-1 s=READY pgs=53 cs=0 l=1 rev1=1 crypto rx=0x7f0adc009820 tx=0x7f0adc02a270 comp rx=0 tx=0).stop
2024-09-10T08:17:46.936 INFO:teuthology.orchestra.run.smithi012.stdout:/usr/bin/ceph: stderr
2024-09-10T08:17:45.329+0000 7f0aee400640 1 -- 172.21.15.12:0/2409259655 shutdown_connections
2024-09-10T08:17:46.936 INFO:teuthology.orchestra.run.smithi012.stdout:/usr/bin/ceph: stderr
2024-09-10T08:17:45.329+0000 7f0aee400640 1 --2- 172.21.15.12:0/2409259655 >> [v2:172.21.15.12:3300/0,v1:172.21.15.12:6789/0] conn(0x7f0ae8109920 0x7f0ae8109d20 unknown :-1 s=CLOSED pgs=53 cs=0 l=1 rev1=1 crypto rx=0 tx=0 comp rx=0 tx=0).stop
2024-09-10T08:17:46.936 INFO:teuthology.orchestra.run.smithi012.stdout:/usr/bin/ceph: stderr
2024-09-10T08:17:45.329+0000 7f0aee400640 1 -- 172.21.15.12:0/2409259655 >> 172.21.15.12:0/2409259655 conn(0x7f0ae807cbe0 msgr2=0x7f0ae807cff0 unknown :-1 s=STATE_NONE l=0).mark_down
2024-09-10T08:17:46.936 INFO:teuthology.orchestra.run.smithi012.stdout:/usr/bin/ceph: stderr
2024-09-10T08:17:45.329+0000 7f0aee400640 1 -- 172.21.15.12:0/2409259655 shutdown_connections
2024-09-10T08:17:46.936 INFO:teuthology.orchestra.run.smithi012.stdout:/usr/bin/ceph: stderr
2024-09-10T08:17:45.329+0000 7f0aee400640 1 -- 172.21.15.12:0/2409259655 wait complete.
2024-09-10T08:17:46.936 INFO:teuthology.orchestra.run.smithi012.stdout:/usr/bin/ceph: stderr
2024-09-10T08:17:45.330+0000 7f0aee400640 1 Processor -- start
2024-09-10T08:17:46.936 INFO:teuthology.orchestra.run.smithi012.stdout:/usr/bin/ceph: stderr
2024-09-10T08:17:45.330+0000 7f0aee400640 1 -- start start
2024-09-10T08:17:46.936 INFO:teuthology.orchestra.run.smithi012.stdout:/usr/bin/ceph: stderr
2024-09-10T08:17:45.330+0000 7f0aee400640 1 --2- >> [v2:172.21.15.12:3300/0,v1:172.21.15.12:6789/0] conn(0x7f0ae8109920 0x7f0ae819d900 unknown :-1 s=NONE pgs=0 cs=0 l=1 rev1=0 crypto rx=0 tx=0 comp rx=0 tx=0).connect
2024-09-10T08:17:46.937 INFO:teuthology.orchestra.run.smithi012.stdout:/usr/bin/ceph: stderr
2024-09-10T08:17:45.330+0000 7f0aee400640 1 -- --> [v2:172.21.15.12:3300/0,v1:172.21.15.12:6789/0] -- mon_getmap magic: 0 -- 0x7f0ae810db30 con 0x7f0ae8109920
2024-09-10T08:17:46.937 INFO:teuthology.orchestra.run.smithi012.stdout:/usr/bin/ceph: stderr
2024-09-10T08:17:45.331+0000 7f0aed000640 1 --2- >> [v2:172.21.15.12:3300/0,v1:172.21.15.12:6789/0] conn(0x7f0ae8109920 0x7f0ae819d900 unknown :-1 s=BANNER_CONNECTING pgs=0 cs=0 l=1 rev1=0 crypto rx=0 tx=0 comp rx=0 tx=0)._handle_peer_banner_payload supported=3 required=0
2024-09-10T08:17:46.937 INFO:teuthology.orchestra.run.smithi012.stdout:/usr/bin/ceph: stderr
2024-09-10T08:17:45.331+0000 7f0aed000640 1 --2- >> [v2:172.21.15.12:3300/0,v1:172.21.15.12:6789/0] conn(0x7f0ae8109920 0x7f0ae819d900 unknown :-1 s=HELLO_CONNECTING pgs=0 cs=0 l=1 rev1=1 crypto rx=0 tx=0 comp rx=0 tx=0).handle_hello peer v2:172.21.15.12:3300/0 says I am v2:172.21.15.12:60576/0 (socket says 172.21.15.12:60576)
2024-09-10T08:17:46.937 INFO:teuthology.orchestra.run.smithi012.stdout:/usr/bin/ceph: stderr
2024-09-10T08:17:45.331+0000 7f0aed000640 1 -- 172.21.15.12:0/2768740121 learned_addr learned my addr 172.21.15.12:0/2768740121 (peer_addr_for_me v2:172.21.15.12:0/0)
2024-09-10T08:17:46.937 INFO:teuthology.orchestra.run.smithi012.stdout:/usr/bin/ceph: stderr
2024-09-10T08:17:45.331+0000 7f0aed000640 1 -- 172.21.15.12:0/2768740121 --> [v2:172.21.15.12:3300/0,v1:172.21.15.12:6789/0] -- mon_subscribe({config=0+,monmap=0+}) -- 0x7f0ae819de40 con 0x7f0ae8109920
2024-09-10T08:17:46.937 INFO:teuthology.orchestra.run.smithi012.stdout:/usr/bin/ceph: stderr
2024-09-10T08:17:45.331+0000 7f0aed000640 1 --2- 172.21.15.12:0/2768740121 >> [v2:172.21.15.12:3300/0,v1:172.21.15.12:6789/0] conn(0x7f0ae8109920 0x7f0ae819d900 secure :-1 s=READY pgs=54 cs=0 l=1 rev1=1 crypto rx=0x7f0adc030560 tx=0x7f0adc032670 comp rx=0 tx=0).ready entity=mon.0 client_cookie=0 server_cookie=0 in_seq=0 out_seq=0
2024-09-10T08:17:46.937 INFO:teuthology.orchestra.run.smithi012.stdout:/usr/bin/ceph: stderr
2024-09-10T08:17:45.331+0000 7f0ae5600640 1 -- 172.21.15.12:0/2768740121 <== mon.0 v2:172.21.15.12:3300/0 1 ==== mon_map magic: 0 ==== 205+0+0 (secure 0 0 0) 0x7f0adc037040 con 0x7f0ae8109920
2024-09-10T08:17:46.937 INFO:teuthology.orchestra.run.smithi012.stdout:/usr/bin/ceph: stderr
2024-09-10T08:17:45.331+0000 7f0ae5600640 1 -- 172.21.15.12:0/2768740121 <== mon.0 v2:172.21.15.12:3300/0 2 ==== config(27 keys) ==== 1140+0+0 (secure 0 0 0) 0x7f0adc040070 con 0x7f0ae8109920
2024-09-10T08:17:46.937 INFO:teuthology.orchestra.run.smithi012.stdout:/usr/bin/ceph: stderr
2024-09-10T08:17:45.331+0000 7f0ae5600640 1 -- 172.21.15.12:0/2768740121 <== mon.0 v2:172.21.15.12:3300/0 3 ==== mon_map magic: 0 ==== 205+0+0 (secure 0 0 0) 0x7f0adc03a740 con 0x7f0ae8109920
2024-09-10T08:17:46.937 INFO:teuthology.orchestra.run.smithi012.stdout:/usr/bin/ceph: stderr
2024-09-10T08:17:45.332+0000 7f0aee400640 1 -- 172.21.15.12:0/2768740121 --> [v2:172.21.15.12:3300/0,v1:172.21.15.12:6789/0] -- mon_subscribe({mgrmap=0+}) -- 0x7f0ae819e0d0 con 0x7f0ae8109920
2024-09-10T08:17:46.937 INFO:teuthology.orchestra.run.smithi012.stdout:/usr/bin/ceph: stderr
2024-09-10T08:17:45.332+0000 7f0aee400640 1 -- 172.21.15.12:0/2768740121 --> [v2:172.21.15.12:3300/0,v1:172.21.15.12:6789/0] -- mon_subscribe({osdmap=0}) -- 0x7f0ae81a0dc0 con 0x7f0ae8109920
2024-09-10T08:17:46.937 INFO:teuthology.orchestra.run.smithi012.stdout:/usr/bin/ceph: stderr
2024-09-10T08:17:45.333+0000 7f0ae5600640 1 -- 172.21.15.12:0/2768740121 <== mon.0 v2:172.21.15.12:3300/0 4 ==== mgrmap(e 8) ==== 46287+0+0 (secure 0 0 0) 0x7f0adc03bb90 con 0x7f0ae8109920
2024-09-10T08:17:46.938 INFO:teuthology.orchestra.run.smithi012.stdout:/usr/bin/ceph: stderr
2024-09-10T08:17:45.333+0000 7f0aee400640 1 -- 172.21.15.12:0/2768740121 --> [v2:172.21.15.12:3300/0,v1:172.21.15.12:6789/0] -- mon_command({"prefix": "get_command_descriptions"} v 0) -- 0x7f0ae8109da0 con 0x7f0ae8109920
2024-09-10T08:17:46.938 INFO:teuthology.orchestra.run.smithi012.stdout:/usr/bin/ceph: stderr
2024-09-10T08:17:45.333+0000 7f0ae5600640 1 --2- 172.21.15.12:0/2768740121 >> [v2:172.21.15.12:6800/22563516,v1:172.21.15.12:6801/22563516] conn(0x7f0ad0038fc0 0x7f0ad003b480 unknown :-1 s=NONE pgs=0 cs=0 l=1 rev1=0 crypto rx=0 tx=0 comp rx=0 tx=0).connect
2024-09-10T08:17:46.938 INFO:teuthology.orchestra.run.smithi012.stdout:/usr/bin/ceph: stderr
2024-09-10T08:17:45.333+0000 7f0ae5600640 1 -- 172.21.15.12:0/2768740121 <== mon.0 v2:172.21.15.12:3300/0 5 ==== osd_map(2..2 src has 1..2) ==== 940+0+0 (secure 0 0 0) 0x7f0adc06c600 con 0x7f0ae8109920
2024-09-10T08:17:46.938 INFO:teuthology.orchestra.run.smithi012.stdout:/usr/bin/ceph: stderr
2024-09-10T08:17:45.333+0000 7f0ae7e00640 1 --2- 172.21.15.12:0/2768740121 >> [v2:172.21.15.12:6800/22563516,v1:172.21.15.12:6801/22563516] conn(0x7f0ad0038fc0 0x7f0ad003b480 unknown :-1 s=BANNER_CONNECTING pgs=0 cs=0 l=1 rev1=0 crypto rx=0 tx=0 comp rx=0 tx=0)._handle_peer_banner_payload supported=3 required=0
2024-09-10T08:17:46.938 INFO:teuthology.orchestra.run.smithi012.stdout:/usr/bin/ceph: stderr
2024-09-10T08:17:45.334+0000 7f0ae7e00640 1 --2- 172.21.15.12:0/2768740121 >> [v2:172.21.15.12:6800/22563516,v1:172.21.15.12:6801/22563516] conn(0x7f0ad0038fc0 0x7f0ad003b480 secure :-1 s=READY pgs=16 cs=0 l=1 rev1=1 crypto rx=0x7f0ad40098c0 tx=0x7f0ad4006db0 comp rx=0 tx=0).ready entity=mgr.14118 client_cookie=0 server_cookie=0 in_seq=0 out_seq=0
2024-09-10T08:17:46.938 INFO:teuthology.orchestra.run.smithi012.stdout:/usr/bin/ceph: stderr
2024-09-10T08:17:45.338+0000 7f0ae5600640 1 -- 172.21.15.12:0/2768740121 <== mon.0 v2:172.21.15.12:3300/0 6 ==== mon_command_ack([{"prefix": "get_command_descriptions"}]=0 v0) ==== 72+0+188821 (secure 0 0 0) 0x7f0adc04a200 con 0x7f0ae8109920
2024-09-10T08:17:46.938 INFO:teuthology.orchestra.run.smithi012.stdout:/usr/bin/ceph: stderr
2024-09-10T08:17:45.581+0000 7f0aee400640 1 -- 172.21.15.12:0/2768740121 --> [v2:172.21.15.12:3300/0,v1:172.21.15.12:6789/0] -- mon_command({"prefix": "mgr module enable", "module": "dashboard"} v 0) -- 0x7f0ae802d7c0 con 0x7f0ae8109920
2024-09-10T08:17:46.938 INFO:teuthology.orchestra.run.smithi012.stdout:/usr/bin/ceph: stderr
2024-09-10T08:17:45.877+0000 7f0ae5600640 1 -- 172.21.15.12:0/2768740121 <== mon.0 v2:172.21.15.12:3300/0 7 ==== mon_command_ack([{"prefix": "mgr module enable", "module": "dashboard"}]=0 v9) ==== 88+0+0 (secure 0 0 0) 0x7f0adc031e80 con 0x7f0ae8109920
2024-09-10T08:17:46.938 INFO:teuthology.orchestra.run.smithi012.stdout:/usr/bin/ceph: stderr
2024-09-10T08:17:45.879+0000 7f0ae5600640 1 -- 172.21.15.12:0/2768740121 <== mon.0 v2:172.21.15.12:3300/0 8 ==== mgrmap(e 9) ==== 46300+0+0 (secure 0 0 0) 0x7f0adc03a8e0 con 0x7f0ae8109920
2024-09-10T08:17:46.938 INFO:teuthology.orchestra.run.smithi012.stdout:/usr/bin/ceph: stderr
2024-09-10T08:17:45.881+0000 7f0aee400640 1 -- 172.21.15.12:0/2768740121 >> [v2:172.21.15.12:6800/22563516,v1:172.21.15.12:6801/22563516] conn(0x7f0ad0038fc0 msgr2=0x7f0ad003b480 secure :-1 s=STATE_CONNECTION_ESTABLISHED l=1).mark_down
2024-09-10T08:17:46.938 INFO:teuthology.orchestra.run.smithi012.stdout:/usr/bin/ceph: stderr
2024-09-10T08:17:45.881+0000 7f0aee400640 1 --2- 172.21.15.12:0/2768740121 >> [v2:172.21.15.12:6800/22563516,v1:172.21.15.12:6801/22563516] conn(0x7f0ad0038fc0 0x7f0ad003b480 secure :-1 s=READY pgs=16 cs=0 l=1 rev1=1 crypto rx=0x7f0ad40098c0 tx=0x7f0ad4006db0 comp rx=0 tx=0).stop
2024-09-10T08:17:46.938 INFO:teuthology.orchestra.run.smithi012.stdout:/usr/bin/ceph: stderr
2024-09-10T08:17:45.881+0000 7f0aee400640 1 -- 172.21.15.12:0/2768740121 >> [v2:172.21.15.12:3300/0,v1:172.21.15.12:6789/0] conn(0x7f0ae8109920 msgr2=0x7f0ae819d900 secure :-1 s=STATE_CONNECTION_ESTABLISHED l=1).mark_down
2024-09-10T08:17:46.939 INFO:teuthology.orchestra.run.smithi012.stdout:/usr/bin/ceph: stderr
2024-09-10T08:17:45.881+0000 7f0aee400640 1 --2- 172.21.15.12:0/2768740121 >> [v2:172.21.15.12:3300/0,v1:172.21.15.12:6789/0] conn(0x7f0ae8109920 0x7f0ae819d900 secure :-1 s=READY pgs=54 cs=0 l=1 rev1=1 crypto rx=0x7f0adc030560 tx=0x7f0adc032670 comp rx=0 tx=0).stop
2024-09-10T08:17:46.939 INFO:teuthology.orchestra.run.smithi012.stdout:/usr/bin/ceph: stderr
2024-09-10T08:17:45.881+0000 7f0aee400640 1 -- 172.21.15.12:0/2768740121 shutdown_connections
2024-09-10T08:17:46.939 INFO:teuthology.orchestra.run.smithi012.stdout:/usr/bin/ceph: stderr
2024-09-10T08:17:45.881+0000 7f0aee400640 1 --2- 172.21.15.12:0/2768740121 >> [v2:172.21.15.12:6800/22563516,v1:172.21.15.12:6801/22563516] conn(0x7f0ad0038fc0 0x7f0ad003b480 unknown :-1 s=CLOSED pgs=16 cs=0 l=1 rev1=1 crypto rx=0 tx=0 comp rx=0 tx=0).stop
2024-09-10T08:17:46.939 INFO:teuthology.orchestra.run.smithi012.stdout:/usr/bin/ceph: stderr
2024-09-10T08:17:45.881+0000 7f0aee400640 1 --2- 172.21.15.12:0/2768740121 >> [v2:172.21.15.12:3300/0,v1:172.21.15.12:6789/0] conn(0x7f0ae8109920 0x7f0ae819d900 unknown :-1 s=CLOSED pgs=54 cs=0 l=1 rev1=1 crypto rx=0 tx=0 comp rx=0 tx=0).stop
2024-09-10T08:17:46.939 INFO:teuthology.orchestra.run.smithi012.stdout:/usr/bin/ceph: stderr
2024-09-10T08:17:45.881+0000 7f0aee400640 1 -- 172.21.15.12:0/2768740121 >> 172.21.15.12:0/2768740121 conn(0x7f0ae807cbe0 msgr2=0x7f0ae8107710 unknown :-1 s=STATE_NONE l=0).mark_down
2024-09-10T08:17:46.939 INFO:teuthology.orchestra.run.smithi012.stdout:/usr/bin/ceph: stderr
2024-09-10T08:17:45.882+0000 7f0aee400640 1 -- 172.21.15.12:0/2768740121 shutdown_connections
2024-09-10T08:17:46.939 INFO:teuthology.orchestra.run.smithi012.stdout:/usr/bin/ceph: stderr
2024-09-10T08:17:45.882+0000 7f0aee400640 1 -- 172.21.15.12:0/2768740121 wait complete.
2024-09-10T08:17:47.527 INFO:journalctl@ceph.mgr.x.smithi012.stdout:Sep 10 08:17:47 smithi012 ceph-dcad1914-6f4c-11ef-bcea-c7b262605968-mgr-x[30837]:
2024-09-10T08:17:47.225+0000 7f023d21a040 -1 mgr[py] Module prometheus has missing NOTIFY_TYPES member
2024-09-10T08:17:47.527 INFO:journalctl@ceph.mgr.x.smithi012.stdout:Sep 10 08:17:47 smithi012 ceph-dcad1914-6f4c-11ef-bcea-c7b262605968-mgr-x[30837]:
2024-09-10T08:17:47.301+0000 7f023d21a040 -1 mgr[py] Module selftest has missing NOTIFY_TYPES member
2024-09-10T08:17:47.879 INFO:journalctl@ceph.mgr.x.smithi012.stdout:Sep 10 08:17:47 smithi012 ceph-dcad1914-6f4c-11ef-bcea-c7b262605968-mgr-x[30837]:
2024-09-10T08:17:47.543+0000 7f023d21a040 -1 mgr[py] Module volumes has missing NOTIFY_TYPES member
2024-09-10T08:17:48.276 INFO:journalctl@ceph.mon.a.smithi012.stdout:Sep 10 08:17:47 smithi012 ceph-mon[30612]: from='client.? 172.21.15.12:0/3861622995' entity='client.admin' cmd=[{"prefix": "mgr stat"}]: dispatch
2024-09-10T08:17:48.299 INFO:teuthology.orchestra.run.smithi012.stdout:/usr/bin/ceph: stdout {
2024-09-10T08:17:48.300 INFO:teuthology.orchestra.run.smithi012.stdout:/usr/bin/ceph: stdout "epoch": 9,
2024-09-10T08:17:48.300 INFO:teuthology.orchestra.run.smithi012.stdout:/usr/bin/ceph: stdout "available": true,
2024-09-10T08:17:48.300 INFO:teuthology.orchestra.run.smithi012.stdout:/usr/bin/ceph: stdout "active_name": "x",
2024-09-10T08:17:48.301 INFO:teuthology.orchestra.run.smithi012.stdout:/usr/bin/ceph: stdout "num_standby": 0
2024-09-10T08:17:48.301 INFO:teuthology.orchestra.run.smithi012.stdout:/usr/bin/ceph: stdout }
2024-09-10T08:17:48.301 INFO:teuthology.orchestra.run.smithi012.stdout:/usr/bin/ceph: stderr
2024-09-10T08:17:47.396+0000 7fdb0f800640 1 Processor -- start
2024-09-10T08:17:48.301 INFO:teuthology.orchestra.run.smithi012.stdout:/usr/bin/ceph: stderr
2024-09-10T08:17:47.396+0000 7fdb0f800640 1 -- start start
2024-09-10T08:17:48.301 INFO:teuthology.orchestra.run.smithi012.stdout:/usr/bin/ceph: stderr
2024-09-10T08:17:47.397+0000 7fdb0f800640 1 --2- >> [v2:172.21.15.12:3300/0,v1:172.21.15.12:6789/0] conn(0x7fdb081097e0 0x7fdb08109be0 unknown :-1 s=NONE pgs=0 cs=0 l=0 rev1=0 crypto rx=0 tx=0 comp rx=0 tx=0).connect
2024-09-10T08:17:48.301 INFO:teuthology.orchestra.run.smithi012.stdout:/usr/bin/ceph: stderr
2024-09-10T08:17:47.397+0000 7fdb0f800640 1 -- --> [v2:172.21.15.12:3300/0,v1:172.21.15.12:6789/0] -- mon_getmap magic: 0 -- 0x7fdb0810a1b0 con 0x7fdb081097e0
2024-09-10T08:17:48.301 INFO:teuthology.orchestra.run.smithi012.stdout:/usr/bin/ceph: stderr
2024-09-10T08:17:47.397+0000 7fdb0ce00640 1 --2- >> [v2:172.21.15.12:3300/0,v1:172.21.15.12:6789/0] conn(0x7fdb081097e0 0x7fdb08109be0 unknown :-1 s=BANNER_CONNECTING pgs=0 cs=0 l=0 rev1=0 crypto rx=0 tx=0 comp rx=0 tx=0)._handle_peer_banner_payload supported=3 required=0
2024-09-10T08:17:48.301 INFO:teuthology.orchestra.run.smithi012.stdout:/usr/bin/ceph: stderr
2024-09-10T08:17:47.397+0000 7fdb0ce00640 1 --2- >> [v2:172.21.15.12:3300/0,v1:172.21.15.12:6789/0] conn(0x7fdb081097e0 0x7fdb08109be0 unknown :-1 s=HELLO_CONNECTING pgs=0 cs=0 l=0 rev1=1 crypto rx=0 tx=0 comp rx=0 tx=0).handle_hello peer v2:172.21.15.12:3300/0 says I am v2:172.21.15.12:60612/0 (socket says 172.21.15.12:60612)
2024-09-10T08:17:48.301 INFO:teuthology.orchestra.run.smithi012.stdout:/usr/bin/ceph: stderr
2024-09-10T08:17:47.397+0000 7fdb0ce00640 1 -- 172.21.15.12:0/3800651742 learned_addr learned my addr 172.21.15.12:0/3800651742 (peer_addr_for_me v2:172.21.15.12:0/0)
2024-09-10T08:17:48.301 INFO:teuthology.orchestra.run.smithi012.stdout:/usr/bin/ceph: stderr
2024-09-10T08:17:47.398+0000 7fdb0ce00640 1 -- 172.21.15.12:0/3800651742 --> [v2:172.21.15.12:3300/0,v1:172.21.15.12:6789/0] -- mon_subscribe({config=0+,monmap=0+}) -- 0x7fdb0810a990 con 0x7fdb081097e0
2024-09-10T08:17:48.301 INFO:teuthology.orchestra.run.smithi012.stdout:/usr/bin/ceph: stderr
2024-09-10T08:17:47.398+0000 7fdb0ce00640 1 --2- 172.21.15.12:0/3800651742 >> [v2:172.21.15.12:3300/0,v1:172.21.15.12:6789/0] conn(0x7fdb081097e0 0x7fdb08109be0 secure :-1 s=READY pgs=57 cs=0 l=1 rev1=1 crypto rx=0x7fdafc009820 tx=0x7fdafc02a270 comp rx=0 tx=0).ready entity=mon.0 client_cookie=ac0decc4dc317a6 server_cookie=0 in_seq=0 out_seq=0
2024-09-10T08:17:48.301 INFO:teuthology.orchestra.run.smithi012.stdout:/usr/bin/ceph: stderr
2024-09-10T08:17:47.399+0000 7fdb07400640 1 -- 172.21.15.12:0/3800651742 <== mon.0 v2:172.21.15.12:3300/0 1 ==== mon_map magic: 0 ==== 205+0+0 (secure 0 0 0) 0x7fdafc037070 con 0x7fdb081097e0
2024-09-10T08:17:48.302 INFO:teuthology.orchestra.run.smithi012.stdout:/usr/bin/ceph: stderr
2024-09-10T08:17:47.399+0000 7fdb07400640 1 -- 172.21.15.12:0/3800651742 <== mon.0 v2:172.21.15.12:3300/0 2 ==== config(27 keys) ==== 1140+0+0 (secure 0 0 0) 0x7fdafc032920 con 0x7fdb081097e0
2024-09-10T08:17:48.302 INFO:teuthology.orchestra.run.smithi012.stdout:/usr/bin/ceph: stderr
2024-09-10T08:17:47.399+0000 7fdb07400640 1 -- 172.21.15.12:0/3800651742 <== mon.0 v2:172.21.15.12:3300/0 3 ==== mon_map magic: 0 ==== 205+0+0 (secure 0 0 0) 0x7fdafc030810 con 0x7fdb081097e0
2024-09-10T08:17:48.302 INFO:teuthology.orchestra.run.smithi012.stdout:/usr/bin/ceph: stderr
2024-09-10T08:17:47.399+0000 7fdb0f800640 1 -- 172.21.15.12:0/3800651742 >> [v2:172.21.15.12:3300/0,v1:172.21.15.12:6789/0] conn(0x7fdb081097e0 msgr2=0x7fdb08109be0 secure :-1 s=STATE_CONNECTION_ESTABLISHED l=1).mark_down
2024-09-10T08:17:48.302 INFO:teuthology.orchestra.run.smithi012.stdout:/usr/bin/ceph: stderr
2024-09-10T08:17:47.399+0000 7fdb0f800640 1 --2- 172.21.15.12:0/3800651742 >> [v2:172.21.15.12:3300/0,v1:172.21.15.12:6789/0] conn(0x7fdb081097e0 0x7fdb08109be0 secure :-1 s=READY pgs=57 cs=0 l=1 rev1=1 crypto rx=0x7fdafc009820 tx=0x7fdafc02a270 comp rx=0 tx=0).stop
2024-09-10T08:17:48.302 INFO:teuthology.orchestra.run.smithi012.stdout:/usr/bin/ceph: stderr
2024-09-10T08:17:47.399+0000 7fdb0f800640 1 -- 172.21.15.12:0/3800651742 shutdown_connections
2024-09-10T08:17:48.302 INFO:teuthology.orchestra.run.smithi012.stdout:/usr/bin/ceph: stderr
2024-09-10T08:17:47.400+0000 7fdb0f800640 1 --2- 172.21.15.12:0/3800651742 >> [v2:172.21.15.12:3300/0,v1:172.21.15.12:6789/0] conn(0x7fdb081097e0 0x7fdb08109be0 unknown :-1 s=CLOSED pgs=57 cs=0 l=1 rev1=1 crypto rx=0 tx=0 comp rx=0 tx=0).stop
2024-09-10T08:17:48.302 INFO:teuthology.orchestra.run.smithi012.stdout:/usr/bin/ceph: stderr
2024-09-10T08:17:47.400+0000 7fdb0f800640 1 -- 172.21.15.12:0/3800651742 >> 172.21.15.12:0/3800651742 conn(0x7fdb0807cdf0 msgr2=0x7fdb0807d200 unknown :-1 s=STATE_NONE l=0).mark_down
2024-09-10T08:17:48.302 INFO:teuthology.orchestra.run.smithi012.stdout:/usr/bin/ceph: stderr
2024-09-10T08:17:47.400+0000 7fdb0f800640 1 -- 172.21.15.12:0/3800651742 shutdown_connections
2024-09-10T08:17:48.302 INFO:teuthology.orchestra.run.smithi012.stdout:/usr/bin/ceph: stderr
2024-09-10T08:17:47.400+0000 7fdb0f800640 1 -- 172.21.15.12:0/3800651742 wait complete.
2024-09-10T08:17:48.302 INFO:teuthology.orchestra.run.smithi012.stdout:/usr/bin/ceph: stderr
2024-09-10T08:17:47.400+0000 7fdb0f800640 1 Processor -- start
2024-09-10T08:17:48.302 INFO:teuthology.orchestra.run.smithi012.stdout:/usr/bin/ceph: stderr
2024-09-10T08:17:47.401+0000 7fdb0f800640 1 -- start start
2024-09-10T08:17:48.302 INFO:teuthology.orchestra.run.smithi012.stdout:/usr/bin/ceph: stderr
2024-09-10T08:17:47.401+0000 7fdb0f800640 1 --2- >> [v2:172.21.15.12:3300/0,v1:172.21.15.12:6789/0] conn(0x7fdb081097e0 0x7fdb0819dac0 unknown :-1 s=NONE pgs=0 cs=0 l=1 rev1=0 crypto rx=0 tx=0 comp rx=0 tx=0).connect
2024-09-10T08:17:48.302 INFO:teuthology.orchestra.run.smithi012.stdout:/usr/bin/ceph: stderr
2024-09-10T08:17:47.401+0000 7fdb0f800640 1 -- --> [v2:172.21.15.12:3300/0,v1:172.21.15.12:6789/0] -- mon_getmap magic: 0 -- 0x7fdb0810dd40 con 0x7fdb081097e0
2024-09-10T08:17:48.303 INFO:teuthology.orchestra.run.smithi012.stdout:/usr/bin/ceph: stderr
2024-09-10T08:17:47.401+0000 7fdb0ce00640 1 --2- >> [v2:172.21.15.12:3300/0,v1:172.21.15.12:6789/0] conn(0x7fdb081097e0 0x7fdb0819dac0 unknown :-1 s=BANNER_CONNECTING pgs=0 cs=0 l=1 rev1=0 crypto rx=0 tx=0 comp rx=0 tx=0)._handle_peer_banner_payload supported=3 required=0
2024-09-10T08:17:48.303 INFO:teuthology.orchestra.run.smithi012.stdout:/usr/bin/ceph: stderr
2024-09-10T08:17:47.401+0000 7fdb0ce00640 1 --2- >> [v2:172.21.15.12:3300/0,v1:172.21.15.12:6789/0] conn(0x7fdb081097e0 0x7fdb0819dac0 unknown :-1 s=HELLO_CONNECTING pgs=0 cs=0 l=1 rev1=1 crypto rx=0 tx=0 comp rx=0 tx=0).handle_hello peer v2:172.21.15.12:3300/0 says I am v2:172.21.15.12:60614/0 (socket says 172.21.15.12:60614)
2024-09-10T08:17:48.303 INFO:teuthology.orchestra.run.smithi012.stdout:/usr/bin/ceph: stderr
2024-09-10T08:17:47.401+0000 7fdb0ce00640 1 -- 172.21.15.12:0/3861622995 learned_addr learned my addr 172.21.15.12:0/3861622995 (peer_addr_for_me v2:172.21.15.12:0/0)
2024-09-10T08:17:48.303 INFO:teuthology.orchestra.run.smithi012.stdout:/usr/bin/ceph: stderr
2024-09-10T08:17:47.402+0000 7fdb0ce00640 1 -- 172.21.15.12:0/3861622995 --> [v2:172.21.15.12:3300/0,v1:172.21.15.12:6789/0] -- mon_subscribe({config=0+,monmap=0+}) -- 0x7fdb0819e000 con 0x7fdb081097e0
2024-09-10T08:17:48.303 INFO:teuthology.orchestra.run.smithi012.stdout:/usr/bin/ceph: stderr
2024-09-10T08:17:47.402+0000 7fdb0ce00640 1 --2- 172.21.15.12:0/3861622995 >> [v2:172.21.15.12:3300/0,v1:172.21.15.12:6789/0] conn(0x7fdb081097e0 0x7fdb0819dac0 secure :-1 s=READY pgs=58 cs=0 l=1 rev1=1 crypto rx=0x7fdafc0097f0 tx=0x7fdafc0327b0 comp rx=0 tx=0).ready entity=mon.0 client_cookie=0 server_cookie=0 in_seq=0 out_seq=0
2024-09-10T08:17:48.303 INFO:teuthology.orchestra.run.smithi012.stdout:/usr/bin/ceph: stderr
2024-09-10T08:17:47.402+0000 7fdb05600640 1 -- 172.21.15.12:0/3861622995 <== mon.0 v2:172.21.15.12:3300/0 1 ==== mon_map magic: 0 ==== 205+0+0 (secure 0 0 0) 0x7fdafc037040 con 0x7fdb081097e0
2024-09-10T08:17:48.303 INFO:teuthology.orchestra.run.smithi012.stdout:/usr/bin/ceph: stderr
2024-09-10T08:17:47.402+0000 7fdb05600640 1 -- 172.21.15.12:0/3861622995 <== mon.0 v2:172.21.15.12:3300/0 2 ==== config(27 keys) ==== 1140+0+0 (secure 0 0 0) 0x7fdafc030cc0 con 0x7fdb081097e0
2024-09-10T08:17:48.303 INFO:teuthology.orchestra.run.smithi012.stdout:/usr/bin/ceph: stderr
2024-09-10T08:17:47.402+0000 7fdb05600640 1 -- 172.21.15.12:0/3861622995 <== mon.0 v2:172.21.15.12:3300/0 3 ==== mon_map magic: 0 ==== 205+0+0 (secure 0 0 0) 0x7fdafc03a640 con 0x7fdb081097e0
2024-09-10T08:17:48.303 INFO:teuthology.orchestra.run.smithi012.stdout:/usr/bin/ceph: stderr
2024-09-10T08:17:47.402+0000 7fdb0f800640 1 -- 172.21.15.12:0/3861622995 --> [v2:172.21.15.12:3300/0,v1:172.21.15.12:6789/0] -- mon_subscribe({mgrmap=0+}) -- 0x7fdb0819e290 con 0x7fdb081097e0
2024-09-10T08:17:48.303 INFO:teuthology.orchestra.run.smithi012.stdout:/usr/bin/ceph: stderr
2024-09-10T08:17:47.402+0000 7fdb0f800640 1 -- 172.21.15.12:0/3861622995 --> [v2:172.21.15.12:3300/0,v1:172.21.15.12:6789/0] -- mon_subscribe({osdmap=0}) -- 0x7fdb081a0f80 con 0x7fdb081097e0
2024-09-10T08:17:48.303 INFO:teuthology.orchestra.run.smithi012.stdout:/usr/bin/ceph: stderr
2024-09-10T08:17:47.403+0000 7fdb05600640 1 -- 172.21.15.12:0/3861622995 <== mon.0 v2:172.21.15.12:3300/0 4 ==== mgrmap(e 9) ==== 46300+0+0 (secure 0 0 0) 0x7fdafc03b3f0 con 0x7fdb081097e0
2024-09-10T08:17:48.303 INFO:teuthology.orchestra.run.smithi012.stdout:/usr/bin/ceph: stderr
2024-09-10T08:17:47.404+0000 7fdb0f800640 1 -- 172.21.15.12:0/3861622995 --> [v2:172.21.15.12:3300/0,v1:172.21.15.12:6789/0] -- mon_command({"prefix": "get_command_descriptions"} v 0) -- 0x7fdb08109be0 con 0x7fdb081097e0
2024-09-10T08:17:48.303 INFO:teuthology.orchestra.run.smithi012.stdout:/usr/bin/ceph: stderr
2024-09-10T08:17:47.404+0000 7fdb05600640 1 --2- 172.21.15.12:0/3861622995 >> [v2:172.21.15.12:6800/22563516,v1:172.21.15.12:6801/22563516] conn(0x7fdaf0038fc0 0x7fdaf003b480 unknown :-1 s=NONE pgs=0 cs=0 l=1 rev1=0 crypto rx=0 tx=0 comp rx=0 tx=0).connect
2024-09-10T08:17:48.304 INFO:teuthology.orchestra.run.smithi012.stdout:/usr/bin/ceph: stderr
2024-09-10T08:17:47.404+0000 7fdb05600640 1 -- 172.21.15.12:0/3861622995 <== mon.0 v2:172.21.15.12:3300/0 5 ==== osd_map(2..2 src has 1..2) ==== 940+0+0 (secure 0 0 0) 0x7fdafc06c550 con 0x7fdb081097e0
2024-09-10T08:17:48.304 INFO:teuthology.orchestra.run.smithi012.stdout:/usr/bin/ceph: stderr
2024-09-10T08:17:47.404+0000 7fdb07e00640 1 -- 172.21.15.12:0/3861622995 >> [v2:172.21.15.12:6800/22563516,v1:172.21.15.12:6801/22563516] conn(0x7fdaf0038fc0 msgr2=0x7fdaf003b480 unknown :-1 s=STATE_CONNECTING_RE l=1).process reconnect failed to v2:172.21.15.12:6800/22563516
2024-09-10T08:17:48.304 INFO:teuthology.orchestra.run.smithi012.stdout:/usr/bin/ceph: stderr
2024-09-10T08:17:47.404+0000 7fdb07e00640 1 --2- 172.21.15.12:0/3861622995 >> [v2:172.21.15.12:6800/22563516,v1:172.21.15.12:6801/22563516] conn(0x7fdaf0038fc0 0x7fdaf003b480 unknown :-1 s=START_CONNECT pgs=0 cs=0 l=1 rev1=0 crypto rx=0 tx=0 comp rx=0 tx=0)._fault waiting 0.200000
2024-09-10T08:17:48.304 INFO:teuthology.orchestra.run.smithi012.stdout:/usr/bin/ceph: stderr
2024-09-10T08:17:47.414+0000 7fdb05600640 1 -- 172.21.15.12:0/3861622995 <== mon.0 v2:172.21.15.12:3300/0 6 ==== mon_command_ack([{"prefix": "get_command_descriptions"}]=0 v0) ==== 72+0+188821 (secure 0 0 0) 0x7fdafc042e10 con 0x7fdb081097e0
2024-09-10T08:17:48.304 INFO:teuthology.orchestra.run.smithi012.stdout:/usr/bin/ceph: stderr
2024-09-10T08:17:47.605+0000 7fdb07e00640 1 -- 172.21.15.12:0/3861622995 >> [v2:172.21.15.12:6800/22563516,v1:172.21.15.12:6801/22563516] conn(0x7fdaf0038fc0 msgr2=0x7fdaf003b480 unknown :-1 s=STATE_CONNECTING_RE l=1).process reconnect failed to v2:172.21.15.12:6800/22563516
2024-09-10T08:17:48.304 INFO:teuthology.orchestra.run.smithi012.stdout:/usr/bin/ceph: stderr
2024-09-10T08:17:47.605+0000 7fdb07e00640 1 --2- 172.21.15.12:0/3861622995 >> [v2:172.21.15.12:6800/22563516,v1:172.21.15.12:6801/22563516] conn(0x7fdaf0038fc0 0x7fdaf003b480 unknown :-1 s=START_CONNECT pgs=0 cs=0 l=1 rev1=0 crypto rx=0 tx=0 comp rx=0 tx=0)._fault waiting 0.400000
2024-09-10T08:17:48.304 INFO:teuthology.orchestra.run.smithi012.stdout:/usr/bin/ceph: stderr
2024-09-10T08:17:47.664+0000 7fdb0f800640 1 -- 172.21.15.12:0/3861622995 --> [v2:172.21.15.12:3300/0,v1:172.21.15.12:6789/0] -- mon_command({"prefix": "mgr stat"} v 0) -- 0x7fdb0802d7c0 con 0x7fdb081097e0
2024-09-10T08:17:48.304 INFO:teuthology.orchestra.run.smithi012.stdout:/usr/bin/ceph: stderr
2024-09-10T08:17:47.664+0000 7fdb05600640 1 -- 172.21.15.12:0/3861622995 <== mon.0 v2:172.21.15.12:3300/0 7 ==== mon_command_ack([{"prefix": "mgr stat"}]=0 v9) ==== 56+0+88 (secure 0 0 0) 0x7fdafc043de0 con 0x7fdb081097e0
2024-09-10T08:17:48.304 INFO:teuthology.orchestra.run.smithi012.stdout:/usr/bin/ceph: stderr
2024-09-10T08:17:47.667+0000 7fdb0f800640 1 -- 172.21.15.12:0/3861622995 >> [v2:172.21.15.12:6800/22563516,v1:172.21.15.12:6801/22563516] conn(0x7fdaf0038fc0 msgr2=0x7fdaf003b480 unknown :-1 s=STATE_CONNECTING l=1).mark_down
2024-09-10T08:17:48.304 INFO:teuthology.orchestra.run.smithi012.stdout:/usr/bin/ceph: stderr
2024-09-10T08:17:47.667+0000 7fdb0f800640 1 --2- 172.21.15.12:0/3861622995 >> [v2:172.21.15.12:6800/22563516,v1:172.21.15.12:6801/22563516] conn(0x7fdaf0038fc0 0x7fdaf003b480 unknown :-1 s=START_CONNECT pgs=0 cs=0 l=1 rev1=0 crypto rx=0 tx=0 comp rx=0 tx=0).stop
2024-09-10T08:17:48.304 INFO:teuthology.orchestra.run.smithi012.stdout:/usr/bin/ceph: stderr
2024-09-10T08:17:47.667+0000 7fdb0f800640 1 -- 172.21.15.12:0/3861622995 >> [v2:172.21.15.12:3300/0,v1:172.21.15.12:6789/0] conn(0x7fdb081097e0 msgr2=0x7fdb0819dac0 secure :-1 s=STATE_CONNECTION_ESTABLISHED l=1).mark_down
2024-09-10T08:17:48.304 INFO:teuthology.orchestra.run.smithi012.stdout:/usr/bin/ceph: stderr
2024-09-10T08:17:47.667+0000 7fdb0f800640 1 --2- 172.21.15.12:0/3861622995 >> [v2:172.21.15.12:3300/0,v1:172.21.15.12:6789/0] conn(0x7fdb081097e0 0x7fdb0819dac0 secure :-1 s=READY pgs=58 cs=0 l=1 rev1=1 crypto rx=0x7fdafc0097f0 tx=0x7fdafc0327b0 comp rx=0 tx=0).stop
2024-09-10T08:17:48.304 INFO:teuthology.orchestra.run.smithi012.stdout:/usr/bin/ceph: stderr
2024-09-10T08:17:47.667+0000 7fdb0f800640 1 -- 172.21.15.12:0/3861622995 shutdown_connections
2024-09-10T08:17:48.305 INFO:teuthology.orchestra.run.smithi012.stdout:/usr/bin/ceph: stderr
2024-09-10T08:17:47.667+0000 7fdb0f800640 1 --2- 172.21.15.12:0/3861622995 >> [v2:172.21.15.12:6800/22563516,v1:172.21.15.12:6801/22563516] conn(0x7fdaf0038fc0 0x7fdaf003b480 unknown :-1 s=CLOSED pgs=0 cs=0 l=1 rev1=0 crypto rx=0 tx=0 comp rx=0 tx=0).stop
2024-09-10T08:17:48.305 INFO:teuthology.orchestra.run.smithi012.stdout:/usr/bin/ceph: stderr
2024-09-10T08:17:47.667+0000 7fdb0f800640 1 --2- 172.21.15.12:0/3861622995 >> [v2:172.21.15.12:3300/0,v1:172.21.15.12:6789/0] conn(0x7fdb081097e0 0x7fdb0819dac0 unknown :-1 s=CLOSED pgs=58 cs=0 l=1 rev1=1 crypto rx=0 tx=0 comp rx=0 tx=0).stop
2024-09-10T08:17:48.305 INFO:teuthology.orchestra.run.smithi012.stdout:/usr/bin/ceph: stderr
2024-09-10T08:17:47.667+0000 7fdb0f800640 1 -- 172.21.15.12:0/3861622995 >> 172.21.15.12:0/3861622995 conn(0x7fdb0807cdf0 msgr2=0x7fdb081075a0 unknown :-1 s=STATE_NONE l=0).mark_down
2024-09-10T08:17:48.305 INFO:teuthology.orchestra.run.smithi012.stdout:/usr/bin/ceph: stderr
2024-09-10T08:17:47.667+0000 7fdb0f800640 1 -- 172.21.15.12:0/3861622995 shutdown_connections
2024-09-10T08:17:48.305 INFO:teuthology.orchestra.run.smithi012.stdout:/usr/bin/ceph: stderr
2024-09-10T08:17:47.667+0000 7fdb0f800640 1 -- 172.21.15.12:0/3861622995 wait complete.
2024-09-10T08:17:48.305 INFO:teuthology.orchestra.run.smithi012.stdout:Waiting for the mgr to restart...
2024-09-10T08:17:48.305 INFO:teuthology.orchestra.run.smithi012.stdout:Waiting for mgr epoch 9...
2024-09-10T08:17:48.977 INFO:journalctl@ceph.mgr.x.smithi012.stdout:Sep 10 08:17:48 smithi012 ceph-dcad1914-6f4c-11ef-bcea-c7b262605968-mgr-x[30837]:
2024-09-10T08:17:48.696+0000 7f023d21a040 -1 mgr[py] Module telemetry has missing NOTIFY_TYPES member
2024-09-10T08:17:48.977 INFO:journalctl@ceph.mgr.x.smithi012.stdout:Sep 10 08:17:48 smithi012 ceph-dcad1914-6f4c-11ef-bcea-c7b262605968-mgr-x[30837]:
2024-09-10T08:17:48.783+0000 7f023d21a040 -1 mgr[py] Module balancer has missing NOTIFY_TYPES member
2024-09-10T08:17:50.027 INFO:journalctl@ceph.mgr.x.smithi012.stdout:Sep 10 08:17:49 smithi012 ceph-dcad1914-6f4c-11ef-bcea-c7b262605968-mgr-x[30837]:
2024-09-10T08:17:49.730+0000 7f023d21a040 -1 mgr[py] Module rook has missing NOTIFY_TYPES member
2024-09-10T08:17:50.027 INFO:journalctl@ceph.mgr.x.smithi012.stdout:Sep 10 08:17:49 smithi012 ceph-dcad1914-6f4c-11ef-bcea-c7b262605968-mgr-x[30837]:
2024-09-10T08:17:49.875+0000 7f023d21a040 -1 mgr[py] Module iostat has missing NOTIFY_TYPES member
2024-09-10T08:17:50.305 INFO:journalctl@ceph.mgr.x.smithi012.stdout:Sep 10 08:17:50 smithi012 ceph-dcad1914-6f4c-11ef-bcea-c7b262605968-mgr-x[30837]:
2024-09-10T08:17:50.047+0000 7f023d21a040 -1 mgr[py] Module orchestrator has missing NOTIFY_TYPES member
2024-09-10T08:17:50.306 INFO:journalctl@ceph.mgr.x.smithi012.stdout:Sep 10 08:17:50 smithi012 ceph-dcad1914-6f4c-11ef-bcea-c7b262605968-mgr-x[30837]:
2024-09-10T08:17:50.124+0000 7f023d21a040 -1 mgr[py] Module devicehealth has missing NOTIFY_TYPES member
2024-09-10T08:17:50.306 INFO:journalctl@ceph.mgr.x.smithi012.stdout:Sep 10 08:17:50 smithi012 ceph-dcad1914-6f4c-11ef-bcea-c7b262605968-mgr-x[30837]:
2024-09-10T08:17:50.305+0000 7f023d21a040 -1 mgr[py] Module rgw has missing NOTIFY_TYPES member
2024-09-10T08:17:50.654 INFO:journalctl@ceph.mgr.x.smithi012.stdout:Sep 10 08:17:50 smithi012 ceph-dcad1914-6f4c-11ef-bcea-c7b262605968-mgr-x[30837]:
2024-09-10T08:17:50.390+0000 7f023d21a040 -1 mgr[py] Module alerts has missing NOTIFY_TYPES member
2024-09-10T08:17:50.654 INFO:journalctl@ceph.mgr.x.smithi012.stdout:Sep 10 08:17:50 smithi012 ceph-dcad1914-6f4c-11ef-bcea-c7b262605968-mgr-x[30837]:
2024-09-10T08:17:50.465+0000 7f023d21a040 -1 mgr[py] Module progress has missing NOTIFY_TYPES member
2024-09-10T08:17:50.654 INFO:journalctl@ceph.mgr.x.smithi012.stdout:Sep 10 08:17:50 smithi012 ceph-dcad1914-6f4c-11ef-bcea-c7b262605968-mgr-x[30837]:
2024-09-10T08:17:50.654+0000 7f023d21a040 -1 mgr[py] Module nfs has missing NOTIFY_TYPES member
2024-09-10T08:17:50.917 INFO:journalctl@ceph.mgr.x.smithi012.stdout:Sep 10 08:17:50 smithi012 ceph-dcad1914-6f4c-11ef-bcea-c7b262605968-mgr-x[30837]:
2024-09-10T08:17:50.734+0000 7f023d21a040 -1 mgr[py] Module status has missing NOTIFY_TYPES member
2024-09-10T08:17:50.917 INFO:journalctl@ceph.mgr.x.smithi012.stdout:Sep 10 08:17:50 smithi012 ceph-dcad1914-6f4c-11ef-bcea-c7b262605968-mgr-x[30837]:
2024-09-10T08:17:50.816+0000 7f023d21a040 -1 mgr[py] Module pg_autoscaler has missing NOTIFY_TYPES member
2024-09-10T08:17:51.277 INFO:journalctl@ceph.mgr.x.smithi012.stdout:Sep 10 08:17:50 smithi012 ceph-dcad1914-6f4c-11ef-bcea-c7b262605968-mgr-x[30837]:
2024-09-10T08:17:50.917+0000 7f023d21a040 -1 mgr[py] Module rbd_support has missing NOTIFY_TYPES member
2024-09-10T08:17:51.277 INFO:journalctl@ceph.mgr.x.smithi012.stdout:Sep 10 08:17:50 smithi012 ceph-dcad1914-6f4c-11ef-bcea-c7b262605968-mgr-x[30837]:
2024-09-10T08:17:50.990+0000 7f023d21a040 -1 mgr[py] Module influx has missing NOTIFY_TYPES member
2024-09-10T08:17:51.277 INFO:journalctl@ceph.mgr.x.smithi012.stdout:Sep 10 08:17:51 smithi012 ceph-dcad1914-6f4c-11ef-bcea-c7b262605968-mgr-x[30837]:
2024-09-10T08:17:51.064+0000 7f023d21a040 -1 mgr[py] Module zabbix has missing NOTIFY_TYPES member
2024-09-10T08:17:52.066 INFO:journalctl@ceph.mgr.x.smithi012.stdout:Sep 10 08:17:52 smithi012 ceph-dcad1914-6f4c-11ef-bcea-c7b262605968-mgr-x[30837]:
2024-09-10T08:17:52.011+0000 7f023d21a040 -1 mgr[py] Module telegraf has missing NOTIFY_TYPES member
2024-09-10T08:17:52.067 INFO:journalctl@ceph.mon.a.smithi012.stdout:Sep 10 08:17:52 smithi012 ceph-mon[30612]: Active manager daemon x restarted
2024-09-10T08:17:52.067 INFO:journalctl@ceph.mon.a.smithi012.stdout:Sep 10 08:17:52 smithi012 ceph-mon[30612]: Activating manager daemon x
2024-09-10T08:17:52.067 INFO:journalctl@ceph.mon.a.smithi012.stdout:Sep 10 08:17:52 smithi012 ceph-mon[30612]: osdmap e3: 0 total, 0 up, 0 in
2024-09-10T08:17:52.067 INFO:journalctl@ceph.mon.a.smithi012.stdout:Sep 10 08:17:52 smithi012 ceph-mon[30612]: mgrmap e10: x(active, starting, since 0.00378722s)
2024-09-10T08:17:52.067 INFO:journalctl@ceph.mon.a.smithi012.stdout:Sep 10 08:17:52 smithi012 ceph-mon[30612]: from='mgr.14150 172.21.15.12:0/4071307561' entity='mgr.x' cmd=[{"prefix": "mon metadata", "id": "a"}]: dispatch
2024-09-10T08:17:52.068 INFO:journalctl@ceph.mon.a.smithi012.stdout:Sep 10 08:17:52 smithi012 ceph-mon[30612]: from='mgr.14150 172.21.15.12:0/4071307561' entity='mgr.x' cmd=[{"prefix": "mgr metadata", "who": "x", "id": "x"}]: dispatch
2024-09-10T08:17:52.068 INFO:journalctl@ceph.mon.a.smithi012.stdout:Sep 10 08:17:52 smithi012 ceph-mon[30612]: from='mgr.14150 172.21.15.12:0/4071307561' entity='mgr.x' cmd=[{"prefix": "mds metadata"}]: dispatch
2024-09-10T08:17:52.068 INFO:journalctl@ceph.mon.a.smithi012.stdout:Sep 10 08:17:52 smithi012 ceph-mon[30612]: from='mgr.14150 172.21.15.12:0/4071307561' entity='mgr.x' cmd=[{"prefix": "osd metadata"}]: dispatch
2024-09-10T08:17:52.068 INFO:journalctl@ceph.mon.a.smithi012.stdout:Sep 10 08:17:52 smithi012 ceph-mon[30612]: from='mgr.14150 172.21.15.12:0/4071307561' entity='mgr.x' cmd=[{"prefix": "mon metadata"}]: dispatch
2024-09-10T08:17:52.068 INFO:journalctl@ceph.mon.a.smithi012.stdout:Sep 10 08:17:52 smithi012 ceph-mon[30612]: Manager daemon x is now available
2024-09-10T08:17:52.068 INFO:journalctl@ceph.mon.a.smithi012.stdout:Sep 10 08:17:52 smithi012 ceph-mon[30612]: from='mgr.14150 172.21.15.12:0/4071307561' entity='mgr.x' cmd=[{"prefix": "config dump", "format": "json"}]: dispatch
2024-09-10T08:17:53.277 INFO:journalctl@ceph.mon.a.smithi012.stdout:Sep 10 08:17:53 smithi012 ceph-mon[30612]: from='mgr.14150 172.21.15.12:0/4071307561' entity='mgr.x' cmd=[{"prefix":"config rm","who":"mgr","name":"mgr/rbd_support/x/mirror_snapshot_schedule"}]: dispatch
2024-09-10T08:17:53.277 INFO:journalctl@ceph.mon.a.smithi012.stdout:Sep 10 08:17:53 smithi012 ceph-mon[30612]: from='mgr.14150 172.21.15.12:0/4071307561' entity='mgr.x' cmd=[{"prefix":"config rm","who":"mgr","name":"mgr/rbd_support/x/trash_purge_schedule"}]: dispatch
2024-09-10T08:17:53.277 INFO:journalctl@ceph.mon.a.smithi012.stdout:Sep 10 08:17:53 smithi012 ceph-mon[30612]: mgrmap e11: x(active, since 1.0084s)
2024-09-10T08:17:53.767 INFO:teuthology.orchestra.run.smithi012.stdout:/usr/bin/ceph: stdout {
2024-09-10T08:17:53.768 INFO:teuthology.orchestra.run.smithi012.stdout:/usr/bin/ceph: stdout "mgrmap_epoch": 11,
2024-09-10T08:17:53.768 INFO:teuthology.orchestra.run.smithi012.stdout:/usr/bin/ceph: stdout "initialized": true
2024-09-10T08:17:53.768 INFO:teuthology.orchestra.run.smithi012.stdout:/usr/bin/ceph: stdout }
2024-09-10T08:17:53.768 INFO:teuthology.orchestra.run.smithi012.stdout:/usr/bin/ceph: stderr
2024-09-10T08:17:48.767+0000 7fef0a800640 1 Processor -- start
2024-09-10T08:17:53.768 INFO:teuthology.orchestra.run.smithi012.stdout:/usr/bin/ceph: stderr
2024-09-10T08:17:48.768+0000 7fef0a800640 1 -- start start
2024-09-10T08:17:53.768 INFO:teuthology.orchestra.run.smithi012.stdout:/usr/bin/ceph: stderr
2024-09-10T08:17:48.768+0000 7fef0a800640 1 --2- >> [v2:172.21.15.12:3300/0,v1:172.21.15.12:6789/0] conn(0x7fef0407de50 0x7fef0407c2b0 unknown :-1 s=NONE pgs=0 cs=0 l=0 rev1=0 crypto rx=0 tx=0 comp rx=0 tx=0).connect
2024-09-10T08:17:53.768 INFO:teuthology.orchestra.run.smithi012.stdout:/usr/bin/ceph: stderr
2024-09-10T08:17:48.768+0000 7fef0a800640 1 -- --> [v2:172.21.15.12:3300/0,v1:172.21.15.12:6789/0] -- mon_getmap magic: 0 -- 0x7fef0407c880 con 0x7fef0407de50
2024-09-10T08:17:53.768 INFO:teuthology.orchestra.run.smithi012.stdout:/usr/bin/ceph: stderr
2024-09-10T08:17:48.768+0000 7fef09400640 1 --2- >> [v2:172.21.15.12:3300/0,v1:172.21.15.12:6789/0] conn(0x7fef0407de50 0x7fef0407c2b0 unknown :-1 s=BANNER_CONNECTING pgs=0 cs=0 l=0 rev1=0 crypto rx=0 tx=0 comp rx=0 tx=0)._handle_peer_banner_payload supported=3 required=0
2024-09-10T08:17:53.768 INFO:teuthology.orchestra.run.smithi012.stdout:/usr/bin/ceph: stderr
2024-09-10T08:17:48.768+0000 7fef09400640 1 --2- >> [v2:172.21.15.12:3300/0,v1:172.21.15.12:6789/0] conn(0x7fef0407de50 0x7fef0407c2b0 unknown :-1 s=HELLO_CONNECTING pgs=0 cs=0 l=0 rev1=1 crypto rx=0 tx=0 comp rx=0 tx=0).handle_hello peer v2:172.21.15.12:3300/0 says I am v2:172.21.15.12:60626/0 (socket says 172.21.15.12:60626)
2024-09-10T08:17:53.768 INFO:teuthology.orchestra.run.smithi012.stdout:/usr/bin/ceph: stderr
2024-09-10T08:17:48.768+0000 7fef09400640 1 -- 172.21.15.12:0/3605182439 learned_addr learned my addr 172.21.15.12:0/3605182439 (peer_addr_for_me v2:172.21.15.12:0/0)
2024-09-10T08:17:53.769 INFO:teuthology.orchestra.run.smithi012.stdout:/usr/bin/ceph: stderr
2024-09-10T08:17:48.769+0000 7fef09400640 1 -- 172.21.15.12:0/3605182439 --> [v2:172.21.15.12:3300/0,v1:172.21.15.12:6789/0] -- mon_subscribe({config=0+,monmap=0+}) -- 0x7fef0407ca00 con 0x7fef0407de50
2024-09-10T08:17:53.769 INFO:teuthology.orchestra.run.smithi012.stdout:/usr/bin/ceph: stderr
2024-09-10T08:17:48.770+0000 7fef09400640 1 --2- 172.21.15.12:0/3605182439 >> [v2:172.21.15.12:3300/0,v1:172.21.15.12:6789/0] conn(0x7fef0407de50 0x7fef0407c2b0 secure :-1 s=READY pgs=59 cs=0 l=1 rev1=1 crypto rx=0x7feef8009820 tx=0x7feef802a270 comp rx=0 tx=0).ready entity=mon.0 client_cookie=333aea4574ea0070 server_cookie=0 in_seq=0 out_seq=0
2024-09-10T08:17:53.769 INFO:teuthology.orchestra.run.smithi012.stdout:/usr/bin/ceph: stderr
2024-09-10T08:17:48.770+0000 7fef03e00640 1 -- 172.21.15.12:0/3605182439 <== mon.0 v2:172.21.15.12:3300/0 1 ==== mon_map magic: 0 ==== 205+0+0 (secure 0 0 0) 0x7feef8037070 con 0x7fef0407de50
2024-09-10T08:17:53.769 INFO:teuthology.orchestra.run.smithi012.stdout:/usr/bin/ceph: stderr
2024-09-10T08:17:48.770+0000 7fef03e00640 1 -- 172.21.15.12:0/3605182439 <== mon.0 v2:172.21.15.12:3300/0 2 ==== config(27 keys) ==== 1140+0+0 (secure 0 0 0) 0x7feef8032920 con 0x7fef0407de50
2024-09-10T08:17:53.769 INFO:teuthology.orchestra.run.smithi012.stdout:/usr/bin/ceph: stderr
2024-09-10T08:17:48.770+0000 7fef03e00640 1 -- 172.21.15.12:0/3605182439 <== mon.0 v2:172.21.15.12:3300/0 3 ==== mon_map magic: 0 ==== 205+0+0 (secure 0 0 0) 0x7feef8030810 con 0x7fef0407de50
2024-09-10T08:17:53.769 INFO:teuthology.orchestra.run.smithi012.stdout:/usr/bin/ceph: stderr
2024-09-10T08:17:48.770+0000 7fef0a800640 1 -- 172.21.15.12:0/3605182439 >> [v2:172.21.15.12:3300/0,v1:172.21.15.12:6789/0] conn(0x7fef0407de50 msgr2=0x7fef0407c2b0 secure :-1 s=STATE_CONNECTION_ESTABLISHED l=1).mark_down
2024-09-10T08:17:53.769 INFO:teuthology.orchestra.run.smithi012.stdout:/usr/bin/ceph: stderr
2024-09-10T08:17:48.770+0000 7fef0a800640 1 --2- 172.21.15.12:0/3605182439 >> [v2:172.21.15.12:3300/0,v1:172.21.15.12:6789/0] conn(0x7fef0407de50 0x7fef0407c2b0 secure :-1 s=READY pgs=59 cs=0 l=1 rev1=1 crypto rx=0x7feef8009820 tx=0x7feef802a270 comp rx=0 tx=0).stop
2024-09-10T08:17:53.769 INFO:teuthology.orchestra.run.smithi012.stdout:/usr/bin/ceph: stderr
2024-09-10T08:17:48.771+0000 7fef0a800640 1 -- 172.21.15.12:0/3605182439 shutdown_connections
2024-09-10T08:17:53.769 INFO:teuthology.orchestra.run.smithi012.stdout:/usr/bin/ceph: stderr
2024-09-10T08:17:48.771+0000 7fef0a800640 1 --2- 172.21.15.12:0/3605182439 >> [v2:172.21.15.12:3300/0,v1:172.21.15.12:6789/0] conn(0x7fef0407de50 0x7fef0407c2b0 unknown :-1 s=CLOSED pgs=59 cs=0 l=1 rev1=1 crypto rx=0 tx=0 comp rx=0 tx=0).stop
2024-09-10T08:17:53.769 INFO:teuthology.orchestra.run.smithi012.stdout:/usr/bin/ceph: stderr
2024-09-10T08:17:48.771+0000 7fef0a800640 1 -- 172.21.15.12:0/3605182439 >> 172.21.15.12:0/3605182439 conn(0x7fef04102b40 msgr2=0x7fef04104fa0 unknown :-1 s=STATE_NONE l=0).mark_down
2024-09-10T08:17:53.769 INFO:teuthology.orchestra.run.smithi012.stdout:/usr/bin/ceph: stderr
2024-09-10T08:17:48.771+0000 7fef0a800640 1 -- 172.21.15.12:0/3605182439 shutdown_connections
2024-09-10T08:17:53.769 INFO:teuthology.orchestra.run.smithi012.stdout:/usr/bin/ceph: stderr
2024-09-10T08:17:48.771+0000 7fef0a800640 1 -- 172.21.15.12:0/3605182439 wait complete.
2024-09-10T08:17:53.770 INFO:teuthology.orchestra.run.smithi012.stdout:/usr/bin/ceph: stderr
2024-09-10T08:17:48.772+0000 7fef0a800640 1 Processor -- start
2024-09-10T08:17:53.770 INFO:teuthology.orchestra.run.smithi012.stdout:/usr/bin/ceph: stderr
2024-09-10T08:17:48.772+0000 7fef0a800640 1 -- start start
2024-09-10T08:17:53.770 INFO:teuthology.orchestra.run.smithi012.stdout:/usr/bin/ceph: stderr
2024-09-10T08:17:48.772+0000 7fef0a800640 1 --2- >> [v2:172.21.15.12:3300/0,v1:172.21.15.12:6789/0] conn(0x7fef0407de50 0x7fef0419d870 unknown :-1 s=NONE pgs=0 cs=0 l=1 rev1=0 crypto rx=0 tx=0 comp rx=0 tx=0).connect
2024-09-10T08:17:53.770 INFO:teuthology.orchestra.run.smithi012.stdout:/usr/bin/ceph: stderr
2024-09-10T08:17:48.772+0000 7fef0a800640 1 -- --> [v2:172.21.15.12:3300/0,v1:172.21.15.12:6789/0] -- mon_getmap magic: 0 -- 0x7fef0410da30 con 0x7fef0407de50
2024-09-10T08:17:53.770 INFO:teuthology.orchestra.run.smithi012.stdout:/usr/bin/ceph: stderr
2024-09-10T08:17:48.773+0000 7fef09400640 1 --2- >> [v2:172.21.15.12:3300/0,v1:172.21.15.12:6789/0] conn(0x7fef0407de50 0x7fef0419d870 unknown :-1 s=BANNER_CONNECTING pgs=0 cs=0 l=1 rev1=0 crypto rx=0 tx=0 comp rx=0 tx=0)._handle_peer_banner_payload supported=3 required=0
2024-09-10T08:17:53.770 INFO:teuthology.orchestra.run.smithi012.stdout:/usr/bin/ceph: stderr
2024-09-10T08:17:48.773+0000 7fef09400640 1 --2- >> [v2:172.21.15.12:3300/0,v1:172.21.15.12:6789/0] conn(0x7fef0407de50 0x7fef0419d870 unknown :-1 s=HELLO_CONNECTING pgs=0 cs=0 l=1 rev1=1 crypto rx=0 tx=0 comp rx=0 tx=0).handle_hello peer v2:172.21.15.12:3300/0 says I am v2:172.21.15.12:60632/0 (socket says 172.21.15.12:60632)
2024-09-10T08:17:53.770 INFO:teuthology.orchestra.run.smithi012.stdout:/usr/bin/ceph: stderr
2024-09-10T08:17:48.773+0000 7fef09400640 1 -- 172.21.15.12:0/3290925641 learned_addr learned my addr 172.21.15.12:0/3290925641 (peer_addr_for_me v2:172.21.15.12:0/0)
2024-09-10T08:17:53.770 INFO:teuthology.orchestra.run.smithi012.stdout:/usr/bin/ceph: stderr
2024-09-10T08:17:48.773+0000 7fef09400640 1 -- 172.21.15.12:0/3290925641 --> [v2:172.21.15.12:3300/0,v1:172.21.15.12:6789/0] -- mon_subscribe({config=0+,monmap=0+}) -- 0x7fef0419ddb0 con 0x7fef0407de50
2024-09-10T08:17:53.770 INFO:teuthology.orchestra.run.smithi012.stdout:/usr/bin/ceph: stderr
2024-09-10T08:17:48.773+0000 7fef09400640 1 --2- 172.21.15.12:0/3290925641 >> [v2:172.21.15.12:3300/0,v1:172.21.15.12:6789/0] conn(0x7fef0407de50 0x7fef0419d870 secure :-1 s=READY pgs=60 cs=0 l=1 rev1=1 crypto rx=0x7feef80097f0 tx=0x7feef80327b0 comp rx=0 tx=0).ready entity=mon.0 client_cookie=0 server_cookie=0 in_seq=0 out_seq=0
2024-09-10T08:17:53.770 INFO:teuthology.orchestra.run.smithi012.stdout:/usr/bin/ceph: stderr
