2024-09-10T08:29:17.704 INFO:journalctl@ceph.mon.a.smithi089.stdout: File "/lib/python3.9/site-packages/cheroot/ssl/builtin.py", line 277, in wrap
2024-09-10T08:29:17.704 INFO:journalctl@ceph.mon.a.smithi089.stdout: s = self.context.wrap_socket(
2024-09-10T08:29:17.704 INFO:journalctl@ceph.mon.a.smithi089.stdout: File "/lib64/python3.9/ssl.py", line 501, in wrap_socket
2024-09-10T08:29:17.704 INFO:journalctl@ceph.mon.a.smithi089.stdout: return self.sslsocket_class._create(
2024-09-10T08:29:17.704 INFO:journalctl@ceph.mon.a.smithi089.stdout: File "/lib64/python3.9/ssl.py", line 1074, in _create
2024-09-10T08:29:17.704 INFO:journalctl@ceph.mon.a.smithi089.stdout: self.do_handshake()
2024-09-10T08:29:17.704 INFO:journalctl@ceph.mon.a.smithi089.stdout: File "/lib64/python3.9/ssl.py", line 1343, in do_handshake
2024-09-10T08:29:17.704 INFO:journalctl@ceph.mon.a.smithi089.stdout: self._sslobj.do_handshake()
2024-09-10T08:29:17.704 INFO:journalctl@ceph.mon.a.smithi089.stdout: ssl.SSLZeroReturnError: TLS/SSL connection has been closed (EOF) (_ssl.c:1133)
2024-09-10T08:29:17.704 INFO:journalctl@ceph.mon.a.smithi089.stdout:Sep 10 08:29:17 smithi089 ceph-mon[30757]: mgrmap e8: x(active, since 2s)
2024-09-10T08:29:17.704 INFO:journalctl@ceph.mon.a.smithi089.stdout:Sep 10 08:29:17 smithi089 ceph-mon[30757]: [10/Sep/2024:08:29:16] ENGINE Serving on http://172.21.15.89:8765
2024-09-10T08:29:17.705 INFO:journalctl@ceph.mon.a.smithi089.stdout:Sep 10 08:29:17 smithi089 ceph-mon[30757]: [10/Sep/2024:08:29:16] ENGINE Bus STARTED
2024-09-10T08:29:17.705 INFO:journalctl@ceph.mon.a.smithi089.stdout:Sep 10 08:29:17 smithi089 ceph-mon[30757]: from='mgr.14118 172.21.15.89:0/3311347131' entity='mgr.x' cmd=[{"prefix": "config dump", "format": "json"}]: dispatch
2024-09-10T08:29:17.705 INFO:journalctl@ceph.mon.a.smithi089.stdout:Sep 10 08:29:17 smithi089 ceph-mon[30757]: from='mgr.14118 172.21.15.89:0/3311347131' entity='mgr.x'
2024-09-10T08:29:17.705 INFO:journalctl@ceph.mon.a.smithi089.stdout:Sep 10 08:29:17 smithi089 ceph-mon[30757]: from='mgr.14118 172.21.15.89:0/3311347131' entity='mgr.x' cmd=[{"prefix": "config dump", "format": "json"}]: dispatch
2024-09-10T08:29:17.713 INFO:teuthology.orchestra.run.smithi089.stdout:/usr/bin/ceph: stderr
2024-09-10T08:29:16.791+0000 7f3b5c400640 1 Processor -- start
2024-09-10T08:29:17.713 INFO:teuthology.orchestra.run.smithi089.stdout:/usr/bin/ceph: stderr
2024-09-10T08:29:16.791+0000 7f3b5c400640 1 -- start start
2024-09-10T08:29:17.713 INFO:teuthology.orchestra.run.smithi089.stdout:/usr/bin/ceph: stderr
2024-09-10T08:29:16.792+0000 7f3b5c400640 1 --2- >> [v2:172.21.15.89:3300/0,v1:172.21.15.89:6789/0] conn(0x7f3b54107680 0x7f3b54107a80 unknown :-1 s=NONE pgs=0 cs=0 l=0 rev1=0 crypto rx=0 tx=0 comp rx=0 tx=0).connect
2024-09-10T08:29:17.713 INFO:teuthology.orchestra.run.smithi089.stdout:/usr/bin/ceph: stderr
2024-09-10T08:29:16.792+0000 7f3b5c400640 1 -- --> [v2:172.21.15.89:3300/0,v1:172.21.15.89:6789/0] -- mon_getmap magic: 0 -- 0x7f3b54107fc0 con 0x7f3b54107680
2024-09-10T08:29:17.713 INFO:teuthology.orchestra.run.smithi089.stdout:/usr/bin/ceph: stderr
2024-09-10T08:29:16.792+0000 7f3b59a00640 1 --2- >> [v2:172.21.15.89:3300/0,v1:172.21.15.89:6789/0] conn(0x7f3b54107680 0x7f3b54107a80 unknown :-1 s=BANNER_CONNECTING pgs=0 cs=0 l=0 rev1=0 crypto rx=0 tx=0 comp rx=0 tx=0)._handle_peer_banner_payload supported=3 required=0
2024-09-10T08:29:17.713 INFO:teuthology.orchestra.run.smithi089.stdout:/usr/bin/ceph: stderr
2024-09-10T08:29:16.792+0000 7f3b59a00640 1 --2- >> [v2:172.21.15.89:3300/0,v1:172.21.15.89:6789/0] conn(0x7f3b54107680 0x7f3b54107a80 unknown :-1 s=HELLO_CONNECTING pgs=0 cs=0 l=0 rev1=1 crypto rx=0 tx=0 comp rx=0 tx=0).handle_hello peer v2:172.21.15.89:3300/0 says I am v2:172.21.15.89:38640/0 (socket says 172.21.15.89:38640)
2024-09-10T08:29:17.713 INFO:teuthology.orchestra.run.smithi089.stdout:/usr/bin/ceph: stderr
2024-09-10T08:29:16.792+0000 7f3b59a00640 1 -- 172.21.15.89:0/1940402364 learned_addr learned my addr 172.21.15.89:0/1940402364 (peer_addr_for_me v2:172.21.15.89:0/0)
2024-09-10T08:29:17.713 INFO:teuthology.orchestra.run.smithi089.stdout:/usr/bin/ceph: stderr
2024-09-10T08:29:16.792+0000 7f3b59a00640 1 -- 172.21.15.89:0/1940402364 --> [v2:172.21.15.89:3300/0,v1:172.21.15.89:6789/0] -- mon_subscribe({config=0+,monmap=0+}) -- 0x7f3b54108140 con 0x7f3b54107680
2024-09-10T08:29:17.714 INFO:teuthology.orchestra.run.smithi089.stdout:/usr/bin/ceph: stderr
2024-09-10T08:29:16.793+0000 7f3b59a00640 1 --2- 172.21.15.89:0/1940402364 >> [v2:172.21.15.89:3300/0,v1:172.21.15.89:6789/0] conn(0x7f3b54107680 0x7f3b54107a80 secure :-1 s=READY pgs=35 cs=0 l=1 rev1=1 crypto rx=0x7f3b48009e80 tx=0x7f3b4802a7a0 comp rx=0 tx=0).ready entity=mon.0 client_cookie=4e95b65e539a6a06 server_cookie=0 in_seq=0 out_seq=0
2024-09-10T08:29:17.714 INFO:teuthology.orchestra.run.smithi089.stdout:/usr/bin/ceph: stderr
2024-09-10T08:29:16.794+0000 7f3b53e00640 1 -- 172.21.15.89:0/1940402364 <== mon.0 v2:172.21.15.89:3300/0 1 ==== mon_map magic: 0 ==== 205+0+0 (secure 0 0 0) 0x7f3b48036070 con 0x7f3b54107680
2024-09-10T08:29:17.714 INFO:teuthology.orchestra.run.smithi089.stdout:/usr/bin/ceph: stderr
2024-09-10T08:29:16.794+0000 7f3b53e00640 1 -- 172.21.15.89:0/1940402364 <== mon.0 v2:172.21.15.89:3300/0 2 ==== config(27 keys) ==== 1109+0+0 (secure 0 0 0) 0x7f3b480318c0 con 0x7f3b54107680
2024-09-10T08:29:17.714 INFO:teuthology.orchestra.run.smithi089.stdout:/usr/bin/ceph: stderr
2024-09-10T08:29:16.794+0000 7f3b53e00640 1 -- 172.21.15.89:0/1940402364 <== mon.0 v2:172.21.15.89:3300/0 3 ==== mon_map magic: 0 ==== 205+0+0 (secure 0 0 0) 0x7f3b48007ab0 con 0x7f3b54107680
2024-09-10T08:29:17.714 INFO:teuthology.orchestra.run.smithi089.stdout:/usr/bin/ceph: stderr
2024-09-10T08:29:16.794+0000 7f3b5c400640 1 -- 172.21.15.89:0/1940402364 >> [v2:172.21.15.89:3300/0,v1:172.21.15.89:6789/0] conn(0x7f3b54107680 msgr2=0x7f3b54107a80 secure :-1 s=STATE_CONNECTION_ESTABLISHED l=1).mark_down
2024-09-10T08:29:17.714 INFO:teuthology.orchestra.run.smithi089.stdout:/usr/bin/ceph: stderr
2024-09-10T08:29:16.794+0000 7f3b5c400640 1 --2- 172.21.15.89:0/1940402364 >> [v2:172.21.15.89:3300/0,v1:172.21.15.89:6789/0] conn(0x7f3b54107680 0x7f3b54107a80 secure :-1 s=READY pgs=35 cs=0 l=1 rev1=1 crypto rx=0x7f3b48009e80 tx=0x7f3b4802a7a0 comp rx=0 tx=0).stop
2024-09-10T08:29:17.714 INFO:teuthology.orchestra.run.smithi089.stdout:/usr/bin/ceph: stderr
2024-09-10T08:29:16.794+0000 7f3b5c400640 1 -- 172.21.15.89:0/1940402364 shutdown_connections
2024-09-10T08:29:17.714 INFO:teuthology.orchestra.run.smithi089.stdout:/usr/bin/ceph: stderr
2024-09-10T08:29:16.794+0000 7f3b5c400640 1 --2- 172.21.15.89:0/1940402364 >> [v2:172.21.15.89:3300/0,v1:172.21.15.89:6789/0] conn(0x7f3b54107680 0x7f3b54107a80 unknown :-1 s=CLOSED pgs=35 cs=0 l=1 rev1=1 crypto rx=0 tx=0 comp rx=0 tx=0).stop
2024-09-10T08:29:17.714 INFO:teuthology.orchestra.run.smithi089.stdout:/usr/bin/ceph: stderr
2024-09-10T08:29:16.794+0000 7f3b5c400640 1 -- 172.21.15.89:0/1940402364 >> 172.21.15.89:0/1940402364 conn(0x7f3b54102eb0 msgr2=0x7f3b541052f0 unknown :-1 s=STATE_NONE l=0).mark_down
2024-09-10T08:29:17.714 INFO:teuthology.orchestra.run.smithi089.stdout:/usr/bin/ceph: stderr
2024-09-10T08:29:16.795+0000 7f3b5c400640 1 -- 172.21.15.89:0/1940402364 shutdown_connections
2024-09-10T08:29:17.714 INFO:teuthology.orchestra.run.smithi089.stdout:/usr/bin/ceph: stderr
2024-09-10T08:29:16.795+0000 7f3b5c400640 1 -- 172.21.15.89:0/1940402364 wait complete.
2024-09-10T08:29:17.714 INFO:teuthology.orchestra.run.smithi089.stdout:/usr/bin/ceph: stderr
2024-09-10T08:29:16.795+0000 7f3b5c400640 1 Processor -- start
2024-09-10T08:29:17.715 INFO:teuthology.orchestra.run.smithi089.stdout:/usr/bin/ceph: stderr
2024-09-10T08:29:16.796+0000 7f3b5c400640 1 -- start start
2024-09-10T08:29:17.715 INFO:teuthology.orchestra.run.smithi089.stdout:/usr/bin/ceph: stderr
2024-09-10T08:29:16.796+0000 7f3b5c400640 1 --2- >> [v2:172.21.15.89:3300/0,v1:172.21.15.89:6789/0] conn(0x7f3b54107680 0x7f3b5407db70 unknown :-1 s=NONE pgs=0 cs=0 l=1 rev1=0 crypto rx=0 tx=0 comp rx=0 tx=0).connect
2024-09-10T08:29:17.715 INFO:teuthology.orchestra.run.smithi089.stdout:/usr/bin/ceph: stderr
2024-09-10T08:29:16.796+0000 7f3b5c400640 1 -- --> [v2:172.21.15.89:3300/0,v1:172.21.15.89:6789/0] -- mon_getmap magic: 0 -- 0x7f3b5410baf0 con 0x7f3b54107680
2024-09-10T08:29:17.715 INFO:teuthology.orchestra.run.smithi089.stdout:/usr/bin/ceph: stderr
2024-09-10T08:29:16.796+0000 7f3b59a00640 1 --2- >> [v2:172.21.15.89:3300/0,v1:172.21.15.89:6789/0] conn(0x7f3b54107680 0x7f3b5407db70 unknown :-1 s=BANNER_CONNECTING pgs=0 cs=0 l=1 rev1=0 crypto rx=0 tx=0 comp rx=0 tx=0)._handle_peer_banner_payload supported=3 required=0
2024-09-10T08:29:17.715 INFO:teuthology.orchestra.run.smithi089.stdout:/usr/bin/ceph: stderr
2024-09-10T08:29:16.796+0000 7f3b59a00640 1 --2- >> [v2:172.21.15.89:3300/0,v1:172.21.15.89:6789/0] conn(0x7f3b54107680 0x7f3b5407db70 unknown :-1 s=HELLO_CONNECTING pgs=0 cs=0 l=1 rev1=1 crypto rx=0 tx=0 comp rx=0 tx=0).handle_hello peer v2:172.21.15.89:3300/0 says I am v2:172.21.15.89:38648/0 (socket says 172.21.15.89:38648)
2024-09-10T08:29:17.715 INFO:teuthology.orchestra.run.smithi089.stdout:/usr/bin/ceph: stderr
2024-09-10T08:29:16.796+0000 7f3b59a00640 1 -- 172.21.15.89:0/4138229983 learned_addr learned my addr 172.21.15.89:0/4138229983 (peer_addr_for_me v2:172.21.15.89:0/0)
2024-09-10T08:29:17.715 INFO:teuthology.orchestra.run.smithi089.stdout:/usr/bin/ceph: stderr
2024-09-10T08:29:16.796+0000 7f3b59a00640 1 -- 172.21.15.89:0/4138229983 --> [v2:172.21.15.89:3300/0,v1:172.21.15.89:6789/0] -- mon_subscribe({config=0+,monmap=0+}) -- 0x7f3b5407e0b0 con 0x7f3b54107680
2024-09-10T08:29:17.715 INFO:teuthology.orchestra.run.smithi089.stdout:/usr/bin/ceph: stderr
2024-09-10T08:29:16.797+0000 7f3b59a00640 1 --2- 172.21.15.89:0/4138229983 >> [v2:172.21.15.89:3300/0,v1:172.21.15.89:6789/0] conn(0x7f3b54107680 0x7f3b5407db70 secure :-1 s=READY pgs=36 cs=0 l=1 rev1=1 crypto rx=0x7f3b4802acc0 tx=0x7f3b48031ca0 comp rx=0 tx=0).ready entity=mon.0 client_cookie=0 server_cookie=0 in_seq=0 out_seq=0
2024-09-10T08:29:17.715 INFO:teuthology.orchestra.run.smithi089.stdout:/usr/bin/ceph: stderr
2024-09-10T08:29:16.797+0000 7f3b52000640 1 -- 172.21.15.89:0/4138229983 <== mon.0 v2:172.21.15.89:3300/0 1 ==== mon_map magic: 0 ==== 205+0+0 (secure 0 0 0) 0x7f3b48036050 con 0x7f3b54107680
2024-09-10T08:29:17.715 INFO:teuthology.orchestra.run.smithi089.stdout:/usr/bin/ceph: stderr
2024-09-10T08:29:16.797+0000 7f3b52000640 1 -- 172.21.15.89:0/4138229983 <== mon.0 v2:172.21.15.89:3300/0 2 ==== config(27 keys) ==== 1109+0+0 (secure 0 0 0) 0x7f3b48037040 con 0x7f3b54107680
2024-09-10T08:29:17.715 INFO:teuthology.orchestra.run.smithi089.stdout:/usr/bin/ceph: stderr
2024-09-10T08:29:16.797+0000 7f3b5c400640 1 -- 172.21.15.89:0/4138229983 --> [v2:172.21.15.89:3300/0,v1:172.21.15.89:6789/0] -- mon_subscribe({mgrmap=0+}) -- 0x7f3b5407c2a0 con 0x7f3b54107680
2024-09-10T08:29:17.715 INFO:teuthology.orchestra.run.smithi089.stdout:/usr/bin/ceph: stderr
2024-09-10T08:29:16.797+0000 7f3b52000640 1 -- 172.21.15.89:0/4138229983 <== mon.0 v2:172.21.15.89:3300/0 3 ==== mon_map magic: 0 ==== 205+0+0 (secure 0 0 0) 0x7f3b4803d920 con 0x7f3b54107680
2024-09-10T08:29:17.716 INFO:teuthology.orchestra.run.smithi089.stdout:/usr/bin/ceph: stderr
2024-09-10T08:29:16.797+0000 7f3b5c400640 1 -- 172.21.15.89:0/4138229983 --> [v2:172.21.15.89:3300/0,v1:172.21.15.89:6789/0] -- mon_subscribe({osdmap=0}) -- 0x7f3b5407c7e0 con 0x7f3b54107680
2024-09-10T08:29:17.716 INFO:teuthology.orchestra.run.smithi089.stdout:/usr/bin/ceph: stderr
2024-09-10T08:29:16.798+0000 7f3b5c400640 1 -- 172.21.15.89:0/4138229983 --> [v2:172.21.15.89:3300/0,v1:172.21.15.89:6789/0] -- mon_command({"prefix": "get_command_descriptions"} v 0) -- 0x7f3b54107b00 con 0x7f3b54107680
2024-09-10T08:29:17.716 INFO:teuthology.orchestra.run.smithi089.stdout:/usr/bin/ceph: stderr
2024-09-10T08:29:16.798+0000 7f3b52000640 1 -- 172.21.15.89:0/4138229983 <== mon.0 v2:172.21.15.89:3300/0 4 ==== mgrmap(e 8) ==== 46287+0+0 (secure 0 0 0) 0x7f3b48044020 con 0x7f3b54107680
2024-09-10T08:29:17.716 INFO:teuthology.orchestra.run.smithi089.stdout:/usr/bin/ceph: stderr
2024-09-10T08:29:16.799+0000 7f3b52000640 1 --2- 172.21.15.89:0/4138229983 >> [v2:172.21.15.89:6800/3794982914,v1:172.21.15.89:6801/3794982914] conn(0x7f3b3c038fc0 0x7f3b3c03b480 unknown :-1 s=NONE pgs=0 cs=0 l=1 rev1=0 crypto rx=0 tx=0 comp rx=0 tx=0).connect
2024-09-10T08:29:17.716 INFO:teuthology.orchestra.run.smithi089.stdout:/usr/bin/ceph: stderr
2024-09-10T08:29:16.799+0000 7f3b52000640 1 -- 172.21.15.89:0/4138229983 <== mon.0 v2:172.21.15.89:3300/0 5 ==== osd_map(2..2 src has 1..2) ==== 940+0+0 (secure 0 0 0) 0x7f3b48042020 con 0x7f3b54107680
2024-09-10T08:29:17.716 INFO:teuthology.orchestra.run.smithi089.stdout:/usr/bin/ceph: stderr
2024-09-10T08:29:16.799+0000 7f3b59000640 1 --2- 172.21.15.89:0/4138229983 >> [v2:172.21.15.89:6800/3794982914,v1:172.21.15.89:6801/3794982914] conn(0x7f3b3c038fc0 0x7f3b3c03b480 unknown :-1 s=BANNER_CONNECTING pgs=0 cs=0 l=1 rev1=0 crypto rx=0 tx=0 comp rx=0 tx=0)._handle_peer_banner_payload supported=3 required=0
2024-09-10T08:29:17.716 INFO:teuthology.orchestra.run.smithi089.stdout:/usr/bin/ceph: stderr
2024-09-10T08:29:16.800+0000 7f3b59000640 1 --2- 172.21.15.89:0/4138229983 >> [v2:172.21.15.89:6800/3794982914,v1:172.21.15.89:6801/3794982914] conn(0x7f3b3c038fc0 0x7f3b3c03b480 secure :-1 s=READY pgs=7 cs=0 l=1 rev1=1 crypto rx=0x7f3b400098c0 tx=0x7f3b40006db0 comp rx=0 tx=0).ready entity=mgr.14118 client_cookie=0 server_cookie=0 in_seq=0 out_seq=0
2024-09-10T08:29:17.716 INFO:teuthology.orchestra.run.smithi089.stdout:/usr/bin/ceph: stderr
2024-09-10T08:29:16.804+0000 7f3b52000640 1 -- 172.21.15.89:0/4138229983 <== mon.0 v2:172.21.15.89:3300/0 6 ==== mon_command_ack([{"prefix": "get_command_descriptions"}]=0 v0) ==== 72+0+188821 (secure 0 0 0) 0x7f3b4804b020 con 0x7f3b54107680
2024-09-10T08:29:17.716 INFO:teuthology.orchestra.run.smithi089.stdout:/usr/bin/ceph: stderr
2024-09-10T08:29:16.991+0000 7f3b5c400640 1 -- 172.21.15.89:0/4138229983 --> [v2:172.21.15.89:6800/3794982914,v1:172.21.15.89:6801/3794982914] -- mgr_command(tid 0: {"prefix": "orch set backend", "module_name": "cephadm", "target": ["mon-mgr", ""]}) -- 0x7f3b5407d130 con 0x7f3b3c038fc0
2024-09-10T08:29:17.716 INFO:teuthology.orchestra.run.smithi089.stdout:/usr/bin/ceph: stderr
2024-09-10T08:29:16.999+0000 7f3b52000640 1 -- 172.21.15.89:0/4138229983 <== mgr.14118 v2:172.21.15.89:6800/3794982914 1 ==== mgr_command_reply(tid 0: 0 ) ==== 8+0+0 (secure 0 0 0) 0x7f3b5407d130 con 0x7f3b3c038fc0
2024-09-10T08:29:17.716 INFO:teuthology.orchestra.run.smithi089.stdout:/usr/bin/ceph: stderr
2024-09-10T08:29:17.002+0000 7f3b5c400640 1 -- 172.21.15.89:0/4138229983 >> [v2:172.21.15.89:6800/3794982914,v1:172.21.15.89:6801/3794982914] conn(0x7f3b3c038fc0 msgr2=0x7f3b3c03b480 secure :-1 s=STATE_CONNECTION_ESTABLISHED l=1).mark_down
2024-09-10T08:29:17.717 INFO:teuthology.orchestra.run.smithi089.stdout:/usr/bin/ceph: stderr
2024-09-10T08:29:17.002+0000 7f3b5c400640 1 --2- 172.21.15.89:0/4138229983 >> [v2:172.21.15.89:6800/3794982914,v1:172.21.15.89:6801/3794982914] conn(0x7f3b3c038fc0 0x7f3b3c03b480 secure :-1 s=READY pgs=7 cs=0 l=1 rev1=1 crypto rx=0x7f3b400098c0 tx=0x7f3b40006db0 comp rx=0 tx=0).stop
2024-09-10T08:29:17.717 INFO:teuthology.orchestra.run.smithi089.stdout:/usr/bin/ceph: stderr
2024-09-10T08:29:17.002+0000 7f3b5c400640 1 -- 172.21.15.89:0/4138229983 >> [v2:172.21.15.89:3300/0,v1:172.21.15.89:6789/0] conn(0x7f3b54107680 msgr2=0x7f3b5407db70 secure :-1 s=STATE_CONNECTION_ESTABLISHED l=1).mark_down
2024-09-10T08:29:17.717 INFO:teuthology.orchestra.run.smithi089.stdout:/usr/bin/ceph: stderr
2024-09-10T08:29:17.002+0000 7f3b5c400640 1 --2- 172.21.15.89:0/4138229983 >> [v2:172.21.15.89:3300/0,v1:172.21.15.89:6789/0] conn(0x7f3b54107680 0x7f3b5407db70 secure :-1 s=READY pgs=36 cs=0 l=1 rev1=1 crypto rx=0x7f3b4802acc0 tx=0x7f3b48031ca0 comp rx=0 tx=0).stop
2024-09-10T08:29:17.717 INFO:teuthology.orchestra.run.smithi089.stdout:/usr/bin/ceph: stderr
2024-09-10T08:29:17.002+0000 7f3b5c400640 1 -- 172.21.15.89:0/4138229983 shutdown_connections
2024-09-10T08:29:17.717 INFO:teuthology.orchestra.run.smithi089.stdout:/usr/bin/ceph: stderr
2024-09-10T08:29:17.002+0000 7f3b5c400640 1 --2- 172.21.15.89:0/4138229983 >> [v2:172.21.15.89:6800/3794982914,v1:172.21.15.89:6801/3794982914] conn(0x7f3b3c038fc0 0x7f3b3c03b480 unknown :-1 s=CLOSED pgs=7 cs=0 l=1 rev1=1 crypto rx=0 tx=0 comp rx=0 tx=0).stop
2024-09-10T08:29:17.717 INFO:teuthology.orchestra.run.smithi089.stdout:/usr/bin/ceph: stderr
2024-09-10T08:29:17.002+0000 7f3b5c400640 1 --2- 172.21.15.89:0/4138229983 >> [v2:172.21.15.89:3300/0,v1:172.21.15.89:6789/0] conn(0x7f3b54107680 0x7f3b5407db70 unknown :-1 s=CLOSED pgs=36 cs=0 l=1 rev1=1 crypto rx=0 tx=0 comp rx=0 tx=0).stop
2024-09-10T08:29:17.717 INFO:teuthology.orchestra.run.smithi089.stdout:/usr/bin/ceph: stderr
2024-09-10T08:29:17.002+0000 7f3b5c400640 1 -- 172.21.15.89:0/4138229983 >> 172.21.15.89:0/4138229983 conn(0x7f3b54102eb0 msgr2=0x7f3b541039f0 unknown :-1 s=STATE_NONE l=0).mark_down
2024-09-10T08:29:17.717 INFO:teuthology.orchestra.run.smithi089.stdout:/usr/bin/ceph: stderr
2024-09-10T08:29:17.003+0000 7f3b5c400640 1 -- 172.21.15.89:0/4138229983 shutdown_connections
2024-09-10T08:29:17.717 INFO:teuthology.orchestra.run.smithi089.stdout:/usr/bin/ceph: stderr
2024-09-10T08:29:17.003+0000 7f3b5c400640 1 -- 172.21.15.89:0/4138229983 wait complete.
2024-09-10T08:29:18.941 INFO:journalctl@ceph.mon.a.smithi089.stdout:Sep 10 08:29:18 smithi089 ceph-mon[30757]: from='client.14130 -' entity='client.admin' cmd=[{"prefix": "orch set backend", "module_name": "cephadm", "target": ["mon-mgr", ""]}]: dispatch
2024-09-10T08:29:18.954 INFO:teuthology.orchestra.run.smithi089.stdout:/usr/bin/ceph: stdout value unchanged
2024-09-10T08:29:18.954 INFO:teuthology.orchestra.run.smithi089.stdout:/usr/bin/ceph: stderr
2024-09-10T08:29:18.186+0000 7f226a400640 1 Processor -- start
2024-09-10T08:29:18.955 INFO:teuthology.orchestra.run.smithi089.stdout:/usr/bin/ceph: stderr
2024-09-10T08:29:18.186+0000 7f226a400640 1 -- start start
2024-09-10T08:29:18.955 INFO:teuthology.orchestra.run.smithi089.stdout:/usr/bin/ceph: stderr
2024-09-10T08:29:18.186+0000 7f226a400640 1 --2- >> [v2:172.21.15.89:3300/0,v1:172.21.15.89:6789/0] conn(0x7f226407dea0 0x7f226407c300 unknown :-1 s=NONE pgs=0 cs=0 l=0 rev1=0 crypto rx=0 tx=0 comp rx=0 tx=0).connect
2024-09-10T08:29:18.955 INFO:teuthology.orchestra.run.smithi089.stdout:/usr/bin/ceph: stderr
2024-09-10T08:29:18.186+0000 7f226a400640 1 -- --> [v2:172.21.15.89:3300/0,v1:172.21.15.89:6789/0] -- mon_getmap magic: 0 -- 0x7f226407c8d0 con 0x7f226407dea0
2024-09-10T08:29:18.955 INFO:teuthology.orchestra.run.smithi089.stdout:/usr/bin/ceph: stderr
2024-09-10T08:29:18.186+0000 7f2269000640 1 --2- >> [v2:172.21.15.89:3300/0,v1:172.21.15.89:6789/0] conn(0x7f226407dea0 0x7f226407c300 unknown :-1 s=BANNER_CONNECTING pgs=0 cs=0 l=0 rev1=0 crypto rx=0 tx=0 comp rx=0 tx=0)._handle_peer_banner_payload supported=3 required=0
2024-09-10T08:29:18.955 INFO:teuthology.orchestra.run.smithi089.stdout:/usr/bin/ceph: stderr
2024-09-10T08:29:18.186+0000 7f2269000640 1 --2- >> [v2:172.21.15.89:3300/0,v1:172.21.15.89:6789/0] conn(0x7f226407dea0 0x7f226407c300 unknown :-1 s=HELLO_CONNECTING pgs=0 cs=0 l=0 rev1=1 crypto rx=0 tx=0 comp rx=0 tx=0).handle_hello peer v2:172.21.15.89:3300/0 says I am v2:172.21.15.89:38650/0 (socket says 172.21.15.89:38650)
2024-09-10T08:29:18.955 INFO:teuthology.orchestra.run.smithi089.stdout:/usr/bin/ceph: stderr
2024-09-10T08:29:18.186+0000 7f2269000640 1 -- 172.21.15.89:0/916931641 learned_addr learned my addr 172.21.15.89:0/916931641 (peer_addr_for_me v2:172.21.15.89:0/0)
2024-09-10T08:29:18.955 INFO:teuthology.orchestra.run.smithi089.stdout:/usr/bin/ceph: stderr
2024-09-10T08:29:18.187+0000 7f2269000640 1 -- 172.21.15.89:0/916931641 --> [v2:172.21.15.89:3300/0,v1:172.21.15.89:6789/0] -- mon_subscribe({config=0+,monmap=0+}) -- 0x7f226407ca50 con 0x7f226407dea0
2024-09-10T08:29:18.955 INFO:teuthology.orchestra.run.smithi089.stdout:/usr/bin/ceph: stderr
2024-09-10T08:29:18.188+0000 7f2269000640 1 --2- 172.21.15.89:0/916931641 >> [v2:172.21.15.89:3300/0,v1:172.21.15.89:6789/0] conn(0x7f226407dea0 0x7f226407c300 secure :-1 s=READY pgs=37 cs=0 l=1 rev1=1 crypto rx=0x7f2258009820 tx=0x7f225802a270 comp rx=0 tx=0).ready entity=mon.0 client_cookie=a1c3bc46ebef32ff server_cookie=0 in_seq=0 out_seq=0
2024-09-10T08:29:18.955 INFO:teuthology.orchestra.run.smithi089.stdout:/usr/bin/ceph: stderr
2024-09-10T08:29:18.188+0000 7f2263400640 1 -- 172.21.15.89:0/916931641 <== mon.0 v2:172.21.15.89:3300/0 1 ==== mon_map magic: 0 ==== 205+0+0 (secure 0 0 0) 0x7f2258037070 con 0x7f226407dea0
2024-09-10T08:29:18.955 INFO:teuthology.orchestra.run.smithi089.stdout:/usr/bin/ceph: stderr
2024-09-10T08:29:18.188+0000 7f2263400640 1 -- 172.21.15.89:0/916931641 <== mon.0 v2:172.21.15.89:3300/0 2 ==== config(27 keys) ==== 1109+0+0 (secure 0 0 0) 0x7f2258032900 con 0x7f226407dea0
2024-09-10T08:29:18.955 INFO:teuthology.orchestra.run.smithi089.stdout:/usr/bin/ceph: stderr
2024-09-10T08:29:18.188+0000 7f2263400640 1 -- 172.21.15.89:0/916931641 <== mon.0 v2:172.21.15.89:3300/0 3 ==== mon_map magic: 0 ==== 205+0+0 (secure 0 0 0) 0x7f2258030850 con 0x7f226407dea0
2024-09-10T08:29:18.955 INFO:teuthology.orchestra.run.smithi089.stdout:/usr/bin/ceph: stderr
2024-09-10T08:29:18.188+0000 7f226a400640 1 -- 172.21.15.89:0/916931641 >> [v2:172.21.15.89:3300/0,v1:172.21.15.89:6789/0] conn(0x7f226407dea0 msgr2=0x7f226407c300 secure :-1 s=STATE_CONNECTION_ESTABLISHED l=1).mark_down
2024-09-10T08:29:18.955 INFO:teuthology.orchestra.run.smithi089.stdout:/usr/bin/ceph: stderr
2024-09-10T08:29:18.188+0000 7f226a400640 1 --2- 172.21.15.89:0/916931641 >> [v2:172.21.15.89:3300/0,v1:172.21.15.89:6789/0] conn(0x7f226407dea0 0x7f226407c300 secure :-1 s=READY pgs=37 cs=0 l=1 rev1=1 crypto rx=0x7f2258009820 tx=0x7f225802a270 comp rx=0 tx=0).stop
2024-09-10T08:29:18.956 INFO:teuthology.orchestra.run.smithi089.stdout:/usr/bin/ceph: stderr
2024-09-10T08:29:18.188+0000 7f226a400640 1 -- 172.21.15.89:0/916931641 shutdown_connections
2024-09-10T08:29:18.956 INFO:teuthology.orchestra.run.smithi089.stdout:/usr/bin/ceph: stderr
2024-09-10T08:29:18.188+0000 7f226a400640 1 --2- 172.21.15.89:0/916931641 >> [v2:172.21.15.89:3300/0,v1:172.21.15.89:6789/0] conn(0x7f226407dea0 0x7f226407c300 unknown :-1 s=CLOSED pgs=37 cs=0 l=1 rev1=1 crypto rx=0 tx=0 comp rx=0 tx=0).stop
2024-09-10T08:29:18.956 INFO:teuthology.orchestra.run.smithi089.stdout:/usr/bin/ceph: stderr
2024-09-10T08:29:18.188+0000 7f226a400640 1 -- 172.21.15.89:0/916931641 >> 172.21.15.89:0/916931641 conn(0x7f2264102c10 msgr2=0x7f2264105030 unknown :-1 s=STATE_NONE l=0).mark_down
2024-09-10T08:29:18.956 INFO:teuthology.orchestra.run.smithi089.stdout:/usr/bin/ceph: stderr
2024-09-10T08:29:18.189+0000 7f226a400640 1 -- 172.21.15.89:0/916931641 shutdown_connections
2024-09-10T08:29:18.956 INFO:teuthology.orchestra.run.smithi089.stdout:/usr/bin/ceph: stderr
2024-09-10T08:29:18.189+0000 7f226a400640 1 -- 172.21.15.89:0/916931641 wait complete.
2024-09-10T08:29:18.956 INFO:teuthology.orchestra.run.smithi089.stdout:/usr/bin/ceph: stderr
2024-09-10T08:29:18.189+0000 7f226a400640 1 Processor -- start
2024-09-10T08:29:18.956 INFO:teuthology.orchestra.run.smithi089.stdout:/usr/bin/ceph: stderr
2024-09-10T08:29:18.190+0000 7f226a400640 1 -- start start
2024-09-10T08:29:18.956 INFO:teuthology.orchestra.run.smithi089.stdout:/usr/bin/ceph: stderr
2024-09-10T08:29:18.190+0000 7f226a400640 1 --2- >> [v2:172.21.15.89:3300/0,v1:172.21.15.89:6789/0] conn(0x7f226407dea0 0x7f226419d6b0 unknown :-1 s=NONE pgs=0 cs=0 l=1 rev1=0 crypto rx=0 tx=0 comp rx=0 tx=0).connect
2024-09-10T08:29:18.956 INFO:teuthology.orchestra.run.smithi089.stdout:/usr/bin/ceph: stderr
2024-09-10T08:29:18.190+0000 7f226a400640 1 -- --> [v2:172.21.15.89:3300/0,v1:172.21.15.89:6789/0] -- mon_getmap magic: 0 -- 0x7f226410dab0 con 0x7f226407dea0
2024-09-10T08:29:18.956 INFO:teuthology.orchestra.run.smithi089.stdout:/usr/bin/ceph: stderr
2024-09-10T08:29:18.190+0000 7f2269000640 1 --2- >> [v2:172.21.15.89:3300/0,v1:172.21.15.89:6789/0] conn(0x7f226407dea0 0x7f226419d6b0 unknown :-1 s=BANNER_CONNECTING pgs=0 cs=0 l=1 rev1=0 crypto rx=0 tx=0 comp rx=0 tx=0)._handle_peer_banner_payload supported=3 required=0
2024-09-10T08:29:18.956 INFO:teuthology.orchestra.run.smithi089.stdout:/usr/bin/ceph: stderr
2024-09-10T08:29:18.190+0000 7f2269000640 1 --2- >> [v2:172.21.15.89:3300/0,v1:172.21.15.89:6789/0] conn(0x7f226407dea0 0x7f226419d6b0 unknown :-1 s=HELLO_CONNECTING pgs=0 cs=0 l=1 rev1=1 crypto rx=0 tx=0 comp rx=0 tx=0).handle_hello peer v2:172.21.15.89:3300/0 says I am v2:172.21.15.89:38660/0 (socket says 172.21.15.89:38660)
2024-09-10T08:29:18.956 INFO:teuthology.orchestra.run.smithi089.stdout:/usr/bin/ceph: stderr
2024-09-10T08:29:18.190+0000 7f2269000640 1 -- 172.21.15.89:0/1062990683 learned_addr learned my addr 172.21.15.89:0/1062990683 (peer_addr_for_me v2:172.21.15.89:0/0)
2024-09-10T08:29:18.956 INFO:teuthology.orchestra.run.smithi089.stdout:/usr/bin/ceph: stderr
2024-09-10T08:29:18.190+0000 7f2269000640 1 -- 172.21.15.89:0/1062990683 --> [v2:172.21.15.89:3300/0,v1:172.21.15.89:6789/0] -- mon_subscribe({config=0+,monmap=0+}) -- 0x7f226419dbf0 con 0x7f226407dea0
2024-09-10T08:29:18.956 INFO:teuthology.orchestra.run.smithi089.stdout:/usr/bin/ceph: stderr
2024-09-10T08:29:18.191+0000 7f2269000640 1 --2- 172.21.15.89:0/1062990683 >> [v2:172.21.15.89:3300/0,v1:172.21.15.89:6789/0] conn(0x7f226407dea0 0x7f226419d6b0 secure :-1 s=READY pgs=38 cs=0 l=1 rev1=1 crypto rx=0x7f2258031000 tx=0x7f22580326e0 comp rx=0 tx=0).ready entity=mon.0 client_cookie=0 server_cookie=0 in_seq=0 out_seq=0
2024-09-10T08:29:18.957 INFO:teuthology.orchestra.run.smithi089.stdout:/usr/bin/ceph: stderr
2024-09-10T08:29:18.191+0000 7f2261600640 1 -- 172.21.15.89:0/1062990683 <== mon.0 v2:172.21.15.89:3300/0 1 ==== mon_map magic: 0 ==== 205+0+0 (secure 0 0 0) 0x7f2258042070 con 0x7f226407dea0
2024-09-10T08:29:18.957 INFO:teuthology.orchestra.run.smithi089.stdout:/usr/bin/ceph: stderr
2024-09-10T08:29:18.191+0000 7f2261600640 1 -- 172.21.15.89:0/1062990683 <== mon.0 v2:172.21.15.89:3300/0 2 ==== config(27 keys) ==== 1109+0+0 (secure 0 0 0) 0x7f2258032be0 con 0x7f226407dea0
2024-09-10T08:29:18.957 INFO:teuthology.orchestra.run.smithi089.stdout:/usr/bin/ceph: stderr
2024-09-10T08:29:18.191+0000 7f2261600640 1 -- 172.21.15.89:0/1062990683 <== mon.0 v2:172.21.15.89:3300/0 3 ==== mon_map magic: 0 ==== 205+0+0 (secure 0 0 0) 0x7f2258037040 con 0x7f226407dea0
2024-09-10T08:29:18.957 INFO:teuthology.orchestra.run.smithi089.stdout:/usr/bin/ceph: stderr
2024-09-10T08:29:18.191+0000 7f226a400640 1 -- 172.21.15.89:0/1062990683 --> [v2:172.21.15.89:3300/0,v1:172.21.15.89:6789/0] -- mon_subscribe({mgrmap=0+}) -- 0x7f226419de80 con 0x7f226407dea0
2024-09-10T08:29:18.957 INFO:teuthology.orchestra.run.smithi089.stdout:/usr/bin/ceph: stderr
2024-09-10T08:29:18.191+0000 7f226a400640 1 -- 172.21.15.89:0/1062990683 --> [v2:172.21.15.89:3300/0,v1:172.21.15.89:6789/0] -- mon_subscribe({osdmap=0}) -- 0x7f22641a0b70 con 0x7f226407dea0
2024-09-10T08:29:18.957 INFO:teuthology.orchestra.run.smithi089.stdout:/usr/bin/ceph: stderr
2024-09-10T08:29:18.192+0000 7f2261600640 1 -- 172.21.15.89:0/1062990683 <== mon.0 v2:172.21.15.89:3300/0 4 ==== mgrmap(e 8) ==== 46287+0+0 (secure 0 0 0) 0x7f2258045070 con 0x7f226407dea0
2024-09-10T08:29:18.957 INFO:teuthology.orchestra.run.smithi089.stdout:/usr/bin/ceph: stderr
2024-09-10T08:29:18.192+0000 7f226a400640 1 -- 172.21.15.89:0/1062990683 --> [v2:172.21.15.89:3300/0,v1:172.21.15.89:6789/0] -- mon_command({"prefix": "get_command_descriptions"} v 0) -- 0x7f226407c380 con 0x7f226407dea0
2024-09-10T08:29:18.957 INFO:teuthology.orchestra.run.smithi089.stdout:/usr/bin/ceph: stderr
2024-09-10T08:29:18.192+0000 7f2261600640 1 --2- 172.21.15.89:0/1062990683 >> [v2:172.21.15.89:6800/3794982914,v1:172.21.15.89:6801/3794982914] conn(0x7f224c038fc0 0x7f224c03b480 unknown :-1 s=NONE pgs=0 cs=0 l=1 rev1=0 crypto rx=0 tx=0 comp rx=0 tx=0).connect
2024-09-10T08:29:18.957 INFO:teuthology.orchestra.run.smithi089.stdout:/usr/bin/ceph: stderr
2024-09-10T08:29:18.192+0000 7f2261600640 1 -- 172.21.15.89:0/1062990683 <== mon.0 v2:172.21.15.89:3300/0 5 ==== osd_map(2..2 src has 1..2) ==== 940+0+0 (secure 0 0 0) 0x7f225806bff0 con 0x7f226407dea0
2024-09-10T08:29:18.957 INFO:teuthology.orchestra.run.smithi089.stdout:/usr/bin/ceph: stderr
2024-09-10T08:29:18.193+0000 7f2263e00640 1 --2- 172.21.15.89:0/1062990683 >> [v2:172.21.15.89:6800/3794982914,v1:172.21.15.89:6801/3794982914] conn(0x7f224c038fc0 0x7f224c03b480 unknown :-1 s=BANNER_CONNECTING pgs=0 cs=0 l=1 rev1=0 crypto rx=0 tx=0 comp rx=0 tx=0)._handle_peer_banner_payload supported=3 required=0
2024-09-10T08:29:18.957 INFO:teuthology.orchestra.run.smithi089.stdout:/usr/bin/ceph: stderr
2024-09-10T08:29:18.193+0000 7f2263e00640 1 --2- 172.21.15.89:0/1062990683 >> [v2:172.21.15.89:6800/3794982914,v1:172.21.15.89:6801/3794982914] conn(0x7f224c038fc0 0x7f224c03b480 secure :-1 s=READY pgs=8 cs=0 l=1 rev1=1 crypto rx=0x7f22500098c0 tx=0x7f2250006db0 comp rx=0 tx=0).ready entity=mgr.14118 client_cookie=0 server_cookie=0 in_seq=0 out_seq=0
2024-09-10T08:29:18.957 INFO:teuthology.orchestra.run.smithi089.stdout:/usr/bin/ceph: stderr
2024-09-10T08:29:18.197+0000 7f2261600640 1 -- 172.21.15.89:0/1062990683 <== mon.0 v2:172.21.15.89:3300/0 6 ==== mon_command_ack([{"prefix": "get_command_descriptions"}]=0 v0) ==== 72+0+188821 (secure 0 0 0) 0x7f225802f2a0 con 0x7f226407dea0
2024-09-10T08:29:18.957 INFO:teuthology.orchestra.run.smithi089.stdout:/usr/bin/ceph: stderr
2024-09-10T08:29:18.372+0000 7f226a400640 1 -- 172.21.15.89:0/1062990683 --> [v2:172.21.15.89:6800/3794982914,v1:172.21.15.89:6801/3794982914] -- mgr_command(tid 0: {"prefix": "cephadm set-user", "user": "root", "target": ["mon-mgr", ""]}) -- 0x7f2264103e90 con 0x7f224c038fc0
2024-09-10T08:29:18.958 INFO:teuthology.orchestra.run.smithi089.stdout:/usr/bin/ceph: stderr
2024-09-10T08:29:18.373+0000 7f2261600640 1 -- 172.21.15.89:0/1062990683 <== mgr.14118 v2:172.21.15.89:6800/3794982914 1 ==== mgr_command_reply(tid 0: 0 ) ==== 8+0+16 (secure 0 0 0) 0x7f2264103e90 con 0x7f224c038fc0
2024-09-10T08:29:18.958 INFO:teuthology.orchestra.run.smithi089.stdout:/usr/bin/ceph: stderr
2024-09-10T08:29:18.375+0000 7f226a400640 1 -- 172.21.15.89:0/1062990683 >> [v2:172.21.15.89:6800/3794982914,v1:172.21.15.89:6801/3794982914] conn(0x7f224c038fc0 msgr2=0x7f224c03b480 secure :-1 s=STATE_CONNECTION_ESTABLISHED l=1).mark_down
2024-09-10T08:29:18.958 INFO:teuthology.orchestra.run.smithi089.stdout:/usr/bin/ceph: stderr
2024-09-10T08:29:18.375+0000 7f226a400640 1 --2- 172.21.15.89:0/1062990683 >> [v2:172.21.15.89:6800/3794982914,v1:172.21.15.89:6801/3794982914] conn(0x7f224c038fc0 0x7f224c03b480 secure :-1 s=READY pgs=8 cs=0 l=1 rev1=1 crypto rx=0x7f22500098c0 tx=0x7f2250006db0 comp rx=0 tx=0).stop
2024-09-10T08:29:18.958 INFO:teuthology.orchestra.run.smithi089.stdout:/usr/bin/ceph: stderr
2024-09-10T08:29:18.375+0000 7f226a400640 1 -- 172.21.15.89:0/1062990683 >> [v2:172.21.15.89:3300/0,v1:172.21.15.89:6789/0] conn(0x7f226407dea0 msgr2=0x7f226419d6b0 secure :-1 s=STATE_CONNECTION_ESTABLISHED l=1).mark_down
2024-09-10T08:29:18.958 INFO:teuthology.orchestra.run.smithi089.stdout:/usr/bin/ceph: stderr
2024-09-10T08:29:18.375+0000 7f226a400640 1 --2- 172.21.15.89:0/1062990683 >> [v2:172.21.15.89:3300/0,v1:172.21.15.89:6789/0] conn(0x7f226407dea0 0x7f226419d6b0 secure :-1 s=READY pgs=38 cs=0 l=1 rev1=1 crypto rx=0x7f2258031000 tx=0x7f22580326e0 comp rx=0 tx=0).stop
2024-09-10T08:29:18.958 INFO:teuthology.orchestra.run.smithi089.stdout:/usr/bin/ceph: stderr
2024-09-10T08:29:18.375+0000 7f226a400640 1 -- 172.21.15.89:0/1062990683 shutdown_connections
2024-09-10T08:29:18.958 INFO:teuthology.orchestra.run.smithi089.stdout:/usr/bin/ceph: stderr
2024-09-10T08:29:18.375+0000 7f226a400640 1 --2- 172.21.15.89:0/1062990683 >> [v2:172.21.15.89:6800/3794982914,v1:172.21.15.89:6801/3794982914] conn(0x7f224c038fc0 0x7f224c03b480 unknown :-1 s=CLOSED pgs=8 cs=0 l=1 rev1=1 crypto rx=0 tx=0 comp rx=0 tx=0).stop
2024-09-10T08:29:18.958 INFO:teuthology.orchestra.run.smithi089.stdout:/usr/bin/ceph: stderr
2024-09-10T08:29:18.375+0000 7f226a400640 1 --2- 172.21.15.89:0/1062990683 >> [v2:172.21.15.89:3300/0,v1:172.21.15.89:6789/0] conn(0x7f226407dea0 0x7f226419d6b0 unknown :-1 s=CLOSED pgs=38 cs=0 l=1 rev1=1 crypto rx=0 tx=0 comp rx=0 tx=0).stop
2024-09-10T08:29:18.958 INFO:teuthology.orchestra.run.smithi089.stdout:/usr/bin/ceph: stderr
2024-09-10T08:29:18.375+0000 7f226a400640 1 -- 172.21.15.89:0/1062990683 >> 172.21.15.89:0/1062990683 conn(0x7f2264102c10 msgr2=0x7f2264103780 unknown :-1 s=STATE_NONE l=0).mark_down
2024-09-10T08:29:18.958 INFO:teuthology.orchestra.run.smithi089.stdout:/usr/bin/ceph: stderr
2024-09-10T08:29:18.376+0000 7f226a400640 1 -- 172.21.15.89:0/1062990683 shutdown_connections
2024-09-10T08:29:18.958 INFO:teuthology.orchestra.run.smithi089.stdout:/usr/bin/ceph: stderr
2024-09-10T08:29:18.376+0000 7f226a400640 1 -- 172.21.15.89:0/1062990683 wait complete.
2024-09-10T08:29:18.958 INFO:teuthology.orchestra.run.smithi089.stdout:Generating ssh key...
2024-09-10T08:29:19.893 INFO:journalctl@ceph.mon.a.smithi089.stdout:Sep 10 08:29:19 smithi089 ceph-mon[30757]: from='client.14132 -' entity='client.admin' cmd=[{"prefix": "cephadm set-user", "user": "root", "target": ["mon-mgr", ""]}]: dispatch
2024-09-10T08:29:20.290 INFO:journalctl@ceph.mgr.x.smithi089.stdout:Sep 10 08:29:19 smithi089 ceph-91f747bc-6f4e-11ef-bcea-c7b262605968-mgr-x[30979]: Generating public/private rsa key pair.
2024-09-10T08:29:20.290 INFO:journalctl@ceph.mgr.x.smithi089.stdout:Sep 10 08:29:19 smithi089 ceph-91f747bc-6f4e-11ef-bcea-c7b262605968-mgr-x[30979]: Your identification has been saved in /tmp/tmph_g40cvg/key
2024-09-10T08:29:20.290 INFO:journalctl@ceph.mgr.x.smithi089.stdout:Sep 10 08:29:19 smithi089 ceph-91f747bc-6f4e-11ef-bcea-c7b262605968-mgr-x[30979]: Your public key has been saved in /tmp/tmph_g40cvg/key.pub
2024-09-10T08:29:20.290 INFO:journalctl@ceph.mgr.x.smithi089.stdout:Sep 10 08:29:19 smithi089 ceph-91f747bc-6f4e-11ef-bcea-c7b262605968-mgr-x[30979]: The key fingerprint is:
2024-09-10T08:29:20.290 INFO:journalctl@ceph.mgr.x.smithi089.stdout:Sep 10 08:29:19 smithi089 ceph-91f747bc-6f4e-11ef-bcea-c7b262605968-mgr-x[30979]: SHA256:dpkxyDtcAsYd994aGjvf6HJPuLlJe8mjdvvBFYAaSQU ceph-91f747bc-6f4e-11ef-bcea-c7b262605968
2024-09-10T08:29:20.290 INFO:journalctl@ceph.mgr.x.smithi089.stdout:Sep 10 08:29:19 smithi089 ceph-91f747bc-6f4e-11ef-bcea-c7b262605968-mgr-x[30979]: The key's randomart image is:
2024-09-10T08:29:20.290 INFO:journalctl@ceph.mgr.x.smithi089.stdout:Sep 10 08:29:19 smithi089 ceph-91f747bc-6f4e-11ef-bcea-c7b262605968-mgr-x[30979]: +---[RSA 3072]----+
2024-09-10T08:29:20.290 INFO:journalctl@ceph.mgr.x.smithi089.stdout:Sep 10 08:29:19 smithi089 ceph-91f747bc-6f4e-11ef-bcea-c7b262605968-mgr-x[30979]: | .o.oE=... |
2024-09-10T08:29:20.290 INFO:journalctl@ceph.mgr.x.smithi089.stdout:Sep 10 08:29:19 smithi089 ceph-91f747bc-6f4e-11ef-bcea-c7b262605968-mgr-x[30979]: | ..o.= o . |
2024-09-10T08:29:20.291 INFO:journalctl@ceph.mgr.x.smithi089.stdout:Sep 10 08:29:19 smithi089 ceph-91f747bc-6f4e-11ef-bcea-c7b262605968-mgr-x[30979]: | + * . . |
2024-09-10T08:29:20.291 INFO:journalctl@ceph.mgr.x.smithi089.stdout:Sep 10 08:29:19 smithi089 ceph-91f747bc-6f4e-11ef-bcea-c7b262605968-mgr-x[30979]: | . = * . .|
2024-09-10T08:29:20.291 INFO:journalctl@ceph.mgr.x.smithi089.stdout:Sep 10 08:29:19 smithi089 ceph-91f747bc-6f4e-11ef-bcea-c7b262605968-mgr-x[30979]: | S = o . .|
2024-09-10T08:29:20.291 INFO:journalctl@ceph.mgr.x.smithi089.stdout:Sep 10 08:29:19 smithi089 ceph-91f747bc-6f4e-11ef-bcea-c7b262605968-mgr-x[30979]: | . o + +. .|
2024-09-10T08:29:20.291 INFO:journalctl@ceph.mgr.x.smithi089.stdout:Sep 10 08:29:19 smithi089 ceph-91f747bc-6f4e-11ef-bcea-c7b262605968-mgr-x[30979]: | + +..+ |
2024-09-10T08:29:20.291 INFO:journalctl@ceph.mgr.x.smithi089.stdout:Sep 10 08:29:19 smithi089 ceph-91f747bc-6f4e-11ef-bcea-c7b262605968-mgr-x[30979]: | .+oO* .|
2024-09-10T08:29:20.291 INFO:journalctl@ceph.mgr.x.smithi089.stdout:Sep 10 08:29:19 smithi089 ceph-91f747bc-6f4e-11ef-bcea-c7b262605968-mgr-x[30979]: | =@*++.|
2024-09-10T08:29:20.291 INFO:journalctl@ceph.mgr.x.smithi089.stdout:Sep 10 08:29:19 smithi089 ceph-91f747bc-6f4e-11ef-bcea-c7b262605968-mgr-x[30979]: +----[SHA256]-----+
2024-09-10T08:29:20.592 INFO:teuthology.orchestra.run.smithi089.stdout:/usr/bin/ceph: stderr
2024-09-10T08:29:19.440+0000 7ffb0ae00640 1 Processor -- start
2024-09-10T08:29:20.592 INFO:teuthology.orchestra.run.smithi089.stdout:/usr/bin/ceph: stderr
2024-09-10T08:29:19.440+0000 7ffb0ae00640 1 -- start start
2024-09-10T08:29:20.592 INFO:teuthology.orchestra.run.smithi089.stdout:/usr/bin/ceph: stderr
2024-09-10T08:29:19.440+0000 7ffb0ae00640 1 --2- >> [v2:172.21.15.89:3300/0,v1:172.21.15.89:6789/0] conn(0x7ffb04107680 0x7ffb04107a80 unknown :-1 s=NONE pgs=0 cs=0 l=0 rev1=0 crypto rx=0 tx=0 comp rx=0 tx=0).connect
2024-09-10T08:29:20.592 INFO:teuthology.orchestra.run.smithi089.stdout:/usr/bin/ceph: stderr
2024-09-10T08:29:19.440+0000 7ffb0ae00640 1 -- --> [v2:172.21.15.89:3300/0,v1:172.21.15.89:6789/0] -- mon_getmap magic: 0 -- 0x7ffb04107fc0 con 0x7ffb04107680
2024-09-10T08:29:20.592 INFO:teuthology.orchestra.run.smithi089.stdout:/usr/bin/ceph: stderr
2024-09-10T08:29:19.441+0000 7ffb03e00640 1 --2- >> [v2:172.21.15.89:3300/0,v1:172.21.15.89:6789/0] conn(0x7ffb04107680 0x7ffb04107a80 unknown :-1 s=BANNER_CONNECTING pgs=0 cs=0 l=0 rev1=0 crypto rx=0 tx=0 comp rx=0 tx=0)._handle_peer_banner_payload supported=3 required=0
2024-09-10T08:29:20.592 INFO:teuthology.orchestra.run.smithi089.stdout:/usr/bin/ceph: stderr
2024-09-10T08:29:19.441+0000 7ffb03e00640 1 --2- >> [v2:172.21.15.89:3300/0,v1:172.21.15.89:6789/0] conn(0x7ffb04107680 0x7ffb04107a80 unknown :-1 s=HELLO_CONNECTING pgs=0 cs=0 l=0 rev1=1 crypto rx=0 tx=0 comp rx=0 tx=0).handle_hello peer v2:172.21.15.89:3300/0 says I am v2:172.21.15.89:38670/0 (socket says 172.21.15.89:38670)
2024-09-10T08:29:20.592 INFO:teuthology.orchestra.run.smithi089.stdout:/usr/bin/ceph: stderr
2024-09-10T08:29:19.441+0000 7ffb03e00640 1 -- 172.21.15.89:0/2554738880 learned_addr learned my addr 172.21.15.89:0/2554738880 (peer_addr_for_me v2:172.21.15.89:0/0)
2024-09-10T08:29:20.592 INFO:teuthology.orchestra.run.smithi089.stdout:/usr/bin/ceph: stderr
2024-09-10T08:29:19.441+0000 7ffb03e00640 1 -- 172.21.15.89:0/2554738880 --> [v2:172.21.15.89:3300/0,v1:172.21.15.89:6789/0] -- mon_subscribe({config=0+,monmap=0+}) -- 0x7ffb04108140 con 0x7ffb04107680
2024-09-10T08:29:20.592 INFO:teuthology.orchestra.run.smithi089.stdout:/usr/bin/ceph: stderr
2024-09-10T08:29:19.442+0000 7ffb03e00640 1 --2- 172.21.15.89:0/2554738880 >> [v2:172.21.15.89:3300/0,v1:172.21.15.89:6789/0] conn(0x7ffb04107680 0x7ffb04107a80 secure :-1 s=READY pgs=39 cs=0 l=1 rev1=1 crypto rx=0x7ffaf4009820 tx=0x7ffaf402a270 comp rx=0 tx=0).ready entity=mon.0 client_cookie=31e7a0827417e3b6 server_cookie=0 in_seq=0 out_seq=0
2024-09-10T08:29:20.593 INFO:teuthology.orchestra.run.smithi089.stdout:/usr/bin/ceph: stderr
2024-09-10T08:29:19.442+0000 7ffb02a00640 1 -- 172.21.15.89:0/2554738880 <== mon.0 v2:172.21.15.89:3300/0 1 ==== mon_map magic: 0 ==== 205+0+0 (secure 0 0 0) 0x7ffaf4037070 con 0x7ffb04107680
2024-09-10T08:29:20.593 INFO:teuthology.orchestra.run.smithi089.stdout:/usr/bin/ceph: stderr
2024-09-10T08:29:19.442+0000 7ffb02a00640 1 -- 172.21.15.89:0/2554738880 <== mon.0 v2:172.21.15.89:3300/0 2 ==== config(27 keys) ==== 1109+0+0 (secure 0 0 0) 0x7ffaf4032900 con 0x7ffb04107680
2024-09-10T08:29:20.593 INFO:teuthology.orchestra.run.smithi089.stdout:/usr/bin/ceph: stderr
2024-09-10T08:29:19.442+0000 7ffb02a00640 1 -- 172.21.15.89:0/2554738880 <== mon.0 v2:172.21.15.89:3300/0 3 ==== mon_map magic: 0 ==== 205+0+0 (secure 0 0 0) 0x7ffaf4030850 con 0x7ffb04107680
2024-09-10T08:29:20.593 INFO:teuthology.orchestra.run.smithi089.stdout:/usr/bin/ceph: stderr
2024-09-10T08:29:19.443+0000 7ffb0ae00640 1 -- 172.21.15.89:0/2554738880 >> [v2:172.21.15.89:3300/0,v1:172.21.15.89:6789/0] conn(0x7ffb04107680 msgr2=0x7ffb04107a80 secure :-1 s=STATE_CONNECTION_ESTABLISHED l=1).mark_down
2024-09-10T08:29:20.593 INFO:teuthology.orchestra.run.smithi089.stdout:/usr/bin/ceph: stderr
2024-09-10T08:29:19.443+0000 7ffb0ae00640 1 --2- 172.21.15.89:0/2554738880 >> [v2:172.21.15.89:3300/0,v1:172.21.15.89:6789/0] conn(0x7ffb04107680 0x7ffb04107a80 secure :-1 s=READY pgs=39 cs=0 l=1 rev1=1 crypto rx=0x7ffaf4009820 tx=0x7ffaf402a270 comp rx=0 tx=0).stop
2024-09-10T08:29:20.593 INFO:teuthology.orchestra.run.smithi089.stdout:/usr/bin/ceph: stderr
2024-09-10T08:29:19.443+0000 7ffb0ae00640 1 -- 172.21.15.89:0/2554738880 shutdown_connections
2024-09-10T08:29:20.593 INFO:teuthology.orchestra.run.smithi089.stdout:/usr/bin/ceph: stderr
2024-09-10T08:29:19.443+0000 7ffb0ae00640 1 --2- 172.21.15.89:0/2554738880 >> [v2:172.21.15.89:3300/0,v1:172.21.15.89:6789/0] conn(0x7ffb04107680 0x7ffb04107a80 unknown :-1 s=CLOSED pgs=39 cs=0 l=1 rev1=1 crypto rx=0 tx=0 comp rx=0 tx=0).stop
2024-09-10T08:29:20.593 INFO:teuthology.orchestra.run.smithi089.stdout:/usr/bin/ceph: stderr
2024-09-10T08:29:19.443+0000 7ffb0ae00640 1 -- 172.21.15.89:0/2554738880 >> 172.21.15.89:0/2554738880 conn(0x7ffb04102eb0 msgr2=0x7ffb041052f0 unknown :-1 s=STATE_NONE l=0).mark_down
2024-09-10T08:29:20.593 INFO:teuthology.orchestra.run.smithi089.stdout:/usr/bin/ceph: stderr
2024-09-10T08:29:19.443+0000 7ffb0ae00640 1 -- 172.21.15.89:0/2554738880 shutdown_connections
2024-09-10T08:29:20.593 INFO:teuthology.orchestra.run.smithi089.stdout:/usr/bin/ceph: stderr
2024-09-10T08:29:19.443+0000 7ffb0ae00640 1 -- 172.21.15.89:0/2554738880 wait complete.
2024-09-10T08:29:20.593 INFO:teuthology.orchestra.run.smithi089.stdout:/usr/bin/ceph: stderr
2024-09-10T08:29:19.444+0000 7ffb0ae00640 1 Processor -- start
2024-09-10T08:29:20.593 INFO:teuthology.orchestra.run.smithi089.stdout:/usr/bin/ceph: stderr
2024-09-10T08:29:19.444+0000 7ffb0ae00640 1 -- start start
2024-09-10T08:29:20.593 INFO:teuthology.orchestra.run.smithi089.stdout:/usr/bin/ceph: stderr
2024-09-10T08:29:19.444+0000 7ffb0ae00640 1 --2- >> [v2:172.21.15.89:3300/0,v1:172.21.15.89:6789/0] conn(0x7ffb04107680 0x7ffb0419d8a0 unknown :-1 s=NONE pgs=0 cs=0 l=1 rev1=0 crypto rx=0 tx=0 comp rx=0 tx=0).connect
2024-09-10T08:29:20.593 INFO:teuthology.orchestra.run.smithi089.stdout:/usr/bin/ceph: stderr
2024-09-10T08:29:19.444+0000 7ffb0ae00640 1 -- --> [v2:172.21.15.89:3300/0,v1:172.21.15.89:6789/0] -- mon_getmap magic: 0 -- 0x7ffb0410baf0 con 0x7ffb04107680
2024-09-10T08:29:20.594 INFO:teuthology.orchestra.run.smithi089.stdout:/usr/bin/ceph: stderr
2024-09-10T08:29:19.445+0000 7ffb03e00640 1 --2- >> [v2:172.21.15.89:3300/0,v1:172.21.15.89:6789/0] conn(0x7ffb04107680 0x7ffb0419d8a0 unknown :-1 s=BANNER_CONNECTING pgs=0 cs=0 l=1 rev1=0 crypto rx=0 tx=0 comp rx=0 tx=0)._handle_peer_banner_payload supported=3 required=0
2024-09-10T08:29:20.594 INFO:teuthology.orchestra.run.smithi089.stdout:/usr/bin/ceph: stderr
2024-09-10T08:29:19.445+0000 7ffb03e00640 1 --2- >> [v2:172.21.15.89:3300/0,v1:172.21.15.89:6789/0] conn(0x7ffb04107680 0x7ffb0419d8a0 unknown :-1 s=HELLO_CONNECTING pgs=0 cs=0 l=1 rev1=1 crypto rx=0 tx=0 comp rx=0 tx=0).handle_hello peer v2:172.21.15.89:3300/0 says I am v2:172.21.15.89:38678/0 (socket says 172.21.15.89:38678)
2024-09-10T08:29:20.594 INFO:teuthology.orchestra.run.smithi089.stdout:/usr/bin/ceph: stderr
2024-09-10T08:29:19.445+0000 7ffb03e00640 1 -- 172.21.15.89:0/2651970045 learned_addr learned my addr 172.21.15.89:0/2651970045 (peer_addr_for_me v2:172.21.15.89:0/0)
2024-09-10T08:29:20.594 INFO:teuthology.orchestra.run.smithi089.stdout:/usr/bin/ceph: stderr
2024-09-10T08:29:19.445+0000 7ffb03e00640 1 -- 172.21.15.89:0/2651970045 --> [v2:172.21.15.89:3300/0,v1:172.21.15.89:6789/0] -- mon_subscribe({config=0+,monmap=0+}) -- 0x7ffb0419dde0 con 0x7ffb04107680
2024-09-10T08:29:20.594 INFO:teuthology.orchestra.run.smithi089.stdout:/usr/bin/ceph: stderr
2024-09-10T08:29:19.445+0000 7ffb03e00640 1 --2- 172.21.15.89:0/2651970045 >> [v2:172.21.15.89:3300/0,v1:172.21.15.89:6789/0] conn(0x7ffb04107680 0x7ffb0419d8a0 secure :-1 s=READY pgs=40 cs=0 l=1 rev1=1 crypto rx=0x7ffaf40097f0 tx=0x7ffaf4030ec0 comp rx=0 tx=0).ready entity=mon.0 client_cookie=0 server_cookie=0 in_seq=0 out_seq=0
2024-09-10T08:29:20.594 INFO:teuthology.orchestra.run.smithi089.stdout:/usr/bin/ceph: stderr
2024-09-10T08:29:19.445+0000 7ffb00c00640 1 -- 172.21.15.89:0/2651970045 <== mon.0 v2:172.21.15.89:3300/0 1 ==== mon_map magic: 0 ==== 205+0+0 (secure 0 0 0) 0x7ffaf4042070 con 0x7ffb04107680
2024-09-10T08:29:20.594 INFO:teuthology.orchestra.run.smithi089.stdout:/usr/bin/ceph: stderr
2024-09-10T08:29:19.445+0000 7ffb00c00640 1 -- 172.21.15.89:0/2651970045 <== mon.0 v2:172.21.15.89:3300/0 2 ==== config(27 keys) ==== 1109+0+0 (secure 0 0 0) 0x7ffaf4032ca0 con 0x7ffb04107680
2024-09-10T08:29:20.594 INFO:teuthology.orchestra.run.smithi089.stdout:/usr/bin/ceph: stderr
2024-09-10T08:29:19.445+0000 7ffb00c00640 1 -- 172.21.15.89:0/2651970045 <== mon.0 v2:172.21.15.89:3300/0 3 ==== mon_map magic: 0 ==== 205+0+0 (secure 0 0 0) 0x7ffaf4037040 con 0x7ffb04107680
2024-09-10T08:29:20.594 INFO:teuthology.orchestra.run.smithi089.stdout:/usr/bin/ceph: stderr
2024-09-10T08:29:19.445+0000 7ffb0ae00640 1 -- 172.21.15.89:0/2651970045 --> [v2:172.21.15.89:3300/0,v1:172.21.15.89:6789/0] -- mon_subscribe({mgrmap=0+}) -- 0x7ffb0419e070 con 0x7ffb04107680
2024-09-10T08:29:20.594 INFO:teuthology.orchestra.run.smithi089.stdout:/usr/bin/ceph: stderr
2024-09-10T08:29:19.446+0000 7ffb0ae00640 1 -- 172.21.15.89:0/2651970045 --> [v2:172.21.15.89:3300/0,v1:172.21.15.89:6789/0] -- mon_subscribe({osdmap=0}) -- 0x7ffb041a0d60 con 0x7ffb04107680
2024-09-10T08:29:20.594 INFO:teuthology.orchestra.run.smithi089.stdout:/usr/bin/ceph: stderr
2024-09-10T08:29:19.447+0000 7ffb0ae00640 1 -- 172.21.15.89:0/2651970045 --> [v2:172.21.15.89:3300/0,v1:172.21.15.89:6789/0] -- mon_command({"prefix": "get_command_descriptions"} v 0) -- 0x7ffb04107b00 con 0x7ffb04107680
2024-09-10T08:29:20.594 INFO:teuthology.orchestra.run.smithi089.stdout:/usr/bin/ceph: stderr
2024-09-10T08:29:19.447+0000 7ffb00c00640 1 -- 172.21.15.89:0/2651970045 <== mon.0 v2:172.21.15.89:3300/0 4 ==== mgrmap(e 8) ==== 46287+0+0 (secure 0 0 0) 0x7ffaf4045070 con 0x7ffb04107680
2024-09-10T08:29:20.594 INFO:teuthology.orchestra.run.smithi089.stdout:/usr/bin/ceph: stderr
2024-09-10T08:29:19.447+0000 7ffb00c00640 1 --2- 172.21.15.89:0/2651970045 >> [v2:172.21.15.89:6800/3794982914,v1:172.21.15.89:6801/3794982914] conn(0x7ffae8038fc0 0x7ffae803b480 unknown :-1 s=NONE pgs=0 cs=0 l=1 rev1=0 crypto rx=0 tx=0 comp rx=0 tx=0).connect
2024-09-10T08:29:20.595 INFO:teuthology.orchestra.run.smithi089.stdout:/usr/bin/ceph: stderr
2024-09-10T08:29:19.447+0000 7ffb00c00640 1 -- 172.21.15.89:0/2651970045 <== mon.0 v2:172.21.15.89:3300/0 5 ==== osd_map(2..2 src has 1..2) ==== 940+0+0 (secure 0 0 0) 0x7ffaf406bfc0 con 0x7ffb04107680
2024-09-10T08:29:20.595 INFO:teuthology.orchestra.run.smithi089.stdout:/usr/bin/ceph: stderr
2024-09-10T08:29:19.448+0000 7ffb03400640 1 --2- 172.21.15.89:0/2651970045 >> [v2:172.21.15.89:6800/3794982914,v1:172.21.15.89:6801/3794982914] conn(0x7ffae8038fc0 0x7ffae803b480 unknown :-1 s=BANNER_CONNECTING pgs=0 cs=0 l=1 rev1=0 crypto rx=0 tx=0 comp rx=0 tx=0)._handle_peer_banner_payload supported=3 required=0
2024-09-10T08:29:20.595 INFO:teuthology.orchestra.run.smithi089.stdout:/usr/bin/ceph: stderr
2024-09-10T08:29:19.448+0000 7ffb03400640 1 --2- 172.21.15.89:0/2651970045 >> [v2:172.21.15.89:6800/3794982914,v1:172.21.15.89:6801/3794982914] conn(0x7ffae8038fc0 0x7ffae803b480 secure :-1 s=READY pgs=9 cs=0 l=1 rev1=1 crypto rx=0x7ffaf00098c0 tx=0x7ffaf0006db0 comp rx=0 tx=0).ready entity=mgr.14118 client_cookie=0 server_cookie=0 in_seq=0 out_seq=0
2024-09-10T08:29:20.595 INFO:teuthology.orchestra.run.smithi089.stdout:/usr/bin/ceph: stderr
2024-09-10T08:29:19.452+0000 7ffb00c00640 1 -- 172.21.15.89:0/2651970045 <== mon.0 v2:172.21.15.89:3300/0 6 ==== mon_command_ack([{"prefix": "get_command_descriptions"}]=0 v0) ==== 72+0+188821 (secure 0 0 0) 0x7ffaf4045360 con 0x7ffb04107680
2024-09-10T08:29:20.595 INFO:teuthology.orchestra.run.smithi089.stdout:/usr/bin/ceph: stderr
2024-09-10T08:29:19.628+0000 7ffb0ae00640 1 -- 172.21.15.89:0/2651970045 --> [v2:172.21.15.89:6800/3794982914,v1:172.21.15.89:6801/3794982914] -- mgr_command(tid 0: {"prefix": "cephadm generate-key", "target": ["mon-mgr", ""]}) -- 0x7ffb041040c0 con 0x7ffae8038fc0
2024-09-10T08:29:20.595 INFO:teuthology.orchestra.run.smithi089.stdout:/usr/bin/ceph: stderr
2024-09-10T08:29:19.902+0000 7ffb00c00640 1 -- 172.21.15.89:0/2651970045 <== mgr.14118 v2:172.21.15.89:6800/3794982914 1 ==== mgr_command_reply(tid 0: 0 ) ==== 8+0+0 (secure 0 0 0) 0x7ffb041040c0 con 0x7ffae8038fc0
2024-09-10T08:29:20.595 INFO:teuthology.orchestra.run.smithi089.stdout:/usr/bin/ceph: stderr
2024-09-10T08:29:19.905+0000 7ffb0ae00640 1 -- 172.21.15.89:0/2651970045 >> [v2:172.21.15.89:6800/3794982914,v1:172.21.15.89:6801/3794982914] conn(0x7ffae8038fc0 msgr2=0x7ffae803b480 secure :-1 s=STATE_CONNECTION_ESTABLISHED l=1).mark_down
2024-09-10T08:29:20.595 INFO:teuthology.orchestra.run.smithi089.stdout:/usr/bin/ceph: stderr
2024-09-10T08:29:19.905+0000 7ffb0ae00640 1 --2- 172.21.15.89:0/2651970045 >> [v2:172.21.15.89:6800/3794982914,v1:172.21.15.89:6801/3794982914] conn(0x7ffae8038fc0 0x7ffae803b480 secure :-1 s=READY pgs=9 cs=0 l=1 rev1=1 crypto rx=0x7ffaf00098c0 tx=0x7ffaf0006db0 comp rx=0 tx=0).stop
