2024-09-10T08:29:10.934 INFO:teuthology.orchestra.run.smithi089.stdout:/usr/bin/ceph: stderr
2024-09-10T08:29:09.938+0000 7f509ea00640 1 --2- 172.21.15.89:0/3401937718 >> [v2:172.21.15.89:3300/0,v1:172.21.15.89:6789/0] conn(0x7f50a007dea0 0x7f50a007c300 secure :-1 s=READY pgs=24 cs=0 l=1 rev1=1 crypto rx=0x7f5090009820 tx=0x7f509002a270 comp rx=0 tx=0).ready entity=mon.0 client_cookie=247c17e38c18fafc server_cookie=0 in_seq=0 out_seq=0
2024-09-10T08:29:10.934 INFO:teuthology.orchestra.run.smithi089.stdout:/usr/bin/ceph: stderr
2024-09-10T08:29:09.938+0000 7f509e000640 1 -- 172.21.15.89:0/3401937718 <== mon.0 v2:172.21.15.89:3300/0 1 ==== mon_map magic: 0 ==== 205+0+0 (secure 0 0 0) 0x7f5090037070 con 0x7f50a007dea0
2024-09-10T08:29:10.935 INFO:teuthology.orchestra.run.smithi089.stdout:/usr/bin/ceph: stderr
2024-09-10T08:29:09.938+0000 7f509e000640 1 -- 172.21.15.89:0/3401937718 <== mon.0 v2:172.21.15.89:3300/0 2 ==== config(27 keys) ==== 1109+0+0 (secure 0 0 0) 0x7f5090032900 con 0x7f50a007dea0
2024-09-10T08:29:10.935 INFO:teuthology.orchestra.run.smithi089.stdout:/usr/bin/ceph: stderr
2024-09-10T08:29:09.938+0000 7f509e000640 1 -- 172.21.15.89:0/3401937718 <== mon.0 v2:172.21.15.89:3300/0 3 ==== mon_map magic: 0 ==== 205+0+0 (secure 0 0 0) 0x7f5090030850 con 0x7f50a007dea0
2024-09-10T08:29:10.935 INFO:teuthology.orchestra.run.smithi089.stdout:/usr/bin/ceph: stderr
2024-09-10T08:29:09.939+0000 7f509fe00640 1 -- 172.21.15.89:0/3401937718 >> [v2:172.21.15.89:3300/0,v1:172.21.15.89:6789/0] conn(0x7f50a007dea0 msgr2=0x7f50a007c300 secure :-1 s=STATE_CONNECTION_ESTABLISHED l=1).mark_down
2024-09-10T08:29:10.935 INFO:teuthology.orchestra.run.smithi089.stdout:/usr/bin/ceph: stderr
2024-09-10T08:29:09.939+0000 7f509fe00640 1 --2- 172.21.15.89:0/3401937718 >> [v2:172.21.15.89:3300/0,v1:172.21.15.89:6789/0] conn(0x7f50a007dea0 0x7f50a007c300 secure :-1 s=READY pgs=24 cs=0 l=1 rev1=1 crypto rx=0x7f5090009820 tx=0x7f509002a270 comp rx=0 tx=0).stop
2024-09-10T08:29:10.935 INFO:teuthology.orchestra.run.smithi089.stdout:/usr/bin/ceph: stderr
2024-09-10T08:29:09.939+0000 7f509fe00640 1 -- 172.21.15.89:0/3401937718 shutdown_connections
2024-09-10T08:29:10.935 INFO:teuthology.orchestra.run.smithi089.stdout:/usr/bin/ceph: stderr
2024-09-10T08:29:09.939+0000 7f509fe00640 1 --2- 172.21.15.89:0/3401937718 >> [v2:172.21.15.89:3300/0,v1:172.21.15.89:6789/0] conn(0x7f50a007dea0 0x7f50a007c300 unknown :-1 s=CLOSED pgs=24 cs=0 l=1 rev1=1 crypto rx=0 tx=0 comp rx=0 tx=0).stop
2024-09-10T08:29:10.935 INFO:teuthology.orchestra.run.smithi089.stdout:/usr/bin/ceph: stderr
2024-09-10T08:29:09.939+0000 7f509fe00640 1 -- 172.21.15.89:0/3401937718 >> 172.21.15.89:0/3401937718 conn(0x7f50a0102c10 msgr2=0x7f50a0105030 unknown :-1 s=STATE_NONE l=0).mark_down
2024-09-10T08:29:10.935 INFO:teuthology.orchestra.run.smithi089.stdout:/usr/bin/ceph: stderr
2024-09-10T08:29:09.939+0000 7f509fe00640 1 -- 172.21.15.89:0/3401937718 shutdown_connections
2024-09-10T08:29:10.935 INFO:teuthology.orchestra.run.smithi089.stdout:/usr/bin/ceph: stderr
2024-09-10T08:29:09.939+0000 7f509fe00640 1 -- 172.21.15.89:0/3401937718 wait complete.
2024-09-10T08:29:10.935 INFO:teuthology.orchestra.run.smithi089.stdout:/usr/bin/ceph: stderr
2024-09-10T08:29:09.940+0000 7f509fe00640 1 Processor -- start
2024-09-10T08:29:10.935 INFO:teuthology.orchestra.run.smithi089.stdout:/usr/bin/ceph: stderr
2024-09-10T08:29:09.940+0000 7f509fe00640 1 -- start start
2024-09-10T08:29:10.936 INFO:teuthology.orchestra.run.smithi089.stdout:/usr/bin/ceph: stderr
2024-09-10T08:29:09.940+0000 7f509fe00640 1 --2- >> [v2:172.21.15.89:3300/0,v1:172.21.15.89:6789/0] conn(0x7f50a007dea0 0x7f50a019d6b0 unknown :-1 s=NONE pgs=0 cs=0 l=1 rev1=0 crypto rx=0 tx=0 comp rx=0 tx=0).connect
2024-09-10T08:29:10.936 INFO:teuthology.orchestra.run.smithi089.stdout:/usr/bin/ceph: stderr
2024-09-10T08:29:09.940+0000 7f509fe00640 1 -- --> [v2:172.21.15.89:3300/0,v1:172.21.15.89:6789/0] -- mon_getmap magic: 0 -- 0x7f50a010dab0 con 0x7f50a007dea0
2024-09-10T08:29:10.936 INFO:teuthology.orchestra.run.smithi089.stdout:/usr/bin/ceph: stderr
2024-09-10T08:29:09.941+0000 7f509ea00640 1 --2- >> [v2:172.21.15.89:3300/0,v1:172.21.15.89:6789/0] conn(0x7f50a007dea0 0x7f50a019d6b0 unknown :-1 s=BANNER_CONNECTING pgs=0 cs=0 l=1 rev1=0 crypto rx=0 tx=0 comp rx=0 tx=0)._handle_peer_banner_payload supported=3 required=0
2024-09-10T08:29:10.936 INFO:teuthology.orchestra.run.smithi089.stdout:/usr/bin/ceph: stderr
2024-09-10T08:29:09.941+0000 7f509ea00640 1 --2- >> [v2:172.21.15.89:3300/0,v1:172.21.15.89:6789/0] conn(0x7f50a007dea0 0x7f50a019d6b0 unknown :-1 s=HELLO_CONNECTING pgs=0 cs=0 l=1 rev1=1 crypto rx=0 tx=0 comp rx=0 tx=0).handle_hello peer v2:172.21.15.89:3300/0 says I am v2:172.21.15.89:35288/0 (socket says 172.21.15.89:35288)
2024-09-10T08:29:10.936 INFO:teuthology.orchestra.run.smithi089.stdout:/usr/bin/ceph: stderr
2024-09-10T08:29:09.941+0000 7f509ea00640 1 -- 172.21.15.89:0/349494927 learned_addr learned my addr 172.21.15.89:0/349494927 (peer_addr_for_me v2:172.21.15.89:0/0)
2024-09-10T08:29:10.936 INFO:teuthology.orchestra.run.smithi089.stdout:/usr/bin/ceph: stderr
2024-09-10T08:29:09.941+0000 7f509ea00640 1 -- 172.21.15.89:0/349494927 --> [v2:172.21.15.89:3300/0,v1:172.21.15.89:6789/0] -- mon_subscribe({config=0+,monmap=0+}) -- 0x7f50a019dbf0 con 0x7f50a007dea0
2024-09-10T08:29:10.936 INFO:teuthology.orchestra.run.smithi089.stdout:/usr/bin/ceph: stderr
2024-09-10T08:29:09.941+0000 7f509ea00640 1 --2- 172.21.15.89:0/349494927 >> [v2:172.21.15.89:3300/0,v1:172.21.15.89:6789/0] conn(0x7f50a007dea0 0x7f50a019d6b0 secure :-1 s=READY pgs=25 cs=0 l=1 rev1=1 crypto rx=0x7f50900097f0 tx=0x7f5090030ec0 comp rx=0 tx=0).ready entity=mon.0 client_cookie=0 server_cookie=0 in_seq=0 out_seq=0
2024-09-10T08:29:10.936 INFO:teuthology.orchestra.run.smithi089.stdout:/usr/bin/ceph: stderr
2024-09-10T08:29:09.941+0000 7f5097e00640 1 -- 172.21.15.89:0/349494927 <== mon.0 v2:172.21.15.89:3300/0 1 ==== mon_map magic: 0 ==== 205+0+0 (secure 0 0 0) 0x7f5090042070 con 0x7f50a007dea0
2024-09-10T08:29:10.936 INFO:teuthology.orchestra.run.smithi089.stdout:/usr/bin/ceph: stderr
2024-09-10T08:29:09.942+0000 7f5097e00640 1 -- 172.21.15.89:0/349494927 <== mon.0 v2:172.21.15.89:3300/0 2 ==== config(27 keys) ==== 1109+0+0 (secure 0 0 0) 0x7f5090032ca0 con 0x7f50a007dea0
2024-09-10T08:29:10.936 INFO:teuthology.orchestra.run.smithi089.stdout:/usr/bin/ceph: stderr
2024-09-10T08:29:09.942+0000 7f5097e00640 1 -- 172.21.15.89:0/349494927 <== mon.0 v2:172.21.15.89:3300/0 3 ==== mon_map magic: 0 ==== 205+0+0 (secure 0 0 0) 0x7f5090037040 con 0x7f50a007dea0
2024-09-10T08:29:10.936 INFO:teuthology.orchestra.run.smithi089.stdout:/usr/bin/ceph: stderr
2024-09-10T08:29:09.942+0000 7f509fe00640 1 -- 172.21.15.89:0/349494927 --> [v2:172.21.15.89:3300/0,v1:172.21.15.89:6789/0] -- mon_subscribe({mgrmap=0+}) -- 0x7f50a019de80 con 0x7f50a007dea0
2024-09-10T08:29:10.936 INFO:teuthology.orchestra.run.smithi089.stdout:/usr/bin/ceph: stderr
2024-09-10T08:29:09.942+0000 7f509fe00640 1 -- 172.21.15.89:0/349494927 --> [v2:172.21.15.89:3300/0,v1:172.21.15.89:6789/0] -- mon_subscribe({osdmap=0}) -- 0x7f50a01a0b70 con 0x7f50a007dea0
2024-09-10T08:29:10.937 INFO:teuthology.orchestra.run.smithi089.stdout:/usr/bin/ceph: stderr
2024-09-10T08:29:09.943+0000 7f5097e00640 1 -- 172.21.15.89:0/349494927 <== mon.0 v2:172.21.15.89:3300/0 4 ==== mgrmap(e 5) ==== 46287+0+0 (secure 0 0 0) 0x7f5090045070 con 0x7f50a007dea0
2024-09-10T08:29:10.937 INFO:teuthology.orchestra.run.smithi089.stdout:/usr/bin/ceph: stderr
2024-09-10T08:29:09.943+0000 7f509fe00640 1 -- 172.21.15.89:0/349494927 --> [v2:172.21.15.89:3300/0,v1:172.21.15.89:6789/0] -- mon_command({"prefix": "get_command_descriptions"} v 0) -- 0x7f50a007c380 con 0x7f50a007dea0
2024-09-10T08:29:10.937 INFO:teuthology.orchestra.run.smithi089.stdout:/usr/bin/ceph: stderr
2024-09-10T08:29:09.943+0000 7f5097e00640 1 --2- 172.21.15.89:0/349494927 >> [v2:172.21.15.89:6800/4223112778,v1:172.21.15.89:6801/4223112778] conn(0x7f5084038fc0 0x7f508403b480 unknown :-1 s=NONE pgs=0 cs=0 l=1 rev1=0 crypto rx=0 tx=0 comp rx=0 tx=0).connect
2024-09-10T08:29:10.937 INFO:teuthology.orchestra.run.smithi089.stdout:/usr/bin/ceph: stderr
2024-09-10T08:29:09.943+0000 7f5097e00640 1 -- 172.21.15.89:0/349494927 <== mon.0 v2:172.21.15.89:3300/0 5 ==== osd_map(1..1 src has 1..1) ==== 725+0+0 (secure 0 0 0) 0x7f509006bef0 con 0x7f50a007dea0
2024-09-10T08:29:10.937 INFO:teuthology.orchestra.run.smithi089.stdout:/usr/bin/ceph: stderr
2024-09-10T08:29:09.943+0000 7f5096000640 1 -- 172.21.15.89:0/349494927 >> [v2:172.21.15.89:6800/4223112778,v1:172.21.15.89:6801/4223112778] conn(0x7f5084038fc0 msgr2=0x7f508403b480 unknown :-1 s=STATE_CONNECTING_RE l=1).process reconnect failed to v2:172.21.15.89:6800/4223112778
2024-09-10T08:29:10.937 INFO:teuthology.orchestra.run.smithi089.stdout:/usr/bin/ceph: stderr
2024-09-10T08:29:09.943+0000 7f5096000640 1 --2- 172.21.15.89:0/349494927 >> [v2:172.21.15.89:6800/4223112778,v1:172.21.15.89:6801/4223112778] conn(0x7f5084038fc0 0x7f508403b480 unknown :-1 s=START_CONNECT pgs=0 cs=0 l=1 rev1=0 crypto rx=0 tx=0 comp rx=0 tx=0)._fault waiting 0.200000
2024-09-10T08:29:10.937 INFO:teuthology.orchestra.run.smithi089.stdout:/usr/bin/ceph: stderr
2024-09-10T08:29:09.948+0000 7f5097e00640 1 -- 172.21.15.89:0/349494927 <== mon.0 v2:172.21.15.89:3300/0 6 ==== mon_command_ack([{"prefix": "get_command_descriptions"}]=0 v0) ==== 72+0+188821 (secure 0 0 0) 0x7f5090045360 con 0x7f50a007dea0
2024-09-10T08:29:10.937 INFO:teuthology.orchestra.run.smithi089.stdout:/usr/bin/ceph: stderr
2024-09-10T08:29:10.144+0000 7f5096000640 1 -- 172.21.15.89:0/349494927 >> [v2:172.21.15.89:6800/4223112778,v1:172.21.15.89:6801/4223112778] conn(0x7f5084038fc0 msgr2=0x7f508403b480 unknown :-1 s=STATE_CONNECTING_RE l=1).process reconnect failed to v2:172.21.15.89:6800/4223112778
2024-09-10T08:29:10.937 INFO:teuthology.orchestra.run.smithi089.stdout:/usr/bin/ceph: stderr
2024-09-10T08:29:10.144+0000 7f5096000640 1 --2- 172.21.15.89:0/349494927 >> [v2:172.21.15.89:6800/4223112778,v1:172.21.15.89:6801/4223112778] conn(0x7f5084038fc0 0x7f508403b480 unknown :-1 s=START_CONNECT pgs=0 cs=0 l=1 rev1=0 crypto rx=0 tx=0 comp rx=0 tx=0)._fault waiting 0.400000
2024-09-10T08:29:10.937 INFO:teuthology.orchestra.run.smithi089.stdout:/usr/bin/ceph: stderr
2024-09-10T08:29:10.180+0000 7f509fe00640 1 -- 172.21.15.89:0/349494927 --> [v2:172.21.15.89:3300/0,v1:172.21.15.89:6789/0] -- mon_command({"prefix": "mgr stat"} v 0) -- 0x7f50a01a11f0 con 0x7f50a007dea0
2024-09-10T08:29:10.937 INFO:teuthology.orchestra.run.smithi089.stdout:/usr/bin/ceph: stderr
2024-09-10T08:29:10.180+0000 7f5097e00640 1 -- 172.21.15.89:0/349494927 <== mon.0 v2:172.21.15.89:3300/0 7 ==== mon_command_ack([{"prefix": "mgr stat"}]=0 v5) ==== 56+0+88 (secure 0 0 0) 0x7f5090043260 con 0x7f50a007dea0
2024-09-10T08:29:10.937 INFO:teuthology.orchestra.run.smithi089.stdout:/usr/bin/ceph: stderr
2024-09-10T08:29:10.182+0000 7f509fe00640 1 -- 172.21.15.89:0/349494927 >> [v2:172.21.15.89:6800/4223112778,v1:172.21.15.89:6801/4223112778] conn(0x7f5084038fc0 msgr2=0x7f508403b480 unknown :-1 s=STATE_CONNECTING l=1).mark_down
2024-09-10T08:29:10.937 INFO:teuthology.orchestra.run.smithi089.stdout:/usr/bin/ceph: stderr
2024-09-10T08:29:10.182+0000 7f509fe00640 1 --2- 172.21.15.89:0/349494927 >> [v2:172.21.15.89:6800/4223112778,v1:172.21.15.89:6801/4223112778] conn(0x7f5084038fc0 0x7f508403b480 unknown :-1 s=START_CONNECT pgs=0 cs=0 l=1 rev1=0 crypto rx=0 tx=0 comp rx=0 tx=0).stop
2024-09-10T08:29:10.938 INFO:teuthology.orchestra.run.smithi089.stdout:/usr/bin/ceph: stderr
2024-09-10T08:29:10.182+0000 7f509fe00640 1 -- 172.21.15.89:0/349494927 >> [v2:172.21.15.89:3300/0,v1:172.21.15.89:6789/0] conn(0x7f50a007dea0 msgr2=0x7f50a019d6b0 secure :-1 s=STATE_CONNECTION_ESTABLISHED l=1).mark_down
2024-09-10T08:29:10.938 INFO:teuthology.orchestra.run.smithi089.stdout:/usr/bin/ceph: stderr
2024-09-10T08:29:10.182+0000 7f509fe00640 1 --2- 172.21.15.89:0/349494927 >> [v2:172.21.15.89:3300/0,v1:172.21.15.89:6789/0] conn(0x7f50a007dea0 0x7f50a019d6b0 secure :-1 s=READY pgs=25 cs=0 l=1 rev1=1 crypto rx=0x7f50900097f0 tx=0x7f5090030ec0 comp rx=0 tx=0).stop
2024-09-10T08:29:10.938 INFO:teuthology.orchestra.run.smithi089.stdout:/usr/bin/ceph: stderr
2024-09-10T08:29:10.182+0000 7f509fe00640 1 -- 172.21.15.89:0/349494927 shutdown_connections
2024-09-10T08:29:10.938 INFO:teuthology.orchestra.run.smithi089.stdout:/usr/bin/ceph: stderr
2024-09-10T08:29:10.182+0000 7f509fe00640 1 --2- 172.21.15.89:0/349494927 >> [v2:172.21.15.89:6800/4223112778,v1:172.21.15.89:6801/4223112778] conn(0x7f5084038fc0 0x7f508403b480 unknown :-1 s=CLOSED pgs=0 cs=0 l=1 rev1=0 crypto rx=0 tx=0 comp rx=0 tx=0).stop
2024-09-10T08:29:10.938 INFO:teuthology.orchestra.run.smithi089.stdout:/usr/bin/ceph: stderr
2024-09-10T08:29:10.182+0000 7f509fe00640 1 --2- 172.21.15.89:0/349494927 >> [v2:172.21.15.89:3300/0,v1:172.21.15.89:6789/0] conn(0x7f50a007dea0 0x7f50a019d6b0 unknown :-1 s=CLOSED pgs=25 cs=0 l=1 rev1=1 crypto rx=0 tx=0 comp rx=0 tx=0).stop
2024-09-10T08:29:10.938 INFO:teuthology.orchestra.run.smithi089.stdout:/usr/bin/ceph: stderr
2024-09-10T08:29:10.182+0000 7f509fe00640 1 -- 172.21.15.89:0/349494927 >> 172.21.15.89:0/349494927 conn(0x7f50a0102c10 msgr2=0x7f50a0103780 unknown :-1 s=STATE_NONE l=0).mark_down
2024-09-10T08:29:10.938 INFO:teuthology.orchestra.run.smithi089.stdout:/usr/bin/ceph: stderr
2024-09-10T08:29:10.183+0000 7f509fe00640 1 -- 172.21.15.89:0/349494927 shutdown_connections
2024-09-10T08:29:10.938 INFO:teuthology.orchestra.run.smithi089.stdout:/usr/bin/ceph: stderr
2024-09-10T08:29:10.183+0000 7f509fe00640 1 -- 172.21.15.89:0/349494927 wait complete.
2024-09-10T08:29:10.938 INFO:teuthology.orchestra.run.smithi089.stdout:Waiting for the mgr to restart...
2024-09-10T08:29:10.938 INFO:teuthology.orchestra.run.smithi089.stdout:Waiting for mgr epoch 5...
2024-09-10T08:29:11.802 INFO:journalctl@ceph.mgr.x.smithi089.stdout:Sep 10 08:29:11 smithi089 ceph-91f747bc-6f4e-11ef-bcea-c7b262605968-mgr-x[30979]:
2024-09-10T08:29:11.429+0000 7ff28042d040 -1 mgr[py] Module telemetry has missing NOTIFY_TYPES member
2024-09-10T08:29:11.802 INFO:journalctl@ceph.mgr.x.smithi089.stdout:Sep 10 08:29:11 smithi089 ceph-91f747bc-6f4e-11ef-bcea-c7b262605968-mgr-x[30979]:
2024-09-10T08:29:11.509+0000 7ff28042d040 -1 mgr[py] Module balancer has missing NOTIFY_TYPES member
2024-09-10T08:29:12.697 INFO:journalctl@ceph.mgr.x.smithi089.stdout:Sep 10 08:29:12 smithi089 ceph-91f747bc-6f4e-11ef-bcea-c7b262605968-mgr-x[30979]:
2024-09-10T08:29:12.405+0000 7ff28042d040 -1 mgr[py] Module rook has missing NOTIFY_TYPES member
2024-09-10T08:29:12.697 INFO:journalctl@ceph.mgr.x.smithi089.stdout:Sep 10 08:29:12 smithi089 ceph-91f747bc-6f4e-11ef-bcea-c7b262605968-mgr-x[30979]:
2024-09-10T08:29:12.538+0000 7ff28042d040 -1 mgr[py] Module iostat has missing NOTIFY_TYPES member
2024-09-10T08:29:12.697 INFO:journalctl@ceph.mgr.x.smithi089.stdout:Sep 10 08:29:12 smithi089 ceph-91f747bc-6f4e-11ef-bcea-c7b262605968-mgr-x[30979]:
2024-09-10T08:29:12.697+0000 7ff28042d040 -1 mgr[py] Module orchestrator has missing NOTIFY_TYPES member
2024-09-10T08:29:13.017 INFO:journalctl@ceph.mgr.x.smithi089.stdout:Sep 10 08:29:12 smithi089 ceph-91f747bc-6f4e-11ef-bcea-c7b262605968-mgr-x[30979]:
2024-09-10T08:29:12.769+0000 7ff28042d040 -1 mgr[py] Module devicehealth has missing NOTIFY_TYPES member
2024-09-10T08:29:13.017 INFO:journalctl@ceph.mgr.x.smithi089.stdout:Sep 10 08:29:12 smithi089 ceph-91f747bc-6f4e-11ef-bcea-c7b262605968-mgr-x[30979]:
2024-09-10T08:29:12.938+0000 7ff28042d040 -1 mgr[py] Module rgw has missing NOTIFY_TYPES member
2024-09-10T08:29:13.018 INFO:journalctl@ceph.mgr.x.smithi089.stdout:Sep 10 08:29:13 smithi089 ceph-91f747bc-6f4e-11ef-bcea-c7b262605968-mgr-x[30979]:
2024-09-10T08:29:13.018+0000 7ff28042d040 -1 mgr[py] Module alerts has missing NOTIFY_TYPES member
2024-09-10T08:29:13.302 INFO:journalctl@ceph.mgr.x.smithi089.stdout:Sep 10 08:29:13 smithi089 ceph-91f747bc-6f4e-11ef-bcea-c7b262605968-mgr-x[30979]:
2024-09-10T08:29:13.089+0000 7ff28042d040 -1 mgr[py] Module progress has missing NOTIFY_TYPES member
2024-09-10T08:29:13.302 INFO:journalctl@ceph.mgr.x.smithi089.stdout:Sep 10 08:29:13 smithi089 ceph-91f747bc-6f4e-11ef-bcea-c7b262605968-mgr-x[30979]:
2024-09-10T08:29:13.266+0000 7ff28042d040 -1 mgr[py] Module nfs has missing NOTIFY_TYPES member
2024-09-10T08:29:13.653 INFO:journalctl@ceph.mgr.x.smithi089.stdout:Sep 10 08:29:13 smithi089 ceph-91f747bc-6f4e-11ef-bcea-c7b262605968-mgr-x[30979]:
2024-09-10T08:29:13.342+0000 7ff28042d040 -1 mgr[py] Module status has missing NOTIFY_TYPES member
2024-09-10T08:29:13.653 INFO:journalctl@ceph.mgr.x.smithi089.stdout:Sep 10 08:29:13 smithi089 ceph-91f747bc-6f4e-11ef-bcea-c7b262605968-mgr-x[30979]:
2024-09-10T08:29:13.420+0000 7ff28042d040 -1 mgr[py] Module pg_autoscaler has missing NOTIFY_TYPES member
2024-09-10T08:29:13.653 INFO:journalctl@ceph.mgr.x.smithi089.stdout:Sep 10 08:29:13 smithi089 ceph-91f747bc-6f4e-11ef-bcea-c7b262605968-mgr-x[30979]:
2024-09-10T08:29:13.514+0000 7ff28042d040 -1 mgr[py] Module rbd_support has missing NOTIFY_TYPES member
2024-09-10T08:29:13.653 INFO:journalctl@ceph.mgr.x.smithi089.stdout:Sep 10 08:29:13 smithi089 ceph-91f747bc-6f4e-11ef-bcea-c7b262605968-mgr-x[30979]:
2024-09-10T08:29:13.584+0000 7ff28042d040 -1 mgr[py] Module influx has missing NOTIFY_TYPES member
2024-09-10T08:29:13.653 INFO:journalctl@ceph.mgr.x.smithi089.stdout:Sep 10 08:29:13 smithi089 ceph-91f747bc-6f4e-11ef-bcea-c7b262605968-mgr-x[30979]:
2024-09-10T08:29:13.653+0000 7ff28042d040 -1 mgr[py] Module zabbix has missing NOTIFY_TYPES member
2024-09-10T08:29:14.802 INFO:journalctl@ceph.mgr.x.smithi089.stdout:Sep 10 08:29:14 smithi089 ceph-91f747bc-6f4e-11ef-bcea-c7b262605968-mgr-x[30979]:
2024-09-10T08:29:14.552+0000 7ff28042d040 -1 mgr[py] Module telegraf has missing NOTIFY_TYPES member
2024-09-10T08:29:14.802 INFO:journalctl@ceph.mon.a.smithi089.stdout:Sep 10 08:29:14 smithi089 ceph-mon[30757]: Active manager daemon x restarted
2024-09-10T08:29:14.803 INFO:journalctl@ceph.mon.a.smithi089.stdout:Sep 10 08:29:14 smithi089 ceph-mon[30757]: Activating manager daemon x
2024-09-10T08:29:14.803 INFO:journalctl@ceph.mon.a.smithi089.stdout:Sep 10 08:29:14 smithi089 ceph-mon[30757]: osdmap e2: 0 total, 0 up, 0 in
2024-09-10T08:29:14.803 INFO:journalctl@ceph.mon.a.smithi089.stdout:Sep 10 08:29:14 smithi089 ceph-mon[30757]: mgrmap e6: x(active, starting, since 0.00394038s)
2024-09-10T08:29:14.803 INFO:journalctl@ceph.mon.a.smithi089.stdout:Sep 10 08:29:14 smithi089 ceph-mon[30757]: from='mgr.14118 172.21.15.89:0/3311347131' entity='mgr.x' cmd=[{"prefix": "mon metadata", "id": "a"}]: dispatch
2024-09-10T08:29:14.803 INFO:journalctl@ceph.mon.a.smithi089.stdout:Sep 10 08:29:14 smithi089 ceph-mon[30757]: from='mgr.14118 172.21.15.89:0/3311347131' entity='mgr.x' cmd=[{"prefix": "mgr metadata", "who": "x", "id": "x"}]: dispatch
2024-09-10T08:29:14.803 INFO:journalctl@ceph.mon.a.smithi089.stdout:Sep 10 08:29:14 smithi089 ceph-mon[30757]: from='mgr.14118 172.21.15.89:0/3311347131' entity='mgr.x' cmd=[{"prefix": "mds metadata"}]: dispatch
2024-09-10T08:29:14.803 INFO:journalctl@ceph.mon.a.smithi089.stdout:Sep 10 08:29:14 smithi089 ceph-mon[30757]: from='mgr.14118 172.21.15.89:0/3311347131' entity='mgr.x' cmd=[{"prefix": "osd metadata"}]: dispatch
2024-09-10T08:29:14.803 INFO:journalctl@ceph.mon.a.smithi089.stdout:Sep 10 08:29:14 smithi089 ceph-mon[30757]: from='mgr.14118 172.21.15.89:0/3311347131' entity='mgr.x' cmd=[{"prefix": "mon metadata"}]: dispatch
2024-09-10T08:29:14.803 INFO:journalctl@ceph.mon.a.smithi089.stdout:Sep 10 08:29:14 smithi089 ceph-mon[30757]: Manager daemon x is now available
2024-09-10T08:29:14.803 INFO:journalctl@ceph.mon.a.smithi089.stdout:Sep 10 08:29:14 smithi089 ceph-mon[30757]: from='mgr.14118 172.21.15.89:0/3311347131' entity='mgr.x'
2024-09-10T08:29:14.804 INFO:journalctl@ceph.mon.a.smithi089.stdout:Sep 10 08:29:14 smithi089 ceph-mon[30757]: from='mgr.14118 172.21.15.89:0/3311347131' entity='mgr.x'
2024-09-10T08:29:14.804 INFO:journalctl@ceph.mon.a.smithi089.stdout:Sep 10 08:29:14 smithi089 ceph-mon[30757]: from='mgr.14118 172.21.15.89:0/3311347131' entity='mgr.x' cmd=[{"prefix": "config dump", "format": "json"}]: dispatch
2024-09-10T08:29:14.804 INFO:journalctl@ceph.mon.a.smithi089.stdout:Sep 10 08:29:14 smithi089 ceph-mon[30757]: from='mgr.14118 172.21.15.89:0/3311347131' entity='mgr.x' cmd=[{"prefix": "config dump", "format": "json"}]: dispatch
2024-09-10T08:29:15.913 INFO:journalctl@ceph.mon.a.smithi089.stdout:Sep 10 08:29:15 smithi089 ceph-mon[30757]: Found migration_current of "None". Setting to last migration.
2024-09-10T08:29:15.913 INFO:journalctl@ceph.mon.a.smithi089.stdout:Sep 10 08:29:15 smithi089 ceph-mon[30757]: from='mgr.14118 172.21.15.89:0/3311347131' entity='mgr.x' cmd=[{"prefix":"config rm","who":"mgr","name":"mgr/rbd_support/x/mirror_snapshot_schedule"}]: dispatch
2024-09-10T08:29:15.913 INFO:journalctl@ceph.mon.a.smithi089.stdout:Sep 10 08:29:15 smithi089 ceph-mon[30757]: from='mgr.14118 172.21.15.89:0/3311347131' entity='mgr.x' cmd=[{"prefix":"config rm","who":"mgr","name":"mgr/rbd_support/x/trash_purge_schedule"}]: dispatch
2024-09-10T08:29:15.913 INFO:journalctl@ceph.mon.a.smithi089.stdout:Sep 10 08:29:15 smithi089 ceph-mon[30757]: from='mgr.14118 172.21.15.89:0/3311347131' entity='mgr.x'
2024-09-10T08:29:15.913 INFO:journalctl@ceph.mon.a.smithi089.stdout:Sep 10 08:29:15 smithi089 ceph-mon[30757]: from='mgr.14118 172.21.15.89:0/3311347131' entity='mgr.x'
2024-09-10T08:29:15.913 INFO:journalctl@ceph.mon.a.smithi089.stdout:Sep 10 08:29:15 smithi089 ceph-mon[30757]: mgrmap e7: x(active, since 1.00924s)
2024-09-10T08:29:16.285 INFO:teuthology.orchestra.run.smithi089.stdout:/usr/bin/ceph: stdout {
2024-09-10T08:29:16.286 INFO:teuthology.orchestra.run.smithi089.stdout:/usr/bin/ceph: stdout "mgrmap_epoch": 7,
2024-09-10T08:29:16.286 INFO:teuthology.orchestra.run.smithi089.stdout:/usr/bin/ceph: stdout "initialized": true
2024-09-10T08:29:16.286 INFO:teuthology.orchestra.run.smithi089.stdout:/usr/bin/ceph: stdout }
2024-09-10T08:29:16.286 INFO:teuthology.orchestra.run.smithi089.stdout:/usr/bin/ceph: stderr
2024-09-10T08:29:11.385+0000 7f99bb200640 1 Processor -- start
2024-09-10T08:29:16.286 INFO:teuthology.orchestra.run.smithi089.stdout:/usr/bin/ceph: stderr
2024-09-10T08:29:11.385+0000 7f99bb200640 1 -- start start
2024-09-10T08:29:16.286 INFO:teuthology.orchestra.run.smithi089.stdout:/usr/bin/ceph: stderr
2024-09-10T08:29:11.386+0000 7f99bb200640 1 --2- >> [v2:172.21.15.89:3300/0,v1:172.21.15.89:6789/0] conn(0x7f99bc107440 0x7f99bc107840 unknown :-1 s=NONE pgs=0 cs=0 l=0 rev1=0 crypto rx=0 tx=0 comp rx=0 tx=0).connect
2024-09-10T08:29:16.286 INFO:teuthology.orchestra.run.smithi089.stdout:/usr/bin/ceph: stderr
2024-09-10T08:29:11.386+0000 7f99bb200640 1 -- --> [v2:172.21.15.89:3300/0,v1:172.21.15.89:6789/0] -- mon_getmap magic: 0 -- 0x7f99bc107e10 con 0x7f99bc107440
2024-09-10T08:29:16.286 INFO:teuthology.orchestra.run.smithi089.stdout:/usr/bin/ceph: stderr
2024-09-10T08:29:11.386+0000 7f99b9e00640 1 --2- >> [v2:172.21.15.89:3300/0,v1:172.21.15.89:6789/0] conn(0x7f99bc107440 0x7f99bc107840 unknown :-1 s=BANNER_CONNECTING pgs=0 cs=0 l=0 rev1=0 crypto rx=0 tx=0 comp rx=0 tx=0)._handle_peer_banner_payload supported=3 required=0
2024-09-10T08:29:16.286 INFO:teuthology.orchestra.run.smithi089.stdout:/usr/bin/ceph: stderr
2024-09-10T08:29:11.386+0000 7f99b9e00640 1 --2- >> [v2:172.21.15.89:3300/0,v1:172.21.15.89:6789/0] conn(0x7f99bc107440 0x7f99bc107840 unknown :-1 s=HELLO_CONNECTING pgs=0 cs=0 l=0 rev1=1 crypto rx=0 tx=0 comp rx=0 tx=0).handle_hello peer v2:172.21.15.89:3300/0 says I am v2:172.21.15.89:35296/0 (socket says 172.21.15.89:35296)
2024-09-10T08:29:16.286 INFO:teuthology.orchestra.run.smithi089.stdout:/usr/bin/ceph: stderr
2024-09-10T08:29:11.386+0000 7f99b9e00640 1 -- 172.21.15.89:0/1418224991 learned_addr learned my addr 172.21.15.89:0/1418224991 (peer_addr_for_me v2:172.21.15.89:0/0)
2024-09-10T08:29:16.286 INFO:teuthology.orchestra.run.smithi089.stdout:/usr/bin/ceph: stderr
2024-09-10T08:29:11.386+0000 7f99b9e00640 1 -- 172.21.15.89:0/1418224991 --> [v2:172.21.15.89:3300/0,v1:172.21.15.89:6789/0] -- mon_subscribe({config=0+,monmap=0+}) -- 0x7f99bc108640 con 0x7f99bc107440
2024-09-10T08:29:16.287 INFO:teuthology.orchestra.run.smithi089.stdout:/usr/bin/ceph: stderr
2024-09-10T08:29:11.387+0000 7f99b9e00640 1 --2- 172.21.15.89:0/1418224991 >> [v2:172.21.15.89:3300/0,v1:172.21.15.89:6789/0] conn(0x7f99bc107440 0x7f99bc107840 secure :-1 s=READY pgs=26 cs=0 l=1 rev1=1 crypto rx=0x7f99ac009820 tx=0x7f99ac02a270 comp rx=0 tx=0).ready entity=mon.0 client_cookie=c625e25ea9cf757 server_cookie=0 in_seq=0 out_seq=0
2024-09-10T08:29:16.287 INFO:teuthology.orchestra.run.smithi089.stdout:/usr/bin/ceph: stderr
2024-09-10T08:29:11.387+0000 7f99b9400640 1 -- 172.21.15.89:0/1418224991 <== mon.0 v2:172.21.15.89:3300/0 1 ==== mon_map magic: 0 ==== 205+0+0 (secure 0 0 0) 0x7f99ac037070 con 0x7f99bc107440
2024-09-10T08:29:16.287 INFO:teuthology.orchestra.run.smithi089.stdout:/usr/bin/ceph: stderr
2024-09-10T08:29:11.388+0000 7f99b9400640 1 -- 172.21.15.89:0/1418224991 <== mon.0 v2:172.21.15.89:3300/0 2 ==== config(27 keys) ==== 1109+0+0 (secure 0 0 0) 0x7f99ac032900 con 0x7f99bc107440
2024-09-10T08:29:16.287 INFO:teuthology.orchestra.run.smithi089.stdout:/usr/bin/ceph: stderr
2024-09-10T08:29:11.388+0000 7f99b9400640 1 -- 172.21.15.89:0/1418224991 <== mon.0 v2:172.21.15.89:3300/0 3 ==== mon_map magic: 0 ==== 205+0+0 (secure 0 0 0) 0x7f99ac030850 con 0x7f99bc107440
2024-09-10T08:29:16.287 INFO:teuthology.orchestra.run.smithi089.stdout:/usr/bin/ceph: stderr
2024-09-10T08:29:11.388+0000 7f99bb200640 1 -- 172.21.15.89:0/1418224991 >> [v2:172.21.15.89:3300/0,v1:172.21.15.89:6789/0] conn(0x7f99bc107440 msgr2=0x7f99bc107840 secure :-1 s=STATE_CONNECTION_ESTABLISHED l=1).mark_down
2024-09-10T08:29:16.287 INFO:teuthology.orchestra.run.smithi089.stdout:/usr/bin/ceph: stderr
2024-09-10T08:29:11.388+0000 7f99bb200640 1 --2- 172.21.15.89:0/1418224991 >> [v2:172.21.15.89:3300/0,v1:172.21.15.89:6789/0] conn(0x7f99bc107440 0x7f99bc107840 secure :-1 s=READY pgs=26 cs=0 l=1 rev1=1 crypto rx=0x7f99ac009820 tx=0x7f99ac02a270 comp rx=0 tx=0).stop
2024-09-10T08:29:16.287 INFO:teuthology.orchestra.run.smithi089.stdout:/usr/bin/ceph: stderr
2024-09-10T08:29:11.388+0000 7f99bb200640 1 -- 172.21.15.89:0/1418224991 shutdown_connections
2024-09-10T08:29:16.287 INFO:teuthology.orchestra.run.smithi089.stdout:/usr/bin/ceph: stderr
2024-09-10T08:29:11.388+0000 7f99bb200640 1 --2- 172.21.15.89:0/1418224991 >> [v2:172.21.15.89:3300/0,v1:172.21.15.89:6789/0] conn(0x7f99bc107440 0x7f99bc107840 unknown :-1 s=CLOSED pgs=26 cs=0 l=1 rev1=1 crypto rx=0 tx=0 comp rx=0 tx=0).stop
2024-09-10T08:29:16.287 INFO:teuthology.orchestra.run.smithi089.stdout:/usr/bin/ceph: stderr
2024-09-10T08:29:11.388+0000 7f99bb200640 1 -- 172.21.15.89:0/1418224991 >> 172.21.15.89:0/1418224991 conn(0x7f99bc102c10 msgr2=0x7f99bc105030 unknown :-1 s=STATE_NONE l=0).mark_down
2024-09-10T08:29:16.287 INFO:teuthology.orchestra.run.smithi089.stdout:/usr/bin/ceph: stderr
2024-09-10T08:29:11.388+0000 7f99bb200640 1 -- 172.21.15.89:0/1418224991 shutdown_connections
2024-09-10T08:29:16.287 INFO:teuthology.orchestra.run.smithi089.stdout:/usr/bin/ceph: stderr
2024-09-10T08:29:11.388+0000 7f99bb200640 1 -- 172.21.15.89:0/1418224991 wait complete.
2024-09-10T08:29:16.287 INFO:teuthology.orchestra.run.smithi089.stdout:/usr/bin/ceph: stderr
2024-09-10T08:29:11.389+0000 7f99bb200640 1 Processor -- start
2024-09-10T08:29:16.288 INFO:teuthology.orchestra.run.smithi089.stdout:/usr/bin/ceph: stderr
2024-09-10T08:29:11.389+0000 7f99bb200640 1 -- start start
2024-09-10T08:29:16.288 INFO:teuthology.orchestra.run.smithi089.stdout:/usr/bin/ceph: stderr
2024-09-10T08:29:11.390+0000 7f99bb200640 1 --2- >> [v2:172.21.15.89:3300/0,v1:172.21.15.89:6789/0] conn(0x7f99bc107440 0x7f99bc07db70 unknown :-1 s=NONE pgs=0 cs=0 l=1 rev1=0 crypto rx=0 tx=0 comp rx=0 tx=0).connect
2024-09-10T08:29:16.288 INFO:teuthology.orchestra.run.smithi089.stdout:/usr/bin/ceph: stderr
2024-09-10T08:29:11.390+0000 7f99bb200640 1 -- --> [v2:172.21.15.89:3300/0,v1:172.21.15.89:6789/0] -- mon_getmap magic: 0 -- 0x7f99bc10b9f0 con 0x7f99bc107440
2024-09-10T08:29:16.288 INFO:teuthology.orchestra.run.smithi089.stdout:/usr/bin/ceph: stderr
2024-09-10T08:29:11.390+0000 7f99b9e00640 1 --2- >> [v2:172.21.15.89:3300/0,v1:172.21.15.89:6789/0] conn(0x7f99bc107440 0x7f99bc07db70 unknown :-1 s=BANNER_CONNECTING pgs=0 cs=0 l=1 rev1=0 crypto rx=0 tx=0 comp rx=0 tx=0)._handle_peer_banner_payload supported=3 required=0
2024-09-10T08:29:16.288 INFO:teuthology.orchestra.run.smithi089.stdout:/usr/bin/ceph: stderr
2024-09-10T08:29:11.390+0000 7f99b9e00640 1 --2- >> [v2:172.21.15.89:3300/0,v1:172.21.15.89:6789/0] conn(0x7f99bc107440 0x7f99bc07db70 unknown :-1 s=HELLO_CONNECTING pgs=0 cs=0 l=1 rev1=1 crypto rx=0 tx=0 comp rx=0 tx=0).handle_hello peer v2:172.21.15.89:3300/0 says I am v2:172.21.15.89:35310/0 (socket says 172.21.15.89:35310)
2024-09-10T08:29:16.288 INFO:teuthology.orchestra.run.smithi089.stdout:/usr/bin/ceph: stderr
2024-09-10T08:29:11.390+0000 7f99b9e00640 1 -- 172.21.15.89:0/3205033441 learned_addr learned my addr 172.21.15.89:0/3205033441 (peer_addr_for_me v2:172.21.15.89:0/0)
2024-09-10T08:29:16.288 INFO:teuthology.orchestra.run.smithi089.stdout:/usr/bin/ceph: stderr
2024-09-10T08:29:11.390+0000 7f99b9e00640 1 -- 172.21.15.89:0/3205033441 --> [v2:172.21.15.89:3300/0,v1:172.21.15.89:6789/0] -- mon_subscribe({config=0+,monmap=0+}) -- 0x7f99bc07e0b0 con 0x7f99bc107440
2024-09-10T08:29:16.288 INFO:teuthology.orchestra.run.smithi089.stdout:/usr/bin/ceph: stderr
2024-09-10T08:29:11.390+0000 7f99b9e00640 1 --2- 172.21.15.89:0/3205033441 >> [v2:172.21.15.89:3300/0,v1:172.21.15.89:6789/0] conn(0x7f99bc107440 0x7f99bc07db70 secure :-1 s=READY pgs=27 cs=0 l=1 rev1=1 crypto rx=0x7f99ac0097f0 tx=0x7f99ac030ec0 comp rx=0 tx=0).ready entity=mon.0 client_cookie=0 server_cookie=0 in_seq=0 out_seq=0
2024-09-10T08:29:16.288 INFO:teuthology.orchestra.run.smithi089.stdout:/usr/bin/ceph: stderr
2024-09-10T08:29:11.391+0000 7f99b2a00640 1 -- 172.21.15.89:0/3205033441 <== mon.0 v2:172.21.15.89:3300/0 1 ==== mon_map magic: 0 ==== 205+0+0 (secure 0 0 0) 0x7f99ac042070 con 0x7f99bc107440
2024-09-10T08:29:16.288 INFO:teuthology.orchestra.run.smithi089.stdout:/usr/bin/ceph: stderr
2024-09-10T08:29:11.391+0000 7f99b2a00640 1 -- 172.21.15.89:0/3205033441 <== mon.0 v2:172.21.15.89:3300/0 2 ==== config(27 keys) ==== 1109+0+0 (secure 0 0 0) 0x7f99ac032ca0 con 0x7f99bc107440
2024-09-10T08:29:16.288 INFO:teuthology.orchestra.run.smithi089.stdout:/usr/bin/ceph: stderr
2024-09-10T08:29:11.391+0000 7f99b2a00640 1 -- 172.21.15.89:0/3205033441 <== mon.0 v2:172.21.15.89:3300/0 3 ==== mon_map magic: 0 ==== 205+0+0 (secure 0 0 0) 0x7f99ac037040 con 0x7f99bc107440
2024-09-10T08:29:16.288 INFO:teuthology.orchestra.run.smithi089.stdout:/usr/bin/ceph: stderr
2024-09-10T08:29:11.391+0000 7f99bb200640 1 -- 172.21.15.89:0/3205033441 --> [v2:172.21.15.89:3300/0,v1:172.21.15.89:6789/0] -- mon_subscribe({mgrmap=0+}) -- 0x7f99bc07c2a0 con 0x7f99bc107440
2024-09-10T08:29:16.289 INFO:teuthology.orchestra.run.smithi089.stdout:/usr/bin/ceph: stderr
2024-09-10T08:29:11.391+0000 7f99bb200640 1 -- 172.21.15.89:0/3205033441 --> [v2:172.21.15.89:3300/0,v1:172.21.15.89:6789/0] -- mon_subscribe({osdmap=0}) -- 0x7f99bc07c7e0 con 0x7f99bc107440
2024-09-10T08:29:16.289 INFO:teuthology.orchestra.run.smithi089.stdout:/usr/bin/ceph: stderr
2024-09-10T08:29:11.392+0000 7f99b2a00640 1 -- 172.21.15.89:0/3205033441 <== mon.0 v2:172.21.15.89:3300/0 4 ==== mgrmap(e 5) ==== 46287+0+0 (secure 0 0 0) 0x7f99ac045070 con 0x7f99bc107440
2024-09-10T08:29:16.289 INFO:teuthology.orchestra.run.smithi089.stdout:/usr/bin/ceph: stderr
2024-09-10T08:29:11.392+0000 7f99b2a00640 1 --2- 172.21.15.89:0/3205033441 >> [v2:172.21.15.89:6800/4223112778,v1:172.21.15.89:6801/4223112778] conn(0x7f99a0038fc0 0x7f99a003b480 unknown :-1 s=NONE pgs=0 cs=0 l=1 rev1=0 crypto rx=0 tx=0 comp rx=0 tx=0).connect
2024-09-10T08:29:16.289 INFO:teuthology.orchestra.run.smithi089.stdout:/usr/bin/ceph: stderr
2024-09-10T08:29:11.392+0000 7f99b2a00640 1 -- 172.21.15.89:0/3205033441 --> [v2:172.21.15.89:6800/4223112778,v1:172.21.15.89:6801/4223112778] -- command(tid 0: {"prefix": "get_command_descriptions"}) -- 0x7f99a003bb90 con 0x7f99a0038fc0
2024-09-10T08:29:16.289 INFO:teuthology.orchestra.run.smithi089.stdout:/usr/bin/ceph: stderr
2024-09-10T08:29:11.392+0000 7f99b2a00640 1 -- 172.21.15.89:0/3205033441 <== mon.0 v2:172.21.15.89:3300/0 5 ==== osd_map(1..1 src has 1..1) ==== 725+0+0 (secure 0 0 0) 0x7f99ac06be70 con 0x7f99bc107440
2024-09-10T08:29:16.289 INFO:teuthology.orchestra.run.smithi089.stdout:/usr/bin/ceph: stderr
2024-09-10T08:29:11.392+0000 7f99b3e00640 1 -- 172.21.15.89:0/3205033441 >> [v2:172.21.15.89:6800/4223112778,v1:172.21.15.89:6801/4223112778] conn(0x7f99a0038fc0 msgr2=0x7f99a003b480 unknown :-1 s=STATE_CONNECTING_RE l=1).process reconnect failed to v2:172.21.15.89:6800/4223112778
2024-09-10T08:29:16.289 INFO:teuthology.orchestra.run.smithi089.stdout:/usr/bin/ceph: stderr
2024-09-10T08:29:11.392+0000 7f99b3e00640 1 --2- 172.21.15.89:0/3205033441 >> [v2:172.21.15.89:6800/4223112778,v1:172.21.15.89:6801/4223112778] conn(0x7f99a0038fc0 0x7f99a003b480 unknown :-1 s=START_CONNECT pgs=0 cs=0 l=1 rev1=0 crypto rx=0 tx=0 comp rx=0 tx=0)._fault waiting 0.200000
2024-09-10T08:29:16.289 INFO:teuthology.orchestra.run.smithi089.stdout:/usr/bin/ceph: stderr
2024-09-10T08:29:11.593+0000 7f99b3e00640 1 -- 172.21.15.89:0/3205033441 >> [v2:172.21.15.89:6800/4223112778,v1:172.21.15.89:6801/4223112778] conn(0x7f99a0038fc0 msgr2=0x7f99a003b480 unknown :-1 s=STATE_CONNECTING_RE l=1).process reconnect failed to v2:172.21.15.89:6800/4223112778
2024-09-10T08:29:16.289 INFO:teuthology.orchestra.run.smithi089.stdout:/usr/bin/ceph: stderr
2024-09-10T08:29:11.593+0000 7f99b3e00640 1 --2- 172.21.15.89:0/3205033441 >> [v2:172.21.15.89:6800/4223112778,v1:172.21.15.89:6801/4223112778] conn(0x7f99a0038fc0 0x7f99a003b480 unknown :-1 s=START_CONNECT pgs=0 cs=0 l=1 rev1=0 crypto rx=0 tx=0 comp rx=0 tx=0)._fault waiting 0.400000
2024-09-10T08:29:16.289 INFO:teuthology.orchestra.run.smithi089.stdout:/usr/bin/ceph: stderr
2024-09-10T08:29:11.994+0000 7f99b3e00640 1 -- 172.21.15.89:0/3205033441 >> [v2:172.21.15.89:6800/4223112778,v1:172.21.15.89:6801/4223112778] conn(0x7f99a0038fc0 msgr2=0x7f99a003b480 unknown :-1 s=STATE_CONNECTING_RE l=1).process reconnect failed to v2:172.21.15.89:6800/4223112778
2024-09-10T08:29:16.289 INFO:teuthology.orchestra.run.smithi089.stdout:/usr/bin/ceph: stderr
2024-09-10T08:29:11.994+0000 7f99b3e00640 1 --2- 172.21.15.89:0/3205033441 >> [v2:172.21.15.89:6800/4223112778,v1:172.21.15.89:6801/4223112778] conn(0x7f99a0038fc0 0x7f99a003b480 unknown :-1 s=START_CONNECT pgs=0 cs=0 l=1 rev1=0 crypto rx=0 tx=0 comp rx=0 tx=0)._fault waiting 0.800000
2024-09-10T08:29:16.290 INFO:teuthology.orchestra.run.smithi089.stdout:/usr/bin/ceph: stderr
2024-09-10T08:29:12.795+0000 7f99b3e00640 1 -- 172.21.15.89:0/3205033441 >> [v2:172.21.15.89:6800/4223112778,v1:172.21.15.89:6801/4223112778] conn(0x7f99a0038fc0 msgr2=0x7f99a003b480 unknown :-1 s=STATE_CONNECTING_RE l=1).process reconnect failed to v2:172.21.15.89:6800/4223112778
2024-09-10T08:29:16.290 INFO:teuthology.orchestra.run.smithi089.stdout:/usr/bin/ceph: stderr
2024-09-10T08:29:12.795+0000 7f99b3e00640 1 --2- 172.21.15.89:0/3205033441 >> [v2:172.21.15.89:6800/4223112778,v1:172.21.15.89:6801/4223112778] conn(0x7f99a0038fc0 0x7f99a003b480 unknown :-1 s=START_CONNECT pgs=0 cs=0 l=1 rev1=0 crypto rx=0 tx=0 comp rx=0 tx=0)._fault waiting 1.600000
2024-09-10T08:29:16.290 INFO:teuthology.orchestra.run.smithi089.stdout:/usr/bin/ceph: stderr
2024-09-10T08:29:14.396+0000 7f99b3e00640 1 -- 172.21.15.89:0/3205033441 >> [v2:172.21.15.89:6800/4223112778,v1:172.21.15.89:6801/4223112778] conn(0x7f99a0038fc0 msgr2=0x7f99a003b480 unknown :-1 s=STATE_CONNECTING_RE l=1).process reconnect failed to v2:172.21.15.89:6800/4223112778
2024-09-10T08:29:16.290 INFO:teuthology.orchestra.run.smithi089.stdout:/usr/bin/ceph: stderr
2024-09-10T08:29:14.397+0000 7f99b3e00640 1 --2- 172.21.15.89:0/3205033441 >> [v2:172.21.15.89:6800/4223112778,v1:172.21.15.89:6801/4223112778] conn(0x7f99a0038fc0 0x7f99a003b480 unknown :-1 s=START_CONNECT pgs=0 cs=0 l=1 rev1=0 crypto rx=0 tx=0 comp rx=0 tx=0)._fault waiting 3.200000
2024-09-10T08:29:16.290 INFO:teuthology.orchestra.run.smithi089.stdout:/usr/bin/ceph: stderr
2024-09-10T08:29:14.557+0000 7f99b2a00640 1 -- 172.21.15.89:0/3205033441 <== mon.0 v2:172.21.15.89:3300/0 6 ==== mgrmap(e 6) ==== 46054+0+0 (secure 0 0 0) 0x7f99ac03d430 con 0x7f99bc107440
2024-09-10T08:29:16.290 INFO:teuthology.orchestra.run.smithi089.stdout:/usr/bin/ceph: stderr
2024-09-10T08:29:14.557+0000 7f99b2a00640 1 -- 172.21.15.89:0/3205033441 >> [v2:172.21.15.89:6800/4223112778,v1:172.21.15.89:6801/4223112778] conn(0x7f99a0038fc0 msgr2=0x7f99a003b480 unknown :-1 s=STATE_CONNECTING l=1).mark_down
2024-09-10T08:29:16.290 INFO:teuthology.orchestra.run.smithi089.stdout:/usr/bin/ceph: stderr
2024-09-10T08:29:14.557+0000 7f99b2a00640 1 --2- 172.21.15.89:0/3205033441 >> [v2:172.21.15.89:6800/4223112778,v1:172.21.15.89:6801/4223112778] conn(0x7f99a0038fc0 0x7f99a003b480 unknown :-1 s=START_CONNECT pgs=0 cs=0 l=1 rev1=0 crypto rx=0 tx=0 comp rx=0 tx=0).stop
2024-09-10T08:29:16.290 INFO:teuthology.orchestra.run.smithi089.stdout:/usr/bin/ceph: stderr
2024-09-10T08:29:15.561+0000 7f99b2a00640 1 -- 172.21.15.89:0/3205033441 <== mon.0 v2:172.21.15.89:3300/0 7 ==== mgrmap(e 7) ==== 46181+0+0 (secure 0 0 0) 0x7f99ac06dd50 con 0x7f99bc107440
2024-09-10T08:29:16.290 INFO:teuthology.orchestra.run.smithi089.stdout:/usr/bin/ceph: stderr
2024-09-10T08:29:15.561+0000 7f99b2a00640 1 --2- 172.21.15.89:0/3205033441 >> [v2:172.21.15.89:6800/3794982914,v1:172.21.15.89:6801/3794982914] conn(0x7f99a003c8f0 0x7f99a003ece0 unknown :-1 s=NONE pgs=0 cs=0 l=1 rev1=0 crypto rx=0 tx=0 comp rx=0 tx=0).connect
2024-09-10T08:29:16.290 INFO:teuthology.orchestra.run.smithi089.stdout:/usr/bin/ceph: stderr
2024-09-10T08:29:15.561+0000 7f99b2a00640 1 -- 172.21.15.89:0/3205033441 --> [v2:172.21.15.89:6800/3794982914,v1:172.21.15.89:6801/3794982914] -- command(tid 0: {"prefix": "get_command_descriptions"}) -- 0x7f99ac00af30 con 0x7f99a003c8f0
2024-09-10T08:29:16.290 INFO:teuthology.orchestra.run.smithi089.stdout:/usr/bin/ceph: stderr
2024-09-10T08:29:15.561+0000 7f99b3e00640 1 --2- 172.21.15.89:0/3205033441 >> [v2:172.21.15.89:6800/3794982914,v1:172.21.15.89:6801/3794982914] conn(0x7f99a003c8f0 0x7f99a003ece0 unknown :-1 s=BANNER_CONNECTING pgs=0 cs=0 l=1 rev1=0 crypto rx=0 tx=0 comp rx=0 tx=0)._handle_peer_banner_payload supported=3 required=0
2024-09-10T08:29:16.290 INFO:teuthology.orchestra.run.smithi089.stdout:/usr/bin/ceph: stderr
2024-09-10T08:29:15.563+0000 7f99b3e00640 1 --2- 172.21.15.89:0/3205033441 >> [v2:172.21.15.89:6800/3794982914,v1:172.21.15.89:6801/3794982914] conn(0x7f99a003c8f0 0x7f99a003ece0 secure :-1 s=READY pgs=1 cs=0 l=1 rev1=1 crypto rx=0x7f99a4003980 tx=0x7f99a40092b0 comp rx=0 tx=0).ready entity=mgr.14118 client_cookie=0 server_cookie=0 in_seq=0 out_seq=0
2024-09-10T08:29:16.291 INFO:teuthology.orchestra.run.smithi089.stdout:/usr/bin/ceph: stderr
2024-09-10T08:29:15.564+0000 7f99b2a00640 1 -- 172.21.15.89:0/3205033441 <== mgr.14118 v2:172.21.15.89:6800/3794982914 1 ==== command_reply(tid 0: 0 ) ==== 8+0+9564 (secure 0 0 0) 0x7f99ac00af30 con 0x7f99a003c8f0
2024-09-10T08:29:16.291 INFO:teuthology.orchestra.run.smithi089.stdout:/usr/bin/ceph: stderr
2024-09-10T08:29:15.571+0000 7f99bb200640 1 -- 172.21.15.89:0/3205033441 --> [v2:172.21.15.89:6800/3794982914,v1:172.21.15.89:6801/3794982914] -- command(tid 1: {"prefix": "mgr_status"}) -- 0x7f99bc10bb70 con 0x7f99a003c8f0
2024-09-10T08:29:16.291 INFO:teuthology.orchestra.run.smithi089.stdout:/usr/bin/ceph: stderr
2024-09-10T08:29:15.571+0000 7f99b2a00640 1 -- 172.21.15.89:0/3205033441 <== mgr.14118 v2:172.21.15.89:6800/3794982914 2 ==== command_reply(tid 1: 0 ) ==== 8+0+51 (secure 0 0 0) 0x7f99bc10bb70 con 0x7f99a003c8f0
2024-09-10T08:29:16.291 INFO:teuthology.orchestra.run.smithi089.stdout:/usr/bin/ceph: stderr
2024-09-10T08:29:15.572+0000 7f99bb200640 1 -- 172.21.15.89:0/3205033441 >> [v2:172.21.15.89:6800/3794982914,v1:172.21.15.89:6801/3794982914] conn(0x7f99a003c8f0 msgr2=0x7f99a003ece0 secure :-1 s=STATE_CONNECTION_ESTABLISHED l=1).mark_down
2024-09-10T08:29:16.291 INFO:teuthology.orchestra.run.smithi089.stdout:/usr/bin/ceph: stderr
2024-09-10T08:29:15.572+0000 7f99bb200640 1 --2- 172.21.15.89:0/3205033441 >> [v2:172.21.15.89:6800/3794982914,v1:172.21.15.89:6801/3794982914] conn(0x7f99a003c8f0 0x7f99a003ece0 secure :-1 s=READY pgs=1 cs=0 l=1 rev1=1 crypto rx=0x7f99a4003980 tx=0x7f99a40092b0 comp rx=0 tx=0).stop
2024-09-10T08:29:16.291 INFO:teuthology.orchestra.run.smithi089.stdout:/usr/bin/ceph: stderr
2024-09-10T08:29:15.572+0000 7f99bb200640 1 -- 172.21.15.89:0/3205033441 >> [v2:172.21.15.89:3300/0,v1:172.21.15.89:6789/0] conn(0x7f99bc107440 msgr2=0x7f99bc07db70 secure :-1 s=STATE_CONNECTION_ESTABLISHED l=1).mark_down
2024-09-10T08:29:16.291 INFO:teuthology.orchestra.run.smithi089.stdout:/usr/bin/ceph: stderr
2024-09-10T08:29:15.572+0000 7f99bb200640 1 --2- 172.21.15.89:0/3205033441 >> [v2:172.21.15.89:3300/0,v1:172.21.15.89:6789/0] conn(0x7f99bc107440 0x7f99bc07db70 secure :-1 s=READY pgs=27 cs=0 l=1 rev1=1 crypto rx=0x7f99ac0097f0 tx=0x7f99ac030ec0 comp rx=0 tx=0).stop
2024-09-10T08:29:16.291 INFO:teuthology.orchestra.run.smithi089.stdout:/usr/bin/ceph: stderr
2024-09-10T08:29:15.572+0000 7f99bb200640 1 -- 172.21.15.89:0/3205033441 shutdown_connections
2024-09-10T08:29:16.291 INFO:teuthology.orchestra.run.smithi089.stdout:/usr/bin/ceph: stderr
2024-09-10T08:29:15.572+0000 7f99bb200640 1 --2- 172.21.15.89:0/3205033441 >> [v2:172.21.15.89:6800/3794982914,v1:172.21.15.89:6801/3794982914] conn(0x7f99a003c8f0 0x7f99a003ece0 unknown :-1 s=CLOSED pgs=1 cs=0 l=1 rev1=1 crypto rx=0 tx=0 comp rx=0 tx=0).stop
2024-09-10T08:29:16.291 INFO:teuthology.orchestra.run.smithi089.stdout:/usr/bin/ceph: stderr
2024-09-10T08:29:15.572+0000 7f99bb200640 1 --2- 172.21.15.89:0/3205033441 >> [v2:172.21.15.89:6800/4223112778,v1:172.21.15.89:6801/4223112778] conn(0x7f99a0038fc0 0x7f99a003b480 unknown :-1 s=CLOSED pgs=0 cs=0 l=1 rev1=0 crypto rx=0 tx=0 comp rx=0 tx=0).stop
2024-09-10T08:29:16.291 INFO:teuthology.orchestra.run.smithi089.stdout:/usr/bin/ceph: stderr
2024-09-10T08:29:15.572+0000 7f99bb200640 1 --2- 172.21.15.89:0/3205033441 >> [v2:172.21.15.89:3300/0,v1:172.21.15.89:6789/0] conn(0x7f99bc107440 0x7f99bc07db70 unknown :-1 s=CLOSED pgs=27 cs=0 l=1 rev1=1 crypto rx=0 tx=0 comp rx=0 tx=0).stop
2024-09-10T08:29:16.292 INFO:teuthology.orchestra.run.smithi089.stdout:/usr/bin/ceph: stderr
2024-09-10T08:29:15.572+0000 7f99bb200640 1 -- 172.21.15.89:0/3205033441 >> 172.21.15.89:0/3205033441 conn(0x7f99bc102c10 msgr2=0x7f99bc1037d0 unknown :-1 s=STATE_NONE l=0).mark_down
2024-09-10T08:29:16.292 INFO:teuthology.orchestra.run.smithi089.stdout:/usr/bin/ceph: stderr
2024-09-10T08:29:15.572+0000 7f99bb200640 1 -- 172.21.15.89:0/3205033441 shutdown_connections
2024-09-10T08:29:16.292 INFO:teuthology.orchestra.run.smithi089.stdout:/usr/bin/ceph: stderr
2024-09-10T08:29:15.572+0000 7f99bb200640 1 -- 172.21.15.89:0/3205033441 wait complete.
2024-09-10T08:29:16.292 INFO:teuthology.orchestra.run.smithi089.stdout:mgr epoch 5 is available
2024-09-10T08:29:16.292 INFO:teuthology.orchestra.run.smithi089.stdout:Setting orchestrator backend to cephadm...
2024-09-10T08:29:16.790 INFO:journalctl@ceph.mon.a.smithi089.stdout:Sep 10 08:29:16 smithi089 ceph-mon[30757]: from='client.14122 -' entity='client.admin' cmd=[{"prefix": "get_command_descriptions"}]: dispatch
2024-09-10T08:29:16.791 INFO:journalctl@ceph.mon.a.smithi089.stdout:Sep 10 08:29:16 smithi089 ceph-mon[30757]: from='client.14122 -' entity='client.admin' cmd=[{"prefix": "mgr_status"}]: dispatch
2024-09-10T08:29:16.791 INFO:journalctl@ceph.mgr.x.smithi089.stdout:Sep 10 08:29:16 smithi089 ceph-91f747bc-6f4e-11ef-bcea-c7b262605968-mgr-x[30979]:
2024-09-10T08:29:16.529+0000 7ff1df600640 -1 log_channel(cephadm) log [ERR] : [10/Sep/2024:08:29:16] ENGINE Error in HTTPServer.serve
2024-09-10T08:29:16.791 INFO:journalctl@ceph.mgr.x.smithi089.stdout:Sep 10 08:29:16 smithi089 ceph-91f747bc-6f4e-11ef-bcea-c7b262605968-mgr-x[30979]: Traceback (most recent call last):
2024-09-10T08:29:16.791 INFO:journalctl@ceph.mgr.x.smithi089.stdout:Sep 10 08:29:16 smithi089 ceph-91f747bc-6f4e-11ef-bcea-c7b262605968-mgr-x[30979]: File "/lib/python3.9/site-packages/cheroot/server.py", line 1823, in serve
2024-09-10T08:29:16.791 INFO:journalctl@ceph.mgr.x.smithi089.stdout:Sep 10 08:29:16 smithi089 ceph-91f747bc-6f4e-11ef-bcea-c7b262605968-mgr-x[30979]: self._connections.run(self.expiration_interval)
2024-09-10T08:29:16.791 INFO:journalctl@ceph.mgr.x.smithi089.stdout:Sep 10 08:29:16 smithi089 ceph-91f747bc-6f4e-11ef-bcea-c7b262605968-mgr-x[30979]: File "/lib/python3.9/site-packages/cheroot/connections.py", line 203, in run
2024-09-10T08:29:16.791 INFO:journalctl@ceph.mgr.x.smithi089.stdout:Sep 10 08:29:16 smithi089 ceph-91f747bc-6f4e-11ef-bcea-c7b262605968-mgr-x[30979]: self._run(expiration_interval)
2024-09-10T08:29:16.792 INFO:journalctl@ceph.mgr.x.smithi089.stdout:Sep 10 08:29:16 smithi089 ceph-91f747bc-6f4e-11ef-bcea-c7b262605968-mgr-x[30979]: File "/lib/python3.9/site-packages/cheroot/connections.py", line 246, in _run
2024-09-10T08:29:16.792 INFO:journalctl@ceph.mgr.x.smithi089.stdout:Sep 10 08:29:16 smithi089 ceph-91f747bc-6f4e-11ef-bcea-c7b262605968-mgr-x[30979]: new_conn = self._from_server_socket(self.server.socket)
2024-09-10T08:29:16.792 INFO:journalctl@ceph.mgr.x.smithi089.stdout:Sep 10 08:29:16 smithi089 ceph-91f747bc-6f4e-11ef-bcea-c7b262605968-mgr-x[30979]: File "/lib/python3.9/site-packages/cheroot/connections.py", line 300, in _from_server_socket
2024-09-10T08:29:16.792 INFO:journalctl@ceph.mgr.x.smithi089.stdout:Sep 10 08:29:16 smithi089 ceph-91f747bc-6f4e-11ef-bcea-c7b262605968-mgr-x[30979]: s, ssl_env = self.server.ssl_adapter.wrap(s)
2024-09-10T08:29:16.792 INFO:journalctl@ceph.mgr.x.smithi089.stdout:Sep 10 08:29:16 smithi089 ceph-91f747bc-6f4e-11ef-bcea-c7b262605968-mgr-x[30979]: File "/lib/python3.9/site-packages/cheroot/ssl/builtin.py", line 277, in wrap
2024-09-10T08:29:16.792 INFO:journalctl@ceph.mgr.x.smithi089.stdout:Sep 10 08:29:16 smithi089 ceph-91f747bc-6f4e-11ef-bcea-c7b262605968-mgr-x[30979]: s = self.context.wrap_socket(
2024-09-10T08:29:16.792 INFO:journalctl@ceph.mgr.x.smithi089.stdout:Sep 10 08:29:16 smithi089 ceph-91f747bc-6f4e-11ef-bcea-c7b262605968-mgr-x[30979]: File "/lib64/python3.9/ssl.py", line 501, in wrap_socket
2024-09-10T08:29:16.792 INFO:journalctl@ceph.mgr.x.smithi089.stdout:Sep 10 08:29:16 smithi089 ceph-91f747bc-6f4e-11ef-bcea-c7b262605968-mgr-x[30979]: return self.sslsocket_class._create(
2024-09-10T08:29:16.792 INFO:journalctl@ceph.mgr.x.smithi089.stdout:Sep 10 08:29:16 smithi089 ceph-91f747bc-6f4e-11ef-bcea-c7b262605968-mgr-x[30979]: File "/lib64/python3.9/ssl.py", line 1074, in _create
2024-09-10T08:29:16.792 INFO:journalctl@ceph.mgr.x.smithi089.stdout:Sep 10 08:29:16 smithi089 ceph-91f747bc-6f4e-11ef-bcea-c7b262605968-mgr-x[30979]: self.do_handshake()
2024-09-10T08:29:16.792 INFO:journalctl@ceph.mgr.x.smithi089.stdout:Sep 10 08:29:16 smithi089 ceph-91f747bc-6f4e-11ef-bcea-c7b262605968-mgr-x[30979]: File "/lib64/python3.9/ssl.py", line 1343, in do_handshake
2024-09-10T08:29:16.792 INFO:journalctl@ceph.mgr.x.smithi089.stdout:Sep 10 08:29:16 smithi089 ceph-91f747bc-6f4e-11ef-bcea-c7b262605968-mgr-x[30979]: self._sslobj.do_handshake()
2024-09-10T08:29:16.792 INFO:journalctl@ceph.mgr.x.smithi089.stdout:Sep 10 08:29:16 smithi089 ceph-91f747bc-6f4e-11ef-bcea-c7b262605968-mgr-x[30979]: ssl.SSLZeroReturnError: TLS/SSL connection has been closed (EOF) (_ssl.c:1133)
2024-09-10T08:29:16.792 INFO:journalctl@ceph.mgr.x.smithi089.stdout:Sep 10 08:29:16 smithi089 ceph-91f747bc-6f4e-11ef-bcea-c7b262605968-mgr-x[30979]:
2024-09-10T08:29:17.703 INFO:journalctl@ceph.mon.a.smithi089.stdout:Sep 10 08:29:17 smithi089 ceph-mon[30757]: [10/Sep/2024:08:29:16] ENGINE Bus STARTING
2024-09-10T08:29:17.703 INFO:journalctl@ceph.mon.a.smithi089.stdout:Sep 10 08:29:17 smithi089 ceph-mon[30757]: [10/Sep/2024:08:29:16] ENGINE Serving on https://172.21.15.89:7150
2024-09-10T08:29:17.703 INFO:journalctl@ceph.mon.a.smithi089.stdout:Sep 10 08:29:17 smithi089 ceph-mon[30757]: [10/Sep/2024:08:29:16] ENGINE Error in HTTPServer.serve
2024-09-10T08:29:17.703 INFO:journalctl@ceph.mon.a.smithi089.stdout: Traceback (most recent call last):
2024-09-10T08:29:17.703 INFO:journalctl@ceph.mon.a.smithi089.stdout: File "/lib/python3.9/site-packages/cheroot/server.py", line 1823, in serve
2024-09-10T08:29:17.703 INFO:journalctl@ceph.mon.a.smithi089.stdout: self._connections.run(self.expiration_interval)
2024-09-10T08:29:17.703 INFO:journalctl@ceph.mon.a.smithi089.stdout: File "/lib/python3.9/site-packages/cheroot/connections.py", line 203, in run
2024-09-10T08:29:17.703 INFO:journalctl@ceph.mon.a.smithi089.stdout: self._run(expiration_interval)
2024-09-10T08:29:17.703 INFO:journalctl@ceph.mon.a.smithi089.stdout: File "/lib/python3.9/site-packages/cheroot/connections.py", line 246, in _run
2024-09-10T08:29:17.703 INFO:journalctl@ceph.mon.a.smithi089.stdout: new_conn = self._from_server_socket(self.server.socket)
2024-09-10T08:29:17.704 INFO:journalctl@ceph.mon.a.smithi089.stdout: File "/lib/python3.9/site-packages/cheroot/connections.py", line 300, in _from_server_socket
2024-09-10T08:29:17.704 INFO:journalctl@ceph.mon.a.smithi089.stdout: s, ssl_env = self.server.ssl_adapter.wrap(s)
