2024-09-10T08:29:28.828 INFO:teuthology.orchestra.run.smithi089.stdout:/usr/bin/ceph: stderr
2024-09-10T08:29:27.962+0000 7f6541a00640 1 --2- 172.21.15.89:0/1090337212 >> [v2:172.21.15.89:3300/0,v1:172.21.15.89:6789/0] conn(0x7f653c07de80 0x7f653c19d6b0 secure :-1 s=READY pgs=46 cs=0 l=1 rev1=1 crypto rx=0x7f652c0097f0 tx=0x7f652c030ec0 comp rx=0 tx=0).stop
2024-09-10T08:29:28.828 INFO:teuthology.orchestra.run.smithi089.stdout:/usr/bin/ceph: stderr
2024-09-10T08:29:27.963+0000 7f6541a00640 1 -- 172.21.15.89:0/1090337212 shutdown_connections
2024-09-10T08:29:28.828 INFO:teuthology.orchestra.run.smithi089.stdout:/usr/bin/ceph: stderr
2024-09-10T08:29:27.963+0000 7f6541a00640 1 --2- 172.21.15.89:0/1090337212 >> [v2:172.21.15.89:6800/3794982914,v1:172.21.15.89:6801/3794982914] conn(0x7f6520038f70 0x7f652003b430 unknown :-1 s=CLOSED pgs=12 cs=0 l=1 rev1=1 crypto rx=0 tx=0 comp rx=0 tx=0).stop
2024-09-10T08:29:28.828 INFO:teuthology.orchestra.run.smithi089.stdout:/usr/bin/ceph: stderr
2024-09-10T08:29:27.963+0000 7f6541a00640 1 --2- 172.21.15.89:0/1090337212 >> [v2:172.21.15.89:3300/0,v1:172.21.15.89:6789/0] conn(0x7f653c07de80 0x7f653c19d6b0 unknown :-1 s=CLOSED pgs=46 cs=0 l=1 rev1=1 crypto rx=0 tx=0 comp rx=0 tx=0).stop
2024-09-10T08:29:28.829 INFO:teuthology.orchestra.run.smithi089.stdout:/usr/bin/ceph: stderr
2024-09-10T08:29:27.963+0000 7f6541a00640 1 -- 172.21.15.89:0/1090337212 >> 172.21.15.89:0/1090337212 conn(0x7f653c102c10 msgr2=0x7f653c103810 unknown :-1 s=STATE_NONE l=0).mark_down
2024-09-10T08:29:28.829 INFO:teuthology.orchestra.run.smithi089.stdout:/usr/bin/ceph: stderr
2024-09-10T08:29:27.963+0000 7f6541a00640 1 -- 172.21.15.89:0/1090337212 shutdown_connections
2024-09-10T08:29:28.829 INFO:teuthology.orchestra.run.smithi089.stdout:/usr/bin/ceph: stderr
2024-09-10T08:29:27.963+0000 7f6541a00640 1 -- 172.21.15.89:0/1090337212 wait complete.
2024-09-10T08:29:28.829 INFO:teuthology.orchestra.run.smithi089.stdout:Deploying unmanaged mgr service...
2024-09-10T08:29:29.142 INFO:journalctl@ceph.mon.a.smithi089.stdout:Sep 10 08:29:28 smithi089 ceph-mon[30757]: from='client.14140 -' entity='client.admin' cmd=[{"prefix": "orch apply", "service_type": "mon", "unmanaged": true, "target": ["mon-mgr", ""]}]: dispatch
2024-09-10T08:29:29.142 INFO:journalctl@ceph.mon.a.smithi089.stdout:Sep 10 08:29:28 smithi089 ceph-mon[30757]: Saving service mon spec with placement count:5
2024-09-10T08:29:29.142 INFO:journalctl@ceph.mon.a.smithi089.stdout:Sep 10 08:29:28 smithi089 ceph-mon[30757]: from='mgr.14118 172.21.15.89:0/3311347131' entity='mgr.x'
2024-09-10T08:29:31.052 INFO:journalctl@ceph.mon.a.smithi089.stdout:Sep 10 08:29:30 smithi089 ceph-mon[30757]: from='mgr.14118 172.21.15.89:0/3311347131' entity='mgr.x'
2024-09-10T08:29:31.052 INFO:journalctl@ceph.mon.a.smithi089.stdout:Sep 10 08:29:30 smithi089 ceph-mon[30757]: from='client.14142 -' entity='client.admin' cmd=[{"prefix": "orch apply", "service_type": "mgr", "unmanaged": true, "target": ["mon-mgr", ""]}]: dispatch
2024-09-10T08:29:31.052 INFO:journalctl@ceph.mon.a.smithi089.stdout:Sep 10 08:29:30 smithi089 ceph-mon[30757]: Saving service mgr spec with placement count:2
2024-09-10T08:29:31.052 INFO:journalctl@ceph.mon.a.smithi089.stdout:Sep 10 08:29:30 smithi089 ceph-mon[30757]: from='mgr.14118 172.21.15.89:0/3311347131' entity='mgr.x'
2024-09-10T08:29:31.053 INFO:journalctl@ceph.mon.a.smithi089.stdout:Sep 10 08:29:30 smithi089 ceph-mon[30757]: from='mgr.14118 172.21.15.89:0/3311347131' entity='mgr.x'
2024-09-10T08:29:31.120 INFO:teuthology.orchestra.run.smithi089.stdout:/usr/bin/ceph: stdout Scheduled mgr update...
2024-09-10T08:29:31.120 INFO:teuthology.orchestra.run.smithi089.stdout:/usr/bin/ceph: stderr
2024-09-10T08:29:30.142+0000 7f7205200640 1 Processor -- start
2024-09-10T08:29:31.120 INFO:teuthology.orchestra.run.smithi089.stdout:/usr/bin/ceph: stderr
2024-09-10T08:29:30.143+0000 7f7205200640 1 -- start start
2024-09-10T08:29:31.120 INFO:teuthology.orchestra.run.smithi089.stdout:/usr/bin/ceph: stderr
2024-09-10T08:29:30.143+0000 7f7205200640 1 --2- >> [v2:172.21.15.89:3300/0,v1:172.21.15.89:6789/0] conn(0x7f720007de80 0x7f720007c2e0 unknown :-1 s=NONE pgs=0 cs=0 l=0 rev1=0 crypto rx=0 tx=0 comp rx=0 tx=0).connect
2024-09-10T08:29:31.121 INFO:teuthology.orchestra.run.smithi089.stdout:/usr/bin/ceph: stderr
2024-09-10T08:29:30.143+0000 7f7205200640 1 -- --> [v2:172.21.15.89:3300/0,v1:172.21.15.89:6789/0] -- mon_getmap magic: 0 -- 0x7f720007c8b0 con 0x7f720007de80
2024-09-10T08:29:31.121 INFO:teuthology.orchestra.run.smithi089.stdout:/usr/bin/ceph: stderr
2024-09-10T08:29:30.143+0000 7f71ff400640 1 --2- >> [v2:172.21.15.89:3300/0,v1:172.21.15.89:6789/0] conn(0x7f720007de80 0x7f720007c2e0 unknown :-1 s=BANNER_CONNECTING pgs=0 cs=0 l=0 rev1=0 crypto rx=0 tx=0 comp rx=0 tx=0)._handle_peer_banner_payload supported=3 required=0
2024-09-10T08:29:31.121 INFO:teuthology.orchestra.run.smithi089.stdout:/usr/bin/ceph: stderr
2024-09-10T08:29:30.144+0000 7f71ff400640 1 --2- >> [v2:172.21.15.89:3300/0,v1:172.21.15.89:6789/0] conn(0x7f720007de80 0x7f720007c2e0 unknown :-1 s=HELLO_CONNECTING pgs=0 cs=0 l=0 rev1=1 crypto rx=0 tx=0 comp rx=0 tx=0).handle_hello peer v2:172.21.15.89:3300/0 says I am v2:172.21.15.89:34868/0 (socket says 172.21.15.89:34868)
2024-09-10T08:29:31.121 INFO:teuthology.orchestra.run.smithi089.stdout:/usr/bin/ceph: stderr
2024-09-10T08:29:30.144+0000 7f71ff400640 1 -- 172.21.15.89:0/247211776 learned_addr learned my addr 172.21.15.89:0/247211776 (peer_addr_for_me v2:172.21.15.89:0/0)
2024-09-10T08:29:31.121 INFO:teuthology.orchestra.run.smithi089.stdout:/usr/bin/ceph: stderr
2024-09-10T08:29:30.144+0000 7f71ff400640 1 -- 172.21.15.89:0/247211776 --> [v2:172.21.15.89:3300/0,v1:172.21.15.89:6789/0] -- mon_subscribe({config=0+,monmap=0+}) -- 0x7f720007ca30 con 0x7f720007de80
2024-09-10T08:29:31.121 INFO:teuthology.orchestra.run.smithi089.stdout:/usr/bin/ceph: stderr
2024-09-10T08:29:30.145+0000 7f71ff400640 1 --2- 172.21.15.89:0/247211776 >> [v2:172.21.15.89:3300/0,v1:172.21.15.89:6789/0] conn(0x7f720007de80 0x7f720007c2e0 secure :-1 s=READY pgs=47 cs=0 l=1 rev1=1 crypto rx=0x7f71f0009820 tx=0x7f71f002a270 comp rx=0 tx=0).ready entity=mon.0 client_cookie=b9d8f94540496a6a server_cookie=0 in_seq=0 out_seq=0
2024-09-10T08:29:31.121 INFO:teuthology.orchestra.run.smithi089.stdout:/usr/bin/ceph: stderr
2024-09-10T08:29:30.145+0000 7f71fe000640 1 -- 172.21.15.89:0/247211776 <== mon.0 v2:172.21.15.89:3300/0 1 ==== mon_map magic: 0 ==== 205+0+0 (secure 0 0 0) 0x7f71f0037070 con 0x7f720007de80
2024-09-10T08:29:31.121 INFO:teuthology.orchestra.run.smithi089.stdout:/usr/bin/ceph: stderr
2024-09-10T08:29:30.145+0000 7f71fe000640 1 -- 172.21.15.89:0/247211776 <== mon.0 v2:172.21.15.89:3300/0 2 ==== config(27 keys) ==== 1140+0+0 (secure 0 0 0) 0x7f71f0032920 con 0x7f720007de80
2024-09-10T08:29:31.121 INFO:teuthology.orchestra.run.smithi089.stdout:/usr/bin/ceph: stderr
2024-09-10T08:29:30.145+0000 7f71fe000640 1 -- 172.21.15.89:0/247211776 <== mon.0 v2:172.21.15.89:3300/0 3 ==== mon_map magic: 0 ==== 205+0+0 (secure 0 0 0) 0x7f71f0030810 con 0x7f720007de80
2024-09-10T08:29:31.121 INFO:teuthology.orchestra.run.smithi089.stdout:/usr/bin/ceph: stderr
2024-09-10T08:29:30.146+0000 7f7205200640 1 -- 172.21.15.89:0/247211776 >> [v2:172.21.15.89:3300/0,v1:172.21.15.89:6789/0] conn(0x7f720007de80 msgr2=0x7f720007c2e0 secure :-1 s=STATE_CONNECTION_ESTABLISHED l=1).mark_down
2024-09-10T08:29:31.121 INFO:teuthology.orchestra.run.smithi089.stdout:/usr/bin/ceph: stderr
2024-09-10T08:29:30.146+0000 7f7205200640 1 --2- 172.21.15.89:0/247211776 >> [v2:172.21.15.89:3300/0,v1:172.21.15.89:6789/0] conn(0x7f720007de80 0x7f720007c2e0 secure :-1 s=READY pgs=47 cs=0 l=1 rev1=1 crypto rx=0x7f71f0009820 tx=0x7f71f002a270 comp rx=0 tx=0).stop
2024-09-10T08:29:31.121 INFO:teuthology.orchestra.run.smithi089.stdout:/usr/bin/ceph: stderr
2024-09-10T08:29:30.146+0000 7f7205200640 1 -- 172.21.15.89:0/247211776 shutdown_connections
2024-09-10T08:29:31.121 INFO:teuthology.orchestra.run.smithi089.stdout:/usr/bin/ceph: stderr
2024-09-10T08:29:30.146+0000 7f7205200640 1 --2- 172.21.15.89:0/247211776 >> [v2:172.21.15.89:3300/0,v1:172.21.15.89:6789/0] conn(0x7f720007de80 0x7f720007c2e0 unknown :-1 s=CLOSED pgs=47 cs=0 l=1 rev1=1 crypto rx=0 tx=0 comp rx=0 tx=0).stop
2024-09-10T08:29:31.122 INFO:teuthology.orchestra.run.smithi089.stdout:/usr/bin/ceph: stderr
2024-09-10T08:29:30.146+0000 7f7205200640 1 -- 172.21.15.89:0/247211776 >> 172.21.15.89:0/247211776 conn(0x7f7200102c10 msgr2=0x7f7200105030 unknown :-1 s=STATE_NONE l=0).mark_down
2024-09-10T08:29:31.122 INFO:teuthology.orchestra.run.smithi089.stdout:/usr/bin/ceph: stderr
2024-09-10T08:29:30.146+0000 7f7205200640 1 -- 172.21.15.89:0/247211776 shutdown_connections
2024-09-10T08:29:31.122 INFO:teuthology.orchestra.run.smithi089.stdout:/usr/bin/ceph: stderr
2024-09-10T08:29:30.146+0000 7f7205200640 1 -- 172.21.15.89:0/247211776 wait complete.
2024-09-10T08:29:31.122 INFO:teuthology.orchestra.run.smithi089.stdout:/usr/bin/ceph: stderr
2024-09-10T08:29:30.148+0000 7f7205200640 1 Processor -- start
2024-09-10T08:29:31.122 INFO:teuthology.orchestra.run.smithi089.stdout:/usr/bin/ceph: stderr
2024-09-10T08:29:30.148+0000 7f7205200640 1 -- start start
2024-09-10T08:29:31.122 INFO:teuthology.orchestra.run.smithi089.stdout:/usr/bin/ceph: stderr
2024-09-10T08:29:30.148+0000 7f7205200640 1 --2- >> [v2:172.21.15.89:3300/0,v1:172.21.15.89:6789/0] conn(0x7f720007de80 0x7f720019d6e0 unknown :-1 s=NONE pgs=0 cs=0 l=1 rev1=0 crypto rx=0 tx=0 comp rx=0 tx=0).connect
2024-09-10T08:29:31.122 INFO:teuthology.orchestra.run.smithi089.stdout:/usr/bin/ceph: stderr
2024-09-10T08:29:30.148+0000 7f7205200640 1 -- --> [v2:172.21.15.89:3300/0,v1:172.21.15.89:6789/0] -- mon_getmap magic: 0 -- 0x7f720010dad0 con 0x7f720007de80
2024-09-10T08:29:31.122 INFO:teuthology.orchestra.run.smithi089.stdout:/usr/bin/ceph: stderr
2024-09-10T08:29:30.149+0000 7f71ff400640 1 --2- >> [v2:172.21.15.89:3300/0,v1:172.21.15.89:6789/0] conn(0x7f720007de80 0x7f720019d6e0 unknown :-1 s=BANNER_CONNECTING pgs=0 cs=0 l=1 rev1=0 crypto rx=0 tx=0 comp rx=0 tx=0)._handle_peer_banner_payload supported=3 required=0
2024-09-10T08:29:31.122 INFO:teuthology.orchestra.run.smithi089.stdout:/usr/bin/ceph: stderr
2024-09-10T08:29:30.149+0000 7f71ff400640 1 --2- >> [v2:172.21.15.89:3300/0,v1:172.21.15.89:6789/0] conn(0x7f720007de80 0x7f720019d6e0 unknown :-1 s=HELLO_CONNECTING pgs=0 cs=0 l=1 rev1=1 crypto rx=0 tx=0 comp rx=0 tx=0).handle_hello peer v2:172.21.15.89:3300/0 says I am v2:172.21.15.89:34880/0 (socket says 172.21.15.89:34880)
2024-09-10T08:29:31.122 INFO:teuthology.orchestra.run.smithi089.stdout:/usr/bin/ceph: stderr
2024-09-10T08:29:30.149+0000 7f71ff400640 1 -- 172.21.15.89:0/3982376328 learned_addr learned my addr 172.21.15.89:0/3982376328 (peer_addr_for_me v2:172.21.15.89:0/0)
2024-09-10T08:29:31.122 INFO:teuthology.orchestra.run.smithi089.stdout:/usr/bin/ceph: stderr
2024-09-10T08:29:30.149+0000 7f71ff400640 1 -- 172.21.15.89:0/3982376328 --> [v2:172.21.15.89:3300/0,v1:172.21.15.89:6789/0] -- mon_subscribe({config=0+,monmap=0+}) -- 0x7f720019dc20 con 0x7f720007de80
2024-09-10T08:29:31.122 INFO:teuthology.orchestra.run.smithi089.stdout:/usr/bin/ceph: stderr
2024-09-10T08:29:30.149+0000 7f71ff400640 1 --2- 172.21.15.89:0/3982376328 >> [v2:172.21.15.89:3300/0,v1:172.21.15.89:6789/0] conn(0x7f720007de80 0x7f720019d6e0 secure :-1 s=READY pgs=48 cs=0 l=1 rev1=1 crypto rx=0x7f71f0030420 tx=0x7f71f0032670 comp rx=0 tx=0).ready entity=mon.0 client_cookie=0 server_cookie=0 in_seq=0 out_seq=0
2024-09-10T08:29:31.122 INFO:teuthology.orchestra.run.smithi089.stdout:/usr/bin/ceph: stderr
2024-09-10T08:29:30.150+0000 7f71f7e00640 1 -- 172.21.15.89:0/3982376328 <== mon.0 v2:172.21.15.89:3300/0 1 ==== mon_map magic: 0 ==== 205+0+0 (secure 0 0 0) 0x7f71f0037040 con 0x7f720007de80
2024-09-10T08:29:31.122 INFO:teuthology.orchestra.run.smithi089.stdout:/usr/bin/ceph: stderr
2024-09-10T08:29:30.150+0000 7f71f7e00640 1 -- 172.21.15.89:0/3982376328 <== mon.0 v2:172.21.15.89:3300/0 2 ==== config(27 keys) ==== 1140+0+0 (secure 0 0 0) 0x7f71f0040070 con 0x7f720007de80
2024-09-10T08:29:31.123 INFO:teuthology.orchestra.run.smithi089.stdout:/usr/bin/ceph: stderr
2024-09-10T08:29:30.150+0000 7f7205200640 1 -- 172.21.15.89:0/3982376328 --> [v2:172.21.15.89:3300/0,v1:172.21.15.89:6789/0] -- mon_subscribe({mgrmap=0+}) -- 0x7f720019deb0 con 0x7f720007de80
2024-09-10T08:29:31.123 INFO:teuthology.orchestra.run.smithi089.stdout:/usr/bin/ceph: stderr
2024-09-10T08:29:30.150+0000 7f71f7e00640 1 -- 172.21.15.89:0/3982376328 <== mon.0 v2:172.21.15.89:3300/0 3 ==== mon_map magic: 0 ==== 205+0+0 (secure 0 0 0) 0x7f71f003a6e0 con 0x7f720007de80
2024-09-10T08:29:31.123 INFO:teuthology.orchestra.run.smithi089.stdout:/usr/bin/ceph: stderr
2024-09-10T08:29:30.150+0000 7f7205200640 1 -- 172.21.15.89:0/3982376328 --> [v2:172.21.15.89:3300/0,v1:172.21.15.89:6789/0] -- mon_subscribe({osdmap=0}) -- 0x7f72001a0ba0 con 0x7f720007de80
2024-09-10T08:29:31.123 INFO:teuthology.orchestra.run.smithi089.stdout:/usr/bin/ceph: stderr
2024-09-10T08:29:30.151+0000 7f7205200640 1 -- 172.21.15.89:0/3982376328 --> [v2:172.21.15.89:3300/0,v1:172.21.15.89:6789/0] -- mon_command({"prefix": "get_command_descriptions"} v 0) -- 0x7f720007c360 con 0x7f720007de80
2024-09-10T08:29:31.123 INFO:teuthology.orchestra.run.smithi089.stdout:/usr/bin/ceph: stderr
2024-09-10T08:29:30.151+0000 7f71f7e00640 1 -- 172.21.15.89:0/3982376328 <== mon.0 v2:172.21.15.89:3300/0 4 ==== mgrmap(e 8) ==== 46287+0+0 (secure 0 0 0) 0x7f71f003bb20 con 0x7f720007de80
2024-09-10T08:29:31.123 INFO:teuthology.orchestra.run.smithi089.stdout:/usr/bin/ceph: stderr
2024-09-10T08:29:30.152+0000 7f71f7e00640 1 --2- 172.21.15.89:0/3982376328 >> [v2:172.21.15.89:6800/3794982914,v1:172.21.15.89:6801/3794982914] conn(0x7f71e4038fc0 0x7f71e403b480 unknown :-1 s=NONE pgs=0 cs=0 l=1 rev1=0 crypto rx=0 tx=0 comp rx=0 tx=0).connect
2024-09-10T08:29:31.123 INFO:teuthology.orchestra.run.smithi089.stdout:/usr/bin/ceph: stderr
2024-09-10T08:29:30.152+0000 7f71f7e00640 1 -- 172.21.15.89:0/3982376328 <== mon.0 v2:172.21.15.89:3300/0 5 ==== osd_map(2..2 src has 1..2) ==== 940+0+0 (secure 0 0 0) 0x7f71f006c550 con 0x7f720007de80
2024-09-10T08:29:31.123 INFO:teuthology.orchestra.run.smithi089.stdout:/usr/bin/ceph: stderr
2024-09-10T08:29:30.152+0000 7f71fea00640 1 --2- 172.21.15.89:0/3982376328 >> [v2:172.21.15.89:6800/3794982914,v1:172.21.15.89:6801/3794982914] conn(0x7f71e4038fc0 0x7f71e403b480 unknown :-1 s=BANNER_CONNECTING pgs=0 cs=0 l=1 rev1=0 crypto rx=0 tx=0 comp rx=0 tx=0)._handle_peer_banner_payload supported=3 required=0
2024-09-10T08:29:31.123 INFO:teuthology.orchestra.run.smithi089.stdout:/usr/bin/ceph: stderr
2024-09-10T08:29:30.153+0000 7f71fea00640 1 --2- 172.21.15.89:0/3982376328 >> [v2:172.21.15.89:6800/3794982914,v1:172.21.15.89:6801/3794982914] conn(0x7f71e4038fc0 0x7f71e403b480 secure :-1 s=READY pgs=13 cs=0 l=1 rev1=1 crypto rx=0x7f71ec0098c0 tx=0x7f71ec006db0 comp rx=0 tx=0).ready entity=mgr.14118 client_cookie=0 server_cookie=0 in_seq=0 out_seq=0
2024-09-10T08:29:31.123 INFO:teuthology.orchestra.run.smithi089.stdout:/usr/bin/ceph: stderr
2024-09-10T08:29:30.157+0000 7f71f7e00640 1 -- 172.21.15.89:0/3982376328 <== mon.0 v2:172.21.15.89:3300/0 6 ==== mon_command_ack([{"prefix": "get_command_descriptions"}]=0 v0) ==== 72+0+188821 (secure 0 0 0) 0x7f71f0043360 con 0x7f720007de80
2024-09-10T08:29:31.123 INFO:teuthology.orchestra.run.smithi089.stdout:/usr/bin/ceph: stderr
2024-09-10T08:29:30.353+0000 7f7205200640 1 -- 172.21.15.89:0/3982376328 --> [v2:172.21.15.89:6800/3794982914,v1:172.21.15.89:6801/3794982914] -- mgr_command(tid 0: {"prefix": "orch apply", "service_type": "mgr", "unmanaged": true, "target": ["mon-mgr", ""]}) -- 0x7f7200103f20 con 0x7f71e4038fc0
2024-09-10T08:29:31.123 INFO:teuthology.orchestra.run.smithi089.stdout:/usr/bin/ceph: stderr
2024-09-10T08:29:30.358+0000 7f71f7e00640 1 -- 172.21.15.89:0/3982376328 <== mgr.14118 v2:172.21.15.89:6800/3794982914 1 ==== mgr_command_reply(tid 0: 0 ) ==== 8+0+24 (secure 0 0 0) 0x7f7200103f20 con 0x7f71e4038fc0
2024-09-10T08:29:31.123 INFO:teuthology.orchestra.run.smithi089.stdout:/usr/bin/ceph: stderr
2024-09-10T08:29:30.360+0000 7f7205200640 1 -- 172.21.15.89:0/3982376328 >> [v2:172.21.15.89:6800/3794982914,v1:172.21.15.89:6801/3794982914] conn(0x7f71e4038fc0 msgr2=0x7f71e403b480 secure :-1 s=STATE_CONNECTION_ESTABLISHED l=1).mark_down
2024-09-10T08:29:31.124 INFO:teuthology.orchestra.run.smithi089.stdout:/usr/bin/ceph: stderr
2024-09-10T08:29:30.360+0000 7f7205200640 1 --2- 172.21.15.89:0/3982376328 >> [v2:172.21.15.89:6800/3794982914,v1:172.21.15.89:6801/3794982914] conn(0x7f71e4038fc0 0x7f71e403b480 secure :-1 s=READY pgs=13 cs=0 l=1 rev1=1 crypto rx=0x7f71ec0098c0 tx=0x7f71ec006db0 comp rx=0 tx=0).stop
2024-09-10T08:29:31.124 INFO:teuthology.orchestra.run.smithi089.stdout:/usr/bin/ceph: stderr
2024-09-10T08:29:30.361+0000 7f7205200640 1 -- 172.21.15.89:0/3982376328 >> [v2:172.21.15.89:3300/0,v1:172.21.15.89:6789/0] conn(0x7f720007de80 msgr2=0x7f720019d6e0 secure :-1 s=STATE_CONNECTION_ESTABLISHED l=1).mark_down
2024-09-10T08:29:31.124 INFO:teuthology.orchestra.run.smithi089.stdout:/usr/bin/ceph: stderr
2024-09-10T08:29:30.361+0000 7f7205200640 1 --2- 172.21.15.89:0/3982376328 >> [v2:172.21.15.89:3300/0,v1:172.21.15.89:6789/0] conn(0x7f720007de80 0x7f720019d6e0 secure :-1 s=READY pgs=48 cs=0 l=1 rev1=1 crypto rx=0x7f71f0030420 tx=0x7f71f0032670 comp rx=0 tx=0).stop
2024-09-10T08:29:31.124 INFO:teuthology.orchestra.run.smithi089.stdout:/usr/bin/ceph: stderr
2024-09-10T08:29:30.361+0000 7f7205200640 1 -- 172.21.15.89:0/3982376328 shutdown_connections
2024-09-10T08:29:31.124 INFO:teuthology.orchestra.run.smithi089.stdout:/usr/bin/ceph: stderr
2024-09-10T08:29:30.361+0000 7f7205200640 1 --2- 172.21.15.89:0/3982376328 >> [v2:172.21.15.89:6800/3794982914,v1:172.21.15.89:6801/3794982914] conn(0x7f71e4038fc0 0x7f71e403b480 unknown :-1 s=CLOSED pgs=13 cs=0 l=1 rev1=1 crypto rx=0 tx=0 comp rx=0 tx=0).stop
2024-09-10T08:29:31.124 INFO:teuthology.orchestra.run.smithi089.stdout:/usr/bin/ceph: stderr
2024-09-10T08:29:30.361+0000 7f7205200640 1 --2- 172.21.15.89:0/3982376328 >> [v2:172.21.15.89:3300/0,v1:172.21.15.89:6789/0] conn(0x7f720007de80 0x7f720019d6e0 unknown :-1 s=CLOSED pgs=48 cs=0 l=1 rev1=1 crypto rx=0 tx=0 comp rx=0 tx=0).stop
2024-09-10T08:29:31.124 INFO:teuthology.orchestra.run.smithi089.stdout:/usr/bin/ceph: stderr
2024-09-10T08:29:30.361+0000 7f7205200640 1 -- 172.21.15.89:0/3982376328 >> 172.21.15.89:0/3982376328 conn(0x7f7200102c10 msgr2=0x7f7200103810 unknown :-1 s=STATE_NONE l=0).mark_down
2024-09-10T08:29:31.124 INFO:teuthology.orchestra.run.smithi089.stdout:/usr/bin/ceph: stderr
2024-09-10T08:29:30.362+0000 7f7205200640 1 -- 172.21.15.89:0/3982376328 shutdown_connections
2024-09-10T08:29:31.124 INFO:teuthology.orchestra.run.smithi089.stdout:/usr/bin/ceph: stderr
2024-09-10T08:29:30.362+0000 7f7205200640 1 -- 172.21.15.89:0/3982376328 wait complete.
2024-09-10T08:29:32.619 INFO:teuthology.orchestra.run.smithi089.stdout:/usr/bin/ceph: stderr
2024-09-10T08:29:31.606+0000 7f48ae000640 1 Processor -- start
2024-09-10T08:29:32.619 INFO:teuthology.orchestra.run.smithi089.stdout:/usr/bin/ceph: stderr
2024-09-10T08:29:31.606+0000 7f48ae000640 1 -- start start
2024-09-10T08:29:32.619 INFO:teuthology.orchestra.run.smithi089.stdout:/usr/bin/ceph: stderr
2024-09-10T08:29:31.607+0000 7f48ae000640 1 --2- >> [v2:172.21.15.89:3300/0,v1:172.21.15.89:6789/0] conn(0x7f48a807ddc0 0x7f48a807c2c0 unknown :-1 s=NONE pgs=0 cs=0 l=0 rev1=0 crypto rx=0 tx=0 comp rx=0 tx=0).connect
2024-09-10T08:29:32.619 INFO:teuthology.orchestra.run.smithi089.stdout:/usr/bin/ceph: stderr
2024-09-10T08:29:31.607+0000 7f48ae000640 1 -- --> [v2:172.21.15.89:3300/0,v1:172.21.15.89:6789/0] -- mon_getmap magic: 0 -- 0x7f48a807c800 con 0x7f48a807ddc0
2024-09-10T08:29:32.619 INFO:teuthology.orchestra.run.smithi089.stdout:/usr/bin/ceph: stderr
2024-09-10T08:29:31.607+0000 7f48acc00640 1 --2- >> [v2:172.21.15.89:3300/0,v1:172.21.15.89:6789/0] conn(0x7f48a807ddc0 0x7f48a807c2c0 unknown :-1 s=BANNER_CONNECTING pgs=0 cs=0 l=0 rev1=0 crypto rx=0 tx=0 comp rx=0 tx=0)._handle_peer_banner_payload supported=3 required=0
2024-09-10T08:29:32.619 INFO:teuthology.orchestra.run.smithi089.stdout:/usr/bin/ceph: stderr
2024-09-10T08:29:31.607+0000 7f48acc00640 1 --2- >> [v2:172.21.15.89:3300/0,v1:172.21.15.89:6789/0] conn(0x7f48a807ddc0 0x7f48a807c2c0 unknown :-1 s=HELLO_CONNECTING pgs=0 cs=0 l=0 rev1=1 crypto rx=0 tx=0 comp rx=0 tx=0).handle_hello peer v2:172.21.15.89:3300/0 says I am v2:172.21.15.89:34892/0 (socket says 172.21.15.89:34892)
2024-09-10T08:29:32.619 INFO:teuthology.orchestra.run.smithi089.stdout:/usr/bin/ceph: stderr
2024-09-10T08:29:31.607+0000 7f48acc00640 1 -- 172.21.15.89:0/282592389 learned_addr learned my addr 172.21.15.89:0/282592389 (peer_addr_for_me v2:172.21.15.89:0/0)
2024-09-10T08:29:32.619 INFO:teuthology.orchestra.run.smithi089.stdout:/usr/bin/ceph: stderr
2024-09-10T08:29:31.608+0000 7f48acc00640 1 -- 172.21.15.89:0/282592389 --> [v2:172.21.15.89:3300/0,v1:172.21.15.89:6789/0] -- mon_subscribe({config=0+,monmap=0+}) -- 0x7f48a807c980 con 0x7f48a807ddc0
2024-09-10T08:29:32.619 INFO:teuthology.orchestra.run.smithi089.stdout:/usr/bin/ceph: stderr
2024-09-10T08:29:31.608+0000 7f48acc00640 1 --2- 172.21.15.89:0/282592389 >> [v2:172.21.15.89:3300/0,v1:172.21.15.89:6789/0] conn(0x7f48a807ddc0 0x7f48a807c2c0 secure :-1 s=READY pgs=49 cs=0 l=1 rev1=1 crypto rx=0x7f489c009820 tx=0x7f489c02a270 comp rx=0 tx=0).ready entity=mon.0 client_cookie=a4cac631660b1363 server_cookie=0 in_seq=0 out_seq=0
2024-09-10T08:29:32.619 INFO:teuthology.orchestra.run.smithi089.stdout:/usr/bin/ceph: stderr
2024-09-10T08:29:31.609+0000 7f48a7400640 1 -- 172.21.15.89:0/282592389 <== mon.0 v2:172.21.15.89:3300/0 1 ==== mon_map magic: 0 ==== 205+0+0 (secure 0 0 0) 0x7f489c037070 con 0x7f48a807ddc0
2024-09-10T08:29:32.620 INFO:teuthology.orchestra.run.smithi089.stdout:/usr/bin/ceph: stderr
2024-09-10T08:29:31.609+0000 7f48a7400640 1 -- 172.21.15.89:0/282592389 <== mon.0 v2:172.21.15.89:3300/0 2 ==== config(27 keys) ==== 1140+0+0 (secure 0 0 0) 0x7f489c032920 con 0x7f48a807ddc0
2024-09-10T08:29:32.620 INFO:teuthology.orchestra.run.smithi089.stdout:/usr/bin/ceph: stderr
2024-09-10T08:29:31.609+0000 7f48a7400640 1 -- 172.21.15.89:0/282592389 <== mon.0 v2:172.21.15.89:3300/0 3 ==== mon_map magic: 0 ==== 205+0+0 (secure 0 0 0) 0x7f489c030810 con 0x7f48a807ddc0
2024-09-10T08:29:32.620 INFO:teuthology.orchestra.run.smithi089.stdout:/usr/bin/ceph: stderr
2024-09-10T08:29:31.609+0000 7f48ae000640 1 -- 172.21.15.89:0/282592389 >> [v2:172.21.15.89:3300/0,v1:172.21.15.89:6789/0] conn(0x7f48a807ddc0 msgr2=0x7f48a807c2c0 secure :-1 s=STATE_CONNECTION_ESTABLISHED l=1).mark_down
2024-09-10T08:29:32.620 INFO:teuthology.orchestra.run.smithi089.stdout:/usr/bin/ceph: stderr
2024-09-10T08:29:31.609+0000 7f48ae000640 1 --2- 172.21.15.89:0/282592389 >> [v2:172.21.15.89:3300/0,v1:172.21.15.89:6789/0] conn(0x7f48a807ddc0 0x7f48a807c2c0 secure :-1 s=READY pgs=49 cs=0 l=1 rev1=1 crypto rx=0x7f489c009820 tx=0x7f489c02a270 comp rx=0 tx=0).stop
2024-09-10T08:29:32.620 INFO:teuthology.orchestra.run.smithi089.stdout:/usr/bin/ceph: stderr
2024-09-10T08:29:31.609+0000 7f48ae000640 1 -- 172.21.15.89:0/282592389 shutdown_connections
2024-09-10T08:29:32.620 INFO:teuthology.orchestra.run.smithi089.stdout:/usr/bin/ceph: stderr
2024-09-10T08:29:31.609+0000 7f48ae000640 1 --2- 172.21.15.89:0/282592389 >> [v2:172.21.15.89:3300/0,v1:172.21.15.89:6789/0] conn(0x7f48a807ddc0 0x7f48a807c2c0 unknown :-1 s=CLOSED pgs=49 cs=0 l=1 rev1=1 crypto rx=0 tx=0 comp rx=0 tx=0).stop
2024-09-10T08:29:32.620 INFO:teuthology.orchestra.run.smithi089.stdout:/usr/bin/ceph: stderr
2024-09-10T08:29:31.609+0000 7f48ae000640 1 -- 172.21.15.89:0/282592389 >> 172.21.15.89:0/282592389 conn(0x7f48a8102d00 msgr2=0x7f48a8105120 unknown :-1 s=STATE_NONE l=0).mark_down
2024-09-10T08:29:32.620 INFO:teuthology.orchestra.run.smithi089.stdout:/usr/bin/ceph: stderr
2024-09-10T08:29:31.609+0000 7f48ae000640 1 -- 172.21.15.89:0/282592389 shutdown_connections
2024-09-10T08:29:32.620 INFO:teuthology.orchestra.run.smithi089.stdout:/usr/bin/ceph: stderr
2024-09-10T08:29:31.609+0000 7f48ae000640 1 -- 172.21.15.89:0/282592389 wait complete.
2024-09-10T08:29:32.620 INFO:teuthology.orchestra.run.smithi089.stdout:/usr/bin/ceph: stderr
2024-09-10T08:29:31.610+0000 7f48ae000640 1 Processor -- start
2024-09-10T08:29:32.620 INFO:teuthology.orchestra.run.smithi089.stdout:/usr/bin/ceph: stderr
2024-09-10T08:29:31.610+0000 7f48ae000640 1 -- start start
2024-09-10T08:29:32.620 INFO:teuthology.orchestra.run.smithi089.stdout:/usr/bin/ceph: stderr
2024-09-10T08:29:31.611+0000 7f48ae000640 1 --2- >> [v2:172.21.15.89:3300/0,v1:172.21.15.89:6789/0] conn(0x7f48a807ddc0 0x7f48a819d6d0 unknown :-1 s=NONE pgs=0 cs=0 l=1 rev1=0 crypto rx=0 tx=0 comp rx=0 tx=0).connect
2024-09-10T08:29:32.620 INFO:teuthology.orchestra.run.smithi089.stdout:/usr/bin/ceph: stderr
2024-09-10T08:29:31.611+0000 7f48ae000640 1 -- --> [v2:172.21.15.89:3300/0,v1:172.21.15.89:6789/0] -- mon_getmap magic: 0 -- 0x7f48a810dad0 con 0x7f48a807ddc0
2024-09-10T08:29:32.621 INFO:teuthology.orchestra.run.smithi089.stdout:/usr/bin/ceph: stderr
2024-09-10T08:29:31.611+0000 7f48acc00640 1 --2- >> [v2:172.21.15.89:3300/0,v1:172.21.15.89:6789/0] conn(0x7f48a807ddc0 0x7f48a819d6d0 unknown :-1 s=BANNER_CONNECTING pgs=0 cs=0 l=1 rev1=0 crypto rx=0 tx=0 comp rx=0 tx=0)._handle_peer_banner_payload supported=3 required=0
2024-09-10T08:29:32.621 INFO:teuthology.orchestra.run.smithi089.stdout:/usr/bin/ceph: stderr
2024-09-10T08:29:31.611+0000 7f48acc00640 1 --2- >> [v2:172.21.15.89:3300/0,v1:172.21.15.89:6789/0] conn(0x7f48a807ddc0 0x7f48a819d6d0 unknown :-1 s=HELLO_CONNECTING pgs=0 cs=0 l=1 rev1=1 crypto rx=0 tx=0 comp rx=0 tx=0).handle_hello peer v2:172.21.15.89:3300/0 says I am v2:172.21.15.89:34902/0 (socket says 172.21.15.89:34902)
2024-09-10T08:29:32.621 INFO:teuthology.orchestra.run.smithi089.stdout:/usr/bin/ceph: stderr
2024-09-10T08:29:31.611+0000 7f48acc00640 1 -- 172.21.15.89:0/2828966056 learned_addr learned my addr 172.21.15.89:0/2828966056 (peer_addr_for_me v2:172.21.15.89:0/0)
2024-09-10T08:29:32.621 INFO:teuthology.orchestra.run.smithi089.stdout:/usr/bin/ceph: stderr
2024-09-10T08:29:31.611+0000 7f48acc00640 1 -- 172.21.15.89:0/2828966056 --> [v2:172.21.15.89:3300/0,v1:172.21.15.89:6789/0] -- mon_subscribe({config=0+,monmap=0+}) -- 0x7f48a819dc10 con 0x7f48a807ddc0
2024-09-10T08:29:32.621 INFO:teuthology.orchestra.run.smithi089.stdout:/usr/bin/ceph: stderr
2024-09-10T08:29:31.612+0000 7f48acc00640 1 --2- 172.21.15.89:0/2828966056 >> [v2:172.21.15.89:3300/0,v1:172.21.15.89:6789/0] conn(0x7f48a807ddc0 0x7f48a819d6d0 secure :-1 s=READY pgs=50 cs=0 l=1 rev1=1 crypto rx=0x7f489c030420 tx=0x7f489c032670 comp rx=0 tx=0).ready entity=mon.0 client_cookie=0 server_cookie=0 in_seq=0 out_seq=0
2024-09-10T08:29:32.621 INFO:teuthology.orchestra.run.smithi089.stdout:/usr/bin/ceph: stderr
2024-09-10T08:29:31.612+0000 7f48a5600640 1 -- 172.21.15.89:0/2828966056 <== mon.0 v2:172.21.15.89:3300/0 1 ==== mon_map magic: 0 ==== 205+0+0 (secure 0 0 0) 0x7f489c037040 con 0x7f48a807ddc0
2024-09-10T08:29:32.621 INFO:teuthology.orchestra.run.smithi089.stdout:/usr/bin/ceph: stderr
2024-09-10T08:29:31.612+0000 7f48a5600640 1 -- 172.21.15.89:0/2828966056 <== mon.0 v2:172.21.15.89:3300/0 2 ==== config(27 keys) ==== 1140+0+0 (secure 0 0 0) 0x7f489c040070 con 0x7f48a807ddc0
2024-09-10T08:29:32.621 INFO:teuthology.orchestra.run.smithi089.stdout:/usr/bin/ceph: stderr
2024-09-10T08:29:31.612+0000 7f48ae000640 1 -- 172.21.15.89:0/2828966056 --> [v2:172.21.15.89:3300/0,v1:172.21.15.89:6789/0] -- mon_subscribe({mgrmap=0+}) -- 0x7f48a819dea0 con 0x7f48a807ddc0
2024-09-10T08:29:32.621 INFO:teuthology.orchestra.run.smithi089.stdout:/usr/bin/ceph: stderr
2024-09-10T08:29:31.612+0000 7f48a5600640 1 -- 172.21.15.89:0/2828966056 <== mon.0 v2:172.21.15.89:3300/0 3 ==== mon_map magic: 0 ==== 205+0+0 (secure 0 0 0) 0x7f489c03a6e0 con 0x7f48a807ddc0
2024-09-10T08:29:32.621 INFO:teuthology.orchestra.run.smithi089.stdout:/usr/bin/ceph: stderr
2024-09-10T08:29:31.612+0000 7f48ae000640 1 -- 172.21.15.89:0/2828966056 --> [v2:172.21.15.89:3300/0,v1:172.21.15.89:6789/0] -- mon_subscribe({osdmap=0}) -- 0x7f48a81a0b90 con 0x7f48a807ddc0
2024-09-10T08:29:32.621 INFO:teuthology.orchestra.run.smithi089.stdout:/usr/bin/ceph: stderr
2024-09-10T08:29:31.613+0000 7f48a5600640 1 -- 172.21.15.89:0/2828966056 <== mon.0 v2:172.21.15.89:3300/0 4 ==== mgrmap(e 8) ==== 46287+0+0 (secure 0 0 0) 0x7f489c03a9e0 con 0x7f48a807ddc0
2024-09-10T08:29:32.622 INFO:teuthology.orchestra.run.smithi089.stdout:/usr/bin/ceph: stderr
2024-09-10T08:29:31.613+0000 7f48ae000640 1 -- 172.21.15.89:0/2828966056 --> [v2:172.21.15.89:3300/0,v1:172.21.15.89:6789/0] -- mon_command({"prefix": "get_command_descriptions"} v 0) -- 0x7f48880052c0 con 0x7f48a807ddc0
2024-09-10T08:29:32.622 INFO:teuthology.orchestra.run.smithi089.stdout:/usr/bin/ceph: stderr
2024-09-10T08:29:31.614+0000 7f48a5600640 1 --2- 172.21.15.89:0/2828966056 >> [v2:172.21.15.89:6800/3794982914,v1:172.21.15.89:6801/3794982914] conn(0x7f4890038f70 0x7f489003b430 unknown :-1 s=NONE pgs=0 cs=0 l=1 rev1=0 crypto rx=0 tx=0 comp rx=0 tx=0).connect
2024-09-10T08:29:32.622 INFO:teuthology.orchestra.run.smithi089.stdout:/usr/bin/ceph: stderr
2024-09-10T08:29:31.614+0000 7f48a5600640 1 -- 172.21.15.89:0/2828966056 <== mon.0 v2:172.21.15.89:3300/0 5 ==== osd_map(2..2 src has 1..2) ==== 940+0+0 (secure 0 0 0) 0x7f489c06c680 con 0x7f48a807ddc0
2024-09-10T08:29:32.622 INFO:teuthology.orchestra.run.smithi089.stdout:/usr/bin/ceph: stderr
2024-09-10T08:29:31.614+0000 7f48a7e00640 1 --2- 172.21.15.89:0/2828966056 >> [v2:172.21.15.89:6800/3794982914,v1:172.21.15.89:6801/3794982914] conn(0x7f4890038f70 0x7f489003b430 unknown :-1 s=BANNER_CONNECTING pgs=0 cs=0 l=1 rev1=0 crypto rx=0 tx=0 comp rx=0 tx=0)._handle_peer_banner_payload supported=3 required=0
2024-09-10T08:29:32.622 INFO:teuthology.orchestra.run.smithi089.stdout:/usr/bin/ceph: stderr
2024-09-10T08:29:31.615+0000 7f48a7e00640 1 --2- 172.21.15.89:0/2828966056 >> [v2:172.21.15.89:6800/3794982914,v1:172.21.15.89:6801/3794982914] conn(0x7f4890038f70 0x7f489003b430 secure :-1 s=READY pgs=14 cs=0 l=1 rev1=1 crypto rx=0x7f48940098c0 tx=0x7f4894006db0 comp rx=0 tx=0).ready entity=mgr.14118 client_cookie=0 server_cookie=0 in_seq=0 out_seq=0
2024-09-10T08:29:32.622 INFO:teuthology.orchestra.run.smithi089.stdout:/usr/bin/ceph: stderr
2024-09-10T08:29:31.619+0000 7f48a5600640 1 -- 172.21.15.89:0/2828966056 <== mon.0 v2:172.21.15.89:3300/0 6 ==== mon_command_ack([{"prefix": "get_command_descriptions"}]=0 v0) ==== 72+0+188821 (secure 0 0 0) 0x7f489c043940 con 0x7f48a807ddc0
2024-09-10T08:29:32.622 INFO:teuthology.orchestra.run.smithi089.stdout:/usr/bin/ceph: stderr
2024-09-10T08:29:31.810+0000 7f48ae000640 1 -- 172.21.15.89:0/2828966056 --> [v2:172.21.15.89:3300/0,v1:172.21.15.89:6789/0] -- mon_command([{prefix=config set, name=mgr/cephadm/container_init}] v 0) -- 0x7f48880055b0 con 0x7f48a807ddc0
2024-09-10T08:29:32.622 INFO:teuthology.orchestra.run.smithi089.stdout:/usr/bin/ceph: stderr
2024-09-10T08:29:31.813+0000 7f48a5600640 1 -- 172.21.15.89:0/2828966056 <== mon.0 v2:172.21.15.89:3300/0 7 ==== mon_command_ack([{prefix=config set, name=mgr/cephadm/container_init}]=0 v7)=0 v7) ==== 142+0+0 (secure 0 0 0) 0x7f489c06bfd0 con 0x7f48a807ddc0
2024-09-10T08:29:32.622 INFO:teuthology.orchestra.run.smithi089.stdout:/usr/bin/ceph: stderr
2024-09-10T08:29:31.816+0000 7f48ae000640 1 -- 172.21.15.89:0/2828966056 >> [v2:172.21.15.89:6800/3794982914,v1:172.21.15.89:6801/3794982914] conn(0x7f4890038f70 msgr2=0x7f489003b430 secure :-1 s=STATE_CONNECTION_ESTABLISHED l=1).mark_down
2024-09-10T08:29:32.622 INFO:teuthology.orchestra.run.smithi089.stdout:/usr/bin/ceph: stderr
2024-09-10T08:29:31.816+0000 7f48ae000640 1 --2- 172.21.15.89:0/2828966056 >> [v2:172.21.15.89:6800/3794982914,v1:172.21.15.89:6801/3794982914] conn(0x7f4890038f70 0x7f489003b430 secure :-1 s=READY pgs=14 cs=0 l=1 rev1=1 crypto rx=0x7f48940098c0 tx=0x7f4894006db0 comp rx=0 tx=0).stop
2024-09-10T08:29:32.623 INFO:teuthology.orchestra.run.smithi089.stdout:/usr/bin/ceph: stderr
2024-09-10T08:29:31.816+0000 7f48ae000640 1 -- 172.21.15.89:0/2828966056 >> [v2:172.21.15.89:3300/0,v1:172.21.15.89:6789/0] conn(0x7f48a807ddc0 msgr2=0x7f48a819d6d0 secure :-1 s=STATE_CONNECTION_ESTABLISHED l=1).mark_down
2024-09-10T08:29:32.623 INFO:teuthology.orchestra.run.smithi089.stdout:/usr/bin/ceph: stderr
2024-09-10T08:29:31.816+0000 7f48ae000640 1 --2- 172.21.15.89:0/2828966056 >> [v2:172.21.15.89:3300/0,v1:172.21.15.89:6789/0] conn(0x7f48a807ddc0 0x7f48a819d6d0 secure :-1 s=READY pgs=50 cs=0 l=1 rev1=1 crypto rx=0x7f489c030420 tx=0x7f489c032670 comp rx=0 tx=0).stop
2024-09-10T08:29:32.623 INFO:teuthology.orchestra.run.smithi089.stdout:/usr/bin/ceph: stderr
2024-09-10T08:29:31.816+0000 7f48ae000640 1 -- 172.21.15.89:0/2828966056 shutdown_connections
2024-09-10T08:29:32.623 INFO:teuthology.orchestra.run.smithi089.stdout:/usr/bin/ceph: stderr
2024-09-10T08:29:31.816+0000 7f48ae000640 1 --2- 172.21.15.89:0/2828966056 >> [v2:172.21.15.89:6800/3794982914,v1:172.21.15.89:6801/3794982914] conn(0x7f4890038f70 0x7f489003b430 unknown :-1 s=CLOSED pgs=14 cs=0 l=1 rev1=1 crypto rx=0 tx=0 comp rx=0 tx=0).stop
2024-09-10T08:29:32.623 INFO:teuthology.orchestra.run.smithi089.stdout:/usr/bin/ceph: stderr
2024-09-10T08:29:31.816+0000 7f48ae000640 1 --2- 172.21.15.89:0/2828966056 >> [v2:172.21.15.89:3300/0,v1:172.21.15.89:6789/0] conn(0x7f48a807ddc0 0x7f48a819d6d0 unknown :-1 s=CLOSED pgs=50 cs=0 l=1 rev1=1 crypto rx=0 tx=0 comp rx=0 tx=0).stop
2024-09-10T08:29:32.623 INFO:teuthology.orchestra.run.smithi089.stdout:/usr/bin/ceph: stderr
2024-09-10T08:29:31.816+0000 7f48ae000640 1 -- 172.21.15.89:0/2828966056 >> 172.21.15.89:0/2828966056 conn(0x7f48a8102d00 msgr2=0x7f48a8103900 unknown :-1 s=STATE_NONE l=0).mark_down
2024-09-10T08:29:32.623 INFO:teuthology.orchestra.run.smithi089.stdout:/usr/bin/ceph: stderr
2024-09-10T08:29:31.816+0000 7f48ae000640 1 -- 172.21.15.89:0/2828966056 shutdown_connections
2024-09-10T08:29:32.623 INFO:teuthology.orchestra.run.smithi089.stdout:/usr/bin/ceph: stderr
2024-09-10T08:29:31.816+0000 7f48ae000640 1 -- 172.21.15.89:0/2828966056 wait complete.
2024-09-10T08:29:32.878 INFO:journalctl@ceph.mon.a.smithi089.stdout:Sep 10 08:29:32 smithi089 ceph-mon[30757]: from='client.? 172.21.15.89:0/2828966056' entity='client.admin'
2024-09-10T08:29:34.394 INFO:teuthology.orchestra.run.smithi089.stdout:/usr/bin/ceph: stderr
2024-09-10T08:29:33.546+0000 7f4088a00640 1 Processor -- start
2024-09-10T08:29:34.394 INFO:teuthology.orchestra.run.smithi089.stdout:/usr/bin/ceph: stderr
2024-09-10T08:29:33.546+0000 7f4088a00640 1 -- start start
2024-09-10T08:29:34.394 INFO:teuthology.orchestra.run.smithi089.stdout:/usr/bin/ceph: stderr
2024-09-10T08:29:33.547+0000 7f4088a00640 1 --2- >> [v2:172.21.15.89:3300/0,v1:172.21.15.89:6789/0] conn(0x7f4084107440 0x7f4084107840 unknown :-1 s=NONE pgs=0 cs=0 l=0 rev1=0 crypto rx=0 tx=0 comp rx=0 tx=0).connect
2024-09-10T08:29:34.394 INFO:teuthology.orchestra.run.smithi089.stdout:/usr/bin/ceph: stderr
2024-09-10T08:29:33.547+0000 7f4088a00640 1 -- --> [v2:172.21.15.89:3300/0,v1:172.21.15.89:6789/0] -- mon_getmap magic: 0 -- 0x7f4084107e10 con 0x7f4084107440
2024-09-10T08:29:34.395 INFO:teuthology.orchestra.run.smithi089.stdout:/usr/bin/ceph: stderr
2024-09-10T08:29:33.547+0000 7f4082800640 1 --2- >> [v2:172.21.15.89:3300/0,v1:172.21.15.89:6789/0] conn(0x7f4084107440 0x7f4084107840 unknown :-1 s=BANNER_CONNECTING pgs=0 cs=0 l=0 rev1=0 crypto rx=0 tx=0 comp rx=0 tx=0)._handle_peer_banner_payload supported=3 required=0
2024-09-10T08:29:34.395 INFO:teuthology.orchestra.run.smithi089.stdout:/usr/bin/ceph: stderr
2024-09-10T08:29:33.547+0000 7f4082800640 1 --2- >> [v2:172.21.15.89:3300/0,v1:172.21.15.89:6789/0] conn(0x7f4084107440 0x7f4084107840 unknown :-1 s=HELLO_CONNECTING pgs=0 cs=0 l=0 rev1=1 crypto rx=0 tx=0 comp rx=0 tx=0).handle_hello peer v2:172.21.15.89:3300/0 says I am v2:172.21.15.89:49874/0 (socket says 172.21.15.89:49874)
2024-09-10T08:29:34.395 INFO:teuthology.orchestra.run.smithi089.stdout:/usr/bin/ceph: stderr
2024-09-10T08:29:33.547+0000 7f4082800640 1 -- 172.21.15.89:0/1757992206 learned_addr learned my addr 172.21.15.89:0/1757992206 (peer_addr_for_me v2:172.21.15.89:0/0)
2024-09-10T08:29:34.395 INFO:teuthology.orchestra.run.smithi089.stdout:/usr/bin/ceph: stderr
2024-09-10T08:29:33.548+0000 7f4082800640 1 -- 172.21.15.89:0/1757992206 --> [v2:172.21.15.89:3300/0,v1:172.21.15.89:6789/0] -- mon_subscribe({config=0+,monmap=0+}) -- 0x7f4084108640 con 0x7f4084107440
2024-09-10T08:29:34.395 INFO:teuthology.orchestra.run.smithi089.stdout:/usr/bin/ceph: stderr
2024-09-10T08:29:33.549+0000 7f4082800640 1 --2- 172.21.15.89:0/1757992206 >> [v2:172.21.15.89:3300/0,v1:172.21.15.89:6789/0] conn(0x7f4084107440 0x7f4084107840 secure :-1 s=READY pgs=51 cs=0 l=1 rev1=1 crypto rx=0x7f4074009820 tx=0x7f407402a270 comp rx=0 tx=0).ready entity=mon.0 client_cookie=2d4e86f8c7c4df1a server_cookie=0 in_seq=0 out_seq=0
2024-09-10T08:29:34.395 INFO:teuthology.orchestra.run.smithi089.stdout:/usr/bin/ceph: stderr
2024-09-10T08:29:33.549+0000 7f4081400640 1 -- 172.21.15.89:0/1757992206 <== mon.0 v2:172.21.15.89:3300/0 1 ==== mon_map magic: 0 ==== 205+0+0 (secure 0 0 0) 0x7f4074037070 con 0x7f4084107440
2024-09-10T08:29:34.395 INFO:teuthology.orchestra.run.smithi089.stdout:/usr/bin/ceph: stderr
2024-09-10T08:29:33.549+0000 7f4081400640 1 -- 172.21.15.89:0/1757992206 <== mon.0 v2:172.21.15.89:3300/0 2 ==== config(27 keys) ==== 1140+0+0 (secure 0 0 0) 0x7f4074032920 con 0x7f4084107440
2024-09-10T08:29:34.395 INFO:teuthology.orchestra.run.smithi089.stdout:/usr/bin/ceph: stderr
2024-09-10T08:29:33.549+0000 7f4081400640 1 -- 172.21.15.89:0/1757992206 <== mon.0 v2:172.21.15.89:3300/0 3 ==== mon_map magic: 0 ==== 205+0+0 (secure 0 0 0) 0x7f4074030810 con 0x7f4084107440
2024-09-10T08:29:34.395 INFO:teuthology.orchestra.run.smithi089.stdout:/usr/bin/ceph: stderr
2024-09-10T08:29:33.550+0000 7f4088a00640 1 -- 172.21.15.89:0/1757992206 >> [v2:172.21.15.89:3300/0,v1:172.21.15.89:6789/0] conn(0x7f4084107440 msgr2=0x7f4084107840 secure :-1 s=STATE_CONNECTION_ESTABLISHED l=1).mark_down
2024-09-10T08:29:34.395 INFO:teuthology.orchestra.run.smithi089.stdout:/usr/bin/ceph: stderr
2024-09-10T08:29:33.550+0000 7f4088a00640 1 --2- 172.21.15.89:0/1757992206 >> [v2:172.21.15.89:3300/0,v1:172.21.15.89:6789/0] conn(0x7f4084107440 0x7f4084107840 secure :-1 s=READY pgs=51 cs=0 l=1 rev1=1 crypto rx=0x7f4074009820 tx=0x7f407402a270 comp rx=0 tx=0).stop
2024-09-10T08:29:34.395 INFO:teuthology.orchestra.run.smithi089.stdout:/usr/bin/ceph: stderr
2024-09-10T08:29:33.550+0000 7f4088a00640 1 -- 172.21.15.89:0/1757992206 shutdown_connections
2024-09-10T08:29:34.395 INFO:teuthology.orchestra.run.smithi089.stdout:/usr/bin/ceph: stderr
2024-09-10T08:29:33.550+0000 7f4088a00640 1 --2- 172.21.15.89:0/1757992206 >> [v2:172.21.15.89:3300/0,v1:172.21.15.89:6789/0] conn(0x7f4084107440 0x7f4084107840 unknown :-1 s=CLOSED pgs=51 cs=0 l=1 rev1=1 crypto rx=0 tx=0 comp rx=0 tx=0).stop
2024-09-10T08:29:34.395 INFO:teuthology.orchestra.run.smithi089.stdout:/usr/bin/ceph: stderr
2024-09-10T08:29:33.550+0000 7f4088a00640 1 -- 172.21.15.89:0/1757992206 >> 172.21.15.89:0/1757992206 conn(0x7f4084102c10 msgr2=0x7f4084105030 unknown :-1 s=STATE_NONE l=0).mark_down
2024-09-10T08:29:34.396 INFO:teuthology.orchestra.run.smithi089.stdout:/usr/bin/ceph: stderr
2024-09-10T08:29:33.550+0000 7f4088a00640 1 -- 172.21.15.89:0/1757992206 shutdown_connections
2024-09-10T08:29:34.396 INFO:teuthology.orchestra.run.smithi089.stdout:/usr/bin/ceph: stderr
2024-09-10T08:29:33.550+0000 7f4088a00640 1 -- 172.21.15.89:0/1757992206 wait complete.
2024-09-10T08:29:34.396 INFO:teuthology.orchestra.run.smithi089.stdout:/usr/bin/ceph: stderr
2024-09-10T08:29:33.551+0000 7f4088a00640 1 Processor -- start
2024-09-10T08:29:34.396 INFO:teuthology.orchestra.run.smithi089.stdout:/usr/bin/ceph: stderr
2024-09-10T08:29:33.551+0000 7f4088a00640 1 -- start start
2024-09-10T08:29:34.396 INFO:teuthology.orchestra.run.smithi089.stdout:/usr/bin/ceph: stderr
2024-09-10T08:29:33.551+0000 7f4088a00640 1 --2- >> [v2:172.21.15.89:3300/0,v1:172.21.15.89:6789/0] conn(0x7f4084107440 0x7f408419b4f0 unknown :-1 s=NONE pgs=0 cs=0 l=1 rev1=0 crypto rx=0 tx=0 comp rx=0 tx=0).connect
2024-09-10T08:29:34.396 INFO:teuthology.orchestra.run.smithi089.stdout:/usr/bin/ceph: stderr
2024-09-10T08:29:33.551+0000 7f4088a00640 1 -- --> [v2:172.21.15.89:3300/0,v1:172.21.15.89:6789/0] -- mon_getmap magic: 0 -- 0x7f408410b9f0 con 0x7f4084107440
2024-09-10T08:29:34.396 INFO:teuthology.orchestra.run.smithi089.stdout:/usr/bin/ceph: stderr
2024-09-10T08:29:33.551+0000 7f4082800640 1 --2- >> [v2:172.21.15.89:3300/0,v1:172.21.15.89:6789/0] conn(0x7f4084107440 0x7f408419b4f0 unknown :-1 s=BANNER_CONNECTING pgs=0 cs=0 l=1 rev1=0 crypto rx=0 tx=0 comp rx=0 tx=0)._handle_peer_banner_payload supported=3 required=0
2024-09-10T08:29:34.396 INFO:teuthology.orchestra.run.smithi089.stdout:/usr/bin/ceph: stderr
2024-09-10T08:29:33.551+0000 7f4082800640 1 --2- >> [v2:172.21.15.89:3300/0,v1:172.21.15.89:6789/0] conn(0x7f4084107440 0x7f408419b4f0 unknown :-1 s=HELLO_CONNECTING pgs=0 cs=0 l=1 rev1=1 crypto rx=0 tx=0 comp rx=0 tx=0).handle_hello peer v2:172.21.15.89:3300/0 says I am v2:172.21.15.89:49888/0 (socket says 172.21.15.89:49888)
2024-09-10T08:29:34.396 INFO:teuthology.orchestra.run.smithi089.stdout:/usr/bin/ceph: stderr
2024-09-10T08:29:33.551+0000 7f4082800640 1 -- 172.21.15.89:0/2022392675 learned_addr learned my addr 172.21.15.89:0/2022392675 (peer_addr_for_me v2:172.21.15.89:0/0)
2024-09-10T08:29:34.396 INFO:teuthology.orchestra.run.smithi089.stdout:/usr/bin/ceph: stderr
2024-09-10T08:29:33.552+0000 7f4082800640 1 -- 172.21.15.89:0/2022392675 --> [v2:172.21.15.89:3300/0,v1:172.21.15.89:6789/0] -- mon_subscribe({config=0+,monmap=0+}) -- 0x7f408419ba30 con 0x7f4084107440
2024-09-10T08:29:34.396 INFO:teuthology.orchestra.run.smithi089.stdout:/usr/bin/ceph: stderr
2024-09-10T08:29:33.552+0000 7f4082800640 1 --2- 172.21.15.89:0/2022392675 >> [v2:172.21.15.89:3300/0,v1:172.21.15.89:6789/0] conn(0x7f4084107440 0x7f408419b4f0 secure :-1 s=READY pgs=52 cs=0 l=1 rev1=1 crypto rx=0x7f40740097f0 tx=0x7f40740327b0 comp rx=0 tx=0).ready entity=mon.0 client_cookie=0 server_cookie=0 in_seq=0 out_seq=0
2024-09-10T08:29:34.396 INFO:teuthology.orchestra.run.smithi089.stdout:/usr/bin/ceph: stderr
2024-09-10T08:29:33.552+0000 7f407b400640 1 -- 172.21.15.89:0/2022392675 <== mon.0 v2:172.21.15.89:3300/0 1 ==== mon_map magic: 0 ==== 205+0+0 (secure 0 0 0) 0x7f4074037040 con 0x7f4084107440
2024-09-10T08:29:34.396 INFO:teuthology.orchestra.run.smithi089.stdout:/usr/bin/ceph: stderr
2024-09-10T08:29:33.552+0000 7f407b400640 1 -- 172.21.15.89:0/2022392675 <== mon.0 v2:172.21.15.89:3300/0 2 ==== config(27 keys) ==== 1140+0+0 (secure 0 0 0) 0x7f4074030c40 con 0x7f4084107440
2024-09-10T08:29:34.397 INFO:teuthology.orchestra.run.smithi089.stdout:/usr/bin/ceph: stderr
2024-09-10T08:29:33.552+0000 7f4088a00640 1 -- 172.21.15.89:0/2022392675 --> [v2:172.21.15.89:3300/0,v1:172.21.15.89:6789/0] -- mon_subscribe({mgrmap=0+}) -- 0x7f408419bcc0 con 0x7f4084107440
2024-09-10T08:29:34.397 INFO:teuthology.orchestra.run.smithi089.stdout:/usr/bin/ceph: stderr
2024-09-10T08:29:33.552+0000 7f407b400640 1 -- 172.21.15.89:0/2022392675 <== mon.0 v2:172.21.15.89:3300/0 3 ==== mon_map magic: 0 ==== 205+0+0 (secure 0 0 0) 0x7f407403a5b0 con 0x7f4084107440
2024-09-10T08:29:34.397 INFO:teuthology.orchestra.run.smithi089.stdout:/usr/bin/ceph: stderr
2024-09-10T08:29:33.552+0000 7f4088a00640 1 -- 172.21.15.89:0/2022392675 --> [v2:172.21.15.89:3300/0,v1:172.21.15.89:6789/0] -- mon_subscribe({osdmap=0}) -- 0x7f408419e9b0 con 0x7f4084107440
2024-09-10T08:29:34.397 INFO:teuthology.orchestra.run.smithi089.stdout:/usr/bin/ceph: stderr
2024-09-10T08:29:33.553+0000 7f407b400640 1 -- 172.21.15.89:0/2022392675 <== mon.0 v2:172.21.15.89:3300/0 4 ==== mgrmap(e 8) ==== 46287+0+0 (secure 0 0 0) 0x7f407403a7f0 con 0x7f4084107440
2024-09-10T08:29:34.397 INFO:teuthology.orchestra.run.smithi089.stdout:/usr/bin/ceph: stderr
2024-09-10T08:29:33.554+0000 7f4088a00640 1 -- 172.21.15.89:0/2022392675 --> [v2:172.21.15.89:3300/0,v1:172.21.15.89:6789/0] -- mon_command({"prefix": "get_command_descriptions"} v 0) -- 0x7f408410bb70 con 0x7f4084107440
2024-09-10T08:29:34.397 INFO:teuthology.orchestra.run.smithi089.stdout:/usr/bin/ceph: stderr
2024-09-10T08:29:33.554+0000 7f407b400640 1 --2- 172.21.15.89:0/2022392675 >> [v2:172.21.15.89:6800/3794982914,v1:172.21.15.89:6801/3794982914] conn(0x7f4068038f70 0x7f406803b430 unknown :-1 s=NONE pgs=0 cs=0 l=1 rev1=0 crypto rx=0 tx=0 comp rx=0 tx=0).connect
2024-09-10T08:29:34.397 INFO:teuthology.orchestra.run.smithi089.stdout:/usr/bin/ceph: stderr
2024-09-10T08:29:33.554+0000 7f407b400640 1 -- 172.21.15.89:0/2022392675 <== mon.0 v2:172.21.15.89:3300/0 5 ==== osd_map(2..2 src has 1..2) ==== 940+0+0 (secure 0 0 0) 0x7f407406c4b0 con 0x7f4084107440
2024-09-10T08:29:34.397 INFO:teuthology.orchestra.run.smithi089.stdout:/usr/bin/ceph: stderr
2024-09-10T08:29:33.554+0000 7f4081e00640 1 --2- 172.21.15.89:0/2022392675 >> [v2:172.21.15.89:6800/3794982914,v1:172.21.15.89:6801/3794982914] conn(0x7f4068038f70 0x7f406803b430 unknown :-1 s=BANNER_CONNECTING pgs=0 cs=0 l=1 rev1=0 crypto rx=0 tx=0 comp rx=0 tx=0)._handle_peer_banner_payload supported=3 required=0
2024-09-10T08:29:34.397 INFO:teuthology.orchestra.run.smithi089.stdout:/usr/bin/ceph: stderr
2024-09-10T08:29:33.555+0000 7f4081e00640 1 --2- 172.21.15.89:0/2022392675 >> [v2:172.21.15.89:6800/3794982914,v1:172.21.15.89:6801/3794982914] conn(0x7f4068038f70 0x7f406803b430 secure :-1 s=READY pgs=15 cs=0 l=1 rev1=1 crypto rx=0x7f40700098c0 tx=0x7f4070006db0 comp rx=0 tx=0).ready entity=mgr.14118 client_cookie=0 server_cookie=0 in_seq=0 out_seq=0
2024-09-10T08:29:34.397 INFO:teuthology.orchestra.run.smithi089.stdout:/usr/bin/ceph: stderr
2024-09-10T08:29:33.563+0000 7f407b400640 1 -- 172.21.15.89:0/2022392675 <== mon.0 v2:172.21.15.89:3300/0 6 ==== mon_command_ack([{"prefix": "get_command_descriptions"}]=0 v0) ==== 72+0+188821 (secure 0 0 0) 0x7f40740371e0 con 0x7f4084107440
2024-09-10T08:29:34.397 INFO:teuthology.orchestra.run.smithi089.stdout:/usr/bin/ceph: stderr
2024-09-10T08:29:33.748+0000 7f4088a00640 1 -- 172.21.15.89:0/2022392675 --> [v2:172.21.15.89:3300/0,v1:172.21.15.89:6789/0] -- mon_command([{prefix=config set, name=mgr/dashboard/ssl_server_port}] v 0) -- 0x7f40841078c0 con 0x7f4084107440
2024-09-10T08:29:34.397 INFO:teuthology.orchestra.run.smithi089.stdout:/usr/bin/ceph: stderr
2024-09-10T08:29:33.752+0000 7f407b400640 1 -- 172.21.15.89:0/2022392675 <== mon.0 v2:172.21.15.89:3300/0 7 ==== mon_command_ack([{prefix=config set, name=mgr/dashboard/ssl_server_port}]=0 v8)=0 v8) ==== 130+0+0 (secure 0 0 0) 0x7f407406be00 con 0x7f4084107440
2024-09-10T08:29:34.397 INFO:teuthology.orchestra.run.smithi089.stdout:/usr/bin/ceph: stderr
2024-09-10T08:29:33.755+0000 7f4088a00640 1 -- 172.21.15.89:0/2022392675 >> [v2:172.21.15.89:6800/3794982914,v1:172.21.15.89:6801/3794982914] conn(0x7f4068038f70 msgr2=0x7f406803b430 secure :-1 s=STATE_CONNECTION_ESTABLISHED l=1).mark_down
2024-09-10T08:29:34.398 INFO:teuthology.orchestra.run.smithi089.stdout:/usr/bin/ceph: stderr
2024-09-10T08:29:33.755+0000 7f4088a00640 1 --2- 172.21.15.89:0/2022392675 >> [v2:172.21.15.89:6800/3794982914,v1:172.21.15.89:6801/3794982914] conn(0x7f4068038f70 0x7f406803b430 secure :-1 s=READY pgs=15 cs=0 l=1 rev1=1 crypto rx=0x7f40700098c0 tx=0x7f4070006db0 comp rx=0 tx=0).stop
2024-09-10T08:29:34.398 INFO:teuthology.orchestra.run.smithi089.stdout:/usr/bin/ceph: stderr
2024-09-10T08:29:33.755+0000 7f4088a00640 1 -- 172.21.15.89:0/2022392675 >> [v2:172.21.15.89:3300/0,v1:172.21.15.89:6789/0] conn(0x7f4084107440 msgr2=0x7f408419b4f0 secure :-1 s=STATE_CONNECTION_ESTABLISHED l=1).mark_down
2024-09-10T08:29:34.398 INFO:teuthology.orchestra.run.smithi089.stdout:/usr/bin/ceph: stderr
2024-09-10T08:29:33.755+0000 7f4088a00640 1 --2- 172.21.15.89:0/2022392675 >> [v2:172.21.15.89:3300/0,v1:172.21.15.89:6789/0] conn(0x7f4084107440 0x7f408419b4f0 secure :-1 s=READY pgs=52 cs=0 l=1 rev1=1 crypto rx=0x7f40740097f0 tx=0x7f40740327b0 comp rx=0 tx=0).stop
2024-09-10T08:29:34.398 INFO:teuthology.orchestra.run.smithi089.stdout:/usr/bin/ceph: stderr
2024-09-10T08:29:33.755+0000 7f4088a00640 1 -- 172.21.15.89:0/2022392675 shutdown_connections
2024-09-10T08:29:34.398 INFO:teuthology.orchestra.run.smithi089.stdout:/usr/bin/ceph: stderr
2024-09-10T08:29:33.755+0000 7f4088a00640 1 --2- 172.21.15.89:0/2022392675 >> [v2:172.21.15.89:6800/3794982914,v1:172.21.15.89:6801/3794982914] conn(0x7f4068038f70 0x7f406803b430 unknown :-1 s=CLOSED pgs=15 cs=0 l=1 rev1=1 crypto rx=0 tx=0 comp rx=0 tx=0).stop
2024-09-10T08:29:34.398 INFO:teuthology.orchestra.run.smithi089.stdout:/usr/bin/ceph: stderr
2024-09-10T08:29:33.755+0000 7f4088a00640 1 --2- 172.21.15.89:0/2022392675 >> [v2:172.21.15.89:3300/0,v1:172.21.15.89:6789/0] conn(0x7f4084107440 0x7f408419b4f0 unknown :-1 s=CLOSED pgs=52 cs=0 l=1 rev1=1 crypto rx=0 tx=0 comp rx=0 tx=0).stop
2024-09-10T08:29:34.398 INFO:teuthology.orchestra.run.smithi089.stdout:/usr/bin/ceph: stderr
2024-09-10T08:29:33.755+0000 7f4088a00640 1 -- 172.21.15.89:0/2022392675 >> 172.21.15.89:0/2022392675 conn(0x7f4084102c10 msgr2=0x7f4084103800 unknown :-1 s=STATE_NONE l=0).mark_down
2024-09-10T08:29:34.398 INFO:teuthology.orchestra.run.smithi089.stdout:/usr/bin/ceph: stderr
2024-09-10T08:29:33.755+0000 7f4088a00640 1 -- 172.21.15.89:0/2022392675 shutdown_connections
