2024-09-10T08:36:57.083 INFO:journalctl@ceph.mgr.x.smithi172.stdout:Sep 10 08:36:56 smithi172 ceph-a7dba522-6f4f-11ef-bcea-c7b262605968-mgr-x[31079]: File "/lib64/python3.9/ssl.py", line 1343, in do_handshake
2024-09-10T08:36:57.083 INFO:journalctl@ceph.mgr.x.smithi172.stdout:Sep 10 08:36:56 smithi172 ceph-a7dba522-6f4f-11ef-bcea-c7b262605968-mgr-x[31079]: self._sslobj.do_handshake()
2024-09-10T08:36:57.083 INFO:journalctl@ceph.mgr.x.smithi172.stdout:Sep 10 08:36:56 smithi172 ceph-a7dba522-6f4f-11ef-bcea-c7b262605968-mgr-x[31079]: ssl.SSLZeroReturnError: TLS/SSL connection has been closed (EOF) (_ssl.c:1133)
2024-09-10T08:36:57.084 INFO:journalctl@ceph.mgr.x.smithi172.stdout:Sep 10 08:36:56 smithi172 ceph-a7dba522-6f4f-11ef-bcea-c7b262605968-mgr-x[31079]:
2024-09-10T08:36:57.643 INFO:teuthology.orchestra.run.smithi172.stdout:/usr/bin/ceph: stderr
2024-09-10T08:36:56.893+0000 7f83182c0640 1 Processor -- start
2024-09-10T08:36:57.643 INFO:teuthology.orchestra.run.smithi172.stdout:/usr/bin/ceph: stderr
2024-09-10T08:36:56.893+0000 7f83182c0640 1 -- start start
2024-09-10T08:36:57.643 INFO:teuthology.orchestra.run.smithi172.stdout:/usr/bin/ceph: stderr
2024-09-10T08:36:56.893+0000 7f83182c0640 1 --2- >> [v2:172.21.15.172:3300/0,v1:172.21.15.172:6789/0] conn(0x7f83101074a0 0x7f83101078a0 unknown :-1 s=NONE pgs=0 cs=0 l=0 rev1=0 crypto rx=0 tx=0 comp rx=0 tx=0).connect
2024-09-10T08:36:57.643 INFO:teuthology.orchestra.run.smithi172.stdout:/usr/bin/ceph: stderr
2024-09-10T08:36:56.893+0000 7f83182c0640 1 -- --> [v2:172.21.15.172:3300/0,v1:172.21.15.172:6789/0] -- mon_getmap magic: 0 -- 0x7f8310107e70 con 0x7f83101074a0
2024-09-10T08:36:57.643 INFO:teuthology.orchestra.run.smithi172.stdout:/usr/bin/ceph: stderr
2024-09-10T08:36:56.893+0000 7f831605c640 1 --2- >> [v2:172.21.15.172:3300/0,v1:172.21.15.172:6789/0] conn(0x7f83101074a0 0x7f83101078a0 unknown :-1 s=BANNER_CONNECTING pgs=0 cs=0 l=0 rev1=0 crypto rx=0 tx=0 comp rx=0 tx=0)._handle_peer_banner_payload supported=3 required=0
2024-09-10T08:36:57.643 INFO:teuthology.orchestra.run.smithi172.stdout:/usr/bin/ceph: stderr
2024-09-10T08:36:56.894+0000 7f831605c640 1 --2- >> [v2:172.21.15.172:3300/0,v1:172.21.15.172:6789/0] conn(0x7f83101074a0 0x7f83101078a0 unknown :-1 s=HELLO_CONNECTING pgs=0 cs=0 l=0 rev1=1 crypto rx=0 tx=0 comp rx=0 tx=0).handle_hello peer v2:172.21.15.172:3300/0 says I am v2:172.21.15.172:50222/0 (socket says 172.21.15.172:50222)
2024-09-10T08:36:57.643 INFO:teuthology.orchestra.run.smithi172.stdout:/usr/bin/ceph: stderr
2024-09-10T08:36:56.894+0000 7f831605c640 1 -- 172.21.15.172:0/241161512 learned_addr learned my addr 172.21.15.172:0/241161512 (peer_addr_for_me v2:172.21.15.172:0/0)
2024-09-10T08:36:57.644 INFO:teuthology.orchestra.run.smithi172.stdout:/usr/bin/ceph: stderr
2024-09-10T08:36:56.894+0000 7f831605c640 1 -- 172.21.15.172:0/241161512 --> [v2:172.21.15.172:3300/0,v1:172.21.15.172:6789/0] -- mon_subscribe({config=0+,monmap=0+}) -- 0x7f83101086a0 con 0x7f83101074a0
2024-09-10T08:36:57.644 INFO:teuthology.orchestra.run.smithi172.stdout:/usr/bin/ceph: stderr
2024-09-10T08:36:56.895+0000 7f831605c640 1 --2- 172.21.15.172:0/241161512 >> [v2:172.21.15.172:3300/0,v1:172.21.15.172:6789/0] conn(0x7f83101074a0 0x7f83101078a0 secure :-1 s=READY pgs=35 cs=0 l=1 rev1=1 crypto rx=0x7f8304009820 tx=0x7f830402a270 comp rx=0 tx=0).ready entity=mon.0 client_cookie=6444925c12b9d6b server_cookie=0 in_seq=0 out_seq=0
2024-09-10T08:36:57.644 INFO:teuthology.orchestra.run.smithi172.stdout:/usr/bin/ceph: stderr
2024-09-10T08:36:56.895+0000 7f831505a640 1 -- 172.21.15.172:0/241161512 <== mon.0 v2:172.21.15.172:3300/0 1 ==== mon_map magic: 0 ==== 205+0+0 (secure 0 0 0) 0x7f8304037070 con 0x7f83101074a0
2024-09-10T08:36:57.644 INFO:teuthology.orchestra.run.smithi172.stdout:/usr/bin/ceph: stderr
2024-09-10T08:36:56.895+0000 7f831505a640 1 -- 172.21.15.172:0/241161512 <== mon.0 v2:172.21.15.172:3300/0 2 ==== config(26 keys) ==== 1071+0+0 (secure 0 0 0) 0x7f83040328d0 con 0x7f83101074a0
2024-09-10T08:36:57.644 INFO:teuthology.orchestra.run.smithi172.stdout:/usr/bin/ceph: stderr
2024-09-10T08:36:56.895+0000 7f831505a640 1 -- 172.21.15.172:0/241161512 <== mon.0 v2:172.21.15.172:3300/0 3 ==== mon_map magic: 0 ==== 205+0+0 (secure 0 0 0) 0x7f83040307d0 con 0x7f83101074a0
2024-09-10T08:36:57.644 INFO:teuthology.orchestra.run.smithi172.stdout:/usr/bin/ceph: stderr
2024-09-10T08:36:56.895+0000 7f83182c0640 1 -- 172.21.15.172:0/241161512 >> [v2:172.21.15.172:3300/0,v1:172.21.15.172:6789/0] conn(0x7f83101074a0 msgr2=0x7f83101078a0 secure :-1 s=STATE_CONNECTION_ESTABLISHED l=1).mark_down
2024-09-10T08:36:57.644 INFO:teuthology.orchestra.run.smithi172.stdout:/usr/bin/ceph: stderr
2024-09-10T08:36:56.895+0000 7f83182c0640 1 --2- 172.21.15.172:0/241161512 >> [v2:172.21.15.172:3300/0,v1:172.21.15.172:6789/0] conn(0x7f83101074a0 0x7f83101078a0 secure :-1 s=READY pgs=35 cs=0 l=1 rev1=1 crypto rx=0x7f8304009820 tx=0x7f830402a270 comp rx=0 tx=0).stop
2024-09-10T08:36:57.644 INFO:teuthology.orchestra.run.smithi172.stdout:/usr/bin/ceph: stderr
2024-09-10T08:36:56.896+0000 7f83182c0640 1 -- 172.21.15.172:0/241161512 shutdown_connections
2024-09-10T08:36:57.644 INFO:teuthology.orchestra.run.smithi172.stdout:/usr/bin/ceph: stderr
2024-09-10T08:36:56.896+0000 7f83182c0640 1 --2- 172.21.15.172:0/241161512 >> [v2:172.21.15.172:3300/0,v1:172.21.15.172:6789/0] conn(0x7f83101074a0 0x7f83101078a0 unknown :-1 s=CLOSED pgs=35 cs=0 l=1 rev1=1 crypto rx=0 tx=0 comp rx=0 tx=0).stop
2024-09-10T08:36:57.644 INFO:teuthology.orchestra.run.smithi172.stdout:/usr/bin/ceph: stderr
2024-09-10T08:36:56.896+0000 7f83182c0640 1 -- 172.21.15.172:0/241161512 >> 172.21.15.172:0/241161512 conn(0x7f8310102c50 msgr2=0x7f8310105070 unknown :-1 s=STATE_NONE l=0).mark_down
2024-09-10T08:36:57.644 INFO:teuthology.orchestra.run.smithi172.stdout:/usr/bin/ceph: stderr
2024-09-10T08:36:56.896+0000 7f83182c0640 1 -- 172.21.15.172:0/241161512 shutdown_connections
2024-09-10T08:36:57.644 INFO:teuthology.orchestra.run.smithi172.stdout:/usr/bin/ceph: stderr
2024-09-10T08:36:56.896+0000 7f83182c0640 1 -- 172.21.15.172:0/241161512 wait complete.
2024-09-10T08:36:57.644 INFO:teuthology.orchestra.run.smithi172.stdout:/usr/bin/ceph: stderr
2024-09-10T08:36:56.896+0000 7f83182c0640 1 Processor -- start
2024-09-10T08:36:57.645 INFO:teuthology.orchestra.run.smithi172.stdout:/usr/bin/ceph: stderr
2024-09-10T08:36:56.896+0000 7f83182c0640 1 -- start start
2024-09-10T08:36:57.645 INFO:teuthology.orchestra.run.smithi172.stdout:/usr/bin/ceph: stderr
2024-09-10T08:36:56.896+0000 7f83182c0640 1 --2- >> [v2:172.21.15.172:3300/0,v1:172.21.15.172:6789/0] conn(0x7f83101074a0 0x7f831019b440 unknown :-1 s=NONE pgs=0 cs=0 l=1 rev1=0 crypto rx=0 tx=0 comp rx=0 tx=0).connect
2024-09-10T08:36:57.645 INFO:teuthology.orchestra.run.smithi172.stdout:/usr/bin/ceph: stderr
2024-09-10T08:36:56.896+0000 7f83182c0640 1 -- --> [v2:172.21.15.172:3300/0,v1:172.21.15.172:6789/0] -- mon_getmap magic: 0 -- 0x7f831010ba50 con 0x7f83101074a0
2024-09-10T08:36:57.645 INFO:teuthology.orchestra.run.smithi172.stdout:/usr/bin/ceph: stderr
2024-09-10T08:36:56.896+0000 7f831605c640 1 --2- >> [v2:172.21.15.172:3300/0,v1:172.21.15.172:6789/0] conn(0x7f83101074a0 0x7f831019b440 unknown :-1 s=BANNER_CONNECTING pgs=0 cs=0 l=1 rev1=0 crypto rx=0 tx=0 comp rx=0 tx=0)._handle_peer_banner_payload supported=3 required=0
2024-09-10T08:36:57.645 INFO:teuthology.orchestra.run.smithi172.stdout:/usr/bin/ceph: stderr
2024-09-10T08:36:56.897+0000 7f831605c640 1 --2- >> [v2:172.21.15.172:3300/0,v1:172.21.15.172:6789/0] conn(0x7f83101074a0 0x7f831019b440 unknown :-1 s=HELLO_CONNECTING pgs=0 cs=0 l=1 rev1=1 crypto rx=0 tx=0 comp rx=0 tx=0).handle_hello peer v2:172.21.15.172:3300/0 says I am v2:172.21.15.172:50236/0 (socket says 172.21.15.172:50236)
2024-09-10T08:36:57.645 INFO:teuthology.orchestra.run.smithi172.stdout:/usr/bin/ceph: stderr
2024-09-10T08:36:56.897+0000 7f831605c640 1 -- 172.21.15.172:0/3048885949 learned_addr learned my addr 172.21.15.172:0/3048885949 (peer_addr_for_me v2:172.21.15.172:0/0)
2024-09-10T08:36:57.645 INFO:teuthology.orchestra.run.smithi172.stdout:/usr/bin/ceph: stderr
2024-09-10T08:36:56.897+0000 7f831605c640 1 -- 172.21.15.172:0/3048885949 --> [v2:172.21.15.172:3300/0,v1:172.21.15.172:6789/0] -- mon_subscribe({config=0+,monmap=0+}) -- 0x7f831019b980 con 0x7f83101074a0
2024-09-10T08:36:57.645 INFO:teuthology.orchestra.run.smithi172.stdout:/usr/bin/ceph: stderr
2024-09-10T08:36:56.897+0000 7f831605c640 1 --2- 172.21.15.172:0/3048885949 >> [v2:172.21.15.172:3300/0,v1:172.21.15.172:6789/0] conn(0x7f83101074a0 0x7f831019b440 secure :-1 s=READY pgs=36 cs=0 l=1 rev1=1 crypto rx=0x7f8304009940 tx=0x7f8304032e10 comp rx=0 tx=0).ready entity=mon.0 client_cookie=0 server_cookie=0 in_seq=0 out_seq=0
2024-09-10T08:36:57.645 INFO:teuthology.orchestra.run.smithi172.stdout:/usr/bin/ceph: stderr
2024-09-10T08:36:56.897+0000 7f83037fe640 1 -- 172.21.15.172:0/3048885949 <== mon.0 v2:172.21.15.172:3300/0 1 ==== mon_map magic: 0 ==== 205+0+0 (secure 0 0 0) 0x7f8304042070 con 0x7f83101074a0
2024-09-10T08:36:57.645 INFO:teuthology.orchestra.run.smithi172.stdout:/usr/bin/ceph: stderr
2024-09-10T08:36:56.897+0000 7f83037fe640 1 -- 172.21.15.172:0/3048885949 <== mon.0 v2:172.21.15.172:3300/0 2 ==== config(26 keys) ==== 1071+0+0 (secure 0 0 0) 0x7f8304030c80 con 0x7f83101074a0
2024-09-10T08:36:57.645 INFO:teuthology.orchestra.run.smithi172.stdout:/usr/bin/ceph: stderr
2024-09-10T08:36:56.897+0000 7f83182c0640 1 -- 172.21.15.172:0/3048885949 --> [v2:172.21.15.172:3300/0,v1:172.21.15.172:6789/0] -- mon_subscribe({mgrmap=0+}) -- 0x7f831019bc10 con 0x7f83101074a0
2024-09-10T08:36:57.645 INFO:teuthology.orchestra.run.smithi172.stdout:/usr/bin/ceph: stderr
2024-09-10T08:36:56.897+0000 7f83037fe640 1 -- 172.21.15.172:0/3048885949 <== mon.0 v2:172.21.15.172:3300/0 3 ==== mon_map magic: 0 ==== 205+0+0 (secure 0 0 0) 0x7f8304037040 con 0x7f83101074a0
2024-09-10T08:36:57.645 INFO:teuthology.orchestra.run.smithi172.stdout:/usr/bin/ceph: stderr
2024-09-10T08:36:56.897+0000 7f83182c0640 1 -- 172.21.15.172:0/3048885949 --> [v2:172.21.15.172:3300/0,v1:172.21.15.172:6789/0] -- mon_subscribe({osdmap=0}) -- 0x7f831019e900 con 0x7f83101074a0
2024-09-10T08:36:57.645 INFO:teuthology.orchestra.run.smithi172.stdout:/usr/bin/ceph: stderr
2024-09-10T08:36:56.898+0000 7f83037fe640 1 -- 172.21.15.172:0/3048885949 <== mon.0 v2:172.21.15.172:3300/0 4 ==== mgrmap(e 7) ==== 46181+0+0 (secure 0 0 0) 0x7f8304045070 con 0x7f83101074a0
2024-09-10T08:36:57.646 INFO:teuthology.orchestra.run.smithi172.stdout:/usr/bin/ceph: stderr
2024-09-10T08:36:56.898+0000 7f83182c0640 1 -- 172.21.15.172:0/3048885949 --> [v2:172.21.15.172:3300/0,v1:172.21.15.172:6789/0] -- mon_command({"prefix": "get_command_descriptions"} v 0) -- 0x7f831010bbd0 con 0x7f83101074a0
2024-09-10T08:36:57.646 INFO:teuthology.orchestra.run.smithi172.stdout:/usr/bin/ceph: stderr
2024-09-10T08:36:56.898+0000 7f83037fe640 1 --2- 172.21.15.172:0/3048885949 >> [v2:172.21.15.172:6800/2333617420,v1:172.21.15.172:6801/2333617420] conn(0x7f82fc038eb0 0x7f82fc03b370 unknown :-1 s=NONE pgs=0 cs=0 l=1 rev1=0 crypto rx=0 tx=0 comp rx=0 tx=0).connect
2024-09-10T08:36:57.646 INFO:teuthology.orchestra.run.smithi172.stdout:/usr/bin/ceph: stderr
2024-09-10T08:36:56.898+0000 7f83037fe640 1 -- 172.21.15.172:0/3048885949 <== mon.0 v2:172.21.15.172:3300/0 5 ==== osd_map(2..2 src has 1..2) ==== 940+0+0 (secure 0 0 0) 0x7f830406be60 con 0x7f83101074a0
2024-09-10T08:36:57.646 INFO:teuthology.orchestra.run.smithi172.stdout:/usr/bin/ceph: stderr
2024-09-10T08:36:56.898+0000 7f831585b640 1 --2- 172.21.15.172:0/3048885949 >> [v2:172.21.15.172:6800/2333617420,v1:172.21.15.172:6801/2333617420] conn(0x7f82fc038eb0 0x7f82fc03b370 unknown :-1 s=BANNER_CONNECTING pgs=0 cs=0 l=1 rev1=0 crypto rx=0 tx=0 comp rx=0 tx=0)._handle_peer_banner_payload supported=3 required=0
2024-09-10T08:36:57.646 INFO:teuthology.orchestra.run.smithi172.stdout:/usr/bin/ceph: stderr
2024-09-10T08:36:56.899+0000 7f831585b640 1 --2- 172.21.15.172:0/3048885949 >> [v2:172.21.15.172:6800/2333617420,v1:172.21.15.172:6801/2333617420] conn(0x7f82fc038eb0 0x7f82fc03b370 secure :-1 s=READY pgs=7 cs=0 l=1 rev1=1 crypto rx=0x7f830c0098c0 tx=0x7f830c006db0 comp rx=0 tx=0).ready entity=mgr.14118 client_cookie=0 server_cookie=0 in_seq=0 out_seq=0
2024-09-10T08:36:57.646 INFO:teuthology.orchestra.run.smithi172.stdout:/usr/bin/ceph: stderr
2024-09-10T08:36:56.903+0000 7f83037fe640 1 -- 172.21.15.172:0/3048885949 <== mon.0 v2:172.21.15.172:3300/0 6 ==== mon_command_ack([{"prefix": "get_command_descriptions"}]=0 v0) ==== 72+0+188821 (secure 0 0 0) 0x7f8304045360 con 0x7f83101074a0
2024-09-10T08:36:57.646 INFO:teuthology.orchestra.run.smithi172.stdout:/usr/bin/ceph: stderr
2024-09-10T08:36:56.943+0000 7f83037fe640 1 -- 172.21.15.172:0/3048885949 <== mon.0 v2:172.21.15.172:3300/0 7 ==== mgrmap(e 8) ==== 46287+0+0 (secure 0 0 0) 0x7f830403cac0 con 0x7f83101074a0
2024-09-10T08:36:57.646 INFO:teuthology.orchestra.run.smithi172.stdout:/usr/bin/ceph: stderr
2024-09-10T08:36:57.086+0000 7f83182c0640 1 -- 172.21.15.172:0/3048885949 --> [v2:172.21.15.172:6800/2333617420,v1:172.21.15.172:6801/2333617420] -- mgr_command(tid 0: {"prefix": "orch set backend", "module_name": "cephadm", "target": ["mon-mgr", ""]}) -- 0x7f8310103e60 con 0x7f82fc038eb0
2024-09-10T08:36:57.646 INFO:teuthology.orchestra.run.smithi172.stdout:/usr/bin/ceph: stderr
2024-09-10T08:36:57.091+0000 7f83037fe640 1 -- 172.21.15.172:0/3048885949 <== mgr.14118 v2:172.21.15.172:6800/2333617420 1 ==== mgr_command_reply(tid 0: 0 ) ==== 8+0+0 (secure 0 0 0) 0x7f8310103e60 con 0x7f82fc038eb0
2024-09-10T08:36:57.646 INFO:teuthology.orchestra.run.smithi172.stdout:/usr/bin/ceph: stderr
2024-09-10T08:36:57.093+0000 7f83182c0640 1 -- 172.21.15.172:0/3048885949 >> [v2:172.21.15.172:6800/2333617420,v1:172.21.15.172:6801/2333617420] conn(0x7f82fc038eb0 msgr2=0x7f82fc03b370 secure :-1 s=STATE_CONNECTION_ESTABLISHED l=1).mark_down
2024-09-10T08:36:57.646 INFO:teuthology.orchestra.run.smithi172.stdout:/usr/bin/ceph: stderr
2024-09-10T08:36:57.093+0000 7f83182c0640 1 --2- 172.21.15.172:0/3048885949 >> [v2:172.21.15.172:6800/2333617420,v1:172.21.15.172:6801/2333617420] conn(0x7f82fc038eb0 0x7f82fc03b370 secure :-1 s=READY pgs=7 cs=0 l=1 rev1=1 crypto rx=0x7f830c0098c0 tx=0x7f830c006db0 comp rx=0 tx=0).stop
2024-09-10T08:36:57.646 INFO:teuthology.orchestra.run.smithi172.stdout:/usr/bin/ceph: stderr
2024-09-10T08:36:57.093+0000 7f83182c0640 1 -- 172.21.15.172:0/3048885949 >> [v2:172.21.15.172:3300/0,v1:172.21.15.172:6789/0] conn(0x7f83101074a0 msgr2=0x7f831019b440 secure :-1 s=STATE_CONNECTION_ESTABLISHED l=1).mark_down
2024-09-10T08:36:57.646 INFO:teuthology.orchestra.run.smithi172.stdout:/usr/bin/ceph: stderr
2024-09-10T08:36:57.093+0000 7f83182c0640 1 --2- 172.21.15.172:0/3048885949 >> [v2:172.21.15.172:3300/0,v1:172.21.15.172:6789/0] conn(0x7f83101074a0 0x7f831019b440 secure :-1 s=READY pgs=36 cs=0 l=1 rev1=1 crypto rx=0x7f8304009940 tx=0x7f8304032e10 comp rx=0 tx=0).stop
2024-09-10T08:36:57.646 INFO:teuthology.orchestra.run.smithi172.stdout:/usr/bin/ceph: stderr
2024-09-10T08:36:57.094+0000 7f83182c0640 1 -- 172.21.15.172:0/3048885949 shutdown_connections
2024-09-10T08:36:57.647 INFO:teuthology.orchestra.run.smithi172.stdout:/usr/bin/ceph: stderr
2024-09-10T08:36:57.094+0000 7f83182c0640 1 --2- 172.21.15.172:0/3048885949 >> [v2:172.21.15.172:6800/2333617420,v1:172.21.15.172:6801/2333617420] conn(0x7f82fc038eb0 0x7f82fc03b370 unknown :-1 s=CLOSED pgs=7 cs=0 l=1 rev1=1 crypto rx=0 tx=0 comp rx=0 tx=0).stop
2024-09-10T08:36:57.647 INFO:teuthology.orchestra.run.smithi172.stdout:/usr/bin/ceph: stderr
2024-09-10T08:36:57.094+0000 7f83182c0640 1 --2- 172.21.15.172:0/3048885949 >> [v2:172.21.15.172:3300/0,v1:172.21.15.172:6789/0] conn(0x7f83101074a0 0x7f831019b440 unknown :-1 s=CLOSED pgs=36 cs=0 l=1 rev1=1 crypto rx=0 tx=0 comp rx=0 tx=0).stop
2024-09-10T08:36:57.647 INFO:teuthology.orchestra.run.smithi172.stdout:/usr/bin/ceph: stderr
2024-09-10T08:36:57.094+0000 7f83182c0640 1 -- 172.21.15.172:0/3048885949 >> 172.21.15.172:0/3048885949 conn(0x7f8310102c50 msgr2=0x7f8310103750 unknown :-1 s=STATE_NONE l=0).mark_down
2024-09-10T08:36:57.647 INFO:teuthology.orchestra.run.smithi172.stdout:/usr/bin/ceph: stderr
2024-09-10T08:36:57.094+0000 7f83182c0640 1 -- 172.21.15.172:0/3048885949 shutdown_connections
2024-09-10T08:36:57.647 INFO:teuthology.orchestra.run.smithi172.stdout:/usr/bin/ceph: stderr
2024-09-10T08:36:57.094+0000 7f83182c0640 1 -- 172.21.15.172:0/3048885949 wait complete.
2024-09-10T08:36:58.219 INFO:journalctl@ceph.mon.a.smithi172.stdout:Sep 10 08:36:57 smithi172 ceph-mon[30854]: [10/Sep/2024:08:36:56] ENGINE Bus STARTING
2024-09-10T08:36:58.220 INFO:journalctl@ceph.mon.a.smithi172.stdout:Sep 10 08:36:57 smithi172 ceph-mon[30854]: [10/Sep/2024:08:36:56] ENGINE Serving on https://172.21.15.172:7150
2024-09-10T08:36:58.220 INFO:journalctl@ceph.mon.a.smithi172.stdout:Sep 10 08:36:57 smithi172 ceph-mon[30854]: [10/Sep/2024:08:36:56] ENGINE Error in HTTPServer.serve
2024-09-10T08:36:58.220 INFO:journalctl@ceph.mon.a.smithi172.stdout: Traceback (most recent call last):
2024-09-10T08:36:58.220 INFO:journalctl@ceph.mon.a.smithi172.stdout: File "/lib/python3.9/site-packages/cheroot/server.py", line 1823, in serve
2024-09-10T08:36:58.220 INFO:journalctl@ceph.mon.a.smithi172.stdout: self._connections.run(self.expiration_interval)
2024-09-10T08:36:58.220 INFO:journalctl@ceph.mon.a.smithi172.stdout: File "/lib/python3.9/site-packages/cheroot/connections.py", line 203, in run
2024-09-10T08:36:58.220 INFO:journalctl@ceph.mon.a.smithi172.stdout: self._run(expiration_interval)
2024-09-10T08:36:58.220 INFO:journalctl@ceph.mon.a.smithi172.stdout: File "/lib/python3.9/site-packages/cheroot/connections.py", line 246, in _run
2024-09-10T08:36:58.220 INFO:journalctl@ceph.mon.a.smithi172.stdout: new_conn = self._from_server_socket(self.server.socket)
2024-09-10T08:36:58.220 INFO:journalctl@ceph.mon.a.smithi172.stdout: File "/lib/python3.9/site-packages/cheroot/connections.py", line 300, in _from_server_socket
2024-09-10T08:36:58.220 INFO:journalctl@ceph.mon.a.smithi172.stdout: s, ssl_env = self.server.ssl_adapter.wrap(s)
2024-09-10T08:36:58.220 INFO:journalctl@ceph.mon.a.smithi172.stdout: File "/lib/python3.9/site-packages/cheroot/ssl/builtin.py", line 277, in wrap
2024-09-10T08:36:58.221 INFO:journalctl@ceph.mon.a.smithi172.stdout: s = self.context.wrap_socket(
2024-09-10T08:36:58.221 INFO:journalctl@ceph.mon.a.smithi172.stdout: File "/lib64/python3.9/ssl.py", line 501, in wrap_socket
2024-09-10T08:36:58.221 INFO:journalctl@ceph.mon.a.smithi172.stdout: return self.sslsocket_class._create(
2024-09-10T08:36:58.221 INFO:journalctl@ceph.mon.a.smithi172.stdout: File "/lib64/python3.9/ssl.py", line 1074, in _create
2024-09-10T08:36:58.221 INFO:journalctl@ceph.mon.a.smithi172.stdout: self.do_handshake()
2024-09-10T08:36:58.221 INFO:journalctl@ceph.mon.a.smithi172.stdout: File "/lib64/python3.9/ssl.py", line 1343, in do_handshake
2024-09-10T08:36:58.221 INFO:journalctl@ceph.mon.a.smithi172.stdout: self._sslobj.do_handshake()
2024-09-10T08:36:58.221 INFO:journalctl@ceph.mon.a.smithi172.stdout: ssl.SSLZeroReturnError: TLS/SSL connection has been closed (EOF) (_ssl.c:1133)
2024-09-10T08:36:58.221 INFO:journalctl@ceph.mon.a.smithi172.stdout:Sep 10 08:36:57 smithi172 ceph-mon[30854]: mgrmap e8: x(active, since 2s)
2024-09-10T08:36:58.221 INFO:journalctl@ceph.mon.a.smithi172.stdout:Sep 10 08:36:57 smithi172 ceph-mon[30854]: [10/Sep/2024:08:36:56] ENGINE Serving on http://172.21.15.172:8765
2024-09-10T08:36:58.221 INFO:journalctl@ceph.mon.a.smithi172.stdout:Sep 10 08:36:57 smithi172 ceph-mon[30854]: [10/Sep/2024:08:36:56] ENGINE Bus STARTED
2024-09-10T08:36:58.221 INFO:journalctl@ceph.mon.a.smithi172.stdout:Sep 10 08:36:57 smithi172 ceph-mon[30854]: from='mgr.14118 172.21.15.172:0/2378242087' entity='mgr.x' cmd=[{"prefix": "config dump", "format": "json"}]: dispatch
2024-09-10T08:36:58.221 INFO:journalctl@ceph.mon.a.smithi172.stdout:Sep 10 08:36:57 smithi172 ceph-mon[30854]: from='client.14130 -' entity='client.admin' cmd=[{"prefix": "orch set backend", "module_name": "cephadm", "target": ["mon-mgr", ""]}]: dispatch
2024-09-10T08:36:58.222 INFO:journalctl@ceph.mon.a.smithi172.stdout:Sep 10 08:36:57 smithi172 ceph-mon[30854]: from='mgr.14118 172.21.15.172:0/2378242087' entity='mgr.x'
2024-09-10T08:36:58.222 INFO:journalctl@ceph.mon.a.smithi172.stdout:Sep 10 08:36:57 smithi172 ceph-mon[30854]: from='mgr.14118 172.21.15.172:0/2378242087' entity='mgr.x' cmd=[{"prefix": "config dump", "format": "json"}]: dispatch
2024-09-10T08:36:58.821 INFO:teuthology.orchestra.run.smithi172.stdout:/usr/bin/ceph: stdout value unchanged
2024-09-10T08:36:58.822 INFO:teuthology.orchestra.run.smithi172.stdout:/usr/bin/ceph: stderr
2024-09-10T08:36:58.041+0000 7fe006972640 1 Processor -- start
2024-09-10T08:36:58.822 INFO:teuthology.orchestra.run.smithi172.stdout:/usr/bin/ceph: stderr
2024-09-10T08:36:58.041+0000 7fe006972640 1 -- start start
2024-09-10T08:36:58.822 INFO:teuthology.orchestra.run.smithi172.stdout:/usr/bin/ceph: stderr
2024-09-10T08:36:58.041+0000 7fe006972640 1 --2- >> [v2:172.21.15.172:3300/0,v1:172.21.15.172:6789/0] conn(0x7fe000105760 0x7fe000105b60 unknown :-1 s=NONE pgs=0 cs=0 l=0 rev1=0 crypto rx=0 tx=0 comp rx=0 tx=0).connect
2024-09-10T08:36:58.822 INFO:teuthology.orchestra.run.smithi172.stdout:/usr/bin/ceph: stderr
2024-09-10T08:36:58.041+0000 7fe006972640 1 -- --> [v2:172.21.15.172:3300/0,v1:172.21.15.172:6789/0] -- mon_getmap magic: 0 -- 0x7fe000106130 con 0x7fe000105760
2024-09-10T08:36:58.822 INFO:teuthology.orchestra.run.smithi172.stdout:/usr/bin/ceph: stderr
2024-09-10T08:36:58.041+0000 7fdffffff640 1 --2- >> [v2:172.21.15.172:3300/0,v1:172.21.15.172:6789/0] conn(0x7fe000105760 0x7fe000105b60 unknown :-1 s=BANNER_CONNECTING pgs=0 cs=0 l=0 rev1=0 crypto rx=0 tx=0 comp rx=0 tx=0)._handle_peer_banner_payload supported=3 required=0
2024-09-10T08:36:58.822 INFO:teuthology.orchestra.run.smithi172.stdout:/usr/bin/ceph: stderr
2024-09-10T08:36:58.041+0000 7fdffffff640 1 --2- >> [v2:172.21.15.172:3300/0,v1:172.21.15.172:6789/0] conn(0x7fe000105760 0x7fe000105b60 unknown :-1 s=HELLO_CONNECTING pgs=0 cs=0 l=0 rev1=1 crypto rx=0 tx=0 comp rx=0 tx=0).handle_hello peer v2:172.21.15.172:3300/0 says I am v2:172.21.15.172:50238/0 (socket says 172.21.15.172:50238)
2024-09-10T08:36:58.822 INFO:teuthology.orchestra.run.smithi172.stdout:/usr/bin/ceph: stderr
2024-09-10T08:36:58.041+0000 7fdffffff640 1 -- 172.21.15.172:0/2225113131 learned_addr learned my addr 172.21.15.172:0/2225113131 (peer_addr_for_me v2:172.21.15.172:0/0)
2024-09-10T08:36:58.822 INFO:teuthology.orchestra.run.smithi172.stdout:/usr/bin/ceph: stderr
2024-09-10T08:36:58.042+0000 7fdffffff640 1 -- 172.21.15.172:0/2225113131 --> [v2:172.21.15.172:3300/0,v1:172.21.15.172:6789/0] -- mon_subscribe({config=0+,monmap=0+}) -- 0x7fe000108740 con 0x7fe000105760
2024-09-10T08:36:58.822 INFO:teuthology.orchestra.run.smithi172.stdout:/usr/bin/ceph: stderr
2024-09-10T08:36:58.042+0000 7fdffffff640 1 --2- 172.21.15.172:0/2225113131 >> [v2:172.21.15.172:3300/0,v1:172.21.15.172:6789/0] conn(0x7fe000105760 0x7fe000105b60 secure :-1 s=READY pgs=37 cs=0 l=1 rev1=1 crypto rx=0x7fdff0009820 tx=0x7fdff002a270 comp rx=0 tx=0).ready entity=mon.0 client_cookie=575d43ca7aa7983f server_cookie=0 in_seq=0 out_seq=0
2024-09-10T08:36:58.822 INFO:teuthology.orchestra.run.smithi172.stdout:/usr/bin/ceph: stderr
2024-09-10T08:36:58.042+0000 7fdffeffd640 1 -- 172.21.15.172:0/2225113131 <== mon.0 v2:172.21.15.172:3300/0 1 ==== mon_map magic: 0 ==== 205+0+0 (secure 0 0 0) 0x7fdff0037070 con 0x7fe000105760
2024-09-10T08:36:58.822 INFO:teuthology.orchestra.run.smithi172.stdout:/usr/bin/ceph: stderr
2024-09-10T08:36:58.043+0000 7fdffeffd640 1 -- 172.21.15.172:0/2225113131 <== mon.0 v2:172.21.15.172:3300/0 2 ==== config(26 keys) ==== 1071+0+0 (secure 0 0 0) 0x7fdff00328d0 con 0x7fe000105760
2024-09-10T08:36:58.823 INFO:teuthology.orchestra.run.smithi172.stdout:/usr/bin/ceph: stderr
2024-09-10T08:36:58.043+0000 7fdffeffd640 1 -- 172.21.15.172:0/2225113131 <== mon.0 v2:172.21.15.172:3300/0 3 ==== mon_map magic: 0 ==== 205+0+0 (secure 0 0 0) 0x7fdff00307d0 con 0x7fe000105760
2024-09-10T08:36:58.823 INFO:teuthology.orchestra.run.smithi172.stdout:/usr/bin/ceph: stderr
2024-09-10T08:36:58.043+0000 7fe006972640 1 -- 172.21.15.172:0/2225113131 >> [v2:172.21.15.172:3300/0,v1:172.21.15.172:6789/0] conn(0x7fe000105760 msgr2=0x7fe000105b60 secure :-1 s=STATE_CONNECTION_ESTABLISHED l=1).mark_down
2024-09-10T08:36:58.823 INFO:teuthology.orchestra.run.smithi172.stdout:/usr/bin/ceph: stderr
2024-09-10T08:36:58.043+0000 7fe006972640 1 --2- 172.21.15.172:0/2225113131 >> [v2:172.21.15.172:3300/0,v1:172.21.15.172:6789/0] conn(0x7fe000105760 0x7fe000105b60 secure :-1 s=READY pgs=37 cs=0 l=1 rev1=1 crypto rx=0x7fdff0009820 tx=0x7fdff002a270 comp rx=0 tx=0).stop
2024-09-10T08:36:58.823 INFO:teuthology.orchestra.run.smithi172.stdout:/usr/bin/ceph: stderr
2024-09-10T08:36:58.043+0000 7fe006972640 1 -- 172.21.15.172:0/2225113131 shutdown_connections
2024-09-10T08:36:58.823 INFO:teuthology.orchestra.run.smithi172.stdout:/usr/bin/ceph: stderr
2024-09-10T08:36:58.043+0000 7fe006972640 1 --2- 172.21.15.172:0/2225113131 >> [v2:172.21.15.172:3300/0,v1:172.21.15.172:6789/0] conn(0x7fe000105760 0x7fe000105b60 unknown :-1 s=CLOSED pgs=37 cs=0 l=1 rev1=1 crypto rx=0 tx=0 comp rx=0 tx=0).stop
2024-09-10T08:36:58.823 INFO:teuthology.orchestra.run.smithi172.stdout:/usr/bin/ceph: stderr
2024-09-10T08:36:58.043+0000 7fe006972640 1 -- 172.21.15.172:0/2225113131 >> 172.21.15.172:0/2225113131 conn(0x7fe000101270 msgr2=0x7fe0001036f0 unknown :-1 s=STATE_NONE l=0).mark_down
2024-09-10T08:36:58.823 INFO:teuthology.orchestra.run.smithi172.stdout:/usr/bin/ceph: stderr
2024-09-10T08:36:58.043+0000 7fe006972640 1 -- 172.21.15.172:0/2225113131 shutdown_connections
2024-09-10T08:36:58.823 INFO:teuthology.orchestra.run.smithi172.stdout:/usr/bin/ceph: stderr
2024-09-10T08:36:58.043+0000 7fe006972640 1 -- 172.21.15.172:0/2225113131 wait complete.
2024-09-10T08:36:58.823 INFO:teuthology.orchestra.run.smithi172.stdout:/usr/bin/ceph: stderr
2024-09-10T08:36:58.044+0000 7fe006972640 1 Processor -- start
2024-09-10T08:36:58.823 INFO:teuthology.orchestra.run.smithi172.stdout:/usr/bin/ceph: stderr
2024-09-10T08:36:58.044+0000 7fe006972640 1 -- start start
2024-09-10T08:36:58.823 INFO:teuthology.orchestra.run.smithi172.stdout:/usr/bin/ceph: stderr
2024-09-10T08:36:58.044+0000 7fe006972640 1 --2- >> [v2:172.21.15.172:3300/0,v1:172.21.15.172:6789/0] conn(0x7fe000105760 0x7fe00019b4d0 unknown :-1 s=NONE pgs=0 cs=0 l=1 rev1=0 crypto rx=0 tx=0 comp rx=0 tx=0).connect
2024-09-10T08:36:58.823 INFO:teuthology.orchestra.run.smithi172.stdout:/usr/bin/ceph: stderr
2024-09-10T08:36:58.044+0000 7fe006972640 1 -- --> [v2:172.21.15.172:3300/0,v1:172.21.15.172:6789/0] -- mon_getmap magic: 0 -- 0x7fe00010b970 con 0x7fe000105760
2024-09-10T08:36:58.824 INFO:teuthology.orchestra.run.smithi172.stdout:/usr/bin/ceph: stderr
2024-09-10T08:36:58.044+0000 7fdffffff640 1 --2- >> [v2:172.21.15.172:3300/0,v1:172.21.15.172:6789/0] conn(0x7fe000105760 0x7fe00019b4d0 unknown :-1 s=BANNER_CONNECTING pgs=0 cs=0 l=1 rev1=0 crypto rx=0 tx=0 comp rx=0 tx=0)._handle_peer_banner_payload supported=3 required=0
2024-09-10T08:36:58.824 INFO:teuthology.orchestra.run.smithi172.stdout:/usr/bin/ceph: stderr
2024-09-10T08:36:58.044+0000 7fdffffff640 1 --2- >> [v2:172.21.15.172:3300/0,v1:172.21.15.172:6789/0] conn(0x7fe000105760 0x7fe00019b4d0 unknown :-1 s=HELLO_CONNECTING pgs=0 cs=0 l=1 rev1=1 crypto rx=0 tx=0 comp rx=0 tx=0).handle_hello peer v2:172.21.15.172:3300/0 says I am v2:172.21.15.172:50252/0 (socket says 172.21.15.172:50252)
2024-09-10T08:36:58.824 INFO:teuthology.orchestra.run.smithi172.stdout:/usr/bin/ceph: stderr
2024-09-10T08:36:58.044+0000 7fdffffff640 1 -- 172.21.15.172:0/2057279957 learned_addr learned my addr 172.21.15.172:0/2057279957 (peer_addr_for_me v2:172.21.15.172:0/0)
2024-09-10T08:36:58.824 INFO:teuthology.orchestra.run.smithi172.stdout:/usr/bin/ceph: stderr
2024-09-10T08:36:58.044+0000 7fdffffff640 1 -- 172.21.15.172:0/2057279957 --> [v2:172.21.15.172:3300/0,v1:172.21.15.172:6789/0] -- mon_subscribe({config=0+,monmap=0+}) -- 0x7fe00019ba10 con 0x7fe000105760
2024-09-10T08:36:58.824 INFO:teuthology.orchestra.run.smithi172.stdout:/usr/bin/ceph: stderr
2024-09-10T08:36:58.044+0000 7fdffffff640 1 --2- 172.21.15.172:0/2057279957 >> [v2:172.21.15.172:3300/0,v1:172.21.15.172:6789/0] conn(0x7fe000105760 0x7fe00019b4d0 secure :-1 s=READY pgs=38 cs=0 l=1 rev1=1 crypto rx=0x7fdff00097f0 tx=0x7fdff0030d00 comp rx=0 tx=0).ready entity=mon.0 client_cookie=0 server_cookie=0 in_seq=0 out_seq=0
2024-09-10T08:36:58.824 INFO:teuthology.orchestra.run.smithi172.stdout:/usr/bin/ceph: stderr
2024-09-10T08:36:58.045+0000 7fdffd7fa640 1 -- 172.21.15.172:0/2057279957 <== mon.0 v2:172.21.15.172:3300/0 1 ==== mon_map magic: 0 ==== 205+0+0 (secure 0 0 0) 0x7fdff0037040 con 0x7fe000105760
2024-09-10T08:36:58.824 INFO:teuthology.orchestra.run.smithi172.stdout:/usr/bin/ceph: stderr
2024-09-10T08:36:58.045+0000 7fdffd7fa640 1 -- 172.21.15.172:0/2057279957 <== mon.0 v2:172.21.15.172:3300/0 2 ==== config(26 keys) ==== 1071+0+0 (secure 0 0 0) 0x7fdff0032bb0 con 0x7fe000105760
2024-09-10T08:36:58.824 INFO:teuthology.orchestra.run.smithi172.stdout:/usr/bin/ceph: stderr
2024-09-10T08:36:58.045+0000 7fe006972640 1 -- 172.21.15.172:0/2057279957 --> [v2:172.21.15.172:3300/0,v1:172.21.15.172:6789/0] -- mon_subscribe({mgrmap=0+}) -- 0x7fe00019bca0 con 0x7fe000105760
2024-09-10T08:36:58.824 INFO:teuthology.orchestra.run.smithi172.stdout:/usr/bin/ceph: stderr
2024-09-10T08:36:58.045+0000 7fdffd7fa640 1 -- 172.21.15.172:0/2057279957 <== mon.0 v2:172.21.15.172:3300/0 3 ==== mon_map magic: 0 ==== 205+0+0 (secure 0 0 0) 0x7fdff003a390 con 0x7fe000105760
2024-09-10T08:36:58.824 INFO:teuthology.orchestra.run.smithi172.stdout:/usr/bin/ceph: stderr
2024-09-10T08:36:58.045+0000 7fe006972640 1 -- 172.21.15.172:0/2057279957 --> [v2:172.21.15.172:3300/0,v1:172.21.15.172:6789/0] -- mon_subscribe({osdmap=0}) -- 0x7fe00019e990 con 0x7fe000105760
2024-09-10T08:36:58.824 INFO:teuthology.orchestra.run.smithi172.stdout:/usr/bin/ceph: stderr
2024-09-10T08:36:58.045+0000 7fdffd7fa640 1 -- 172.21.15.172:0/2057279957 <== mon.0 v2:172.21.15.172:3300/0 4 ==== mgrmap(e 8) ==== 46287+0+0 (secure 0 0 0) 0x7fdff003a580 con 0x7fe000105760
2024-09-10T08:36:58.824 INFO:teuthology.orchestra.run.smithi172.stdout:/usr/bin/ceph: stderr
2024-09-10T08:36:58.046+0000 7fdffd7fa640 1 --2- 172.21.15.172:0/2057279957 >> [v2:172.21.15.172:6800/2333617420,v1:172.21.15.172:6801/2333617420] conn(0x7fdfe8038fc0 0x7fdfe803b480 unknown :-1 s=NONE pgs=0 cs=0 l=1 rev1=0 crypto rx=0 tx=0 comp rx=0 tx=0).connect
2024-09-10T08:36:58.824 INFO:teuthology.orchestra.run.smithi172.stdout:/usr/bin/ceph: stderr
2024-09-10T08:36:58.046+0000 7fdffd7fa640 1 -- 172.21.15.172:0/2057279957 <== mon.0 v2:172.21.15.172:3300/0 5 ==== osd_map(2..2 src has 1..2) ==== 940+0+0 (secure 0 0 0) 0x7fdff006c180 con 0x7fe000105760
2024-09-10T08:36:58.825 INFO:teuthology.orchestra.run.smithi172.stdout:/usr/bin/ceph: stderr
2024-09-10T08:36:58.046+0000 7fdfff7fe640 1 --2- 172.21.15.172:0/2057279957 >> [v2:172.21.15.172:6800/2333617420,v1:172.21.15.172:6801/2333617420] conn(0x7fdfe8038fc0 0x7fdfe803b480 unknown :-1 s=BANNER_CONNECTING pgs=0 cs=0 l=1 rev1=0 crypto rx=0 tx=0 comp rx=0 tx=0)._handle_peer_banner_payload supported=3 required=0
2024-09-10T08:36:58.825 INFO:teuthology.orchestra.run.smithi172.stdout:/usr/bin/ceph: stderr
2024-09-10T08:36:58.046+0000 7fe006972640 1 -- 172.21.15.172:0/2057279957 --> [v2:172.21.15.172:3300/0,v1:172.21.15.172:6789/0] -- mon_command({"prefix": "get_command_descriptions"} v 0) -- 0x7fe000105be0 con 0x7fe000105760
2024-09-10T08:36:58.825 INFO:teuthology.orchestra.run.smithi172.stdout:/usr/bin/ceph: stderr
2024-09-10T08:36:58.046+0000 7fdfff7fe640 1 --2- 172.21.15.172:0/2057279957 >> [v2:172.21.15.172:6800/2333617420,v1:172.21.15.172:6801/2333617420] conn(0x7fdfe8038fc0 0x7fdfe803b480 secure :-1 s=READY pgs=8 cs=0 l=1 rev1=1 crypto rx=0x7fdff40098c0 tx=0x7fdff4006db0 comp rx=0 tx=0).ready entity=mgr.14118 client_cookie=0 server_cookie=0 in_seq=0 out_seq=0
2024-09-10T08:36:58.825 INFO:teuthology.orchestra.run.smithi172.stdout:/usr/bin/ceph: stderr
2024-09-10T08:36:58.051+0000 7fdffd7fa640 1 -- 172.21.15.172:0/2057279957 <== mon.0 v2:172.21.15.172:3300/0 6 ==== mon_command_ack([{"prefix": "get_command_descriptions"}]=0 v0) ==== 72+0+188821 (secure 0 0 0) 0x7fdff0040210 con 0x7fe000105760
2024-09-10T08:36:58.825 INFO:teuthology.orchestra.run.smithi172.stdout:/usr/bin/ceph: stderr
2024-09-10T08:36:58.219+0000 7fe006972640 1 -- 172.21.15.172:0/2057279957 --> [v2:172.21.15.172:6800/2333617420,v1:172.21.15.172:6801/2333617420] -- mgr_command(tid 0: {"prefix": "cephadm set-user", "user": "root", "target": ["mon-mgr", ""]}) -- 0x7fe0001025d0 con 0x7fdfe8038fc0
2024-09-10T08:36:58.825 INFO:teuthology.orchestra.run.smithi172.stdout:/usr/bin/ceph: stderr
2024-09-10T08:36:58.220+0000 7fdffd7fa640 1 -- 172.21.15.172:0/2057279957 <== mgr.14118 v2:172.21.15.172:6800/2333617420 1 ==== mgr_command_reply(tid 0: 0 ) ==== 8+0+16 (secure 0 0 0) 0x7fe0001025d0 con 0x7fdfe8038fc0
2024-09-10T08:36:58.825 INFO:teuthology.orchestra.run.smithi172.stdout:/usr/bin/ceph: stderr
2024-09-10T08:36:58.222+0000 7fe006972640 1 -- 172.21.15.172:0/2057279957 >> [v2:172.21.15.172:6800/2333617420,v1:172.21.15.172:6801/2333617420] conn(0x7fdfe8038fc0 msgr2=0x7fdfe803b480 secure :-1 s=STATE_CONNECTION_ESTABLISHED l=1).mark_down
2024-09-10T08:36:58.825 INFO:teuthology.orchestra.run.smithi172.stdout:/usr/bin/ceph: stderr
2024-09-10T08:36:58.222+0000 7fe006972640 1 --2- 172.21.15.172:0/2057279957 >> [v2:172.21.15.172:6800/2333617420,v1:172.21.15.172:6801/2333617420] conn(0x7fdfe8038fc0 0x7fdfe803b480 secure :-1 s=READY pgs=8 cs=0 l=1 rev1=1 crypto rx=0x7fdff40098c0 tx=0x7fdff4006db0 comp rx=0 tx=0).stop
2024-09-10T08:36:58.825 INFO:teuthology.orchestra.run.smithi172.stdout:/usr/bin/ceph: stderr
2024-09-10T08:36:58.222+0000 7fe006972640 1 -- 172.21.15.172:0/2057279957 >> [v2:172.21.15.172:3300/0,v1:172.21.15.172:6789/0] conn(0x7fe000105760 msgr2=0x7fe00019b4d0 secure :-1 s=STATE_CONNECTION_ESTABLISHED l=1).mark_down
2024-09-10T08:36:58.825 INFO:teuthology.orchestra.run.smithi172.stdout:/usr/bin/ceph: stderr
2024-09-10T08:36:58.222+0000 7fe006972640 1 --2- 172.21.15.172:0/2057279957 >> [v2:172.21.15.172:3300/0,v1:172.21.15.172:6789/0] conn(0x7fe000105760 0x7fe00019b4d0 secure :-1 s=READY pgs=38 cs=0 l=1 rev1=1 crypto rx=0x7fdff00097f0 tx=0x7fdff0030d00 comp rx=0 tx=0).stop
2024-09-10T08:36:58.825 INFO:teuthology.orchestra.run.smithi172.stdout:/usr/bin/ceph: stderr
2024-09-10T08:36:58.222+0000 7fe006972640 1 -- 172.21.15.172:0/2057279957 shutdown_connections
2024-09-10T08:36:58.825 INFO:teuthology.orchestra.run.smithi172.stdout:/usr/bin/ceph: stderr
2024-09-10T08:36:58.222+0000 7fe006972640 1 --2- 172.21.15.172:0/2057279957 >> [v2:172.21.15.172:6800/2333617420,v1:172.21.15.172:6801/2333617420] conn(0x7fdfe8038fc0 0x7fdfe803b480 unknown :-1 s=CLOSED pgs=8 cs=0 l=1 rev1=1 crypto rx=0 tx=0 comp rx=0 tx=0).stop
2024-09-10T08:36:58.826 INFO:teuthology.orchestra.run.smithi172.stdout:/usr/bin/ceph: stderr
2024-09-10T08:36:58.222+0000 7fe006972640 1 --2- 172.21.15.172:0/2057279957 >> [v2:172.21.15.172:3300/0,v1:172.21.15.172:6789/0] conn(0x7fe000105760 0x7fe00019b4d0 unknown :-1 s=CLOSED pgs=38 cs=0 l=1 rev1=1 crypto rx=0 tx=0 comp rx=0 tx=0).stop
2024-09-10T08:36:58.826 INFO:teuthology.orchestra.run.smithi172.stdout:/usr/bin/ceph: stderr
2024-09-10T08:36:58.222+0000 7fe006972640 1 -- 172.21.15.172:0/2057279957 >> 172.21.15.172:0/2057279957 conn(0x7fe000101270 msgr2=0x7fe000101ec0 unknown :-1 s=STATE_NONE l=0).mark_down
2024-09-10T08:36:58.826 INFO:teuthology.orchestra.run.smithi172.stdout:/usr/bin/ceph: stderr
2024-09-10T08:36:58.222+0000 7fe006972640 1 -- 172.21.15.172:0/2057279957 shutdown_connections
2024-09-10T08:36:58.826 INFO:teuthology.orchestra.run.smithi172.stdout:/usr/bin/ceph: stderr
2024-09-10T08:36:58.222+0000 7fe006972640 1 -- 172.21.15.172:0/2057279957 wait complete.
2024-09-10T08:36:58.826 INFO:teuthology.orchestra.run.smithi172.stdout:Generating ssh key...
2024-09-10T08:36:59.391 INFO:journalctl@ceph.mon.a.smithi172.stdout:Sep 10 08:36:59 smithi172 ceph-mon[30854]: from='client.14132 -' entity='client.admin' cmd=[{"prefix": "cephadm set-user", "user": "root", "target": ["mon-mgr", ""]}]: dispatch
2024-09-10T08:36:59.983 INFO:journalctl@ceph.mgr.x.smithi172.stdout:Sep 10 08:36:59 smithi172 ceph-a7dba522-6f4f-11ef-bcea-c7b262605968-mgr-x[31079]: Generating public/private rsa key pair.
2024-09-10T08:36:59.984 INFO:journalctl@ceph.mgr.x.smithi172.stdout:Sep 10 08:36:59 smithi172 ceph-a7dba522-6f4f-11ef-bcea-c7b262605968-mgr-x[31079]: Your identification has been saved in /tmp/tmpulddiaa4/key
2024-09-10T08:36:59.984 INFO:journalctl@ceph.mgr.x.smithi172.stdout:Sep 10 08:36:59 smithi172 ceph-a7dba522-6f4f-11ef-bcea-c7b262605968-mgr-x[31079]: Your public key has been saved in /tmp/tmpulddiaa4/key.pub
2024-09-10T08:36:59.984 INFO:journalctl@ceph.mgr.x.smithi172.stdout:Sep 10 08:36:59 smithi172 ceph-a7dba522-6f4f-11ef-bcea-c7b262605968-mgr-x[31079]: The key fingerprint is:
2024-09-10T08:36:59.984 INFO:journalctl@ceph.mgr.x.smithi172.stdout:Sep 10 08:36:59 smithi172 ceph-a7dba522-6f4f-11ef-bcea-c7b262605968-mgr-x[31079]: SHA256:QlaxqGk93BRAYkmiNi5itn9L+NcvbQEfekSQlwnMC1Q ceph-a7dba522-6f4f-11ef-bcea-c7b262605968
2024-09-10T08:36:59.984 INFO:journalctl@ceph.mgr.x.smithi172.stdout:Sep 10 08:36:59 smithi172 ceph-a7dba522-6f4f-11ef-bcea-c7b262605968-mgr-x[31079]: The key's randomart image is:
2024-09-10T08:36:59.984 INFO:journalctl@ceph.mgr.x.smithi172.stdout:Sep 10 08:36:59 smithi172 ceph-a7dba522-6f4f-11ef-bcea-c7b262605968-mgr-x[31079]: +---[RSA 3072]----+
2024-09-10T08:36:59.984 INFO:journalctl@ceph.mgr.x.smithi172.stdout:Sep 10 08:36:59 smithi172 ceph-a7dba522-6f4f-11ef-bcea-c7b262605968-mgr-x[31079]: | ..+o+oBE+ o |
2024-09-10T08:36:59.984 INFO:journalctl@ceph.mgr.x.smithi172.stdout:Sep 10 08:36:59 smithi172 ceph-a7dba522-6f4f-11ef-bcea-c7b262605968-mgr-x[31079]: | . o.. + * = |
2024-09-10T08:36:59.984 INFO:journalctl@ceph.mgr.x.smithi172.stdout:Sep 10 08:36:59 smithi172 ceph-a7dba522-6f4f-11ef-bcea-c7b262605968-mgr-x[31079]: |.o + + + |
2024-09-10T08:36:59.984 INFO:journalctl@ceph.mgr.x.smithi172.stdout:Sep 10 08:36:59 smithi172 ceph-a7dba522-6f4f-11ef-bcea-c7b262605968-mgr-x[31079]: |o . B o o o |
2024-09-10T08:36:59.984 INFO:journalctl@ceph.mgr.x.smithi172.stdout:Sep 10 08:36:59 smithi172 ceph-a7dba522-6f4f-11ef-bcea-c7b262605968-mgr-x[31079]: |o+ + = S = . |
2024-09-10T08:36:59.985 INFO:journalctl@ceph.mgr.x.smithi172.stdout:Sep 10 08:36:59 smithi172 ceph-a7dba522-6f4f-11ef-bcea-c7b262605968-mgr-x[31079]: |= ... o . + |
2024-09-10T08:36:59.985 INFO:journalctl@ceph.mgr.x.smithi172.stdout:Sep 10 08:36:59 smithi172 ceph-a7dba522-6f4f-11ef-bcea-c7b262605968-mgr-x[31079]: | . . . . o . |
2024-09-10T08:36:59.985 INFO:journalctl@ceph.mgr.x.smithi172.stdout:Sep 10 08:36:59 smithi172 ceph-a7dba522-6f4f-11ef-bcea-c7b262605968-mgr-x[31079]: | . o. . o o |
2024-09-10T08:36:59.985 INFO:journalctl@ceph.mgr.x.smithi172.stdout:Sep 10 08:36:59 smithi172 ceph-a7dba522-6f4f-11ef-bcea-c7b262605968-mgr-x[31079]: | ..oo +. |
2024-09-10T08:36:59.985 INFO:journalctl@ceph.mgr.x.smithi172.stdout:Sep 10 08:36:59 smithi172 ceph-a7dba522-6f4f-11ef-bcea-c7b262605968-mgr-x[31079]: +----[SHA256]-----+
2024-09-10T08:37:00.241 INFO:teuthology.orchestra.run.smithi172.stdout:/usr/bin/ceph: stderr
2024-09-10T08:36:59.213+0000 7f96ebe3b640 1 Processor -- start
2024-09-10T08:37:00.241 INFO:teuthology.orchestra.run.smithi172.stdout:/usr/bin/ceph: stderr
2024-09-10T08:36:59.213+0000 7f96ebe3b640 1 -- start start
2024-09-10T08:37:00.242 INFO:teuthology.orchestra.run.smithi172.stdout:/usr/bin/ceph: stderr
2024-09-10T08:36:59.213+0000 7f96ebe3b640 1 --2- >> [v2:172.21.15.172:3300/0,v1:172.21.15.172:6789/0] conn(0x7f96e407de20 0x7f96e407c280 unknown :-1 s=NONE pgs=0 cs=0 l=0 rev1=0 crypto rx=0 tx=0 comp rx=0 tx=0).connect
2024-09-10T08:37:00.242 INFO:teuthology.orchestra.run.smithi172.stdout:/usr/bin/ceph: stderr
2024-09-10T08:36:59.213+0000 7f96ebe3b640 1 -- --> [v2:172.21.15.172:3300/0,v1:172.21.15.172:6789/0] -- mon_getmap magic: 0 -- 0x7f96e407c850 con 0x7f96e407de20
2024-09-10T08:37:00.242 INFO:teuthology.orchestra.run.smithi172.stdout:/usr/bin/ceph: stderr
2024-09-10T08:36:59.213+0000 7f96e9bd7640 1 --2- >> [v2:172.21.15.172:3300/0,v1:172.21.15.172:6789/0] conn(0x7f96e407de20 0x7f96e407c280 unknown :-1 s=BANNER_CONNECTING pgs=0 cs=0 l=0 rev1=0 crypto rx=0 tx=0 comp rx=0 tx=0)._handle_peer_banner_payload supported=3 required=0
2024-09-10T08:37:00.242 INFO:teuthology.orchestra.run.smithi172.stdout:/usr/bin/ceph: stderr
2024-09-10T08:36:59.213+0000 7f96e9bd7640 1 --2- >> [v2:172.21.15.172:3300/0,v1:172.21.15.172:6789/0] conn(0x7f96e407de20 0x7f96e407c280 unknown :-1 s=HELLO_CONNECTING pgs=0 cs=0 l=0 rev1=1 crypto rx=0 tx=0 comp rx=0 tx=0).handle_hello peer v2:172.21.15.172:3300/0 says I am v2:172.21.15.172:50268/0 (socket says 172.21.15.172:50268)
2024-09-10T08:37:00.242 INFO:teuthology.orchestra.run.smithi172.stdout:/usr/bin/ceph: stderr
2024-09-10T08:36:59.213+0000 7f96e9bd7640 1 -- 172.21.15.172:0/915964292 learned_addr learned my addr 172.21.15.172:0/915964292 (peer_addr_for_me v2:172.21.15.172:0/0)
2024-09-10T08:37:00.242 INFO:teuthology.orchestra.run.smithi172.stdout:/usr/bin/ceph: stderr
2024-09-10T08:36:59.214+0000 7f96e9bd7640 1 -- 172.21.15.172:0/915964292 --> [v2:172.21.15.172:3300/0,v1:172.21.15.172:6789/0] -- mon_subscribe({config=0+,monmap=0+}) -- 0x7f96e407c9d0 con 0x7f96e407de20
2024-09-10T08:37:00.242 INFO:teuthology.orchestra.run.smithi172.stdout:/usr/bin/ceph: stderr
2024-09-10T08:36:59.214+0000 7f96e9bd7640 1 --2- 172.21.15.172:0/915964292 >> [v2:172.21.15.172:3300/0,v1:172.21.15.172:6789/0] conn(0x7f96e407de20 0x7f96e407c280 secure :-1 s=READY pgs=39 cs=0 l=1 rev1=1 crypto rx=0x7f96e0009820 tx=0x7f96e002a270 comp rx=0 tx=0).ready entity=mon.0 client_cookie=c2577631eec6d6a4 server_cookie=0 in_seq=0 out_seq=0
2024-09-10T08:37:00.242 INFO:teuthology.orchestra.run.smithi172.stdout:/usr/bin/ceph: stderr
2024-09-10T08:36:59.214+0000 7f96e8bd5640 1 -- 172.21.15.172:0/915964292 <== mon.0 v2:172.21.15.172:3300/0 1 ==== mon_map magic: 0 ==== 205+0+0 (secure 0 0 0) 0x7f96e0037070 con 0x7f96e407de20
2024-09-10T08:37:00.242 INFO:teuthology.orchestra.run.smithi172.stdout:/usr/bin/ceph: stderr
2024-09-10T08:36:59.214+0000 7f96e8bd5640 1 -- 172.21.15.172:0/915964292 <== mon.0 v2:172.21.15.172:3300/0 2 ==== config(26 keys) ==== 1071+0+0 (secure 0 0 0) 0x7f96e00328d0 con 0x7f96e407de20
2024-09-10T08:37:00.242 INFO:teuthology.orchestra.run.smithi172.stdout:/usr/bin/ceph: stderr
2024-09-10T08:36:59.214+0000 7f96e8bd5640 1 -- 172.21.15.172:0/915964292 <== mon.0 v2:172.21.15.172:3300/0 3 ==== mon_map magic: 0 ==== 205+0+0 (secure 0 0 0) 0x7f96e00307d0 con 0x7f96e407de20
2024-09-10T08:37:00.242 INFO:teuthology.orchestra.run.smithi172.stdout:/usr/bin/ceph: stderr
2024-09-10T08:36:59.215+0000 7f96ebe3b640 1 -- 172.21.15.172:0/915964292 >> [v2:172.21.15.172:3300/0,v1:172.21.15.172:6789/0] conn(0x7f96e407de20 msgr2=0x7f96e407c280 secure :-1 s=STATE_CONNECTION_ESTABLISHED l=1).mark_down
2024-09-10T08:37:00.242 INFO:teuthology.orchestra.run.smithi172.stdout:/usr/bin/ceph: stderr
2024-09-10T08:36:59.215+0000 7f96ebe3b640 1 --2- 172.21.15.172:0/915964292 >> [v2:172.21.15.172:3300/0,v1:172.21.15.172:6789/0] conn(0x7f96e407de20 0x7f96e407c280 secure :-1 s=READY pgs=39 cs=0 l=1 rev1=1 crypto rx=0x7f96e0009820 tx=0x7f96e002a270 comp rx=0 tx=0).stop
2024-09-10T08:37:00.242 INFO:teuthology.orchestra.run.smithi172.stdout:/usr/bin/ceph: stderr
2024-09-10T08:36:59.215+0000 7f96ebe3b640 1 -- 172.21.15.172:0/915964292 shutdown_connections
2024-09-10T08:37:00.243 INFO:teuthology.orchestra.run.smithi172.stdout:/usr/bin/ceph: stderr
2024-09-10T08:36:59.215+0000 7f96ebe3b640 1 --2- 172.21.15.172:0/915964292 >> [v2:172.21.15.172:3300/0,v1:172.21.15.172:6789/0] conn(0x7f96e407de20 0x7f96e407c280 unknown :-1 s=CLOSED pgs=39 cs=0 l=1 rev1=1 crypto rx=0 tx=0 comp rx=0 tx=0).stop
2024-09-10T08:37:00.243 INFO:teuthology.orchestra.run.smithi172.stdout:/usr/bin/ceph: stderr
2024-09-10T08:36:59.215+0000 7f96ebe3b640 1 -- 172.21.15.172:0/915964292 >> 172.21.15.172:0/915964292 conn(0x7f96e4102cb0 msgr2=0x7f96e41050d0 unknown :-1 s=STATE_NONE l=0).mark_down
2024-09-10T08:37:00.243 INFO:teuthology.orchestra.run.smithi172.stdout:/usr/bin/ceph: stderr
2024-09-10T08:36:59.215+0000 7f96ebe3b640 1 -- 172.21.15.172:0/915964292 shutdown_connections
2024-09-10T08:37:00.243 INFO:teuthology.orchestra.run.smithi172.stdout:/usr/bin/ceph: stderr
2024-09-10T08:36:59.215+0000 7f96ebe3b640 1 -- 172.21.15.172:0/915964292 wait complete.
2024-09-10T08:37:00.243 INFO:teuthology.orchestra.run.smithi172.stdout:/usr/bin/ceph: stderr
2024-09-10T08:36:59.216+0000 7f96ebe3b640 1 Processor -- start
2024-09-10T08:37:00.243 INFO:teuthology.orchestra.run.smithi172.stdout:/usr/bin/ceph: stderr
2024-09-10T08:36:59.216+0000 7f96ebe3b640 1 -- start start
2024-09-10T08:37:00.243 INFO:teuthology.orchestra.run.smithi172.stdout:/usr/bin/ceph: stderr
2024-09-10T08:36:59.216+0000 7f96ebe3b640 1 --2- >> [v2:172.21.15.172:3300/0,v1:172.21.15.172:6789/0] conn(0x7f96e407de20 0x7f96e419d600 unknown :-1 s=NONE pgs=0 cs=0 l=1 rev1=0 crypto rx=0 tx=0 comp rx=0 tx=0).connect
2024-09-10T08:37:00.243 INFO:teuthology.orchestra.run.smithi172.stdout:/usr/bin/ceph: stderr
2024-09-10T08:36:59.216+0000 7f96ebe3b640 1 -- --> [v2:172.21.15.172:3300/0,v1:172.21.15.172:6789/0] -- mon_getmap magic: 0 -- 0x7f96e410dad0 con 0x7f96e407de20
2024-09-10T08:37:00.243 INFO:teuthology.orchestra.run.smithi172.stdout:/usr/bin/ceph: stderr
2024-09-10T08:36:59.216+0000 7f96e9bd7640 1 --2- >> [v2:172.21.15.172:3300/0,v1:172.21.15.172:6789/0] conn(0x7f96e407de20 0x7f96e419d600 unknown :-1 s=BANNER_CONNECTING pgs=0 cs=0 l=1 rev1=0 crypto rx=0 tx=0 comp rx=0 tx=0)._handle_peer_banner_payload supported=3 required=0
2024-09-10T08:37:00.243 INFO:teuthology.orchestra.run.smithi172.stdout:/usr/bin/ceph: stderr
2024-09-10T08:36:59.216+0000 7f96e9bd7640 1 --2- >> [v2:172.21.15.172:3300/0,v1:172.21.15.172:6789/0] conn(0x7f96e407de20 0x7f96e419d600 unknown :-1 s=HELLO_CONNECTING pgs=0 cs=0 l=1 rev1=1 crypto rx=0 tx=0 comp rx=0 tx=0).handle_hello peer v2:172.21.15.172:3300/0 says I am v2:172.21.15.172:50272/0 (socket says 172.21.15.172:50272)
2024-09-10T08:37:00.243 INFO:teuthology.orchestra.run.smithi172.stdout:/usr/bin/ceph: stderr
2024-09-10T08:36:59.216+0000 7f96e9bd7640 1 -- 172.21.15.172:0/901411147 learned_addr learned my addr 172.21.15.172:0/901411147 (peer_addr_for_me v2:172.21.15.172:0/0)
2024-09-10T08:37:00.243 INFO:teuthology.orchestra.run.smithi172.stdout:/usr/bin/ceph: stderr
2024-09-10T08:36:59.216+0000 7f96e9bd7640 1 -- 172.21.15.172:0/901411147 --> [v2:172.21.15.172:3300/0,v1:172.21.15.172:6789/0] -- mon_subscribe({config=0+,monmap=0+}) -- 0x7f96e419db40 con 0x7f96e407de20
2024-09-10T08:37:00.243 INFO:teuthology.orchestra.run.smithi172.stdout:/usr/bin/ceph: stderr
2024-09-10T08:36:59.217+0000 7f96e9bd7640 1 --2- 172.21.15.172:0/901411147 >> [v2:172.21.15.172:3300/0,v1:172.21.15.172:6789/0] conn(0x7f96e407de20 0x7f96e419d600 secure :-1 s=READY pgs=40 cs=0 l=1 rev1=1 crypto rx=0x7f96e0032e10 tx=0x7f96e0032e40 comp rx=0 tx=0).ready entity=mon.0 client_cookie=0 server_cookie=0 in_seq=0 out_seq=0
2024-09-10T08:37:00.244 INFO:teuthology.orchestra.run.smithi172.stdout:/usr/bin/ceph: stderr
2024-09-10T08:36:59.217+0000 7f96daffd640 1 -- 172.21.15.172:0/901411147 <== mon.0 v2:172.21.15.172:3300/0 1 ==== mon_map magic: 0 ==== 205+0+0 (secure 0 0 0) 0x7f96e0042070 con 0x7f96e407de20
2024-09-10T08:37:00.244 INFO:teuthology.orchestra.run.smithi172.stdout:/usr/bin/ceph: stderr
2024-09-10T08:36:59.217+0000 7f96ebe3b640 1 -- 172.21.15.172:0/901411147 --> [v2:172.21.15.172:3300/0,v1:172.21.15.172:6789/0] -- mon_subscribe({mgrmap=0+}) -- 0x7f96e419ddd0 con 0x7f96e407de20
2024-09-10T08:37:00.244 INFO:teuthology.orchestra.run.smithi172.stdout:/usr/bin/ceph: stderr
2024-09-10T08:36:59.217+0000 7f96daffd640 1 -- 172.21.15.172:0/901411147 <== mon.0 v2:172.21.15.172:3300/0 2 ==== config(26 keys) ==== 1071+0+0 (secure 0 0 0) 0x7f96e0030c80 con 0x7f96e407de20
2024-09-10T08:37:00.244 INFO:teuthology.orchestra.run.smithi172.stdout:/usr/bin/ceph: stderr
2024-09-10T08:36:59.217+0000 7f96daffd640 1 -- 172.21.15.172:0/901411147 <== mon.0 v2:172.21.15.172:3300/0 3 ==== mon_map magic: 0 ==== 205+0+0 (secure 0 0 0) 0x7f96e0037040 con 0x7f96e407de20
2024-09-10T08:37:00.244 INFO:teuthology.orchestra.run.smithi172.stdout:/usr/bin/ceph: stderr
2024-09-10T08:36:59.217+0000 7f96ebe3b640 1 -- 172.21.15.172:0/901411147 --> [v2:172.21.15.172:3300/0,v1:172.21.15.172:6789/0] -- mon_subscribe({osdmap=0}) -- 0x7f96e41a0ac0 con 0x7f96e407de20
2024-09-10T08:37:00.244 INFO:teuthology.orchestra.run.smithi172.stdout:/usr/bin/ceph: stderr
2024-09-10T08:36:59.218+0000 7f96daffd640 1 -- 172.21.15.172:0/901411147 <== mon.0 v2:172.21.15.172:3300/0 4 ==== mgrmap(e 8) ==== 46287+0+0 (secure 0 0 0) 0x7f96e0045070 con 0x7f96e407de20
2024-09-10T08:37:00.244 INFO:teuthology.orchestra.run.smithi172.stdout:/usr/bin/ceph: stderr
2024-09-10T08:36:59.218+0000 7f96daffd640 1 --2- 172.21.15.172:0/901411147 >> [v2:172.21.15.172:6800/2333617420,v1:172.21.15.172:6801/2333617420] conn(0x7f96d0038f70 0x7f96d003b430 unknown :-1 s=NONE pgs=0 cs=0 l=1 rev1=0 crypto rx=0 tx=0 comp rx=0 tx=0).connect
2024-09-10T08:37:00.244 INFO:teuthology.orchestra.run.smithi172.stdout:/usr/bin/ceph: stderr
