2024-09-10T08:36:47.748 INFO:teuthology.orchestra.run.smithi172.stdout:/usr/bin/ceph: stderr
2024-09-10T08:36:46.933+0000 7f621d33d640 1 --2- 172.21.15.172:0/2407410278 >> [v2:172.21.15.172:3300/0,v1:172.21.15.172:6789/0] conn(0x7f6218107f10 0x7f621810a300 secure :-1 s=READY pgs=16 cs=0 l=1 rev1=1 crypto rx=0x7f6208009820 tx=0x7f620802a270 comp rx=0 tx=0).stop
2024-09-10T08:36:47.748 INFO:teuthology.orchestra.run.smithi172.stdout:/usr/bin/ceph: stderr
2024-09-10T08:36:46.933+0000 7f621d33d640 1 -- 172.21.15.172:0/2407410278 shutdown_connections
2024-09-10T08:36:47.748 INFO:teuthology.orchestra.run.smithi172.stdout:/usr/bin/ceph: stderr
2024-09-10T08:36:46.933+0000 7f621d33d640 1 --2- 172.21.15.172:0/2407410278 >> [v2:172.21.15.172:3300/0,v1:172.21.15.172:6789/0] conn(0x7f6218107f10 0x7f621810a300 unknown :-1 s=CLOSED pgs=16 cs=0 l=1 rev1=1 crypto rx=0 tx=0 comp rx=0 tx=0).stop
2024-09-10T08:36:47.748 INFO:teuthology.orchestra.run.smithi172.stdout:/usr/bin/ceph: stderr
2024-09-10T08:36:46.933+0000 7f621d33d640 1 -- 172.21.15.172:0/2407410278 >> 172.21.15.172:0/2407410278 conn(0x7f6218101b10 msgr2=0x7f6218103f70 unknown :-1 s=STATE_NONE l=0).mark_down
2024-09-10T08:36:47.748 INFO:teuthology.orchestra.run.smithi172.stdout:/usr/bin/ceph: stderr
2024-09-10T08:36:46.933+0000 7f621d33d640 1 -- 172.21.15.172:0/2407410278 shutdown_connections
2024-09-10T08:36:47.748 INFO:teuthology.orchestra.run.smithi172.stdout:/usr/bin/ceph: stderr
2024-09-10T08:36:46.933+0000 7f621d33d640 1 -- 172.21.15.172:0/2407410278 wait complete.
2024-09-10T08:36:47.749 INFO:teuthology.orchestra.run.smithi172.stdout:/usr/bin/ceph: stderr
2024-09-10T08:36:46.934+0000 7f621d33d640 1 Processor -- start
2024-09-10T08:36:47.749 INFO:teuthology.orchestra.run.smithi172.stdout:/usr/bin/ceph: stderr
2024-09-10T08:36:46.934+0000 7f621d33d640 1 -- start start
2024-09-10T08:36:47.749 INFO:teuthology.orchestra.run.smithi172.stdout:/usr/bin/ceph: stderr
2024-09-10T08:36:46.934+0000 7f621d33d640 1 --2- >> [v2:172.21.15.172:3300/0,v1:172.21.15.172:6789/0] conn(0x7f6218107f10 0x7f621819b440 unknown :-1 s=NONE pgs=0 cs=0 l=1 rev1=0 crypto rx=0 tx=0 comp rx=0 tx=0).connect
2024-09-10T08:36:47.749 INFO:teuthology.orchestra.run.smithi172.stdout:/usr/bin/ceph: stderr
2024-09-10T08:36:46.934+0000 7f621d33d640 1 -- --> [v2:172.21.15.172:3300/0,v1:172.21.15.172:6789/0] -- mon_getmap magic: 0 -- 0x7f621810b880 con 0x7f6218107f10
2024-09-10T08:36:47.749 INFO:teuthology.orchestra.run.smithi172.stdout:/usr/bin/ceph: stderr
2024-09-10T08:36:46.935+0000 7f6216ffd640 1 --2- >> [v2:172.21.15.172:3300/0,v1:172.21.15.172:6789/0] conn(0x7f6218107f10 0x7f621819b440 unknown :-1 s=BANNER_CONNECTING pgs=0 cs=0 l=1 rev1=0 crypto rx=0 tx=0 comp rx=0 tx=0)._handle_peer_banner_payload supported=3 required=0
2024-09-10T08:36:47.749 INFO:teuthology.orchestra.run.smithi172.stdout:/usr/bin/ceph: stderr
2024-09-10T08:36:46.935+0000 7f6216ffd640 1 --2- >> [v2:172.21.15.172:3300/0,v1:172.21.15.172:6789/0] conn(0x7f6218107f10 0x7f621819b440 unknown :-1 s=HELLO_CONNECTING pgs=0 cs=0 l=1 rev1=1 crypto rx=0 tx=0 comp rx=0 tx=0).handle_hello peer v2:172.21.15.172:3300/0 says I am v2:172.21.15.172:36416/0 (socket says 172.21.15.172:36416)
2024-09-10T08:36:47.749 INFO:teuthology.orchestra.run.smithi172.stdout:/usr/bin/ceph: stderr
2024-09-10T08:36:46.935+0000 7f6216ffd640 1 -- 172.21.15.172:0/922869672 learned_addr learned my addr 172.21.15.172:0/922869672 (peer_addr_for_me v2:172.21.15.172:0/0)
2024-09-10T08:36:47.749 INFO:teuthology.orchestra.run.smithi172.stdout:/usr/bin/ceph: stderr
2024-09-10T08:36:46.935+0000 7f6216ffd640 1 -- 172.21.15.172:0/922869672 --> [v2:172.21.15.172:3300/0,v1:172.21.15.172:6789/0] -- mon_subscribe({config=0+,monmap=0+}) -- 0x7f621819b980 con 0x7f6218107f10
2024-09-10T08:36:47.749 INFO:teuthology.orchestra.run.smithi172.stdout:/usr/bin/ceph: stderr
2024-09-10T08:36:46.935+0000 7f6216ffd640 1 --2- 172.21.15.172:0/922869672 >> [v2:172.21.15.172:3300/0,v1:172.21.15.172:6789/0] conn(0x7f6218107f10 0x7f621819b440 secure :-1 s=READY pgs=17 cs=0 l=1 rev1=1 crypto rx=0x7f6208030520 tx=0x7f6208032dd0 comp rx=0 tx=0).ready entity=mon.0 client_cookie=0 server_cookie=0 in_seq=0 out_seq=0
2024-09-10T08:36:47.749 INFO:teuthology.orchestra.run.smithi172.stdout:/usr/bin/ceph: stderr
2024-09-10T08:36:46.935+0000 7f61fffff640 1 -- 172.21.15.172:0/922869672 <== mon.0 v2:172.21.15.172:3300/0 1 ==== mon_map magic: 0 ==== 205+0+0 (secure 0 0 0) 0x7f6208042070 con 0x7f6218107f10
2024-09-10T08:36:47.749 INFO:teuthology.orchestra.run.smithi172.stdout:/usr/bin/ceph: stderr
2024-09-10T08:36:46.935+0000 7f621d33d640 1 -- 172.21.15.172:0/922869672 --> [v2:172.21.15.172:3300/0,v1:172.21.15.172:6789/0] -- mon_subscribe({mgrmap=0+}) -- 0x7f621819bc10 con 0x7f6218107f10
2024-09-10T08:36:47.749 INFO:teuthology.orchestra.run.smithi172.stdout:/usr/bin/ceph: stderr
2024-09-10T08:36:46.935+0000 7f61fffff640 1 -- 172.21.15.172:0/922869672 <== mon.0 v2:172.21.15.172:3300/0 2 ==== config(26 keys) ==== 1071+0+0 (secure 0 0 0) 0x7f6208030cc0 con 0x7f6218107f10
2024-09-10T08:36:47.750 INFO:teuthology.orchestra.run.smithi172.stdout:/usr/bin/ceph: stderr
2024-09-10T08:36:46.935+0000 7f61fffff640 1 -- 172.21.15.172:0/922869672 <== mon.0 v2:172.21.15.172:3300/0 3 ==== mon_map magic: 0 ==== 205+0+0 (secure 0 0 0) 0x7f6208037040 con 0x7f6218107f10
2024-09-10T08:36:47.750 INFO:teuthology.orchestra.run.smithi172.stdout:/usr/bin/ceph: stderr
2024-09-10T08:36:46.935+0000 7f621d33d640 1 -- 172.21.15.172:0/922869672 --> [v2:172.21.15.172:3300/0,v1:172.21.15.172:6789/0] -- mon_subscribe({osdmap=0}) -- 0x7f621819e900 con 0x7f6218107f10
2024-09-10T08:36:47.750 INFO:teuthology.orchestra.run.smithi172.stdout:/usr/bin/ceph: stderr
2024-09-10T08:36:46.936+0000 7f61fffff640 1 -- 172.21.15.172:0/922869672 <== mon.0 v2:172.21.15.172:3300/0 4 ==== mgrmap(e 3) ==== 46170+0+0 (secure 0 0 0) 0x7f6208045070 con 0x7f6218107f10
2024-09-10T08:36:47.750 INFO:teuthology.orchestra.run.smithi172.stdout:/usr/bin/ceph: stderr
2024-09-10T08:36:46.936+0000 7f61fffff640 1 --2- 172.21.15.172:0/922869672 >> [v2:172.21.15.172:6800/2639090029,v1:172.21.15.172:6801/2639090029] conn(0x7f6200038e10 0x7f620003b2d0 unknown :-1 s=NONE pgs=0 cs=0 l=1 rev1=0 crypto rx=0 tx=0 comp rx=0 tx=0).connect
2024-09-10T08:36:47.750 INFO:teuthology.orchestra.run.smithi172.stdout:/usr/bin/ceph: stderr
2024-09-10T08:36:46.936+0000 7f621d33d640 1 -- 172.21.15.172:0/922869672 --> [v2:172.21.15.172:3300/0,v1:172.21.15.172:6789/0] -- mon_command({"prefix": "get_command_descriptions"} v 0) -- 0x7f6218108370 con 0x7f6218107f10
2024-09-10T08:36:47.750 INFO:teuthology.orchestra.run.smithi172.stdout:/usr/bin/ceph: stderr
2024-09-10T08:36:46.937+0000 7f61fffff640 1 -- 172.21.15.172:0/922869672 <== mon.0 v2:172.21.15.172:3300/0 5 ==== osd_map(1..1 src has 1..1) ==== 725+0+0 (secure 0 0 0) 0x7f620806be90 con 0x7f6218107f10
2024-09-10T08:36:47.750 INFO:teuthology.orchestra.run.smithi172.stdout:/usr/bin/ceph: stderr
2024-09-10T08:36:46.937+0000 7f62167fc640 1 --2- 172.21.15.172:0/922869672 >> [v2:172.21.15.172:6800/2639090029,v1:172.21.15.172:6801/2639090029] conn(0x7f6200038e10 0x7f620003b2d0 unknown :-1 s=BANNER_CONNECTING pgs=0 cs=0 l=1 rev1=0 crypto rx=0 tx=0 comp rx=0 tx=0)._handle_peer_banner_payload supported=3 required=0
2024-09-10T08:36:47.750 INFO:teuthology.orchestra.run.smithi172.stdout:/usr/bin/ceph: stderr
2024-09-10T08:36:46.937+0000 7f62167fc640 1 --2- 172.21.15.172:0/922869672 >> [v2:172.21.15.172:6800/2639090029,v1:172.21.15.172:6801/2639090029] conn(0x7f6200038e10 0x7f620003b2d0 secure :-1 s=READY pgs=6 cs=0 l=1 rev1=1 crypto rx=0x7f620c0098c0 tx=0x7f620c006db0 comp rx=0 tx=0).ready entity=mgr.14100 client_cookie=0 server_cookie=0 in_seq=0 out_seq=0
2024-09-10T08:36:47.750 INFO:teuthology.orchestra.run.smithi172.stdout:/usr/bin/ceph: stderr
2024-09-10T08:36:46.942+0000 7f61fffff640 1 -- 172.21.15.172:0/922869672 <== mon.0 v2:172.21.15.172:3300/0 6 ==== mon_command_ack([{"prefix": "get_command_descriptions"}]=0 v0) ==== 72+0+188821 (secure 0 0 0) 0x7f6208045360 con 0x7f6218107f10
2024-09-10T08:36:47.750 INFO:teuthology.orchestra.run.smithi172.stdout:/usr/bin/ceph: stderr
2024-09-10T08:36:47.036+0000 7f61fffff640 1 -- 172.21.15.172:0/922869672 <== mon.0 v2:172.21.15.172:3300/0 7 ==== mgrmap(e 4) ==== 46276+0+0 (secure 0 0 0) 0x7f620803b330 con 0x7f6218107f10
2024-09-10T08:36:47.750 INFO:teuthology.orchestra.run.smithi172.stdout:/usr/bin/ceph: stderr
2024-09-10T08:36:47.173+0000 7f621d33d640 1 -- 172.21.15.172:0/922869672 --> [v2:172.21.15.172:3300/0,v1:172.21.15.172:6789/0] -- mon_command({"prefix": "status", "format": "json-pretty"} v 0) -- 0x7f621819eee0 con 0x7f6218107f10
2024-09-10T08:36:47.750 INFO:teuthology.orchestra.run.smithi172.stdout:/usr/bin/ceph: stderr
2024-09-10T08:36:47.173+0000 7f61fffff640 1 -- 172.21.15.172:0/922869672 <== mon.0 v2:172.21.15.172:3300/0 8 ==== mon_command_ack([{"prefix": "status", "format": "json-pretty"}]=0 v0) ==== 79+0+1290 (secure 0 0 0) 0x7f6208042de0 con 0x7f6218107f10
2024-09-10T08:36:47.751 INFO:teuthology.orchestra.run.smithi172.stdout:/usr/bin/ceph: stderr
2024-09-10T08:36:47.176+0000 7f621d33d640 1 -- 172.21.15.172:0/922869672 >> [v2:172.21.15.172:6800/2639090029,v1:172.21.15.172:6801/2639090029] conn(0x7f6200038e10 msgr2=0x7f620003b2d0 secure :-1 s=STATE_CONNECTION_ESTABLISHED l=1).mark_down
2024-09-10T08:36:47.751 INFO:teuthology.orchestra.run.smithi172.stdout:/usr/bin/ceph: stderr
2024-09-10T08:36:47.176+0000 7f621d33d640 1 --2- 172.21.15.172:0/922869672 >> [v2:172.21.15.172:6800/2639090029,v1:172.21.15.172:6801/2639090029] conn(0x7f6200038e10 0x7f620003b2d0 secure :-1 s=READY pgs=6 cs=0 l=1 rev1=1 crypto rx=0x7f620c0098c0 tx=0x7f620c006db0 comp rx=0 tx=0).stop
2024-09-10T08:36:47.751 INFO:teuthology.orchestra.run.smithi172.stdout:/usr/bin/ceph: stderr
2024-09-10T08:36:47.176+0000 7f621d33d640 1 -- 172.21.15.172:0/922869672 >> [v2:172.21.15.172:3300/0,v1:172.21.15.172:6789/0] conn(0x7f6218107f10 msgr2=0x7f621819b440 secure :-1 s=STATE_CONNECTION_ESTABLISHED l=1).mark_down
2024-09-10T08:36:47.751 INFO:teuthology.orchestra.run.smithi172.stdout:/usr/bin/ceph: stderr
2024-09-10T08:36:47.176+0000 7f621d33d640 1 --2- 172.21.15.172:0/922869672 >> [v2:172.21.15.172:3300/0,v1:172.21.15.172:6789/0] conn(0x7f6218107f10 0x7f621819b440 secure :-1 s=READY pgs=17 cs=0 l=1 rev1=1 crypto rx=0x7f6208030520 tx=0x7f6208032dd0 comp rx=0 tx=0).stop
2024-09-10T08:36:47.751 INFO:teuthology.orchestra.run.smithi172.stdout:/usr/bin/ceph: stderr
2024-09-10T08:36:47.176+0000 7f621d33d640 1 -- 172.21.15.172:0/922869672 shutdown_connections
2024-09-10T08:36:47.751 INFO:teuthology.orchestra.run.smithi172.stdout:/usr/bin/ceph: stderr
2024-09-10T08:36:47.176+0000 7f621d33d640 1 --2- 172.21.15.172:0/922869672 >> [v2:172.21.15.172:6800/2639090029,v1:172.21.15.172:6801/2639090029] conn(0x7f6200038e10 0x7f620003b2d0 unknown :-1 s=CLOSED pgs=6 cs=0 l=1 rev1=1 crypto rx=0 tx=0 comp rx=0 tx=0).stop
2024-09-10T08:36:47.751 INFO:teuthology.orchestra.run.smithi172.stdout:/usr/bin/ceph: stderr
2024-09-10T08:36:47.176+0000 7f621d33d640 1 --2- 172.21.15.172:0/922869672 >> [v2:172.21.15.172:3300/0,v1:172.21.15.172:6789/0] conn(0x7f6218107f10 0x7f621819b440 unknown :-1 s=CLOSED pgs=17 cs=0 l=1 rev1=1 crypto rx=0 tx=0 comp rx=0 tx=0).stop
2024-09-10T08:36:47.751 INFO:teuthology.orchestra.run.smithi172.stdout:/usr/bin/ceph: stderr
2024-09-10T08:36:47.176+0000 7f621d33d640 1 -- 172.21.15.172:0/922869672 >> 172.21.15.172:0/922869672 conn(0x7f6218101b10 msgr2=0x7f62181026e0 unknown :-1 s=STATE_NONE l=0).mark_down
2024-09-10T08:36:47.751 INFO:teuthology.orchestra.run.smithi172.stdout:/usr/bin/ceph: stderr
2024-09-10T08:36:47.177+0000 7f621d33d640 1 -- 172.21.15.172:0/922869672 shutdown_connections
2024-09-10T08:36:47.751 INFO:teuthology.orchestra.run.smithi172.stdout:/usr/bin/ceph: stderr
2024-09-10T08:36:47.177+0000 7f621d33d640 1 -- 172.21.15.172:0/922869672 wait complete.
2024-09-10T08:36:47.751 INFO:teuthology.orchestra.run.smithi172.stdout:mgr is available
2024-09-10T08:36:48.325 INFO:journalctl@ceph.mon.a.smithi172.stdout:Sep 10 08:36:48 smithi172 ceph-mon[30854]: mgrmap e4: x(active, since 2s)
2024-09-10T08:36:48.325 INFO:journalctl@ceph.mon.a.smithi172.stdout:Sep 10 08:36:48 smithi172 ceph-mon[30854]: from='client.? 172.21.15.172:0/922869672' entity='client.admin' cmd=[{"prefix": "status", "format": "json-pretty"}]: dispatch
2024-09-10T08:36:49.027 INFO:teuthology.orchestra.run.smithi172.stdout:/usr/bin/ceph: stdout
2024-09-10T08:36:49.027 INFO:teuthology.orchestra.run.smithi172.stdout:/usr/bin/ceph: stdout [global]
2024-09-10T08:36:49.027 INFO:teuthology.orchestra.run.smithi172.stdout:/usr/bin/ceph: stdout fsid = a7dba522-6f4f-11ef-bcea-c7b262605968
2024-09-10T08:36:49.027 INFO:teuthology.orchestra.run.smithi172.stdout:/usr/bin/ceph: stdout mon_host = [v2:172.21.15.172:3300,v1:172.21.15.172:6789]
2024-09-10T08:36:49.027 INFO:teuthology.orchestra.run.smithi172.stdout:/usr/bin/ceph: stdout mon_osd_allow_pg_remap = true
2024-09-10T08:36:49.027 INFO:teuthology.orchestra.run.smithi172.stdout:/usr/bin/ceph: stdout mon_osd_allow_primary_affinity = true
2024-09-10T08:36:49.027 INFO:teuthology.orchestra.run.smithi172.stdout:/usr/bin/ceph: stdout mon_warn_on_no_sortbitwise = false
2024-09-10T08:36:49.028 INFO:teuthology.orchestra.run.smithi172.stdout:/usr/bin/ceph: stdout osd_crush_chooseleaf_type = 0
2024-09-10T08:36:49.028 INFO:teuthology.orchestra.run.smithi172.stdout:/usr/bin/ceph: stdout
2024-09-10T08:36:49.028 INFO:teuthology.orchestra.run.smithi172.stdout:/usr/bin/ceph: stdout [mgr]
2024-09-10T08:36:49.028 INFO:teuthology.orchestra.run.smithi172.stdout:/usr/bin/ceph: stdout mgr/telemetry/nag = false
2024-09-10T08:36:49.028 INFO:teuthology.orchestra.run.smithi172.stdout:/usr/bin/ceph: stdout
2024-09-10T08:36:49.028 INFO:teuthology.orchestra.run.smithi172.stdout:/usr/bin/ceph: stdout [osd]
2024-09-10T08:36:49.029 INFO:teuthology.orchestra.run.smithi172.stdout:/usr/bin/ceph: stdout filestore_flush_min = 0
2024-09-10T08:36:49.029 INFO:teuthology.orchestra.run.smithi172.stdout:/usr/bin/ceph: stdout mon_osd_backfillfull_ratio = 0.85
2024-09-10T08:36:49.029 INFO:teuthology.orchestra.run.smithi172.stdout:/usr/bin/ceph: stdout mon_osd_full_ratio = 0.9
2024-09-10T08:36:49.029 INFO:teuthology.orchestra.run.smithi172.stdout:/usr/bin/ceph: stdout mon_osd_nearfull_ratio = 0.8
2024-09-10T08:36:49.029 INFO:teuthology.orchestra.run.smithi172.stdout:/usr/bin/ceph: stdout osd_map_max_advance = 10
2024-09-10T08:36:49.029 INFO:teuthology.orchestra.run.smithi172.stdout:/usr/bin/ceph: stdout osd_sloppy_crc = true
2024-09-10T08:36:49.029 INFO:teuthology.orchestra.run.smithi172.stdout:/usr/bin/ceph: stderr
2024-09-10T08:36:48.150+0000 7f5ab8848640 1 Processor -- start
2024-09-10T08:36:49.029 INFO:teuthology.orchestra.run.smithi172.stdout:/usr/bin/ceph: stderr
2024-09-10T08:36:48.150+0000 7f5ab8848640 1 -- start start
2024-09-10T08:36:49.029 INFO:teuthology.orchestra.run.smithi172.stdout:/usr/bin/ceph: stderr
2024-09-10T08:36:48.150+0000 7f5ab8848640 1 --2- >> [v2:172.21.15.172:3300/0,v1:172.21.15.172:6789/0] conn(0x7f5ab41074a0 0x7f5ab41078a0 unknown :-1 s=NONE pgs=0 cs=0 l=0 rev1=0 crypto rx=0 tx=0 comp rx=0 tx=0).connect
2024-09-10T08:36:49.030 INFO:teuthology.orchestra.run.smithi172.stdout:/usr/bin/ceph: stderr
2024-09-10T08:36:48.150+0000 7f5ab8848640 1 -- --> [v2:172.21.15.172:3300/0,v1:172.21.15.172:6789/0] -- mon_getmap magic: 0 -- 0x7f5ab4107e70 con 0x7f5ab41074a0
2024-09-10T08:36:49.030 INFO:teuthology.orchestra.run.smithi172.stdout:/usr/bin/ceph: stderr
2024-09-10T08:36:48.150+0000 7f5ab259c640 1 --2- >> [v2:172.21.15.172:3300/0,v1:172.21.15.172:6789/0] conn(0x7f5ab41074a0 0x7f5ab41078a0 unknown :-1 s=BANNER_CONNECTING pgs=0 cs=0 l=0 rev1=0 crypto rx=0 tx=0 comp rx=0 tx=0)._handle_peer_banner_payload supported=3 required=0
2024-09-10T08:36:49.030 INFO:teuthology.orchestra.run.smithi172.stdout:/usr/bin/ceph: stderr
2024-09-10T08:36:48.150+0000 7f5ab259c640 1 --2- >> [v2:172.21.15.172:3300/0,v1:172.21.15.172:6789/0] conn(0x7f5ab41074a0 0x7f5ab41078a0 unknown :-1 s=HELLO_CONNECTING pgs=0 cs=0 l=0 rev1=1 crypto rx=0 tx=0 comp rx=0 tx=0).handle_hello peer v2:172.21.15.172:3300/0 says I am v2:172.21.15.172:36420/0 (socket says 172.21.15.172:36420)
2024-09-10T08:36:49.030 INFO:teuthology.orchestra.run.smithi172.stdout:/usr/bin/ceph: stderr
2024-09-10T08:36:48.150+0000 7f5ab259c640 1 -- 172.21.15.172:0/2269343705 learned_addr learned my addr 172.21.15.172:0/2269343705 (peer_addr_for_me v2:172.21.15.172:0/0)
2024-09-10T08:36:49.030 INFO:teuthology.orchestra.run.smithi172.stdout:/usr/bin/ceph: stderr
2024-09-10T08:36:48.150+0000 7f5ab259c640 1 -- 172.21.15.172:0/2269343705 --> [v2:172.21.15.172:3300/0,v1:172.21.15.172:6789/0] -- mon_subscribe({config=0+,monmap=0+}) -- 0x7f5ab41086a0 con 0x7f5ab41074a0
2024-09-10T08:36:49.030 INFO:teuthology.orchestra.run.smithi172.stdout:/usr/bin/ceph: stderr
2024-09-10T08:36:48.151+0000 7f5ab259c640 1 --2- 172.21.15.172:0/2269343705 >> [v2:172.21.15.172:3300/0,v1:172.21.15.172:6789/0] conn(0x7f5ab41074a0 0x7f5ab41078a0 secure :-1 s=READY pgs=18 cs=0 l=1 rev1=1 crypto rx=0x7f5aa4009820 tx=0x7f5aa402a270 comp rx=0 tx=0).ready entity=mon.0 client_cookie=1335e632226075cf server_cookie=0 in_seq=0 out_seq=0
2024-09-10T08:36:49.030 INFO:teuthology.orchestra.run.smithi172.stdout:/usr/bin/ceph: stderr
2024-09-10T08:36:48.151+0000 7f5ab1d9b640 1 -- 172.21.15.172:0/2269343705 <== mon.0 v2:172.21.15.172:3300/0 1 ==== mon_map magic: 0 ==== 205+0+0 (secure 0 0 0) 0x7f5aa4037070 con 0x7f5ab41074a0
2024-09-10T08:36:49.030 INFO:teuthology.orchestra.run.smithi172.stdout:/usr/bin/ceph: stderr
2024-09-10T08:36:48.151+0000 7f5ab1d9b640 1 -- 172.21.15.172:0/2269343705 <== mon.0 v2:172.21.15.172:3300/0 2 ==== config(26 keys) ==== 1071+0+0 (secure 0 0 0) 0x7f5aa40328d0 con 0x7f5ab41074a0
2024-09-10T08:36:49.030 INFO:teuthology.orchestra.run.smithi172.stdout:/usr/bin/ceph: stderr
2024-09-10T08:36:48.151+0000 7f5ab1d9b640 1 -- 172.21.15.172:0/2269343705 <== mon.0 v2:172.21.15.172:3300/0 3 ==== mon_map magic: 0 ==== 205+0+0 (secure 0 0 0) 0x7f5aa40307d0 con 0x7f5ab41074a0
2024-09-10T08:36:49.030 INFO:teuthology.orchestra.run.smithi172.stdout:/usr/bin/ceph: stderr
2024-09-10T08:36:48.152+0000 7f5ab8848640 1 -- 172.21.15.172:0/2269343705 >> [v2:172.21.15.172:3300/0,v1:172.21.15.172:6789/0] conn(0x7f5ab41074a0 msgr2=0x7f5ab41078a0 secure :-1 s=STATE_CONNECTION_ESTABLISHED l=1).mark_down
2024-09-10T08:36:49.030 INFO:teuthology.orchestra.run.smithi172.stdout:/usr/bin/ceph: stderr
2024-09-10T08:36:48.152+0000 7f5ab8848640 1 --2- 172.21.15.172:0/2269343705 >> [v2:172.21.15.172:3300/0,v1:172.21.15.172:6789/0] conn(0x7f5ab41074a0 0x7f5ab41078a0 secure :-1 s=READY pgs=18 cs=0 l=1 rev1=1 crypto rx=0x7f5aa4009820 tx=0x7f5aa402a270 comp rx=0 tx=0).stop
2024-09-10T08:36:49.030 INFO:teuthology.orchestra.run.smithi172.stdout:/usr/bin/ceph: stderr
2024-09-10T08:36:48.152+0000 7f5ab8848640 1 -- 172.21.15.172:0/2269343705 shutdown_connections
2024-09-10T08:36:49.031 INFO:teuthology.orchestra.run.smithi172.stdout:/usr/bin/ceph: stderr
2024-09-10T08:36:48.152+0000 7f5ab8848640 1 --2- 172.21.15.172:0/2269343705 >> [v2:172.21.15.172:3300/0,v1:172.21.15.172:6789/0] conn(0x7f5ab41074a0 0x7f5ab41078a0 unknown :-1 s=CLOSED pgs=18 cs=0 l=1 rev1=1 crypto rx=0 tx=0 comp rx=0 tx=0).stop
2024-09-10T08:36:49.031 INFO:teuthology.orchestra.run.smithi172.stdout:/usr/bin/ceph: stderr
2024-09-10T08:36:48.152+0000 7f5ab8848640 1 -- 172.21.15.172:0/2269343705 >> 172.21.15.172:0/2269343705 conn(0x7f5ab4102c50 msgr2=0x7f5ab4105070 unknown :-1 s=STATE_NONE l=0).mark_down
2024-09-10T08:36:49.031 INFO:teuthology.orchestra.run.smithi172.stdout:/usr/bin/ceph: stderr
2024-09-10T08:36:48.152+0000 7f5ab8848640 1 -- 172.21.15.172:0/2269343705 shutdown_connections
2024-09-10T08:36:49.031 INFO:teuthology.orchestra.run.smithi172.stdout:/usr/bin/ceph: stderr
2024-09-10T08:36:48.152+0000 7f5ab8848640 1 -- 172.21.15.172:0/2269343705 wait complete.
2024-09-10T08:36:49.031 INFO:teuthology.orchestra.run.smithi172.stdout:/usr/bin/ceph: stderr
2024-09-10T08:36:48.153+0000 7f5ab8848640 1 Processor -- start
2024-09-10T08:36:49.031 INFO:teuthology.orchestra.run.smithi172.stdout:/usr/bin/ceph: stderr
2024-09-10T08:36:48.153+0000 7f5ab8848640 1 -- start start
2024-09-10T08:36:49.031 INFO:teuthology.orchestra.run.smithi172.stdout:/usr/bin/ceph: stderr
2024-09-10T08:36:48.153+0000 7f5ab8848640 1 --2- >> [v2:172.21.15.172:3300/0,v1:172.21.15.172:6789/0] conn(0x7f5ab41074a0 0x7f5ab419b410 unknown :-1 s=NONE pgs=0 cs=0 l=1 rev1=0 crypto rx=0 tx=0 comp rx=0 tx=0).connect
2024-09-10T08:36:49.031 INFO:teuthology.orchestra.run.smithi172.stdout:/usr/bin/ceph: stderr
2024-09-10T08:36:48.153+0000 7f5ab8848640 1 -- --> [v2:172.21.15.172:3300/0,v1:172.21.15.172:6789/0] -- mon_getmap magic: 0 -- 0x7f5ab410ba50 con 0x7f5ab41074a0
2024-09-10T08:36:49.031 INFO:teuthology.orchestra.run.smithi172.stdout:/usr/bin/ceph: stderr
2024-09-10T08:36:48.153+0000 7f5ab259c640 1 --2- >> [v2:172.21.15.172:3300/0,v1:172.21.15.172:6789/0] conn(0x7f5ab41074a0 0x7f5ab419b410 unknown :-1 s=BANNER_CONNECTING pgs=0 cs=0 l=1 rev1=0 crypto rx=0 tx=0 comp rx=0 tx=0)._handle_peer_banner_payload supported=3 required=0
2024-09-10T08:36:49.031 INFO:teuthology.orchestra.run.smithi172.stdout:/usr/bin/ceph: stderr
2024-09-10T08:36:48.153+0000 7f5ab259c640 1 --2- >> [v2:172.21.15.172:3300/0,v1:172.21.15.172:6789/0] conn(0x7f5ab41074a0 0x7f5ab419b410 unknown :-1 s=HELLO_CONNECTING pgs=0 cs=0 l=1 rev1=1 crypto rx=0 tx=0 comp rx=0 tx=0).handle_hello peer v2:172.21.15.172:3300/0 says I am v2:172.21.15.172:36436/0 (socket says 172.21.15.172:36436)
2024-09-10T08:36:49.031 INFO:teuthology.orchestra.run.smithi172.stdout:/usr/bin/ceph: stderr
2024-09-10T08:36:48.153+0000 7f5ab259c640 1 -- 172.21.15.172:0/1882451508 learned_addr learned my addr 172.21.15.172:0/1882451508 (peer_addr_for_me v2:172.21.15.172:0/0)
2024-09-10T08:36:49.031 INFO:teuthology.orchestra.run.smithi172.stdout:/usr/bin/ceph: stderr
2024-09-10T08:36:48.153+0000 7f5ab259c640 1 -- 172.21.15.172:0/1882451508 --> [v2:172.21.15.172:3300/0,v1:172.21.15.172:6789/0] -- mon_subscribe({config=0+,monmap=0+}) -- 0x7f5ab419b950 con 0x7f5ab41074a0
2024-09-10T08:36:49.032 INFO:teuthology.orchestra.run.smithi172.stdout:/usr/bin/ceph: stderr
2024-09-10T08:36:48.153+0000 7f5ab259c640 1 --2- 172.21.15.172:0/1882451508 >> [v2:172.21.15.172:3300/0,v1:172.21.15.172:6789/0] conn(0x7f5ab41074a0 0x7f5ab419b410 secure :-1 s=READY pgs=19 cs=0 l=1 rev1=1 crypto rx=0x7f5aa4009940 tx=0x7f5aa4032e10 comp rx=0 tx=0).ready entity=mon.0 client_cookie=0 server_cookie=0 in_seq=0 out_seq=0
2024-09-10T08:36:49.032 INFO:teuthology.orchestra.run.smithi172.stdout:/usr/bin/ceph: stderr
2024-09-10T08:36:48.154+0000 7f5aab7fe640 1 -- 172.21.15.172:0/1882451508 <== mon.0 v2:172.21.15.172:3300/0 1 ==== mon_map magic: 0 ==== 205+0+0 (secure 0 0 0) 0x7f5aa4042070 con 0x7f5ab41074a0
2024-09-10T08:36:49.032 INFO:teuthology.orchestra.run.smithi172.stdout:/usr/bin/ceph: stderr
2024-09-10T08:36:48.154+0000 7f5aab7fe640 1 -- 172.21.15.172:0/1882451508 <== mon.0 v2:172.21.15.172:3300/0 2 ==== config(26 keys) ==== 1071+0+0 (secure 0 0 0) 0x7f5aa4030c80 con 0x7f5ab41074a0
2024-09-10T08:36:49.032 INFO:teuthology.orchestra.run.smithi172.stdout:/usr/bin/ceph: stderr
2024-09-10T08:36:48.154+0000 7f5aab7fe640 1 -- 172.21.15.172:0/1882451508 <== mon.0 v2:172.21.15.172:3300/0 3 ==== mon_map magic: 0 ==== 205+0+0 (secure 0 0 0) 0x7f5aa4037040 con 0x7f5ab41074a0
2024-09-10T08:36:49.032 INFO:teuthology.orchestra.run.smithi172.stdout:/usr/bin/ceph: stderr
2024-09-10T08:36:48.154+0000 7f5ab8848640 1 -- 172.21.15.172:0/1882451508 --> [v2:172.21.15.172:3300/0,v1:172.21.15.172:6789/0] -- mon_subscribe({mgrmap=0+}) -- 0x7f5ab419bbe0 con 0x7f5ab41074a0
2024-09-10T08:36:49.032 INFO:teuthology.orchestra.run.smithi172.stdout:/usr/bin/ceph: stderr
2024-09-10T08:36:48.154+0000 7f5ab8848640 1 -- 172.21.15.172:0/1882451508 --> [v2:172.21.15.172:3300/0,v1:172.21.15.172:6789/0] -- mon_subscribe({osdmap=0}) -- 0x7f5ab419e8d0 con 0x7f5ab41074a0
2024-09-10T08:36:49.032 INFO:teuthology.orchestra.run.smithi172.stdout:/usr/bin/ceph: stderr
2024-09-10T08:36:48.154+0000 7f5aab7fe640 1 -- 172.21.15.172:0/1882451508 <== mon.0 v2:172.21.15.172:3300/0 4 ==== mgrmap(e 4) ==== 46276+0+0 (secure 0 0 0) 0x7f5aa4045070 con 0x7f5ab41074a0
2024-09-10T08:36:49.032 INFO:teuthology.orchestra.run.smithi172.stdout:/usr/bin/ceph: stderr
2024-09-10T08:36:48.155+0000 7f5ab8848640 1 -- 172.21.15.172:0/1882451508 --> [v2:172.21.15.172:3300/0,v1:172.21.15.172:6789/0] -- mon_command({"prefix": "get_command_descriptions"} v 0) -- 0x7f5ab410bbd0 con 0x7f5ab41074a0
2024-09-10T08:36:49.032 INFO:teuthology.orchestra.run.smithi172.stdout:/usr/bin/ceph: stderr
2024-09-10T08:36:48.155+0000 7f5aab7fe640 1 --2- 172.21.15.172:0/1882451508 >> [v2:172.21.15.172:6800/2639090029,v1:172.21.15.172:6801/2639090029] conn(0x7f5aa0038f20 0x7f5aa003b3e0 unknown :-1 s=NONE pgs=0 cs=0 l=1 rev1=0 crypto rx=0 tx=0 comp rx=0 tx=0).connect
2024-09-10T08:36:49.032 INFO:teuthology.orchestra.run.smithi172.stdout:/usr/bin/ceph: stderr
2024-09-10T08:36:48.155+0000 7f5aab7fe640 1 -- 172.21.15.172:0/1882451508 <== mon.0 v2:172.21.15.172:3300/0 5 ==== osd_map(1..1 src has 1..1) ==== 725+0+0 (secure 0 0 0) 0x7f5aa406bfe0 con 0x7f5ab41074a0
2024-09-10T08:36:49.032 INFO:teuthology.orchestra.run.smithi172.stdout:/usr/bin/ceph: stderr
2024-09-10T08:36:48.155+0000 7f5aabfff640 1 --2- 172.21.15.172:0/1882451508 >> [v2:172.21.15.172:6800/2639090029,v1:172.21.15.172:6801/2639090029] conn(0x7f5aa0038f20 0x7f5aa003b3e0 unknown :-1 s=BANNER_CONNECTING pgs=0 cs=0 l=1 rev1=0 crypto rx=0 tx=0 comp rx=0 tx=0)._handle_peer_banner_payload supported=3 required=0
2024-09-10T08:36:49.032 INFO:teuthology.orchestra.run.smithi172.stdout:/usr/bin/ceph: stderr
2024-09-10T08:36:48.155+0000 7f5aabfff640 1 --2- 172.21.15.172:0/1882451508 >> [v2:172.21.15.172:6800/2639090029,v1:172.21.15.172:6801/2639090029] conn(0x7f5aa0038f20 0x7f5aa003b3e0 secure :-1 s=READY pgs=7 cs=0 l=1 rev1=1 crypto rx=0x7f5a9c0098c0 tx=0x7f5a9c006db0 comp rx=0 tx=0).ready entity=mgr.14100 client_cookie=0 server_cookie=0 in_seq=0 out_seq=0
2024-09-10T08:36:49.033 INFO:teuthology.orchestra.run.smithi172.stdout:/usr/bin/ceph: stderr
2024-09-10T08:36:48.159+0000 7f5aab7fe640 1 -- 172.21.15.172:0/1882451508 <== mon.0 v2:172.21.15.172:3300/0 6 ==== mon_command_ack([{"prefix": "get_command_descriptions"}]=0 v0) ==== 72+0+188821 (secure 0 0 0) 0x7f5aa4045360 con 0x7f5ab41074a0
2024-09-10T08:36:49.033 INFO:teuthology.orchestra.run.smithi172.stdout:/usr/bin/ceph: stderr
2024-09-10T08:36:48.325+0000 7f5ab8848640 1 -- 172.21.15.172:0/1882451508 --> [v2:172.21.15.172:3300/0,v1:172.21.15.172:6789/0] -- mon_command({"prefix": "config assimilate-conf"} v 0) -- 0x7f5ab4107920 con 0x7f5ab41074a0
2024-09-10T08:36:49.033 INFO:teuthology.orchestra.run.smithi172.stdout:/usr/bin/ceph: stderr
2024-09-10T08:36:48.326+0000 7f5aab7fe640 1 -- 172.21.15.172:0/1882451508 <== mon.0 v2:172.21.15.172:3300/0 7 ==== mon_command_ack([{"prefix": "config assimilate-conf"}]=0 v3) ==== 70+0+456 (secure 0 0 0) 0x7f5aa4050e00 con 0x7f5ab41074a0
2024-09-10T08:36:49.033 INFO:teuthology.orchestra.run.smithi172.stdout:/usr/bin/ceph: stderr
2024-09-10T08:36:48.328+0000 7f5ab8848640 1 -- 172.21.15.172:0/1882451508 >> [v2:172.21.15.172:6800/2639090029,v1:172.21.15.172:6801/2639090029] conn(0x7f5aa0038f20 msgr2=0x7f5aa003b3e0 secure :-1 s=STATE_CONNECTION_ESTABLISHED l=1).mark_down
2024-09-10T08:36:49.033 INFO:teuthology.orchestra.run.smithi172.stdout:/usr/bin/ceph: stderr
2024-09-10T08:36:48.328+0000 7f5ab8848640 1 --2- 172.21.15.172:0/1882451508 >> [v2:172.21.15.172:6800/2639090029,v1:172.21.15.172:6801/2639090029] conn(0x7f5aa0038f20 0x7f5aa003b3e0 secure :-1 s=READY pgs=7 cs=0 l=1 rev1=1 crypto rx=0x7f5a9c0098c0 tx=0x7f5a9c006db0 comp rx=0 tx=0).stop
2024-09-10T08:36:49.033 INFO:teuthology.orchestra.run.smithi172.stdout:/usr/bin/ceph: stderr
2024-09-10T08:36:48.328+0000 7f5ab8848640 1 -- 172.21.15.172:0/1882451508 >> [v2:172.21.15.172:3300/0,v1:172.21.15.172:6789/0] conn(0x7f5ab41074a0 msgr2=0x7f5ab419b410 secure :-1 s=STATE_CONNECTION_ESTABLISHED l=1).mark_down
2024-09-10T08:36:49.033 INFO:teuthology.orchestra.run.smithi172.stdout:/usr/bin/ceph: stderr
2024-09-10T08:36:48.328+0000 7f5ab8848640 1 --2- 172.21.15.172:0/1882451508 >> [v2:172.21.15.172:3300/0,v1:172.21.15.172:6789/0] conn(0x7f5ab41074a0 0x7f5ab419b410 secure :-1 s=READY pgs=19 cs=0 l=1 rev1=1 crypto rx=0x7f5aa4009940 tx=0x7f5aa4032e10 comp rx=0 tx=0).stop
2024-09-10T08:36:49.033 INFO:teuthology.orchestra.run.smithi172.stdout:/usr/bin/ceph: stderr
2024-09-10T08:36:48.328+0000 7f5ab8848640 1 -- 172.21.15.172:0/1882451508 shutdown_connections
2024-09-10T08:36:49.033 INFO:teuthology.orchestra.run.smithi172.stdout:/usr/bin/ceph: stderr
2024-09-10T08:36:48.328+0000 7f5ab8848640 1 --2- 172.21.15.172:0/1882451508 >> [v2:172.21.15.172:6800/2639090029,v1:172.21.15.172:6801/2639090029] conn(0x7f5aa0038f20 0x7f5aa003b3e0 unknown :-1 s=CLOSED pgs=7 cs=0 l=1 rev1=1 crypto rx=0 tx=0 comp rx=0 tx=0).stop
2024-09-10T08:36:49.033 INFO:teuthology.orchestra.run.smithi172.stdout:/usr/bin/ceph: stderr
2024-09-10T08:36:48.328+0000 7f5ab8848640 1 --2- 172.21.15.172:0/1882451508 >> [v2:172.21.15.172:3300/0,v1:172.21.15.172:6789/0] conn(0x7f5ab41074a0 0x7f5ab419b410 unknown :-1 s=CLOSED pgs=19 cs=0 l=1 rev1=1 crypto rx=0 tx=0 comp rx=0 tx=0).stop
2024-09-10T08:36:49.033 INFO:teuthology.orchestra.run.smithi172.stdout:/usr/bin/ceph: stderr
2024-09-10T08:36:48.328+0000 7f5ab8848640 1 -- 172.21.15.172:0/1882451508 >> 172.21.15.172:0/1882451508 conn(0x7f5ab4102c50 msgr2=0x7f5ab4103730 unknown :-1 s=STATE_NONE l=0).mark_down
2024-09-10T08:36:49.033 INFO:teuthology.orchestra.run.smithi172.stdout:/usr/bin/ceph: stderr
2024-09-10T08:36:48.328+0000 7f5ab8848640 1 -- 172.21.15.172:0/1882451508 shutdown_connections
2024-09-10T08:36:49.033 INFO:teuthology.orchestra.run.smithi172.stdout:/usr/bin/ceph: stderr
2024-09-10T08:36:48.328+0000 7f5ab8848640 1 -- 172.21.15.172:0/1882451508 wait complete.
2024-09-10T08:36:49.034 INFO:teuthology.orchestra.run.smithi172.stdout:Enabling cephadm module...
2024-09-10T08:36:49.320 INFO:journalctl@ceph.mon.a.smithi172.stdout:Sep 10 08:36:49 smithi172 ceph-mon[30854]: from='client.? 172.21.15.172:0/1882451508' entity='client.admin' cmd=[{"prefix": "config assimilate-conf"}]: dispatch
2024-09-10T08:36:50.331 INFO:journalctl@ceph.mon.a.smithi172.stdout:Sep 10 08:36:50 smithi172 ceph-mon[30854]: from='client.? 172.21.15.172:0/2548445726' entity='client.admin' cmd=[{"prefix": "mgr module enable", "module": "cephadm"}]: dispatch
2024-09-10T08:36:50.332 INFO:journalctl@ceph.mgr.x.smithi172.stdout:Sep 10 08:36:50 smithi172 ceph-a7dba522-6f4f-11ef-bcea-c7b262605968-mgr-x[31079]: ignoring --setuser ceph since I am not root
2024-09-10T08:36:50.332 INFO:journalctl@ceph.mgr.x.smithi172.stdout:Sep 10 08:36:50 smithi172 ceph-a7dba522-6f4f-11ef-bcea-c7b262605968-mgr-x[31079]: ignoring --setgroup ceph since I am not root
2024-09-10T08:36:50.332 INFO:journalctl@ceph.mgr.x.smithi172.stdout:Sep 10 08:36:50 smithi172 ceph-a7dba522-6f4f-11ef-bcea-c7b262605968-mgr-x[31079]:
2024-09-10T08:36:50.195+0000 7f7148f8d040 -1 mgr[py] Module osd_perf_query has missing NOTIFY_TYPES member
2024-09-10T08:36:50.332 INFO:journalctl@ceph.mgr.x.smithi172.stdout:Sep 10 08:36:50 smithi172 ceph-a7dba522-6f4f-11ef-bcea-c7b262605968-mgr-x[31079]:
2024-09-10T08:36:50.251+0000 7f7148f8d040 -1 mgr[py] Module osd_support has missing NOTIFY_TYPES member
2024-09-10T08:36:50.691 INFO:journalctl@ceph.mgr.x.smithi172.stdout:Sep 10 08:36:50 smithi172 ceph-a7dba522-6f4f-11ef-bcea-c7b262605968-mgr-x[31079]:
2024-09-10T08:36:50.401+0000 7f7148f8d040 -1 mgr[py] Module diskprediction_local has missing NOTIFY_TYPES member
2024-09-10T08:36:50.691 INFO:journalctl@ceph.mgr.x.smithi172.stdout:Sep 10 08:36:50 smithi172 ceph-a7dba522-6f4f-11ef-bcea-c7b262605968-mgr-x[31079]:
2024-09-10T08:36:50.469+0000 7f7148f8d040 -1 mgr[py] Module crash has missing NOTIFY_TYPES member
2024-09-10T08:36:50.691 INFO:journalctl@ceph.mgr.x.smithi172.stdout:Sep 10 08:36:50 smithi172 ceph-a7dba522-6f4f-11ef-bcea-c7b262605968-mgr-x[31079]:
2024-09-10T08:36:50.616+0000 7f7148f8d040 -1 mgr[py] Module test_orchestrator has missing NOTIFY_TYPES member
2024-09-10T08:36:50.700 INFO:teuthology.orchestra.run.smithi172.stdout:/usr/bin/ceph: stderr
2024-09-10T08:36:49.402+0000 7fb76f701640 1 Processor -- start
2024-09-10T08:36:50.700 INFO:teuthology.orchestra.run.smithi172.stdout:/usr/bin/ceph: stderr
2024-09-10T08:36:49.403+0000 7fb76f701640 1 -- start start
2024-09-10T08:36:50.700 INFO:teuthology.orchestra.run.smithi172.stdout:/usr/bin/ceph: stderr
2024-09-10T08:36:49.403+0000 7fb76f701640 1 --2- >> [v2:172.21.15.172:3300/0,v1:172.21.15.172:6789/0] conn(0x7fb768105760 0x7fb768105b60 unknown :-1 s=NONE pgs=0 cs=0 l=0 rev1=0 crypto rx=0 tx=0 comp rx=0 tx=0).connect
2024-09-10T08:36:50.700 INFO:teuthology.orchestra.run.smithi172.stdout:/usr/bin/ceph: stderr
2024-09-10T08:36:49.403+0000 7fb76f701640 1 -- --> [v2:172.21.15.172:3300/0,v1:172.21.15.172:6789/0] -- mon_getmap magic: 0 -- 0x7fb768106130 con 0x7fb768105760
2024-09-10T08:36:50.700 INFO:teuthology.orchestra.run.smithi172.stdout:/usr/bin/ceph: stderr
2024-09-10T08:36:49.403+0000 7fb76d49d640 1 --2- >> [v2:172.21.15.172:3300/0,v1:172.21.15.172:6789/0] conn(0x7fb768105760 0x7fb768105b60 unknown :-1 s=BANNER_CONNECTING pgs=0 cs=0 l=0 rev1=0 crypto rx=0 tx=0 comp rx=0 tx=0)._handle_peer_banner_payload supported=3 required=0
2024-09-10T08:36:50.700 INFO:teuthology.orchestra.run.smithi172.stdout:/usr/bin/ceph: stderr
2024-09-10T08:36:49.403+0000 7fb76d49d640 1 --2- >> [v2:172.21.15.172:3300/0,v1:172.21.15.172:6789/0] conn(0x7fb768105760 0x7fb768105b60 unknown :-1 s=HELLO_CONNECTING pgs=0 cs=0 l=0 rev1=1 crypto rx=0 tx=0 comp rx=0 tx=0).handle_hello peer v2:172.21.15.172:3300/0 says I am v2:172.21.15.172:36452/0 (socket says 172.21.15.172:36452)
2024-09-10T08:36:50.700 INFO:teuthology.orchestra.run.smithi172.stdout:/usr/bin/ceph: stderr
2024-09-10T08:36:49.403+0000 7fb76d49d640 1 -- 172.21.15.172:0/3565935599 learned_addr learned my addr 172.21.15.172:0/3565935599 (peer_addr_for_me v2:172.21.15.172:0/0)
2024-09-10T08:36:50.700 INFO:teuthology.orchestra.run.smithi172.stdout:/usr/bin/ceph: stderr
2024-09-10T08:36:49.403+0000 7fb76d49d640 1 -- 172.21.15.172:0/3565935599 --> [v2:172.21.15.172:3300/0,v1:172.21.15.172:6789/0] -- mon_subscribe({config=0+,monmap=0+}) -- 0x7fb768108740 con 0x7fb768105760
2024-09-10T08:36:50.701 INFO:teuthology.orchestra.run.smithi172.stdout:/usr/bin/ceph: stderr
2024-09-10T08:36:49.404+0000 7fb76d49d640 1 --2- 172.21.15.172:0/3565935599 >> [v2:172.21.15.172:3300/0,v1:172.21.15.172:6789/0] conn(0x7fb768105760 0x7fb768105b60 secure :-1 s=READY pgs=20 cs=0 l=1 rev1=1 crypto rx=0x7fb764009820 tx=0x7fb76402a270 comp rx=0 tx=0).ready entity=mon.0 client_cookie=dce124a30ed7b4d2 server_cookie=0 in_seq=0 out_seq=0
2024-09-10T08:36:50.701 INFO:teuthology.orchestra.run.smithi172.stdout:/usr/bin/ceph: stderr
2024-09-10T08:36:49.404+0000 7fb75bfff640 1 -- 172.21.15.172:0/3565935599 <== mon.0 v2:172.21.15.172:3300/0 1 ==== mon_map magic: 0 ==== 205+0+0 (secure 0 0 0) 0x7fb764037070 con 0x7fb768105760
2024-09-10T08:36:50.701 INFO:teuthology.orchestra.run.smithi172.stdout:/usr/bin/ceph: stderr
2024-09-10T08:36:49.404+0000 7fb75bfff640 1 -- 172.21.15.172:0/3565935599 <== mon.0 v2:172.21.15.172:3300/0 2 ==== config(26 keys) ==== 1071+0+0 (secure 0 0 0) 0x7fb7640328d0 con 0x7fb768105760
2024-09-10T08:36:50.701 INFO:teuthology.orchestra.run.smithi172.stdout:/usr/bin/ceph: stderr
2024-09-10T08:36:49.404+0000 7fb75bfff640 1 -- 172.21.15.172:0/3565935599 <== mon.0 v2:172.21.15.172:3300/0 3 ==== mon_map magic: 0 ==== 205+0+0 (secure 0 0 0) 0x7fb7640307d0 con 0x7fb768105760
2024-09-10T08:36:50.701 INFO:teuthology.orchestra.run.smithi172.stdout:/usr/bin/ceph: stderr
2024-09-10T08:36:49.405+0000 7fb76f701640 1 -- 172.21.15.172:0/3565935599 >> [v2:172.21.15.172:3300/0,v1:172.21.15.172:6789/0] conn(0x7fb768105760 msgr2=0x7fb768105b60 secure :-1 s=STATE_CONNECTION_ESTABLISHED l=1).mark_down
2024-09-10T08:36:50.701 INFO:teuthology.orchestra.run.smithi172.stdout:/usr/bin/ceph: stderr
2024-09-10T08:36:49.405+0000 7fb76f701640 1 --2- 172.21.15.172:0/3565935599 >> [v2:172.21.15.172:3300/0,v1:172.21.15.172:6789/0] conn(0x7fb768105760 0x7fb768105b60 secure :-1 s=READY pgs=20 cs=0 l=1 rev1=1 crypto rx=0x7fb764009820 tx=0x7fb76402a270 comp rx=0 tx=0).stop
2024-09-10T08:36:50.701 INFO:teuthology.orchestra.run.smithi172.stdout:/usr/bin/ceph: stderr
2024-09-10T08:36:49.405+0000 7fb76f701640 1 -- 172.21.15.172:0/3565935599 shutdown_connections
2024-09-10T08:36:50.701 INFO:teuthology.orchestra.run.smithi172.stdout:/usr/bin/ceph: stderr
2024-09-10T08:36:49.405+0000 7fb76f701640 1 --2- 172.21.15.172:0/3565935599 >> [v2:172.21.15.172:3300/0,v1:172.21.15.172:6789/0] conn(0x7fb768105760 0x7fb768105b60 unknown :-1 s=CLOSED pgs=20 cs=0 l=1 rev1=1 crypto rx=0 tx=0 comp rx=0 tx=0).stop
2024-09-10T08:36:50.701 INFO:teuthology.orchestra.run.smithi172.stdout:/usr/bin/ceph: stderr
2024-09-10T08:36:49.405+0000 7fb76f701640 1 -- 172.21.15.172:0/3565935599 >> 172.21.15.172:0/3565935599 conn(0x7fb768101270 msgr2=0x7fb7681036f0 unknown :-1 s=STATE_NONE l=0).mark_down
2024-09-10T08:36:50.701 INFO:teuthology.orchestra.run.smithi172.stdout:/usr/bin/ceph: stderr
2024-09-10T08:36:49.405+0000 7fb76f701640 1 -- 172.21.15.172:0/3565935599 shutdown_connections
2024-09-10T08:36:50.701 INFO:teuthology.orchestra.run.smithi172.stdout:/usr/bin/ceph: stderr
2024-09-10T08:36:49.405+0000 7fb76f701640 1 -- 172.21.15.172:0/3565935599 wait complete.
2024-09-10T08:36:50.702 INFO:teuthology.orchestra.run.smithi172.stdout:/usr/bin/ceph: stderr
2024-09-10T08:36:49.406+0000 7fb76f701640 1 Processor -- start
2024-09-10T08:36:50.702 INFO:teuthology.orchestra.run.smithi172.stdout:/usr/bin/ceph: stderr
2024-09-10T08:36:49.406+0000 7fb76f701640 1 -- start start
2024-09-10T08:36:50.702 INFO:teuthology.orchestra.run.smithi172.stdout:/usr/bin/ceph: stderr
2024-09-10T08:36:49.406+0000 7fb76f701640 1 --2- >> [v2:172.21.15.172:3300/0,v1:172.21.15.172:6789/0] conn(0x7fb768105760 0x7fb76819b4c0 unknown :-1 s=NONE pgs=0 cs=0 l=1 rev1=0 crypto rx=0 tx=0 comp rx=0 tx=0).connect
2024-09-10T08:36:50.702 INFO:teuthology.orchestra.run.smithi172.stdout:/usr/bin/ceph: stderr
2024-09-10T08:36:49.406+0000 7fb76f701640 1 -- --> [v2:172.21.15.172:3300/0,v1:172.21.15.172:6789/0] -- mon_getmap magic: 0 -- 0x7fb76810b970 con 0x7fb768105760
2024-09-10T08:36:50.702 INFO:teuthology.orchestra.run.smithi172.stdout:/usr/bin/ceph: stderr
2024-09-10T08:36:49.406+0000 7fb76d49d640 1 --2- >> [v2:172.21.15.172:3300/0,v1:172.21.15.172:6789/0] conn(0x7fb768105760 0x7fb76819b4c0 unknown :-1 s=BANNER_CONNECTING pgs=0 cs=0 l=1 rev1=0 crypto rx=0 tx=0 comp rx=0 tx=0)._handle_peer_banner_payload supported=3 required=0
2024-09-10T08:36:50.702 INFO:teuthology.orchestra.run.smithi172.stdout:/usr/bin/ceph: stderr
2024-09-10T08:36:49.406+0000 7fb76d49d640 1 --2- >> [v2:172.21.15.172:3300/0,v1:172.21.15.172:6789/0] conn(0x7fb768105760 0x7fb76819b4c0 unknown :-1 s=HELLO_CONNECTING pgs=0 cs=0 l=1 rev1=1 crypto rx=0 tx=0 comp rx=0 tx=0).handle_hello peer v2:172.21.15.172:3300/0 says I am v2:172.21.15.172:36460/0 (socket says 172.21.15.172:36460)
2024-09-10T08:36:50.702 INFO:teuthology.orchestra.run.smithi172.stdout:/usr/bin/ceph: stderr
2024-09-10T08:36:49.406+0000 7fb76d49d640 1 -- 172.21.15.172:0/2548445726 learned_addr learned my addr 172.21.15.172:0/2548445726 (peer_addr_for_me v2:172.21.15.172:0/0)
2024-09-10T08:36:50.702 INFO:teuthology.orchestra.run.smithi172.stdout:/usr/bin/ceph: stderr
2024-09-10T08:36:49.406+0000 7fb76d49d640 1 -- 172.21.15.172:0/2548445726 --> [v2:172.21.15.172:3300/0,v1:172.21.15.172:6789/0] -- mon_subscribe({config=0+,monmap=0+}) -- 0x7fb76819ba00 con 0x7fb768105760
2024-09-10T08:36:50.702 INFO:teuthology.orchestra.run.smithi172.stdout:/usr/bin/ceph: stderr
2024-09-10T08:36:49.406+0000 7fb76d49d640 1 --2- 172.21.15.172:0/2548445726 >> [v2:172.21.15.172:3300/0,v1:172.21.15.172:6789/0] conn(0x7fb768105760 0x7fb76819b4c0 secure :-1 s=READY pgs=21 cs=0 l=1 rev1=1 crypto rx=0x7fb764030520 tx=0x7fb764032dd0 comp rx=0 tx=0).ready entity=mon.0 client_cookie=0 server_cookie=0 in_seq=0 out_seq=0
2024-09-10T08:36:50.702 INFO:teuthology.orchestra.run.smithi172.stdout:/usr/bin/ceph: stderr
2024-09-10T08:36:49.406+0000 7fb75a7fc640 1 -- 172.21.15.172:0/2548445726 <== mon.0 v2:172.21.15.172:3300/0 1 ==== mon_map magic: 0 ==== 205+0+0 (secure 0 0 0) 0x7fb764042070 con 0x7fb768105760
2024-09-10T08:36:50.702 INFO:teuthology.orchestra.run.smithi172.stdout:/usr/bin/ceph: stderr
2024-09-10T08:36:49.406+0000 7fb75a7fc640 1 -- 172.21.15.172:0/2548445726 <== mon.0 v2:172.21.15.172:3300/0 2 ==== config(26 keys) ==== 1071+0+0 (secure 0 0 0) 0x7fb764030cc0 con 0x7fb768105760
2024-09-10T08:36:50.702 INFO:teuthology.orchestra.run.smithi172.stdout:/usr/bin/ceph: stderr
2024-09-10T08:36:49.406+0000 7fb76f701640 1 -- 172.21.15.172:0/2548445726 --> [v2:172.21.15.172:3300/0,v1:172.21.15.172:6789/0] -- mon_subscribe({mgrmap=0+}) -- 0x7fb76819bc90 con 0x7fb768105760
2024-09-10T08:36:50.702 INFO:teuthology.orchestra.run.smithi172.stdout:/usr/bin/ceph: stderr
2024-09-10T08:36:49.406+0000 7fb75a7fc640 1 -- 172.21.15.172:0/2548445726 <== mon.0 v2:172.21.15.172:3300/0 3 ==== mon_map magic: 0 ==== 205+0+0 (secure 0 0 0) 0x7fb764037040 con 0x7fb768105760
2024-09-10T08:36:50.703 INFO:teuthology.orchestra.run.smithi172.stdout:/usr/bin/ceph: stderr
2024-09-10T08:36:49.407+0000 7fb76f701640 1 -- 172.21.15.172:0/2548445726 --> [v2:172.21.15.172:3300/0,v1:172.21.15.172:6789/0] -- mon_subscribe({osdmap=0}) -- 0x7fb76819e980 con 0x7fb768105760
2024-09-10T08:36:50.703 INFO:teuthology.orchestra.run.smithi172.stdout:/usr/bin/ceph: stderr
2024-09-10T08:36:49.407+0000 7fb75a7fc640 1 -- 172.21.15.172:0/2548445726 <== mon.0 v2:172.21.15.172:3300/0 4 ==== mgrmap(e 4) ==== 46276+0+0 (secure 0 0 0) 0x7fb764045070 con 0x7fb768105760
2024-09-10T08:36:50.703 INFO:teuthology.orchestra.run.smithi172.stdout:/usr/bin/ceph: stderr
2024-09-10T08:36:49.407+0000 7fb76f701640 1 -- 172.21.15.172:0/2548445726 --> [v2:172.21.15.172:3300/0,v1:172.21.15.172:6789/0] -- mon_command({"prefix": "get_command_descriptions"} v 0) -- 0x7fb768105be0 con 0x7fb768105760
2024-09-10T08:36:50.703 INFO:teuthology.orchestra.run.smithi172.stdout:/usr/bin/ceph: stderr
2024-09-10T08:36:49.408+0000 7fb75a7fc640 1 --2- 172.21.15.172:0/2548445726 >> [v2:172.21.15.172:6800/2639090029,v1:172.21.15.172:6801/2639090029] conn(0x7fb754038f70 0x7fb75403b430 unknown :-1 s=NONE pgs=0 cs=0 l=1 rev1=0 crypto rx=0 tx=0 comp rx=0 tx=0).connect
2024-09-10T08:36:50.703 INFO:teuthology.orchestra.run.smithi172.stdout:/usr/bin/ceph: stderr
2024-09-10T08:36:49.408+0000 7fb75a7fc640 1 -- 172.21.15.172:0/2548445726 <== mon.0 v2:172.21.15.172:3300/0 5 ==== osd_map(1..1 src has 1..1) ==== 725+0+0 (secure 0 0 0) 0x7fb76406bfa0 con 0x7fb768105760
2024-09-10T08:36:50.703 INFO:teuthology.orchestra.run.smithi172.stdout:/usr/bin/ceph: stderr
2024-09-10T08:36:49.408+0000 7fb76cc9c640 1 --2- 172.21.15.172:0/2548445726 >> [v2:172.21.15.172:6800/2639090029,v1:172.21.15.172:6801/2639090029] conn(0x7fb754038f70 0x7fb75403b430 unknown :-1 s=BANNER_CONNECTING pgs=0 cs=0 l=1 rev1=0 crypto rx=0 tx=0 comp rx=0 tx=0)._handle_peer_banner_payload supported=3 required=0
2024-09-10T08:36:50.703 INFO:teuthology.orchestra.run.smithi172.stdout:/usr/bin/ceph: stderr
2024-09-10T08:36:49.408+0000 7fb76cc9c640 1 --2- 172.21.15.172:0/2548445726 >> [v2:172.21.15.172:6800/2639090029,v1:172.21.15.172:6801/2639090029] conn(0x7fb754038f70 0x7fb75403b430 secure :-1 s=READY pgs=8 cs=0 l=1 rev1=1 crypto rx=0x7fb75c0098c0 tx=0x7fb75c006db0 comp rx=0 tx=0).ready entity=mgr.14100 client_cookie=0 server_cookie=0 in_seq=0 out_seq=0
2024-09-10T08:36:50.703 INFO:teuthology.orchestra.run.smithi172.stdout:/usr/bin/ceph: stderr
2024-09-10T08:36:49.413+0000 7fb75a7fc640 1 -- 172.21.15.172:0/2548445726 <== mon.0 v2:172.21.15.172:3300/0 6 ==== mon_command_ack([{"prefix": "get_command_descriptions"}]=0 v0) ==== 72+0+188821 (secure 0 0 0) 0x7fb764046dd0 con 0x7fb768105760
2024-09-10T08:36:50.703 INFO:teuthology.orchestra.run.smithi172.stdout:/usr/bin/ceph: stderr
2024-09-10T08:36:49.624+0000 7fb76f701640 1 -- 172.21.15.172:0/2548445726 --> [v2:172.21.15.172:3300/0,v1:172.21.15.172:6789/0] -- mon_command({"prefix": "mgr module enable", "module": "cephadm"} v 0) -- 0x7fb76819f000 con 0x7fb768105760
2024-09-10T08:36:50.703 INFO:teuthology.orchestra.run.smithi172.stdout:/usr/bin/ceph: stderr
2024-09-10T08:36:50.039+0000 7fb75a7fc640 1 -- 172.21.15.172:0/2548445726 <== mon.0 v2:172.21.15.172:3300/0 7 ==== mon_command_ack([{"prefix": "mgr module enable", "module": "cephadm"}]=0 v5) ==== 86+0+0 (secure 0 0 0) 0x7fb76403cac0 con 0x7fb768105760
2024-09-10T08:36:50.703 INFO:teuthology.orchestra.run.smithi172.stdout:/usr/bin/ceph: stderr
2024-09-10T08:36:50.041+0000 7fb75a7fc640 1 -- 172.21.15.172:0/2548445726 <== mon.0 v2:172.21.15.172:3300/0 8 ==== mgrmap(e 5) ==== 46287+0+0 (secure 0 0 0) 0x7fb76403c580 con 0x7fb768105760
2024-09-10T08:36:50.703 INFO:teuthology.orchestra.run.smithi172.stdout:/usr/bin/ceph: stderr
2024-09-10T08:36:50.043+0000 7fb76f701640 1 -- 172.21.15.172:0/2548445726 >> [v2:172.21.15.172:6800/2639090029,v1:172.21.15.172:6801/2639090029] conn(0x7fb754038f70 msgr2=0x7fb75403b430 secure :-1 s=STATE_CONNECTION_ESTABLISHED l=1).mark_down
2024-09-10T08:36:50.703 INFO:teuthology.orchestra.run.smithi172.stdout:/usr/bin/ceph: stderr
2024-09-10T08:36:50.043+0000 7fb76f701640 1 --2- 172.21.15.172:0/2548445726 >> [v2:172.21.15.172:6800/2639090029,v1:172.21.15.172:6801/2639090029] conn(0x7fb754038f70 0x7fb75403b430 secure :-1 s=READY pgs=8 cs=0 l=1 rev1=1 crypto rx=0x7fb75c0098c0 tx=0x7fb75c006db0 comp rx=0 tx=0).stop
2024-09-10T08:36:50.704 INFO:teuthology.orchestra.run.smithi172.stdout:/usr/bin/ceph: stderr
2024-09-10T08:36:50.043+0000 7fb76f701640 1 -- 172.21.15.172:0/2548445726 >> [v2:172.21.15.172:3300/0,v1:172.21.15.172:6789/0] conn(0x7fb768105760 msgr2=0x7fb76819b4c0 secure :-1 s=STATE_CONNECTION_ESTABLISHED l=1).mark_down
2024-09-10T08:36:50.704 INFO:teuthology.orchestra.run.smithi172.stdout:/usr/bin/ceph: stderr
2024-09-10T08:36:50.043+0000 7fb76f701640 1 --2- 172.21.15.172:0/2548445726 >> [v2:172.21.15.172:3300/0,v1:172.21.15.172:6789/0] conn(0x7fb768105760 0x7fb76819b4c0 secure :-1 s=READY pgs=21 cs=0 l=1 rev1=1 crypto rx=0x7fb764030520 tx=0x7fb764032dd0 comp rx=0 tx=0).stop
2024-09-10T08:36:50.704 INFO:teuthology.orchestra.run.smithi172.stdout:/usr/bin/ceph: stderr
2024-09-10T08:36:50.043+0000 7fb76f701640 1 -- 172.21.15.172:0/2548445726 shutdown_connections
2024-09-10T08:36:50.704 INFO:teuthology.orchestra.run.smithi172.stdout:/usr/bin/ceph: stderr
2024-09-10T08:36:50.043+0000 7fb76f701640 1 --2- 172.21.15.172:0/2548445726 >> [v2:172.21.15.172:6800/2639090029,v1:172.21.15.172:6801/2639090029] conn(0x7fb754038f70 0x7fb75403b430 unknown :-1 s=CLOSED pgs=8 cs=0 l=1 rev1=1 crypto rx=0 tx=0 comp rx=0 tx=0).stop
2024-09-10T08:36:50.704 INFO:teuthology.orchestra.run.smithi172.stdout:/usr/bin/ceph: stderr
2024-09-10T08:36:50.043+0000 7fb76f701640 1 --2- 172.21.15.172:0/2548445726 >> [v2:172.21.15.172:3300/0,v1:172.21.15.172:6789/0] conn(0x7fb768105760 0x7fb76819b4c0 unknown :-1 s=CLOSED pgs=21 cs=0 l=1 rev1=1 crypto rx=0 tx=0 comp rx=0 tx=0).stop
2024-09-10T08:36:50.704 INFO:teuthology.orchestra.run.smithi172.stdout:/usr/bin/ceph: stderr
2024-09-10T08:36:50.043+0000 7fb76f701640 1 -- 172.21.15.172:0/2548445726 >> 172.21.15.172:0/2548445726 conn(0x7fb768101270 msgr2=0x7fb768101e80 unknown :-1 s=STATE_NONE l=0).mark_down
2024-09-10T08:36:50.704 INFO:teuthology.orchestra.run.smithi172.stdout:/usr/bin/ceph: stderr
2024-09-10T08:36:50.043+0000 7fb76f701640 1 -- 172.21.15.172:0/2548445726 shutdown_connections
2024-09-10T08:36:50.704 INFO:teuthology.orchestra.run.smithi172.stdout:/usr/bin/ceph: stderr
2024-09-10T08:36:50.043+0000 7fb76f701640 1 -- 172.21.15.172:0/2548445726 wait complete.
2024-09-10T08:36:50.952 INFO:journalctl@ceph.mgr.x.smithi172.stdout:Sep 10 08:36:50 smithi172 ceph-a7dba522-6f4f-11ef-bcea-c7b262605968-mgr-x[31079]:
2024-09-10T08:36:50.765+0000 7f7148f8d040 -1 mgr[py] Module snap_schedule has missing NOTIFY_TYPES member
2024-09-10T08:36:51.235 INFO:journalctl@ceph.mon.a.smithi172.stdout:Sep 10 08:36:51 smithi172 ceph-mon[30854]: from='client.? 172.21.15.172:0/2548445726' entity='client.admin' cmd='[{"prefix": "mgr module enable", "module": "cephadm"}]': finished
2024-09-10T08:36:51.235 INFO:journalctl@ceph.mon.a.smithi172.stdout:Sep 10 08:36:51 smithi172 ceph-mon[30854]: mgrmap e5: x(active, since 5s)
2024-09-10T08:36:51.235 INFO:journalctl@ceph.mgr.x.smithi172.stdout:Sep 10 08:36:51 smithi172 ceph-a7dba522-6f4f-11ef-bcea-c7b262605968-mgr-x[31079]:
2024-09-10T08:36:51.091+0000 7f7148f8d040 -1 mgr[py] Module prometheus has missing NOTIFY_TYPES member
2024-09-10T08:36:51.235 INFO:journalctl@ceph.mgr.x.smithi172.stdout:Sep 10 08:36:51 smithi172 ceph-a7dba522-6f4f-11ef-bcea-c7b262605968-mgr-x[31079]:
2024-09-10T08:36:51.151+0000 7f7148f8d040 -1 mgr[py] Module selftest has missing NOTIFY_TYPES member
2024-09-10T08:36:51.581 INFO:journalctl@ceph.mgr.x.smithi172.stdout:Sep 10 08:36:51 smithi172 ceph-a7dba522-6f4f-11ef-bcea-c7b262605968-mgr-x[31079]:
2024-09-10T08:36:51.342+0000 7f7148f8d040 -1 mgr[py] Module volumes has missing NOTIFY_TYPES member
2024-09-10T08:36:51.816 INFO:teuthology.orchestra.run.smithi172.stdout:/usr/bin/ceph: stdout {
2024-09-10T08:36:51.816 INFO:teuthology.orchestra.run.smithi172.stdout:/usr/bin/ceph: stdout "epoch": 5,
2024-09-10T08:36:51.817 INFO:teuthology.orchestra.run.smithi172.stdout:/usr/bin/ceph: stdout "available": true,
