2024-09-10T08:37:05.994+0000 7f85e0941640 1 -- 172.21.15.172:0/2514640057 --> [v2:172.21.15.172:3300/0,v1:172.21.15.172:6789/0] -- mon_command({"prefix": "get_command_descriptions"} v 0) -- 0x7f85dc105be0 con 0x7f85dc105760
2024-09-10T08:37:06.877 INFO:teuthology.orchestra.run.smithi172.stdout:/usr/bin/ceph: stderr
2024-09-10T08:37:05.994+0000 7f85cb7fe640 1 -- 172.21.15.172:0/2514640057 <== mon.0 v2:172.21.15.172:3300/0 5 ==== osd_map(2..2 src has 1..2) ==== 940+0+0 (secure 0 0 0) 0x7f85cc06c1a0 con 0x7f85dc105760
2024-09-10T08:37:06.877 INFO:teuthology.orchestra.run.smithi172.stdout:/usr/bin/ceph: stderr
2024-09-10T08:37:05.995+0000 7f85d9d9b640 1 --2- 172.21.15.172:0/2514640057 >> [v2:172.21.15.172:6800/2333617420,v1:172.21.15.172:6801/2333617420] conn(0x7f85c4038fc0 0x7f85c403b480 unknown :-1 s=BANNER_CONNECTING pgs=0 cs=0 l=1 rev1=0 crypto rx=0 tx=0 comp rx=0 tx=0)._handle_peer_banner_payload supported=3 required=0
2024-09-10T08:37:06.877 INFO:teuthology.orchestra.run.smithi172.stdout:/usr/bin/ceph: stderr
2024-09-10T08:37:05.995+0000 7f85d9d9b640 1 --2- 172.21.15.172:0/2514640057 >> [v2:172.21.15.172:6800/2333617420,v1:172.21.15.172:6801/2333617420] conn(0x7f85c4038fc0 0x7f85c403b480 secure :-1 s=READY pgs=12 cs=0 l=1 rev1=1 crypto rx=0x7f85d00098c0 tx=0x7f85d0006db0 comp rx=0 tx=0).ready entity=mgr.14118 client_cookie=0 server_cookie=0 in_seq=0 out_seq=0
2024-09-10T08:37:06.877 INFO:teuthology.orchestra.run.smithi172.stdout:/usr/bin/ceph: stderr
2024-09-10T08:37:05.999+0000 7f85cb7fe640 1 -- 172.21.15.172:0/2514640057 <== mon.0 v2:172.21.15.172:3300/0 6 ==== mon_command_ack([{"prefix": "get_command_descriptions"}]=0 v0) ==== 72+0+188821 (secure 0 0 0) 0x7f85cc045360 con 0x7f85dc105760
2024-09-10T08:37:06.877 INFO:teuthology.orchestra.run.smithi172.stdout:/usr/bin/ceph: stderr
2024-09-10T08:37:06.189+0000 7f85e0941640 1 -- 172.21.15.172:0/2514640057 --> [v2:172.21.15.172:6800/2333617420,v1:172.21.15.172:6801/2333617420] -- mgr_command(tid 0: {"prefix": "orch apply", "service_type": "mon", "unmanaged": true, "target": ["mon-mgr", ""]}) -- 0x7f85dc102590 con 0x7f85c4038fc0
2024-09-10T08:37:06.877 INFO:teuthology.orchestra.run.smithi172.stdout:/usr/bin/ceph: stderr
2024-09-10T08:37:06.194+0000 7f85cb7fe640 1 -- 172.21.15.172:0/2514640057 <== mgr.14118 v2:172.21.15.172:6800/2333617420 1 ==== mgr_command_reply(tid 0: 0 ) ==== 8+0+24 (secure 0 0 0) 0x7f85dc102590 con 0x7f85c4038fc0
2024-09-10T08:37:06.877 INFO:teuthology.orchestra.run.smithi172.stdout:/usr/bin/ceph: stderr
2024-09-10T08:37:06.196+0000 7f85e0941640 1 -- 172.21.15.172:0/2514640057 >> [v2:172.21.15.172:6800/2333617420,v1:172.21.15.172:6801/2333617420] conn(0x7f85c4038fc0 msgr2=0x7f85c403b480 secure :-1 s=STATE_CONNECTION_ESTABLISHED l=1).mark_down
2024-09-10T08:37:06.877 INFO:teuthology.orchestra.run.smithi172.stdout:/usr/bin/ceph: stderr
2024-09-10T08:37:06.196+0000 7f85e0941640 1 --2- 172.21.15.172:0/2514640057 >> [v2:172.21.15.172:6800/2333617420,v1:172.21.15.172:6801/2333617420] conn(0x7f85c4038fc0 0x7f85c403b480 secure :-1 s=READY pgs=12 cs=0 l=1 rev1=1 crypto rx=0x7f85d00098c0 tx=0x7f85d0006db0 comp rx=0 tx=0).stop
2024-09-10T08:37:06.878 INFO:teuthology.orchestra.run.smithi172.stdout:/usr/bin/ceph: stderr
2024-09-10T08:37:06.196+0000 7f85e0941640 1 -- 172.21.15.172:0/2514640057 >> [v2:172.21.15.172:3300/0,v1:172.21.15.172:6789/0] conn(0x7f85dc105760 msgr2=0x7f85dc19b4c0 secure :-1 s=STATE_CONNECTION_ESTABLISHED l=1).mark_down
2024-09-10T08:37:06.878 INFO:teuthology.orchestra.run.smithi172.stdout:/usr/bin/ceph: stderr
2024-09-10T08:37:06.196+0000 7f85e0941640 1 --2- 172.21.15.172:0/2514640057 >> [v2:172.21.15.172:3300/0,v1:172.21.15.172:6789/0] conn(0x7f85dc105760 0x7f85dc19b4c0 secure :-1 s=READY pgs=46 cs=0 l=1 rev1=1 crypto rx=0x7f85cc030520 tx=0x7f85cc032dd0 comp rx=0 tx=0).stop
2024-09-10T08:37:06.878 INFO:teuthology.orchestra.run.smithi172.stdout:/usr/bin/ceph: stderr
2024-09-10T08:37:06.196+0000 7f85e0941640 1 -- 172.21.15.172:0/2514640057 shutdown_connections
2024-09-10T08:37:06.878 INFO:teuthology.orchestra.run.smithi172.stdout:/usr/bin/ceph: stderr
2024-09-10T08:37:06.196+0000 7f85e0941640 1 --2- 172.21.15.172:0/2514640057 >> [v2:172.21.15.172:6800/2333617420,v1:172.21.15.172:6801/2333617420] conn(0x7f85c4038fc0 0x7f85c403b480 unknown :-1 s=CLOSED pgs=12 cs=0 l=1 rev1=1 crypto rx=0 tx=0 comp rx=0 tx=0).stop
2024-09-10T08:37:06.878 INFO:teuthology.orchestra.run.smithi172.stdout:/usr/bin/ceph: stderr
2024-09-10T08:37:06.196+0000 7f85e0941640 1 --2- 172.21.15.172:0/2514640057 >> [v2:172.21.15.172:3300/0,v1:172.21.15.172:6789/0] conn(0x7f85dc105760 0x7f85dc19b4c0 unknown :-1 s=CLOSED pgs=46 cs=0 l=1 rev1=1 crypto rx=0 tx=0 comp rx=0 tx=0).stop
2024-09-10T08:37:06.878 INFO:teuthology.orchestra.run.smithi172.stdout:/usr/bin/ceph: stderr
2024-09-10T08:37:06.196+0000 7f85e0941640 1 -- 172.21.15.172:0/2514640057 >> 172.21.15.172:0/2514640057 conn(0x7f85dc101270 msgr2=0x7f85dc101e80 unknown :-1 s=STATE_NONE l=0).mark_down
2024-09-10T08:37:06.878 INFO:teuthology.orchestra.run.smithi172.stdout:/usr/bin/ceph: stderr
2024-09-10T08:37:06.196+0000 7f85e0941640 1 -- 172.21.15.172:0/2514640057 shutdown_connections
2024-09-10T08:37:06.878 INFO:teuthology.orchestra.run.smithi172.stdout:/usr/bin/ceph: stderr
2024-09-10T08:37:06.196+0000 7f85e0941640 1 -- 172.21.15.172:0/2514640057 wait complete.
2024-09-10T08:37:06.878 INFO:teuthology.orchestra.run.smithi172.stdout:Deploying unmanaged mgr service...
2024-09-10T08:37:07.453 INFO:journalctl@ceph.mon.a.smithi172.stdout:Sep 10 08:37:07 smithi172 ceph-mon[30854]: from='client.14140 -' entity='client.admin' cmd=[{"prefix": "orch apply", "service_type": "mon", "unmanaged": true, "target": ["mon-mgr", ""]}]: dispatch
2024-09-10T08:37:07.454 INFO:journalctl@ceph.mon.a.smithi172.stdout:Sep 10 08:37:07 smithi172 ceph-mon[30854]: Saving service mon spec with placement count:5
2024-09-10T08:37:07.454 INFO:journalctl@ceph.mon.a.smithi172.stdout:Sep 10 08:37:07 smithi172 ceph-mon[30854]: from='mgr.14118 172.21.15.172:0/2378242087' entity='mgr.x'
2024-09-10T08:37:08.049 INFO:teuthology.orchestra.run.smithi172.stdout:/usr/bin/ceph: stdout Scheduled mgr update...
2024-09-10T08:37:08.049 INFO:teuthology.orchestra.run.smithi172.stdout:/usr/bin/ceph: stderr
2024-09-10T08:37:07.272+0000 7fe829cec640 1 Processor -- start
2024-09-10T08:37:08.049 INFO:teuthology.orchestra.run.smithi172.stdout:/usr/bin/ceph: stderr
2024-09-10T08:37:07.272+0000 7fe829cec640 1 -- start start
2024-09-10T08:37:08.049 INFO:teuthology.orchestra.run.smithi172.stdout:/usr/bin/ceph: stderr
2024-09-10T08:37:07.272+0000 7fe829cec640 1 --2- >> [v2:172.21.15.172:3300/0,v1:172.21.15.172:6789/0] conn(0x7fe8241063a0 0x7fe8241067a0 unknown :-1 s=NONE pgs=0 cs=0 l=0 rev1=0 crypto rx=0 tx=0 comp rx=0 tx=0).connect
2024-09-10T08:37:08.049 INFO:teuthology.orchestra.run.smithi172.stdout:/usr/bin/ceph: stderr
2024-09-10T08:37:07.272+0000 7fe829cec640 1 -- --> [v2:172.21.15.172:3300/0,v1:172.21.15.172:6789/0] -- mon_getmap magic: 0 -- 0x7fe824106d70 con 0x7fe8241063a0
2024-09-10T08:37:08.049 INFO:teuthology.orchestra.run.smithi172.stdout:/usr/bin/ceph: stderr
2024-09-10T08:37:07.273+0000 7fe8237fe640 1 --2- >> [v2:172.21.15.172:3300/0,v1:172.21.15.172:6789/0] conn(0x7fe8241063a0 0x7fe8241067a0 unknown :-1 s=BANNER_CONNECTING pgs=0 cs=0 l=0 rev1=0 crypto rx=0 tx=0 comp rx=0 tx=0)._handle_peer_banner_payload supported=3 required=0
2024-09-10T08:37:08.049 INFO:teuthology.orchestra.run.smithi172.stdout:/usr/bin/ceph: stderr
2024-09-10T08:37:07.273+0000 7fe8237fe640 1 --2- >> [v2:172.21.15.172:3300/0,v1:172.21.15.172:6789/0] conn(0x7fe8241063a0 0x7fe8241067a0 unknown :-1 s=HELLO_CONNECTING pgs=0 cs=0 l=0 rev1=1 crypto rx=0 tx=0 comp rx=0 tx=0).handle_hello peer v2:172.21.15.172:3300/0 says I am v2:172.21.15.172:58612/0 (socket says 172.21.15.172:58612)
2024-09-10T08:37:08.049 INFO:teuthology.orchestra.run.smithi172.stdout:/usr/bin/ceph: stderr
2024-09-10T08:37:07.273+0000 7fe8237fe640 1 -- 172.21.15.172:0/2060299058 learned_addr learned my addr 172.21.15.172:0/2060299058 (peer_addr_for_me v2:172.21.15.172:0/0)
2024-09-10T08:37:08.049 INFO:teuthology.orchestra.run.smithi172.stdout:/usr/bin/ceph: stderr
2024-09-10T08:37:07.273+0000 7fe8237fe640 1 -- 172.21.15.172:0/2060299058 --> [v2:172.21.15.172:3300/0,v1:172.21.15.172:6789/0] -- mon_subscribe({config=0+,monmap=0+}) -- 0x7fe8241075a0 con 0x7fe8241063a0
2024-09-10T08:37:08.050 INFO:teuthology.orchestra.run.smithi172.stdout:/usr/bin/ceph: stderr
2024-09-10T08:37:07.273+0000 7fe8237fe640 1 --2- 172.21.15.172:0/2060299058 >> [v2:172.21.15.172:3300/0,v1:172.21.15.172:6789/0] conn(0x7fe8241063a0 0x7fe8241067a0 secure :-1 s=READY pgs=47 cs=0 l=1 rev1=1 crypto rx=0x7fe814009820 tx=0x7fe81402a270 comp rx=0 tx=0).ready entity=mon.0 client_cookie=9fadd7951d94410d server_cookie=0 in_seq=0 out_seq=0
2024-09-10T08:37:08.050 INFO:teuthology.orchestra.run.smithi172.stdout:/usr/bin/ceph: stderr
2024-09-10T08:37:07.274+0000 7fe822ffd640 1 -- 172.21.15.172:0/2060299058 <== mon.0 v2:172.21.15.172:3300/0 1 ==== mon_map magic: 0 ==== 205+0+0 (secure 0 0 0) 0x7fe814037070 con 0x7fe8241063a0
2024-09-10T08:37:08.050 INFO:teuthology.orchestra.run.smithi172.stdout:/usr/bin/ceph: stderr
2024-09-10T08:37:07.274+0000 7fe822ffd640 1 -- 172.21.15.172:0/2060299058 <== mon.0 v2:172.21.15.172:3300/0 2 ==== config(26 keys) ==== 1071+0+0 (secure 0 0 0) 0x7fe8140328d0 con 0x7fe8241063a0
2024-09-10T08:37:08.050 INFO:teuthology.orchestra.run.smithi172.stdout:/usr/bin/ceph: stderr
2024-09-10T08:37:07.274+0000 7fe822ffd640 1 -- 172.21.15.172:0/2060299058 <== mon.0 v2:172.21.15.172:3300/0 3 ==== mon_map magic: 0 ==== 205+0+0 (secure 0 0 0) 0x7fe8140307d0 con 0x7fe8241063a0
2024-09-10T08:37:08.050 INFO:teuthology.orchestra.run.smithi172.stdout:/usr/bin/ceph: stderr
2024-09-10T08:37:07.274+0000 7fe829cec640 1 -- 172.21.15.172:0/2060299058 >> [v2:172.21.15.172:3300/0,v1:172.21.15.172:6789/0] conn(0x7fe8241063a0 msgr2=0x7fe8241067a0 secure :-1 s=STATE_CONNECTION_ESTABLISHED l=1).mark_down
2024-09-10T08:37:08.050 INFO:teuthology.orchestra.run.smithi172.stdout:/usr/bin/ceph: stderr
2024-09-10T08:37:07.274+0000 7fe829cec640 1 --2- 172.21.15.172:0/2060299058 >> [v2:172.21.15.172:3300/0,v1:172.21.15.172:6789/0] conn(0x7fe8241063a0 0x7fe8241067a0 secure :-1 s=READY pgs=47 cs=0 l=1 rev1=1 crypto rx=0x7fe814009820 tx=0x7fe81402a270 comp rx=0 tx=0).stop
2024-09-10T08:37:08.050 INFO:teuthology.orchestra.run.smithi172.stdout:/usr/bin/ceph: stderr
2024-09-10T08:37:07.274+0000 7fe829cec640 1 -- 172.21.15.172:0/2060299058 shutdown_connections
2024-09-10T08:37:08.050 INFO:teuthology.orchestra.run.smithi172.stdout:/usr/bin/ceph: stderr
2024-09-10T08:37:07.274+0000 7fe829cec640 1 --2- 172.21.15.172:0/2060299058 >> [v2:172.21.15.172:3300/0,v1:172.21.15.172:6789/0] conn(0x7fe8241063a0 0x7fe8241067a0 unknown :-1 s=CLOSED pgs=47 cs=0 l=1 rev1=1 crypto rx=0 tx=0 comp rx=0 tx=0).stop
2024-09-10T08:37:08.050 INFO:teuthology.orchestra.run.smithi172.stdout:/usr/bin/ceph: stderr
2024-09-10T08:37:07.274+0000 7fe829cec640 1 -- 172.21.15.172:0/2060299058 >> 172.21.15.172:0/2060299058 conn(0x7fe824101b10 msgr2=0x7fe824103f70 unknown :-1 s=STATE_NONE l=0).mark_down
2024-09-10T08:37:08.050 INFO:teuthology.orchestra.run.smithi172.stdout:/usr/bin/ceph: stderr
2024-09-10T08:37:07.274+0000 7fe829cec640 1 -- 172.21.15.172:0/2060299058 shutdown_connections
2024-09-10T08:37:08.050 INFO:teuthology.orchestra.run.smithi172.stdout:/usr/bin/ceph: stderr
2024-09-10T08:37:07.274+0000 7fe829cec640 1 -- 172.21.15.172:0/2060299058 wait complete.
2024-09-10T08:37:08.050 INFO:teuthology.orchestra.run.smithi172.stdout:/usr/bin/ceph: stderr
2024-09-10T08:37:07.275+0000 7fe829cec640 1 Processor -- start
2024-09-10T08:37:08.050 INFO:teuthology.orchestra.run.smithi172.stdout:/usr/bin/ceph: stderr
2024-09-10T08:37:07.275+0000 7fe829cec640 1 -- start start
2024-09-10T08:37:08.051 INFO:teuthology.orchestra.run.smithi172.stdout:/usr/bin/ceph: stderr
2024-09-10T08:37:07.275+0000 7fe829cec640 1 --2- >> [v2:172.21.15.172:3300/0,v1:172.21.15.172:6789/0] conn(0x7fe8241063a0 0x7fe8240754a0 unknown :-1 s=NONE pgs=0 cs=0 l=1 rev1=0 crypto rx=0 tx=0 comp rx=0 tx=0).connect
2024-09-10T08:37:08.051 INFO:teuthology.orchestra.run.smithi172.stdout:/usr/bin/ceph: stderr
2024-09-10T08:37:07.275+0000 7fe829cec640 1 -- --> [v2:172.21.15.172:3300/0,v1:172.21.15.172:6789/0] -- mon_getmap magic: 0 -- 0x7fe82410a950 con 0x7fe8241063a0
2024-09-10T08:37:08.051 INFO:teuthology.orchestra.run.smithi172.stdout:/usr/bin/ceph: stderr
2024-09-10T08:37:07.275+0000 7fe8237fe640 1 --2- >> [v2:172.21.15.172:3300/0,v1:172.21.15.172:6789/0] conn(0x7fe8241063a0 0x7fe8240754a0 unknown :-1 s=BANNER_CONNECTING pgs=0 cs=0 l=1 rev1=0 crypto rx=0 tx=0 comp rx=0 tx=0)._handle_peer_banner_payload supported=3 required=0
2024-09-10T08:37:08.051 INFO:teuthology.orchestra.run.smithi172.stdout:/usr/bin/ceph: stderr
2024-09-10T08:37:07.275+0000 7fe8237fe640 1 --2- >> [v2:172.21.15.172:3300/0,v1:172.21.15.172:6789/0] conn(0x7fe8241063a0 0x7fe8240754a0 unknown :-1 s=HELLO_CONNECTING pgs=0 cs=0 l=1 rev1=1 crypto rx=0 tx=0 comp rx=0 tx=0).handle_hello peer v2:172.21.15.172:3300/0 says I am v2:172.21.15.172:58620/0 (socket says 172.21.15.172:58620)
2024-09-10T08:37:08.051 INFO:teuthology.orchestra.run.smithi172.stdout:/usr/bin/ceph: stderr
2024-09-10T08:37:07.275+0000 7fe8237fe640 1 -- 172.21.15.172:0/2061023688 learned_addr learned my addr 172.21.15.172:0/2061023688 (peer_addr_for_me v2:172.21.15.172:0/0)
2024-09-10T08:37:08.051 INFO:teuthology.orchestra.run.smithi172.stdout:/usr/bin/ceph: stderr
2024-09-10T08:37:07.276+0000 7fe8237fe640 1 -- 172.21.15.172:0/2061023688 --> [v2:172.21.15.172:3300/0,v1:172.21.15.172:6789/0] -- mon_subscribe({config=0+,monmap=0+}) -- 0x7fe82419e1b0 con 0x7fe8241063a0
2024-09-10T08:37:08.051 INFO:teuthology.orchestra.run.smithi172.stdout:/usr/bin/ceph: stderr
2024-09-10T08:37:07.276+0000 7fe8237fe640 1 --2- 172.21.15.172:0/2061023688 >> [v2:172.21.15.172:3300/0,v1:172.21.15.172:6789/0] conn(0x7fe8241063a0 0x7fe8240754a0 secure :-1 s=READY pgs=48 cs=0 l=1 rev1=1 crypto rx=0x7fe814030520 tx=0x7fe814032dd0 comp rx=0 tx=0).ready entity=mon.0 client_cookie=0 server_cookie=0 in_seq=0 out_seq=0
2024-09-10T08:37:08.051 INFO:teuthology.orchestra.run.smithi172.stdout:/usr/bin/ceph: stderr
2024-09-10T08:37:07.276+0000 7fe8217fa640 1 -- 172.21.15.172:0/2061023688 <== mon.0 v2:172.21.15.172:3300/0 1 ==== mon_map magic: 0 ==== 205+0+0 (secure 0 0 0) 0x7fe814042070 con 0x7fe8241063a0
2024-09-10T08:37:08.051 INFO:teuthology.orchestra.run.smithi172.stdout:/usr/bin/ceph: stderr
2024-09-10T08:37:07.276+0000 7fe8217fa640 1 -- 172.21.15.172:0/2061023688 <== mon.0 v2:172.21.15.172:3300/0 2 ==== config(26 keys) ==== 1071+0+0 (secure 0 0 0) 0x7fe814030cc0 con 0x7fe8241063a0
2024-09-10T08:37:08.051 INFO:teuthology.orchestra.run.smithi172.stdout:/usr/bin/ceph: stderr
2024-09-10T08:37:07.276+0000 7fe829cec640 1 -- 172.21.15.172:0/2061023688 --> [v2:172.21.15.172:3300/0,v1:172.21.15.172:6789/0] -- mon_subscribe({mgrmap=0+}) -- 0x7fe82419e380 con 0x7fe8241063a0
2024-09-10T08:37:08.051 INFO:teuthology.orchestra.run.smithi172.stdout:/usr/bin/ceph: stderr
2024-09-10T08:37:07.276+0000 7fe8217fa640 1 -- 172.21.15.172:0/2061023688 <== mon.0 v2:172.21.15.172:3300/0 3 ==== mon_map magic: 0 ==== 205+0+0 (secure 0 0 0) 0x7fe814037040 con 0x7fe8241063a0
2024-09-10T08:37:08.051 INFO:teuthology.orchestra.run.smithi172.stdout:/usr/bin/ceph: stderr
2024-09-10T08:37:07.276+0000 7fe829cec640 1 -- 172.21.15.172:0/2061023688 --> [v2:172.21.15.172:3300/0,v1:172.21.15.172:6789/0] -- mon_subscribe({osdmap=0}) -- 0x7fe82419e720 con 0x7fe8241063a0
2024-09-10T08:37:08.051 INFO:teuthology.orchestra.run.smithi172.stdout:/usr/bin/ceph: stderr
2024-09-10T08:37:07.277+0000 7fe8217fa640 1 -- 172.21.15.172:0/2061023688 <== mon.0 v2:172.21.15.172:3300/0 4 ==== mgrmap(e 8) ==== 46287+0+0 (secure 0 0 0) 0x7fe814045070 con 0x7fe8241063a0
2024-09-10T08:37:08.052 INFO:teuthology.orchestra.run.smithi172.stdout:/usr/bin/ceph: stderr
2024-09-10T08:37:07.277+0000 7fe8217fa640 1 --2- 172.21.15.172:0/2061023688 >> [v2:172.21.15.172:6800/2333617420,v1:172.21.15.172:6801/2333617420] conn(0x7fe810038fc0 0x7fe81003b480 unknown :-1 s=NONE pgs=0 cs=0 l=1 rev1=0 crypto rx=0 tx=0 comp rx=0 tx=0).connect
2024-09-10T08:37:08.052 INFO:teuthology.orchestra.run.smithi172.stdout:/usr/bin/ceph: stderr
2024-09-10T08:37:07.277+0000 7fe829cec640 1 -- 172.21.15.172:0/2061023688 --> [v2:172.21.15.172:3300/0,v1:172.21.15.172:6789/0] -- mon_command({"prefix": "get_command_descriptions"} v 0) -- 0x7fe82410aad0 con 0x7fe8241063a0
2024-09-10T08:37:08.052 INFO:teuthology.orchestra.run.smithi172.stdout:/usr/bin/ceph: stderr
2024-09-10T08:37:07.277+0000 7fe8217fa640 1 -- 172.21.15.172:0/2061023688 <== mon.0 v2:172.21.15.172:3300/0 5 ==== osd_map(2..2 src has 1..2) ==== 940+0+0 (secure 0 0 0) 0x7fe81406bf10 con 0x7fe8241063a0
2024-09-10T08:37:08.052 INFO:teuthology.orchestra.run.smithi172.stdout:/usr/bin/ceph: stderr
2024-09-10T08:37:07.277+0000 7fe81affd640 1 --2- 172.21.15.172:0/2061023688 >> [v2:172.21.15.172:6800/2333617420,v1:172.21.15.172:6801/2333617420] conn(0x7fe810038fc0 0x7fe81003b480 unknown :-1 s=BANNER_CONNECTING pgs=0 cs=0 l=1 rev1=0 crypto rx=0 tx=0 comp rx=0 tx=0)._handle_peer_banner_payload supported=3 required=0
2024-09-10T08:37:08.052 INFO:teuthology.orchestra.run.smithi172.stdout:/usr/bin/ceph: stderr
2024-09-10T08:37:07.278+0000 7fe81affd640 1 --2- 172.21.15.172:0/2061023688 >> [v2:172.21.15.172:6800/2333617420,v1:172.21.15.172:6801/2333617420] conn(0x7fe810038fc0 0x7fe81003b480 secure :-1 s=READY pgs=13 cs=0 l=1 rev1=1 crypto rx=0x7fe80c0098c0 tx=0x7fe80c006db0 comp rx=0 tx=0).ready entity=mgr.14118 client_cookie=0 server_cookie=0 in_seq=0 out_seq=0
2024-09-10T08:37:08.052 INFO:teuthology.orchestra.run.smithi172.stdout:/usr/bin/ceph: stderr
2024-09-10T08:37:07.282+0000 7fe8217fa640 1 -- 172.21.15.172:0/2061023688 <== mon.0 v2:172.21.15.172:3300/0 6 ==== mon_command_ack([{"prefix": "get_command_descriptions"}]=0 v0) ==== 72+0+188821 (secure 0 0 0) 0x7fe814045360 con 0x7fe8241063a0
2024-09-10T08:37:08.052 INFO:teuthology.orchestra.run.smithi172.stdout:/usr/bin/ceph: stderr
2024-09-10T08:37:07.466+0000 7fe829cec640 1 -- 172.21.15.172:0/2061023688 --> [v2:172.21.15.172:6800/2333617420,v1:172.21.15.172:6801/2333617420] -- mgr_command(tid 0: {"prefix": "orch apply", "service_type": "mgr", "unmanaged": true, "target": ["mon-mgr", ""]}) -- 0x7fe824102d90 con 0x7fe810038fc0
2024-09-10T08:37:08.052 INFO:teuthology.orchestra.run.smithi172.stdout:/usr/bin/ceph: stderr
2024-09-10T08:37:07.471+0000 7fe8217fa640 1 -- 172.21.15.172:0/2061023688 <== mgr.14118 v2:172.21.15.172:6800/2333617420 1 ==== mgr_command_reply(tid 0: 0 ) ==== 8+0+24 (secure 0 0 0) 0x7fe824102d90 con 0x7fe810038fc0
2024-09-10T08:37:08.052 INFO:teuthology.orchestra.run.smithi172.stdout:/usr/bin/ceph: stderr
2024-09-10T08:37:07.473+0000 7fe829cec640 1 -- 172.21.15.172:0/2061023688 >> [v2:172.21.15.172:6800/2333617420,v1:172.21.15.172:6801/2333617420] conn(0x7fe810038fc0 msgr2=0x7fe81003b480 secure :-1 s=STATE_CONNECTION_ESTABLISHED l=1).mark_down
2024-09-10T08:37:08.052 INFO:teuthology.orchestra.run.smithi172.stdout:/usr/bin/ceph: stderr
2024-09-10T08:37:07.473+0000 7fe829cec640 1 --2- 172.21.15.172:0/2061023688 >> [v2:172.21.15.172:6800/2333617420,v1:172.21.15.172:6801/2333617420] conn(0x7fe810038fc0 0x7fe81003b480 secure :-1 s=READY pgs=13 cs=0 l=1 rev1=1 crypto rx=0x7fe80c0098c0 tx=0x7fe80c006db0 comp rx=0 tx=0).stop
2024-09-10T08:37:08.052 INFO:teuthology.orchestra.run.smithi172.stdout:/usr/bin/ceph: stderr
2024-09-10T08:37:07.473+0000 7fe829cec640 1 -- 172.21.15.172:0/2061023688 >> [v2:172.21.15.172:3300/0,v1:172.21.15.172:6789/0] conn(0x7fe8241063a0 msgr2=0x7fe8240754a0 secure :-1 s=STATE_CONNECTION_ESTABLISHED l=1).mark_down
2024-09-10T08:37:08.052 INFO:teuthology.orchestra.run.smithi172.stdout:/usr/bin/ceph: stderr
2024-09-10T08:37:07.473+0000 7fe829cec640 1 --2- 172.21.15.172:0/2061023688 >> [v2:172.21.15.172:3300/0,v1:172.21.15.172:6789/0] conn(0x7fe8241063a0 0x7fe8240754a0 secure :-1 s=READY pgs=48 cs=0 l=1 rev1=1 crypto rx=0x7fe814030520 tx=0x7fe814032dd0 comp rx=0 tx=0).stop
2024-09-10T08:37:08.053 INFO:teuthology.orchestra.run.smithi172.stdout:/usr/bin/ceph: stderr
2024-09-10T08:37:07.473+0000 7fe829cec640 1 -- 172.21.15.172:0/2061023688 shutdown_connections
2024-09-10T08:37:08.053 INFO:teuthology.orchestra.run.smithi172.stdout:/usr/bin/ceph: stderr
2024-09-10T08:37:07.473+0000 7fe829cec640 1 --2- 172.21.15.172:0/2061023688 >> [v2:172.21.15.172:6800/2333617420,v1:172.21.15.172:6801/2333617420] conn(0x7fe810038fc0 0x7fe81003b480 unknown :-1 s=CLOSED pgs=13 cs=0 l=1 rev1=1 crypto rx=0 tx=0 comp rx=0 tx=0).stop
2024-09-10T08:37:08.053 INFO:teuthology.orchestra.run.smithi172.stdout:/usr/bin/ceph: stderr
2024-09-10T08:37:07.473+0000 7fe829cec640 1 --2- 172.21.15.172:0/2061023688 >> [v2:172.21.15.172:3300/0,v1:172.21.15.172:6789/0] conn(0x7fe8241063a0 0x7fe8240754a0 unknown :-1 s=CLOSED pgs=48 cs=0 l=1 rev1=1 crypto rx=0 tx=0 comp rx=0 tx=0).stop
2024-09-10T08:37:08.053 INFO:teuthology.orchestra.run.smithi172.stdout:/usr/bin/ceph: stderr
2024-09-10T08:37:07.473+0000 7fe829cec640 1 -- 172.21.15.172:0/2061023688 >> 172.21.15.172:0/2061023688 conn(0x7fe824101b10 msgr2=0x7fe824102680 unknown :-1 s=STATE_NONE l=0).mark_down
2024-09-10T08:37:08.053 INFO:teuthology.orchestra.run.smithi172.stdout:/usr/bin/ceph: stderr
2024-09-10T08:37:07.473+0000 7fe829cec640 1 -- 172.21.15.172:0/2061023688 shutdown_connections
2024-09-10T08:37:08.053 INFO:teuthology.orchestra.run.smithi172.stdout:/usr/bin/ceph: stderr
2024-09-10T08:37:07.473+0000 7fe829cec640 1 -- 172.21.15.172:0/2061023688 wait complete.
2024-09-10T08:37:08.582 INFO:journalctl@ceph.mon.a.smithi172.stdout:Sep 10 08:37:08 smithi172 ceph-mon[30854]: from='client.14142 -' entity='client.admin' cmd=[{"prefix": "orch apply", "service_type": "mgr", "unmanaged": true, "target": ["mon-mgr", ""]}]: dispatch
2024-09-10T08:37:08.582 INFO:journalctl@ceph.mon.a.smithi172.stdout:Sep 10 08:37:08 smithi172 ceph-mon[30854]: Saving service mgr spec with placement count:2
2024-09-10T08:37:08.582 INFO:journalctl@ceph.mon.a.smithi172.stdout:Sep 10 08:37:08 smithi172 ceph-mon[30854]: from='mgr.14118 172.21.15.172:0/2378242087' entity='mgr.x'
2024-09-10T08:37:09.451 INFO:teuthology.orchestra.run.smithi172.stdout:/usr/bin/ceph: stderr
2024-09-10T08:37:08.484+0000 7ff366507640 1 Processor -- start
2024-09-10T08:37:09.451 INFO:teuthology.orchestra.run.smithi172.stdout:/usr/bin/ceph: stderr
2024-09-10T08:37:08.484+0000 7ff366507640 1 -- start start
2024-09-10T08:37:09.451 INFO:teuthology.orchestra.run.smithi172.stdout:/usr/bin/ceph: stderr
2024-09-10T08:37:08.484+0000 7ff366507640 1 --2- >> [v2:172.21.15.172:3300/0,v1:172.21.15.172:6789/0] conn(0x7ff3601074b0 0x7ff3601078b0 unknown :-1 s=NONE pgs=0 cs=0 l=0 rev1=0 crypto rx=0 tx=0 comp rx=0 tx=0).connect
2024-09-10T08:37:09.451 INFO:teuthology.orchestra.run.smithi172.stdout:/usr/bin/ceph: stderr
2024-09-10T08:37:08.484+0000 7ff366507640 1 -- --> [v2:172.21.15.172:3300/0,v1:172.21.15.172:6789/0] -- mon_getmap magic: 0 -- 0x7ff360107e80 con 0x7ff3601074b0
2024-09-10T08:37:09.451 INFO:teuthology.orchestra.run.smithi172.stdout:/usr/bin/ceph: stderr
2024-09-10T08:37:08.484+0000 7ff35ffff640 1 --2- >> [v2:172.21.15.172:3300/0,v1:172.21.15.172:6789/0] conn(0x7ff3601074b0 0x7ff3601078b0 unknown :-1 s=BANNER_CONNECTING pgs=0 cs=0 l=0 rev1=0 crypto rx=0 tx=0 comp rx=0 tx=0)._handle_peer_banner_payload supported=3 required=0
2024-09-10T08:37:09.451 INFO:teuthology.orchestra.run.smithi172.stdout:/usr/bin/ceph: stderr
2024-09-10T08:37:08.484+0000 7ff35ffff640 1 --2- >> [v2:172.21.15.172:3300/0,v1:172.21.15.172:6789/0] conn(0x7ff3601074b0 0x7ff3601078b0 unknown :-1 s=HELLO_CONNECTING pgs=0 cs=0 l=0 rev1=1 crypto rx=0 tx=0 comp rx=0 tx=0).handle_hello peer v2:172.21.15.172:3300/0 says I am v2:172.21.15.172:58634/0 (socket says 172.21.15.172:58634)
2024-09-10T08:37:09.451 INFO:teuthology.orchestra.run.smithi172.stdout:/usr/bin/ceph: stderr
2024-09-10T08:37:08.484+0000 7ff35ffff640 1 -- 172.21.15.172:0/2206197914 learned_addr learned my addr 172.21.15.172:0/2206197914 (peer_addr_for_me v2:172.21.15.172:0/0)
2024-09-10T08:37:09.452 INFO:teuthology.orchestra.run.smithi172.stdout:/usr/bin/ceph: stderr
2024-09-10T08:37:08.485+0000 7ff35ffff640 1 -- 172.21.15.172:0/2206197914 --> [v2:172.21.15.172:3300/0,v1:172.21.15.172:6789/0] -- mon_subscribe({config=0+,monmap=0+}) -- 0x7ff3601086b0 con 0x7ff3601074b0
2024-09-10T08:37:09.452 INFO:teuthology.orchestra.run.smithi172.stdout:/usr/bin/ceph: stderr
2024-09-10T08:37:08.485+0000 7ff35ffff640 1 --2- 172.21.15.172:0/2206197914 >> [v2:172.21.15.172:3300/0,v1:172.21.15.172:6789/0] conn(0x7ff3601074b0 0x7ff3601078b0 secure :-1 s=READY pgs=49 cs=0 l=1 rev1=1 crypto rx=0x7ff350009820 tx=0x7ff35002a270 comp rx=0 tx=0).ready entity=mon.0 client_cookie=5286ba72cc5c197e server_cookie=0 in_seq=0 out_seq=0
2024-09-10T08:37:09.452 INFO:teuthology.orchestra.run.smithi172.stdout:/usr/bin/ceph: stderr
2024-09-10T08:37:08.485+0000 7ff35effd640 1 -- 172.21.15.172:0/2206197914 <== mon.0 v2:172.21.15.172:3300/0 1 ==== mon_map magic: 0 ==== 205+0+0 (secure 0 0 0) 0x7ff350037070 con 0x7ff3601074b0
2024-09-10T08:37:09.452 INFO:teuthology.orchestra.run.smithi172.stdout:/usr/bin/ceph: stderr
2024-09-10T08:37:08.485+0000 7ff35effd640 1 -- 172.21.15.172:0/2206197914 <== mon.0 v2:172.21.15.172:3300/0 2 ==== config(26 keys) ==== 1071+0+0 (secure 0 0 0) 0x7ff3500328d0 con 0x7ff3601074b0
2024-09-10T08:37:09.452 INFO:teuthology.orchestra.run.smithi172.stdout:/usr/bin/ceph: stderr
2024-09-10T08:37:08.485+0000 7ff35effd640 1 -- 172.21.15.172:0/2206197914 <== mon.0 v2:172.21.15.172:3300/0 3 ==== mon_map magic: 0 ==== 205+0+0 (secure 0 0 0) 0x7ff3500307d0 con 0x7ff3601074b0
2024-09-10T08:37:09.452 INFO:teuthology.orchestra.run.smithi172.stdout:/usr/bin/ceph: stderr
2024-09-10T08:37:08.486+0000 7ff366507640 1 -- 172.21.15.172:0/2206197914 >> [v2:172.21.15.172:3300/0,v1:172.21.15.172:6789/0] conn(0x7ff3601074b0 msgr2=0x7ff3601078b0 secure :-1 s=STATE_CONNECTION_ESTABLISHED l=1).mark_down
2024-09-10T08:37:09.452 INFO:teuthology.orchestra.run.smithi172.stdout:/usr/bin/ceph: stderr
2024-09-10T08:37:08.486+0000 7ff366507640 1 --2- 172.21.15.172:0/2206197914 >> [v2:172.21.15.172:3300/0,v1:172.21.15.172:6789/0] conn(0x7ff3601074b0 0x7ff3601078b0 secure :-1 s=READY pgs=49 cs=0 l=1 rev1=1 crypto rx=0x7ff350009820 tx=0x7ff35002a270 comp rx=0 tx=0).stop
2024-09-10T08:37:09.452 INFO:teuthology.orchestra.run.smithi172.stdout:/usr/bin/ceph: stderr
2024-09-10T08:37:08.486+0000 7ff366507640 1 -- 172.21.15.172:0/2206197914 shutdown_connections
2024-09-10T08:37:09.452 INFO:teuthology.orchestra.run.smithi172.stdout:/usr/bin/ceph: stderr
2024-09-10T08:37:08.486+0000 7ff366507640 1 --2- 172.21.15.172:0/2206197914 >> [v2:172.21.15.172:3300/0,v1:172.21.15.172:6789/0] conn(0x7ff3601074b0 0x7ff3601078b0 unknown :-1 s=CLOSED pgs=49 cs=0 l=1 rev1=1 crypto rx=0 tx=0 comp rx=0 tx=0).stop
2024-09-10T08:37:09.452 INFO:teuthology.orchestra.run.smithi172.stdout:/usr/bin/ceph: stderr
2024-09-10T08:37:08.486+0000 7ff366507640 1 -- 172.21.15.172:0/2206197914 >> 172.21.15.172:0/2206197914 conn(0x7ff360102c60 msgr2=0x7ff360105080 unknown :-1 s=STATE_NONE l=0).mark_down
2024-09-10T08:37:09.452 INFO:teuthology.orchestra.run.smithi172.stdout:/usr/bin/ceph: stderr
2024-09-10T08:37:08.486+0000 7ff366507640 1 -- 172.21.15.172:0/2206197914 shutdown_connections
2024-09-10T08:37:09.453 INFO:teuthology.orchestra.run.smithi172.stdout:/usr/bin/ceph: stderr
2024-09-10T08:37:08.486+0000 7ff366507640 1 -- 172.21.15.172:0/2206197914 wait complete.
2024-09-10T08:37:09.453 INFO:teuthology.orchestra.run.smithi172.stdout:/usr/bin/ceph: stderr
2024-09-10T08:37:08.487+0000 7ff366507640 1 Processor -- start
2024-09-10T08:37:09.453 INFO:teuthology.orchestra.run.smithi172.stdout:/usr/bin/ceph: stderr
2024-09-10T08:37:08.487+0000 7ff366507640 1 -- start start
2024-09-10T08:37:09.453 INFO:teuthology.orchestra.run.smithi172.stdout:/usr/bin/ceph: stderr
2024-09-10T08:37:08.487+0000 7ff366507640 1 --2- >> [v2:172.21.15.172:3300/0,v1:172.21.15.172:6789/0] conn(0x7ff3601074b0 0x7ff36019b420 unknown :-1 s=NONE pgs=0 cs=0 l=1 rev1=0 crypto rx=0 tx=0 comp rx=0 tx=0).connect
2024-09-10T08:37:09.453 INFO:teuthology.orchestra.run.smithi172.stdout:/usr/bin/ceph: stderr
2024-09-10T08:37:08.487+0000 7ff366507640 1 -- --> [v2:172.21.15.172:3300/0,v1:172.21.15.172:6789/0] -- mon_getmap magic: 0 -- 0x7ff36010ba60 con 0x7ff3601074b0
2024-09-10T08:37:09.453 INFO:teuthology.orchestra.run.smithi172.stdout:/usr/bin/ceph: stderr
2024-09-10T08:37:08.487+0000 7ff35ffff640 1 --2- >> [v2:172.21.15.172:3300/0,v1:172.21.15.172:6789/0] conn(0x7ff3601074b0 0x7ff36019b420 unknown :-1 s=BANNER_CONNECTING pgs=0 cs=0 l=1 rev1=0 crypto rx=0 tx=0 comp rx=0 tx=0)._handle_peer_banner_payload supported=3 required=0
2024-09-10T08:37:09.453 INFO:teuthology.orchestra.run.smithi172.stdout:/usr/bin/ceph: stderr
2024-09-10T08:37:08.487+0000 7ff35ffff640 1 --2- >> [v2:172.21.15.172:3300/0,v1:172.21.15.172:6789/0] conn(0x7ff3601074b0 0x7ff36019b420 unknown :-1 s=HELLO_CONNECTING pgs=0 cs=0 l=1 rev1=1 crypto rx=0 tx=0 comp rx=0 tx=0).handle_hello peer v2:172.21.15.172:3300/0 says I am v2:172.21.15.172:58638/0 (socket says 172.21.15.172:58638)
2024-09-10T08:37:09.453 INFO:teuthology.orchestra.run.smithi172.stdout:/usr/bin/ceph: stderr
2024-09-10T08:37:08.487+0000 7ff35ffff640 1 -- 172.21.15.172:0/3940121260 learned_addr learned my addr 172.21.15.172:0/3940121260 (peer_addr_for_me v2:172.21.15.172:0/0)
2024-09-10T08:37:09.453 INFO:teuthology.orchestra.run.smithi172.stdout:/usr/bin/ceph: stderr
2024-09-10T08:37:08.487+0000 7ff35ffff640 1 -- 172.21.15.172:0/3940121260 --> [v2:172.21.15.172:3300/0,v1:172.21.15.172:6789/0] -- mon_subscribe({config=0+,monmap=0+}) -- 0x7ff36019b960 con 0x7ff3601074b0
2024-09-10T08:37:09.453 INFO:teuthology.orchestra.run.smithi172.stdout:/usr/bin/ceph: stderr
2024-09-10T08:37:08.488+0000 7ff35ffff640 1 --2- 172.21.15.172:0/3940121260 >> [v2:172.21.15.172:3300/0,v1:172.21.15.172:6789/0] conn(0x7ff3601074b0 0x7ff36019b420 secure :-1 s=READY pgs=50 cs=0 l=1 rev1=1 crypto rx=0x7ff3500097f0 tx=0x7ff350030d00 comp rx=0 tx=0).ready entity=mon.0 client_cookie=0 server_cookie=0 in_seq=0 out_seq=0
2024-09-10T08:37:09.454 INFO:teuthology.orchestra.run.smithi172.stdout:/usr/bin/ceph: stderr
2024-09-10T08:37:08.488+0000 7ff35d7fa640 1 -- 172.21.15.172:0/3940121260 <== mon.0 v2:172.21.15.172:3300/0 1 ==== mon_map magic: 0 ==== 205+0+0 (secure 0 0 0) 0x7ff350037040 con 0x7ff3601074b0
2024-09-10T08:37:09.454 INFO:teuthology.orchestra.run.smithi172.stdout:/usr/bin/ceph: stderr
2024-09-10T08:37:08.488+0000 7ff366507640 1 -- 172.21.15.172:0/3940121260 --> [v2:172.21.15.172:3300/0,v1:172.21.15.172:6789/0] -- mon_subscribe({mgrmap=0+}) -- 0x7ff36019bbf0 con 0x7ff3601074b0
2024-09-10T08:37:09.454 INFO:teuthology.orchestra.run.smithi172.stdout:/usr/bin/ceph: stderr
2024-09-10T08:37:08.488+0000 7ff35d7fa640 1 -- 172.21.15.172:0/3940121260 <== mon.0 v2:172.21.15.172:3300/0 2 ==== config(26 keys) ==== 1071+0+0 (secure 0 0 0) 0x7ff350032bb0 con 0x7ff3601074b0
2024-09-10T08:37:09.454 INFO:teuthology.orchestra.run.smithi172.stdout:/usr/bin/ceph: stderr
2024-09-10T08:37:08.488+0000 7ff35d7fa640 1 -- 172.21.15.172:0/3940121260 <== mon.0 v2:172.21.15.172:3300/0 3 ==== mon_map magic: 0 ==== 205+0+0 (secure 0 0 0) 0x7ff35003a390 con 0x7ff3601074b0
2024-09-10T08:37:09.454 INFO:teuthology.orchestra.run.smithi172.stdout:/usr/bin/ceph: stderr
2024-09-10T08:37:08.488+0000 7ff366507640 1 -- 172.21.15.172:0/3940121260 --> [v2:172.21.15.172:3300/0,v1:172.21.15.172:6789/0] -- mon_subscribe({osdmap=0}) -- 0x7ff36019e8e0 con 0x7ff3601074b0
2024-09-10T08:37:09.454 INFO:teuthology.orchestra.run.smithi172.stdout:/usr/bin/ceph: stderr
2024-09-10T08:37:08.489+0000 7ff35d7fa640 1 -- 172.21.15.172:0/3940121260 <== mon.0 v2:172.21.15.172:3300/0 4 ==== mgrmap(e 8) ==== 46287+0+0 (secure 0 0 0) 0x7ff35003a5d0 con 0x7ff3601074b0
2024-09-10T08:37:09.454 INFO:teuthology.orchestra.run.smithi172.stdout:/usr/bin/ceph: stderr
2024-09-10T08:37:08.489+0000 7ff366507640 1 -- 172.21.15.172:0/3940121260 --> [v2:172.21.15.172:3300/0,v1:172.21.15.172:6789/0] -- mon_command({"prefix": "get_command_descriptions"} v 0) -- 0x7ff36010bbe0 con 0x7ff3601074b0
2024-09-10T08:37:09.454 INFO:teuthology.orchestra.run.smithi172.stdout:/usr/bin/ceph: stderr
2024-09-10T08:37:08.489+0000 7ff35d7fa640 1 --2- 172.21.15.172:0/3940121260 >> [v2:172.21.15.172:6800/2333617420,v1:172.21.15.172:6801/2333617420] conn(0x7ff348038f70 0x7ff34803b430 unknown :-1 s=NONE pgs=0 cs=0 l=1 rev1=0 crypto rx=0 tx=0 comp rx=0 tx=0).connect
2024-09-10T08:37:09.454 INFO:teuthology.orchestra.run.smithi172.stdout:/usr/bin/ceph: stderr
2024-09-10T08:37:08.489+0000 7ff35d7fa640 1 -- 172.21.15.172:0/3940121260 <== mon.0 v2:172.21.15.172:3300/0 5 ==== osd_map(2..2 src has 1..2) ==== 940+0+0 (secure 0 0 0) 0x7ff35006c330 con 0x7ff3601074b0
2024-09-10T08:37:09.454 INFO:teuthology.orchestra.run.smithi172.stdout:/usr/bin/ceph: stderr
2024-09-10T08:37:08.489+0000 7ff35f7fe640 1 --2- 172.21.15.172:0/3940121260 >> [v2:172.21.15.172:6800/2333617420,v1:172.21.15.172:6801/2333617420] conn(0x7ff348038f70 0x7ff34803b430 unknown :-1 s=BANNER_CONNECTING pgs=0 cs=0 l=1 rev1=0 crypto rx=0 tx=0 comp rx=0 tx=0)._handle_peer_banner_payload supported=3 required=0
2024-09-10T08:37:09.455 INFO:teuthology.orchestra.run.smithi172.stdout:/usr/bin/ceph: stderr
2024-09-10T08:37:08.490+0000 7ff35f7fe640 1 --2- 172.21.15.172:0/3940121260 >> [v2:172.21.15.172:6800/2333617420,v1:172.21.15.172:6801/2333617420] conn(0x7ff348038f70 0x7ff34803b430 secure :-1 s=READY pgs=14 cs=0 l=1 rev1=1 crypto rx=0x7ff3540098c0 tx=0x7ff354006db0 comp rx=0 tx=0).ready entity=mgr.14118 client_cookie=0 server_cookie=0 in_seq=0 out_seq=0
2024-09-10T08:37:09.455 INFO:teuthology.orchestra.run.smithi172.stdout:/usr/bin/ceph: stderr
2024-09-10T08:37:08.494+0000 7ff35d7fa640 1 -- 172.21.15.172:0/3940121260 <== mon.0 v2:172.21.15.172:3300/0 6 ==== mon_command_ack([{"prefix": "get_command_descriptions"}]=0 v0) ==== 72+0+188821 (secure 0 0 0) 0x7ff350032dd0 con 0x7ff3601074b0
2024-09-10T08:37:09.455 INFO:teuthology.orchestra.run.smithi172.stdout:/usr/bin/ceph: stderr
2024-09-10T08:37:08.663+0000 7ff366507640 1 -- 172.21.15.172:0/3940121260 --> [v2:172.21.15.172:3300/0,v1:172.21.15.172:6789/0] -- mon_command([{prefix=config set, name=mgr/cephadm/container_init}] v 0) -- 0x7ff360107930 con 0x7ff3601074b0
2024-09-10T08:37:09.455 INFO:teuthology.orchestra.run.smithi172.stdout:/usr/bin/ceph: stderr
2024-09-10T08:37:08.668+0000 7ff35d7fa640 1 -- 172.21.15.172:0/3940121260 <== mon.0 v2:172.21.15.172:3300/0 7 ==== mon_command_ack([{prefix=config set, name=mgr/cephadm/container_init}]=0 v6)=0 v6) ==== 142+0+0 (secure 0 0 0) 0x7ff350031560 con 0x7ff3601074b0
2024-09-10T08:37:09.455 INFO:teuthology.orchestra.run.smithi172.stdout:/usr/bin/ceph: stderr
2024-09-10T08:37:08.671+0000 7ff366507640 1 -- 172.21.15.172:0/3940121260 >> [v2:172.21.15.172:6800/2333617420,v1:172.21.15.172:6801/2333617420] conn(0x7ff348038f70 msgr2=0x7ff34803b430 secure :-1 s=STATE_CONNECTION_ESTABLISHED l=1).mark_down
2024-09-10T08:37:09.455 INFO:teuthology.orchestra.run.smithi172.stdout:/usr/bin/ceph: stderr
2024-09-10T08:37:08.671+0000 7ff366507640 1 --2- 172.21.15.172:0/3940121260 >> [v2:172.21.15.172:6800/2333617420,v1:172.21.15.172:6801/2333617420] conn(0x7ff348038f70 0x7ff34803b430 secure :-1 s=READY pgs=14 cs=0 l=1 rev1=1 crypto rx=0x7ff3540098c0 tx=0x7ff354006db0 comp rx=0 tx=0).stop
2024-09-10T08:37:09.455 INFO:teuthology.orchestra.run.smithi172.stdout:/usr/bin/ceph: stderr
2024-09-10T08:37:08.671+0000 7ff366507640 1 -- 172.21.15.172:0/3940121260 >> [v2:172.21.15.172:3300/0,v1:172.21.15.172:6789/0] conn(0x7ff3601074b0 msgr2=0x7ff36019b420 secure :-1 s=STATE_CONNECTION_ESTABLISHED l=1).mark_down
2024-09-10T08:37:09.455 INFO:teuthology.orchestra.run.smithi172.stdout:/usr/bin/ceph: stderr
2024-09-10T08:37:08.671+0000 7ff366507640 1 --2- 172.21.15.172:0/3940121260 >> [v2:172.21.15.172:3300/0,v1:172.21.15.172:6789/0] conn(0x7ff3601074b0 0x7ff36019b420 secure :-1 s=READY pgs=50 cs=0 l=1 rev1=1 crypto rx=0x7ff3500097f0 tx=0x7ff350030d00 comp rx=0 tx=0).stop
2024-09-10T08:37:09.455 INFO:teuthology.orchestra.run.smithi172.stdout:/usr/bin/ceph: stderr
2024-09-10T08:37:08.671+0000 7ff366507640 1 -- 172.21.15.172:0/3940121260 shutdown_connections
2024-09-10T08:37:09.455 INFO:teuthology.orchestra.run.smithi172.stdout:/usr/bin/ceph: stderr
2024-09-10T08:37:08.671+0000 7ff366507640 1 --2- 172.21.15.172:0/3940121260 >> [v2:172.21.15.172:6800/2333617420,v1:172.21.15.172:6801/2333617420] conn(0x7ff348038f70 0x7ff34803b430 unknown :-1 s=CLOSED pgs=14 cs=0 l=1 rev1=1 crypto rx=0 tx=0 comp rx=0 tx=0).stop
2024-09-10T08:37:09.456 INFO:teuthology.orchestra.run.smithi172.stdout:/usr/bin/ceph: stderr
2024-09-10T08:37:08.671+0000 7ff366507640 1 --2- 172.21.15.172:0/3940121260 >> [v2:172.21.15.172:3300/0,v1:172.21.15.172:6789/0] conn(0x7ff3601074b0 0x7ff36019b420 unknown :-1 s=CLOSED pgs=50 cs=0 l=1 rev1=1 crypto rx=0 tx=0 comp rx=0 tx=0).stop
2024-09-10T08:37:09.456 INFO:teuthology.orchestra.run.smithi172.stdout:/usr/bin/ceph: stderr
2024-09-10T08:37:08.671+0000 7ff366507640 1 -- 172.21.15.172:0/3940121260 >> 172.21.15.172:0/3940121260 conn(0x7ff360102c60 msgr2=0x7ff360103710 unknown :-1 s=STATE_NONE l=0).mark_down
2024-09-10T08:37:09.456 INFO:teuthology.orchestra.run.smithi172.stdout:/usr/bin/ceph: stderr
2024-09-10T08:37:08.671+0000 7ff366507640 1 -- 172.21.15.172:0/3940121260 shutdown_connections
2024-09-10T08:37:09.456 INFO:teuthology.orchestra.run.smithi172.stdout:/usr/bin/ceph: stderr
2024-09-10T08:37:08.671+0000 7ff366507640 1 -- 172.21.15.172:0/3940121260 wait complete.
2024-09-10T08:37:09.832 INFO:journalctl@ceph.mon.a.smithi172.stdout:Sep 10 08:37:09 smithi172 ceph-mon[30854]: from='client.? 172.21.15.172:0/3940121260' entity='client.admin'
2024-09-10T08:37:11.194 INFO:journalctl@ceph.mon.a.smithi172.stdout:Sep 10 08:37:11 smithi172 ceph-mon[30854]: from='mgr.14118 172.21.15.172:0/2378242087' entity='mgr.x'
2024-09-10T08:37:11.195 INFO:journalctl@ceph.mon.a.smithi172.stdout:Sep 10 08:37:11 smithi172 ceph-mon[30854]: from='mgr.14118 172.21.15.172:0/2378242087' entity='mgr.x'
2024-09-10T08:37:11.195 INFO:journalctl@ceph.mon.a.smithi172.stdout:Sep 10 08:37:11 smithi172 ceph-mon[30854]: from='client.? 172.21.15.172:0/2084726782' entity='client.admin'
2024-09-10T08:37:11.196 INFO:teuthology.orchestra.run.smithi172.stdout:/usr/bin/ceph: stderr
2024-09-10T08:37:10.392+0000 7fbc96309640 1 Processor -- start
2024-09-10T08:37:11.201 INFO:teuthology.orchestra.run.smithi172.stdout:/usr/bin/ceph: stderr
2024-09-10T08:37:10.393+0000 7fbc96309640 1 -- start start
2024-09-10T08:37:11.202 INFO:teuthology.orchestra.run.smithi172.stdout:/usr/bin/ceph: stderr
2024-09-10T08:37:10.393+0000 7fbc96309640 1 --2- >> [v2:172.21.15.172:3300/0,v1:172.21.15.172:6789/0] conn(0x7fbc90107450 0x7fbc90107850 unknown :-1 s=NONE pgs=0 cs=0 l=0 rev1=0 crypto rx=0 tx=0 comp rx=0 tx=0).connect
2024-09-10T08:37:11.202 INFO:teuthology.orchestra.run.smithi172.stdout:/usr/bin/ceph: stderr
2024-09-10T08:37:10.393+0000 7fbc96309640 1 -- --> [v2:172.21.15.172:3300/0,v1:172.21.15.172:6789/0] -- mon_getmap magic: 0 -- 0x7fbc90107e20 con 0x7fbc90107450
2024-09-10T08:37:11.202 INFO:teuthology.orchestra.run.smithi172.stdout:/usr/bin/ceph: stderr
2024-09-10T08:37:10.393+0000 7fbc8ffff640 1 --2- >> [v2:172.21.15.172:3300/0,v1:172.21.15.172:6789/0] conn(0x7fbc90107450 0x7fbc90107850 unknown :-1 s=BANNER_CONNECTING pgs=0 cs=0 l=0 rev1=0 crypto rx=0 tx=0 comp rx=0 tx=0)._handle_peer_banner_payload supported=3 required=0
2024-09-10T08:37:11.202 INFO:teuthology.orchestra.run.smithi172.stdout:/usr/bin/ceph: stderr
2024-09-10T08:37:10.393+0000 7fbc8ffff640 1 --2- >> [v2:172.21.15.172:3300/0,v1:172.21.15.172:6789/0] conn(0x7fbc90107450 0x7fbc90107850 unknown :-1 s=HELLO_CONNECTING pgs=0 cs=0 l=0 rev1=1 crypto rx=0 tx=0 comp rx=0 tx=0).handle_hello peer v2:172.21.15.172:3300/0 says I am v2:172.21.15.172:58652/0 (socket says 172.21.15.172:58652)
2024-09-10T08:37:11.202 INFO:teuthology.orchestra.run.smithi172.stdout:/usr/bin/ceph: stderr
2024-09-10T08:37:10.393+0000 7fbc8ffff640 1 -- 172.21.15.172:0/792290099 learned_addr learned my addr 172.21.15.172:0/792290099 (peer_addr_for_me v2:172.21.15.172:0/0)
2024-09-10T08:37:11.202 INFO:teuthology.orchestra.run.smithi172.stdout:/usr/bin/ceph: stderr
2024-09-10T08:37:10.393+0000 7fbc8ffff640 1 -- 172.21.15.172:0/792290099 --> [v2:172.21.15.172:3300/0,v1:172.21.15.172:6789/0] -- mon_subscribe({config=0+,monmap=0+}) -- 0x7fbc90108650 con 0x7fbc90107450
2024-09-10T08:37:11.202 INFO:teuthology.orchestra.run.smithi172.stdout:/usr/bin/ceph: stderr
2024-09-10T08:37:10.394+0000 7fbc8ffff640 1 --2- 172.21.15.172:0/792290099 >> [v2:172.21.15.172:3300/0,v1:172.21.15.172:6789/0] conn(0x7fbc90107450 0x7fbc90107850 secure :-1 s=READY pgs=51 cs=0 l=1 rev1=1 crypto rx=0x7fbc80009820 tx=0x7fbc8002a270 comp rx=0 tx=0).ready entity=mon.0 client_cookie=9cbf21561d5152d5 server_cookie=0 in_seq=0 out_seq=0
2024-09-10T08:37:11.202 INFO:teuthology.orchestra.run.smithi172.stdout:/usr/bin/ceph: stderr
2024-09-10T08:37:10.394+0000 7fbc8effd640 1 -- 172.21.15.172:0/792290099 <== mon.0 v2:172.21.15.172:3300/0 1 ==== mon_map magic: 0 ==== 205+0+0 (secure 0 0 0) 0x7fbc80037070 con 0x7fbc90107450
2024-09-10T08:37:11.202 INFO:teuthology.orchestra.run.smithi172.stdout:/usr/bin/ceph: stderr
2024-09-10T08:37:10.395+0000 7fbc8effd640 1 -- 172.21.15.172:0/792290099 <== mon.0 v2:172.21.15.172:3300/0 2 ==== config(26 keys) ==== 1102+0+0 (secure 0 0 0) 0x7fbc800328f0 con 0x7fbc90107450
2024-09-10T08:37:11.202 INFO:teuthology.orchestra.run.smithi172.stdout:/usr/bin/ceph: stderr
2024-09-10T08:37:10.395+0000 7fbc8effd640 1 -- 172.21.15.172:0/792290099 <== mon.0 v2:172.21.15.172:3300/0 3 ==== mon_map magic: 0 ==== 205+0+0 (secure 0 0 0) 0x7fbc80030740 con 0x7fbc90107450
2024-09-10T08:37:11.203 INFO:teuthology.orchestra.run.smithi172.stdout:/usr/bin/ceph: stderr
2024-09-10T08:37:10.395+0000 7fbc96309640 1 -- 172.21.15.172:0/792290099 >> [v2:172.21.15.172:3300/0,v1:172.21.15.172:6789/0] conn(0x7fbc90107450 msgr2=0x7fbc90107850 secure :-1 s=STATE_CONNECTION_ESTABLISHED l=1).mark_down
2024-09-10T08:37:11.203 INFO:teuthology.orchestra.run.smithi172.stdout:/usr/bin/ceph: stderr
2024-09-10T08:37:10.395+0000 7fbc96309640 1 --2- 172.21.15.172:0/792290099 >> [v2:172.21.15.172:3300/0,v1:172.21.15.172:6789/0] conn(0x7fbc90107450 0x7fbc90107850 secure :-1 s=READY pgs=51 cs=0 l=1 rev1=1 crypto rx=0x7fbc80009820 tx=0x7fbc8002a270 comp rx=0 tx=0).stop
2024-09-10T08:37:11.203 INFO:teuthology.orchestra.run.smithi172.stdout:/usr/bin/ceph: stderr
2024-09-10T08:37:10.395+0000 7fbc96309640 1 -- 172.21.15.172:0/792290099 shutdown_connections
2024-09-10T08:37:11.203 INFO:teuthology.orchestra.run.smithi172.stdout:/usr/bin/ceph: stderr
2024-09-10T08:37:10.395+0000 7fbc96309640 1 --2- 172.21.15.172:0/792290099 >> [v2:172.21.15.172:3300/0,v1:172.21.15.172:6789/0] conn(0x7fbc90107450 0x7fbc90107850 unknown :-1 s=CLOSED pgs=51 cs=0 l=1 rev1=1 crypto rx=0 tx=0 comp rx=0 tx=0).stop
2024-09-10T08:37:11.203 INFO:teuthology.orchestra.run.smithi172.stdout:/usr/bin/ceph: stderr
2024-09-10T08:37:10.395+0000 7fbc96309640 1 -- 172.21.15.172:0/792290099 >> 172.21.15.172:0/792290099 conn(0x7fbc90102bc0 msgr2=0x7fbc90105020 unknown :-1 s=STATE_NONE l=0).mark_down
2024-09-10T08:37:11.203 INFO:teuthology.orchestra.run.smithi172.stdout:/usr/bin/ceph: stderr
2024-09-10T08:37:10.395+0000 7fbc96309640 1 -- 172.21.15.172:0/792290099 shutdown_connections
2024-09-10T08:37:11.203 INFO:teuthology.orchestra.run.smithi172.stdout:/usr/bin/ceph: stderr
2024-09-10T08:37:10.395+0000 7fbc96309640 1 -- 172.21.15.172:0/792290099 wait complete.
2024-09-10T08:37:11.203 INFO:teuthology.orchestra.run.smithi172.stdout:/usr/bin/ceph: stderr
2024-09-10T08:37:10.396+0000 7fbc96309640 1 Processor -- start
2024-09-10T08:37:11.203 INFO:teuthology.orchestra.run.smithi172.stdout:/usr/bin/ceph: stderr
2024-09-10T08:37:10.396+0000 7fbc96309640 1 -- start start
2024-09-10T08:37:11.203 INFO:teuthology.orchestra.run.smithi172.stdout:/usr/bin/ceph: stderr
2024-09-10T08:37:10.397+0000 7fbc96309640 1 --2- >> [v2:172.21.15.172:3300/0,v1:172.21.15.172:6789/0] conn(0x7fbc90107450 0x7fbc9019b410 unknown :-1 s=NONE pgs=0 cs=0 l=1 rev1=0 crypto rx=0 tx=0 comp rx=0 tx=0).connect
2024-09-10T08:37:11.203 INFO:teuthology.orchestra.run.smithi172.stdout:/usr/bin/ceph: stderr
2024-09-10T08:37:10.397+0000 7fbc96309640 1 -- --> [v2:172.21.15.172:3300/0,v1:172.21.15.172:6789/0] -- mon_getmap magic: 0 -- 0x7fbc9010ba00 con 0x7fbc90107450
2024-09-10T08:37:11.203 INFO:teuthology.orchestra.run.smithi172.stdout:/usr/bin/ceph: stderr
2024-09-10T08:37:10.397+0000 7fbc8ffff640 1 --2- >> [v2:172.21.15.172:3300/0,v1:172.21.15.172:6789/0] conn(0x7fbc90107450 0x7fbc9019b410 unknown :-1 s=BANNER_CONNECTING pgs=0 cs=0 l=1 rev1=0 crypto rx=0 tx=0 comp rx=0 tx=0)._handle_peer_banner_payload supported=3 required=0
2024-09-10T08:37:11.204 INFO:teuthology.orchestra.run.smithi172.stdout:/usr/bin/ceph: stderr
2024-09-10T08:37:10.397+0000 7fbc8ffff640 1 --2- >> [v2:172.21.15.172:3300/0,v1:172.21.15.172:6789/0] conn(0x7fbc90107450 0x7fbc9019b410 unknown :-1 s=HELLO_CONNECTING pgs=0 cs=0 l=1 rev1=1 crypto rx=0 tx=0 comp rx=0 tx=0).handle_hello peer v2:172.21.15.172:3300/0 says I am v2:172.21.15.172:58658/0 (socket says 172.21.15.172:58658)
2024-09-10T08:37:11.204 INFO:teuthology.orchestra.run.smithi172.stdout:/usr/bin/ceph: stderr
2024-09-10T08:37:10.397+0000 7fbc8ffff640 1 -- 172.21.15.172:0/2084726782 learned_addr learned my addr 172.21.15.172:0/2084726782 (peer_addr_for_me v2:172.21.15.172:0/0)
2024-09-10T08:37:11.204 INFO:teuthology.orchestra.run.smithi172.stdout:/usr/bin/ceph: stderr
2024-09-10T08:37:10.397+0000 7fbc8ffff640 1 -- 172.21.15.172:0/2084726782 --> [v2:172.21.15.172:3300/0,v1:172.21.15.172:6789/0] -- mon_subscribe({config=0+,monmap=0+}) -- 0x7fbc9019b950 con 0x7fbc90107450
2024-09-10T08:37:11.204 INFO:teuthology.orchestra.run.smithi172.stdout:/usr/bin/ceph: stderr
2024-09-10T08:37:10.397+0000 7fbc8ffff640 1 --2- 172.21.15.172:0/2084726782 >> [v2:172.21.15.172:3300/0,v1:172.21.15.172:6789/0] conn(0x7fbc90107450 0x7fbc9019b410 secure :-1 s=READY pgs=52 cs=0 l=1 rev1=1 crypto rx=0x7fbc80009940 tx=0x7fbc80030cc0 comp rx=0 tx=0).ready entity=mon.0 client_cookie=0 server_cookie=0 in_seq=0 out_seq=0
2024-09-10T08:37:11.204 INFO:teuthology.orchestra.run.smithi172.stdout:/usr/bin/ceph: stderr
2024-09-10T08:37:10.398+0000 7fbc8d7fa640 1 -- 172.21.15.172:0/2084726782 <== mon.0 v2:172.21.15.172:3300/0 1 ==== mon_map magic: 0 ==== 205+0+0 (secure 0 0 0) 0x7fbc80042070 con 0x7fbc90107450
2024-09-10T08:37:11.204 INFO:teuthology.orchestra.run.smithi172.stdout:/usr/bin/ceph: stderr
2024-09-10T08:37:10.398+0000 7fbc96309640 1 -- 172.21.15.172:0/2084726782 --> [v2:172.21.15.172:3300/0,v1:172.21.15.172:6789/0] -- mon_subscribe({mgrmap=0+}) -- 0x7fbc9019bbe0 con 0x7fbc90107450
2024-09-10T08:37:11.204 INFO:teuthology.orchestra.run.smithi172.stdout:/usr/bin/ceph: stderr
2024-09-10T08:37:10.398+0000 7fbc8d7fa640 1 -- 172.21.15.172:0/2084726782 <== mon.0 v2:172.21.15.172:3300/0 2 ==== config(26 keys) ==== 1102+0+0 (secure 0 0 0) 0x7fbc80030e30 con 0x7fbc90107450
2024-09-10T08:37:11.204 INFO:teuthology.orchestra.run.smithi172.stdout:/usr/bin/ceph: stderr
2024-09-10T08:37:10.398+0000 7fbc96309640 1 -- 172.21.15.172:0/2084726782 --> [v2:172.21.15.172:3300/0,v1:172.21.15.172:6789/0] -- mon_subscribe({osdmap=0}) -- 0x7fbc9019e8d0 con 0x7fbc90107450
2024-09-10T08:37:11.204 INFO:teuthology.orchestra.run.smithi172.stdout:/usr/bin/ceph: stderr
2024-09-10T08:37:10.398+0000 7fbc8d7fa640 1 -- 172.21.15.172:0/2084726782 <== mon.0 v2:172.21.15.172:3300/0 3 ==== mon_map magic: 0 ==== 205+0+0 (secure 0 0 0) 0x7fbc8004c060 con 0x7fbc90107450
2024-09-10T08:37:11.204 INFO:teuthology.orchestra.run.smithi172.stdout:/usr/bin/ceph: stderr
2024-09-10T08:37:10.399+0000 7fbc96309640 1 -- 172.21.15.172:0/2084726782 --> [v2:172.21.15.172:3300/0,v1:172.21.15.172:6789/0] -- mon_command({"prefix": "get_command_descriptions"} v 0) -- 0x7fbc9010bb80 con 0x7fbc90107450
2024-09-10T08:37:11.204 INFO:teuthology.orchestra.run.smithi172.stdout:/usr/bin/ceph: stderr
2024-09-10T08:37:10.399+0000 7fbc8d7fa640 1 -- 172.21.15.172:0/2084726782 <== mon.0 v2:172.21.15.172:3300/0 4 ==== mgrmap(e 8) ==== 46287+0+0 (secure 0 0 0) 0x7fbc80045070 con 0x7fbc90107450
2024-09-10T08:37:11.204 INFO:teuthology.orchestra.run.smithi172.stdout:/usr/bin/ceph: stderr
2024-09-10T08:37:10.399+0000 7fbc8d7fa640 1 --2- 172.21.15.172:0/2084726782 >> [v2:172.21.15.172:6800/2333617420,v1:172.21.15.172:6801/2333617420] conn(0x7fbc78038f70 0x7fbc7803b430 unknown :-1 s=NONE pgs=0 cs=0 l=1 rev1=0 crypto rx=0 tx=0 comp rx=0 tx=0).connect
2024-09-10T08:37:11.205 INFO:teuthology.orchestra.run.smithi172.stdout:/usr/bin/ceph: stderr
2024-09-10T08:37:10.399+0000 7fbc8d7fa640 1 -- 172.21.15.172:0/2084726782 <== mon.0 v2:172.21.15.172:3300/0 5 ==== osd_map(2..2 src has 1..2) ==== 940+0+0 (secure 0 0 0) 0x7fbc8006c030 con 0x7fbc90107450
2024-09-10T08:37:11.205 INFO:teuthology.orchestra.run.smithi172.stdout:/usr/bin/ceph: stderr
2024-09-10T08:37:10.399+0000 7fbc8f7fe640 1 --2- 172.21.15.172:0/2084726782 >> [v2:172.21.15.172:6800/2333617420,v1:172.21.15.172:6801/2333617420] conn(0x7fbc78038f70 0x7fbc7803b430 unknown :-1 s=BANNER_CONNECTING pgs=0 cs=0 l=1 rev1=0 crypto rx=0 tx=0 comp rx=0 tx=0)._handle_peer_banner_payload supported=3 required=0
2024-09-10T08:37:11.205 INFO:teuthology.orchestra.run.smithi172.stdout:/usr/bin/ceph: stderr
