2024-09-10T08:37:10.400+0000 7fbc8f7fe640 1 --2- 172.21.15.172:0/2084726782 >> [v2:172.21.15.172:6800/2333617420,v1:172.21.15.172:6801/2333617420] conn(0x7fbc78038f70 0x7fbc7803b430 secure :-1 s=READY pgs=15 cs=0 l=1 rev1=1 crypto rx=0x7fbc840098c0 tx=0x7fbc84006db0 comp rx=0 tx=0).ready entity=mgr.14118 client_cookie=0 server_cookie=0 in_seq=0 out_seq=0
2024-09-10T08:37:11.205 INFO:teuthology.orchestra.run.smithi172.stdout:/usr/bin/ceph: stderr
2024-09-10T08:37:10.404+0000 7fbc8d7fa640 1 -- 172.21.15.172:0/2084726782 <== mon.0 v2:172.21.15.172:3300/0 6 ==== mon_command_ack([{"prefix": "get_command_descriptions"}]=0 v0) ==== 72+0+188821 (secure 0 0 0) 0x7fbc8003a380 con 0x7fbc90107450
2024-09-10T08:37:11.205 INFO:teuthology.orchestra.run.smithi172.stdout:/usr/bin/ceph: stderr
2024-09-10T08:37:10.580+0000 7fbc96309640 1 -- 172.21.15.172:0/2084726782 --> [v2:172.21.15.172:3300/0,v1:172.21.15.172:6789/0] -- mon_command([{prefix=config set, name=mgr/dashboard/ssl_server_port}] v 0) -- 0x7fbc901078d0 con 0x7fbc90107450
2024-09-10T08:37:11.205 INFO:teuthology.orchestra.run.smithi172.stdout:/usr/bin/ceph: stderr
2024-09-10T08:37:10.583+0000 7fbc8d7fa640 1 -- 172.21.15.172:0/2084726782 <== mon.0 v2:172.21.15.172:3300/0 7 ==== mon_command_ack([{prefix=config set, name=mgr/dashboard/ssl_server_port}]=0 v8)=0 v8) ==== 130+0+0 (secure 0 0 0) 0x7fbc8002e200 con 0x7fbc90107450
2024-09-10T08:37:11.205 INFO:teuthology.orchestra.run.smithi172.stdout:/usr/bin/ceph: stderr
2024-09-10T08:37:10.586+0000 7fbc96309640 1 -- 172.21.15.172:0/2084726782 >> [v2:172.21.15.172:6800/2333617420,v1:172.21.15.172:6801/2333617420] conn(0x7fbc78038f70 msgr2=0x7fbc7803b430 secure :-1 s=STATE_CONNECTION_ESTABLISHED l=1).mark_down
2024-09-10T08:37:11.205 INFO:teuthology.orchestra.run.smithi172.stdout:/usr/bin/ceph: stderr
2024-09-10T08:37:10.586+0000 7fbc96309640 1 --2- 172.21.15.172:0/2084726782 >> [v2:172.21.15.172:6800/2333617420,v1:172.21.15.172:6801/2333617420] conn(0x7fbc78038f70 0x7fbc7803b430 secure :-1 s=READY pgs=15 cs=0 l=1 rev1=1 crypto rx=0x7fbc840098c0 tx=0x7fbc84006db0 comp rx=0 tx=0).stop
2024-09-10T08:37:11.205 INFO:teuthology.orchestra.run.smithi172.stdout:/usr/bin/ceph: stderr
2024-09-10T08:37:10.586+0000 7fbc96309640 1 -- 172.21.15.172:0/2084726782 >> [v2:172.21.15.172:3300/0,v1:172.21.15.172:6789/0] conn(0x7fbc90107450 msgr2=0x7fbc9019b410 secure :-1 s=STATE_CONNECTION_ESTABLISHED l=1).mark_down
2024-09-10T08:37:11.205 INFO:teuthology.orchestra.run.smithi172.stdout:/usr/bin/ceph: stderr
2024-09-10T08:37:10.586+0000 7fbc96309640 1 --2- 172.21.15.172:0/2084726782 >> [v2:172.21.15.172:3300/0,v1:172.21.15.172:6789/0] conn(0x7fbc90107450 0x7fbc9019b410 secure :-1 s=READY pgs=52 cs=0 l=1 rev1=1 crypto rx=0x7fbc80009940 tx=0x7fbc80030cc0 comp rx=0 tx=0).stop
2024-09-10T08:37:11.205 INFO:teuthology.orchestra.run.smithi172.stdout:/usr/bin/ceph: stderr
2024-09-10T08:37:10.586+0000 7fbc96309640 1 -- 172.21.15.172:0/2084726782 shutdown_connections
2024-09-10T08:37:11.205 INFO:teuthology.orchestra.run.smithi172.stdout:/usr/bin/ceph: stderr
2024-09-10T08:37:10.587+0000 7fbc96309640 1 --2- 172.21.15.172:0/2084726782 >> [v2:172.21.15.172:6800/2333617420,v1:172.21.15.172:6801/2333617420] conn(0x7fbc78038f70 0x7fbc7803b430 unknown :-1 s=CLOSED pgs=15 cs=0 l=1 rev1=1 crypto rx=0 tx=0 comp rx=0 tx=0).stop
2024-09-10T08:37:11.206 INFO:teuthology.orchestra.run.smithi172.stdout:/usr/bin/ceph: stderr
2024-09-10T08:37:10.587+0000 7fbc96309640 1 --2- 172.21.15.172:0/2084726782 >> [v2:172.21.15.172:3300/0,v1:172.21.15.172:6789/0] conn(0x7fbc90107450 0x7fbc9019b410 unknown :-1 s=CLOSED pgs=52 cs=0 l=1 rev1=1 crypto rx=0 tx=0 comp rx=0 tx=0).stop
2024-09-10T08:37:11.206 INFO:teuthology.orchestra.run.smithi172.stdout:/usr/bin/ceph: stderr
2024-09-10T08:37:10.587+0000 7fbc96309640 1 -- 172.21.15.172:0/2084726782 >> 172.21.15.172:0/2084726782 conn(0x7fbc90102bc0 msgr2=0x7fbc90103730 unknown :-1 s=STATE_NONE l=0).mark_down
2024-09-10T08:37:11.206 INFO:teuthology.orchestra.run.smithi172.stdout:/usr/bin/ceph: stderr
2024-09-10T08:37:10.587+0000 7fbc96309640 1 -- 172.21.15.172:0/2084726782 shutdown_connections
2024-09-10T08:37:11.206 INFO:teuthology.orchestra.run.smithi172.stdout:/usr/bin/ceph: stderr
2024-09-10T08:37:10.587+0000 7fbc96309640 1 -- 172.21.15.172:0/2084726782 wait complete.
2024-09-10T08:37:11.206 INFO:teuthology.orchestra.run.smithi172.stdout:Enabling the dashboard module...
2024-09-10T08:37:12.174 INFO:journalctl@ceph.mon.a.smithi172.stdout:Sep 10 08:37:12 smithi172 ceph-mon[30854]: from='client.? 172.21.15.172:0/1321771831' entity='client.admin' cmd=[{"prefix": "mgr module enable", "module": "dashboard"}]: dispatch
2024-09-10T08:37:12.476 INFO:journalctl@ceph.mgr.x.smithi172.stdout:Sep 10 08:37:12 smithi172 ceph-a7dba522-6f4f-11ef-bcea-c7b262605968-mgr-x[31079]: ignoring --setuser ceph since I am not root
2024-09-10T08:37:12.476 INFO:journalctl@ceph.mgr.x.smithi172.stdout:Sep 10 08:37:12 smithi172 ceph-a7dba522-6f4f-11ef-bcea-c7b262605968-mgr-x[31079]: ignoring --setgroup ceph since I am not root
2024-09-10T08:37:12.476 INFO:journalctl@ceph.mgr.x.smithi172.stdout:Sep 10 08:37:12 smithi172 ceph-a7dba522-6f4f-11ef-bcea-c7b262605968-mgr-x[31079]:
2024-09-10T08:37:12.298+0000 7f04ca0f4040 -1 mgr[py] Module osd_perf_query has missing NOTIFY_TYPES member
2024-09-10T08:37:12.476 INFO:journalctl@ceph.mgr.x.smithi172.stdout:Sep 10 08:37:12 smithi172 ceph-a7dba522-6f4f-11ef-bcea-c7b262605968-mgr-x[31079]:
2024-09-10T08:37:12.355+0000 7f04ca0f4040 -1 mgr[py] Module osd_support has missing NOTIFY_TYPES member
2024-09-10T08:37:12.730 INFO:journalctl@ceph.mgr.x.smithi172.stdout:Sep 10 08:37:12 smithi172 ceph-a7dba522-6f4f-11ef-bcea-c7b262605968-mgr-x[31079]:
2024-09-10T08:37:12.514+0000 7f04ca0f4040 -1 mgr[py] Module diskprediction_local has missing NOTIFY_TYPES member
2024-09-10T08:37:12.730 INFO:journalctl@ceph.mgr.x.smithi172.stdout:Sep 10 08:37:12 smithi172 ceph-a7dba522-6f4f-11ef-bcea-c7b262605968-mgr-x[31079]:
2024-09-10T08:37:12.580+0000 7f04ca0f4040 -1 mgr[py] Module crash has missing NOTIFY_TYPES member
2024-09-10T08:37:12.730 INFO:journalctl@ceph.mgr.x.smithi172.stdout:Sep 10 08:37:12 smithi172 ceph-a7dba522-6f4f-11ef-bcea-c7b262605968-mgr-x[31079]:
2024-09-10T08:37:12.729+0000 7f04ca0f4040 -1 mgr[py] Module test_orchestrator has missing NOTIFY_TYPES member
2024-09-10T08:37:13.038 INFO:journalctl@ceph.mgr.x.smithi172.stdout:Sep 10 08:37:12 smithi172 ceph-a7dba522-6f4f-11ef-bcea-c7b262605968-mgr-x[31079]:
2024-09-10T08:37:12.872+0000 7f04ca0f4040 -1 mgr[py] Module snap_schedule has missing NOTIFY_TYPES member
2024-09-10T08:37:13.046 INFO:teuthology.orchestra.run.smithi172.stdout:/usr/bin/ceph: stderr
2024-09-10T08:37:11.650+0000 7fb2ec25b640 1 Processor -- start
2024-09-10T08:37:13.046 INFO:teuthology.orchestra.run.smithi172.stdout:/usr/bin/ceph: stderr
2024-09-10T08:37:11.650+0000 7fb2ec25b640 1 -- start start
2024-09-10T08:37:13.046 INFO:teuthology.orchestra.run.smithi172.stdout:/usr/bin/ceph: stderr
2024-09-10T08:37:11.650+0000 7fb2ec25b640 1 --2- >> [v2:172.21.15.172:3300/0,v1:172.21.15.172:6789/0] conn(0x7fb2e4107490 0x7fb2e4107890 unknown :-1 s=NONE pgs=0 cs=0 l=0 rev1=0 crypto rx=0 tx=0 comp rx=0 tx=0).connect
2024-09-10T08:37:13.046 INFO:teuthology.orchestra.run.smithi172.stdout:/usr/bin/ceph: stderr
2024-09-10T08:37:11.650+0000 7fb2ec25b640 1 -- --> [v2:172.21.15.172:3300/0,v1:172.21.15.172:6789/0] -- mon_getmap magic: 0 -- 0x7fb2e4107e60 con 0x7fb2e4107490
2024-09-10T08:37:13.046 INFO:teuthology.orchestra.run.smithi172.stdout:/usr/bin/ceph: stderr
2024-09-10T08:37:11.651+0000 7fb2e9ff7640 1 --2- >> [v2:172.21.15.172:3300/0,v1:172.21.15.172:6789/0] conn(0x7fb2e4107490 0x7fb2e4107890 unknown :-1 s=BANNER_CONNECTING pgs=0 cs=0 l=0 rev1=0 crypto rx=0 tx=0 comp rx=0 tx=0)._handle_peer_banner_payload supported=3 required=0
2024-09-10T08:37:13.046 INFO:teuthology.orchestra.run.smithi172.stdout:/usr/bin/ceph: stderr
2024-09-10T08:37:11.651+0000 7fb2e9ff7640 1 --2- >> [v2:172.21.15.172:3300/0,v1:172.21.15.172:6789/0] conn(0x7fb2e4107490 0x7fb2e4107890 unknown :-1 s=HELLO_CONNECTING pgs=0 cs=0 l=0 rev1=1 crypto rx=0 tx=0 comp rx=0 tx=0).handle_hello peer v2:172.21.15.172:3300/0 says I am v2:172.21.15.172:58664/0 (socket says 172.21.15.172:58664)
2024-09-10T08:37:13.046 INFO:teuthology.orchestra.run.smithi172.stdout:/usr/bin/ceph: stderr
2024-09-10T08:37:11.651+0000 7fb2e9ff7640 1 -- 172.21.15.172:0/3154573597 learned_addr learned my addr 172.21.15.172:0/3154573597 (peer_addr_for_me v2:172.21.15.172:0/0)
2024-09-10T08:37:13.046 INFO:teuthology.orchestra.run.smithi172.stdout:/usr/bin/ceph: stderr
2024-09-10T08:37:11.651+0000 7fb2e9ff7640 1 -- 172.21.15.172:0/3154573597 --> [v2:172.21.15.172:3300/0,v1:172.21.15.172:6789/0] -- mon_subscribe({config=0+,monmap=0+}) -- 0x7fb2e4108690 con 0x7fb2e4107490
2024-09-10T08:37:13.046 INFO:teuthology.orchestra.run.smithi172.stdout:/usr/bin/ceph: stderr
2024-09-10T08:37:11.652+0000 7fb2e9ff7640 1 --2- 172.21.15.172:0/3154573597 >> [v2:172.21.15.172:3300/0,v1:172.21.15.172:6789/0] conn(0x7fb2e4107490 0x7fb2e4107890 secure :-1 s=READY pgs=53 cs=0 l=1 rev1=1 crypto rx=0x7fb2dc009e80 tx=0x7fb2dc02a7a0 comp rx=0 tx=0).ready entity=mon.0 client_cookie=698617921ed43ab0 server_cookie=0 in_seq=0 out_seq=0
2024-09-10T08:37:13.046 INFO:teuthology.orchestra.run.smithi172.stdout:/usr/bin/ceph: stderr
2024-09-10T08:37:11.652+0000 7fb2e8ff5640 1 -- 172.21.15.172:0/3154573597 <== mon.0 v2:172.21.15.172:3300/0 1 ==== mon_map magic: 0 ==== 205+0+0 (secure 0 0 0) 0x7fb2dc036070 con 0x7fb2e4107490
2024-09-10T08:37:13.046 INFO:teuthology.orchestra.run.smithi172.stdout:/usr/bin/ceph: stderr
2024-09-10T08:37:11.652+0000 7fb2e8ff5640 1 -- 172.21.15.172:0/3154573597 <== mon.0 v2:172.21.15.172:3300/0 2 ==== config(26 keys) ==== 1102+0+0 (secure 0 0 0) 0x7fb2dc0318b0 con 0x7fb2e4107490
2024-09-10T08:37:13.047 INFO:teuthology.orchestra.run.smithi172.stdout:/usr/bin/ceph: stderr
2024-09-10T08:37:11.652+0000 7fb2e8ff5640 1 -- 172.21.15.172:0/3154573597 <== mon.0 v2:172.21.15.172:3300/0 3 ==== mon_map magic: 0 ==== 205+0+0 (secure 0 0 0) 0x7fb2dc007930 con 0x7fb2e4107490
2024-09-10T08:37:13.047 INFO:teuthology.orchestra.run.smithi172.stdout:/usr/bin/ceph: stderr
2024-09-10T08:37:11.652+0000 7fb2ec25b640 1 -- 172.21.15.172:0/3154573597 >> [v2:172.21.15.172:3300/0,v1:172.21.15.172:6789/0] conn(0x7fb2e4107490 msgr2=0x7fb2e4107890 secure :-1 s=STATE_CONNECTION_ESTABLISHED l=1).mark_down
2024-09-10T08:37:13.047 INFO:teuthology.orchestra.run.smithi172.stdout:/usr/bin/ceph: stderr
2024-09-10T08:37:11.652+0000 7fb2ec25b640 1 --2- 172.21.15.172:0/3154573597 >> [v2:172.21.15.172:3300/0,v1:172.21.15.172:6789/0] conn(0x7fb2e4107490 0x7fb2e4107890 secure :-1 s=READY pgs=53 cs=0 l=1 rev1=1 crypto rx=0x7fb2dc009e80 tx=0x7fb2dc02a7a0 comp rx=0 tx=0).stop
2024-09-10T08:37:13.047 INFO:teuthology.orchestra.run.smithi172.stdout:/usr/bin/ceph: stderr
2024-09-10T08:37:11.653+0000 7fb2ec25b640 1 -- 172.21.15.172:0/3154573597 shutdown_connections
2024-09-10T08:37:13.047 INFO:teuthology.orchestra.run.smithi172.stdout:/usr/bin/ceph: stderr
2024-09-10T08:37:11.653+0000 7fb2ec25b640 1 --2- 172.21.15.172:0/3154573597 >> [v2:172.21.15.172:3300/0,v1:172.21.15.172:6789/0] conn(0x7fb2e4107490 0x7fb2e4107890 unknown :-1 s=CLOSED pgs=53 cs=0 l=1 rev1=1 crypto rx=0 tx=0 comp rx=0 tx=0).stop
2024-09-10T08:37:13.047 INFO:teuthology.orchestra.run.smithi172.stdout:/usr/bin/ceph: stderr
2024-09-10T08:37:11.653+0000 7fb2ec25b640 1 -- 172.21.15.172:0/3154573597 >> 172.21.15.172:0/3154573597 conn(0x7fb2e4102ca0 msgr2=0x7fb2e41050c0 unknown :-1 s=STATE_NONE l=0).mark_down
2024-09-10T08:37:13.047 INFO:teuthology.orchestra.run.smithi172.stdout:/usr/bin/ceph: stderr
2024-09-10T08:37:11.653+0000 7fb2ec25b640 1 -- 172.21.15.172:0/3154573597 shutdown_connections
2024-09-10T08:37:13.047 INFO:teuthology.orchestra.run.smithi172.stdout:/usr/bin/ceph: stderr
2024-09-10T08:37:11.653+0000 7fb2ec25b640 1 -- 172.21.15.172:0/3154573597 wait complete.
2024-09-10T08:37:13.047 INFO:teuthology.orchestra.run.smithi172.stdout:/usr/bin/ceph: stderr
2024-09-10T08:37:11.653+0000 7fb2ec25b640 1 Processor -- start
2024-09-10T08:37:13.047 INFO:teuthology.orchestra.run.smithi172.stdout:/usr/bin/ceph: stderr
2024-09-10T08:37:11.653+0000 7fb2ec25b640 1 -- start start
2024-09-10T08:37:13.047 INFO:teuthology.orchestra.run.smithi172.stdout:/usr/bin/ceph: stderr
2024-09-10T08:37:11.653+0000 7fb2ec25b640 1 --2- >> [v2:172.21.15.172:3300/0,v1:172.21.15.172:6789/0] conn(0x7fb2e4107490 0x7fb2e419b400 unknown :-1 s=NONE pgs=0 cs=0 l=1 rev1=0 crypto rx=0 tx=0 comp rx=0 tx=0).connect
2024-09-10T08:37:13.047 INFO:teuthology.orchestra.run.smithi172.stdout:/usr/bin/ceph: stderr
2024-09-10T08:37:11.653+0000 7fb2ec25b640 1 -- --> [v2:172.21.15.172:3300/0,v1:172.21.15.172:6789/0] -- mon_getmap magic: 0 -- 0x7fb2e410ba40 con 0x7fb2e4107490
2024-09-10T08:37:13.048 INFO:teuthology.orchestra.run.smithi172.stdout:/usr/bin/ceph: stderr
2024-09-10T08:37:11.654+0000 7fb2e9ff7640 1 --2- >> [v2:172.21.15.172:3300/0,v1:172.21.15.172:6789/0] conn(0x7fb2e4107490 0x7fb2e419b400 unknown :-1 s=BANNER_CONNECTING pgs=0 cs=0 l=1 rev1=0 crypto rx=0 tx=0 comp rx=0 tx=0)._handle_peer_banner_payload supported=3 required=0
2024-09-10T08:37:13.048 INFO:teuthology.orchestra.run.smithi172.stdout:/usr/bin/ceph: stderr
2024-09-10T08:37:11.654+0000 7fb2e9ff7640 1 --2- >> [v2:172.21.15.172:3300/0,v1:172.21.15.172:6789/0] conn(0x7fb2e4107490 0x7fb2e419b400 unknown :-1 s=HELLO_CONNECTING pgs=0 cs=0 l=1 rev1=1 crypto rx=0 tx=0 comp rx=0 tx=0).handle_hello peer v2:172.21.15.172:3300/0 says I am v2:172.21.15.172:58674/0 (socket says 172.21.15.172:58674)
2024-09-10T08:37:13.048 INFO:teuthology.orchestra.run.smithi172.stdout:/usr/bin/ceph: stderr
2024-09-10T08:37:11.654+0000 7fb2e9ff7640 1 -- 172.21.15.172:0/1321771831 learned_addr learned my addr 172.21.15.172:0/1321771831 (peer_addr_for_me v2:172.21.15.172:0/0)
2024-09-10T08:37:13.048 INFO:teuthology.orchestra.run.smithi172.stdout:/usr/bin/ceph: stderr
2024-09-10T08:37:11.654+0000 7fb2e9ff7640 1 -- 172.21.15.172:0/1321771831 --> [v2:172.21.15.172:3300/0,v1:172.21.15.172:6789/0] -- mon_subscribe({config=0+,monmap=0+}) -- 0x7fb2e419b940 con 0x7fb2e4107490
2024-09-10T08:37:13.048 INFO:teuthology.orchestra.run.smithi172.stdout:/usr/bin/ceph: stderr
2024-09-10T08:37:11.654+0000 7fb2e9ff7640 1 --2- 172.21.15.172:0/1321771831 >> [v2:172.21.15.172:3300/0,v1:172.21.15.172:6789/0] conn(0x7fb2e4107490 0x7fb2e419b400 secure :-1 s=READY pgs=54 cs=0 l=1 rev1=1 crypto rx=0x7fb2dc007b60 tx=0x7fb2dc031c90 comp rx=0 tx=0).ready entity=mon.0 client_cookie=0 server_cookie=0 in_seq=0 out_seq=0
2024-09-10T08:37:13.048 INFO:teuthology.orchestra.run.smithi172.stdout:/usr/bin/ceph: stderr
2024-09-10T08:37:11.654+0000 7fb2e2ffd640 1 -- 172.21.15.172:0/1321771831 <== mon.0 v2:172.21.15.172:3300/0 1 ==== mon_map magic: 0 ==== 205+0+0 (secure 0 0 0) 0x7fb2dc036050 con 0x7fb2e4107490
2024-09-10T08:37:13.048 INFO:teuthology.orchestra.run.smithi172.stdout:/usr/bin/ceph: stderr
2024-09-10T08:37:11.654+0000 7fb2e2ffd640 1 -- 172.21.15.172:0/1321771831 <== mon.0 v2:172.21.15.172:3300/0 2 ==== config(26 keys) ==== 1102+0+0 (secure 0 0 0) 0x7fb2dc042070 con 0x7fb2e4107490
2024-09-10T08:37:13.048 INFO:teuthology.orchestra.run.smithi172.stdout:/usr/bin/ceph: stderr
2024-09-10T08:37:11.654+0000 7fb2ec25b640 1 -- 172.21.15.172:0/1321771831 --> [v2:172.21.15.172:3300/0,v1:172.21.15.172:6789/0] -- mon_subscribe({mgrmap=0+}) -- 0x7fb2e419bbd0 con 0x7fb2e4107490
2024-09-10T08:37:13.048 INFO:teuthology.orchestra.run.smithi172.stdout:/usr/bin/ceph: stderr
2024-09-10T08:37:11.654+0000 7fb2e2ffd640 1 -- 172.21.15.172:0/1321771831 <== mon.0 v2:172.21.15.172:3300/0 3 ==== mon_map magic: 0 ==== 205+0+0 (secure 0 0 0) 0x7fb2dc03da30 con 0x7fb2e4107490
2024-09-10T08:37:13.048 INFO:teuthology.orchestra.run.smithi172.stdout:/usr/bin/ceph: stderr
2024-09-10T08:37:11.654+0000 7fb2ec25b640 1 -- 172.21.15.172:0/1321771831 --> [v2:172.21.15.172:3300/0,v1:172.21.15.172:6789/0] -- mon_subscribe({osdmap=0}) -- 0x7fb2e419e8c0 con 0x7fb2e4107490
2024-09-10T08:37:13.048 INFO:teuthology.orchestra.run.smithi172.stdout:/usr/bin/ceph: stderr
2024-09-10T08:37:11.655+0000 7fb2e2ffd640 1 -- 172.21.15.172:0/1321771831 <== mon.0 v2:172.21.15.172:3300/0 4 ==== mgrmap(e 8) ==== 46287+0+0 (secure 0 0 0) 0x7fb2dc03dce0 con 0x7fb2e4107490
2024-09-10T08:37:13.048 INFO:teuthology.orchestra.run.smithi172.stdout:/usr/bin/ceph: stderr
2024-09-10T08:37:11.655+0000 7fb2ec25b640 1 -- 172.21.15.172:0/1321771831 --> [v2:172.21.15.172:3300/0,v1:172.21.15.172:6789/0] -- mon_command({"prefix": "get_command_descriptions"} v 0) -- 0x7fb2e410bbc0 con 0x7fb2e4107490
2024-09-10T08:37:13.048 INFO:teuthology.orchestra.run.smithi172.stdout:/usr/bin/ceph: stderr
2024-09-10T08:37:11.655+0000 7fb2e2ffd640 1 --2- 172.21.15.172:0/1321771831 >> [v2:172.21.15.172:6800/2333617420,v1:172.21.15.172:6801/2333617420] conn(0x7fb2cc038fc0 0x7fb2cc03b480 unknown :-1 s=NONE pgs=0 cs=0 l=1 rev1=0 crypto rx=0 tx=0 comp rx=0 tx=0).connect
2024-09-10T08:37:13.049 INFO:teuthology.orchestra.run.smithi172.stdout:/usr/bin/ceph: stderr
2024-09-10T08:37:11.655+0000 7fb2e2ffd640 1 -- 172.21.15.172:0/1321771831 <== mon.0 v2:172.21.15.172:3300/0 5 ==== osd_map(2..2 src has 1..2) ==== 940+0+0 (secure 0 0 0) 0x7fb2dc06d6e0 con 0x7fb2e4107490
2024-09-10T08:37:13.049 INFO:teuthology.orchestra.run.smithi172.stdout:/usr/bin/ceph: stderr
2024-09-10T08:37:11.655+0000 7fb2e97f6640 1 --2- 172.21.15.172:0/1321771831 >> [v2:172.21.15.172:6800/2333617420,v1:172.21.15.172:6801/2333617420] conn(0x7fb2cc038fc0 0x7fb2cc03b480 unknown :-1 s=BANNER_CONNECTING pgs=0 cs=0 l=1 rev1=0 crypto rx=0 tx=0 comp rx=0 tx=0)._handle_peer_banner_payload supported=3 required=0
2024-09-10T08:37:13.049 INFO:teuthology.orchestra.run.smithi172.stdout:/usr/bin/ceph: stderr
2024-09-10T08:37:11.656+0000 7fb2e97f6640 1 --2- 172.21.15.172:0/1321771831 >> [v2:172.21.15.172:6800/2333617420,v1:172.21.15.172:6801/2333617420] conn(0x7fb2cc038fc0 0x7fb2cc03b480 secure :-1 s=READY pgs=16 cs=0 l=1 rev1=1 crypto rx=0x7fb2d80098c0 tx=0x7fb2d8006db0 comp rx=0 tx=0).ready entity=mgr.14118 client_cookie=0 server_cookie=0 in_seq=0 out_seq=0
2024-09-10T08:37:13.049 INFO:teuthology.orchestra.run.smithi172.stdout:/usr/bin/ceph: stderr
2024-09-10T08:37:11.661+0000 7fb2e2ffd640 1 -- 172.21.15.172:0/1321771831 <== mon.0 v2:172.21.15.172:3300/0 6 ==== mon_command_ack([{"prefix": "get_command_descriptions"}]=0 v0) ==== 72+0+188821 (secure 0 0 0) 0x7fb2dc044310 con 0x7fb2e4107490
2024-09-10T08:37:13.049 INFO:teuthology.orchestra.run.smithi172.stdout:/usr/bin/ceph: stderr
2024-09-10T08:37:11.910+0000 7fb2ec25b640 1 -- 172.21.15.172:0/1321771831 --> [v2:172.21.15.172:3300/0,v1:172.21.15.172:6789/0] -- mon_command({"prefix": "mgr module enable", "module": "dashboard"} v 0) -- 0x7fb2e419ea90 con 0x7fb2e4107490
2024-09-10T08:37:13.049 INFO:teuthology.orchestra.run.smithi172.stdout:/usr/bin/ceph: stderr
2024-09-10T08:37:12.146+0000 7fb2e2ffd640 1 -- 172.21.15.172:0/1321771831 <== mon.0 v2:172.21.15.172:3300/0 7 ==== mon_command_ack([{"prefix": "mgr module enable", "module": "dashboard"}]=0 v9) ==== 88+0+0 (secure 0 0 0) 0x7fb2dc039300 con 0x7fb2e4107490
2024-09-10T08:37:13.049 INFO:teuthology.orchestra.run.smithi172.stdout:/usr/bin/ceph: stderr
2024-09-10T08:37:12.148+0000 7fb2e2ffd640 1 -- 172.21.15.172:0/1321771831 <== mon.0 v2:172.21.15.172:3300/0 8 ==== mgrmap(e 9) ==== 46300+0+0 (secure 0 0 0) 0x7fb2dc04dcb0 con 0x7fb2e4107490
2024-09-10T08:37:13.049 INFO:teuthology.orchestra.run.smithi172.stdout:/usr/bin/ceph: stderr
2024-09-10T08:37:12.149+0000 7fb2ec25b640 1 -- 172.21.15.172:0/1321771831 >> [v2:172.21.15.172:6800/2333617420,v1:172.21.15.172:6801/2333617420] conn(0x7fb2cc038fc0 msgr2=0x7fb2cc03b480 secure :-1 s=STATE_CONNECTION_ESTABLISHED l=1).mark_down
2024-09-10T08:37:13.049 INFO:teuthology.orchestra.run.smithi172.stdout:/usr/bin/ceph: stderr
2024-09-10T08:37:12.149+0000 7fb2ec25b640 1 --2- 172.21.15.172:0/1321771831 >> [v2:172.21.15.172:6800/2333617420,v1:172.21.15.172:6801/2333617420] conn(0x7fb2cc038fc0 0x7fb2cc03b480 secure :-1 s=READY pgs=16 cs=0 l=1 rev1=1 crypto rx=0x7fb2d80098c0 tx=0x7fb2d8006db0 comp rx=0 tx=0).stop
2024-09-10T08:37:13.049 INFO:teuthology.orchestra.run.smithi172.stdout:/usr/bin/ceph: stderr
2024-09-10T08:37:12.149+0000 7fb2ec25b640 1 -- 172.21.15.172:0/1321771831 >> [v2:172.21.15.172:3300/0,v1:172.21.15.172:6789/0] conn(0x7fb2e4107490 msgr2=0x7fb2e419b400 secure :-1 s=STATE_CONNECTION_ESTABLISHED l=1).mark_down
2024-09-10T08:37:13.049 INFO:teuthology.orchestra.run.smithi172.stdout:/usr/bin/ceph: stderr
2024-09-10T08:37:12.149+0000 7fb2ec25b640 1 --2- 172.21.15.172:0/1321771831 >> [v2:172.21.15.172:3300/0,v1:172.21.15.172:6789/0] conn(0x7fb2e4107490 0x7fb2e419b400 secure :-1 s=READY pgs=54 cs=0 l=1 rev1=1 crypto rx=0x7fb2dc007b60 tx=0x7fb2dc031c90 comp rx=0 tx=0).stop
2024-09-10T08:37:13.049 INFO:teuthology.orchestra.run.smithi172.stdout:/usr/bin/ceph: stderr
2024-09-10T08:37:12.149+0000 7fb2ec25b640 1 -- 172.21.15.172:0/1321771831 shutdown_connections
2024-09-10T08:37:13.049 INFO:teuthology.orchestra.run.smithi172.stdout:/usr/bin/ceph: stderr
2024-09-10T08:37:12.149+0000 7fb2ec25b640 1 --2- 172.21.15.172:0/1321771831 >> [v2:172.21.15.172:6800/2333617420,v1:172.21.15.172:6801/2333617420] conn(0x7fb2cc038fc0 0x7fb2cc03b480 unknown :-1 s=CLOSED pgs=16 cs=0 l=1 rev1=1 crypto rx=0 tx=0 comp rx=0 tx=0).stop
2024-09-10T08:37:13.050 INFO:teuthology.orchestra.run.smithi172.stdout:/usr/bin/ceph: stderr
2024-09-10T08:37:12.149+0000 7fb2ec25b640 1 --2- 172.21.15.172:0/1321771831 >> [v2:172.21.15.172:3300/0,v1:172.21.15.172:6789/0] conn(0x7fb2e4107490 0x7fb2e419b400 unknown :-1 s=CLOSED pgs=54 cs=0 l=1 rev1=1 crypto rx=0 tx=0 comp rx=0 tx=0).stop
2024-09-10T08:37:13.050 INFO:teuthology.orchestra.run.smithi172.stdout:/usr/bin/ceph: stderr
2024-09-10T08:37:12.149+0000 7fb2ec25b640 1 -- 172.21.15.172:0/1321771831 >> 172.21.15.172:0/1321771831 conn(0x7fb2e4102ca0 msgr2=0x7fb2e4103740 unknown :-1 s=STATE_NONE l=0).mark_down
2024-09-10T08:37:13.050 INFO:teuthology.orchestra.run.smithi172.stdout:/usr/bin/ceph: stderr
2024-09-10T08:37:12.149+0000 7fb2ec25b640 1 -- 172.21.15.172:0/1321771831 shutdown_connections
2024-09-10T08:37:13.050 INFO:teuthology.orchestra.run.smithi172.stdout:/usr/bin/ceph: stderr
2024-09-10T08:37:12.149+0000 7fb2ec25b640 1 -- 172.21.15.172:0/1321771831 wait complete.
2024-09-10T08:37:13.332 INFO:journalctl@ceph.mon.a.smithi172.stdout:Sep 10 08:37:13 smithi172 ceph-mon[30854]: from='client.? 172.21.15.172:0/1321771831' entity='client.admin' cmd='[{"prefix": "mgr module enable", "module": "dashboard"}]': finished
2024-09-10T08:37:13.332 INFO:journalctl@ceph.mon.a.smithi172.stdout:Sep 10 08:37:13 smithi172 ceph-mon[30854]: mgrmap e9: x(active, since 17s)
2024-09-10T08:37:13.332 INFO:journalctl@ceph.mgr.x.smithi172.stdout:Sep 10 08:37:13 smithi172 ceph-a7dba522-6f4f-11ef-bcea-c7b262605968-mgr-x[31079]:
2024-09-10T08:37:13.193+0000 7f04ca0f4040 -1 mgr[py] Module prometheus has missing NOTIFY_TYPES member
2024-09-10T08:37:13.332 INFO:journalctl@ceph.mgr.x.smithi172.stdout:Sep 10 08:37:13 smithi172 ceph-a7dba522-6f4f-11ef-bcea-c7b262605968-mgr-x[31079]:
2024-09-10T08:37:13.256+0000 7f04ca0f4040 -1 mgr[py] Module selftest has missing NOTIFY_TYPES member
2024-09-10T08:37:13.657 INFO:journalctl@ceph.mgr.x.smithi172.stdout:Sep 10 08:37:13 smithi172 ceph-a7dba522-6f4f-11ef-bcea-c7b262605968-mgr-x[31079]:
2024-09-10T08:37:13.447+0000 7f04ca0f4040 -1 mgr[py] Module volumes has missing NOTIFY_TYPES member
2024-09-10T08:37:14.321 INFO:journalctl@ceph.mon.a.smithi172.stdout:Sep 10 08:37:14 smithi172 ceph-mon[30854]: from='client.? 172.21.15.172:0/4130482388' entity='client.admin' cmd=[{"prefix": "mgr stat"}]: dispatch
2024-09-10T08:37:14.329 INFO:teuthology.orchestra.run.smithi172.stdout:/usr/bin/ceph: stdout {
2024-09-10T08:37:14.329 INFO:teuthology.orchestra.run.smithi172.stdout:/usr/bin/ceph: stdout "epoch": 9,
2024-09-10T08:37:14.329 INFO:teuthology.orchestra.run.smithi172.stdout:/usr/bin/ceph: stdout "available": true,
2024-09-10T08:37:14.329 INFO:teuthology.orchestra.run.smithi172.stdout:/usr/bin/ceph: stdout "active_name": "x",
2024-09-10T08:37:14.329 INFO:teuthology.orchestra.run.smithi172.stdout:/usr/bin/ceph: stdout "num_standby": 0
2024-09-10T08:37:14.329 INFO:teuthology.orchestra.run.smithi172.stdout:/usr/bin/ceph: stdout }
2024-09-10T08:37:14.329 INFO:teuthology.orchestra.run.smithi172.stdout:/usr/bin/ceph: stderr
2024-09-10T08:37:13.450+0000 7f46d12d0640 1 Processor -- start
2024-09-10T08:37:14.329 INFO:teuthology.orchestra.run.smithi172.stdout:/usr/bin/ceph: stderr
2024-09-10T08:37:13.450+0000 7f46d12d0640 1 -- start start
2024-09-10T08:37:14.329 INFO:teuthology.orchestra.run.smithi172.stdout:/usr/bin/ceph: stderr
2024-09-10T08:37:13.450+0000 7f46d12d0640 1 --2- >> [v2:172.21.15.172:3300/0,v1:172.21.15.172:6789/0] conn(0x7f46cc1074a0 0x7f46cc1078a0 unknown :-1 s=NONE pgs=0 cs=0 l=0 rev1=0 crypto rx=0 tx=0 comp rx=0 tx=0).connect
2024-09-10T08:37:14.329 INFO:teuthology.orchestra.run.smithi172.stdout:/usr/bin/ceph: stderr
2024-09-10T08:37:13.450+0000 7f46d12d0640 1 -- --> [v2:172.21.15.172:3300/0,v1:172.21.15.172:6789/0] -- mon_getmap magic: 0 -- 0x7f46cc107e70 con 0x7f46cc1074a0
2024-09-10T08:37:14.329 INFO:teuthology.orchestra.run.smithi172.stdout:/usr/bin/ceph: stderr
2024-09-10T08:37:13.450+0000 7f46caffd640 1 --2- >> [v2:172.21.15.172:3300/0,v1:172.21.15.172:6789/0] conn(0x7f46cc1074a0 0x7f46cc1078a0 unknown :-1 s=BANNER_CONNECTING pgs=0 cs=0 l=0 rev1=0 crypto rx=0 tx=0 comp rx=0 tx=0)._handle_peer_banner_payload supported=3 required=0
2024-09-10T08:37:14.330 INFO:teuthology.orchestra.run.smithi172.stdout:/usr/bin/ceph: stderr
2024-09-10T08:37:13.450+0000 7f46caffd640 1 --2- >> [v2:172.21.15.172:3300/0,v1:172.21.15.172:6789/0] conn(0x7f46cc1074a0 0x7f46cc1078a0 unknown :-1 s=HELLO_CONNECTING pgs=0 cs=0 l=0 rev1=1 crypto rx=0 tx=0 comp rx=0 tx=0).handle_hello peer v2:172.21.15.172:3300/0 says I am v2:172.21.15.172:58696/0 (socket says 172.21.15.172:58696)
2024-09-10T08:37:14.330 INFO:teuthology.orchestra.run.smithi172.stdout:/usr/bin/ceph: stderr
2024-09-10T08:37:13.450+0000 7f46caffd640 1 -- 172.21.15.172:0/1777351968 learned_addr learned my addr 172.21.15.172:0/1777351968 (peer_addr_for_me v2:172.21.15.172:0/0)
2024-09-10T08:37:14.330 INFO:teuthology.orchestra.run.smithi172.stdout:/usr/bin/ceph: stderr
2024-09-10T08:37:13.451+0000 7f46caffd640 1 -- 172.21.15.172:0/1777351968 --> [v2:172.21.15.172:3300/0,v1:172.21.15.172:6789/0] -- mon_subscribe({config=0+,monmap=0+}) -- 0x7f46cc1086a0 con 0x7f46cc1074a0
2024-09-10T08:37:14.330 INFO:teuthology.orchestra.run.smithi172.stdout:/usr/bin/ceph: stderr
2024-09-10T08:37:13.451+0000 7f46caffd640 1 --2- 172.21.15.172:0/1777351968 >> [v2:172.21.15.172:3300/0,v1:172.21.15.172:6789/0] conn(0x7f46cc1074a0 0x7f46cc1078a0 secure :-1 s=READY pgs=57 cs=0 l=1 rev1=1 crypto rx=0x7f46bc009820 tx=0x7f46bc02a270 comp rx=0 tx=0).ready entity=mon.0 client_cookie=7b905cf5974e881a server_cookie=0 in_seq=0 out_seq=0
2024-09-10T08:37:14.330 INFO:teuthology.orchestra.run.smithi172.stdout:/usr/bin/ceph: stderr
2024-09-10T08:37:13.451+0000 7f46c9ffb640 1 -- 172.21.15.172:0/1777351968 <== mon.0 v2:172.21.15.172:3300/0 1 ==== mon_map magic: 0 ==== 205+0+0 (secure 0 0 0) 0x7f46bc037070 con 0x7f46cc1074a0
2024-09-10T08:37:14.330 INFO:teuthology.orchestra.run.smithi172.stdout:/usr/bin/ceph: stderr
2024-09-10T08:37:13.452+0000 7f46c9ffb640 1 -- 172.21.15.172:0/1777351968 <== mon.0 v2:172.21.15.172:3300/0 2 ==== config(26 keys) ==== 1102+0+0 (secure 0 0 0) 0x7f46bc0328f0 con 0x7f46cc1074a0
2024-09-10T08:37:14.330 INFO:teuthology.orchestra.run.smithi172.stdout:/usr/bin/ceph: stderr
2024-09-10T08:37:13.452+0000 7f46c9ffb640 1 -- 172.21.15.172:0/1777351968 <== mon.0 v2:172.21.15.172:3300/0 3 ==== mon_map magic: 0 ==== 205+0+0 (secure 0 0 0) 0x7f46bc030740 con 0x7f46cc1074a0
2024-09-10T08:37:14.330 INFO:teuthology.orchestra.run.smithi172.stdout:/usr/bin/ceph: stderr
2024-09-10T08:37:13.452+0000 7f46d12d0640 1 -- 172.21.15.172:0/1777351968 >> [v2:172.21.15.172:3300/0,v1:172.21.15.172:6789/0] conn(0x7f46cc1074a0 msgr2=0x7f46cc1078a0 secure :-1 s=STATE_CONNECTION_ESTABLISHED l=1).mark_down
2024-09-10T08:37:14.330 INFO:teuthology.orchestra.run.smithi172.stdout:/usr/bin/ceph: stderr
2024-09-10T08:37:13.452+0000 7f46d12d0640 1 --2- 172.21.15.172:0/1777351968 >> [v2:172.21.15.172:3300/0,v1:172.21.15.172:6789/0] conn(0x7f46cc1074a0 0x7f46cc1078a0 secure :-1 s=READY pgs=57 cs=0 l=1 rev1=1 crypto rx=0x7f46bc009820 tx=0x7f46bc02a270 comp rx=0 tx=0).stop
2024-09-10T08:37:14.330 INFO:teuthology.orchestra.run.smithi172.stdout:/usr/bin/ceph: stderr
2024-09-10T08:37:13.452+0000 7f46d12d0640 1 -- 172.21.15.172:0/1777351968 shutdown_connections
2024-09-10T08:37:14.330 INFO:teuthology.orchestra.run.smithi172.stdout:/usr/bin/ceph: stderr
2024-09-10T08:37:13.452+0000 7f46d12d0640 1 --2- 172.21.15.172:0/1777351968 >> [v2:172.21.15.172:3300/0,v1:172.21.15.172:6789/0] conn(0x7f46cc1074a0 0x7f46cc1078a0 unknown :-1 s=CLOSED pgs=57 cs=0 l=1 rev1=1 crypto rx=0 tx=0 comp rx=0 tx=0).stop
2024-09-10T08:37:14.330 INFO:teuthology.orchestra.run.smithi172.stdout:/usr/bin/ceph: stderr
2024-09-10T08:37:13.452+0000 7f46d12d0640 1 -- 172.21.15.172:0/1777351968 >> 172.21.15.172:0/1777351968 conn(0x7f46cc102c50 msgr2=0x7f46cc105070 unknown :-1 s=STATE_NONE l=0).mark_down
2024-09-10T08:37:14.331 INFO:teuthology.orchestra.run.smithi172.stdout:/usr/bin/ceph: stderr
2024-09-10T08:37:13.452+0000 7f46d12d0640 1 -- 172.21.15.172:0/1777351968 shutdown_connections
2024-09-10T08:37:14.331 INFO:teuthology.orchestra.run.smithi172.stdout:/usr/bin/ceph: stderr
2024-09-10T08:37:13.452+0000 7f46d12d0640 1 -- 172.21.15.172:0/1777351968 wait complete.
2024-09-10T08:37:14.331 INFO:teuthology.orchestra.run.smithi172.stdout:/usr/bin/ceph: stderr
2024-09-10T08:37:13.453+0000 7f46d12d0640 1 Processor -- start
2024-09-10T08:37:14.331 INFO:teuthology.orchestra.run.smithi172.stdout:/usr/bin/ceph: stderr
2024-09-10T08:37:13.453+0000 7f46d12d0640 1 -- start start
2024-09-10T08:37:14.331 INFO:teuthology.orchestra.run.smithi172.stdout:/usr/bin/ceph: stderr
2024-09-10T08:37:13.453+0000 7f46d12d0640 1 --2- >> [v2:172.21.15.172:3300/0,v1:172.21.15.172:6789/0] conn(0x7f46cc1074a0 0x7f46cc19b460 unknown :-1 s=NONE pgs=0 cs=0 l=1 rev1=0 crypto rx=0 tx=0 comp rx=0 tx=0).connect
2024-09-10T08:37:14.331 INFO:teuthology.orchestra.run.smithi172.stdout:/usr/bin/ceph: stderr
2024-09-10T08:37:13.453+0000 7f46d12d0640 1 -- --> [v2:172.21.15.172:3300/0,v1:172.21.15.172:6789/0] -- mon_getmap magic: 0 -- 0x7f46cc10ba50 con 0x7f46cc1074a0
2024-09-10T08:37:14.331 INFO:teuthology.orchestra.run.smithi172.stdout:/usr/bin/ceph: stderr
2024-09-10T08:37:13.453+0000 7f46caffd640 1 --2- >> [v2:172.21.15.172:3300/0,v1:172.21.15.172:6789/0] conn(0x7f46cc1074a0 0x7f46cc19b460 unknown :-1 s=BANNER_CONNECTING pgs=0 cs=0 l=1 rev1=0 crypto rx=0 tx=0 comp rx=0 tx=0)._handle_peer_banner_payload supported=3 required=0
2024-09-10T08:37:14.331 INFO:teuthology.orchestra.run.smithi172.stdout:/usr/bin/ceph: stderr
2024-09-10T08:37:13.453+0000 7f46caffd640 1 --2- >> [v2:172.21.15.172:3300/0,v1:172.21.15.172:6789/0] conn(0x7f46cc1074a0 0x7f46cc19b460 unknown :-1 s=HELLO_CONNECTING pgs=0 cs=0 l=1 rev1=1 crypto rx=0 tx=0 comp rx=0 tx=0).handle_hello peer v2:172.21.15.172:3300/0 says I am v2:172.21.15.172:58700/0 (socket says 172.21.15.172:58700)
2024-09-10T08:37:14.331 INFO:teuthology.orchestra.run.smithi172.stdout:/usr/bin/ceph: stderr
2024-09-10T08:37:13.453+0000 7f46caffd640 1 -- 172.21.15.172:0/4130482388 learned_addr learned my addr 172.21.15.172:0/4130482388 (peer_addr_for_me v2:172.21.15.172:0/0)
2024-09-10T08:37:14.331 INFO:teuthology.orchestra.run.smithi172.stdout:/usr/bin/ceph: stderr
2024-09-10T08:37:13.454+0000 7f46caffd640 1 -- 172.21.15.172:0/4130482388 --> [v2:172.21.15.172:3300/0,v1:172.21.15.172:6789/0] -- mon_subscribe({config=0+,monmap=0+}) -- 0x7f46cc19b9a0 con 0x7f46cc1074a0
2024-09-10T08:37:14.331 INFO:teuthology.orchestra.run.smithi172.stdout:/usr/bin/ceph: stderr
2024-09-10T08:37:13.454+0000 7f46caffd640 1 --2- 172.21.15.172:0/4130482388 >> [v2:172.21.15.172:3300/0,v1:172.21.15.172:6789/0] conn(0x7f46cc1074a0 0x7f46cc19b460 secure :-1 s=READY pgs=58 cs=0 l=1 rev1=1 crypto rx=0x7f46bc009940 tx=0x7f46bc030cc0 comp rx=0 tx=0).ready entity=mon.0 client_cookie=0 server_cookie=0 in_seq=0 out_seq=0
2024-09-10T08:37:14.331 INFO:teuthology.orchestra.run.smithi172.stdout:/usr/bin/ceph: stderr
2024-09-10T08:37:13.454+0000 7f46b3fff640 1 -- 172.21.15.172:0/4130482388 <== mon.0 v2:172.21.15.172:3300/0 1 ==== mon_map magic: 0 ==== 205+0+0 (secure 0 0 0) 0x7f46bc042070 con 0x7f46cc1074a0
2024-09-10T08:37:14.331 INFO:teuthology.orchestra.run.smithi172.stdout:/usr/bin/ceph: stderr
2024-09-10T08:37:13.454+0000 7f46b3fff640 1 -- 172.21.15.172:0/4130482388 <== mon.0 v2:172.21.15.172:3300/0 2 ==== config(26 keys) ==== 1102+0+0 (secure 0 0 0) 0x7f46bc030e30 con 0x7f46cc1074a0
2024-09-10T08:37:14.332 INFO:teuthology.orchestra.run.smithi172.stdout:/usr/bin/ceph: stderr
2024-09-10T08:37:13.454+0000 7f46d12d0640 1 -- 172.21.15.172:0/4130482388 --> [v2:172.21.15.172:3300/0,v1:172.21.15.172:6789/0] -- mon_subscribe({mgrmap=0+}) -- 0x7f46cc19bc30 con 0x7f46cc1074a0
2024-09-10T08:37:14.332 INFO:teuthology.orchestra.run.smithi172.stdout:/usr/bin/ceph: stderr
2024-09-10T08:37:13.454+0000 7f46b3fff640 1 -- 172.21.15.172:0/4130482388 <== mon.0 v2:172.21.15.172:3300/0 3 ==== mon_map magic: 0 ==== 205+0+0 (secure 0 0 0) 0x7f46bc037040 con 0x7f46cc1074a0
2024-09-10T08:37:14.332 INFO:teuthology.orchestra.run.smithi172.stdout:/usr/bin/ceph: stderr
2024-09-10T08:37:13.454+0000 7f46d12d0640 1 -- 172.21.15.172:0/4130482388 --> [v2:172.21.15.172:3300/0,v1:172.21.15.172:6789/0] -- mon_subscribe({osdmap=0}) -- 0x7f46cc19e920 con 0x7f46cc1074a0
2024-09-10T08:37:14.332 INFO:teuthology.orchestra.run.smithi172.stdout:/usr/bin/ceph: stderr
2024-09-10T08:37:13.455+0000 7f46b3fff640 1 -- 172.21.15.172:0/4130482388 <== mon.0 v2:172.21.15.172:3300/0 4 ==== mgrmap(e 9) ==== 46300+0+0 (secure 0 0 0) 0x7f46bc045070 con 0x7f46cc1074a0
2024-09-10T08:37:14.332 INFO:teuthology.orchestra.run.smithi172.stdout:/usr/bin/ceph: stderr
2024-09-10T08:37:13.455+0000 7f46d12d0640 1 -- 172.21.15.172:0/4130482388 --> [v2:172.21.15.172:3300/0,v1:172.21.15.172:6789/0] -- mon_command({"prefix": "get_command_descriptions"} v 0) -- 0x7f46cc10bbd0 con 0x7f46cc1074a0
2024-09-10T08:37:14.332 INFO:teuthology.orchestra.run.smithi172.stdout:/usr/bin/ceph: stderr
2024-09-10T08:37:13.455+0000 7f46b3fff640 1 --2- 172.21.15.172:0/4130482388 >> [v2:172.21.15.172:6800/2333617420,v1:172.21.15.172:6801/2333617420] conn(0x7f46b4038fc0 0x7f46b403b480 unknown :-1 s=NONE pgs=0 cs=0 l=1 rev1=0 crypto rx=0 tx=0 comp rx=0 tx=0).connect
2024-09-10T08:37:14.332 INFO:teuthology.orchestra.run.smithi172.stdout:/usr/bin/ceph: stderr
2024-09-10T08:37:13.455+0000 7f46b3fff640 1 -- 172.21.15.172:0/4130482388 <== mon.0 v2:172.21.15.172:3300/0 5 ==== osd_map(2..2 src has 1..2) ==== 940+0+0 (secure 0 0 0) 0x7f46bc06c220 con 0x7f46cc1074a0
2024-09-10T08:37:14.332 INFO:teuthology.orchestra.run.smithi172.stdout:/usr/bin/ceph: stderr
2024-09-10T08:37:13.455+0000 7f46ca7fc640 1 -- 172.21.15.172:0/4130482388 >> [v2:172.21.15.172:6800/2333617420,v1:172.21.15.172:6801/2333617420] conn(0x7f46b4038fc0 msgr2=0x7f46b403b480 unknown :-1 s=STATE_CONNECTING_RE l=1).process reconnect failed to v2:172.21.15.172:6800/2333617420
2024-09-10T08:37:14.332 INFO:teuthology.orchestra.run.smithi172.stdout:/usr/bin/ceph: stderr
2024-09-10T08:37:13.455+0000 7f46ca7fc640 1 --2- 172.21.15.172:0/4130482388 >> [v2:172.21.15.172:6800/2333617420,v1:172.21.15.172:6801/2333617420] conn(0x7f46b4038fc0 0x7f46b403b480 unknown :-1 s=START_CONNECT pgs=0 cs=0 l=1 rev1=0 crypto rx=0 tx=0 comp rx=0 tx=0)._fault waiting 0.200000
2024-09-10T08:37:14.332 INFO:teuthology.orchestra.run.smithi172.stdout:/usr/bin/ceph: stderr
2024-09-10T08:37:13.460+0000 7f46b3fff640 1 -- 172.21.15.172:0/4130482388 <== mon.0 v2:172.21.15.172:3300/0 6 ==== mon_command_ack([{"prefix": "get_command_descriptions"}]=0 v0) ==== 72+0+188821 (secure 0 0 0) 0x7f46bc03add0 con 0x7f46cc1074a0
2024-09-10T08:37:14.332 INFO:teuthology.orchestra.run.smithi172.stdout:/usr/bin/ceph: stderr
2024-09-10T08:37:13.655+0000 7f46ca7fc640 1 -- 172.21.15.172:0/4130482388 >> [v2:172.21.15.172:6800/2333617420,v1:172.21.15.172:6801/2333617420] conn(0x7f46b4038fc0 msgr2=0x7f46b403b480 unknown :-1 s=STATE_CONNECTING_RE l=1).process reconnect failed to v2:172.21.15.172:6800/2333617420
2024-09-10T08:37:14.332 INFO:teuthology.orchestra.run.smithi172.stdout:/usr/bin/ceph: stderr
2024-09-10T08:37:13.655+0000 7f46ca7fc640 1 --2- 172.21.15.172:0/4130482388 >> [v2:172.21.15.172:6800/2333617420,v1:172.21.15.172:6801/2333617420] conn(0x7f46b4038fc0 0x7f46b403b480 unknown :-1 s=START_CONNECT pgs=0 cs=0 l=1 rev1=0 crypto rx=0 tx=0 comp rx=0 tx=0)._fault waiting 0.400000
2024-09-10T08:37:14.333 INFO:teuthology.orchestra.run.smithi172.stdout:/usr/bin/ceph: stderr
2024-09-10T08:37:13.681+0000 7f46d12d0640 1 -- 172.21.15.172:0/4130482388 --> [v2:172.21.15.172:3300/0,v1:172.21.15.172:6789/0] -- mon_command({"prefix": "mgr stat"} v 0) -- 0x7f46cc19eaf0 con 0x7f46cc1074a0
2024-09-10T08:37:14.333 INFO:teuthology.orchestra.run.smithi172.stdout:/usr/bin/ceph: stderr
2024-09-10T08:37:13.681+0000 7f46b3fff640 1 -- 172.21.15.172:0/4130482388 <== mon.0 v2:172.21.15.172:3300/0 7 ==== mon_command_ack([{"prefix": "mgr stat"}]=0 v9) ==== 56+0+88 (secure 0 0 0) 0x7f46bc045520 con 0x7f46cc1074a0
2024-09-10T08:37:14.333 INFO:teuthology.orchestra.run.smithi172.stdout:/usr/bin/ceph: stderr
2024-09-10T08:37:13.684+0000 7f46d12d0640 1 -- 172.21.15.172:0/4130482388 >> [v2:172.21.15.172:6800/2333617420,v1:172.21.15.172:6801/2333617420] conn(0x7f46b4038fc0 msgr2=0x7f46b403b480 unknown :-1 s=STATE_CONNECTING l=1).mark_down
2024-09-10T08:37:14.333 INFO:teuthology.orchestra.run.smithi172.stdout:/usr/bin/ceph: stderr
2024-09-10T08:37:13.684+0000 7f46d12d0640 1 --2- 172.21.15.172:0/4130482388 >> [v2:172.21.15.172:6800/2333617420,v1:172.21.15.172:6801/2333617420] conn(0x7f46b4038fc0 0x7f46b403b480 unknown :-1 s=START_CONNECT pgs=0 cs=0 l=1 rev1=0 crypto rx=0 tx=0 comp rx=0 tx=0).stop
2024-09-10T08:37:14.333 INFO:teuthology.orchestra.run.smithi172.stdout:/usr/bin/ceph: stderr
2024-09-10T08:37:13.684+0000 7f46d12d0640 1 -- 172.21.15.172:0/4130482388 >> [v2:172.21.15.172:3300/0,v1:172.21.15.172:6789/0] conn(0x7f46cc1074a0 msgr2=0x7f46cc19b460 secure :-1 s=STATE_CONNECTION_ESTABLISHED l=1).mark_down
2024-09-10T08:37:14.333 INFO:teuthology.orchestra.run.smithi172.stdout:/usr/bin/ceph: stderr
2024-09-10T08:37:13.684+0000 7f46d12d0640 1 --2- 172.21.15.172:0/4130482388 >> [v2:172.21.15.172:3300/0,v1:172.21.15.172:6789/0] conn(0x7f46cc1074a0 0x7f46cc19b460 secure :-1 s=READY pgs=58 cs=0 l=1 rev1=1 crypto rx=0x7f46bc009940 tx=0x7f46bc030cc0 comp rx=0 tx=0).stop
2024-09-10T08:37:14.333 INFO:teuthology.orchestra.run.smithi172.stdout:/usr/bin/ceph: stderr
2024-09-10T08:37:13.684+0000 7f46d12d0640 1 -- 172.21.15.172:0/4130482388 shutdown_connections
2024-09-10T08:37:14.333 INFO:teuthology.orchestra.run.smithi172.stdout:/usr/bin/ceph: stderr
2024-09-10T08:37:13.684+0000 7f46d12d0640 1 --2- 172.21.15.172:0/4130482388 >> [v2:172.21.15.172:6800/2333617420,v1:172.21.15.172:6801/2333617420] conn(0x7f46b4038fc0 0x7f46b403b480 unknown :-1 s=CLOSED pgs=0 cs=0 l=1 rev1=0 crypto rx=0 tx=0 comp rx=0 tx=0).stop
2024-09-10T08:37:14.333 INFO:teuthology.orchestra.run.smithi172.stdout:/usr/bin/ceph: stderr
2024-09-10T08:37:13.684+0000 7f46d12d0640 1 --2- 172.21.15.172:0/4130482388 >> [v2:172.21.15.172:3300/0,v1:172.21.15.172:6789/0] conn(0x7f46cc1074a0 0x7f46cc19b460 unknown :-1 s=CLOSED pgs=58 cs=0 l=1 rev1=1 crypto rx=0 tx=0 comp rx=0 tx=0).stop
2024-09-10T08:37:14.333 INFO:teuthology.orchestra.run.smithi172.stdout:/usr/bin/ceph: stderr
2024-09-10T08:37:13.684+0000 7f46d12d0640 1 -- 172.21.15.172:0/4130482388 >> 172.21.15.172:0/4130482388 conn(0x7f46cc102c50 msgr2=0x7f46cc103760 unknown :-1 s=STATE_NONE l=0).mark_down
2024-09-10T08:37:14.333 INFO:teuthology.orchestra.run.smithi172.stdout:/usr/bin/ceph: stderr
2024-09-10T08:37:13.684+0000 7f46d12d0640 1 -- 172.21.15.172:0/4130482388 shutdown_connections
2024-09-10T08:37:14.333 INFO:teuthology.orchestra.run.smithi172.stdout:/usr/bin/ceph: stderr
2024-09-10T08:37:13.684+0000 7f46d12d0640 1 -- 172.21.15.172:0/4130482388 wait complete.
2024-09-10T08:37:14.333 INFO:teuthology.orchestra.run.smithi172.stdout:Waiting for the mgr to restart...
2024-09-10T08:37:14.334 INFO:teuthology.orchestra.run.smithi172.stdout:Waiting for mgr epoch 9...
2024-09-10T08:37:14.582 INFO:journalctl@ceph.mgr.x.smithi172.stdout:Sep 10 08:37:14 smithi172 ceph-a7dba522-6f4f-11ef-bcea-c7b262605968-mgr-x[31079]:
2024-09-10T08:37:14.358+0000 7f04ca0f4040 -1 mgr[py] Module telemetry has missing NOTIFY_TYPES member
2024-09-10T08:37:14.582 INFO:journalctl@ceph.mgr.x.smithi172.stdout:Sep 10 08:37:14 smithi172 ceph-a7dba522-6f4f-11ef-bcea-c7b262605968-mgr-x[31079]:
2024-09-10T08:37:14.428+0000 7f04ca0f4040 -1 mgr[py] Module balancer has missing NOTIFY_TYPES member
2024-09-10T08:37:15.270 INFO:journalctl@ceph.mgr.x.smithi172.stdout:Sep 10 08:37:15 smithi172 ceph-a7dba522-6f4f-11ef-bcea-c7b262605968-mgr-x[31079]:
2024-09-10T08:37:15.153+0000 7f04ca0f4040 -1 mgr[py] Module rook has missing NOTIFY_TYPES member
2024-09-10T08:37:15.270 INFO:journalctl@ceph.mgr.x.smithi172.stdout:Sep 10 08:37:15 smithi172 ceph-a7dba522-6f4f-11ef-bcea-c7b262605968-mgr-x[31079]:
2024-09-10T08:37:15.268+0000 7f04ca0f4040 -1 mgr[py] Module iostat has missing NOTIFY_TYPES member
2024-09-10T08:37:15.582 INFO:journalctl@ceph.mgr.x.smithi172.stdout:Sep 10 08:37:15 smithi172 ceph-a7dba522-6f4f-11ef-bcea-c7b262605968-mgr-x[31079]:
2024-09-10T08:37:15.411+0000 7f04ca0f4040 -1 mgr[py] Module orchestrator has missing NOTIFY_TYPES member
2024-09-10T08:37:15.582 INFO:journalctl@ceph.mgr.x.smithi172.stdout:Sep 10 08:37:15 smithi172 ceph-a7dba522-6f4f-11ef-bcea-c7b262605968-mgr-x[31079]:
2024-09-10T08:37:15.472+0000 7f04ca0f4040 -1 mgr[py] Module devicehealth has missing NOTIFY_TYPES member
2024-09-10T08:37:15.906 INFO:journalctl@ceph.mgr.x.smithi172.stdout:Sep 10 08:37:15 smithi172 ceph-a7dba522-6f4f-11ef-bcea-c7b262605968-mgr-x[31079]:
2024-09-10T08:37:15.621+0000 7f04ca0f4040 -1 mgr[py] Module rgw has missing NOTIFY_TYPES member
2024-09-10T08:37:15.906 INFO:journalctl@ceph.mgr.x.smithi172.stdout:Sep 10 08:37:15 smithi172 ceph-a7dba522-6f4f-11ef-bcea-c7b262605968-mgr-x[31079]:
2024-09-10T08:37:15.689+0000 7f04ca0f4040 -1 mgr[py] Module alerts has missing NOTIFY_TYPES member
2024-09-10T08:37:15.906 INFO:journalctl@ceph.mgr.x.smithi172.stdout:Sep 10 08:37:15 smithi172 ceph-a7dba522-6f4f-11ef-bcea-c7b262605968-mgr-x[31079]:
2024-09-10T08:37:15.748+0000 7f04ca0f4040 -1 mgr[py] Module progress has missing NOTIFY_TYPES member
2024-09-10T08:37:15.906 INFO:journalctl@ceph.mgr.x.smithi172.stdout:Sep 10 08:37:15 smithi172 ceph-a7dba522-6f4f-11ef-bcea-c7b262605968-mgr-x[31079]:
2024-09-10T08:37:15.905+0000 7f04ca0f4040 -1 mgr[py] Module nfs has missing NOTIFY_TYPES member
2024-09-10T08:37:16.176 INFO:journalctl@ceph.mgr.x.smithi172.stdout:Sep 10 08:37:15 smithi172 ceph-a7dba522-6f4f-11ef-bcea-c7b262605968-mgr-x[31079]:
2024-09-10T08:37:15.969+0000 7f04ca0f4040 -1 mgr[py] Module status has missing NOTIFY_TYPES member
2024-09-10T08:37:16.176 INFO:journalctl@ceph.mgr.x.smithi172.stdout:Sep 10 08:37:16 smithi172 ceph-a7dba522-6f4f-11ef-bcea-c7b262605968-mgr-x[31079]:
2024-09-10T08:37:16.034+0000 7f04ca0f4040 -1 mgr[py] Module pg_autoscaler has missing NOTIFY_TYPES member
2024-09-10T08:37:16.176 INFO:journalctl@ceph.mgr.x.smithi172.stdout:Sep 10 08:37:16 smithi172 ceph-a7dba522-6f4f-11ef-bcea-c7b262605968-mgr-x[31079]:
2024-09-10T08:37:16.115+0000 7f04ca0f4040 -1 mgr[py] Module rbd_support has missing NOTIFY_TYPES member
2024-09-10T08:37:16.176 INFO:journalctl@ceph.mgr.x.smithi172.stdout:Sep 10 08:37:16 smithi172 ceph-a7dba522-6f4f-11ef-bcea-c7b262605968-mgr-x[31079]:
2024-09-10T08:37:16.175+0000 7f04ca0f4040 -1 mgr[py] Module influx has missing NOTIFY_TYPES member
2024-09-10T08:37:16.581 INFO:journalctl@ceph.mgr.x.smithi172.stdout:Sep 10 08:37:16 smithi172 ceph-a7dba522-6f4f-11ef-bcea-c7b262605968-mgr-x[31079]:
2024-09-10T08:37:16.233+0000 7f04ca0f4040 -1 mgr[py] Module zabbix has missing NOTIFY_TYPES member
2024-09-10T08:37:17.332 INFO:journalctl@ceph.mgr.x.smithi172.stdout:Sep 10 08:37:17 smithi172 ceph-a7dba522-6f4f-11ef-bcea-c7b262605968-mgr-x[31079]:
2024-09-10T08:37:17.016+0000 7f04ca0f4040 -1 mgr[py] Module telegraf has missing NOTIFY_TYPES member
2024-09-10T08:37:17.332 INFO:journalctl@ceph.mon.a.smithi172.stdout:Sep 10 08:37:17 smithi172 ceph-mon[30854]: Active manager daemon x restarted
2024-09-10T08:37:17.332 INFO:journalctl@ceph.mon.a.smithi172.stdout:Sep 10 08:37:17 smithi172 ceph-mon[30854]: Activating manager daemon x
2024-09-10T08:37:17.332 INFO:journalctl@ceph.mon.a.smithi172.stdout:Sep 10 08:37:17 smithi172 ceph-mon[30854]: osdmap e3: 0 total, 0 up, 0 in
2024-09-10T08:37:17.332 INFO:journalctl@ceph.mon.a.smithi172.stdout:Sep 10 08:37:17 smithi172 ceph-mon[30854]: mgrmap e10: x(active, starting, since 0.00350028s)
2024-09-10T08:37:17.332 INFO:journalctl@ceph.mon.a.smithi172.stdout:Sep 10 08:37:17 smithi172 ceph-mon[30854]: from='mgr.14150 172.21.15.172:0/1803944482' entity='mgr.x' cmd=[{"prefix": "mon metadata", "id": "a"}]: dispatch
2024-09-10T08:37:17.332 INFO:journalctl@ceph.mon.a.smithi172.stdout:Sep 10 08:37:17 smithi172 ceph-mon[30854]: from='mgr.14150 172.21.15.172:0/1803944482' entity='mgr.x' cmd=[{"prefix": "mgr metadata", "who": "x", "id": "x"}]: dispatch
2024-09-10T08:37:17.333 INFO:journalctl@ceph.mon.a.smithi172.stdout:Sep 10 08:37:17 smithi172 ceph-mon[30854]: from='mgr.14150 172.21.15.172:0/1803944482' entity='mgr.x' cmd=[{"prefix": "mds metadata"}]: dispatch
2024-09-10T08:37:17.333 INFO:journalctl@ceph.mon.a.smithi172.stdout:Sep 10 08:37:17 smithi172 ceph-mon[30854]: from='mgr.14150 172.21.15.172:0/1803944482' entity='mgr.x' cmd=[{"prefix": "osd metadata"}]: dispatch
2024-09-10T08:37:17.333 INFO:journalctl@ceph.mon.a.smithi172.stdout:Sep 10 08:37:17 smithi172 ceph-mon[30854]: from='mgr.14150 172.21.15.172:0/1803944482' entity='mgr.x' cmd=[{"prefix": "mon metadata"}]: dispatch
2024-09-10T08:37:17.333 INFO:journalctl@ceph.mon.a.smithi172.stdout:Sep 10 08:37:17 smithi172 ceph-mon[30854]: Manager daemon x is now available
2024-09-10T08:37:17.333 INFO:journalctl@ceph.mon.a.smithi172.stdout:Sep 10 08:37:17 smithi172 ceph-mon[30854]: from='mgr.14150 172.21.15.172:0/1803944482' entity='mgr.x' cmd=[{"prefix": "config dump", "format": "json"}]: dispatch
2024-09-10T08:37:17.333 INFO:journalctl@ceph.mon.a.smithi172.stdout:Sep 10 08:37:17 smithi172 ceph-mon[30854]: from='mgr.14150 172.21.15.172:0/1803944482' entity='mgr.x' cmd=[{"prefix":"config rm","who":"mgr","name":"mgr/rbd_support/x/mirror_snapshot_schedule"}]: dispatch
2024-09-10T08:37:17.333 INFO:journalctl@ceph.mon.a.smithi172.stdout:Sep 10 08:37:17 smithi172 ceph-mon[30854]: from='mgr.14150 172.21.15.172:0/1803944482' entity='mgr.x' cmd=[{"prefix":"config rm","who":"mgr","name":"mgr/rbd_support/x/trash_purge_schedule"}]: dispatch
2024-09-10T08:37:18.332 INFO:journalctl@ceph.mgr.x.smithi172.stdout:Sep 10 08:37:18 smithi172 ceph-a7dba522-6f4f-11ef-bcea-c7b262605968-mgr-x[31079]:
2024-09-10T08:37:18.015+0000 7f0435408640 -1 log_channel(cephadm) log [ERR] : [10/Sep/2024:08:37:18] ENGINE Error in HTTPServer.serve
2024-09-10T08:37:18.332 INFO:journalctl@ceph.mgr.x.smithi172.stdout:Sep 10 08:37:18 smithi172 ceph-a7dba522-6f4f-11ef-bcea-c7b262605968-mgr-x[31079]: Traceback (most recent call last):
2024-09-10T08:37:18.332 INFO:journalctl@ceph.mgr.x.smithi172.stdout:Sep 10 08:37:18 smithi172 ceph-a7dba522-6f4f-11ef-bcea-c7b262605968-mgr-x[31079]: File "/lib/python3.9/site-packages/cheroot/server.py", line 1823, in serve
2024-09-10T08:37:18.332 INFO:journalctl@ceph.mgr.x.smithi172.stdout:Sep 10 08:37:18 smithi172 ceph-a7dba522-6f4f-11ef-bcea-c7b262605968-mgr-x[31079]: self._connections.run(self.expiration_interval)
2024-09-10T08:37:18.332 INFO:journalctl@ceph.mgr.x.smithi172.stdout:Sep 10 08:37:18 smithi172 ceph-a7dba522-6f4f-11ef-bcea-c7b262605968-mgr-x[31079]: File "/lib/python3.9/site-packages/cheroot/connections.py", line 203, in run
2024-09-10T08:37:18.332 INFO:journalctl@ceph.mgr.x.smithi172.stdout:Sep 10 08:37:18 smithi172 ceph-a7dba522-6f4f-11ef-bcea-c7b262605968-mgr-x[31079]: self._run(expiration_interval)
2024-09-10T08:37:18.332 INFO:journalctl@ceph.mgr.x.smithi172.stdout:Sep 10 08:37:18 smithi172 ceph-a7dba522-6f4f-11ef-bcea-c7b262605968-mgr-x[31079]: File "/lib/python3.9/site-packages/cheroot/connections.py", line 246, in _run
2024-09-10T08:37:18.333 INFO:journalctl@ceph.mgr.x.smithi172.stdout:Sep 10 08:37:18 smithi172 ceph-a7dba522-6f4f-11ef-bcea-c7b262605968-mgr-x[31079]: new_conn = self._from_server_socket(self.server.socket)
2024-09-10T08:37:18.333 INFO:journalctl@ceph.mgr.x.smithi172.stdout:Sep 10 08:37:18 smithi172 ceph-a7dba522-6f4f-11ef-bcea-c7b262605968-mgr-x[31079]: File "/lib/python3.9/site-packages/cheroot/connections.py", line 300, in _from_server_socket
2024-09-10T08:37:18.333 INFO:journalctl@ceph.mgr.x.smithi172.stdout:Sep 10 08:37:18 smithi172 ceph-a7dba522-6f4f-11ef-bcea-c7b262605968-mgr-x[31079]: s, ssl_env = self.server.ssl_adapter.wrap(s)
2024-09-10T08:37:18.333 INFO:journalctl@ceph.mgr.x.smithi172.stdout:Sep 10 08:37:18 smithi172 ceph-a7dba522-6f4f-11ef-bcea-c7b262605968-mgr-x[31079]: File "/lib/python3.9/site-packages/cheroot/ssl/builtin.py", line 277, in wrap
2024-09-10T08:37:18.333 INFO:journalctl@ceph.mgr.x.smithi172.stdout:Sep 10 08:37:18 smithi172 ceph-a7dba522-6f4f-11ef-bcea-c7b262605968-mgr-x[31079]: s = self.context.wrap_socket(
