2024-09-10T09:05:54.148+0000 7f60827fc640 1 --2- 172.21.15.122:0/3747044890 >> [v2:172.21.15.122:6800/176432481,v1:172.21.15.122:6801/176432481] conn(0x7f606c038fc0 0x7f606c03b480 secure :-1 s=READY pgs=15 cs=0 l=1 rev1=1 crypto rx=0x7f60780098c0 tx=0x7f6078006db0 comp rx=0 tx=0).ready entity=mgr.14118 client_cookie=0 server_cookie=0 in_seq=0 out_seq=0
2024-09-10T09:05:55.147 INFO:teuthology.orchestra.run.smithi122.stdout:/usr/bin/ceph: stderr
2024-09-10T09:05:54.152+0000 7f60888d3640 1 -- 172.21.15.122:0/3747044890 <== mon.0 v2:172.21.15.122:3300/0 6 ==== mon_command_ack([{"prefix": "get_command_descriptions"}]=0 v0) ==== 72+0+188821 (secure 0 0 0) 0x7f607403be90 con 0x7f608407de90
2024-09-10T09:05:55.147 INFO:teuthology.orchestra.run.smithi122.stdout:/usr/bin/ceph: stderr
2024-09-10T09:05:54.331+0000 7f60898d5640 1 -- 172.21.15.122:0/3747044890 --> [v2:172.21.15.122:3300/0,v1:172.21.15.122:6789/0] -- mon_command([{prefix=config set, name=mgr/dashboard/ssl_server_port}] v 0) -- 0x7f608402d7c0 con 0x7f608407de90
2024-09-10T09:05:55.147 INFO:teuthology.orchestra.run.smithi122.stdout:/usr/bin/ceph: stderr
2024-09-10T09:05:54.333+0000 7f60888d3640 1 -- 172.21.15.122:0/3747044890 <== mon.0 v2:172.21.15.122:3300/0 7 ==== mon_command_ack([{prefix=config set, name=mgr/dashboard/ssl_server_port}]=0 v8)=0 v8) ==== 130+0+0 (secure 0 0 0) 0x7f6074045360 con 0x7f608407de90
2024-09-10T09:05:55.147 INFO:teuthology.orchestra.run.smithi122.stdout:/usr/bin/ceph: stderr
2024-09-10T09:05:54.335+0000 7f60898d5640 1 -- 172.21.15.122:0/3747044890 >> [v2:172.21.15.122:6800/176432481,v1:172.21.15.122:6801/176432481] conn(0x7f606c038fc0 msgr2=0x7f606c03b480 secure :-1 s=STATE_CONNECTION_ESTABLISHED l=1).mark_down
2024-09-10T09:05:55.147 INFO:teuthology.orchestra.run.smithi122.stdout:/usr/bin/ceph: stderr
2024-09-10T09:05:54.335+0000 7f60898d5640 1 --2- 172.21.15.122:0/3747044890 >> [v2:172.21.15.122:6800/176432481,v1:172.21.15.122:6801/176432481] conn(0x7f606c038fc0 0x7f606c03b480 secure :-1 s=READY pgs=15 cs=0 l=1 rev1=1 crypto rx=0x7f60780098c0 tx=0x7f6078006db0 comp rx=0 tx=0).stop
2024-09-10T09:05:55.147 INFO:teuthology.orchestra.run.smithi122.stdout:/usr/bin/ceph: stderr
2024-09-10T09:05:54.335+0000 7f60898d5640 1 -- 172.21.15.122:0/3747044890 >> [v2:172.21.15.122:3300/0,v1:172.21.15.122:6789/0] conn(0x7f608407de90 msgr2=0x7f608419dcf0 secure :-1 s=STATE_CONNECTION_ESTABLISHED l=1).mark_down
2024-09-10T09:05:55.147 INFO:teuthology.orchestra.run.smithi122.stdout:/usr/bin/ceph: stderr
2024-09-10T09:05:54.335+0000 7f60898d5640 1 --2- 172.21.15.122:0/3747044890 >> [v2:172.21.15.122:3300/0,v1:172.21.15.122:6789/0] conn(0x7f608407de90 0x7f608419dcf0 secure :-1 s=READY pgs=52 cs=0 l=1 rev1=1 crypto rx=0x7f6074032670 tx=0x7f60740326a0 comp rx=0 tx=0).stop
2024-09-10T09:05:55.147 INFO:teuthology.orchestra.run.smithi122.stdout:/usr/bin/ceph: stderr
2024-09-10T09:05:54.335+0000 7f60898d5640 1 -- 172.21.15.122:0/3747044890 shutdown_connections
2024-09-10T09:05:55.147 INFO:teuthology.orchestra.run.smithi122.stdout:/usr/bin/ceph: stderr
2024-09-10T09:05:54.335+0000 7f60898d5640 1 --2- 172.21.15.122:0/3747044890 >> [v2:172.21.15.122:6800/176432481,v1:172.21.15.122:6801/176432481] conn(0x7f606c038fc0 0x7f606c03b480 unknown :-1 s=CLOSED pgs=15 cs=0 l=1 rev1=1 crypto rx=0 tx=0 comp rx=0 tx=0).stop
2024-09-10T09:05:55.147 INFO:teuthology.orchestra.run.smithi122.stdout:/usr/bin/ceph: stderr
2024-09-10T09:05:54.335+0000 7f60898d5640 1 --2- 172.21.15.122:0/3747044890 >> [v2:172.21.15.122:3300/0,v1:172.21.15.122:6789/0] conn(0x7f608407de90 0x7f608419dcf0 unknown :-1 s=CLOSED pgs=52 cs=0 l=1 rev1=1 crypto rx=0 tx=0 comp rx=0 tx=0).stop
2024-09-10T09:05:55.147 INFO:teuthology.orchestra.run.smithi122.stdout:/usr/bin/ceph: stderr
2024-09-10T09:05:54.335+0000 7f60898d5640 1 -- 172.21.15.122:0/3747044890 >> 172.21.15.122:0/3747044890 conn(0x7f6084102fe0 msgr2=0x7f6084103d30 unknown :-1 s=STATE_NONE l=0).mark_down
2024-09-10T09:05:55.148 INFO:teuthology.orchestra.run.smithi122.stdout:/usr/bin/ceph: stderr
2024-09-10T09:05:54.336+0000 7f60898d5640 1 -- 172.21.15.122:0/3747044890 shutdown_connections
2024-09-10T09:05:55.148 INFO:teuthology.orchestra.run.smithi122.stdout:/usr/bin/ceph: stderr
2024-09-10T09:05:54.336+0000 7f60898d5640 1 -- 172.21.15.122:0/3747044890 wait complete.
2024-09-10T09:05:55.148 INFO:teuthology.orchestra.run.smithi122.stdout:Enabling the dashboard module...
2024-09-10T09:05:55.531 INFO:journalctl@ceph.mon.a.smithi122.stdout:Sep 10 09:05:55 smithi122 ceph-mon[30923]: from='client.? 172.21.15.122:0/3747044890' entity='client.admin'
2024-09-10T09:05:57.298 INFO:journalctl@ceph.mon.a.smithi122.stdout:Sep 10 09:05:56 smithi122 ceph-mon[30923]: from='mgr.14118 172.21.15.122:0/1341012745' entity='mgr.x'
2024-09-10T09:05:57.298 INFO:journalctl@ceph.mon.a.smithi122.stdout:Sep 10 09:05:56 smithi122 ceph-mon[30923]: from='client.? 172.21.15.122:0/2572040482' entity='client.admin' cmd=[{"prefix": "mgr module enable", "module": "dashboard"}]: dispatch
2024-09-10T09:05:57.298 INFO:journalctl@ceph.mon.a.smithi122.stdout:Sep 10 09:05:56 smithi122 ceph-mon[30923]: from='mgr.14118 172.21.15.122:0/1341012745' entity='mgr.x'
2024-09-10T09:05:57.298 INFO:journalctl@ceph.mgr.x.smithi122.stdout:Sep 10 09:05:57 smithi122 ceph-a88e0f1a-6f53-11ef-bcea-c7b262605968-mgr-x[31150]: ignoring --setuser ceph since I am not root
2024-09-10T09:05:57.298 INFO:journalctl@ceph.mgr.x.smithi122.stdout:Sep 10 09:05:57 smithi122 ceph-a88e0f1a-6f53-11ef-bcea-c7b262605968-mgr-x[31150]: ignoring --setgroup ceph since I am not root
2024-09-10T09:05:57.298 INFO:journalctl@ceph.mgr.x.smithi122.stdout:Sep 10 09:05:57 smithi122 ceph-a88e0f1a-6f53-11ef-bcea-c7b262605968-mgr-x[31150]:
2024-09-10T09:05:57.096+0000 7ff7fcc92040 -1 mgr[py] Module osd_perf_query has missing NOTIFY_TYPES member
2024-09-10T09:05:57.299 INFO:journalctl@ceph.mgr.x.smithi122.stdout:Sep 10 09:05:57 smithi122 ceph-a88e0f1a-6f53-11ef-bcea-c7b262605968-mgr-x[31150]:
2024-09-10T09:05:57.153+0000 7ff7fcc92040 -1 mgr[py] Module osd_support has missing NOTIFY_TYPES member
2024-09-10T09:05:57.666 INFO:journalctl@ceph.mgr.x.smithi122.stdout:Sep 10 09:05:57 smithi122 ceph-a88e0f1a-6f53-11ef-bcea-c7b262605968-mgr-x[31150]:
2024-09-10T09:05:57.305+0000 7ff7fcc92040 -1 mgr[py] Module diskprediction_local has missing NOTIFY_TYPES member
2024-09-10T09:05:57.666 INFO:journalctl@ceph.mgr.x.smithi122.stdout:Sep 10 09:05:57 smithi122 ceph-a88e0f1a-6f53-11ef-bcea-c7b262605968-mgr-x[31150]:
2024-09-10T09:05:57.375+0000 7ff7fcc92040 -1 mgr[py] Module crash has missing NOTIFY_TYPES member
2024-09-10T09:05:57.666 INFO:journalctl@ceph.mgr.x.smithi122.stdout:Sep 10 09:05:57 smithi122 ceph-a88e0f1a-6f53-11ef-bcea-c7b262605968-mgr-x[31150]:
2024-09-10T09:05:57.525+0000 7ff7fcc92040 -1 mgr[py] Module test_orchestrator has missing NOTIFY_TYPES member
2024-09-10T09:05:57.666 INFO:journalctl@ceph.mgr.x.smithi122.stdout:Sep 10 09:05:57 smithi122 ceph-a88e0f1a-6f53-11ef-bcea-c7b262605968-mgr-x[31150]:
2024-09-10T09:05:57.665+0000 7ff7fcc92040 -1 mgr[py] Module snap_schedule has missing NOTIFY_TYPES member
2024-09-10T09:05:58.212 INFO:journalctl@ceph.mon.a.smithi122.stdout:Sep 10 09:05:57 smithi122 ceph-mon[30923]: from='client.? 172.21.15.122:0/2572040482' entity='client.admin' cmd='[{"prefix": "mgr module enable", "module": "dashboard"}]': finished
2024-09-10T09:05:58.213 INFO:journalctl@ceph.mon.a.smithi122.stdout:Sep 10 09:05:57 smithi122 ceph-mon[30923]: mgrmap e9: x(active, since 18s)
2024-09-10T09:05:58.213 INFO:journalctl@ceph.mgr.x.smithi122.stdout:Sep 10 09:05:57 smithi122 ceph-a88e0f1a-6f53-11ef-bcea-c7b262605968-mgr-x[31150]:
2024-09-10T09:05:57.979+0000 7ff7fcc92040 -1 mgr[py] Module prometheus has missing NOTIFY_TYPES member
2024-09-10T09:05:58.213 INFO:journalctl@ceph.mgr.x.smithi122.stdout:Sep 10 09:05:58 smithi122 ceph-a88e0f1a-6f53-11ef-bcea-c7b262605968-mgr-x[31150]:
2024-09-10T09:05:58.041+0000 7ff7fcc92040 -1 mgr[py] Module selftest has missing NOTIFY_TYPES member
2024-09-10T09:05:58.333 INFO:teuthology.orchestra.run.smithi122.stdout:/usr/bin/ceph: stderr
2024-09-10T09:05:55.827+0000 7f382d320640 1 Processor -- start
2024-09-10T09:05:58.334 INFO:teuthology.orchestra.run.smithi122.stdout:/usr/bin/ceph: stderr
2024-09-10T09:05:55.827+0000 7f382d320640 1 -- start start
2024-09-10T09:05:58.334 INFO:teuthology.orchestra.run.smithi122.stdout:/usr/bin/ceph: stderr
2024-09-10T09:05:55.827+0000 7f382d320640 1 --2- >> [v2:172.21.15.122:3300/0,v1:172.21.15.122:6789/0] conn(0x7f38281077e0 0x7f3828107be0 unknown :-1 s=NONE pgs=0 cs=0 l=0 rev1=0 crypto rx=0 tx=0 comp rx=0 tx=0).connect
2024-09-10T09:05:58.334 INFO:teuthology.orchestra.run.smithi122.stdout:/usr/bin/ceph: stderr
2024-09-10T09:05:55.827+0000 7f382d320640 1 -- --> [v2:172.21.15.122:3300/0,v1:172.21.15.122:6789/0] -- mon_getmap magic: 0 -- 0x7f38281081b0 con 0x7f38281077e0
2024-09-10T09:05:58.334 INFO:teuthology.orchestra.run.smithi122.stdout:/usr/bin/ceph: stderr
2024-09-10T09:05:55.827+0000 7f3826ffd640 1 --2- >> [v2:172.21.15.122:3300/0,v1:172.21.15.122:6789/0] conn(0x7f38281077e0 0x7f3828107be0 unknown :-1 s=BANNER_CONNECTING pgs=0 cs=0 l=0 rev1=0 crypto rx=0 tx=0 comp rx=0 tx=0)._handle_peer_banner_payload supported=3 required=0
2024-09-10T09:05:58.334 INFO:teuthology.orchestra.run.smithi122.stdout:/usr/bin/ceph: stderr
2024-09-10T09:05:55.827+0000 7f3826ffd640 1 --2- >> [v2:172.21.15.122:3300/0,v1:172.21.15.122:6789/0] conn(0x7f38281077e0 0x7f3828107be0 unknown :-1 s=HELLO_CONNECTING pgs=0 cs=0 l=0 rev1=1 crypto rx=0 tx=0 comp rx=0 tx=0).handle_hello peer v2:172.21.15.122:3300/0 says I am v2:172.21.15.122:46956/0 (socket says 172.21.15.122:46956)
2024-09-10T09:05:58.334 INFO:teuthology.orchestra.run.smithi122.stdout:/usr/bin/ceph: stderr
2024-09-10T09:05:55.827+0000 7f3826ffd640 1 -- 172.21.15.122:0/1372449917 learned_addr learned my addr 172.21.15.122:0/1372449917 (peer_addr_for_me v2:172.21.15.122:0/0)
2024-09-10T09:05:58.334 INFO:teuthology.orchestra.run.smithi122.stdout:/usr/bin/ceph: stderr
2024-09-10T09:05:55.828+0000 7f3826ffd640 1 -- 172.21.15.122:0/1372449917 --> [v2:172.21.15.122:3300/0,v1:172.21.15.122:6789/0] -- mon_subscribe({config=0+,monmap=0+}) -- 0x7f38281089e0 con 0x7f38281077e0
2024-09-10T09:05:58.334 INFO:teuthology.orchestra.run.smithi122.stdout:/usr/bin/ceph: stderr
2024-09-10T09:05:55.828+0000 7f3826ffd640 1 --2- 172.21.15.122:0/1372449917 >> [v2:172.21.15.122:3300/0,v1:172.21.15.122:6789/0] conn(0x7f38281077e0 0x7f3828107be0 secure :-1 s=READY pgs=53 cs=0 l=1 rev1=1 crypto rx=0x7f3818009820 tx=0x7f381802a270 comp rx=0 tx=0).ready entity=mon.0 client_cookie=e740f1721456e04c server_cookie=0 in_seq=0 out_seq=0
2024-09-10T09:05:58.334 INFO:teuthology.orchestra.run.smithi122.stdout:/usr/bin/ceph: stderr
2024-09-10T09:05:55.829+0000 7f38267fc640 1 -- 172.21.15.122:0/1372449917 <== mon.0 v2:172.21.15.122:3300/0 1 ==== mon_map magic: 0 ==== 205+0+0 (secure 0 0 0) 0x7f3818037070 con 0x7f38281077e0
2024-09-10T09:05:58.334 INFO:teuthology.orchestra.run.smithi122.stdout:/usr/bin/ceph: stderr
2024-09-10T09:05:55.829+0000 7f38267fc640 1 -- 172.21.15.122:0/1372449917 <== mon.0 v2:172.21.15.122:3300/0 2 ==== config(28 keys) ==== 1171+0+0 (secure 0 0 0) 0x7f3818032940 con 0x7f38281077e0
2024-09-10T09:05:58.334 INFO:teuthology.orchestra.run.smithi122.stdout:/usr/bin/ceph: stderr
2024-09-10T09:05:55.829+0000 7f38267fc640 1 -- 172.21.15.122:0/1372449917 <== mon.0 v2:172.21.15.122:3300/0 3 ==== mon_map magic: 0 ==== 205+0+0 (secure 0 0 0) 0x7f38180308b0 con 0x7f38281077e0
2024-09-10T09:05:58.335 INFO:teuthology.orchestra.run.smithi122.stdout:/usr/bin/ceph: stderr
2024-09-10T09:05:55.829+0000 7f382d320640 1 -- 172.21.15.122:0/1372449917 >> [v2:172.21.15.122:3300/0,v1:172.21.15.122:6789/0] conn(0x7f38281077e0 msgr2=0x7f3828107be0 secure :-1 s=STATE_CONNECTION_ESTABLISHED l=1).mark_down
2024-09-10T09:05:58.335 INFO:teuthology.orchestra.run.smithi122.stdout:/usr/bin/ceph: stderr
2024-09-10T09:05:55.829+0000 7f382d320640 1 --2- 172.21.15.122:0/1372449917 >> [v2:172.21.15.122:3300/0,v1:172.21.15.122:6789/0] conn(0x7f38281077e0 0x7f3828107be0 secure :-1 s=READY pgs=53 cs=0 l=1 rev1=1 crypto rx=0x7f3818009820 tx=0x7f381802a270 comp rx=0 tx=0).stop
2024-09-10T09:05:58.335 INFO:teuthology.orchestra.run.smithi122.stdout:/usr/bin/ceph: stderr
2024-09-10T09:05:55.829+0000 7f382d320640 1 -- 172.21.15.122:0/1372449917 shutdown_connections
2024-09-10T09:05:58.335 INFO:teuthology.orchestra.run.smithi122.stdout:/usr/bin/ceph: stderr
2024-09-10T09:05:55.829+0000 7f382d320640 1 --2- 172.21.15.122:0/1372449917 >> [v2:172.21.15.122:3300/0,v1:172.21.15.122:6789/0] conn(0x7f38281077e0 0x7f3828107be0 unknown :-1 s=CLOSED pgs=53 cs=0 l=1 rev1=1 crypto rx=0 tx=0 comp rx=0 tx=0).stop
2024-09-10T09:05:58.335 INFO:teuthology.orchestra.run.smithi122.stdout:/usr/bin/ceph: stderr
2024-09-10T09:05:55.829+0000 7f382d320640 1 -- 172.21.15.122:0/1372449917 >> 172.21.15.122:0/1372449917 conn(0x7f3828103030 msgr2=0x7f3828105450 unknown :-1 s=STATE_NONE l=0).mark_down
2024-09-10T09:05:58.335 INFO:teuthology.orchestra.run.smithi122.stdout:/usr/bin/ceph: stderr
2024-09-10T09:05:55.829+0000 7f382d320640 1 -- 172.21.15.122:0/1372449917 shutdown_connections
2024-09-10T09:05:58.335 INFO:teuthology.orchestra.run.smithi122.stdout:/usr/bin/ceph: stderr
2024-09-10T09:05:55.829+0000 7f382d320640 1 -- 172.21.15.122:0/1372449917 wait complete.
2024-09-10T09:05:58.335 INFO:teuthology.orchestra.run.smithi122.stdout:/usr/bin/ceph: stderr
2024-09-10T09:05:55.830+0000 7f382d320640 1 Processor -- start
2024-09-10T09:05:58.335 INFO:teuthology.orchestra.run.smithi122.stdout:/usr/bin/ceph: stderr
2024-09-10T09:05:55.830+0000 7f382d320640 1 -- start start
2024-09-10T09:05:58.335 INFO:teuthology.orchestra.run.smithi122.stdout:/usr/bin/ceph: stderr
2024-09-10T09:05:55.830+0000 7f382d320640 1 --2- >> [v2:172.21.15.122:3300/0,v1:172.21.15.122:6789/0] conn(0x7f38281077e0 0x7f382807db60 unknown :-1 s=NONE pgs=0 cs=0 l=1 rev1=0 crypto rx=0 tx=0 comp rx=0 tx=0).connect
2024-09-10T09:05:58.335 INFO:teuthology.orchestra.run.smithi122.stdout:/usr/bin/ceph: stderr
2024-09-10T09:05:55.830+0000 7f382d320640 1 -- --> [v2:172.21.15.122:3300/0,v1:172.21.15.122:6789/0] -- mon_getmap magic: 0 -- 0x7f382810bd90 con 0x7f38281077e0
2024-09-10T09:05:58.335 INFO:teuthology.orchestra.run.smithi122.stdout:/usr/bin/ceph: stderr
2024-09-10T09:05:55.830+0000 7f3826ffd640 1 --2- >> [v2:172.21.15.122:3300/0,v1:172.21.15.122:6789/0] conn(0x7f38281077e0 0x7f382807db60 unknown :-1 s=BANNER_CONNECTING pgs=0 cs=0 l=1 rev1=0 crypto rx=0 tx=0 comp rx=0 tx=0)._handle_peer_banner_payload supported=3 required=0
2024-09-10T09:05:58.335 INFO:teuthology.orchestra.run.smithi122.stdout:/usr/bin/ceph: stderr
2024-09-10T09:05:55.830+0000 7f3826ffd640 1 --2- >> [v2:172.21.15.122:3300/0,v1:172.21.15.122:6789/0] conn(0x7f38281077e0 0x7f382807db60 unknown :-1 s=HELLO_CONNECTING pgs=0 cs=0 l=1 rev1=1 crypto rx=0 tx=0 comp rx=0 tx=0).handle_hello peer v2:172.21.15.122:3300/0 says I am v2:172.21.15.122:46960/0 (socket says 172.21.15.122:46960)
2024-09-10T09:05:58.335 INFO:teuthology.orchestra.run.smithi122.stdout:/usr/bin/ceph: stderr
2024-09-10T09:05:55.830+0000 7f3826ffd640 1 -- 172.21.15.122:0/2572040482 learned_addr learned my addr 172.21.15.122:0/2572040482 (peer_addr_for_me v2:172.21.15.122:0/0)
2024-09-10T09:05:58.336 INFO:teuthology.orchestra.run.smithi122.stdout:/usr/bin/ceph: stderr
2024-09-10T09:05:55.830+0000 7f3826ffd640 1 -- 172.21.15.122:0/2572040482 --> [v2:172.21.15.122:3300/0,v1:172.21.15.122:6789/0] -- mon_subscribe({config=0+,monmap=0+}) -- 0x7f382807e0a0 con 0x7f38281077e0
2024-09-10T09:05:58.336 INFO:teuthology.orchestra.run.smithi122.stdout:/usr/bin/ceph: stderr
2024-09-10T09:05:55.830+0000 7f3826ffd640 1 --2- 172.21.15.122:0/2572040482 >> [v2:172.21.15.122:3300/0,v1:172.21.15.122:6789/0] conn(0x7f38281077e0 0x7f382807db60 secure :-1 s=READY pgs=54 cs=0 l=1 rev1=1 crypto rx=0x7f3818009940 tx=0x7f3818032670 comp rx=0 tx=0).ready entity=mon.0 client_cookie=0 server_cookie=0 in_seq=0 out_seq=0
2024-09-10T09:05:58.336 INFO:teuthology.orchestra.run.smithi122.stdout:/usr/bin/ceph: stderr
2024-09-10T09:05:55.830+0000 7f3824ff9640 1 -- 172.21.15.122:0/2572040482 <== mon.0 v2:172.21.15.122:3300/0 1 ==== mon_map magic: 0 ==== 205+0+0 (secure 0 0 0) 0x7f3818042070 con 0x7f38281077e0
2024-09-10T09:05:58.336 INFO:teuthology.orchestra.run.smithi122.stdout:/usr/bin/ceph: stderr
2024-09-10T09:05:55.831+0000 7f3824ff9640 1 -- 172.21.15.122:0/2572040482 <== mon.0 v2:172.21.15.122:3300/0 2 ==== config(28 keys) ==== 1171+0+0 (secure 0 0 0) 0x7f3818030e60 con 0x7f38281077e0
2024-09-10T09:05:58.336 INFO:teuthology.orchestra.run.smithi122.stdout:/usr/bin/ceph: stderr
2024-09-10T09:05:55.831+0000 7f382d320640 1 -- 172.21.15.122:0/2572040482 --> [v2:172.21.15.122:3300/0,v1:172.21.15.122:6789/0] -- mon_subscribe({mgrmap=0+}) -- 0x7f382807c290 con 0x7f38281077e0
2024-09-10T09:05:58.336 INFO:teuthology.orchestra.run.smithi122.stdout:/usr/bin/ceph: stderr
2024-09-10T09:05:55.831+0000 7f3824ff9640 1 -- 172.21.15.122:0/2572040482 <== mon.0 v2:172.21.15.122:3300/0 3 ==== mon_map magic: 0 ==== 205+0+0 (secure 0 0 0) 0x7f3818037040 con 0x7f38281077e0
2024-09-10T09:05:58.336 INFO:teuthology.orchestra.run.smithi122.stdout:/usr/bin/ceph: stderr
2024-09-10T09:05:55.831+0000 7f382d320640 1 -- 172.21.15.122:0/2572040482 --> [v2:172.21.15.122:3300/0,v1:172.21.15.122:6789/0] -- mon_subscribe({osdmap=0}) -- 0x7f382807c7d0 con 0x7f38281077e0
2024-09-10T09:05:58.336 INFO:teuthology.orchestra.run.smithi122.stdout:/usr/bin/ceph: stderr
2024-09-10T09:05:55.831+0000 7f3824ff9640 1 -- 172.21.15.122:0/2572040482 <== mon.0 v2:172.21.15.122:3300/0 4 ==== mgrmap(e 8) ==== 46287+0+0 (secure 0 0 0) 0x7f3818045070 con 0x7f38281077e0
2024-09-10T09:05:58.336 INFO:teuthology.orchestra.run.smithi122.stdout:/usr/bin/ceph: stderr
2024-09-10T09:05:55.831+0000 7f382d320640 1 -- 172.21.15.122:0/2572040482 --> [v2:172.21.15.122:3300/0,v1:172.21.15.122:6789/0] -- mon_command({"prefix": "get_command_descriptions"} v 0) -- 0x7f3828107be0 con 0x7f38281077e0
2024-09-10T09:05:58.336 INFO:teuthology.orchestra.run.smithi122.stdout:/usr/bin/ceph: stderr
2024-09-10T09:05:55.832+0000 7f3824ff9640 1 --2- 172.21.15.122:0/2572040482 >> [v2:172.21.15.122:6800/176432481,v1:172.21.15.122:6801/176432481] conn(0x7f3814038f70 0x7f381403b430 unknown :-1 s=NONE pgs=0 cs=0 l=1 rev1=0 crypto rx=0 tx=0 comp rx=0 tx=0).connect
2024-09-10T09:05:58.336 INFO:teuthology.orchestra.run.smithi122.stdout:/usr/bin/ceph: stderr
2024-09-10T09:05:55.832+0000 7f3824ff9640 1 -- 172.21.15.122:0/2572040482 <== mon.0 v2:172.21.15.122:3300/0 5 ==== osd_map(2..2 src has 1..2) ==== 940+0+0 (secure 0 0 0) 0x7f381806c1b0 con 0x7f38281077e0
2024-09-10T09:05:58.336 INFO:teuthology.orchestra.run.smithi122.stdout:/usr/bin/ceph: stderr
2024-09-10T09:05:55.832+0000 7f381ffff640 1 --2- 172.21.15.122:0/2572040482 >> [v2:172.21.15.122:6800/176432481,v1:172.21.15.122:6801/176432481] conn(0x7f3814038f70 0x7f381403b430 unknown :-1 s=BANNER_CONNECTING pgs=0 cs=0 l=1 rev1=0 crypto rx=0 tx=0 comp rx=0 tx=0)._handle_peer_banner_payload supported=3 required=0
2024-09-10T09:05:58.337 INFO:teuthology.orchestra.run.smithi122.stdout:/usr/bin/ceph: stderr
2024-09-10T09:05:55.832+0000 7f381ffff640 1 --2- 172.21.15.122:0/2572040482 >> [v2:172.21.15.122:6800/176432481,v1:172.21.15.122:6801/176432481] conn(0x7f3814038f70 0x7f381403b430 secure :-1 s=READY pgs=16 cs=0 l=1 rev1=1 crypto rx=0x7f38100098c0 tx=0x7f3810006db0 comp rx=0 tx=0).ready entity=mgr.14118 client_cookie=0 server_cookie=0 in_seq=0 out_seq=0
2024-09-10T09:05:58.337 INFO:teuthology.orchestra.run.smithi122.stdout:/usr/bin/ceph: stderr
2024-09-10T09:05:55.836+0000 7f3824ff9640 1 -- 172.21.15.122:0/2572040482 <== mon.0 v2:172.21.15.122:3300/0 6 ==== mon_command_ack([{"prefix": "get_command_descriptions"}]=0 v0) ==== 72+0+188821 (secure 0 0 0) 0x7f381803c810 con 0x7f38281077e0
2024-09-10T09:05:58.337 INFO:teuthology.orchestra.run.smithi122.stdout:/usr/bin/ceph: stderr
2024-09-10T09:05:56.057+0000 7f382d320640 1 -- 172.21.15.122:0/2572040482 --> [v2:172.21.15.122:3300/0,v1:172.21.15.122:6789/0] -- mon_command({"prefix": "mgr module enable", "module": "dashboard"} v 0) -- 0x7f382807cc60 con 0x7f38281077e0
2024-09-10T09:05:58.337 INFO:teuthology.orchestra.run.smithi122.stdout:/usr/bin/ceph: stderr
2024-09-10T09:05:56.948+0000 7f3824ff9640 1 -- 172.21.15.122:0/2572040482 <== mon.0 v2:172.21.15.122:3300/0 7 ==== mon_command_ack([{"prefix": "mgr module enable", "module": "dashboard"}]=0 v9) ==== 88+0+0 (secure 0 0 0) 0x7f381803cce0 con 0x7f38281077e0
2024-09-10T09:05:58.337 INFO:teuthology.orchestra.run.smithi122.stdout:/usr/bin/ceph: stderr
2024-09-10T09:05:56.950+0000 7f3824ff9640 1 -- 172.21.15.122:0/2572040482 <== mon.0 v2:172.21.15.122:3300/0 8 ==== mgrmap(e 9) ==== 46300+0+0 (secure 0 0 0) 0x7f3818045360 con 0x7f38281077e0
2024-09-10T09:05:58.337 INFO:teuthology.orchestra.run.smithi122.stdout:/usr/bin/ceph: stderr
2024-09-10T09:05:56.951+0000 7f382d320640 1 -- 172.21.15.122:0/2572040482 >> [v2:172.21.15.122:6800/176432481,v1:172.21.15.122:6801/176432481] conn(0x7f3814038f70 msgr2=0x7f381403b430 secure :-1 s=STATE_CONNECTION_ESTABLISHED l=1).mark_down
2024-09-10T09:05:58.337 INFO:teuthology.orchestra.run.smithi122.stdout:/usr/bin/ceph: stderr
2024-09-10T09:05:56.951+0000 7f382d320640 1 --2- 172.21.15.122:0/2572040482 >> [v2:172.21.15.122:6800/176432481,v1:172.21.15.122:6801/176432481] conn(0x7f3814038f70 0x7f381403b430 secure :-1 s=READY pgs=16 cs=0 l=1 rev1=1 crypto rx=0x7f38100098c0 tx=0x7f3810006db0 comp rx=0 tx=0).stop
2024-09-10T09:05:58.337 INFO:teuthology.orchestra.run.smithi122.stdout:/usr/bin/ceph: stderr
2024-09-10T09:05:56.951+0000 7f382d320640 1 -- 172.21.15.122:0/2572040482 >> [v2:172.21.15.122:3300/0,v1:172.21.15.122:6789/0] conn(0x7f38281077e0 msgr2=0x7f382807db60 secure :-1 s=STATE_CONNECTION_ESTABLISHED l=1).mark_down
2024-09-10T09:05:58.337 INFO:teuthology.orchestra.run.smithi122.stdout:/usr/bin/ceph: stderr
2024-09-10T09:05:56.951+0000 7f382d320640 1 --2- 172.21.15.122:0/2572040482 >> [v2:172.21.15.122:3300/0,v1:172.21.15.122:6789/0] conn(0x7f38281077e0 0x7f382807db60 secure :-1 s=READY pgs=54 cs=0 l=1 rev1=1 crypto rx=0x7f3818009940 tx=0x7f3818032670 comp rx=0 tx=0).stop
2024-09-10T09:05:58.337 INFO:teuthology.orchestra.run.smithi122.stdout:/usr/bin/ceph: stderr
2024-09-10T09:05:56.951+0000 7f382d320640 1 -- 172.21.15.122:0/2572040482 shutdown_connections
2024-09-10T09:05:58.337 INFO:teuthology.orchestra.run.smithi122.stdout:/usr/bin/ceph: stderr
2024-09-10T09:05:56.951+0000 7f382d320640 1 --2- 172.21.15.122:0/2572040482 >> [v2:172.21.15.122:6800/176432481,v1:172.21.15.122:6801/176432481] conn(0x7f3814038f70 0x7f381403b430 unknown :-1 s=CLOSED pgs=16 cs=0 l=1 rev1=1 crypto rx=0 tx=0 comp rx=0 tx=0).stop
2024-09-10T09:05:58.337 INFO:teuthology.orchestra.run.smithi122.stdout:/usr/bin/ceph: stderr
2024-09-10T09:05:56.951+0000 7f382d320640 1 --2- 172.21.15.122:0/2572040482 >> [v2:172.21.15.122:3300/0,v1:172.21.15.122:6789/0] conn(0x7f38281077e0 0x7f382807db60 unknown :-1 s=CLOSED pgs=54 cs=0 l=1 rev1=1 crypto rx=0 tx=0 comp rx=0 tx=0).stop
2024-09-10T09:05:58.337 INFO:teuthology.orchestra.run.smithi122.stdout:/usr/bin/ceph: stderr
2024-09-10T09:05:56.951+0000 7f382d320640 1 -- 172.21.15.122:0/2572040482 >> 172.21.15.122:0/2572040482 conn(0x7f3828103030 msgr2=0x7f3828103c10 unknown :-1 s=STATE_NONE l=0).mark_down
2024-09-10T09:05:58.338 INFO:teuthology.orchestra.run.smithi122.stdout:/usr/bin/ceph: stderr
2024-09-10T09:05:56.951+0000 7f382d320640 1 -- 172.21.15.122:0/2572040482 shutdown_connections
2024-09-10T09:05:58.338 INFO:teuthology.orchestra.run.smithi122.stdout:/usr/bin/ceph: stderr
2024-09-10T09:05:56.951+0000 7f382d320640 1 -- 172.21.15.122:0/2572040482 wait complete.
2024-09-10T09:05:58.477 INFO:journalctl@ceph.mgr.x.smithi122.stdout:Sep 10 09:05:58 smithi122 ceph-a88e0f1a-6f53-11ef-bcea-c7b262605968-mgr-x[31150]:
2024-09-10T09:05:58.229+0000 7ff7fcc92040 -1 mgr[py] Module volumes has missing NOTIFY_TYPES member
2024-09-10T09:05:59.548 INFO:journalctl@ceph.mon.a.smithi122.stdout:Sep 10 09:05:59 smithi122 ceph-mon[30923]: from='client.? 172.21.15.122:0/3641847718' entity='client.admin' cmd=[{"prefix": "mgr stat"}]: dispatch
2024-09-10T09:05:59.548 INFO:journalctl@ceph.mgr.x.smithi122.stdout:Sep 10 09:05:59 smithi122 ceph-a88e0f1a-6f53-11ef-bcea-c7b262605968-mgr-x[31150]:
2024-09-10T09:05:59.173+0000 7ff7fcc92040 -1 mgr[py] Module telemetry has missing NOTIFY_TYPES member
2024-09-10T09:05:59.548 INFO:journalctl@ceph.mgr.x.smithi122.stdout:Sep 10 09:05:59 smithi122 ceph-a88e0f1a-6f53-11ef-bcea-c7b262605968-mgr-x[31150]:
2024-09-10T09:05:59.243+0000 7ff7fcc92040 -1 mgr[py] Module balancer has missing NOTIFY_TYPES member
2024-09-10T09:05:59.870 INFO:teuthology.orchestra.run.smithi122.stdout:/usr/bin/ceph: stdout {
2024-09-10T09:05:59.870 INFO:teuthology.orchestra.run.smithi122.stdout:/usr/bin/ceph: stdout "epoch": 9,
2024-09-10T09:05:59.870 INFO:teuthology.orchestra.run.smithi122.stdout:/usr/bin/ceph: stdout "available": true,
2024-09-10T09:05:59.870 INFO:teuthology.orchestra.run.smithi122.stdout:/usr/bin/ceph: stdout "active_name": "x",
2024-09-10T09:05:59.870 INFO:teuthology.orchestra.run.smithi122.stdout:/usr/bin/ceph: stdout "num_standby": 0
2024-09-10T09:05:59.870 INFO:teuthology.orchestra.run.smithi122.stdout:/usr/bin/ceph: stdout }
2024-09-10T09:05:59.870 INFO:teuthology.orchestra.run.smithi122.stdout:/usr/bin/ceph: stderr
2024-09-10T09:05:58.886+0000 7f8f5e8d7640 1 Processor -- start
2024-09-10T09:05:59.871 INFO:teuthology.orchestra.run.smithi122.stdout:/usr/bin/ceph: stderr
2024-09-10T09:05:58.887+0000 7f8f5e8d7640 1 -- start start
2024-09-10T09:05:59.871 INFO:teuthology.orchestra.run.smithi122.stdout:/usr/bin/ceph: stderr
2024-09-10T09:05:58.887+0000 7f8f5e8d7640 1 --2- >> [v2:172.21.15.122:3300/0,v1:172.21.15.122:6789/0] conn(0x7f8f58106680 0x7f8f58106a80 unknown :-1 s=NONE pgs=0 cs=0 l=0 rev1=0 crypto rx=0 tx=0 comp rx=0 tx=0).connect
2024-09-10T09:05:59.871 INFO:teuthology.orchestra.run.smithi122.stdout:/usr/bin/ceph: stderr
2024-09-10T09:05:58.887+0000 7f8f5e8d7640 1 -- --> [v2:172.21.15.122:3300/0,v1:172.21.15.122:6789/0] -- mon_getmap magic: 0 -- 0x7f8f58107050 con 0x7f8f58106680
2024-09-10T09:05:59.871 INFO:teuthology.orchestra.run.smithi122.stdout:/usr/bin/ceph: stderr
2024-09-10T09:05:58.887+0000 7f8f57fff640 1 --2- >> [v2:172.21.15.122:3300/0,v1:172.21.15.122:6789/0] conn(0x7f8f58106680 0x7f8f58106a80 unknown :-1 s=BANNER_CONNECTING pgs=0 cs=0 l=0 rev1=0 crypto rx=0 tx=0 comp rx=0 tx=0)._handle_peer_banner_payload supported=3 required=0
2024-09-10T09:05:59.871 INFO:teuthology.orchestra.run.smithi122.stdout:/usr/bin/ceph: stderr
2024-09-10T09:05:58.887+0000 7f8f57fff640 1 --2- >> [v2:172.21.15.122:3300/0,v1:172.21.15.122:6789/0] conn(0x7f8f58106680 0x7f8f58106a80 unknown :-1 s=HELLO_CONNECTING pgs=0 cs=0 l=0 rev1=1 crypto rx=0 tx=0 comp rx=0 tx=0).handle_hello peer v2:172.21.15.122:3300/0 says I am v2:172.21.15.122:46982/0 (socket says 172.21.15.122:46982)
2024-09-10T09:05:59.871 INFO:teuthology.orchestra.run.smithi122.stdout:/usr/bin/ceph: stderr
2024-09-10T09:05:58.887+0000 7f8f57fff640 1 -- 172.21.15.122:0/3064202756 learned_addr learned my addr 172.21.15.122:0/3064202756 (peer_addr_for_me v2:172.21.15.122:0/0)
2024-09-10T09:05:59.871 INFO:teuthology.orchestra.run.smithi122.stdout:/usr/bin/ceph: stderr
2024-09-10T09:05:58.887+0000 7f8f57fff640 1 -- 172.21.15.122:0/3064202756 --> [v2:172.21.15.122:3300/0,v1:172.21.15.122:6789/0] -- mon_subscribe({config=0+,monmap=0+}) -- 0x7f8f58107880 con 0x7f8f58106680
2024-09-10T09:05:59.871 INFO:teuthology.orchestra.run.smithi122.stdout:/usr/bin/ceph: stderr
2024-09-10T09:05:58.888+0000 7f8f57fff640 1 --2- 172.21.15.122:0/3064202756 >> [v2:172.21.15.122:3300/0,v1:172.21.15.122:6789/0] conn(0x7f8f58106680 0x7f8f58106a80 secure :-1 s=READY pgs=57 cs=0 l=1 rev1=1 crypto rx=0x7f8f48009820 tx=0x7f8f4802a270 comp rx=0 tx=0).ready entity=mon.0 client_cookie=8dc235d15bb02003 server_cookie=0 in_seq=0 out_seq=0
2024-09-10T09:05:59.871 INFO:teuthology.orchestra.run.smithi122.stdout:/usr/bin/ceph: stderr
2024-09-10T09:05:58.888+0000 7f8f56ffd640 1 -- 172.21.15.122:0/3064202756 <== mon.0 v2:172.21.15.122:3300/0 1 ==== mon_map magic: 0 ==== 205+0+0 (secure 0 0 0) 0x7f8f48037070 con 0x7f8f58106680
2024-09-10T09:05:59.871 INFO:teuthology.orchestra.run.smithi122.stdout:/usr/bin/ceph: stderr
2024-09-10T09:05:58.889+0000 7f8f56ffd640 1 -- 172.21.15.122:0/3064202756 <== mon.0 v2:172.21.15.122:3300/0 2 ==== config(28 keys) ==== 1171+0+0 (secure 0 0 0) 0x7f8f48032940 con 0x7f8f58106680
2024-09-10T09:05:59.871 INFO:teuthology.orchestra.run.smithi122.stdout:/usr/bin/ceph: stderr
2024-09-10T09:05:58.889+0000 7f8f56ffd640 1 -- 172.21.15.122:0/3064202756 <== mon.0 v2:172.21.15.122:3300/0 3 ==== mon_map magic: 0 ==== 205+0+0 (secure 0 0 0) 0x7f8f480308b0 con 0x7f8f58106680
2024-09-10T09:05:59.871 INFO:teuthology.orchestra.run.smithi122.stdout:/usr/bin/ceph: stderr
2024-09-10T09:05:58.889+0000 7f8f5e8d7640 1 -- 172.21.15.122:0/3064202756 >> [v2:172.21.15.122:3300/0,v1:172.21.15.122:6789/0] conn(0x7f8f58106680 msgr2=0x7f8f58106a80 secure :-1 s=STATE_CONNECTION_ESTABLISHED l=1).mark_down
2024-09-10T09:05:59.871 INFO:teuthology.orchestra.run.smithi122.stdout:/usr/bin/ceph: stderr
2024-09-10T09:05:58.889+0000 7f8f5e8d7640 1 --2- 172.21.15.122:0/3064202756 >> [v2:172.21.15.122:3300/0,v1:172.21.15.122:6789/0] conn(0x7f8f58106680 0x7f8f58106a80 secure :-1 s=READY pgs=57 cs=0 l=1 rev1=1 crypto rx=0x7f8f48009820 tx=0x7f8f4802a270 comp rx=0 tx=0).stop
2024-09-10T09:05:59.872 INFO:teuthology.orchestra.run.smithi122.stdout:/usr/bin/ceph: stderr
2024-09-10T09:05:58.889+0000 7f8f5e8d7640 1 -- 172.21.15.122:0/3064202756 shutdown_connections
2024-09-10T09:05:59.872 INFO:teuthology.orchestra.run.smithi122.stdout:/usr/bin/ceph: stderr
2024-09-10T09:05:58.889+0000 7f8f5e8d7640 1 --2- 172.21.15.122:0/3064202756 >> [v2:172.21.15.122:3300/0,v1:172.21.15.122:6789/0] conn(0x7f8f58106680 0x7f8f58106a80 unknown :-1 s=CLOSED pgs=57 cs=0 l=1 rev1=1 crypto rx=0 tx=0 comp rx=0 tx=0).stop
2024-09-10T09:05:59.872 INFO:teuthology.orchestra.run.smithi122.stdout:/usr/bin/ceph: stderr
2024-09-10T09:05:58.889+0000 7f8f5e8d7640 1 -- 172.21.15.122:0/3064202756 >> 172.21.15.122:0/3064202756 conn(0x7f8f58101e30 msgr2=0x7f8f58104250 unknown :-1 s=STATE_NONE l=0).mark_down
2024-09-10T09:05:59.872 INFO:teuthology.orchestra.run.smithi122.stdout:/usr/bin/ceph: stderr
2024-09-10T09:05:58.889+0000 7f8f5e8d7640 1 -- 172.21.15.122:0/3064202756 shutdown_connections
2024-09-10T09:05:59.872 INFO:teuthology.orchestra.run.smithi122.stdout:/usr/bin/ceph: stderr
2024-09-10T09:05:58.889+0000 7f8f5e8d7640 1 -- 172.21.15.122:0/3064202756 wait complete.
2024-09-10T09:05:59.872 INFO:teuthology.orchestra.run.smithi122.stdout:/usr/bin/ceph: stderr
2024-09-10T09:05:58.890+0000 7f8f5e8d7640 1 Processor -- start
2024-09-10T09:05:59.872 INFO:teuthology.orchestra.run.smithi122.stdout:/usr/bin/ceph: stderr
2024-09-10T09:05:58.890+0000 7f8f5e8d7640 1 -- start start
2024-09-10T09:05:59.872 INFO:teuthology.orchestra.run.smithi122.stdout:/usr/bin/ceph: stderr
2024-09-10T09:05:58.891+0000 7f8f5e8d7640 1 --2- >> [v2:172.21.15.122:3300/0,v1:172.21.15.122:6789/0] conn(0x7f8f58106680 0x7f8f5807ba40 unknown :-1 s=NONE pgs=0 cs=0 l=1 rev1=0 crypto rx=0 tx=0 comp rx=0 tx=0).connect
2024-09-10T09:05:59.872 INFO:teuthology.orchestra.run.smithi122.stdout:/usr/bin/ceph: stderr
2024-09-10T09:05:58.891+0000 7f8f5e8d7640 1 -- --> [v2:172.21.15.122:3300/0,v1:172.21.15.122:6789/0] -- mon_getmap magic: 0 -- 0x7f8f5810ac30 con 0x7f8f58106680
2024-09-10T09:05:59.872 INFO:teuthology.orchestra.run.smithi122.stdout:/usr/bin/ceph: stderr
2024-09-10T09:05:58.891+0000 7f8f57fff640 1 --2- >> [v2:172.21.15.122:3300/0,v1:172.21.15.122:6789/0] conn(0x7f8f58106680 0x7f8f5807ba40 unknown :-1 s=BANNER_CONNECTING pgs=0 cs=0 l=1 rev1=0 crypto rx=0 tx=0 comp rx=0 tx=0)._handle_peer_banner_payload supported=3 required=0
2024-09-10T09:05:59.872 INFO:teuthology.orchestra.run.smithi122.stdout:/usr/bin/ceph: stderr
2024-09-10T09:05:58.891+0000 7f8f57fff640 1 --2- >> [v2:172.21.15.122:3300/0,v1:172.21.15.122:6789/0] conn(0x7f8f58106680 0x7f8f5807ba40 unknown :-1 s=HELLO_CONNECTING pgs=0 cs=0 l=1 rev1=1 crypto rx=0 tx=0 comp rx=0 tx=0).handle_hello peer v2:172.21.15.122:3300/0 says I am v2:172.21.15.122:46986/0 (socket says 172.21.15.122:46986)
2024-09-10T09:05:59.872 INFO:teuthology.orchestra.run.smithi122.stdout:/usr/bin/ceph: stderr
2024-09-10T09:05:58.891+0000 7f8f57fff640 1 -- 172.21.15.122:0/3641847718 learned_addr learned my addr 172.21.15.122:0/3641847718 (peer_addr_for_me v2:172.21.15.122:0/0)
2024-09-10T09:05:59.872 INFO:teuthology.orchestra.run.smithi122.stdout:/usr/bin/ceph: stderr
2024-09-10T09:05:58.891+0000 7f8f57fff640 1 -- 172.21.15.122:0/3641847718 --> [v2:172.21.15.122:3300/0,v1:172.21.15.122:6789/0] -- mon_subscribe({config=0+,monmap=0+}) -- 0x7f8f5819e850 con 0x7f8f58106680
2024-09-10T09:05:59.873 INFO:teuthology.orchestra.run.smithi122.stdout:/usr/bin/ceph: stderr
2024-09-10T09:05:58.891+0000 7f8f57fff640 1 --2- 172.21.15.122:0/3641847718 >> [v2:172.21.15.122:3300/0,v1:172.21.15.122:6789/0] conn(0x7f8f58106680 0x7f8f5807ba40 secure :-1 s=READY pgs=58 cs=0 l=1 rev1=1 crypto rx=0x7f8f48009940 tx=0x7f8f48032670 comp rx=0 tx=0).ready entity=mon.0 client_cookie=0 server_cookie=0 in_seq=0 out_seq=0
2024-09-10T09:05:59.873 INFO:teuthology.orchestra.run.smithi122.stdout:/usr/bin/ceph: stderr
2024-09-10T09:05:58.891+0000 7f8f557fa640 1 -- 172.21.15.122:0/3641847718 <== mon.0 v2:172.21.15.122:3300/0 1 ==== mon_map magic: 0 ==== 205+0+0 (secure 0 0 0) 0x7f8f48042070 con 0x7f8f58106680
2024-09-10T09:05:59.873 INFO:teuthology.orchestra.run.smithi122.stdout:/usr/bin/ceph: stderr
2024-09-10T09:05:58.891+0000 7f8f5e8d7640 1 -- 172.21.15.122:0/3641847718 --> [v2:172.21.15.122:3300/0,v1:172.21.15.122:6789/0] -- mon_subscribe({mgrmap=0+}) -- 0x7f8f5819ea20 con 0x7f8f58106680
2024-09-10T09:05:59.873 INFO:teuthology.orchestra.run.smithi122.stdout:/usr/bin/ceph: stderr
2024-09-10T09:05:58.891+0000 7f8f557fa640 1 -- 172.21.15.122:0/3641847718 <== mon.0 v2:172.21.15.122:3300/0 2 ==== config(28 keys) ==== 1171+0+0 (secure 0 0 0) 0x7f8f48030e60 con 0x7f8f58106680
2024-09-10T09:05:59.873 INFO:teuthology.orchestra.run.smithi122.stdout:/usr/bin/ceph: stderr
2024-09-10T09:05:58.891+0000 7f8f557fa640 1 -- 172.21.15.122:0/3641847718 <== mon.0 v2:172.21.15.122:3300/0 3 ==== mon_map magic: 0 ==== 205+0+0 (secure 0 0 0) 0x7f8f48037040 con 0x7f8f58106680
2024-09-10T09:05:59.873 INFO:teuthology.orchestra.run.smithi122.stdout:/usr/bin/ceph: stderr
2024-09-10T09:05:58.891+0000 7f8f5e8d7640 1 -- 172.21.15.122:0/3641847718 --> [v2:172.21.15.122:3300/0,v1:172.21.15.122:6789/0] -- mon_subscribe({osdmap=0}) -- 0x7f8f5819edc0 con 0x7f8f58106680
2024-09-10T09:05:59.873 INFO:teuthology.orchestra.run.smithi122.stdout:/usr/bin/ceph: stderr
2024-09-10T09:05:58.892+0000 7f8f557fa640 1 -- 172.21.15.122:0/3641847718 <== mon.0 v2:172.21.15.122:3300/0 4 ==== mgrmap(e 9) ==== 46300+0+0 (secure 0 0 0) 0x7f8f48045070 con 0x7f8f58106680
2024-09-10T09:05:59.873 INFO:teuthology.orchestra.run.smithi122.stdout:/usr/bin/ceph: stderr
2024-09-10T09:05:58.892+0000 7f8f557fa640 1 --2- 172.21.15.122:0/3641847718 >> [v2:172.21.15.122:6800/176432481,v1:172.21.15.122:6801/176432481] conn(0x7f8f40039020 0x7f8f4003b4e0 unknown :-1 s=NONE pgs=0 cs=0 l=1 rev1=0 crypto rx=0 tx=0 comp rx=0 tx=0).connect
2024-09-10T09:05:59.873 INFO:teuthology.orchestra.run.smithi122.stdout:/usr/bin/ceph: stderr
2024-09-10T09:05:58.892+0000 7f8f557fa640 1 -- 172.21.15.122:0/3641847718 <== mon.0 v2:172.21.15.122:3300/0 5 ==== osd_map(2..2 src has 1..2) ==== 940+0+0 (secure 0 0 0) 0x7f8f4806d0c0 con 0x7f8f58106680
2024-09-10T09:05:59.873 INFO:teuthology.orchestra.run.smithi122.stdout:/usr/bin/ceph: stderr
2024-09-10T09:05:58.892+0000 7f8f577fe640 1 -- 172.21.15.122:0/3641847718 >> [v2:172.21.15.122:6800/176432481,v1:172.21.15.122:6801/176432481] conn(0x7f8f40039020 msgr2=0x7f8f4003b4e0 unknown :-1 s=STATE_CONNECTING_RE l=1).process reconnect failed to v2:172.21.15.122:6800/176432481
2024-09-10T09:05:59.873 INFO:teuthology.orchestra.run.smithi122.stdout:/usr/bin/ceph: stderr
2024-09-10T09:05:58.892+0000 7f8f577fe640 1 --2- 172.21.15.122:0/3641847718 >> [v2:172.21.15.122:6800/176432481,v1:172.21.15.122:6801/176432481] conn(0x7f8f40039020 0x7f8f4003b4e0 unknown :-1 s=START_CONNECT pgs=0 cs=0 l=1 rev1=0 crypto rx=0 tx=0 comp rx=0 tx=0)._fault waiting 0.200000
2024-09-10T09:05:59.873 INFO:teuthology.orchestra.run.smithi122.stdout:/usr/bin/ceph: stderr
2024-09-10T09:05:58.893+0000 7f8f5e8d7640 1 -- 172.21.15.122:0/3641847718 --> [v2:172.21.15.122:3300/0,v1:172.21.15.122:6789/0] -- mon_command({"prefix": "get_command_descriptions"} v 0) -- 0x7f8f58106b00 con 0x7f8f58106680
2024-09-10T09:05:59.873 INFO:teuthology.orchestra.run.smithi122.stdout:/usr/bin/ceph: stderr
2024-09-10T09:05:58.898+0000 7f8f557fa640 1 -- 172.21.15.122:0/3641847718 <== mon.0 v2:172.21.15.122:3300/0 6 ==== mon_command_ack([{"prefix": "get_command_descriptions"}]=0 v0) ==== 72+0+188821 (secure 0 0 0) 0x7f8f4803be90 con 0x7f8f58106680
2024-09-10T09:05:59.874 INFO:teuthology.orchestra.run.smithi122.stdout:/usr/bin/ceph: stderr
2024-09-10T09:05:59.093+0000 7f8f577fe640 1 -- 172.21.15.122:0/3641847718 >> [v2:172.21.15.122:6800/176432481,v1:172.21.15.122:6801/176432481] conn(0x7f8f40039020 msgr2=0x7f8f4003b4e0 unknown :-1 s=STATE_CONNECTING_RE l=1).process reconnect failed to v2:172.21.15.122:6800/176432481
2024-09-10T09:05:59.874 INFO:teuthology.orchestra.run.smithi122.stdout:/usr/bin/ceph: stderr
2024-09-10T09:05:59.093+0000 7f8f577fe640 1 --2- 172.21.15.122:0/3641847718 >> [v2:172.21.15.122:6800/176432481,v1:172.21.15.122:6801/176432481] conn(0x7f8f40039020 0x7f8f4003b4e0 unknown :-1 s=START_CONNECT pgs=0 cs=0 l=1 rev1=0 crypto rx=0 tx=0 comp rx=0 tx=0)._fault waiting 0.400000
2024-09-10T09:05:59.874 INFO:teuthology.orchestra.run.smithi122.stdout:/usr/bin/ceph: stderr
2024-09-10T09:05:59.121+0000 7f8f5e8d7640 1 -- 172.21.15.122:0/3641847718 --> [v2:172.21.15.122:3300/0,v1:172.21.15.122:6789/0] -- mon_command({"prefix": "mgr stat"} v 0) -- 0x7f8f58194020 con 0x7f8f58106680
2024-09-10T09:05:59.874 INFO:teuthology.orchestra.run.smithi122.stdout:/usr/bin/ceph: stderr
2024-09-10T09:05:59.121+0000 7f8f557fa640 1 -- 172.21.15.122:0/3641847718 <== mon.0 v2:172.21.15.122:3300/0 7 ==== mon_command_ack([{"prefix": "mgr stat"}]=0 v9) ==== 56+0+88 (secure 0 0 0) 0x7f8f48045360 con 0x7f8f58106680
2024-09-10T09:05:59.874 INFO:teuthology.orchestra.run.smithi122.stdout:/usr/bin/ceph: stderr
2024-09-10T09:05:59.124+0000 7f8f5e8d7640 1 -- 172.21.15.122:0/3641847718 >> [v2:172.21.15.122:6800/176432481,v1:172.21.15.122:6801/176432481] conn(0x7f8f40039020 msgr2=0x7f8f4003b4e0 unknown :-1 s=STATE_CONNECTING l=1).mark_down
2024-09-10T09:05:59.874 INFO:teuthology.orchestra.run.smithi122.stdout:/usr/bin/ceph: stderr
2024-09-10T09:05:59.124+0000 7f8f5e8d7640 1 --2- 172.21.15.122:0/3641847718 >> [v2:172.21.15.122:6800/176432481,v1:172.21.15.122:6801/176432481] conn(0x7f8f40039020 0x7f8f4003b4e0 unknown :-1 s=START_CONNECT pgs=0 cs=0 l=1 rev1=0 crypto rx=0 tx=0 comp rx=0 tx=0).stop
2024-09-10T09:05:59.874 INFO:teuthology.orchestra.run.smithi122.stdout:/usr/bin/ceph: stderr
2024-09-10T09:05:59.124+0000 7f8f5e8d7640 1 -- 172.21.15.122:0/3641847718 >> [v2:172.21.15.122:3300/0,v1:172.21.15.122:6789/0] conn(0x7f8f58106680 msgr2=0x7f8f5807ba40 secure :-1 s=STATE_CONNECTION_ESTABLISHED l=1).mark_down
2024-09-10T09:05:59.874 INFO:teuthology.orchestra.run.smithi122.stdout:/usr/bin/ceph: stderr
2024-09-10T09:05:59.124+0000 7f8f5e8d7640 1 --2- 172.21.15.122:0/3641847718 >> [v2:172.21.15.122:3300/0,v1:172.21.15.122:6789/0] conn(0x7f8f58106680 0x7f8f5807ba40 secure :-1 s=READY pgs=58 cs=0 l=1 rev1=1 crypto rx=0x7f8f48009940 tx=0x7f8f48032670 comp rx=0 tx=0).stop
2024-09-10T09:05:59.874 INFO:teuthology.orchestra.run.smithi122.stdout:/usr/bin/ceph: stderr
2024-09-10T09:05:59.124+0000 7f8f5e8d7640 1 -- 172.21.15.122:0/3641847718 shutdown_connections
2024-09-10T09:05:59.874 INFO:teuthology.orchestra.run.smithi122.stdout:/usr/bin/ceph: stderr
2024-09-10T09:05:59.124+0000 7f8f5e8d7640 1 --2- 172.21.15.122:0/3641847718 >> [v2:172.21.15.122:6800/176432481,v1:172.21.15.122:6801/176432481] conn(0x7f8f40039020 0x7f8f4003b4e0 unknown :-1 s=CLOSED pgs=0 cs=0 l=1 rev1=0 crypto rx=0 tx=0 comp rx=0 tx=0).stop
2024-09-10T09:05:59.874 INFO:teuthology.orchestra.run.smithi122.stdout:/usr/bin/ceph: stderr
2024-09-10T09:05:59.124+0000 7f8f5e8d7640 1 --2- 172.21.15.122:0/3641847718 >> [v2:172.21.15.122:3300/0,v1:172.21.15.122:6789/0] conn(0x7f8f58106680 0x7f8f5807ba40 unknown :-1 s=CLOSED pgs=58 cs=0 l=1 rev1=1 crypto rx=0 tx=0 comp rx=0 tx=0).stop
2024-09-10T09:05:59.874 INFO:teuthology.orchestra.run.smithi122.stdout:/usr/bin/ceph: stderr
2024-09-10T09:05:59.124+0000 7f8f5e8d7640 1 -- 172.21.15.122:0/3641847718 >> 172.21.15.122:0/3641847718 conn(0x7f8f58101e30 msgr2=0x7f8f58102b80 unknown :-1 s=STATE_NONE l=0).mark_down
2024-09-10T09:05:59.874 INFO:teuthology.orchestra.run.smithi122.stdout:/usr/bin/ceph: stderr
2024-09-10T09:05:59.124+0000 7f8f5e8d7640 1 -- 172.21.15.122:0/3641847718 shutdown_connections
2024-09-10T09:05:59.875 INFO:teuthology.orchestra.run.smithi122.stdout:/usr/bin/ceph: stderr
2024-09-10T09:05:59.124+0000 7f8f5e8d7640 1 -- 172.21.15.122:0/3641847718 wait complete.
2024-09-10T09:05:59.875 INFO:teuthology.orchestra.run.smithi122.stdout:Waiting for the mgr to restart...
2024-09-10T09:05:59.875 INFO:teuthology.orchestra.run.smithi122.stdout:Waiting for mgr epoch 9...
2024-09-10T09:06:00.116 INFO:journalctl@ceph.mgr.x.smithi122.stdout:Sep 10 09:05:59 smithi122 ceph-a88e0f1a-6f53-11ef-bcea-c7b262605968-mgr-x[31150]:
2024-09-10T09:05:59.975+0000 7ff7fcc92040 -1 mgr[py] Module rook has missing NOTIFY_TYPES member
2024-09-10T09:06:00.117 INFO:journalctl@ceph.mgr.x.smithi122.stdout:Sep 10 09:06:00 smithi122 ceph-a88e0f1a-6f53-11ef-bcea-c7b262605968-mgr-x[31150]:
2024-09-10T09:06:00.093+0000 7ff7fcc92040 -1 mgr[py] Module iostat has missing NOTIFY_TYPES member
2024-09-10T09:06:00.457 INFO:journalctl@ceph.mgr.x.smithi122.stdout:Sep 10 09:06:00 smithi122 ceph-a88e0f1a-6f53-11ef-bcea-c7b262605968-mgr-x[31150]:
2024-09-10T09:06:00.243+0000 7ff7fcc92040 -1 mgr[py] Module orchestrator has missing NOTIFY_TYPES member
2024-09-10T09:06:00.457 INFO:journalctl@ceph.mgr.x.smithi122.stdout:Sep 10 09:06:00 smithi122 ceph-a88e0f1a-6f53-11ef-bcea-c7b262605968-mgr-x[31150]:
2024-09-10T09:06:00.307+0000 7ff7fcc92040 -1 mgr[py] Module devicehealth has missing NOTIFY_TYPES member
2024-09-10T09:06:00.457 INFO:journalctl@ceph.mgr.x.smithi122.stdout:Sep 10 09:06:00 smithi122 ceph-a88e0f1a-6f53-11ef-bcea-c7b262605968-mgr-x[31150]:
2024-09-10T09:06:00.456+0000 7ff7fcc92040 -1 mgr[py] Module rgw has missing NOTIFY_TYPES member
2024-09-10T09:06:00.740 INFO:journalctl@ceph.mgr.x.smithi122.stdout:Sep 10 09:06:00 smithi122 ceph-a88e0f1a-6f53-11ef-bcea-c7b262605968-mgr-x[31150]:
2024-09-10T09:06:00.524+0000 7ff7fcc92040 -1 mgr[py] Module alerts has missing NOTIFY_TYPES member
2024-09-10T09:06:00.741 INFO:journalctl@ceph.mgr.x.smithi122.stdout:Sep 10 09:06:00 smithi122 ceph-a88e0f1a-6f53-11ef-bcea-c7b262605968-mgr-x[31150]:
2024-09-10T09:06:00.583+0000 7ff7fcc92040 -1 mgr[py] Module progress has missing NOTIFY_TYPES member
2024-09-10T09:06:00.741 INFO:journalctl@ceph.mgr.x.smithi122.stdout:Sep 10 09:06:00 smithi122 ceph-a88e0f1a-6f53-11ef-bcea-c7b262605968-mgr-x[31150]:
2024-09-10T09:06:00.740+0000 7ff7fcc92040 -1 mgr[py] Module nfs has missing NOTIFY_TYPES member
2024-09-10T09:06:01.012 INFO:journalctl@ceph.mgr.x.smithi122.stdout:Sep 10 09:06:00 smithi122 ceph-a88e0f1a-6f53-11ef-bcea-c7b262605968-mgr-x[31150]:
2024-09-10T09:06:00.804+0000 7ff7fcc92040 -1 mgr[py] Module status has missing NOTIFY_TYPES member
2024-09-10T09:06:01.012 INFO:journalctl@ceph.mgr.x.smithi122.stdout:Sep 10 09:06:00 smithi122 ceph-a88e0f1a-6f53-11ef-bcea-c7b262605968-mgr-x[31150]:
2024-09-10T09:06:00.869+0000 7ff7fcc92040 -1 mgr[py] Module pg_autoscaler has missing NOTIFY_TYPES member
2024-09-10T09:06:01.012 INFO:journalctl@ceph.mgr.x.smithi122.stdout:Sep 10 09:06:00 smithi122 ceph-a88e0f1a-6f53-11ef-bcea-c7b262605968-mgr-x[31150]:
2024-09-10T09:06:00.951+0000 7ff7fcc92040 -1 mgr[py] Module rbd_support has missing NOTIFY_TYPES member
2024-09-10T09:06:01.013 INFO:journalctl@ceph.mgr.x.smithi122.stdout:Sep 10 09:06:01 smithi122 ceph-a88e0f1a-6f53-11ef-bcea-c7b262605968-mgr-x[31150]:
2024-09-10T09:06:01.011+0000 7ff7fcc92040 -1 mgr[py] Module influx has missing NOTIFY_TYPES member
2024-09-10T09:06:01.297 INFO:journalctl@ceph.mgr.x.smithi122.stdout:Sep 10 09:06:01 smithi122 ceph-a88e0f1a-6f53-11ef-bcea-c7b262605968-mgr-x[31150]:
2024-09-10T09:06:01.070+0000 7ff7fcc92040 -1 mgr[py] Module zabbix has missing NOTIFY_TYPES member
2024-09-10T09:06:01.999 INFO:journalctl@ceph.mgr.x.smithi122.stdout:Sep 10 09:06:01 smithi122 ceph-a88e0f1a-6f53-11ef-bcea-c7b262605968-mgr-x[31150]:
2024-09-10T09:06:01.848+0000 7ff7fcc92040 -1 mgr[py] Module telegraf has missing NOTIFY_TYPES member
2024-09-10T09:06:01.999 INFO:journalctl@ceph.mon.a.smithi122.stdout:Sep 10 09:06:01 smithi122 ceph-mon[30923]: Active manager daemon x restarted
2024-09-10T09:06:01.999 INFO:journalctl@ceph.mon.a.smithi122.stdout:Sep 10 09:06:01 smithi122 ceph-mon[30923]: Activating manager daemon x
2024-09-10T09:06:01.999 INFO:journalctl@ceph.mon.a.smithi122.stdout:Sep 10 09:06:01 smithi122 ceph-mon[30923]: osdmap e3: 0 total, 0 up, 0 in
2024-09-10T09:06:01.999 INFO:journalctl@ceph.mon.a.smithi122.stdout:Sep 10 09:06:01 smithi122 ceph-mon[30923]: mgrmap e10: x(active, starting, since 0.00347055s)
2024-09-10T09:06:01.999 INFO:journalctl@ceph.mon.a.smithi122.stdout:Sep 10 09:06:01 smithi122 ceph-mon[30923]: from='mgr.14150 172.21.15.122:0/386347053' entity='mgr.x' cmd=[{"prefix": "mon metadata", "id": "a"}]: dispatch
2024-09-10T09:06:01.999 INFO:journalctl@ceph.mon.a.smithi122.stdout:Sep 10 09:06:01 smithi122 ceph-mon[30923]: from='mgr.14150 172.21.15.122:0/386347053' entity='mgr.x' cmd=[{"prefix": "mgr metadata", "who": "x", "id": "x"}]: dispatch
2024-09-10T09:06:02.000 INFO:journalctl@ceph.mon.a.smithi122.stdout:Sep 10 09:06:01 smithi122 ceph-mon[30923]: from='mgr.14150 172.21.15.122:0/386347053' entity='mgr.x' cmd=[{"prefix": "mds metadata"}]: dispatch
2024-09-10T09:06:02.000 INFO:journalctl@ceph.mon.a.smithi122.stdout:Sep 10 09:06:01 smithi122 ceph-mon[30923]: from='mgr.14150 172.21.15.122:0/386347053' entity='mgr.x' cmd=[{"prefix": "osd metadata"}]: dispatch
2024-09-10T09:06:02.000 INFO:journalctl@ceph.mon.a.smithi122.stdout:Sep 10 09:06:01 smithi122 ceph-mon[30923]: from='mgr.14150 172.21.15.122:0/386347053' entity='mgr.x' cmd=[{"prefix": "mon metadata"}]: dispatch
2024-09-10T09:06:02.000 INFO:journalctl@ceph.mon.a.smithi122.stdout:Sep 10 09:06:01 smithi122 ceph-mon[30923]: Manager daemon x is now available
2024-09-10T09:06:02.000 INFO:journalctl@ceph.mon.a.smithi122.stdout:Sep 10 09:06:01 smithi122 ceph-mon[30923]: from='mgr.14150 172.21.15.122:0/386347053' entity='mgr.x' cmd=[{"prefix": "config dump", "format": "json"}]: dispatch
2024-09-10T09:06:02.000 INFO:journalctl@ceph.mon.a.smithi122.stdout:Sep 10 09:06:01 smithi122 ceph-mon[30923]: from='mgr.14150 172.21.15.122:0/386347053' entity='mgr.x' cmd=[{"prefix":"config rm","who":"mgr","name":"mgr/rbd_support/x/mirror_snapshot_schedule"}]: dispatch
2024-09-10T09:06:02.000 INFO:journalctl@ceph.mon.a.smithi122.stdout:Sep 10 09:06:01 smithi122 ceph-mon[30923]: from='mgr.14150 172.21.15.122:0/386347053' entity='mgr.x' cmd=[{"prefix":"config rm","who":"mgr","name":"mgr/rbd_support/x/trash_purge_schedule"}]: dispatch
2024-09-10T09:06:03.298 INFO:journalctl@ceph.mgr.x.smithi122.stdout:Sep 10 09:06:02 smithi122 ceph-a88e0f1a-6f53-11ef-bcea-c7b262605968-mgr-x[31150]:
2024-09-10T09:06:02.940+0000 7ff762754640 -1 log_channel(cephadm) log [ERR] : [10/Sep/2024:09:06:02] ENGINE Error in HTTPServer.serve
2024-09-10T09:06:03.298 INFO:journalctl@ceph.mgr.x.smithi122.stdout:Sep 10 09:06:02 smithi122 ceph-a88e0f1a-6f53-11ef-bcea-c7b262605968-mgr-x[31150]: Traceback (most recent call last):
2024-09-10T09:06:03.298 INFO:journalctl@ceph.mgr.x.smithi122.stdout:Sep 10 09:06:02 smithi122 ceph-a88e0f1a-6f53-11ef-bcea-c7b262605968-mgr-x[31150]: File "/lib/python3.9/site-packages/cheroot/server.py", line 1823, in serve
2024-09-10T09:06:03.298 INFO:journalctl@ceph.mgr.x.smithi122.stdout:Sep 10 09:06:02 smithi122 ceph-a88e0f1a-6f53-11ef-bcea-c7b262605968-mgr-x[31150]: self._connections.run(self.expiration_interval)
2024-09-10T09:06:03.298 INFO:journalctl@ceph.mgr.x.smithi122.stdout:Sep 10 09:06:02 smithi122 ceph-a88e0f1a-6f53-11ef-bcea-c7b262605968-mgr-x[31150]: File "/lib/python3.9/site-packages/cheroot/connections.py", line 203, in run
2024-09-10T09:06:03.298 INFO:journalctl@ceph.mgr.x.smithi122.stdout:Sep 10 09:06:02 smithi122 ceph-a88e0f1a-6f53-11ef-bcea-c7b262605968-mgr-x[31150]: self._run(expiration_interval)
2024-09-10T09:06:03.299 INFO:journalctl@ceph.mgr.x.smithi122.stdout:Sep 10 09:06:02 smithi122 ceph-a88e0f1a-6f53-11ef-bcea-c7b262605968-mgr-x[31150]: File "/lib/python3.9/site-packages/cheroot/connections.py", line 246, in _run
2024-09-10T09:06:03.299 INFO:journalctl@ceph.mgr.x.smithi122.stdout:Sep 10 09:06:02 smithi122 ceph-a88e0f1a-6f53-11ef-bcea-c7b262605968-mgr-x[31150]: new_conn = self._from_server_socket(self.server.socket)
2024-09-10T09:06:03.299 INFO:journalctl@ceph.mgr.x.smithi122.stdout:Sep 10 09:06:02 smithi122 ceph-a88e0f1a-6f53-11ef-bcea-c7b262605968-mgr-x[31150]: File "/lib/python3.9/site-packages/cheroot/connections.py", line 300, in _from_server_socket
2024-09-10T09:06:03.299 INFO:journalctl@ceph.mgr.x.smithi122.stdout:Sep 10 09:06:02 smithi122 ceph-a88e0f1a-6f53-11ef-bcea-c7b262605968-mgr-x[31150]: s, ssl_env = self.server.ssl_adapter.wrap(s)
