2024-09-10T09:27:29.307 INFO:teuthology.orchestra.run.smithi005.stdout:/usr/bin/ceph: stderr
2024-09-10T09:27:28.614+0000 7f11a6a00640 1 -- 172.21.15.5:0/1014488775 learned_addr learned my addr 172.21.15.5:0/1014488775 (peer_addr_for_me v2:172.21.15.5:0/0)
2024-09-10T09:27:29.307 INFO:teuthology.orchestra.run.smithi005.stdout:/usr/bin/ceph: stderr
2024-09-10T09:27:28.614+0000 7f11a6a00640 1 -- 172.21.15.5:0/1014488775 --> [v2:172.21.15.5:3300/0,v1:172.21.15.5:6789/0] -- mon_subscribe({config=0+,monmap=0+}) -- 0x7f11a819ddb0 con 0x7f11a807de00
2024-09-10T09:27:29.307 INFO:teuthology.orchestra.run.smithi005.stdout:/usr/bin/ceph: stderr
2024-09-10T09:27:28.615+0000 7f11a6a00640 1 --2- 172.21.15.5:0/1014488775 >> [v2:172.21.15.5:3300/0,v1:172.21.15.5:6789/0] conn(0x7f11a807de00 0x7f11a819d870 secure :-1 s=READY pgs=17 cs=0 l=1 rev1=1 crypto rx=0x7f11980097f0 tx=0x7f1198030ec0 comp rx=0 tx=0).ready entity=mon.0 client_cookie=0 server_cookie=0 in_seq=0 out_seq=0
2024-09-10T09:27:29.307 INFO:teuthology.orchestra.run.smithi005.stdout:/usr/bin/ceph: stderr
2024-09-10T09:27:28.615+0000 7f119f400640 1 -- 172.21.15.5:0/1014488775 <== mon.0 v2:172.21.15.5:3300/0 1 ==== mon_map magic: 0 ==== 205+0+0 (secure 0 0 0) 0x7f1198042070 con 0x7f11a807de00
2024-09-10T09:27:29.307 INFO:teuthology.orchestra.run.smithi005.stdout:/usr/bin/ceph: stderr
2024-09-10T09:27:28.615+0000 7f119f400640 1 -- 172.21.15.5:0/1014488775 <== mon.0 v2:172.21.15.5:3300/0 2 ==== config(27 keys) ==== 1109+0+0 (secure 0 0 0) 0x7f1198032ca0 con 0x7f11a807de00
2024-09-10T09:27:29.307 INFO:teuthology.orchestra.run.smithi005.stdout:/usr/bin/ceph: stderr
2024-09-10T09:27:28.615+0000 7f119f400640 1 -- 172.21.15.5:0/1014488775 <== mon.0 v2:172.21.15.5:3300/0 3 ==== mon_map magic: 0 ==== 205+0+0 (secure 0 0 0) 0x7f1198037040 con 0x7f11a807de00
2024-09-10T09:27:29.307 INFO:teuthology.orchestra.run.smithi005.stdout:/usr/bin/ceph: stderr
2024-09-10T09:27:28.615+0000 7f11ada00640 1 -- 172.21.15.5:0/1014488775 --> [v2:172.21.15.5:3300/0,v1:172.21.15.5:6789/0] -- mon_subscribe({mgrmap=0+}) -- 0x7f11a819e040 con 0x7f11a807de00
2024-09-10T09:27:29.307 INFO:teuthology.orchestra.run.smithi005.stdout:/usr/bin/ceph: stderr
2024-09-10T09:27:28.615+0000 7f11ada00640 1 -- 172.21.15.5:0/1014488775 --> [v2:172.21.15.5:3300/0,v1:172.21.15.5:6789/0] -- mon_subscribe({osdmap=0}) -- 0x7f11a81a0d30 con 0x7f11a807de00
2024-09-10T09:27:29.307 INFO:teuthology.orchestra.run.smithi005.stdout:/usr/bin/ceph: stderr
2024-09-10T09:27:28.616+0000 7f119f400640 1 -- 172.21.15.5:0/1014488775 <== mon.0 v2:172.21.15.5:3300/0 4 ==== mgrmap(e 2) ==== 46043+0+0 (secure 0 0 0) 0x7f1198045070 con 0x7f11a807de00
2024-09-10T09:27:29.308 INFO:teuthology.orchestra.run.smithi005.stdout:/usr/bin/ceph: stderr
2024-09-10T09:27:28.616+0000 7f11ada00640 1 -- 172.21.15.5:0/1014488775 --> [v2:172.21.15.5:3300/0,v1:172.21.15.5:6789/0] -- mon_command({"prefix": "get_command_descriptions"} v 0) -- 0x7f11a807c380 con 0x7f11a807de00
2024-09-10T09:27:29.308 INFO:teuthology.orchestra.run.smithi005.stdout:/usr/bin/ceph: stderr
2024-09-10T09:27:28.617+0000 7f119f400640 1 -- 172.21.15.5:0/1014488775 <== mon.0 v2:172.21.15.5:3300/0 5 ==== osd_map(1..1 src has 1..1) ==== 725+0+0 (secure 0 0 0) 0x7f119806bb10 con 0x7f11a807de00
2024-09-10T09:27:29.308 INFO:teuthology.orchestra.run.smithi005.stdout:/usr/bin/ceph: stderr
2024-09-10T09:27:28.619+0000 7f119f400640 1 -- 172.21.15.5:0/1014488775 <== mon.0 v2:172.21.15.5:3300/0 6 ==== mon_command_ack([{"prefix": "get_command_descriptions"}]=0 v0) ==== 72+0+74432 (secure 0 0 0) 0x7f1198045360 con 0x7f11a807de00
2024-09-10T09:27:29.308 INFO:teuthology.orchestra.run.smithi005.stdout:/usr/bin/ceph: stderr
2024-09-10T09:27:28.673+0000 7f119f400640 1 -- 172.21.15.5:0/1014488775 <== mon.0 v2:172.21.15.5:3300/0 7 ==== mgrmap(e 3) ==== 46170+0+0 (secure 0 0 0) 0x7f119803d430 con 0x7f11a807de00
2024-09-10T09:27:29.308 INFO:teuthology.orchestra.run.smithi005.stdout:/usr/bin/ceph: stderr
2024-09-10T09:27:28.673+0000 7f119f400640 1 --2- 172.21.15.5:0/1014488775 >> [v2:172.21.15.5:6800/14425913,v1:172.21.15.5:6801/14425913] conn(0x7f118c039ac0 0x7f118c03beb0 unknown :-1 s=NONE pgs=0 cs=0 l=1 rev1=0 crypto rx=0 tx=0 comp rx=0 tx=0).connect
2024-09-10T09:27:29.308 INFO:teuthology.orchestra.run.smithi005.stdout:/usr/bin/ceph: stderr
2024-09-10T09:27:28.674+0000 7f11a6000640 1 --2- 172.21.15.5:0/1014488775 >> [v2:172.21.15.5:6800/14425913,v1:172.21.15.5:6801/14425913] conn(0x7f118c039ac0 0x7f118c03beb0 unknown :-1 s=BANNER_CONNECTING pgs=0 cs=0 l=1 rev1=0 crypto rx=0 tx=0 comp rx=0 tx=0)._handle_peer_banner_payload supported=3 required=0
2024-09-10T09:27:29.308 INFO:teuthology.orchestra.run.smithi005.stdout:/usr/bin/ceph: stderr
2024-09-10T09:27:28.675+0000 7f11a6000640 1 --2- 172.21.15.5:0/1014488775 >> [v2:172.21.15.5:6800/14425913,v1:172.21.15.5:6801/14425913] conn(0x7f118c039ac0 0x7f118c03beb0 secure :-1 s=READY pgs=2 cs=0 l=1 rev1=1 crypto rx=0x7f11940098c0 tx=0x7f1194006db0 comp rx=0 tx=0).ready entity=mgr.14100 client_cookie=0 server_cookie=0 in_seq=0 out_seq=0
2024-09-10T09:27:29.308 INFO:teuthology.orchestra.run.smithi005.stdout:/usr/bin/ceph: stderr
2024-09-10T09:27:28.685+0000 7f11ada00640 1 -- 172.21.15.5:0/1014488775 --> [v2:172.21.15.5:3300/0,v1:172.21.15.5:6789/0] -- mon_command({"prefix": "status", "format": "json-pretty"} v 0) -- 0x7f11a81a1340 con 0x7f11a807de00
2024-09-10T09:27:29.308 INFO:teuthology.orchestra.run.smithi005.stdout:/usr/bin/ceph: stderr
2024-09-10T09:27:28.686+0000 7f119f400640 1 -- 172.21.15.5:0/1014488775 <== mon.0 v2:172.21.15.5:3300/0 8 ==== mon_command_ack([{"prefix": "status", "format": "json-pretty"}]=0 v0) ==== 79+0+1290 (secure 0 0 0) 0x7f1198042210 con 0x7f11a807de00
2024-09-10T09:27:29.309 INFO:teuthology.orchestra.run.smithi005.stdout:/usr/bin/ceph: stderr
2024-09-10T09:27:28.687+0000 7f11ada00640 1 -- 172.21.15.5:0/1014488775 >> [v2:172.21.15.5:6800/14425913,v1:172.21.15.5:6801/14425913] conn(0x7f118c039ac0 msgr2=0x7f118c03beb0 secure :-1 s=STATE_CONNECTION_ESTABLISHED l=1).mark_down
2024-09-10T09:27:29.309 INFO:teuthology.orchestra.run.smithi005.stdout:/usr/bin/ceph: stderr
2024-09-10T09:27:28.687+0000 7f11ada00640 1 --2- 172.21.15.5:0/1014488775 >> [v2:172.21.15.5:6800/14425913,v1:172.21.15.5:6801/14425913] conn(0x7f118c039ac0 0x7f118c03beb0 secure :-1 s=READY pgs=2 cs=0 l=1 rev1=1 crypto rx=0x7f11940098c0 tx=0x7f1194006db0 comp rx=0 tx=0).stop
2024-09-10T09:27:29.309 INFO:teuthology.orchestra.run.smithi005.stdout:/usr/bin/ceph: stderr
2024-09-10T09:27:28.687+0000 7f11ada00640 1 -- 172.21.15.5:0/1014488775 >> [v2:172.21.15.5:3300/0,v1:172.21.15.5:6789/0] conn(0x7f11a807de00 msgr2=0x7f11a819d870 secure :-1 s=STATE_CONNECTION_ESTABLISHED l=1).mark_down
2024-09-10T09:27:29.309 INFO:teuthology.orchestra.run.smithi005.stdout:/usr/bin/ceph: stderr
2024-09-10T09:27:28.687+0000 7f11ada00640 1 --2- 172.21.15.5:0/1014488775 >> [v2:172.21.15.5:3300/0,v1:172.21.15.5:6789/0] conn(0x7f11a807de00 0x7f11a819d870 secure :-1 s=READY pgs=17 cs=0 l=1 rev1=1 crypto rx=0x7f11980097f0 tx=0x7f1198030ec0 comp rx=0 tx=0).stop
2024-09-10T09:27:29.309 INFO:teuthology.orchestra.run.smithi005.stdout:/usr/bin/ceph: stderr
2024-09-10T09:27:28.687+0000 7f11ada00640 1 -- 172.21.15.5:0/1014488775 shutdown_connections
2024-09-10T09:27:29.309 INFO:teuthology.orchestra.run.smithi005.stdout:/usr/bin/ceph: stderr
2024-09-10T09:27:28.687+0000 7f11ada00640 1 --2- 172.21.15.5:0/1014488775 >> [v2:172.21.15.5:6800/14425913,v1:172.21.15.5:6801/14425913] conn(0x7f118c039ac0 0x7f118c03beb0 unknown :-1 s=CLOSED pgs=2 cs=0 l=1 rev1=1 crypto rx=0 tx=0 comp rx=0 tx=0).stop
2024-09-10T09:27:29.309 INFO:teuthology.orchestra.run.smithi005.stdout:/usr/bin/ceph: stderr
2024-09-10T09:27:28.687+0000 7f11ada00640 1 --2- 172.21.15.5:0/1014488775 >> [v2:172.21.15.5:3300/0,v1:172.21.15.5:6789/0] conn(0x7f11a807de00 0x7f11a819d870 unknown :-1 s=CLOSED pgs=17 cs=0 l=1 rev1=1 crypto rx=0 tx=0 comp rx=0 tx=0).stop
2024-09-10T09:27:29.309 INFO:teuthology.orchestra.run.smithi005.stdout:/usr/bin/ceph: stderr
2024-09-10T09:27:28.687+0000 7f11ada00640 1 -- 172.21.15.5:0/1014488775 >> 172.21.15.5:0/1014488775 conn(0x7f11a8102e50 msgr2=0x7f11a8103a00 unknown :-1 s=STATE_NONE l=0).mark_down
2024-09-10T09:27:29.309 INFO:teuthology.orchestra.run.smithi005.stdout:/usr/bin/ceph: stderr
2024-09-10T09:27:28.687+0000 7f11ada00640 1 -- 172.21.15.5:0/1014488775 shutdown_connections
2024-09-10T09:27:29.309 INFO:teuthology.orchestra.run.smithi005.stdout:/usr/bin/ceph: stderr
2024-09-10T09:27:28.687+0000 7f11ada00640 1 -- 172.21.15.5:0/1014488775 wait complete.
2024-09-10T09:27:29.309 INFO:teuthology.orchestra.run.smithi005.stdout:mgr is available
2024-09-10T09:27:29.800 INFO:journalctl@ceph.mon.a.smithi005.stdout:Sep 10 09:27:29 smithi005 ceph-mon[30350]: mgrmap e3: x(active, since 1.00825s)
2024-09-10T09:27:29.800 INFO:journalctl@ceph.mon.a.smithi005.stdout:Sep 10 09:27:29 smithi005 ceph-mon[30350]: from='client.? 172.21.15.5:0/1014488775' entity='client.admin' cmd=[{"prefix": "status", "format": "json-pretty"}]: dispatch
2024-09-10T09:27:30.679 INFO:teuthology.orchestra.run.smithi005.stdout:/usr/bin/ceph: stdout
2024-09-10T09:27:30.679 INFO:teuthology.orchestra.run.smithi005.stdout:/usr/bin/ceph: stdout [global]
2024-09-10T09:27:30.679 INFO:teuthology.orchestra.run.smithi005.stdout:/usr/bin/ceph: stdout fsid = bade4b50-6f56-11ef-bcea-c7b262605968
2024-09-10T09:27:30.679 INFO:teuthology.orchestra.run.smithi005.stdout:/usr/bin/ceph: stdout mon_host = [v2:172.21.15.5:3300,v1:172.21.15.5:6789]
2024-09-10T09:27:30.680 INFO:teuthology.orchestra.run.smithi005.stdout:/usr/bin/ceph: stdout mon_osd_allow_pg_remap = true
2024-09-10T09:27:30.680 INFO:teuthology.orchestra.run.smithi005.stdout:/usr/bin/ceph: stdout mon_osd_allow_primary_affinity = true
2024-09-10T09:27:30.680 INFO:teuthology.orchestra.run.smithi005.stdout:/usr/bin/ceph: stdout mon_warn_on_no_sortbitwise = false
2024-09-10T09:27:30.680 INFO:teuthology.orchestra.run.smithi005.stdout:/usr/bin/ceph: stdout osd_crush_chooseleaf_type = 0
2024-09-10T09:27:30.680 INFO:teuthology.orchestra.run.smithi005.stdout:/usr/bin/ceph: stdout
2024-09-10T09:27:30.680 INFO:teuthology.orchestra.run.smithi005.stdout:/usr/bin/ceph: stdout [mgr]
2024-09-10T09:27:30.680 INFO:teuthology.orchestra.run.smithi005.stdout:/usr/bin/ceph: stdout mgr/telemetry/nag = false
2024-09-10T09:27:30.680 INFO:teuthology.orchestra.run.smithi005.stdout:/usr/bin/ceph: stdout
2024-09-10T09:27:30.680 INFO:teuthology.orchestra.run.smithi005.stdout:/usr/bin/ceph: stdout [osd]
2024-09-10T09:27:30.680 INFO:teuthology.orchestra.run.smithi005.stdout:/usr/bin/ceph: stdout mon_osd_backfillfull_ratio = 0.85
2024-09-10T09:27:30.680 INFO:teuthology.orchestra.run.smithi005.stdout:/usr/bin/ceph: stdout mon_osd_full_ratio = 0.9
2024-09-10T09:27:30.680 INFO:teuthology.orchestra.run.smithi005.stdout:/usr/bin/ceph: stdout mon_osd_nearfull_ratio = 0.8
2024-09-10T09:27:30.680 INFO:teuthology.orchestra.run.smithi005.stdout:/usr/bin/ceph: stdout osd_map_max_advance = 10
2024-09-10T09:27:30.680 INFO:teuthology.orchestra.run.smithi005.stdout:/usr/bin/ceph: stdout osd_sloppy_crc = true
2024-09-10T09:27:30.681 INFO:teuthology.orchestra.run.smithi005.stdout:/usr/bin/ceph: stderr
2024-09-10T09:27:29.798+0000 7f5ec4200640 1 Processor -- start
2024-09-10T09:27:30.681 INFO:teuthology.orchestra.run.smithi005.stdout:/usr/bin/ceph: stderr
2024-09-10T09:27:29.798+0000 7f5ec4200640 1 -- start start
2024-09-10T09:27:30.681 INFO:teuthology.orchestra.run.smithi005.stdout:/usr/bin/ceph: stderr
2024-09-10T09:27:29.799+0000 7f5ec4200640 1 --2- >> [v2:172.21.15.5:3300/0,v1:172.21.15.5:6789/0] conn(0x7f5ebc108cf0 0x7f5ebc1090f0 unknown :-1 s=NONE pgs=0 cs=0 l=0 rev1=0 crypto rx=0 tx=0 comp rx=0 tx=0).connect
2024-09-10T09:27:30.681 INFO:teuthology.orchestra.run.smithi005.stdout:/usr/bin/ceph: stderr
2024-09-10T09:27:29.799+0000 7f5ec4200640 1 -- --> [v2:172.21.15.5:3300/0,v1:172.21.15.5:6789/0] -- mon_getmap magic: 0 -- 0x7f5ebc107230 con 0x7f5ebc108cf0
2024-09-10T09:27:30.681 INFO:teuthology.orchestra.run.smithi005.stdout:/usr/bin/ceph: stderr
2024-09-10T09:27:29.799+0000 7f5ec1800640 1 --2- >> [v2:172.21.15.5:3300/0,v1:172.21.15.5:6789/0] conn(0x7f5ebc108cf0 0x7f5ebc1090f0 unknown :-1 s=BANNER_CONNECTING pgs=0 cs=0 l=0 rev1=0 crypto rx=0 tx=0 comp rx=0 tx=0)._handle_peer_banner_payload supported=3 required=0
2024-09-10T09:27:30.681 INFO:teuthology.orchestra.run.smithi005.stdout:/usr/bin/ceph: stderr
2024-09-10T09:27:29.799+0000 7f5ec1800640 1 --2- >> [v2:172.21.15.5:3300/0,v1:172.21.15.5:6789/0] conn(0x7f5ebc108cf0 0x7f5ebc1090f0 unknown :-1 s=HELLO_CONNECTING pgs=0 cs=0 l=0 rev1=1 crypto rx=0 tx=0 comp rx=0 tx=0).handle_hello peer v2:172.21.15.5:3300/0 says I am v2:172.21.15.5:51400/0 (socket says 172.21.15.5:51400)
2024-09-10T09:27:30.681 INFO:teuthology.orchestra.run.smithi005.stdout:/usr/bin/ceph: stderr
2024-09-10T09:27:29.799+0000 7f5ec1800640 1 -- 172.21.15.5:0/2011765729 learned_addr learned my addr 172.21.15.5:0/2011765729 (peer_addr_for_me v2:172.21.15.5:0/0)
2024-09-10T09:27:30.681 INFO:teuthology.orchestra.run.smithi005.stdout:/usr/bin/ceph: stderr
2024-09-10T09:27:29.799+0000 7f5ec1800640 1 -- 172.21.15.5:0/2011765729 --> [v2:172.21.15.5:3300/0,v1:172.21.15.5:6789/0] -- mon_subscribe({config=0+,monmap=0+}) -- 0x7f5ebc1073b0 con 0x7f5ebc108cf0
2024-09-10T09:27:30.681 INFO:teuthology.orchestra.run.smithi005.stdout:/usr/bin/ceph: stderr
2024-09-10T09:27:29.800+0000 7f5ec1800640 1 --2- 172.21.15.5:0/2011765729 >> [v2:172.21.15.5:3300/0,v1:172.21.15.5:6789/0] conn(0x7f5ebc108cf0 0x7f5ebc1090f0 secure :-1 s=READY pgs=18 cs=0 l=1 rev1=1 crypto rx=0x7f5eb0009820 tx=0x7f5eb002a270 comp rx=0 tx=0).ready entity=mon.0 client_cookie=b4161e836005242 server_cookie=0 in_seq=0 out_seq=0
2024-09-10T09:27:30.681 INFO:teuthology.orchestra.run.smithi005.stdout:/usr/bin/ceph: stderr
2024-09-10T09:27:29.801+0000 7f5ebbe00640 1 -- 172.21.15.5:0/2011765729 <== mon.0 v2:172.21.15.5:3300/0 1 ==== mon_map magic: 0 ==== 205+0+0 (secure 0 0 0) 0x7f5eb0037070 con 0x7f5ebc108cf0
2024-09-10T09:27:30.681 INFO:teuthology.orchestra.run.smithi005.stdout:/usr/bin/ceph: stderr
2024-09-10T09:27:29.801+0000 7f5ebbe00640 1 -- 172.21.15.5:0/2011765729 <== mon.0 v2:172.21.15.5:3300/0 2 ==== config(27 keys) ==== 1109+0+0 (secure 0 0 0) 0x7f5eb0032900 con 0x7f5ebc108cf0
2024-09-10T09:27:30.681 INFO:teuthology.orchestra.run.smithi005.stdout:/usr/bin/ceph: stderr
2024-09-10T09:27:29.801+0000 7f5ebbe00640 1 -- 172.21.15.5:0/2011765729 <== mon.0 v2:172.21.15.5:3300/0 3 ==== mon_map magic: 0 ==== 205+0+0 (secure 0 0 0) 0x7f5eb0030850 con 0x7f5ebc108cf0
2024-09-10T09:27:30.681 INFO:teuthology.orchestra.run.smithi005.stdout:/usr/bin/ceph: stderr
2024-09-10T09:27:29.801+0000 7f5ec4200640 1 -- 172.21.15.5:0/2011765729 >> [v2:172.21.15.5:3300/0,v1:172.21.15.5:6789/0] conn(0x7f5ebc108cf0 msgr2=0x7f5ebc1090f0 secure :-1 s=STATE_CONNECTION_ESTABLISHED l=1).mark_down
2024-09-10T09:27:30.681 INFO:teuthology.orchestra.run.smithi005.stdout:/usr/bin/ceph: stderr
2024-09-10T09:27:29.801+0000 7f5ec4200640 1 --2- 172.21.15.5:0/2011765729 >> [v2:172.21.15.5:3300/0,v1:172.21.15.5:6789/0] conn(0x7f5ebc108cf0 0x7f5ebc1090f0 secure :-1 s=READY pgs=18 cs=0 l=1 rev1=1 crypto rx=0x7f5eb0009820 tx=0x7f5eb002a270 comp rx=0 tx=0).stop
2024-09-10T09:27:30.681 INFO:teuthology.orchestra.run.smithi005.stdout:/usr/bin/ceph: stderr
2024-09-10T09:27:29.801+0000 7f5ec4200640 1 -- 172.21.15.5:0/2011765729 shutdown_connections
2024-09-10T09:27:30.682 INFO:teuthology.orchestra.run.smithi005.stdout:/usr/bin/ceph: stderr
2024-09-10T09:27:29.801+0000 7f5ec4200640 1 --2- 172.21.15.5:0/2011765729 >> [v2:172.21.15.5:3300/0,v1:172.21.15.5:6789/0] conn(0x7f5ebc108cf0 0x7f5ebc1090f0 unknown :-1 s=CLOSED pgs=18 cs=0 l=1 rev1=1 crypto rx=0 tx=0 comp rx=0 tx=0).stop
2024-09-10T09:27:30.682 INFO:teuthology.orchestra.run.smithi005.stdout:/usr/bin/ceph: stderr
2024-09-10T09:27:29.801+0000 7f5ec4200640 1 -- 172.21.15.5:0/2011765729 >> 172.21.15.5:0/2011765729 conn(0x7f5ebc102dc0 msgr2=0x7f5ebc1051e0 unknown :-1 s=STATE_NONE l=0).mark_down
2024-09-10T09:27:30.682 INFO:teuthology.orchestra.run.smithi005.stdout:/usr/bin/ceph: stderr
2024-09-10T09:27:29.802+0000 7f5ec4200640 1 -- 172.21.15.5:0/2011765729 shutdown_connections
2024-09-10T09:27:30.682 INFO:teuthology.orchestra.run.smithi005.stdout:/usr/bin/ceph: stderr
2024-09-10T09:27:29.802+0000 7f5ec4200640 1 -- 172.21.15.5:0/2011765729 wait complete.
2024-09-10T09:27:30.682 INFO:teuthology.orchestra.run.smithi005.stdout:/usr/bin/ceph: stderr
2024-09-10T09:27:29.802+0000 7f5ec4200640 1 Processor -- start
2024-09-10T09:27:30.682 INFO:teuthology.orchestra.run.smithi005.stdout:/usr/bin/ceph: stderr
2024-09-10T09:27:29.803+0000 7f5ec4200640 1 -- start start
2024-09-10T09:27:30.682 INFO:teuthology.orchestra.run.smithi005.stdout:/usr/bin/ceph: stderr
2024-09-10T09:27:29.803+0000 7f5ec4200640 1 --2- >> [v2:172.21.15.5:3300/0,v1:172.21.15.5:6789/0] conn(0x7f5ebc108cf0 0x7f5ebc07db70 unknown :-1 s=NONE pgs=0 cs=0 l=1 rev1=0 crypto rx=0 tx=0 comp rx=0 tx=0).connect
2024-09-10T09:27:30.682 INFO:teuthology.orchestra.run.smithi005.stdout:/usr/bin/ceph: stderr
2024-09-10T09:27:29.803+0000 7f5ec4200640 1 -- --> [v2:172.21.15.5:3300/0,v1:172.21.15.5:6789/0] -- mon_getmap magic: 0 -- 0x7f5ebc10bbc0 con 0x7f5ebc108cf0
2024-09-10T09:27:30.682 INFO:teuthology.orchestra.run.smithi005.stdout:/usr/bin/ceph: stderr
2024-09-10T09:27:29.803+0000 7f5ec1800640 1 --2- >> [v2:172.21.15.5:3300/0,v1:172.21.15.5:6789/0] conn(0x7f5ebc108cf0 0x7f5ebc07db70 unknown :-1 s=BANNER_CONNECTING pgs=0 cs=0 l=1 rev1=0 crypto rx=0 tx=0 comp rx=0 tx=0)._handle_peer_banner_payload supported=3 required=0
2024-09-10T09:27:30.682 INFO:teuthology.orchestra.run.smithi005.stdout:/usr/bin/ceph: stderr
2024-09-10T09:27:29.803+0000 7f5ec1800640 1 --2- >> [v2:172.21.15.5:3300/0,v1:172.21.15.5:6789/0] conn(0x7f5ebc108cf0 0x7f5ebc07db70 unknown :-1 s=HELLO_CONNECTING pgs=0 cs=0 l=1 rev1=1 crypto rx=0 tx=0 comp rx=0 tx=0).handle_hello peer v2:172.21.15.5:3300/0 says I am v2:172.21.15.5:51412/0 (socket says 172.21.15.5:51412)
2024-09-10T09:27:30.682 INFO:teuthology.orchestra.run.smithi005.stdout:/usr/bin/ceph: stderr
2024-09-10T09:27:29.803+0000 7f5ec1800640 1 -- 172.21.15.5:0/2713337841 learned_addr learned my addr 172.21.15.5:0/2713337841 (peer_addr_for_me v2:172.21.15.5:0/0)
2024-09-10T09:27:30.682 INFO:teuthology.orchestra.run.smithi005.stdout:/usr/bin/ceph: stderr
2024-09-10T09:27:29.803+0000 7f5ec1800640 1 -- 172.21.15.5:0/2713337841 --> [v2:172.21.15.5:3300/0,v1:172.21.15.5:6789/0] -- mon_subscribe({config=0+,monmap=0+}) -- 0x7f5ebc07e0b0 con 0x7f5ebc108cf0
2024-09-10T09:27:30.682 INFO:teuthology.orchestra.run.smithi005.stdout:/usr/bin/ceph: stderr
2024-09-10T09:27:29.804+0000 7f5ec1800640 1 --2- 172.21.15.5:0/2713337841 >> [v2:172.21.15.5:3300/0,v1:172.21.15.5:6789/0] conn(0x7f5ebc108cf0 0x7f5ebc07db70 secure :-1 s=READY pgs=19 cs=0 l=1 rev1=1 crypto rx=0x7f5eb00097f0 tx=0x7f5eb0030d80 comp rx=0 tx=0).ready entity=mon.0 client_cookie=0 server_cookie=0 in_seq=0 out_seq=0
2024-09-10T09:27:30.685 INFO:teuthology.orchestra.run.smithi005.stdout:/usr/bin/ceph: stderr
2024-09-10T09:27:29.804+0000 7f5eba000640 1 -- 172.21.15.5:0/2713337841 <== mon.0 v2:172.21.15.5:3300/0 1 ==== mon_map magic: 0 ==== 205+0+0 (secure 0 0 0) 0x7f5eb0037040 con 0x7f5ebc108cf0
2024-09-10T09:27:30.685 INFO:teuthology.orchestra.run.smithi005.stdout:/usr/bin/ceph: stderr
2024-09-10T09:27:29.804+0000 7f5eba000640 1 -- 172.21.15.5:0/2713337841 <== mon.0 v2:172.21.15.5:3300/0 2 ==== config(27 keys) ==== 1109+0+0 (secure 0 0 0) 0x7f5eb0040070 con 0x7f5ebc108cf0
2024-09-10T09:27:30.685 INFO:teuthology.orchestra.run.smithi005.stdout:/usr/bin/ceph: stderr
2024-09-10T09:27:29.804+0000 7f5ec4200640 1 -- 172.21.15.5:0/2713337841 --> [v2:172.21.15.5:3300/0,v1:172.21.15.5:6789/0] -- mon_subscribe({mgrmap=0+}) -- 0x7f5ebc07c2a0 con 0x7f5ebc108cf0
2024-09-10T09:27:30.685 INFO:teuthology.orchestra.run.smithi005.stdout:/usr/bin/ceph: stderr
2024-09-10T09:27:29.804+0000 7f5eba000640 1 -- 172.21.15.5:0/2713337841 <== mon.0 v2:172.21.15.5:3300/0 3 ==== mon_map magic: 0 ==== 205+0+0 (secure 0 0 0) 0x7f5eb003a390 con 0x7f5ebc108cf0
2024-09-10T09:27:30.685 INFO:teuthology.orchestra.run.smithi005.stdout:/usr/bin/ceph: stderr
2024-09-10T09:27:29.804+0000 7f5ec4200640 1 -- 172.21.15.5:0/2713337841 --> [v2:172.21.15.5:3300/0,v1:172.21.15.5:6789/0] -- mon_subscribe({osdmap=0}) -- 0x7f5ebc07c780 con 0x7f5ebc108cf0
2024-09-10T09:27:30.685 INFO:teuthology.orchestra.run.smithi005.stdout:/usr/bin/ceph: stderr
2024-09-10T09:27:29.805+0000 7f5eba000640 1 -- 172.21.15.5:0/2713337841 <== mon.0 v2:172.21.15.5:3300/0 4 ==== mgrmap(e 4) ==== 46276+0+0 (secure 0 0 0) 0x7f5eb003b430 con 0x7f5ebc108cf0
2024-09-10T09:27:30.685 INFO:teuthology.orchestra.run.smithi005.stdout:/usr/bin/ceph: stderr
2024-09-10T09:27:29.805+0000 7f5ec4200640 1 -- 172.21.15.5:0/2713337841 --> [v2:172.21.15.5:3300/0,v1:172.21.15.5:6789/0] -- mon_command({"prefix": "get_command_descriptions"} v 0) -- 0x7f5ebc109170 con 0x7f5ebc108cf0
2024-09-10T09:27:30.685 INFO:teuthology.orchestra.run.smithi005.stdout:/usr/bin/ceph: stderr
2024-09-10T09:27:29.806+0000 7f5eba000640 1 --2- 172.21.15.5:0/2713337841 >> [v2:172.21.15.5:6800/14425913,v1:172.21.15.5:6801/14425913] conn(0x7f5ea4038f70 0x7f5ea403b430 unknown :-1 s=NONE pgs=0 cs=0 l=1 rev1=0 crypto rx=0 tx=0 comp rx=0 tx=0).connect
2024-09-10T09:27:30.685 INFO:teuthology.orchestra.run.smithi005.stdout:/usr/bin/ceph: stderr
2024-09-10T09:27:29.806+0000 7f5eba000640 1 -- 172.21.15.5:0/2713337841 <== mon.0 v2:172.21.15.5:3300/0 5 ==== osd_map(1..1 src has 1..1) ==== 725+0+0 (secure 0 0 0) 0x7f5eb006c090 con 0x7f5ebc108cf0
2024-09-10T09:27:30.685 INFO:teuthology.orchestra.run.smithi005.stdout:/usr/bin/ceph: stderr
2024-09-10T09:27:29.806+0000 7f5ec0e00640 1 --2- 172.21.15.5:0/2713337841 >> [v2:172.21.15.5:6800/14425913,v1:172.21.15.5:6801/14425913] conn(0x7f5ea4038f70 0x7f5ea403b430 unknown :-1 s=BANNER_CONNECTING pgs=0 cs=0 l=1 rev1=0 crypto rx=0 tx=0 comp rx=0 tx=0)._handle_peer_banner_payload supported=3 required=0
2024-09-10T09:27:30.685 INFO:teuthology.orchestra.run.smithi005.stdout:/usr/bin/ceph: stderr
2024-09-10T09:27:29.807+0000 7f5ec0e00640 1 --2- 172.21.15.5:0/2713337841 >> [v2:172.21.15.5:6800/14425913,v1:172.21.15.5:6801/14425913] conn(0x7f5ea4038f70 0x7f5ea403b430 secure :-1 s=READY pgs=7 cs=0 l=1 rev1=1 crypto rx=0x7f5ea80098c0 tx=0x7f5ea8006db0 comp rx=0 tx=0).ready entity=mgr.14100 client_cookie=0 server_cookie=0 in_seq=0 out_seq=0
2024-09-10T09:27:30.686 INFO:teuthology.orchestra.run.smithi005.stdout:/usr/bin/ceph: stderr
2024-09-10T09:27:29.812+0000 7f5eba000640 1 -- 172.21.15.5:0/2713337841 <== mon.0 v2:172.21.15.5:3300/0 6 ==== mon_command_ack([{"prefix": "get_command_descriptions"}]=0 v0) ==== 72+0+188821 (secure 0 0 0) 0x7f5eb00371e0 con 0x7f5ebc108cf0
2024-09-10T09:27:30.686 INFO:teuthology.orchestra.run.smithi005.stdout:/usr/bin/ceph: stderr
2024-09-10T09:27:29.998+0000 7f5ec4200640 1 -- 172.21.15.5:0/2713337841 --> [v2:172.21.15.5:3300/0,v1:172.21.15.5:6789/0] -- mon_command({"prefix": "config assimilate-conf"} v 0) -- 0x7f5ebc07ce90 con 0x7f5ebc108cf0
2024-09-10T09:27:30.686 INFO:teuthology.orchestra.run.smithi005.stdout:/usr/bin/ceph: stderr
2024-09-10T09:27:29.999+0000 7f5eba000640 1 -- 172.21.15.5:0/2713337841 <== mon.0 v2:172.21.15.5:3300/0 7 ==== mon_command_ack([{"prefix": "config assimilate-conf"}]=0 v3) ==== 70+0+427 (secure 0 0 0) 0x7f5eb006bdf0 con 0x7f5ebc108cf0
2024-09-10T09:27:30.686 INFO:teuthology.orchestra.run.smithi005.stdout:/usr/bin/ceph: stderr
2024-09-10T09:27:30.001+0000 7f5ec4200640 1 -- 172.21.15.5:0/2713337841 >> [v2:172.21.15.5:6800/14425913,v1:172.21.15.5:6801/14425913] conn(0x7f5ea4038f70 msgr2=0x7f5ea403b430 secure :-1 s=STATE_CONNECTION_ESTABLISHED l=1).mark_down
2024-09-10T09:27:30.686 INFO:teuthology.orchestra.run.smithi005.stdout:/usr/bin/ceph: stderr
2024-09-10T09:27:30.001+0000 7f5ec4200640 1 --2- 172.21.15.5:0/2713337841 >> [v2:172.21.15.5:6800/14425913,v1:172.21.15.5:6801/14425913] conn(0x7f5ea4038f70 0x7f5ea403b430 secure :-1 s=READY pgs=7 cs=0 l=1 rev1=1 crypto rx=0x7f5ea80098c0 tx=0x7f5ea8006db0 comp rx=0 tx=0).stop
2024-09-10T09:27:30.686 INFO:teuthology.orchestra.run.smithi005.stdout:/usr/bin/ceph: stderr
2024-09-10T09:27:30.001+0000 7f5ec4200640 1 -- 172.21.15.5:0/2713337841 >> [v2:172.21.15.5:3300/0,v1:172.21.15.5:6789/0] conn(0x7f5ebc108cf0 msgr2=0x7f5ebc07db70 secure :-1 s=STATE_CONNECTION_ESTABLISHED l=1).mark_down
2024-09-10T09:27:30.686 INFO:teuthology.orchestra.run.smithi005.stdout:/usr/bin/ceph: stderr
2024-09-10T09:27:30.001+0000 7f5ec4200640 1 --2- 172.21.15.5:0/2713337841 >> [v2:172.21.15.5:3300/0,v1:172.21.15.5:6789/0] conn(0x7f5ebc108cf0 0x7f5ebc07db70 secure :-1 s=READY pgs=19 cs=0 l=1 rev1=1 crypto rx=0x7f5eb00097f0 tx=0x7f5eb0030d80 comp rx=0 tx=0).stop
2024-09-10T09:27:30.686 INFO:teuthology.orchestra.run.smithi005.stdout:/usr/bin/ceph: stderr
2024-09-10T09:27:30.002+0000 7f5ec4200640 1 -- 172.21.15.5:0/2713337841 shutdown_connections
2024-09-10T09:27:30.686 INFO:teuthology.orchestra.run.smithi005.stdout:/usr/bin/ceph: stderr
2024-09-10T09:27:30.002+0000 7f5ec4200640 1 --2- 172.21.15.5:0/2713337841 >> [v2:172.21.15.5:6800/14425913,v1:172.21.15.5:6801/14425913] conn(0x7f5ea4038f70 0x7f5ea403b430 unknown :-1 s=CLOSED pgs=7 cs=0 l=1 rev1=1 crypto rx=0 tx=0 comp rx=0 tx=0).stop
2024-09-10T09:27:30.686 INFO:teuthology.orchestra.run.smithi005.stdout:/usr/bin/ceph: stderr
2024-09-10T09:27:30.002+0000 7f5ec4200640 1 --2- 172.21.15.5:0/2713337841 >> [v2:172.21.15.5:3300/0,v1:172.21.15.5:6789/0] conn(0x7f5ebc108cf0 0x7f5ebc07db70 unknown :-1 s=CLOSED pgs=19 cs=0 l=1 rev1=1 crypto rx=0 tx=0 comp rx=0 tx=0).stop
2024-09-10T09:27:30.686 INFO:teuthology.orchestra.run.smithi005.stdout:/usr/bin/ceph: stderr
2024-09-10T09:27:30.002+0000 7f5ec4200640 1 -- 172.21.15.5:0/2713337841 >> 172.21.15.5:0/2713337841 conn(0x7f5ebc102dc0 msgr2=0x7f5ebc103920 unknown :-1 s=STATE_NONE l=0).mark_down
2024-09-10T09:27:30.686 INFO:teuthology.orchestra.run.smithi005.stdout:/usr/bin/ceph: stderr
2024-09-10T09:27:30.002+0000 7f5ec4200640 1 -- 172.21.15.5:0/2713337841 shutdown_connections
2024-09-10T09:27:30.686 INFO:teuthology.orchestra.run.smithi005.stdout:/usr/bin/ceph: stderr
2024-09-10T09:27:30.002+0000 7f5ec4200640 1 -- 172.21.15.5:0/2713337841 wait complete.
2024-09-10T09:27:30.686 INFO:teuthology.orchestra.run.smithi005.stdout:Enabling cephadm module...
2024-09-10T09:27:31.016 INFO:journalctl@ceph.mon.a.smithi005.stdout:Sep 10 09:27:30 smithi005 ceph-mon[30350]: mgrmap e4: x(active, since 2s)
2024-09-10T09:27:31.016 INFO:journalctl@ceph.mon.a.smithi005.stdout:Sep 10 09:27:30 smithi005 ceph-mon[30350]: from='client.? 172.21.15.5:0/2713337841' entity='client.admin' cmd=[{"prefix": "config assimilate-conf"}]: dispatch
2024-09-10T09:27:31.777 INFO:journalctl@ceph.mon.a.smithi005.stdout:Sep 10 09:27:31 smithi005 ceph-mon[30350]: from='client.? 172.21.15.5:0/2417613891' entity='client.admin' cmd=[{"prefix": "mgr module enable", "module": "cephadm"}]: dispatch
2024-09-10T09:27:32.041 INFO:journalctl@ceph.mgr.x.smithi005.stdout:Sep 10 09:27:31 smithi005 ceph-bade4b50-6f56-11ef-bcea-c7b262605968-mgr-x[30575]: ignoring --setuser ceph since I am not root
2024-09-10T09:27:32.041 INFO:journalctl@ceph.mgr.x.smithi005.stdout:Sep 10 09:27:31 smithi005 ceph-bade4b50-6f56-11ef-bcea-c7b262605968-mgr-x[30575]: ignoring --setgroup ceph since I am not root
2024-09-10T09:27:32.041 INFO:journalctl@ceph.mgr.x.smithi005.stdout:Sep 10 09:27:31 smithi005 ceph-bade4b50-6f56-11ef-bcea-c7b262605968-mgr-x[30575]:
2024-09-10T09:27:31.903+0000 7fbc94236040 -1 mgr[py] Module osd_perf_query has missing NOTIFY_TYPES member
2024-09-10T09:27:32.041 INFO:journalctl@ceph.mgr.x.smithi005.stdout:Sep 10 09:27:31 smithi005 ceph-bade4b50-6f56-11ef-bcea-c7b262605968-mgr-x[30575]:
2024-09-10T09:27:31.975+0000 7fbc94236040 -1 mgr[py] Module osd_support has missing NOTIFY_TYPES member
2024-09-10T09:27:32.306 INFO:journalctl@ceph.mgr.x.smithi005.stdout:Sep 10 09:27:32 smithi005 ceph-bade4b50-6f56-11ef-bcea-c7b262605968-mgr-x[30575]:
2024-09-10T09:27:32.167+0000 7fbc94236040 -1 mgr[py] Module diskprediction_local has missing NOTIFY_TYPES member
2024-09-10T09:27:32.306 INFO:journalctl@ceph.mgr.x.smithi005.stdout:Sep 10 09:27:32 smithi005 ceph-bade4b50-6f56-11ef-bcea-c7b262605968-mgr-x[30575]:
2024-09-10T09:27:32.251+0000 7fbc94236040 -1 mgr[py] Module crash has missing NOTIFY_TYPES member
2024-09-10T09:27:32.323 INFO:teuthology.orchestra.run.smithi005.stdout:/usr/bin/ceph: stderr
2024-09-10T09:27:31.242+0000 7fc69ec00640 1 Processor -- start
2024-09-10T09:27:32.323 INFO:teuthology.orchestra.run.smithi005.stdout:/usr/bin/ceph: stderr
2024-09-10T09:27:31.242+0000 7fc69ec00640 1 -- start start
2024-09-10T09:27:32.323 INFO:teuthology.orchestra.run.smithi005.stdout:/usr/bin/ceph: stderr
2024-09-10T09:27:31.242+0000 7fc69ec00640 1 --2- >> [v2:172.21.15.5:3300/0,v1:172.21.15.5:6789/0] conn(0x7fc69807de00 0x7fc69807c300 unknown :-1 s=NONE pgs=0 cs=0 l=0 rev1=0 crypto rx=0 tx=0 comp rx=0 tx=0).connect
2024-09-10T09:27:32.323 INFO:teuthology.orchestra.run.smithi005.stdout:/usr/bin/ceph: stderr
2024-09-10T09:27:31.242+0000 7fc69ec00640 1 -- --> [v2:172.21.15.5:3300/0,v1:172.21.15.5:6789/0] -- mon_getmap magic: 0 -- 0x7fc69807c840 con 0x7fc69807de00
2024-09-10T09:27:32.323 INFO:teuthology.orchestra.run.smithi005.stdout:/usr/bin/ceph: stderr
2024-09-10T09:27:31.243+0000 7fc697e00640 1 --2- >> [v2:172.21.15.5:3300/0,v1:172.21.15.5:6789/0] conn(0x7fc69807de00 0x7fc69807c300 unknown :-1 s=BANNER_CONNECTING pgs=0 cs=0 l=0 rev1=0 crypto rx=0 tx=0 comp rx=0 tx=0)._handle_peer_banner_payload supported=3 required=0
2024-09-10T09:27:32.323 INFO:teuthology.orchestra.run.smithi005.stdout:/usr/bin/ceph: stderr
2024-09-10T09:27:31.243+0000 7fc697e00640 1 --2- >> [v2:172.21.15.5:3300/0,v1:172.21.15.5:6789/0] conn(0x7fc69807de00 0x7fc69807c300 unknown :-1 s=HELLO_CONNECTING pgs=0 cs=0 l=0 rev1=1 crypto rx=0 tx=0 comp rx=0 tx=0).handle_hello peer v2:172.21.15.5:3300/0 says I am v2:172.21.15.5:52278/0 (socket says 172.21.15.5:52278)
2024-09-10T09:27:32.323 INFO:teuthology.orchestra.run.smithi005.stdout:/usr/bin/ceph: stderr
2024-09-10T09:27:31.243+0000 7fc697e00640 1 -- 172.21.15.5:0/1797151097 learned_addr learned my addr 172.21.15.5:0/1797151097 (peer_addr_for_me v2:172.21.15.5:0/0)
2024-09-10T09:27:32.323 INFO:teuthology.orchestra.run.smithi005.stdout:/usr/bin/ceph: stderr
2024-09-10T09:27:31.243+0000 7fc697e00640 1 -- 172.21.15.5:0/1797151097 --> [v2:172.21.15.5:3300/0,v1:172.21.15.5:6789/0] -- mon_subscribe({config=0+,monmap=0+}) -- 0x7fc69807c9c0 con 0x7fc69807de00
2024-09-10T09:27:32.323 INFO:teuthology.orchestra.run.smithi005.stdout:/usr/bin/ceph: stderr
2024-09-10T09:27:31.244+0000 7fc697e00640 1 --2- 172.21.15.5:0/1797151097 >> [v2:172.21.15.5:3300/0,v1:172.21.15.5:6789/0] conn(0x7fc69807de00 0x7fc69807c300 secure :-1 s=READY pgs=20 cs=0 l=1 rev1=1 crypto rx=0x7fc688009820 tx=0x7fc68802a270 comp rx=0 tx=0).ready entity=mon.0 client_cookie=e43ca159801b2c9f server_cookie=0 in_seq=0 out_seq=0
2024-09-10T09:27:32.324 INFO:teuthology.orchestra.run.smithi005.stdout:/usr/bin/ceph: stderr
2024-09-10T09:27:31.244+0000 7fc697400640 1 -- 172.21.15.5:0/1797151097 <== mon.0 v2:172.21.15.5:3300/0 1 ==== mon_map magic: 0 ==== 205+0+0 (secure 0 0 0) 0x7fc688037070 con 0x7fc69807de00
2024-09-10T09:27:32.324 INFO:teuthology.orchestra.run.smithi005.stdout:/usr/bin/ceph: stderr
2024-09-10T09:27:31.244+0000 7fc697400640 1 -- 172.21.15.5:0/1797151097 <== mon.0 v2:172.21.15.5:3300/0 2 ==== config(27 keys) ==== 1109+0+0 (secure 0 0 0) 0x7fc688032900 con 0x7fc69807de00
2024-09-10T09:27:32.324 INFO:teuthology.orchestra.run.smithi005.stdout:/usr/bin/ceph: stderr
2024-09-10T09:27:31.244+0000 7fc697400640 1 -- 172.21.15.5:0/1797151097 <== mon.0 v2:172.21.15.5:3300/0 3 ==== mon_map magic: 0 ==== 205+0+0 (secure 0 0 0) 0x7fc688030850 con 0x7fc69807de00
2024-09-10T09:27:32.324 INFO:teuthology.orchestra.run.smithi005.stdout:/usr/bin/ceph: stderr
2024-09-10T09:27:31.245+0000 7fc69ec00640 1 -- 172.21.15.5:0/1797151097 >> [v2:172.21.15.5:3300/0,v1:172.21.15.5:6789/0] conn(0x7fc69807de00 msgr2=0x7fc69807c300 secure :-1 s=STATE_CONNECTION_ESTABLISHED l=1).mark_down
2024-09-10T09:27:32.324 INFO:teuthology.orchestra.run.smithi005.stdout:/usr/bin/ceph: stderr
2024-09-10T09:27:31.245+0000 7fc69ec00640 1 --2- 172.21.15.5:0/1797151097 >> [v2:172.21.15.5:3300/0,v1:172.21.15.5:6789/0] conn(0x7fc69807de00 0x7fc69807c300 secure :-1 s=READY pgs=20 cs=0 l=1 rev1=1 crypto rx=0x7fc688009820 tx=0x7fc68802a270 comp rx=0 tx=0).stop
2024-09-10T09:27:32.324 INFO:teuthology.orchestra.run.smithi005.stdout:/usr/bin/ceph: stderr
2024-09-10T09:27:31.245+0000 7fc69ec00640 1 -- 172.21.15.5:0/1797151097 shutdown_connections
2024-09-10T09:27:32.324 INFO:teuthology.orchestra.run.smithi005.stdout:/usr/bin/ceph: stderr
2024-09-10T09:27:31.245+0000 7fc69ec00640 1 --2- 172.21.15.5:0/1797151097 >> [v2:172.21.15.5:3300/0,v1:172.21.15.5:6789/0] conn(0x7fc69807de00 0x7fc69807c300 unknown :-1 s=CLOSED pgs=20 cs=0 l=1 rev1=1 crypto rx=0 tx=0 comp rx=0 tx=0).stop
2024-09-10T09:27:32.324 INFO:teuthology.orchestra.run.smithi005.stdout:/usr/bin/ceph: stderr
2024-09-10T09:27:31.245+0000 7fc69ec00640 1 -- 172.21.15.5:0/1797151097 >> 172.21.15.5:0/1797151097 conn(0x7fc698102e50 msgr2=0x7fc698105270 unknown :-1 s=STATE_NONE l=0).mark_down
2024-09-10T09:27:32.324 INFO:teuthology.orchestra.run.smithi005.stdout:/usr/bin/ceph: stderr
2024-09-10T09:27:31.245+0000 7fc69ec00640 1 -- 172.21.15.5:0/1797151097 shutdown_connections
2024-09-10T09:27:32.324 INFO:teuthology.orchestra.run.smithi005.stdout:/usr/bin/ceph: stderr
2024-09-10T09:27:31.245+0000 7fc69ec00640 1 -- 172.21.15.5:0/1797151097 wait complete.
2024-09-10T09:27:32.324 INFO:teuthology.orchestra.run.smithi005.stdout:/usr/bin/ceph: stderr
2024-09-10T09:27:31.246+0000 7fc69ec00640 1 Processor -- start
2024-09-10T09:27:32.324 INFO:teuthology.orchestra.run.smithi005.stdout:/usr/bin/ceph: stderr
2024-09-10T09:27:31.246+0000 7fc69ec00640 1 -- start start
2024-09-10T09:27:32.325 INFO:teuthology.orchestra.run.smithi005.stdout:/usr/bin/ceph: stderr
2024-09-10T09:27:31.247+0000 7fc69ec00640 1 --2- >> [v2:172.21.15.5:3300/0,v1:172.21.15.5:6789/0] conn(0x7fc69807de00 0x7fc69819d870 unknown :-1 s=NONE pgs=0 cs=0 l=1 rev1=0 crypto rx=0 tx=0 comp rx=0 tx=0).connect
2024-09-10T09:27:32.325 INFO:teuthology.orchestra.run.smithi005.stdout:/usr/bin/ceph: stderr
2024-09-10T09:27:31.247+0000 7fc69ec00640 1 -- --> [v2:172.21.15.5:3300/0,v1:172.21.15.5:6789/0] -- mon_getmap magic: 0 -- 0x7fc69810dc50 con 0x7fc69807de00
2024-09-10T09:27:32.325 INFO:teuthology.orchestra.run.smithi005.stdout:/usr/bin/ceph: stderr
2024-09-10T09:27:31.247+0000 7fc697e00640 1 --2- >> [v2:172.21.15.5:3300/0,v1:172.21.15.5:6789/0] conn(0x7fc69807de00 0x7fc69819d870 unknown :-1 s=BANNER_CONNECTING pgs=0 cs=0 l=1 rev1=0 crypto rx=0 tx=0 comp rx=0 tx=0)._handle_peer_banner_payload supported=3 required=0
2024-09-10T09:27:32.325 INFO:teuthology.orchestra.run.smithi005.stdout:/usr/bin/ceph: stderr
2024-09-10T09:27:31.247+0000 7fc697e00640 1 --2- >> [v2:172.21.15.5:3300/0,v1:172.21.15.5:6789/0] conn(0x7fc69807de00 0x7fc69819d870 unknown :-1 s=HELLO_CONNECTING pgs=0 cs=0 l=1 rev1=1 crypto rx=0 tx=0 comp rx=0 tx=0).handle_hello peer v2:172.21.15.5:3300/0 says I am v2:172.21.15.5:52294/0 (socket says 172.21.15.5:52294)
2024-09-10T09:27:32.325 INFO:teuthology.orchestra.run.smithi005.stdout:/usr/bin/ceph: stderr
2024-09-10T09:27:31.247+0000 7fc697e00640 1 -- 172.21.15.5:0/2417613891 learned_addr learned my addr 172.21.15.5:0/2417613891 (peer_addr_for_me v2:172.21.15.5:0/0)
2024-09-10T09:27:32.325 INFO:teuthology.orchestra.run.smithi005.stdout:/usr/bin/ceph: stderr
2024-09-10T09:27:31.247+0000 7fc697e00640 1 -- 172.21.15.5:0/2417613891 --> [v2:172.21.15.5:3300/0,v1:172.21.15.5:6789/0] -- mon_subscribe({config=0+,monmap=0+}) -- 0x7fc69819ddb0 con 0x7fc69807de00
2024-09-10T09:27:32.325 INFO:teuthology.orchestra.run.smithi005.stdout:/usr/bin/ceph: stderr
2024-09-10T09:27:31.247+0000 7fc697e00640 1 --2- 172.21.15.5:0/2417613891 >> [v2:172.21.15.5:3300/0,v1:172.21.15.5:6789/0] conn(0x7fc69807de00 0x7fc69819d870 secure :-1 s=READY pgs=21 cs=0 l=1 rev1=1 crypto rx=0x7fc688031000 tx=0x7fc6880326e0 comp rx=0 tx=0).ready entity=mon.0 client_cookie=0 server_cookie=0 in_seq=0 out_seq=0
2024-09-10T09:27:32.325 INFO:teuthology.orchestra.run.smithi005.stdout:/usr/bin/ceph: stderr
2024-09-10T09:27:31.248+0000 7fc695600640 1 -- 172.21.15.5:0/2417613891 <== mon.0 v2:172.21.15.5:3300/0 1 ==== mon_map magic: 0 ==== 205+0+0 (secure 0 0 0) 0x7fc688042070 con 0x7fc69807de00
2024-09-10T09:27:32.325 INFO:teuthology.orchestra.run.smithi005.stdout:/usr/bin/ceph: stderr
2024-09-10T09:27:31.248+0000 7fc695600640 1 -- 172.21.15.5:0/2417613891 <== mon.0 v2:172.21.15.5:3300/0 2 ==== config(27 keys) ==== 1109+0+0 (secure 0 0 0) 0x7fc688032be0 con 0x7fc69807de00
2024-09-10T09:27:32.325 INFO:teuthology.orchestra.run.smithi005.stdout:/usr/bin/ceph: stderr
2024-09-10T09:27:31.248+0000 7fc695600640 1 -- 172.21.15.5:0/2417613891 <== mon.0 v2:172.21.15.5:3300/0 3 ==== mon_map magic: 0 ==== 205+0+0 (secure 0 0 0) 0x7fc688037040 con 0x7fc69807de00
2024-09-10T09:27:32.325 INFO:teuthology.orchestra.run.smithi005.stdout:/usr/bin/ceph: stderr
2024-09-10T09:27:31.248+0000 7fc69ec00640 1 -- 172.21.15.5:0/2417613891 --> [v2:172.21.15.5:3300/0,v1:172.21.15.5:6789/0] -- mon_subscribe({mgrmap=0+}) -- 0x7fc69819e040 con 0x7fc69807de00
2024-09-10T09:27:32.325 INFO:teuthology.orchestra.run.smithi005.stdout:/usr/bin/ceph: stderr
2024-09-10T09:27:31.248+0000 7fc69ec00640 1 -- 172.21.15.5:0/2417613891 --> [v2:172.21.15.5:3300/0,v1:172.21.15.5:6789/0] -- mon_subscribe({osdmap=0}) -- 0x7fc6981a0d30 con 0x7fc69807de00
2024-09-10T09:27:32.325 INFO:teuthology.orchestra.run.smithi005.stdout:/usr/bin/ceph: stderr
2024-09-10T09:27:31.249+0000 7fc695600640 1 -- 172.21.15.5:0/2417613891 <== mon.0 v2:172.21.15.5:3300/0 4 ==== mgrmap(e 4) ==== 46276+0+0 (secure 0 0 0) 0x7fc688045070 con 0x7fc69807de00
2024-09-10T09:27:32.326 INFO:teuthology.orchestra.run.smithi005.stdout:/usr/bin/ceph: stderr
2024-09-10T09:27:31.249+0000 7fc69ec00640 1 -- 172.21.15.5:0/2417613891 --> [v2:172.21.15.5:3300/0,v1:172.21.15.5:6789/0] -- mon_command({"prefix": "get_command_descriptions"} v 0) -- 0x7fc69807c380 con 0x7fc69807de00
2024-09-10T09:27:32.326 INFO:teuthology.orchestra.run.smithi005.stdout:/usr/bin/ceph: stderr
2024-09-10T09:27:31.249+0000 7fc695600640 1 --2- 172.21.15.5:0/2417613891 >> [v2:172.21.15.5:6800/14425913,v1:172.21.15.5:6801/14425913] conn(0x7fc67c038f70 0x7fc67c03b430 unknown :-1 s=NONE pgs=0 cs=0 l=1 rev1=0 crypto rx=0 tx=0 comp rx=0 tx=0).connect
2024-09-10T09:27:32.326 INFO:teuthology.orchestra.run.smithi005.stdout:/usr/bin/ceph: stderr
2024-09-10T09:27:31.249+0000 7fc695600640 1 -- 172.21.15.5:0/2417613891 <== mon.0 v2:172.21.15.5:3300/0 5 ==== osd_map(1..1 src has 1..1) ==== 725+0+0 (secure 0 0 0) 0x7fc68806bf00 con 0x7fc69807de00
2024-09-10T09:27:32.326 INFO:teuthology.orchestra.run.smithi005.stdout:/usr/bin/ceph: stderr
2024-09-10T09:27:31.250+0000 7fc68f400640 1 --2- 172.21.15.5:0/2417613891 >> [v2:172.21.15.5:6800/14425913,v1:172.21.15.5:6801/14425913] conn(0x7fc67c038f70 0x7fc67c03b430 unknown :-1 s=BANNER_CONNECTING pgs=0 cs=0 l=1 rev1=0 crypto rx=0 tx=0 comp rx=0 tx=0)._handle_peer_banner_payload supported=3 required=0
2024-09-10T09:27:32.326 INFO:teuthology.orchestra.run.smithi005.stdout:/usr/bin/ceph: stderr
2024-09-10T09:27:31.250+0000 7fc68f400640 1 --2- 172.21.15.5:0/2417613891 >> [v2:172.21.15.5:6800/14425913,v1:172.21.15.5:6801/14425913] conn(0x7fc67c038f70 0x7fc67c03b430 secure :-1 s=READY pgs=8 cs=0 l=1 rev1=1 crypto rx=0x7fc6800098c0 tx=0x7fc680006db0 comp rx=0 tx=0).ready entity=mgr.14100 client_cookie=0 server_cookie=0 in_seq=0 out_seq=0
2024-09-10T09:27:32.326 INFO:teuthology.orchestra.run.smithi005.stdout:/usr/bin/ceph: stderr
2024-09-10T09:27:31.254+0000 7fc695600640 1 -- 172.21.15.5:0/2417613891 <== mon.0 v2:172.21.15.5:3300/0 6 ==== mon_command_ack([{"prefix": "get_command_descriptions"}]=0 v0) ==== 72+0+188821 (secure 0 0 0) 0x7fc68802f2a0 con 0x7fc69807de00
2024-09-10T09:27:32.326 INFO:teuthology.orchestra.run.smithi005.stdout:/usr/bin/ceph: stderr
2024-09-10T09:27:31.487+0000 7fc69ec00640 1 -- 172.21.15.5:0/2417613891 --> [v2:172.21.15.5:3300/0,v1:172.21.15.5:6789/0] -- mon_command({"prefix": "mgr module enable", "module": "cephadm"} v 0) -- 0x7fc6981a1340 con 0x7fc69807de00
2024-09-10T09:27:32.326 INFO:teuthology.orchestra.run.smithi005.stdout:/usr/bin/ceph: stderr
2024-09-10T09:27:31.679+0000 7fc695600640 1 -- 172.21.15.5:0/2417613891 <== mon.0 v2:172.21.15.5:3300/0 7 ==== mon_command_ack([{"prefix": "mgr module enable", "module": "cephadm"}]=0 v5) ==== 86+0+0 (secure 0 0 0) 0x7fc688032d90 con 0x7fc69807de00
2024-09-10T09:27:32.326 INFO:teuthology.orchestra.run.smithi005.stdout:/usr/bin/ceph: stderr
2024-09-10T09:27:31.681+0000 7fc695600640 1 -- 172.21.15.5:0/2417613891 <== mon.0 v2:172.21.15.5:3300/0 8 ==== mgrmap(e 5) ==== 46287+0+0 (secure 0 0 0) 0x7fc68803d430 con 0x7fc69807de00
2024-09-10T09:27:32.326 INFO:teuthology.orchestra.run.smithi005.stdout:/usr/bin/ceph: stderr
2024-09-10T09:27:31.682+0000 7fc69ec00640 1 -- 172.21.15.5:0/2417613891 >> [v2:172.21.15.5:6800/14425913,v1:172.21.15.5:6801/14425913] conn(0x7fc67c038f70 msgr2=0x7fc67c03b430 secure :-1 s=STATE_CONNECTION_ESTABLISHED l=1).mark_down
2024-09-10T09:27:32.326 INFO:teuthology.orchestra.run.smithi005.stdout:/usr/bin/ceph: stderr
2024-09-10T09:27:31.683+0000 7fc69ec00640 1 --2- 172.21.15.5:0/2417613891 >> [v2:172.21.15.5:6800/14425913,v1:172.21.15.5:6801/14425913] conn(0x7fc67c038f70 0x7fc67c03b430 secure :-1 s=READY pgs=8 cs=0 l=1 rev1=1 crypto rx=0x7fc6800098c0 tx=0x7fc680006db0 comp rx=0 tx=0).stop
2024-09-10T09:27:32.326 INFO:teuthology.orchestra.run.smithi005.stdout:/usr/bin/ceph: stderr
2024-09-10T09:27:31.683+0000 7fc69ec00640 1 -- 172.21.15.5:0/2417613891 >> [v2:172.21.15.5:3300/0,v1:172.21.15.5:6789/0] conn(0x7fc69807de00 msgr2=0x7fc69819d870 secure :-1 s=STATE_CONNECTION_ESTABLISHED l=1).mark_down
2024-09-10T09:27:32.327 INFO:teuthology.orchestra.run.smithi005.stdout:/usr/bin/ceph: stderr
2024-09-10T09:27:31.683+0000 7fc69ec00640 1 --2- 172.21.15.5:0/2417613891 >> [v2:172.21.15.5:3300/0,v1:172.21.15.5:6789/0] conn(0x7fc69807de00 0x7fc69819d870 secure :-1 s=READY pgs=21 cs=0 l=1 rev1=1 crypto rx=0x7fc688031000 tx=0x7fc6880326e0 comp rx=0 tx=0).stop
2024-09-10T09:27:32.327 INFO:teuthology.orchestra.run.smithi005.stdout:/usr/bin/ceph: stderr
2024-09-10T09:27:31.683+0000 7fc69ec00640 1 -- 172.21.15.5:0/2417613891 shutdown_connections
2024-09-10T09:27:32.327 INFO:teuthology.orchestra.run.smithi005.stdout:/usr/bin/ceph: stderr
2024-09-10T09:27:31.683+0000 7fc69ec00640 1 --2- 172.21.15.5:0/2417613891 >> [v2:172.21.15.5:6800/14425913,v1:172.21.15.5:6801/14425913] conn(0x7fc67c038f70 0x7fc67c03b430 unknown :-1 s=CLOSED pgs=8 cs=0 l=1 rev1=1 crypto rx=0 tx=0 comp rx=0 tx=0).stop
2024-09-10T09:27:32.327 INFO:teuthology.orchestra.run.smithi005.stdout:/usr/bin/ceph: stderr
2024-09-10T09:27:31.683+0000 7fc69ec00640 1 --2- 172.21.15.5:0/2417613891 >> [v2:172.21.15.5:3300/0,v1:172.21.15.5:6789/0] conn(0x7fc69807de00 0x7fc69819d870 unknown :-1 s=CLOSED pgs=21 cs=0 l=1 rev1=1 crypto rx=0 tx=0 comp rx=0 tx=0).stop
2024-09-10T09:27:32.327 INFO:teuthology.orchestra.run.smithi005.stdout:/usr/bin/ceph: stderr
2024-09-10T09:27:31.683+0000 7fc69ec00640 1 -- 172.21.15.5:0/2417613891 >> 172.21.15.5:0/2417613891 conn(0x7fc698102e50 msgr2=0x7fc698103a00 unknown :-1 s=STATE_NONE l=0).mark_down
2024-09-10T09:27:32.327 INFO:teuthology.orchestra.run.smithi005.stdout:/usr/bin/ceph: stderr
2024-09-10T09:27:31.683+0000 7fc69ec00640 1 -- 172.21.15.5:0/2417613891 shutdown_connections
2024-09-10T09:27:32.327 INFO:teuthology.orchestra.run.smithi005.stdout:/usr/bin/ceph: stderr
2024-09-10T09:27:31.683+0000 7fc69ec00640 1 -- 172.21.15.5:0/2417613891 wait complete.
2024-09-10T09:27:32.584 INFO:journalctl@ceph.mgr.x.smithi005.stdout:Sep 10 09:27:32 smithi005 ceph-bade4b50-6f56-11ef-bcea-c7b262605968-mgr-x[30575]:
2024-09-10T09:27:32.443+0000 7fbc94236040 -1 mgr[py] Module test_orchestrator has missing NOTIFY_TYPES member
2024-09-10T09:27:32.848 INFO:journalctl@ceph.mgr.x.smithi005.stdout:Sep 10 09:27:32 smithi005 ceph-bade4b50-6f56-11ef-bcea-c7b262605968-mgr-x[30575]:
2024-09-10T09:27:32.618+0000 7fbc94236040 -1 mgr[py] Module snap_schedule has missing NOTIFY_TYPES member
2024-09-10T09:27:32.849 INFO:journalctl@ceph.mon.a.smithi005.stdout:Sep 10 09:27:32 smithi005 ceph-mon[30350]: from='client.? 172.21.15.5:0/2417613891' entity='client.admin' cmd='[{"prefix": "mgr module enable", "module": "cephadm"}]': finished
2024-09-10T09:27:32.849 INFO:journalctl@ceph.mon.a.smithi005.stdout:Sep 10 09:27:32 smithi005 ceph-mon[30350]: mgrmap e5: x(active, since 4s)
2024-09-10T09:27:33.099 INFO:journalctl@ceph.mgr.x.smithi005.stdout:Sep 10 09:27:33 smithi005 ceph-bade4b50-6f56-11ef-bcea-c7b262605968-mgr-x[30575]:
2024-09-10T09:27:33.004+0000 7fbc94236040 -1 mgr[py] Module prometheus has missing NOTIFY_TYPES member
2024-09-10T09:27:33.099 INFO:journalctl@ceph.mgr.x.smithi005.stdout:Sep 10 09:27:33 smithi005 ceph-bade4b50-6f56-11ef-bcea-c7b262605968-mgr-x[30575]:
2024-09-10T09:27:33.089+0000 7fbc94236040 -1 mgr[py] Module selftest has missing NOTIFY_TYPES member
2024-09-10T09:27:33.422 INFO:journalctl@ceph.mgr.x.smithi005.stdout:Sep 10 09:27:33 smithi005 ceph-bade4b50-6f56-11ef-bcea-c7b262605968-mgr-x[30575]:
2024-09-10T09:27:33.321+0000 7fbc94236040 -1 mgr[py] Module volumes has missing NOTIFY_TYPES member
2024-09-10T09:27:33.728 INFO:teuthology.orchestra.run.smithi005.stdout:/usr/bin/ceph: stdout {
2024-09-10T09:27:33.728 INFO:teuthology.orchestra.run.smithi005.stdout:/usr/bin/ceph: stdout "epoch": 5,
2024-09-10T09:27:33.728 INFO:teuthology.orchestra.run.smithi005.stdout:/usr/bin/ceph: stdout "available": true,
2024-09-10T09:27:33.728 INFO:teuthology.orchestra.run.smithi005.stdout:/usr/bin/ceph: stdout "active_name": "x",
2024-09-10T09:27:33.728 INFO:teuthology.orchestra.run.smithi005.stdout:/usr/bin/ceph: stdout "num_standby": 0
2024-09-10T09:27:33.728 INFO:teuthology.orchestra.run.smithi005.stdout:/usr/bin/ceph: stdout }
2024-09-10T09:27:33.728 INFO:teuthology.orchestra.run.smithi005.stdout:/usr/bin/ceph: stderr
2024-09-10T09:27:32.847+0000 7f8f29200640 1 Processor -- start
2024-09-10T09:27:33.729 INFO:teuthology.orchestra.run.smithi005.stdout:/usr/bin/ceph: stderr
2024-09-10T09:27:32.847+0000 7f8f29200640 1 -- start start
2024-09-10T09:27:33.729 INFO:teuthology.orchestra.run.smithi005.stdout:/usr/bin/ceph: stderr
2024-09-10T09:27:32.847+0000 7f8f29200640 1 --2- >> [v2:172.21.15.5:3300/0,v1:172.21.15.5:6789/0] conn(0x7f8f24109970 0x7f8f24109d70 unknown :-1 s=NONE pgs=0 cs=0 l=0 rev1=0 crypto rx=0 tx=0 comp rx=0 tx=0).connect
2024-09-10T09:27:33.729 INFO:teuthology.orchestra.run.smithi005.stdout:/usr/bin/ceph: stderr
2024-09-10T09:27:32.847+0000 7f8f29200640 1 -- --> [v2:172.21.15.5:3300/0,v1:172.21.15.5:6789/0] -- mon_getmap magic: 0 -- 0x7f8f2410a340 con 0x7f8f24109970
2024-09-10T09:27:33.729 INFO:teuthology.orchestra.run.smithi005.stdout:/usr/bin/ceph: stderr
2024-09-10T09:27:32.848+0000 7f8f23400640 1 --2- >> [v2:172.21.15.5:3300/0,v1:172.21.15.5:6789/0] conn(0x7f8f24109970 0x7f8f24109d70 unknown :-1 s=BANNER_CONNECTING pgs=0 cs=0 l=0 rev1=0 crypto rx=0 tx=0 comp rx=0 tx=0)._handle_peer_banner_payload supported=3 required=0
2024-09-10T09:27:33.729 INFO:teuthology.orchestra.run.smithi005.stdout:/usr/bin/ceph: stderr
2024-09-10T09:27:32.848+0000 7f8f23400640 1 --2- >> [v2:172.21.15.5:3300/0,v1:172.21.15.5:6789/0] conn(0x7f8f24109970 0x7f8f24109d70 unknown :-1 s=HELLO_CONNECTING pgs=0 cs=0 l=0 rev1=1 crypto rx=0 tx=0 comp rx=0 tx=0).handle_hello peer v2:172.21.15.5:3300/0 says I am v2:172.21.15.5:52318/0 (socket says 172.21.15.5:52318)
2024-09-10T09:27:33.729 INFO:teuthology.orchestra.run.smithi005.stdout:/usr/bin/ceph: stderr
2024-09-10T09:27:32.848+0000 7f8f23400640 1 -- 172.21.15.5:0/3935496324 learned_addr learned my addr 172.21.15.5:0/3935496324 (peer_addr_for_me v2:172.21.15.5:0/0)
2024-09-10T09:27:33.729 INFO:teuthology.orchestra.run.smithi005.stdout:/usr/bin/ceph: stderr
2024-09-10T09:27:32.848+0000 7f8f23400640 1 -- 172.21.15.5:0/3935496324 --> [v2:172.21.15.5:3300/0,v1:172.21.15.5:6789/0] -- mon_subscribe({config=0+,monmap=0+}) -- 0x7f8f2410a810 con 0x7f8f24109970
2024-09-10T09:27:33.729 INFO:teuthology.orchestra.run.smithi005.stdout:/usr/bin/ceph: stderr
2024-09-10T09:27:32.849+0000 7f8f23400640 1 --2- 172.21.15.5:0/3935496324 >> [v2:172.21.15.5:3300/0,v1:172.21.15.5:6789/0] conn(0x7f8f24109970 0x7f8f24109d70 secure :-1 s=READY pgs=24 cs=0 l=1 rev1=1 crypto rx=0x7f8f14009820 tx=0x7f8f1402a270 comp rx=0 tx=0).ready entity=mon.0 client_cookie=7444364c03825579 server_cookie=0 in_seq=0 out_seq=0
2024-09-10T09:27:33.729 INFO:teuthology.orchestra.run.smithi005.stdout:/usr/bin/ceph: stderr
2024-09-10T09:27:32.849+0000 7f8f22a00640 1 -- 172.21.15.5:0/3935496324 <== mon.0 v2:172.21.15.5:3300/0 1 ==== mon_map magic: 0 ==== 205+0+0 (secure 0 0 0) 0x7f8f14037070 con 0x7f8f24109970
2024-09-10T09:27:33.729 INFO:teuthology.orchestra.run.smithi005.stdout:/usr/bin/ceph: stderr
2024-09-10T09:27:32.849+0000 7f8f22a00640 1 -- 172.21.15.5:0/3935496324 <== mon.0 v2:172.21.15.5:3300/0 2 ==== config(27 keys) ==== 1109+0+0 (secure 0 0 0) 0x7f8f14032900 con 0x7f8f24109970
2024-09-10T09:27:33.729 INFO:teuthology.orchestra.run.smithi005.stdout:/usr/bin/ceph: stderr
2024-09-10T09:27:32.849+0000 7f8f22a00640 1 -- 172.21.15.5:0/3935496324 <== mon.0 v2:172.21.15.5:3300/0 3 ==== mon_map magic: 0 ==== 205+0+0 (secure 0 0 0) 0x7f8f14030850 con 0x7f8f24109970
2024-09-10T09:27:33.729 INFO:teuthology.orchestra.run.smithi005.stdout:/usr/bin/ceph: stderr
