2024-09-10T09:27:43.844 INFO:teuthology.orchestra.run.smithi005.stdout:/usr/bin/ceph: stderr
2024-09-10T09:27:43.201+0000 7f01dce00640 1 -- 172.21.15.5:0/3765847602 shutdown_connections
2024-09-10T09:27:43.844 INFO:teuthology.orchestra.run.smithi005.stdout:/usr/bin/ceph: stderr
2024-09-10T09:27:43.201+0000 7f01dce00640 1 -- 172.21.15.5:0/3765847602 wait complete.
2024-09-10T09:27:44.510 INFO:journalctl@ceph.mon.a.smithi005.stdout:Sep 10 09:27:44 smithi005 ceph-mon[30350]: from='client.14134 -' entity='client.admin' cmd=[{"prefix": "cephadm generate-key", "target": ["mon-mgr", ""]}]: dispatch
2024-09-10T09:27:44.510 INFO:journalctl@ceph.mon.a.smithi005.stdout:Sep 10 09:27:44 smithi005 ceph-mon[30350]: Generating ssh key...
2024-09-10T09:27:44.510 INFO:journalctl@ceph.mon.a.smithi005.stdout:Sep 10 09:27:44 smithi005 ceph-mon[30350]: from='mgr.14118 172.21.15.5:0/1435659661' entity='mgr.x'
2024-09-10T09:27:44.510 INFO:journalctl@ceph.mon.a.smithi005.stdout:Sep 10 09:27:44 smithi005 ceph-mon[30350]: from='mgr.14118 172.21.15.5:0/1435659661' entity='mgr.x'
2024-09-10T09:27:45.009 INFO:teuthology.orchestra.run.smithi005.stdout:/usr/bin/ceph: stdout ssh-rsa AAAAB3NzaC1yc2EAAAADAQABAAABgQD3kMvhYY/c4Qg+wIxyzdtZdZXPJOF45PYPNYa0JHRy7azcDpeNQRYqM52JifHuAGXk5BPEviPo/KtpoByh8e68S0RPaFm8199+lYksO823Rh1qDYeCVSVCb2embg/NzX1Z5IFQ/hyZBUY3fes5iGEwiBQCq3C+98h0dZkfC7knZdLNLA0P+XPImJSPIfA4LnhTc6Q8yVHdU3+ta4O6wIIyoqBKpCCE8ClLcr9ZRYjHU57f6QYFGQKYjRwsXltvrwE+dpxYA3dvc93n0k2u5nKc0qQdY4BQMNjkjYQqguhzVZlT7mVI8ommP2iUNaw9UBEby+9oo2zF45B1Ky9JLpFBVMletw7w9bJHeX5y6+TfJBNSJWpVksUpntX7ylMNZXUB5jGCUEZNn7B+ZDmSGf8gil5A2sqezcgFjIaUXetcToG/ulyEvPLVfuuxStw2O3pWj2KB0KCnLrSp9viwxiYAiKpW+YqHtNlDvD47Na54ZUjh1oJARIe3zjGYLWbYq0E= ceph-bade4b50-6f56-11ef-bcea-c7b262605968
2024-09-10T09:27:45.009 INFO:teuthology.orchestra.run.smithi005.stdout:/usr/bin/ceph: stderr
2024-09-10T09:27:44.308+0000 7f7dc6c00640 1 Processor -- start
2024-09-10T09:27:45.009 INFO:teuthology.orchestra.run.smithi005.stdout:/usr/bin/ceph: stderr
2024-09-10T09:27:44.308+0000 7f7dc6c00640 1 -- start start
2024-09-10T09:27:45.009 INFO:teuthology.orchestra.run.smithi005.stdout:/usr/bin/ceph: stderr
2024-09-10T09:27:44.308+0000 7f7dc6c00640 1 --2- >> [v2:172.21.15.5:3300/0,v1:172.21.15.5:6789/0] conn(0x7f7dc0107680 0x7f7dc0107a80 unknown :-1 s=NONE pgs=0 cs=0 l=0 rev1=0 crypto rx=0 tx=0 comp rx=0 tx=0).connect
2024-09-10T09:27:45.009 INFO:teuthology.orchestra.run.smithi005.stdout:/usr/bin/ceph: stderr
2024-09-10T09:27:44.308+0000 7f7dc6c00640 1 -- --> [v2:172.21.15.5:3300/0,v1:172.21.15.5:6789/0] -- mon_getmap magic: 0 -- 0x7f7dc0107fc0 con 0x7f7dc0107680
2024-09-10T09:27:45.009 INFO:teuthology.orchestra.run.smithi005.stdout:/usr/bin/ceph: stderr
2024-09-10T09:27:44.309+0000 7f7dbfe00640 1 --2- >> [v2:172.21.15.5:3300/0,v1:172.21.15.5:6789/0] conn(0x7f7dc0107680 0x7f7dc0107a80 unknown :-1 s=BANNER_CONNECTING pgs=0 cs=0 l=0 rev1=0 crypto rx=0 tx=0 comp rx=0 tx=0)._handle_peer_banner_payload supported=3 required=0
2024-09-10T09:27:45.009 INFO:teuthology.orchestra.run.smithi005.stdout:/usr/bin/ceph: stderr
2024-09-10T09:27:44.309+0000 7f7dbfe00640 1 --2- >> [v2:172.21.15.5:3300/0,v1:172.21.15.5:6789/0] conn(0x7f7dc0107680 0x7f7dc0107a80 unknown :-1 s=HELLO_CONNECTING pgs=0 cs=0 l=0 rev1=1 crypto rx=0 tx=0 comp rx=0 tx=0).handle_hello peer v2:172.21.15.5:3300/0 says I am v2:172.21.15.5:51248/0 (socket says 172.21.15.5:51248)
2024-09-10T09:27:45.010 INFO:teuthology.orchestra.run.smithi005.stdout:/usr/bin/ceph: stderr
2024-09-10T09:27:44.309+0000 7f7dbfe00640 1 -- 172.21.15.5:0/408021542 learned_addr learned my addr 172.21.15.5:0/408021542 (peer_addr_for_me v2:172.21.15.5:0/0)
2024-09-10T09:27:45.010 INFO:teuthology.orchestra.run.smithi005.stdout:/usr/bin/ceph: stderr
2024-09-10T09:27:44.309+0000 7f7dbfe00640 1 -- 172.21.15.5:0/408021542 --> [v2:172.21.15.5:3300/0,v1:172.21.15.5:6789/0] -- mon_subscribe({config=0+,monmap=0+}) -- 0x7f7dc0108140 con 0x7f7dc0107680
2024-09-10T09:27:45.010 INFO:teuthology.orchestra.run.smithi005.stdout:/usr/bin/ceph: stderr
2024-09-10T09:27:44.310+0000 7f7dbfe00640 1 --2- 172.21.15.5:0/408021542 >> [v2:172.21.15.5:3300/0,v1:172.21.15.5:6789/0] conn(0x7f7dc0107680 0x7f7dc0107a80 secure :-1 s=READY pgs=41 cs=0 l=1 rev1=1 crypto rx=0x7f7db0009820 tx=0x7f7db002a270 comp rx=0 tx=0).ready entity=mon.0 client_cookie=c5f8e538174145bf server_cookie=0 in_seq=0 out_seq=0
2024-09-10T09:27:45.010 INFO:teuthology.orchestra.run.smithi005.stdout:/usr/bin/ceph: stderr
2024-09-10T09:27:44.310+0000 7f7dbea00640 1 -- 172.21.15.5:0/408021542 <== mon.0 v2:172.21.15.5:3300/0 1 ==== mon_map magic: 0 ==== 205+0+0 (secure 0 0 0) 0x7f7db0037070 con 0x7f7dc0107680
2024-09-10T09:27:45.010 INFO:teuthology.orchestra.run.smithi005.stdout:/usr/bin/ceph: stderr
2024-09-10T09:27:44.310+0000 7f7dbea00640 1 -- 172.21.15.5:0/408021542 <== mon.0 v2:172.21.15.5:3300/0 2 ==== config(27 keys) ==== 1109+0+0 (secure 0 0 0) 0x7f7db0032900 con 0x7f7dc0107680
2024-09-10T09:27:45.010 INFO:teuthology.orchestra.run.smithi005.stdout:/usr/bin/ceph: stderr
2024-09-10T09:27:44.310+0000 7f7dbea00640 1 -- 172.21.15.5:0/408021542 <== mon.0 v2:172.21.15.5:3300/0 3 ==== mon_map magic: 0 ==== 205+0+0 (secure 0 0 0) 0x7f7db0030850 con 0x7f7dc0107680
2024-09-10T09:27:45.010 INFO:teuthology.orchestra.run.smithi005.stdout:/usr/bin/ceph: stderr
2024-09-10T09:27:44.311+0000 7f7dc6c00640 1 -- 172.21.15.5:0/408021542 >> [v2:172.21.15.5:3300/0,v1:172.21.15.5:6789/0] conn(0x7f7dc0107680 msgr2=0x7f7dc0107a80 secure :-1 s=STATE_CONNECTION_ESTABLISHED l=1).mark_down
2024-09-10T09:27:45.010 INFO:teuthology.orchestra.run.smithi005.stdout:/usr/bin/ceph: stderr
2024-09-10T09:27:44.311+0000 7f7dc6c00640 1 --2- 172.21.15.5:0/408021542 >> [v2:172.21.15.5:3300/0,v1:172.21.15.5:6789/0] conn(0x7f7dc0107680 0x7f7dc0107a80 secure :-1 s=READY pgs=41 cs=0 l=1 rev1=1 crypto rx=0x7f7db0009820 tx=0x7f7db002a270 comp rx=0 tx=0).stop
2024-09-10T09:27:45.010 INFO:teuthology.orchestra.run.smithi005.stdout:/usr/bin/ceph: stderr
2024-09-10T09:27:44.311+0000 7f7dc6c00640 1 -- 172.21.15.5:0/408021542 shutdown_connections
2024-09-10T09:27:45.010 INFO:teuthology.orchestra.run.smithi005.stdout:/usr/bin/ceph: stderr
2024-09-10T09:27:44.311+0000 7f7dc6c00640 1 --2- 172.21.15.5:0/408021542 >> [v2:172.21.15.5:3300/0,v1:172.21.15.5:6789/0] conn(0x7f7dc0107680 0x7f7dc0107a80 unknown :-1 s=CLOSED pgs=41 cs=0 l=1 rev1=1 crypto rx=0 tx=0 comp rx=0 tx=0).stop
2024-09-10T09:27:45.010 INFO:teuthology.orchestra.run.smithi005.stdout:/usr/bin/ceph: stderr
2024-09-10T09:27:44.311+0000 7f7dc6c00640 1 -- 172.21.15.5:0/408021542 >> 172.21.15.5:0/408021542 conn(0x7f7dc0102eb0 msgr2=0x7f7dc01052f0 unknown :-1 s=STATE_NONE l=0).mark_down
2024-09-10T09:27:45.010 INFO:teuthology.orchestra.run.smithi005.stdout:/usr/bin/ceph: stderr
2024-09-10T09:27:44.311+0000 7f7dc6c00640 1 -- 172.21.15.5:0/408021542 shutdown_connections
2024-09-10T09:27:45.011 INFO:teuthology.orchestra.run.smithi005.stdout:/usr/bin/ceph: stderr
2024-09-10T09:27:44.311+0000 7f7dc6c00640 1 -- 172.21.15.5:0/408021542 wait complete.
2024-09-10T09:27:45.011 INFO:teuthology.orchestra.run.smithi005.stdout:/usr/bin/ceph: stderr
2024-09-10T09:27:44.312+0000 7f7dc6c00640 1 Processor -- start
2024-09-10T09:27:45.011 INFO:teuthology.orchestra.run.smithi005.stdout:/usr/bin/ceph: stderr
2024-09-10T09:27:44.312+0000 7f7dc6c00640 1 -- start start
2024-09-10T09:27:45.011 INFO:teuthology.orchestra.run.smithi005.stdout:/usr/bin/ceph: stderr
2024-09-10T09:27:44.313+0000 7f7dc6c00640 1 --2- >> [v2:172.21.15.5:3300/0,v1:172.21.15.5:6789/0] conn(0x7f7dc0107680 0x7f7dc019d8a0 unknown :-1 s=NONE pgs=0 cs=0 l=1 rev1=0 crypto rx=0 tx=0 comp rx=0 tx=0).connect
2024-09-10T09:27:45.011 INFO:teuthology.orchestra.run.smithi005.stdout:/usr/bin/ceph: stderr
2024-09-10T09:27:44.313+0000 7f7dc6c00640 1 -- --> [v2:172.21.15.5:3300/0,v1:172.21.15.5:6789/0] -- mon_getmap magic: 0 -- 0x7f7dc010baf0 con 0x7f7dc0107680
2024-09-10T09:27:45.011 INFO:teuthology.orchestra.run.smithi005.stdout:/usr/bin/ceph: stderr
2024-09-10T09:27:44.313+0000 7f7dbfe00640 1 --2- >> [v2:172.21.15.5:3300/0,v1:172.21.15.5:6789/0] conn(0x7f7dc0107680 0x7f7dc019d8a0 unknown :-1 s=BANNER_CONNECTING pgs=0 cs=0 l=1 rev1=0 crypto rx=0 tx=0 comp rx=0 tx=0)._handle_peer_banner_payload supported=3 required=0
2024-09-10T09:27:45.011 INFO:teuthology.orchestra.run.smithi005.stdout:/usr/bin/ceph: stderr
2024-09-10T09:27:44.313+0000 7f7dbfe00640 1 --2- >> [v2:172.21.15.5:3300/0,v1:172.21.15.5:6789/0] conn(0x7f7dc0107680 0x7f7dc019d8a0 unknown :-1 s=HELLO_CONNECTING pgs=0 cs=0 l=1 rev1=1 crypto rx=0 tx=0 comp rx=0 tx=0).handle_hello peer v2:172.21.15.5:3300/0 says I am v2:172.21.15.5:51250/0 (socket says 172.21.15.5:51250)
2024-09-10T09:27:45.011 INFO:teuthology.orchestra.run.smithi005.stdout:/usr/bin/ceph: stderr
2024-09-10T09:27:44.313+0000 7f7dbfe00640 1 -- 172.21.15.5:0/2564554269 learned_addr learned my addr 172.21.15.5:0/2564554269 (peer_addr_for_me v2:172.21.15.5:0/0)
2024-09-10T09:27:45.011 INFO:teuthology.orchestra.run.smithi005.stdout:/usr/bin/ceph: stderr
2024-09-10T09:27:44.313+0000 7f7dbfe00640 1 -- 172.21.15.5:0/2564554269 --> [v2:172.21.15.5:3300/0,v1:172.21.15.5:6789/0] -- mon_subscribe({config=0+,monmap=0+}) -- 0x7f7dc019dde0 con 0x7f7dc0107680
2024-09-10T09:27:45.011 INFO:teuthology.orchestra.run.smithi005.stdout:/usr/bin/ceph: stderr
2024-09-10T09:27:44.313+0000 7f7dbfe00640 1 --2- 172.21.15.5:0/2564554269 >> [v2:172.21.15.5:3300/0,v1:172.21.15.5:6789/0] conn(0x7f7dc0107680 0x7f7dc019d8a0 secure :-1 s=READY pgs=42 cs=0 l=1 rev1=1 crypto rx=0x7f7db0031000 tx=0x7f7db00326e0 comp rx=0 tx=0).ready entity=mon.0 client_cookie=0 server_cookie=0 in_seq=0 out_seq=0
2024-09-10T09:27:45.011 INFO:teuthology.orchestra.run.smithi005.stdout:/usr/bin/ceph: stderr
2024-09-10T09:27:44.314+0000 7f7dbcc00640 1 -- 172.21.15.5:0/2564554269 <== mon.0 v2:172.21.15.5:3300/0 1 ==== mon_map magic: 0 ==== 205+0+0 (secure 0 0 0) 0x7f7db0042070 con 0x7f7dc0107680
2024-09-10T09:27:45.011 INFO:teuthology.orchestra.run.smithi005.stdout:/usr/bin/ceph: stderr
2024-09-10T09:27:44.314+0000 7f7dbcc00640 1 -- 172.21.15.5:0/2564554269 <== mon.0 v2:172.21.15.5:3300/0 2 ==== config(27 keys) ==== 1109+0+0 (secure 0 0 0) 0x7f7db0032be0 con 0x7f7dc0107680
2024-09-10T09:27:45.011 INFO:teuthology.orchestra.run.smithi005.stdout:/usr/bin/ceph: stderr
2024-09-10T09:27:44.314+0000 7f7dc6c00640 1 -- 172.21.15.5:0/2564554269 --> [v2:172.21.15.5:3300/0,v1:172.21.15.5:6789/0] -- mon_subscribe({mgrmap=0+}) -- 0x7f7dc019e070 con 0x7f7dc0107680
2024-09-10T09:27:45.011 INFO:teuthology.orchestra.run.smithi005.stdout:/usr/bin/ceph: stderr
2024-09-10T09:27:44.314+0000 7f7dbcc00640 1 -- 172.21.15.5:0/2564554269 <== mon.0 v2:172.21.15.5:3300/0 3 ==== mon_map magic: 0 ==== 205+0+0 (secure 0 0 0) 0x7f7db0037040 con 0x7f7dc0107680
2024-09-10T09:27:45.012 INFO:teuthology.orchestra.run.smithi005.stdout:/usr/bin/ceph: stderr
2024-09-10T09:27:44.314+0000 7f7dc6c00640 1 -- 172.21.15.5:0/2564554269 --> [v2:172.21.15.5:3300/0,v1:172.21.15.5:6789/0] -- mon_subscribe({osdmap=0}) -- 0x7f7dc01a0d60 con 0x7f7dc0107680
2024-09-10T09:27:45.012 INFO:teuthology.orchestra.run.smithi005.stdout:/usr/bin/ceph: stderr
2024-09-10T09:27:44.315+0000 7f7dbcc00640 1 -- 172.21.15.5:0/2564554269 <== mon.0 v2:172.21.15.5:3300/0 4 ==== mgrmap(e 8) ==== 46287+0+0 (secure 0 0 0) 0x7f7db0045070 con 0x7f7dc0107680
2024-09-10T09:27:45.012 INFO:teuthology.orchestra.run.smithi005.stdout:/usr/bin/ceph: stderr
2024-09-10T09:27:44.315+0000 7f7dc6c00640 1 -- 172.21.15.5:0/2564554269 --> [v2:172.21.15.5:3300/0,v1:172.21.15.5:6789/0] -- mon_command({"prefix": "get_command_descriptions"} v 0) -- 0x7f7dc0107b00 con 0x7f7dc0107680
2024-09-10T09:27:45.012 INFO:teuthology.orchestra.run.smithi005.stdout:/usr/bin/ceph: stderr
2024-09-10T09:27:44.316+0000 7f7dbcc00640 1 --2- 172.21.15.5:0/2564554269 >> [v2:172.21.15.5:6800/1527422686,v1:172.21.15.5:6801/1527422686] conn(0x7f7da4038fc0 0x7f7da403b480 unknown :-1 s=NONE pgs=0 cs=0 l=1 rev1=0 crypto rx=0 tx=0 comp rx=0 tx=0).connect
2024-09-10T09:27:45.012 INFO:teuthology.orchestra.run.smithi005.stdout:/usr/bin/ceph: stderr
2024-09-10T09:27:44.316+0000 7f7dbcc00640 1 -- 172.21.15.5:0/2564554269 <== mon.0 v2:172.21.15.5:3300/0 5 ==== osd_map(2..2 src has 1..2) ==== 940+0+0 (secure 0 0 0) 0x7f7db006bff0 con 0x7f7dc0107680
2024-09-10T09:27:45.012 INFO:teuthology.orchestra.run.smithi005.stdout:/usr/bin/ceph: stderr
2024-09-10T09:27:44.316+0000 7f7dbf400640 1 --2- 172.21.15.5:0/2564554269 >> [v2:172.21.15.5:6800/1527422686,v1:172.21.15.5:6801/1527422686] conn(0x7f7da4038fc0 0x7f7da403b480 unknown :-1 s=BANNER_CONNECTING pgs=0 cs=0 l=1 rev1=0 crypto rx=0 tx=0 comp rx=0 tx=0)._handle_peer_banner_payload supported=3 required=0
2024-09-10T09:27:45.012 INFO:teuthology.orchestra.run.smithi005.stdout:/usr/bin/ceph: stderr
2024-09-10T09:27:44.317+0000 7f7dbf400640 1 --2- 172.21.15.5:0/2564554269 >> [v2:172.21.15.5:6800/1527422686,v1:172.21.15.5:6801/1527422686] conn(0x7f7da4038fc0 0x7f7da403b480 secure :-1 s=READY pgs=10 cs=0 l=1 rev1=1 crypto rx=0x7f7dac0098c0 tx=0x7f7dac006db0 comp rx=0 tx=0).ready entity=mgr.14118 client_cookie=0 server_cookie=0 in_seq=0 out_seq=0
2024-09-10T09:27:45.012 INFO:teuthology.orchestra.run.smithi005.stdout:/usr/bin/ceph: stderr
2024-09-10T09:27:44.321+0000 7f7dbcc00640 1 -- 172.21.15.5:0/2564554269 <== mon.0 v2:172.21.15.5:3300/0 6 ==== mon_command_ack([{"prefix": "get_command_descriptions"}]=0 v0) ==== 72+0+188821 (secure 0 0 0) 0x7f7db002f2a0 con 0x7f7dc0107680
2024-09-10T09:27:45.012 INFO:teuthology.orchestra.run.smithi005.stdout:/usr/bin/ceph: stderr
2024-09-10T09:27:44.507+0000 7f7dc6c00640 1 -- 172.21.15.5:0/2564554269 --> [v2:172.21.15.5:6800/1527422686,v1:172.21.15.5:6801/1527422686] -- mgr_command(tid 0: {"prefix": "cephadm get-pub-key", "target": ["mon-mgr", ""]}) -- 0x7f7dc01040c0 con 0x7f7da4038fc0
2024-09-10T09:27:45.012 INFO:teuthology.orchestra.run.smithi005.stdout:/usr/bin/ceph: stderr
2024-09-10T09:27:44.508+0000 7f7dbcc00640 1 -- 172.21.15.5:0/2564554269 <== mgr.14118 v2:172.21.15.5:6800/1527422686 1 ==== mgr_command_reply(tid 0: 0 ) ==== 8+0+595 (secure 0 0 0) 0x7f7dc01040c0 con 0x7f7da4038fc0
2024-09-10T09:27:45.012 INFO:teuthology.orchestra.run.smithi005.stdout:/usr/bin/ceph: stderr
2024-09-10T09:27:44.511+0000 7f7dc6c00640 1 -- 172.21.15.5:0/2564554269 >> [v2:172.21.15.5:6800/1527422686,v1:172.21.15.5:6801/1527422686] conn(0x7f7da4038fc0 msgr2=0x7f7da403b480 secure :-1 s=STATE_CONNECTION_ESTABLISHED l=1).mark_down
2024-09-10T09:27:45.012 INFO:teuthology.orchestra.run.smithi005.stdout:/usr/bin/ceph: stderr
2024-09-10T09:27:44.512+0000 7f7dc6c00640 1 --2- 172.21.15.5:0/2564554269 >> [v2:172.21.15.5:6800/1527422686,v1:172.21.15.5:6801/1527422686] conn(0x7f7da4038fc0 0x7f7da403b480 secure :-1 s=READY pgs=10 cs=0 l=1 rev1=1 crypto rx=0x7f7dac0098c0 tx=0x7f7dac006db0 comp rx=0 tx=0).stop
2024-09-10T09:27:45.013 INFO:teuthology.orchestra.run.smithi005.stdout:/usr/bin/ceph: stderr
2024-09-10T09:27:44.512+0000 7f7dc6c00640 1 -- 172.21.15.5:0/2564554269 >> [v2:172.21.15.5:3300/0,v1:172.21.15.5:6789/0] conn(0x7f7dc0107680 msgr2=0x7f7dc019d8a0 secure :-1 s=STATE_CONNECTION_ESTABLISHED l=1).mark_down
2024-09-10T09:27:45.013 INFO:teuthology.orchestra.run.smithi005.stdout:/usr/bin/ceph: stderr
2024-09-10T09:27:44.512+0000 7f7dc6c00640 1 --2- 172.21.15.5:0/2564554269 >> [v2:172.21.15.5:3300/0,v1:172.21.15.5:6789/0] conn(0x7f7dc0107680 0x7f7dc019d8a0 secure :-1 s=READY pgs=42 cs=0 l=1 rev1=1 crypto rx=0x7f7db0031000 tx=0x7f7db00326e0 comp rx=0 tx=0).stop
2024-09-10T09:27:45.013 INFO:teuthology.orchestra.run.smithi005.stdout:/usr/bin/ceph: stderr
2024-09-10T09:27:44.512+0000 7f7dc6c00640 1 -- 172.21.15.5:0/2564554269 shutdown_connections
2024-09-10T09:27:45.013 INFO:teuthology.orchestra.run.smithi005.stdout:/usr/bin/ceph: stderr
2024-09-10T09:27:44.512+0000 7f7dc6c00640 1 --2- 172.21.15.5:0/2564554269 >> [v2:172.21.15.5:6800/1527422686,v1:172.21.15.5:6801/1527422686] conn(0x7f7da4038fc0 0x7f7da403b480 unknown :-1 s=CLOSED pgs=10 cs=0 l=1 rev1=1 crypto rx=0 tx=0 comp rx=0 tx=0).stop
2024-09-10T09:27:45.013 INFO:teuthology.orchestra.run.smithi005.stdout:/usr/bin/ceph: stderr
2024-09-10T09:27:44.512+0000 7f7dc6c00640 1 --2- 172.21.15.5:0/2564554269 >> [v2:172.21.15.5:3300/0,v1:172.21.15.5:6789/0] conn(0x7f7dc0107680 0x7f7dc019d8a0 unknown :-1 s=CLOSED pgs=42 cs=0 l=1 rev1=1 crypto rx=0 tx=0 comp rx=0 tx=0).stop
2024-09-10T09:27:45.013 INFO:teuthology.orchestra.run.smithi005.stdout:/usr/bin/ceph: stderr
2024-09-10T09:27:44.512+0000 7f7dc6c00640 1 -- 172.21.15.5:0/2564554269 >> 172.21.15.5:0/2564554269 conn(0x7f7dc0102eb0 msgr2=0x7f7dc01039b0 unknown :-1 s=STATE_NONE l=0).mark_down
2024-09-10T09:27:45.013 INFO:teuthology.orchestra.run.smithi005.stdout:/usr/bin/ceph: stderr
2024-09-10T09:27:44.512+0000 7f7dc6c00640 1 -- 172.21.15.5:0/2564554269 shutdown_connections
2024-09-10T09:27:45.013 INFO:teuthology.orchestra.run.smithi005.stdout:/usr/bin/ceph: stderr
2024-09-10T09:27:44.512+0000 7f7dc6c00640 1 -- 172.21.15.5:0/2564554269 wait complete.
2024-09-10T09:27:45.013 INFO:teuthology.orchestra.run.smithi005.stdout:Wrote public SSH key to /home/ubuntu/cephtest/ceph.pub
2024-09-10T09:27:45.013 INFO:teuthology.orchestra.run.smithi005.stdout:Adding key to root@localhost authorized_keys...
2024-09-10T09:27:45.017 INFO:teuthology.orchestra.run.smithi005.stdout:Adding host smithi005...
2024-09-10T09:27:45.451 INFO:journalctl@ceph.mon.a.smithi005.stdout:Sep 10 09:27:45 smithi005 ceph-mon[30350]: from='client.14136 -' entity='client.admin' cmd=[{"prefix": "cephadm get-pub-key", "target": ["mon-mgr", ""]}]: dispatch
2024-09-10T09:27:46.306 INFO:journalctl@ceph.mon.a.smithi005.stdout:Sep 10 09:27:46 smithi005 ceph-mon[30350]: from='client.14138 -' entity='client.admin' cmd=[{"prefix": "orch host add", "hostname": "smithi005", "addr": "172.21.15.5", "target": ["mon-mgr", ""]}]: dispatch
2024-09-10T09:27:48.003 INFO:journalctl@ceph.mon.a.smithi005.stdout:Sep 10 09:27:47 smithi005 ceph-mon[30350]: Deploying cephadm binary to smithi005
2024-09-10T09:27:50.985 INFO:teuthology.orchestra.run.smithi005.stdout:/usr/bin/ceph: stdout Added host 'smithi005' with addr '172.21.15.5'
2024-09-10T09:27:50.985 INFO:teuthology.orchestra.run.smithi005.stdout:/usr/bin/ceph: stderr
2024-09-10T09:27:45.560+0000 7fdcbd000640 1 Processor -- start
2024-09-10T09:27:50.985 INFO:teuthology.orchestra.run.smithi005.stdout:/usr/bin/ceph: stderr
2024-09-10T09:27:45.561+0000 7fdcbd000640 1 -- start start
2024-09-10T09:27:50.985 INFO:teuthology.orchestra.run.smithi005.stdout:/usr/bin/ceph: stderr
2024-09-10T09:27:45.561+0000 7fdcbd000640 1 --2- >> [v2:172.21.15.5:3300/0,v1:172.21.15.5:6789/0] conn(0x7fdcb8107680 0x7fdcb8107a80 unknown :-1 s=NONE pgs=0 cs=0 l=0 rev1=0 crypto rx=0 tx=0 comp rx=0 tx=0).connect
2024-09-10T09:27:50.985 INFO:teuthology.orchestra.run.smithi005.stdout:/usr/bin/ceph: stderr
2024-09-10T09:27:45.561+0000 7fdcbd000640 1 -- --> [v2:172.21.15.5:3300/0,v1:172.21.15.5:6789/0] -- mon_getmap magic: 0 -- 0x7fdcb8107fc0 con 0x7fdcb8107680
2024-09-10T09:27:50.985 INFO:teuthology.orchestra.run.smithi005.stdout:/usr/bin/ceph: stderr
2024-09-10T09:27:45.561+0000 7fdcb5e00640 1 --2- >> [v2:172.21.15.5:3300/0,v1:172.21.15.5:6789/0] conn(0x7fdcb8107680 0x7fdcb8107a80 unknown :-1 s=BANNER_CONNECTING pgs=0 cs=0 l=0 rev1=0 crypto rx=0 tx=0 comp rx=0 tx=0)._handle_peer_banner_payload supported=3 required=0
2024-09-10T09:27:50.985 INFO:teuthology.orchestra.run.smithi005.stdout:/usr/bin/ceph: stderr
2024-09-10T09:27:45.561+0000 7fdcb5e00640 1 --2- >> [v2:172.21.15.5:3300/0,v1:172.21.15.5:6789/0] conn(0x7fdcb8107680 0x7fdcb8107a80 unknown :-1 s=HELLO_CONNECTING pgs=0 cs=0 l=0 rev1=1 crypto rx=0 tx=0 comp rx=0 tx=0).handle_hello peer v2:172.21.15.5:3300/0 says I am v2:172.21.15.5:51256/0 (socket says 172.21.15.5:51256)
2024-09-10T09:27:50.985 INFO:teuthology.orchestra.run.smithi005.stdout:/usr/bin/ceph: stderr
2024-09-10T09:27:45.561+0000 7fdcb5e00640 1 -- 172.21.15.5:0/4181361197 learned_addr learned my addr 172.21.15.5:0/4181361197 (peer_addr_for_me v2:172.21.15.5:0/0)
2024-09-10T09:27:50.985 INFO:teuthology.orchestra.run.smithi005.stdout:/usr/bin/ceph: stderr
2024-09-10T09:27:45.561+0000 7fdcb5e00640 1 -- 172.21.15.5:0/4181361197 --> [v2:172.21.15.5:3300/0,v1:172.21.15.5:6789/0] -- mon_subscribe({config=0+,monmap=0+}) -- 0x7fdcb8108140 con 0x7fdcb8107680
2024-09-10T09:27:50.985 INFO:teuthology.orchestra.run.smithi005.stdout:/usr/bin/ceph: stderr
2024-09-10T09:27:45.562+0000 7fdcb5e00640 1 --2- 172.21.15.5:0/4181361197 >> [v2:172.21.15.5:3300/0,v1:172.21.15.5:6789/0] conn(0x7fdcb8107680 0x7fdcb8107a80 secure :-1 s=READY pgs=43 cs=0 l=1 rev1=1 crypto rx=0x7fdca8009820 tx=0x7fdca802a270 comp rx=0 tx=0).ready entity=mon.0 client_cookie=a6874a45de1fc098 server_cookie=0 in_seq=0 out_seq=0
2024-09-10T09:27:50.986 INFO:teuthology.orchestra.run.smithi005.stdout:/usr/bin/ceph: stderr
2024-09-10T09:27:45.563+0000 7fdcb5400640 1 -- 172.21.15.5:0/4181361197 <== mon.0 v2:172.21.15.5:3300/0 1 ==== mon_map magic: 0 ==== 205+0+0 (secure 0 0 0) 0x7fdca8037070 con 0x7fdcb8107680
2024-09-10T09:27:50.986 INFO:teuthology.orchestra.run.smithi005.stdout:/usr/bin/ceph: stderr
2024-09-10T09:27:45.563+0000 7fdcb5400640 1 -- 172.21.15.5:0/4181361197 <== mon.0 v2:172.21.15.5:3300/0 2 ==== config(27 keys) ==== 1109+0+0 (secure 0 0 0) 0x7fdca8032900 con 0x7fdcb8107680
2024-09-10T09:27:50.986 INFO:teuthology.orchestra.run.smithi005.stdout:/usr/bin/ceph: stderr
2024-09-10T09:27:45.563+0000 7fdcb5400640 1 -- 172.21.15.5:0/4181361197 <== mon.0 v2:172.21.15.5:3300/0 3 ==== mon_map magic: 0 ==== 205+0+0 (secure 0 0 0) 0x7fdca8030850 con 0x7fdcb8107680
2024-09-10T09:27:50.986 INFO:teuthology.orchestra.run.smithi005.stdout:/usr/bin/ceph: stderr
2024-09-10T09:27:45.563+0000 7fdcbd000640 1 -- 172.21.15.5:0/4181361197 >> [v2:172.21.15.5:3300/0,v1:172.21.15.5:6789/0] conn(0x7fdcb8107680 msgr2=0x7fdcb8107a80 secure :-1 s=STATE_CONNECTION_ESTABLISHED l=1).mark_down
2024-09-10T09:27:50.986 INFO:teuthology.orchestra.run.smithi005.stdout:/usr/bin/ceph: stderr
2024-09-10T09:27:45.563+0000 7fdcbd000640 1 --2- 172.21.15.5:0/4181361197 >> [v2:172.21.15.5:3300/0,v1:172.21.15.5:6789/0] conn(0x7fdcb8107680 0x7fdcb8107a80 secure :-1 s=READY pgs=43 cs=0 l=1 rev1=1 crypto rx=0x7fdca8009820 tx=0x7fdca802a270 comp rx=0 tx=0).stop
2024-09-10T09:27:50.986 INFO:teuthology.orchestra.run.smithi005.stdout:/usr/bin/ceph: stderr
2024-09-10T09:27:45.563+0000 7fdcbd000640 1 -- 172.21.15.5:0/4181361197 shutdown_connections
2024-09-10T09:27:50.986 INFO:teuthology.orchestra.run.smithi005.stdout:/usr/bin/ceph: stderr
2024-09-10T09:27:45.563+0000 7fdcbd000640 1 --2- 172.21.15.5:0/4181361197 >> [v2:172.21.15.5:3300/0,v1:172.21.15.5:6789/0] conn(0x7fdcb8107680 0x7fdcb8107a80 unknown :-1 s=CLOSED pgs=43 cs=0 l=1 rev1=1 crypto rx=0 tx=0 comp rx=0 tx=0).stop
2024-09-10T09:27:50.986 INFO:teuthology.orchestra.run.smithi005.stdout:/usr/bin/ceph: stderr
2024-09-10T09:27:45.563+0000 7fdcbd000640 1 -- 172.21.15.5:0/4181361197 >> 172.21.15.5:0/4181361197 conn(0x7fdcb8102eb0 msgr2=0x7fdcb81052f0 unknown :-1 s=STATE_NONE l=0).mark_down
2024-09-10T09:27:50.986 INFO:teuthology.orchestra.run.smithi005.stdout:/usr/bin/ceph: stderr
2024-09-10T09:27:45.564+0000 7fdcbd000640 1 -- 172.21.15.5:0/4181361197 shutdown_connections
2024-09-10T09:27:50.986 INFO:teuthology.orchestra.run.smithi005.stdout:/usr/bin/ceph: stderr
2024-09-10T09:27:45.564+0000 7fdcbd000640 1 -- 172.21.15.5:0/4181361197 wait complete.
2024-09-10T09:27:50.986 INFO:teuthology.orchestra.run.smithi005.stdout:/usr/bin/ceph: stderr
2024-09-10T09:27:45.564+0000 7fdcbd000640 1 Processor -- start
2024-09-10T09:27:50.986 INFO:teuthology.orchestra.run.smithi005.stdout:/usr/bin/ceph: stderr
2024-09-10T09:27:45.565+0000 7fdcbd000640 1 -- start start
2024-09-10T09:27:50.986 INFO:teuthology.orchestra.run.smithi005.stdout:/usr/bin/ceph: stderr
2024-09-10T09:27:45.565+0000 7fdcbd000640 1 --2- >> [v2:172.21.15.5:3300/0,v1:172.21.15.5:6789/0] conn(0x7fdcb8107680 0x7fdcb819b640 unknown :-1 s=NONE pgs=0 cs=0 l=1 rev1=0 crypto rx=0 tx=0 comp rx=0 tx=0).connect
2024-09-10T09:27:50.987 INFO:teuthology.orchestra.run.smithi005.stdout:/usr/bin/ceph: stderr
2024-09-10T09:27:45.565+0000 7fdcbd000640 1 -- --> [v2:172.21.15.5:3300/0,v1:172.21.15.5:6789/0] -- mon_getmap magic: 0 -- 0x7fdcb810baf0 con 0x7fdcb8107680
2024-09-10T09:27:50.987 INFO:teuthology.orchestra.run.smithi005.stdout:/usr/bin/ceph: stderr
2024-09-10T09:27:45.565+0000 7fdcb5e00640 1 --2- >> [v2:172.21.15.5:3300/0,v1:172.21.15.5:6789/0] conn(0x7fdcb8107680 0x7fdcb819b640 unknown :-1 s=BANNER_CONNECTING pgs=0 cs=0 l=1 rev1=0 crypto rx=0 tx=0 comp rx=0 tx=0)._handle_peer_banner_payload supported=3 required=0
2024-09-10T09:27:50.987 INFO:teuthology.orchestra.run.smithi005.stdout:/usr/bin/ceph: stderr
2024-09-10T09:27:45.565+0000 7fdcb5e00640 1 --2- >> [v2:172.21.15.5:3300/0,v1:172.21.15.5:6789/0] conn(0x7fdcb8107680 0x7fdcb819b640 unknown :-1 s=HELLO_CONNECTING pgs=0 cs=0 l=1 rev1=1 crypto rx=0 tx=0 comp rx=0 tx=0).handle_hello peer v2:172.21.15.5:3300/0 says I am v2:172.21.15.5:51258/0 (socket says 172.21.15.5:51258)
2024-09-10T09:27:50.987 INFO:teuthology.orchestra.run.smithi005.stdout:/usr/bin/ceph: stderr
2024-09-10T09:27:45.565+0000 7fdcb5e00640 1 -- 172.21.15.5:0/332697255 learned_addr learned my addr 172.21.15.5:0/332697255 (peer_addr_for_me v2:172.21.15.5:0/0)
2024-09-10T09:27:50.987 INFO:teuthology.orchestra.run.smithi005.stdout:/usr/bin/ceph: stderr
2024-09-10T09:27:45.566+0000 7fdcb5e00640 1 -- 172.21.15.5:0/332697255 --> [v2:172.21.15.5:3300/0,v1:172.21.15.5:6789/0] -- mon_subscribe({config=0+,monmap=0+}) -- 0x7fdcb819bb80 con 0x7fdcb8107680
2024-09-10T09:27:50.987 INFO:teuthology.orchestra.run.smithi005.stdout:/usr/bin/ceph: stderr
2024-09-10T09:27:45.566+0000 7fdcb5e00640 1 --2- 172.21.15.5:0/332697255 >> [v2:172.21.15.5:3300/0,v1:172.21.15.5:6789/0] conn(0x7fdcb8107680 0x7fdcb819b640 secure :-1 s=READY pgs=44 cs=0 l=1 rev1=1 crypto rx=0x7fdca80097f0 tx=0x7fdca8030ec0 comp rx=0 tx=0).ready entity=mon.0 client_cookie=0 server_cookie=0 in_seq=0 out_seq=0
2024-09-10T09:27:50.987 INFO:teuthology.orchestra.run.smithi005.stdout:/usr/bin/ceph: stderr
2024-09-10T09:27:45.566+0000 7fdcaea00640 1 -- 172.21.15.5:0/332697255 <== mon.0 v2:172.21.15.5:3300/0 1 ==== mon_map magic: 0 ==== 205+0+0 (secure 0 0 0) 0x7fdca8042070 con 0x7fdcb8107680
2024-09-10T09:27:50.987 INFO:teuthology.orchestra.run.smithi005.stdout:/usr/bin/ceph: stderr
2024-09-10T09:27:45.566+0000 7fdcaea00640 1 -- 172.21.15.5:0/332697255 <== mon.0 v2:172.21.15.5:3300/0 2 ==== config(27 keys) ==== 1109+0+0 (secure 0 0 0) 0x7fdca8032ca0 con 0x7fdcb8107680
2024-09-10T09:27:50.987 INFO:teuthology.orchestra.run.smithi005.stdout:/usr/bin/ceph: stderr
2024-09-10T09:27:45.566+0000 7fdcaea00640 1 -- 172.21.15.5:0/332697255 <== mon.0 v2:172.21.15.5:3300/0 3 ==== mon_map magic: 0 ==== 205+0+0 (secure 0 0 0) 0x7fdca8037040 con 0x7fdcb8107680
2024-09-10T09:27:50.987 INFO:teuthology.orchestra.run.smithi005.stdout:/usr/bin/ceph: stderr
2024-09-10T09:27:45.566+0000 7fdcbd000640 1 -- 172.21.15.5:0/332697255 --> [v2:172.21.15.5:3300/0,v1:172.21.15.5:6789/0] -- mon_subscribe({mgrmap=0+}) -- 0x7fdcb819be10 con 0x7fdcb8107680
2024-09-10T09:27:50.987 INFO:teuthology.orchestra.run.smithi005.stdout:/usr/bin/ceph: stderr
2024-09-10T09:27:45.566+0000 7fdcbd000640 1 -- 172.21.15.5:0/332697255 --> [v2:172.21.15.5:3300/0,v1:172.21.15.5:6789/0] -- mon_subscribe({osdmap=0}) -- 0x7fdcb819eb00 con 0x7fdcb8107680
2024-09-10T09:27:50.987 INFO:teuthology.orchestra.run.smithi005.stdout:/usr/bin/ceph: stderr
2024-09-10T09:27:45.567+0000 7fdcaea00640 1 -- 172.21.15.5:0/332697255 <== mon.0 v2:172.21.15.5:3300/0 4 ==== mgrmap(e 8) ==== 46287+0+0 (secure 0 0 0) 0x7fdca8045070 con 0x7fdcb8107680
2024-09-10T09:27:50.987 INFO:teuthology.orchestra.run.smithi005.stdout:/usr/bin/ceph: stderr
2024-09-10T09:27:45.567+0000 7fdcbd000640 1 -- 172.21.15.5:0/332697255 --> [v2:172.21.15.5:3300/0,v1:172.21.15.5:6789/0] -- mon_command({"prefix": "get_command_descriptions"} v 0) -- 0x7fdcb8107b00 con 0x7fdcb8107680
2024-09-10T09:27:50.987 INFO:teuthology.orchestra.run.smithi005.stdout:/usr/bin/ceph: stderr
2024-09-10T09:27:45.568+0000 7fdcaea00640 1 --2- 172.21.15.5:0/332697255 >> [v2:172.21.15.5:6800/1527422686,v1:172.21.15.5:6801/1527422686] conn(0x7fdc9c038f70 0x7fdc9c03b430 unknown :-1 s=NONE pgs=0 cs=0 l=1 rev1=0 crypto rx=0 tx=0 comp rx=0 tx=0).connect
2024-09-10T09:27:50.988 INFO:teuthology.orchestra.run.smithi005.stdout:/usr/bin/ceph: stderr
2024-09-10T09:27:45.568+0000 7fdcaea00640 1 -- 172.21.15.5:0/332697255 <== mon.0 v2:172.21.15.5:3300/0 5 ==== osd_map(2..2 src has 1..2) ==== 940+0+0 (secure 0 0 0) 0x7fdca806c040 con 0x7fdcb8107680
2024-09-10T09:27:50.988 INFO:teuthology.orchestra.run.smithi005.stdout:/usr/bin/ceph: stderr
2024-09-10T09:27:45.568+0000 7fdcafe00640 1 --2- 172.21.15.5:0/332697255 >> [v2:172.21.15.5:6800/1527422686,v1:172.21.15.5:6801/1527422686] conn(0x7fdc9c038f70 0x7fdc9c03b430 unknown :-1 s=BANNER_CONNECTING pgs=0 cs=0 l=1 rev1=0 crypto rx=0 tx=0 comp rx=0 tx=0)._handle_peer_banner_payload supported=3 required=0
2024-09-10T09:27:50.988 INFO:teuthology.orchestra.run.smithi005.stdout:/usr/bin/ceph: stderr
2024-09-10T09:27:45.569+0000 7fdcafe00640 1 --2- 172.21.15.5:0/332697255 >> [v2:172.21.15.5:6800/1527422686,v1:172.21.15.5:6801/1527422686] conn(0x7fdc9c038f70 0x7fdc9c03b430 secure :-1 s=READY pgs=11 cs=0 l=1 rev1=1 crypto rx=0x7fdca00098c0 tx=0x7fdca0006db0 comp rx=0 tx=0).ready entity=mgr.14118 client_cookie=0 server_cookie=0 in_seq=0 out_seq=0
2024-09-10T09:27:50.988 INFO:teuthology.orchestra.run.smithi005.stdout:/usr/bin/ceph: stderr
2024-09-10T09:27:45.573+0000 7fdcaea00640 1 -- 172.21.15.5:0/332697255 <== mon.0 v2:172.21.15.5:3300/0 6 ==== mon_command_ack([{"prefix": "get_command_descriptions"}]=0 v0) ==== 72+0+188821 (secure 0 0 0) 0x7fdca8045360 con 0x7fdcb8107680
2024-09-10T09:27:50.988 INFO:teuthology.orchestra.run.smithi005.stdout:/usr/bin/ceph: stderr
2024-09-10T09:27:45.761+0000 7fdcbd000640 1 -- 172.21.15.5:0/332697255 --> [v2:172.21.15.5:6800/1527422686,v1:172.21.15.5:6801/1527422686] -- mgr_command(tid 0: {"prefix": "orch host add", "hostname": "smithi005", "addr": "172.21.15.5", "target": ["mon-mgr", ""]}) -- 0x7fdcb8104100 con 0x7fdc9c038f70
2024-09-10T09:27:50.988 INFO:teuthology.orchestra.run.smithi005.stdout:/usr/bin/ceph: stderr
2024-09-10T09:27:50.249+0000 7fdcaea00640 1 -- 172.21.15.5:0/332697255 <== mgr.14118 v2:172.21.15.5:6800/1527422686 1 ==== mgr_command_reply(tid 0: 0 ) ==== 8+0+47 (secure 0 0 0) 0x7fdcb8104100 con 0x7fdc9c038f70
2024-09-10T09:27:50.988 INFO:teuthology.orchestra.run.smithi005.stdout:/usr/bin/ceph: stderr
2024-09-10T09:27:50.252+0000 7fdcbd000640 1 -- 172.21.15.5:0/332697255 >> [v2:172.21.15.5:6800/1527422686,v1:172.21.15.5:6801/1527422686] conn(0x7fdc9c038f70 msgr2=0x7fdc9c03b430 secure :-1 s=STATE_CONNECTION_ESTABLISHED l=1).mark_down
2024-09-10T09:27:50.988 INFO:teuthology.orchestra.run.smithi005.stdout:/usr/bin/ceph: stderr
2024-09-10T09:27:50.252+0000 7fdcbd000640 1 --2- 172.21.15.5:0/332697255 >> [v2:172.21.15.5:6800/1527422686,v1:172.21.15.5:6801/1527422686] conn(0x7fdc9c038f70 0x7fdc9c03b430 secure :-1 s=READY pgs=11 cs=0 l=1 rev1=1 crypto rx=0x7fdca00098c0 tx=0x7fdca0006db0 comp rx=0 tx=0).stop
2024-09-10T09:27:50.988 INFO:teuthology.orchestra.run.smithi005.stdout:/usr/bin/ceph: stderr
2024-09-10T09:27:50.252+0000 7fdcbd000640 1 -- 172.21.15.5:0/332697255 >> [v2:172.21.15.5:3300/0,v1:172.21.15.5:6789/0] conn(0x7fdcb8107680 msgr2=0x7fdcb819b640 secure :-1 s=STATE_CONNECTION_ESTABLISHED l=1).mark_down
2024-09-10T09:27:50.988 INFO:teuthology.orchestra.run.smithi005.stdout:/usr/bin/ceph: stderr
2024-09-10T09:27:50.252+0000 7fdcbd000640 1 --2- 172.21.15.5:0/332697255 >> [v2:172.21.15.5:3300/0,v1:172.21.15.5:6789/0] conn(0x7fdcb8107680 0x7fdcb819b640 secure :-1 s=READY pgs=44 cs=0 l=1 rev1=1 crypto rx=0x7fdca80097f0 tx=0x7fdca8030ec0 comp rx=0 tx=0).stop
2024-09-10T09:27:50.988 INFO:teuthology.orchestra.run.smithi005.stdout:/usr/bin/ceph: stderr
2024-09-10T09:27:50.252+0000 7fdcbd000640 1 -- 172.21.15.5:0/332697255 shutdown_connections
2024-09-10T09:27:50.988 INFO:teuthology.orchestra.run.smithi005.stdout:/usr/bin/ceph: stderr
2024-09-10T09:27:50.252+0000 7fdcbd000640 1 --2- 172.21.15.5:0/332697255 >> [v2:172.21.15.5:6800/1527422686,v1:172.21.15.5:6801/1527422686] conn(0x7fdc9c038f70 0x7fdc9c03b430 unknown :-1 s=CLOSED pgs=11 cs=0 l=1 rev1=1 crypto rx=0 tx=0 comp rx=0 tx=0).stop
2024-09-10T09:27:50.988 INFO:teuthology.orchestra.run.smithi005.stdout:/usr/bin/ceph: stderr
2024-09-10T09:27:50.252+0000 7fdcbd000640 1 --2- 172.21.15.5:0/332697255 >> [v2:172.21.15.5:3300/0,v1:172.21.15.5:6789/0] conn(0x7fdcb8107680 0x7fdcb819b640 unknown :-1 s=CLOSED pgs=44 cs=0 l=1 rev1=1 crypto rx=0 tx=0 comp rx=0 tx=0).stop
2024-09-10T09:27:50.988 INFO:teuthology.orchestra.run.smithi005.stdout:/usr/bin/ceph: stderr
2024-09-10T09:27:50.252+0000 7fdcbd000640 1 -- 172.21.15.5:0/332697255 >> 172.21.15.5:0/332697255 conn(0x7fdcb8102eb0 msgr2=0x7fdcb81039f0 unknown :-1 s=STATE_NONE l=0).mark_down
2024-09-10T09:27:50.989 INFO:teuthology.orchestra.run.smithi005.stdout:/usr/bin/ceph: stderr
2024-09-10T09:27:50.252+0000 7fdcbd000640 1 -- 172.21.15.5:0/332697255 shutdown_connections
2024-09-10T09:27:50.989 INFO:teuthology.orchestra.run.smithi005.stdout:/usr/bin/ceph: stderr
2024-09-10T09:27:50.252+0000 7fdcbd000640 1 -- 172.21.15.5:0/332697255 wait complete.
2024-09-10T09:27:50.989 INFO:teuthology.orchestra.run.smithi005.stdout:Deploying unmanaged mon service...
2024-09-10T09:27:51.518 INFO:journalctl@ceph.mon.a.smithi005.stdout:Sep 10 09:27:51 smithi005 ceph-mon[30350]: from='mgr.14118 172.21.15.5:0/1435659661' entity='mgr.x'
2024-09-10T09:27:51.518 INFO:journalctl@ceph.mon.a.smithi005.stdout:Sep 10 09:27:51 smithi005 ceph-mon[30350]: Added host smithi005
2024-09-10T09:27:51.518 INFO:journalctl@ceph.mon.a.smithi005.stdout:Sep 10 09:27:51 smithi005 ceph-mon[30350]: from='mgr.14118 172.21.15.5:0/1435659661' entity='mgr.x' cmd=[{"prefix": "config dump", "format": "json"}]: dispatch
2024-09-10T09:27:52.746 INFO:teuthology.orchestra.run.smithi005.stdout:/usr/bin/ceph: stdout Scheduled mon update...
2024-09-10T09:27:52.747 INFO:teuthology.orchestra.run.smithi005.stdout:/usr/bin/ceph: stderr
2024-09-10T09:27:51.516+0000 7fc69fe00640 1 Processor -- start
2024-09-10T09:27:52.747 INFO:teuthology.orchestra.run.smithi005.stdout:/usr/bin/ceph: stderr
2024-09-10T09:27:51.516+0000 7fc69fe00640 1 -- start start
2024-09-10T09:27:52.747 INFO:teuthology.orchestra.run.smithi005.stdout:/usr/bin/ceph: stderr
2024-09-10T09:27:51.516+0000 7fc69fe00640 1 --2- >> [v2:172.21.15.5:3300/0,v1:172.21.15.5:6789/0] conn(0x7fc6a007dee0 0x7fc6a007c340 unknown :-1 s=NONE pgs=0 cs=0 l=0 rev1=0 crypto rx=0 tx=0 comp rx=0 tx=0).connect
2024-09-10T09:27:52.747 INFO:teuthology.orchestra.run.smithi005.stdout:/usr/bin/ceph: stderr
2024-09-10T09:27:51.516+0000 7fc69fe00640 1 -- --> [v2:172.21.15.5:3300/0,v1:172.21.15.5:6789/0] -- mon_getmap magic: 0 -- 0x7fc6a007c910 con 0x7fc6a007dee0
2024-09-10T09:27:52.747 INFO:teuthology.orchestra.run.smithi005.stdout:/usr/bin/ceph: stderr
2024-09-10T09:27:51.517+0000 7fc69ea00640 1 --2- >> [v2:172.21.15.5:3300/0,v1:172.21.15.5:6789/0] conn(0x7fc6a007dee0 0x7fc6a007c340 unknown :-1 s=BANNER_CONNECTING pgs=0 cs=0 l=0 rev1=0 crypto rx=0 tx=0 comp rx=0 tx=0)._handle_peer_banner_payload supported=3 required=0
2024-09-10T09:27:52.747 INFO:teuthology.orchestra.run.smithi005.stdout:/usr/bin/ceph: stderr
2024-09-10T09:27:51.517+0000 7fc69ea00640 1 --2- >> [v2:172.21.15.5:3300/0,v1:172.21.15.5:6789/0] conn(0x7fc6a007dee0 0x7fc6a007c340 unknown :-1 s=HELLO_CONNECTING pgs=0 cs=0 l=0 rev1=1 crypto rx=0 tx=0 comp rx=0 tx=0).handle_hello peer v2:172.21.15.5:3300/0 says I am v2:172.21.15.5:40836/0 (socket says 172.21.15.5:40836)
2024-09-10T09:27:52.747 INFO:teuthology.orchestra.run.smithi005.stdout:/usr/bin/ceph: stderr
2024-09-10T09:27:51.517+0000 7fc69ea00640 1 -- 172.21.15.5:0/694303546 learned_addr learned my addr 172.21.15.5:0/694303546 (peer_addr_for_me v2:172.21.15.5:0/0)
2024-09-10T09:27:52.747 INFO:teuthology.orchestra.run.smithi005.stdout:/usr/bin/ceph: stderr
2024-09-10T09:27:51.517+0000 7fc69ea00640 1 -- 172.21.15.5:0/694303546 --> [v2:172.21.15.5:3300/0,v1:172.21.15.5:6789/0] -- mon_subscribe({config=0+,monmap=0+}) -- 0x7fc6a007ca90 con 0x7fc6a007dee0
2024-09-10T09:27:52.747 INFO:teuthology.orchestra.run.smithi005.stdout:/usr/bin/ceph: stderr
2024-09-10T09:27:51.518+0000 7fc69ea00640 1 --2- 172.21.15.5:0/694303546 >> [v2:172.21.15.5:3300/0,v1:172.21.15.5:6789/0] conn(0x7fc6a007dee0 0x7fc6a007c340 secure :-1 s=READY pgs=45 cs=0 l=1 rev1=1 crypto rx=0x7fc690009820 tx=0x7fc69002a270 comp rx=0 tx=0).ready entity=mon.0 client_cookie=8ee444479ceeb148 server_cookie=0 in_seq=0 out_seq=0
2024-09-10T09:27:52.748 INFO:teuthology.orchestra.run.smithi005.stdout:/usr/bin/ceph: stderr
2024-09-10T09:27:51.518+0000 7fc69d600640 1 -- 172.21.15.5:0/694303546 <== mon.0 v2:172.21.15.5:3300/0 1 ==== mon_map magic: 0 ==== 205+0+0 (secure 0 0 0) 0x7fc690037070 con 0x7fc6a007dee0
2024-09-10T09:27:52.748 INFO:teuthology.orchestra.run.smithi005.stdout:/usr/bin/ceph: stderr
2024-09-10T09:27:51.519+0000 7fc69d600640 1 -- 172.21.15.5:0/694303546 <== mon.0 v2:172.21.15.5:3300/0 2 ==== config(27 keys) ==== 1109+0+0 (secure 0 0 0) 0x7fc690032900 con 0x7fc6a007dee0
2024-09-10T09:27:52.748 INFO:teuthology.orchestra.run.smithi005.stdout:/usr/bin/ceph: stderr
2024-09-10T09:27:51.519+0000 7fc69d600640 1 -- 172.21.15.5:0/694303546 <== mon.0 v2:172.21.15.5:3300/0 3 ==== mon_map magic: 0 ==== 205+0+0 (secure 0 0 0) 0x7fc690030850 con 0x7fc6a007dee0
2024-09-10T09:27:52.748 INFO:teuthology.orchestra.run.smithi005.stdout:/usr/bin/ceph: stderr
2024-09-10T09:27:51.519+0000 7fc69fe00640 1 -- 172.21.15.5:0/694303546 >> [v2:172.21.15.5:3300/0,v1:172.21.15.5:6789/0] conn(0x7fc6a007dee0 msgr2=0x7fc6a007c340 secure :-1 s=STATE_CONNECTION_ESTABLISHED l=1).mark_down
2024-09-10T09:27:52.748 INFO:teuthology.orchestra.run.smithi005.stdout:/usr/bin/ceph: stderr
2024-09-10T09:27:51.519+0000 7fc69fe00640 1 --2- 172.21.15.5:0/694303546 >> [v2:172.21.15.5:3300/0,v1:172.21.15.5:6789/0] conn(0x7fc6a007dee0 0x7fc6a007c340 secure :-1 s=READY pgs=45 cs=0 l=1 rev1=1 crypto rx=0x7fc690009820 tx=0x7fc69002a270 comp rx=0 tx=0).stop
2024-09-10T09:27:52.748 INFO:teuthology.orchestra.run.smithi005.stdout:/usr/bin/ceph: stderr
2024-09-10T09:27:51.519+0000 7fc69fe00640 1 -- 172.21.15.5:0/694303546 shutdown_connections
2024-09-10T09:27:52.748 INFO:teuthology.orchestra.run.smithi005.stdout:/usr/bin/ceph: stderr
2024-09-10T09:27:51.519+0000 7fc69fe00640 1 --2- 172.21.15.5:0/694303546 >> [v2:172.21.15.5:3300/0,v1:172.21.15.5:6789/0] conn(0x7fc6a007dee0 0x7fc6a007c340 unknown :-1 s=CLOSED pgs=45 cs=0 l=1 rev1=1 crypto rx=0 tx=0 comp rx=0 tx=0).stop
2024-09-10T09:27:52.748 INFO:teuthology.orchestra.run.smithi005.stdout:/usr/bin/ceph: stderr
2024-09-10T09:27:51.519+0000 7fc69fe00640 1 -- 172.21.15.5:0/694303546 >> 172.21.15.5:0/694303546 conn(0x7fc6a0102c10 msgr2=0x7fc6a0105030 unknown :-1 s=STATE_NONE l=0).mark_down
2024-09-10T09:27:52.748 INFO:teuthology.orchestra.run.smithi005.stdout:/usr/bin/ceph: stderr
2024-09-10T09:27:51.519+0000 7fc69fe00640 1 -- 172.21.15.5:0/694303546 shutdown_connections
2024-09-10T09:27:52.748 INFO:teuthology.orchestra.run.smithi005.stdout:/usr/bin/ceph: stderr
2024-09-10T09:27:51.519+0000 7fc69fe00640 1 -- 172.21.15.5:0/694303546 wait complete.
2024-09-10T09:27:52.749 INFO:teuthology.orchestra.run.smithi005.stdout:/usr/bin/ceph: stderr
2024-09-10T09:27:51.520+0000 7fc69fe00640 1 Processor -- start
2024-09-10T09:27:52.749 INFO:teuthology.orchestra.run.smithi005.stdout:/usr/bin/ceph: stderr
2024-09-10T09:27:51.520+0000 7fc69fe00640 1 -- start start
2024-09-10T09:27:52.749 INFO:teuthology.orchestra.run.smithi005.stdout:/usr/bin/ceph: stderr
2024-09-10T09:27:51.521+0000 7fc69fe00640 1 --2- >> [v2:172.21.15.5:3300/0,v1:172.21.15.5:6789/0] conn(0x7fc6a007dee0 0x7fc6a019d6d0 unknown :-1 s=NONE pgs=0 cs=0 l=1 rev1=0 crypto rx=0 tx=0 comp rx=0 tx=0).connect
2024-09-10T09:27:52.749 INFO:teuthology.orchestra.run.smithi005.stdout:/usr/bin/ceph: stderr
2024-09-10T09:27:51.521+0000 7fc69fe00640 1 -- --> [v2:172.21.15.5:3300/0,v1:172.21.15.5:6789/0] -- mon_getmap magic: 0 -- 0x7fc6a010da70 con 0x7fc6a007dee0
2024-09-10T09:27:52.749 INFO:teuthology.orchestra.run.smithi005.stdout:/usr/bin/ceph: stderr
2024-09-10T09:27:51.521+0000 7fc69ea00640 1 --2- >> [v2:172.21.15.5:3300/0,v1:172.21.15.5:6789/0] conn(0x7fc6a007dee0 0x7fc6a019d6d0 unknown :-1 s=BANNER_CONNECTING pgs=0 cs=0 l=1 rev1=0 crypto rx=0 tx=0 comp rx=0 tx=0)._handle_peer_banner_payload supported=3 required=0
2024-09-10T09:27:52.749 INFO:teuthology.orchestra.run.smithi005.stdout:/usr/bin/ceph: stderr
2024-09-10T09:27:51.521+0000 7fc69ea00640 1 --2- >> [v2:172.21.15.5:3300/0,v1:172.21.15.5:6789/0] conn(0x7fc6a007dee0 0x7fc6a019d6d0 unknown :-1 s=HELLO_CONNECTING pgs=0 cs=0 l=1 rev1=1 crypto rx=0 tx=0 comp rx=0 tx=0).handle_hello peer v2:172.21.15.5:3300/0 says I am v2:172.21.15.5:40844/0 (socket says 172.21.15.5:40844)
2024-09-10T09:27:52.749 INFO:teuthology.orchestra.run.smithi005.stdout:/usr/bin/ceph: stderr
2024-09-10T09:27:51.521+0000 7fc69ea00640 1 -- 172.21.15.5:0/1539301185 learned_addr learned my addr 172.21.15.5:0/1539301185 (peer_addr_for_me v2:172.21.15.5:0/0)
2024-09-10T09:27:52.749 INFO:teuthology.orchestra.run.smithi005.stdout:/usr/bin/ceph: stderr
2024-09-10T09:27:51.521+0000 7fc69ea00640 1 -- 172.21.15.5:0/1539301185 --> [v2:172.21.15.5:3300/0,v1:172.21.15.5:6789/0] -- mon_subscribe({config=0+,monmap=0+}) -- 0x7fc6a019dc10 con 0x7fc6a007dee0
2024-09-10T09:27:52.749 INFO:teuthology.orchestra.run.smithi005.stdout:/usr/bin/ceph: stderr
2024-09-10T09:27:51.522+0000 7fc69ea00640 1 --2- 172.21.15.5:0/1539301185 >> [v2:172.21.15.5:3300/0,v1:172.21.15.5:6789/0] conn(0x7fc6a007dee0 0x7fc6a019d6d0 secure :-1 s=READY pgs=46 cs=0 l=1 rev1=1 crypto rx=0x7fc690009940 tx=0x7fc6900326e0 comp rx=0 tx=0).ready entity=mon.0 client_cookie=0 server_cookie=0 in_seq=0 out_seq=0
2024-09-10T09:27:52.749 INFO:teuthology.orchestra.run.smithi005.stdout:/usr/bin/ceph: stderr
2024-09-10T09:27:51.522+0000 7fc697400640 1 -- 172.21.15.5:0/1539301185 <== mon.0 v2:172.21.15.5:3300/0 1 ==== mon_map magic: 0 ==== 205+0+0 (secure 0 0 0) 0x7fc690042070 con 0x7fc6a007dee0
2024-09-10T09:27:52.749 INFO:teuthology.orchestra.run.smithi005.stdout:/usr/bin/ceph: stderr
2024-09-10T09:27:51.522+0000 7fc697400640 1 -- 172.21.15.5:0/1539301185 <== mon.0 v2:172.21.15.5:3300/0 2 ==== config(27 keys) ==== 1109+0+0 (secure 0 0 0) 0x7fc690032be0 con 0x7fc6a007dee0
2024-09-10T09:27:52.750 INFO:teuthology.orchestra.run.smithi005.stdout:/usr/bin/ceph: stderr
2024-09-10T09:27:51.522+0000 7fc69fe00640 1 -- 172.21.15.5:0/1539301185 --> [v2:172.21.15.5:3300/0,v1:172.21.15.5:6789/0] -- mon_subscribe({mgrmap=0+}) -- 0x7fc6a019dea0 con 0x7fc6a007dee0
2024-09-10T09:27:52.750 INFO:teuthology.orchestra.run.smithi005.stdout:/usr/bin/ceph: stderr
2024-09-10T09:27:51.522+0000 7fc697400640 1 -- 172.21.15.5:0/1539301185 <== mon.0 v2:172.21.15.5:3300/0 3 ==== mon_map magic: 0 ==== 205+0+0 (secure 0 0 0) 0x7fc690037040 con 0x7fc6a007dee0
2024-09-10T09:27:52.750 INFO:teuthology.orchestra.run.smithi005.stdout:/usr/bin/ceph: stderr
2024-09-10T09:27:51.522+0000 7fc69fe00640 1 -- 172.21.15.5:0/1539301185 --> [v2:172.21.15.5:3300/0,v1:172.21.15.5:6789/0] -- mon_subscribe({osdmap=0}) -- 0x7fc6a01a0b90 con 0x7fc6a007dee0
2024-09-10T09:27:52.750 INFO:teuthology.orchestra.run.smithi005.stdout:/usr/bin/ceph: stderr
2024-09-10T09:27:51.523+0000 7fc697400640 1 -- 172.21.15.5:0/1539301185 <== mon.0 v2:172.21.15.5:3300/0 4 ==== mgrmap(e 8) ==== 46287+0+0 (secure 0 0 0) 0x7fc690045070 con 0x7fc6a007dee0
2024-09-10T09:27:52.750 INFO:teuthology.orchestra.run.smithi005.stdout:/usr/bin/ceph: stderr
2024-09-10T09:27:51.523+0000 7fc69fe00640 1 -- 172.21.15.5:0/1539301185 --> [v2:172.21.15.5:3300/0,v1:172.21.15.5:6789/0] -- mon_command({"prefix": "get_command_descriptions"} v 0) -- 0x7fc6a007c3c0 con 0x7fc6a007dee0
2024-09-10T09:27:52.750 INFO:teuthology.orchestra.run.smithi005.stdout:/usr/bin/ceph: stderr
2024-09-10T09:27:51.524+0000 7fc697400640 1 --2- 172.21.15.5:0/1539301185 >> [v2:172.21.15.5:6800/1527422686,v1:172.21.15.5:6801/1527422686] conn(0x7fc684038f70 0x7fc68403b430 unknown :-1 s=NONE pgs=0 cs=0 l=1 rev1=0 crypto rx=0 tx=0 comp rx=0 tx=0).connect
2024-09-10T09:27:52.750 INFO:teuthology.orchestra.run.smithi005.stdout:/usr/bin/ceph: stderr
2024-09-10T09:27:51.524+0000 7fc697400640 1 -- 172.21.15.5:0/1539301185 <== mon.0 v2:172.21.15.5:3300/0 5 ==== osd_map(2..2 src has 1..2) ==== 940+0+0 (secure 0 0 0) 0x7fc69006bfb0 con 0x7fc6a007dee0
2024-09-10T09:27:52.750 INFO:teuthology.orchestra.run.smithi005.stdout:/usr/bin/ceph: stderr
2024-09-10T09:27:51.524+0000 7fc69e000640 1 --2- 172.21.15.5:0/1539301185 >> [v2:172.21.15.5:6800/1527422686,v1:172.21.15.5:6801/1527422686] conn(0x7fc684038f70 0x7fc68403b430 unknown :-1 s=BANNER_CONNECTING pgs=0 cs=0 l=1 rev1=0 crypto rx=0 tx=0 comp rx=0 tx=0)._handle_peer_banner_payload supported=3 required=0
2024-09-10T09:27:52.750 INFO:teuthology.orchestra.run.smithi005.stdout:/usr/bin/ceph: stderr
2024-09-10T09:27:51.525+0000 7fc69e000640 1 --2- 172.21.15.5:0/1539301185 >> [v2:172.21.15.5:6800/1527422686,v1:172.21.15.5:6801/1527422686] conn(0x7fc684038f70 0x7fc68403b430 secure :-1 s=READY pgs=12 cs=0 l=1 rev1=1 crypto rx=0x7fc68c0098c0 tx=0x7fc68c006db0 comp rx=0 tx=0).ready entity=mgr.14118 client_cookie=0 server_cookie=0 in_seq=0 out_seq=0
2024-09-10T09:27:52.750 INFO:teuthology.orchestra.run.smithi005.stdout:/usr/bin/ceph: stderr
2024-09-10T09:27:51.529+0000 7fc697400640 1 -- 172.21.15.5:0/1539301185 <== mon.0 v2:172.21.15.5:3300/0 6 ==== mon_command_ack([{"prefix": "get_command_descriptions"}]=0 v0) ==== 72+0+188821 (secure 0 0 0) 0x7fc69006b900 con 0x7fc6a007dee0
2024-09-10T09:27:52.751 INFO:teuthology.orchestra.run.smithi005.stdout:/usr/bin/ceph: stderr
2024-09-10T09:27:51.735+0000 7fc69fe00640 1 -- 172.21.15.5:0/1539301185 --> [v2:172.21.15.5:6800/1527422686,v1:172.21.15.5:6801/1527422686] -- mgr_command(tid 0: {"prefix": "orch apply", "service_type": "mon", "unmanaged": true, "target": ["mon-mgr", ""]}) -- 0x7fc6a0103ef0 con 0x7fc684038f70
2024-09-10T09:27:52.751 INFO:teuthology.orchestra.run.smithi005.stdout:/usr/bin/ceph: stderr
2024-09-10T09:27:51.740+0000 7fc697400640 1 -- 172.21.15.5:0/1539301185 <== mgr.14118 v2:172.21.15.5:6800/1527422686 1 ==== mgr_command_reply(tid 0: 0 ) ==== 8+0+24 (secure 0 0 0) 0x7fc6a0103ef0 con 0x7fc684038f70
2024-09-10T09:27:52.751 INFO:teuthology.orchestra.run.smithi005.stdout:/usr/bin/ceph: stderr
2024-09-10T09:27:51.742+0000 7fc69fe00640 1 -- 172.21.15.5:0/1539301185 >> [v2:172.21.15.5:6800/1527422686,v1:172.21.15.5:6801/1527422686] conn(0x7fc684038f70 msgr2=0x7fc68403b430 secure :-1 s=STATE_CONNECTION_ESTABLISHED l=1).mark_down
2024-09-10T09:27:52.751 INFO:teuthology.orchestra.run.smithi005.stdout:/usr/bin/ceph: stderr
2024-09-10T09:27:51.742+0000 7fc69fe00640 1 --2- 172.21.15.5:0/1539301185 >> [v2:172.21.15.5:6800/1527422686,v1:172.21.15.5:6801/1527422686] conn(0x7fc684038f70 0x7fc68403b430 secure :-1 s=READY pgs=12 cs=0 l=1 rev1=1 crypto rx=0x7fc68c0098c0 tx=0x7fc68c006db0 comp rx=0 tx=0).stop
2024-09-10T09:27:52.751 INFO:teuthology.orchestra.run.smithi005.stdout:/usr/bin/ceph: stderr
2024-09-10T09:27:51.742+0000 7fc69fe00640 1 -- 172.21.15.5:0/1539301185 >> [v2:172.21.15.5:3300/0,v1:172.21.15.5:6789/0] conn(0x7fc6a007dee0 msgr2=0x7fc6a019d6d0 secure :-1 s=STATE_CONNECTION_ESTABLISHED l=1).mark_down
2024-09-10T09:27:52.751 INFO:teuthology.orchestra.run.smithi005.stdout:/usr/bin/ceph: stderr
2024-09-10T09:27:51.742+0000 7fc69fe00640 1 --2- 172.21.15.5:0/1539301185 >> [v2:172.21.15.5:3300/0,v1:172.21.15.5:6789/0] conn(0x7fc6a007dee0 0x7fc6a019d6d0 secure :-1 s=READY pgs=46 cs=0 l=1 rev1=1 crypto rx=0x7fc690009940 tx=0x7fc6900326e0 comp rx=0 tx=0).stop
2024-09-10T09:27:52.751 INFO:teuthology.orchestra.run.smithi005.stdout:/usr/bin/ceph: stderr
2024-09-10T09:27:51.742+0000 7fc69fe00640 1 -- 172.21.15.5:0/1539301185 shutdown_connections
2024-09-10T09:27:52.751 INFO:teuthology.orchestra.run.smithi005.stdout:/usr/bin/ceph: stderr
2024-09-10T09:27:51.742+0000 7fc69fe00640 1 --2- 172.21.15.5:0/1539301185 >> [v2:172.21.15.5:6800/1527422686,v1:172.21.15.5:6801/1527422686] conn(0x7fc684038f70 0x7fc68403b430 unknown :-1 s=CLOSED pgs=12 cs=0 l=1 rev1=1 crypto rx=0 tx=0 comp rx=0 tx=0).stop
2024-09-10T09:27:52.751 INFO:teuthology.orchestra.run.smithi005.stdout:/usr/bin/ceph: stderr
2024-09-10T09:27:51.742+0000 7fc69fe00640 1 --2- 172.21.15.5:0/1539301185 >> [v2:172.21.15.5:3300/0,v1:172.21.15.5:6789/0] conn(0x7fc6a007dee0 0x7fc6a019d6d0 unknown :-1 s=CLOSED pgs=46 cs=0 l=1 rev1=1 crypto rx=0 tx=0 comp rx=0 tx=0).stop
2024-09-10T09:27:52.751 INFO:teuthology.orchestra.run.smithi005.stdout:/usr/bin/ceph: stderr
2024-09-10T09:27:51.742+0000 7fc69fe00640 1 -- 172.21.15.5:0/1539301185 >> 172.21.15.5:0/1539301185 conn(0x7fc6a0102c10 msgr2=0x7fc6a01037e0 unknown :-1 s=STATE_NONE l=0).mark_down
2024-09-10T09:27:52.751 INFO:teuthology.orchestra.run.smithi005.stdout:/usr/bin/ceph: stderr
2024-09-10T09:27:51.742+0000 7fc69fe00640 1 -- 172.21.15.5:0/1539301185 shutdown_connections
2024-09-10T09:27:52.752 INFO:teuthology.orchestra.run.smithi005.stdout:/usr/bin/ceph: stderr
2024-09-10T09:27:51.743+0000 7fc69fe00640 1 -- 172.21.15.5:0/1539301185 wait complete.
2024-09-10T09:27:52.752 INFO:teuthology.orchestra.run.smithi005.stdout:Deploying unmanaged mgr service...
2024-09-10T09:27:52.883 INFO:journalctl@ceph.mon.a.smithi005.stdout:Sep 10 09:27:52 smithi005 ceph-mon[30350]: from='client.14140 -' entity='client.admin' cmd=[{"prefix": "orch apply", "service_type": "mon", "unmanaged": true, "target": ["mon-mgr", ""]}]: dispatch
