2024-09-10T09:27:17.404 INFO:teuthology.orchestra.run.smithi079.stdout:/usr/bin/ceph: stderr
2024-09-10T09:27:16.612+0000 7ff50effd700 1 -- 172.21.15.79:0/1442753014 <== mon.0 v2:172.21.15.79:3300/0 6 ==== mon_command_ack([{"prefix": "get_command_descriptions"}]=0 v0) v1 ==== 72+0+177933 (secure 0 0 0) 0x7ff51402b300 con 0x7ff5181066f0
2024-09-10T09:27:17.404 INFO:teuthology.orchestra.run.smithi079.stdout:/usr/bin/ceph: stderr
2024-09-10T09:27:16.823+0000 7ff520026700 1 -- 172.21.15.79:0/1442753014 --> [v2:172.21.15.79:6800/2,v1:172.21.15.79:6801/2] -- mgr_command(tid 0: {"prefix": "orch apply", "service_type": "ceph-exporter", "target": ["mon-mgr", ""]}) v1 -- 0x7ff5181015f0 con 0x7ff5040383f0
2024-09-10T09:27:17.405 INFO:teuthology.orchestra.run.smithi079.stdout:/usr/bin/ceph: stderr
2024-09-10T09:27:16.828+0000 7ff50effd700 1 -- 172.21.15.79:0/1442753014 <== mgr.14120 v2:172.21.15.79:6800/2 1 ==== mgr_command_reply(tid 0: 0 ) v1 ==== 8+0+34 (secure 0 0 0) 0x7ff5181015f0 con 0x7ff5040383f0
2024-09-10T09:27:17.405 INFO:teuthology.orchestra.run.smithi079.stdout:/usr/bin/ceph: stderr
2024-09-10T09:27:16.831+0000 7ff520026700 1 -- 172.21.15.79:0/1442753014 >> [v2:172.21.15.79:6800/2,v1:172.21.15.79:6801/2] conn(0x7ff5040383f0 msgr2=0x7ff50403a8a0 secure :-1 s=STATE_CONNECTION_ESTABLISHED l=1).mark_down
2024-09-10T09:27:17.405 INFO:teuthology.orchestra.run.smithi079.stdout:/usr/bin/ceph: stderr
2024-09-10T09:27:16.831+0000 7ff520026700 1 --2- 172.21.15.79:0/1442753014 >> [v2:172.21.15.79:6800/2,v1:172.21.15.79:6801/2] conn(0x7ff5040383f0 0x7ff50403a8a0 secure :-1 s=READY pgs=15 cs=0 l=1 rev1=1 crypto rx=0x7ff508006fd0 tx=0x7ff508006e40 comp rx=0 tx=0).stop
2024-09-10T09:27:17.405 INFO:teuthology.orchestra.run.smithi079.stdout:/usr/bin/ceph: stderr
2024-09-10T09:27:16.831+0000 7ff520026700 1 -- 172.21.15.79:0/1442753014 >> [v2:172.21.15.79:3300/0,v1:172.21.15.79:6789/0] conn(0x7ff5181066f0 msgr2=0x7ff518199950 secure :-1 s=STATE_CONNECTION_ESTABLISHED l=1).mark_down
2024-09-10T09:27:17.405 INFO:teuthology.orchestra.run.smithi079.stdout:/usr/bin/ceph: stderr
2024-09-10T09:27:16.831+0000 7ff520026700 1 --2- 172.21.15.79:0/1442753014 >> [v2:172.21.15.79:3300/0,v1:172.21.15.79:6789/0] conn(0x7ff5181066f0 0x7ff518199950 secure :-1 s=READY pgs=54 cs=0 l=1 rev1=1 crypto rx=0x7ff514000c00 tx=0x7ff514011b50 comp rx=0 tx=0).stop
2024-09-10T09:27:17.405 INFO:teuthology.orchestra.run.smithi079.stdout:/usr/bin/ceph: stderr
2024-09-10T09:27:16.831+0000 7ff520026700 1 -- 172.21.15.79:0/1442753014 shutdown_connections
2024-09-10T09:27:17.405 INFO:teuthology.orchestra.run.smithi079.stdout:/usr/bin/ceph: stderr
2024-09-10T09:27:16.831+0000 7ff520026700 1 --2- 172.21.15.79:0/1442753014 >> [v2:172.21.15.79:6800/2,v1:172.21.15.79:6801/2] conn(0x7ff5040383f0 0x7ff50403a8a0 unknown :-1 s=CLOSED pgs=15 cs=0 l=1 rev1=1 crypto rx=0 tx=0 comp rx=0 tx=0).stop
2024-09-10T09:27:17.405 INFO:teuthology.orchestra.run.smithi079.stdout:/usr/bin/ceph: stderr
2024-09-10T09:27:16.831+0000 7ff520026700 1 --2- 172.21.15.79:0/1442753014 >> [v2:172.21.15.79:3300/0,v1:172.21.15.79:6789/0] conn(0x7ff5181066f0 0x7ff518199950 unknown :-1 s=CLOSED pgs=54 cs=0 l=1 rev1=1 crypto rx=0 tx=0 comp rx=0 tx=0).stop
2024-09-10T09:27:17.405 INFO:teuthology.orchestra.run.smithi079.stdout:/usr/bin/ceph: stderr
2024-09-10T09:27:16.831+0000 7ff520026700 1 -- 172.21.15.79:0/1442753014 >> 172.21.15.79:0/1442753014 conn(0x7ff518100130 msgr2=0x7ff518100ee0 unknown :-1 s=STATE_NONE l=0).mark_down
2024-09-10T09:27:17.405 INFO:teuthology.orchestra.run.smithi079.stdout:/usr/bin/ceph: stderr
2024-09-10T09:27:16.831+0000 7ff520026700 1 -- 172.21.15.79:0/1442753014 shutdown_connections
2024-09-10T09:27:17.405 INFO:teuthology.orchestra.run.smithi079.stdout:/usr/bin/ceph: stderr
2024-09-10T09:27:16.831+0000 7ff520026700 1 -- 172.21.15.79:0/1442753014 wait complete.
2024-09-10T09:27:17.405 INFO:teuthology.orchestra.run.smithi079.stdout:Deploying prometheus service with default placement...
2024-09-10T09:27:17.788 INFO:journalctl@ceph.mon.smithi079.smithi079.stdout:Sep 10 09:27:17 smithi079 ceph-mon[27592]: from='mgr.14120 172.21.15.79:0/2' entity='mgr.smithi079.mhirny'
2024-09-10T09:27:17.788 INFO:journalctl@ceph.mon.smithi079.smithi079.stdout:Sep 10 09:27:17 smithi079 ceph-mon[27592]: from='client.14148 -' entity='client.admin' cmd=[{"prefix": "orch apply", "service_type": "ceph-exporter", "target": ["mon-mgr", ""]}]: dispatch
2024-09-10T09:27:17.788 INFO:journalctl@ceph.mon.smithi079.smithi079.stdout:Sep 10 09:27:17 smithi079 ceph-mon[27592]: Saving service ceph-exporter spec with placement *
2024-09-10T09:27:17.789 INFO:journalctl@ceph.mon.smithi079.smithi079.stdout:Sep 10 09:27:17 smithi079 ceph-mon[27592]: from='mgr.14120 172.21.15.79:0/2' entity='mgr.smithi079.mhirny'
2024-09-10T09:27:19.211 INFO:journalctl@ceph.mon.smithi079.smithi079.stdout:Sep 10 09:27:19 smithi079 ceph-mon[27592]: from='client.14150 -' entity='client.admin' cmd=[{"prefix": "orch apply", "service_type": "prometheus", "target": ["mon-mgr", ""]}]: dispatch
2024-09-10T09:27:19.212 INFO:journalctl@ceph.mon.smithi079.smithi079.stdout:Sep 10 09:27:19 smithi079 ceph-mon[27592]: Saving service prometheus spec with placement count:1
2024-09-10T09:27:19.212 INFO:journalctl@ceph.mon.smithi079.smithi079.stdout:Sep 10 09:27:19 smithi079 ceph-mon[27592]: from='mgr.14120 172.21.15.79:0/2' entity='mgr.smithi079.mhirny'
2024-09-10T09:27:19.237 INFO:teuthology.orchestra.run.smithi079.stdout:/usr/bin/ceph: stdout Scheduled prometheus update...
2024-09-10T09:27:19.237 INFO:teuthology.orchestra.run.smithi079.stdout:/usr/bin/ceph: stderr
2024-09-10T09:27:17.806+0000 7fb1bef92700 1 Processor -- start
2024-09-10T09:27:19.237 INFO:teuthology.orchestra.run.smithi079.stdout:/usr/bin/ceph: stderr
2024-09-10T09:27:17.806+0000 7fb1bef92700 1 -- start start
2024-09-10T09:27:19.237 INFO:teuthology.orchestra.run.smithi079.stdout:/usr/bin/ceph: stderr
2024-09-10T09:27:17.806+0000 7fb1bef92700 1 --2- >> [v2:172.21.15.79:3300/0,v1:172.21.15.79:6789/0] conn(0x7fb1b8106090 0x7fb1b81064a0 unknown :-1 s=NONE pgs=0 cs=0 l=0 rev1=0 crypto rx=0 tx=0 comp rx=0 tx=0).connect
2024-09-10T09:27:19.237 INFO:teuthology.orchestra.run.smithi079.stdout:/usr/bin/ceph: stderr
2024-09-10T09:27:17.806+0000 7fb1bef92700 1 -- --> [v2:172.21.15.79:3300/0,v1:172.21.15.79:6789/0] -- mon_getmap magic: 0 v1 -- 0x7fb1b81069e0 con 0x7fb1b8106090
2024-09-10T09:27:19.237 INFO:teuthology.orchestra.run.smithi079.stdout:/usr/bin/ceph: stderr
2024-09-10T09:27:17.807+0000 7fb1bcd2e700 1 --2- >> [v2:172.21.15.79:3300/0,v1:172.21.15.79:6789/0] conn(0x7fb1b8106090 0x7fb1b81064a0 unknown :-1 s=BANNER_CONNECTING pgs=0 cs=0 l=0 rev1=0 crypto rx=0 tx=0 comp rx=0 tx=0)._handle_peer_banner_payload supported=3 required=0
2024-09-10T09:27:19.237 INFO:teuthology.orchestra.run.smithi079.stdout:/usr/bin/ceph: stderr
2024-09-10T09:27:17.807+0000 7fb1bcd2e700 1 --2- >> [v2:172.21.15.79:3300/0,v1:172.21.15.79:6789/0] conn(0x7fb1b8106090 0x7fb1b81064a0 unknown :-1 s=HELLO_CONNECTING pgs=0 cs=0 l=0 rev1=1 crypto rx=0 tx=0 comp rx=0 tx=0).handle_hello peer v2:172.21.15.79:3300/0 says I am v2:172.21.15.79:33296/0 (socket says 172.21.15.79:33296)
2024-09-10T09:27:19.237 INFO:teuthology.orchestra.run.smithi079.stdout:/usr/bin/ceph: stderr
2024-09-10T09:27:17.807+0000 7fb1bcd2e700 1 -- 172.21.15.79:0/1152883028 learned_addr learned my addr 172.21.15.79:0/1152883028 (peer_addr_for_me v2:172.21.15.79:0/0)
2024-09-10T09:27:19.237 INFO:teuthology.orchestra.run.smithi079.stdout:/usr/bin/ceph: stderr
2024-09-10T09:27:17.807+0000 7fb1bcd2e700 1 -- 172.21.15.79:0/1152883028 --> [v2:172.21.15.79:3300/0,v1:172.21.15.79:6789/0] -- mon_subscribe({config=0+,monmap=0+}) v3 -- 0x7fb1b8106b20 con 0x7fb1b8106090
2024-09-10T09:27:19.237 INFO:teuthology.orchestra.run.smithi079.stdout:/usr/bin/ceph: stderr
2024-09-10T09:27:17.807+0000 7fb1bcd2e700 1 --2- 172.21.15.79:0/1152883028 >> [v2:172.21.15.79:3300/0,v1:172.21.15.79:6789/0] conn(0x7fb1b8106090 0x7fb1b81064a0 secure :-1 s=READY pgs=55 cs=0 l=1 rev1=1 crypto rx=0x7fb1ac00bb40 tx=0x7fb1ac00be50 comp rx=0 tx=0).ready entity=mon.0 client_cookie=c40d6fc58c17b92e server_cookie=0 in_seq=0 out_seq=0
2024-09-10T09:27:19.237 INFO:teuthology.orchestra.run.smithi079.stdout:/usr/bin/ceph: stderr
2024-09-10T09:27:17.807+0000 7fb1b77fe700 1 -- 172.21.15.79:0/1152883028 <== mon.0 v2:172.21.15.79:3300/0 1 ==== mon_map magic: 0 v1 ==== 229+0+0 (secure 0 0 0) 0x7fb1ac00dc00 con 0x7fb1b8106090
2024-09-10T09:27:19.238 INFO:teuthology.orchestra.run.smithi079.stdout:/usr/bin/ceph: stderr
2024-09-10T09:27:17.807+0000 7fb1b77fe700 1 -- 172.21.15.79:0/1152883028 <== mon.0 v2:172.21.15.79:3300/0 2 ==== config(27 keys) v1 ==== 1101+0+0 (secure 0 0 0) 0x7fb1ac0044e0 con 0x7fb1b8106090
2024-09-10T09:27:19.238 INFO:teuthology.orchestra.run.smithi079.stdout:/usr/bin/ceph: stderr
2024-09-10T09:27:17.807+0000 7fb1b77fe700 1 -- 172.21.15.79:0/1152883028 <== mon.0 v2:172.21.15.79:3300/0 3 ==== mon_map magic: 0 v1 ==== 229+0+0 (secure 0 0 0) 0x7fb1ac010470 con 0x7fb1b8106090
2024-09-10T09:27:19.238 INFO:teuthology.orchestra.run.smithi079.stdout:/usr/bin/ceph: stderr
2024-09-10T09:27:17.808+0000 7fb1bef92700 1 -- 172.21.15.79:0/1152883028 >> [v2:172.21.15.79:3300/0,v1:172.21.15.79:6789/0] conn(0x7fb1b8106090 msgr2=0x7fb1b81064a0 secure :-1 s=STATE_CONNECTION_ESTABLISHED l=1).mark_down
2024-09-10T09:27:19.238 INFO:teuthology.orchestra.run.smithi079.stdout:/usr/bin/ceph: stderr
2024-09-10T09:27:17.808+0000 7fb1bef92700 1 --2- 172.21.15.79:0/1152883028 >> [v2:172.21.15.79:3300/0,v1:172.21.15.79:6789/0] conn(0x7fb1b8106090 0x7fb1b81064a0 secure :-1 s=READY pgs=55 cs=0 l=1 rev1=1 crypto rx=0x7fb1ac00bb40 tx=0x7fb1ac00be50 comp rx=0 tx=0).stop
2024-09-10T09:27:19.238 INFO:teuthology.orchestra.run.smithi079.stdout:/usr/bin/ceph: stderr
2024-09-10T09:27:17.808+0000 7fb1bef92700 1 -- 172.21.15.79:0/1152883028 shutdown_connections
2024-09-10T09:27:19.238 INFO:teuthology.orchestra.run.smithi079.stdout:/usr/bin/ceph: stderr
2024-09-10T09:27:17.808+0000 7fb1bef92700 1 --2- 172.21.15.79:0/1152883028 >> [v2:172.21.15.79:3300/0,v1:172.21.15.79:6789/0] conn(0x7fb1b8106090 0x7fb1b81064a0 unknown :-1 s=CLOSED pgs=55 cs=0 l=1 rev1=1 crypto rx=0 tx=0 comp rx=0 tx=0).stop
2024-09-10T09:27:19.238 INFO:teuthology.orchestra.run.smithi079.stdout:/usr/bin/ceph: stderr
2024-09-10T09:27:17.808+0000 7fb1bef92700 1 -- 172.21.15.79:0/1152883028 >> 172.21.15.79:0/1152883028 conn(0x7fb1b80ff880 msgr2=0x7fb1b8101cb0 unknown :-1 s=STATE_NONE l=0).mark_down
2024-09-10T09:27:19.238 INFO:teuthology.orchestra.run.smithi079.stdout:/usr/bin/ceph: stderr
2024-09-10T09:27:17.808+0000 7fb1bef92700 1 -- 172.21.15.79:0/1152883028 shutdown_connections
2024-09-10T09:27:19.238 INFO:teuthology.orchestra.run.smithi079.stdout:/usr/bin/ceph: stderr
2024-09-10T09:27:17.808+0000 7fb1bef92700 1 -- 172.21.15.79:0/1152883028 wait complete.
2024-09-10T09:27:19.238 INFO:teuthology.orchestra.run.smithi079.stdout:/usr/bin/ceph: stderr
2024-09-10T09:27:17.809+0000 7fb1bef92700 1 Processor -- start
2024-09-10T09:27:19.238 INFO:teuthology.orchestra.run.smithi079.stdout:/usr/bin/ceph: stderr
2024-09-10T09:27:17.809+0000 7fb1bef92700 1 -- start start
2024-09-10T09:27:19.238 INFO:teuthology.orchestra.run.smithi079.stdout:/usr/bin/ceph: stderr
2024-09-10T09:27:17.809+0000 7fb1bef92700 1 --2- >> [v2:172.21.15.79:3300/0,v1:172.21.15.79:6789/0] conn(0x7fb1b8106090 0x7fb1b819bb00 unknown :-1 s=NONE pgs=0 cs=0 l=1 rev1=0 crypto rx=0 tx=0 comp rx=0 tx=0).connect
2024-09-10T09:27:19.238 INFO:teuthology.orchestra.run.smithi079.stdout:/usr/bin/ceph: stderr
2024-09-10T09:27:17.809+0000 7fb1bef92700 1 -- --> [v2:172.21.15.79:3300/0,v1:172.21.15.79:6789/0] -- mon_getmap magic: 0 v1 -- 0x7fb1b819c040 con 0x7fb1b8106090
2024-09-10T09:27:19.239 INFO:teuthology.orchestra.run.smithi079.stdout:/usr/bin/ceph: stderr
2024-09-10T09:27:17.809+0000 7fb1bcd2e700 1 --2- >> [v2:172.21.15.79:3300/0,v1:172.21.15.79:6789/0] conn(0x7fb1b8106090 0x7fb1b819bb00 unknown :-1 s=BANNER_CONNECTING pgs=0 cs=0 l=1 rev1=0 crypto rx=0 tx=0 comp rx=0 tx=0)._handle_peer_banner_payload supported=3 required=0
2024-09-10T09:27:19.239 INFO:teuthology.orchestra.run.smithi079.stdout:/usr/bin/ceph: stderr
2024-09-10T09:27:17.809+0000 7fb1bcd2e700 1 --2- >> [v2:172.21.15.79:3300/0,v1:172.21.15.79:6789/0] conn(0x7fb1b8106090 0x7fb1b819bb00 unknown :-1 s=HELLO_CONNECTING pgs=0 cs=0 l=1 rev1=1 crypto rx=0 tx=0 comp rx=0 tx=0).handle_hello peer v2:172.21.15.79:3300/0 says I am v2:172.21.15.79:33298/0 (socket says 172.21.15.79:33298)
2024-09-10T09:27:19.239 INFO:teuthology.orchestra.run.smithi079.stdout:/usr/bin/ceph: stderr
2024-09-10T09:27:17.809+0000 7fb1bcd2e700 1 -- 172.21.15.79:0/3346444281 learned_addr learned my addr 172.21.15.79:0/3346444281 (peer_addr_for_me v2:172.21.15.79:0/0)
2024-09-10T09:27:19.239 INFO:teuthology.orchestra.run.smithi079.stdout:/usr/bin/ceph: stderr
2024-09-10T09:27:17.809+0000 7fb1bcd2e700 1 -- 172.21.15.79:0/3346444281 --> [v2:172.21.15.79:3300/0,v1:172.21.15.79:6789/0] -- mon_subscribe({config=0+,monmap=0+}) v3 -- 0x7fb1ac00b7f0 con 0x7fb1b8106090
2024-09-10T09:27:19.239 INFO:teuthology.orchestra.run.smithi079.stdout:/usr/bin/ceph: stderr
2024-09-10T09:27:17.810+0000 7fb1bcd2e700 1 --2- 172.21.15.79:0/3346444281 >> [v2:172.21.15.79:3300/0,v1:172.21.15.79:6789/0] conn(0x7fb1b8106090 0x7fb1b819bb00 secure :-1 s=READY pgs=56 cs=0 l=1 rev1=1 crypto rx=0x7fb1ac003fc0 tx=0x7fb1ac0040a0 comp rx=0 tx=0).ready entity=mon.0 client_cookie=0 server_cookie=0 in_seq=0 out_seq=0
2024-09-10T09:27:19.239 INFO:teuthology.orchestra.run.smithi079.stdout:/usr/bin/ceph: stderr
2024-09-10T09:27:17.810+0000 7fb1b5ffb700 1 -- 172.21.15.79:0/3346444281 <== mon.0 v2:172.21.15.79:3300/0 1 ==== mon_map magic: 0 v1 ==== 229+0+0 (secure 0 0 0) 0x7fb1ac00de20 con 0x7fb1b8106090
2024-09-10T09:27:19.239 INFO:teuthology.orchestra.run.smithi079.stdout:/usr/bin/ceph: stderr
2024-09-10T09:27:17.810+0000 7fb1bef92700 1 -- 172.21.15.79:0/3346444281 --> [v2:172.21.15.79:3300/0,v1:172.21.15.79:6789/0] -- mon_subscribe({mgrmap=0+}) v3 -- 0x7fb1b819c240 con 0x7fb1b8106090
2024-09-10T09:27:19.239 INFO:teuthology.orchestra.run.smithi079.stdout:/usr/bin/ceph: stderr
2024-09-10T09:27:17.810+0000 7fb1b5ffb700 1 -- 172.21.15.79:0/3346444281 <== mon.0 v2:172.21.15.79:3300/0 2 ==== config(27 keys) v1 ==== 1101+0+0 (secure 0 0 0) 0x7fb1ac010be0 con 0x7fb1b8106090
2024-09-10T09:27:19.239 INFO:teuthology.orchestra.run.smithi079.stdout:/usr/bin/ceph: stderr
2024-09-10T09:27:17.810+0000 7fb1b5ffb700 1 -- 172.21.15.79:0/3346444281 <== mon.0 v2:172.21.15.79:3300/0 3 ==== mon_map magic: 0 v1 ==== 229+0+0 (secure 0 0 0) 0x7fb1ac021c90 con 0x7fb1b8106090
2024-09-10T09:27:19.239 INFO:teuthology.orchestra.run.smithi079.stdout:/usr/bin/ceph: stderr
2024-09-10T09:27:17.810+0000 7fb1bef92700 1 -- 172.21.15.79:0/3346444281 --> [v2:172.21.15.79:3300/0,v1:172.21.15.79:6789/0] -- mon_subscribe({osdmap=0}) v3 -- 0x7fb1b819c600 con 0x7fb1b8106090
2024-09-10T09:27:19.239 INFO:teuthology.orchestra.run.smithi079.stdout:/usr/bin/ceph: stderr
2024-09-10T09:27:17.811+0000 7fb1b5ffb700 1 -- 172.21.15.79:0/3346444281 <== mon.0 v2:172.21.15.79:3300/0 4 ==== mgrmap(e 8) v1 ==== 45084+0+0 (secure 0 0 0) 0x7fb1ac0193f0 con 0x7fb1b8106090
2024-09-10T09:27:19.239 INFO:teuthology.orchestra.run.smithi079.stdout:/usr/bin/ceph: stderr
2024-09-10T09:27:17.811+0000 7fb1bef92700 1 -- 172.21.15.79:0/3346444281 --> [v2:172.21.15.79:3300/0,v1:172.21.15.79:6789/0] -- mon_command({"prefix": "get_command_descriptions"} v 0) v1 -- 0x7fb1b80623f0 con 0x7fb1b8106090
2024-09-10T09:27:19.239 INFO:teuthology.orchestra.run.smithi079.stdout:/usr/bin/ceph: stderr
2024-09-10T09:27:17.811+0000 7fb1b5ffb700 1 --2- 172.21.15.79:0/3346444281 >> [v2:172.21.15.79:6800/2,v1:172.21.15.79:6801/2] conn(0x7fb1a80383f0 0x7fb1a803a8a0 unknown :-1 s=NONE pgs=0 cs=0 l=1 rev1=0 crypto rx=0 tx=0 comp rx=0 tx=0).connect
2024-09-10T09:27:19.239 INFO:teuthology.orchestra.run.smithi079.stdout:/usr/bin/ceph: stderr
2024-09-10T09:27:17.811+0000 7fb1b5ffb700 1 -- 172.21.15.79:0/3346444281 <== mon.0 v2:172.21.15.79:3300/0 5 ==== osd_map(2..2 src has 1..2) v4 ==== 940+0+0 (secure 0 0 0) 0x7fb1ac04c590 con 0x7fb1b8106090
2024-09-10T09:27:19.240 INFO:teuthology.orchestra.run.smithi079.stdout:/usr/bin/ceph: stderr
2024-09-10T09:27:17.811+0000 7fb1b7fff700 1 --2- 172.21.15.79:0/3346444281 >> [v2:172.21.15.79:6800/2,v1:172.21.15.79:6801/2] conn(0x7fb1a80383f0 0x7fb1a803a8a0 unknown :-1 s=BANNER_CONNECTING pgs=0 cs=0 l=1 rev1=0 crypto rx=0 tx=0 comp rx=0 tx=0)._handle_peer_banner_payload supported=3 required=0
2024-09-10T09:27:19.240 INFO:teuthology.orchestra.run.smithi079.stdout:/usr/bin/ceph: stderr
2024-09-10T09:27:17.812+0000 7fb1b7fff700 1 --2- 172.21.15.79:0/3346444281 >> [v2:172.21.15.79:6800/2,v1:172.21.15.79:6801/2] conn(0x7fb1a80383f0 0x7fb1a803a8a0 secure :-1 s=READY pgs=16 cs=0 l=1 rev1=1 crypto rx=0x7fb1a4006fd0 tx=0x7fb1a4006e40 comp rx=0 tx=0).ready entity=mgr.14120 client_cookie=0 server_cookie=0 in_seq=0 out_seq=0
2024-09-10T09:27:19.240 INFO:teuthology.orchestra.run.smithi079.stdout:/usr/bin/ceph: stderr
2024-09-10T09:27:17.817+0000 7fb1b5ffb700 1 -- 172.21.15.79:0/3346444281 <== mon.0 v2:172.21.15.79:3300/0 6 ==== mon_command_ack([{"prefix": "get_command_descriptions"}]=0 v0) v1 ==== 72+0+177933 (secure 0 0 0) 0x7fb1b80623f0 con 0x7fb1b8106090
2024-09-10T09:27:19.240 INFO:teuthology.orchestra.run.smithi079.stdout:/usr/bin/ceph: stderr
2024-09-10T09:27:18.024+0000 7fb1bef92700 1 -- 172.21.15.79:0/3346444281 --> [v2:172.21.15.79:6800/2,v1:172.21.15.79:6801/2] -- mgr_command(tid 0: {"prefix": "orch apply", "service_type": "prometheus", "target": ["mon-mgr", ""]}) v1 -- 0x7fb1b8062380 con 0x7fb1a80383f0
2024-09-10T09:27:19.240 INFO:teuthology.orchestra.run.smithi079.stdout:/usr/bin/ceph: stderr
2024-09-10T09:27:18.029+0000 7fb1b5ffb700 1 -- 172.21.15.79:0/3346444281 <== mgr.14120 v2:172.21.15.79:6800/2 1 ==== mgr_command_reply(tid 0: 0 ) v1 ==== 8+0+31 (secure 0 0 0) 0x7fb1b8062380 con 0x7fb1a80383f0
2024-09-10T09:27:19.240 INFO:teuthology.orchestra.run.smithi079.stdout:/usr/bin/ceph: stderr
2024-09-10T09:27:18.031+0000 7fb1bef92700 1 -- 172.21.15.79:0/3346444281 >> [v2:172.21.15.79:6800/2,v1:172.21.15.79:6801/2] conn(0x7fb1a80383f0 msgr2=0x7fb1a803a8a0 secure :-1 s=STATE_CONNECTION_ESTABLISHED l=1).mark_down
2024-09-10T09:27:19.240 INFO:teuthology.orchestra.run.smithi079.stdout:/usr/bin/ceph: stderr
2024-09-10T09:27:18.031+0000 7fb1bef92700 1 --2- 172.21.15.79:0/3346444281 >> [v2:172.21.15.79:6800/2,v1:172.21.15.79:6801/2] conn(0x7fb1a80383f0 0x7fb1a803a8a0 secure :-1 s=READY pgs=16 cs=0 l=1 rev1=1 crypto rx=0x7fb1a4006fd0 tx=0x7fb1a4006e40 comp rx=0 tx=0).stop
2024-09-10T09:27:19.240 INFO:teuthology.orchestra.run.smithi079.stdout:/usr/bin/ceph: stderr
2024-09-10T09:27:18.031+0000 7fb1bef92700 1 -- 172.21.15.79:0/3346444281 >> [v2:172.21.15.79:3300/0,v1:172.21.15.79:6789/0] conn(0x7fb1b8106090 msgr2=0x7fb1b819bb00 secure :-1 s=STATE_CONNECTION_ESTABLISHED l=1).mark_down
2024-09-10T09:27:19.240 INFO:teuthology.orchestra.run.smithi079.stdout:/usr/bin/ceph: stderr
2024-09-10T09:27:18.031+0000 7fb1bef92700 1 --2- 172.21.15.79:0/3346444281 >> [v2:172.21.15.79:3300/0,v1:172.21.15.79:6789/0] conn(0x7fb1b8106090 0x7fb1b819bb00 secure :-1 s=READY pgs=56 cs=0 l=1 rev1=1 crypto rx=0x7fb1ac003fc0 tx=0x7fb1ac0040a0 comp rx=0 tx=0).stop
2024-09-10T09:27:19.240 INFO:teuthology.orchestra.run.smithi079.stdout:/usr/bin/ceph: stderr
2024-09-10T09:27:18.031+0000 7fb1bef92700 1 -- 172.21.15.79:0/3346444281 shutdown_connections
2024-09-10T09:27:19.240 INFO:teuthology.orchestra.run.smithi079.stdout:/usr/bin/ceph: stderr
2024-09-10T09:27:18.031+0000 7fb1bef92700 1 --2- 172.21.15.79:0/3346444281 >> [v2:172.21.15.79:6800/2,v1:172.21.15.79:6801/2] conn(0x7fb1a80383f0 0x7fb1a803a8a0 unknown :-1 s=CLOSED pgs=16 cs=0 l=1 rev1=1 crypto rx=0 tx=0 comp rx=0 tx=0).stop
2024-09-10T09:27:19.240 INFO:teuthology.orchestra.run.smithi079.stdout:/usr/bin/ceph: stderr
2024-09-10T09:27:18.031+0000 7fb1bef92700 1 --2- 172.21.15.79:0/3346444281 >> [v2:172.21.15.79:3300/0,v1:172.21.15.79:6789/0] conn(0x7fb1b8106090 0x7fb1b819bb00 unknown :-1 s=CLOSED pgs=56 cs=0 l=1 rev1=1 crypto rx=0 tx=0 comp rx=0 tx=0).stop
2024-09-10T09:27:19.240 INFO:teuthology.orchestra.run.smithi079.stdout:/usr/bin/ceph: stderr
2024-09-10T09:27:18.031+0000 7fb1bef92700 1 -- 172.21.15.79:0/3346444281 >> 172.21.15.79:0/3346444281 conn(0x7fb1b80ff880 msgr2=0x7fb1b818e520 unknown :-1 s=STATE_NONE l=0).mark_down
2024-09-10T09:27:19.240 INFO:teuthology.orchestra.run.smithi079.stdout:/usr/bin/ceph: stderr
2024-09-10T09:27:18.031+0000 7fb1bef92700 1 -- 172.21.15.79:0/3346444281 shutdown_connections
2024-09-10T09:27:19.241 INFO:teuthology.orchestra.run.smithi079.stdout:/usr/bin/ceph: stderr
2024-09-10T09:27:18.031+0000 7fb1bef92700 1 -- 172.21.15.79:0/3346444281 wait complete.
2024-09-10T09:27:19.241 INFO:teuthology.orchestra.run.smithi079.stdout:Deploying grafana service with default placement...
2024-09-10T09:27:20.761 INFO:teuthology.orchestra.run.smithi079.stdout:/usr/bin/ceph: stdout Scheduled grafana update...
2024-09-10T09:27:20.761 INFO:teuthology.orchestra.run.smithi079.stdout:/usr/bin/ceph: stderr
2024-09-10T09:27:19.714+0000 7fd6172d9700 1 Processor -- start
2024-09-10T09:27:20.761 INFO:teuthology.orchestra.run.smithi079.stdout:/usr/bin/ceph: stderr
2024-09-10T09:27:19.714+0000 7fd6172d9700 1 -- start start
2024-09-10T09:27:20.762 INFO:teuthology.orchestra.run.smithi079.stdout:/usr/bin/ceph: stderr
2024-09-10T09:27:19.715+0000 7fd6172d9700 1 --2- >> [v2:172.21.15.79:3300/0,v1:172.21.15.79:6789/0] conn(0x7fd6101066b0 0x7fd610108a90 unknown :-1 s=NONE pgs=0 cs=0 l=0 rev1=0 crypto rx=0 tx=0 comp rx=0 tx=0).connect
2024-09-10T09:27:20.762 INFO:teuthology.orchestra.run.smithi079.stdout:/usr/bin/ceph: stderr
2024-09-10T09:27:19.715+0000 7fd6172d9700 1 -- --> [v2:172.21.15.79:3300/0,v1:172.21.15.79:6789/0] -- mon_getmap magic: 0 v1 -- 0x7fd610079da0 con 0x7fd6101066b0
2024-09-10T09:27:20.762 INFO:teuthology.orchestra.run.smithi079.stdout:/usr/bin/ceph: stderr
2024-09-10T09:27:19.715+0000 7fd615075700 1 --2- >> [v2:172.21.15.79:3300/0,v1:172.21.15.79:6789/0] conn(0x7fd6101066b0 0x7fd610108a90 unknown :-1 s=BANNER_CONNECTING pgs=0 cs=0 l=0 rev1=0 crypto rx=0 tx=0 comp rx=0 tx=0)._handle_peer_banner_payload supported=3 required=0
2024-09-10T09:27:20.762 INFO:teuthology.orchestra.run.smithi079.stdout:/usr/bin/ceph: stderr
2024-09-10T09:27:19.715+0000 7fd615075700 1 --2- >> [v2:172.21.15.79:3300/0,v1:172.21.15.79:6789/0] conn(0x7fd6101066b0 0x7fd610108a90 unknown :-1 s=HELLO_CONNECTING pgs=0 cs=0 l=0 rev1=1 crypto rx=0 tx=0 comp rx=0 tx=0).handle_hello peer v2:172.21.15.79:3300/0 says I am v2:172.21.15.79:33314/0 (socket says 172.21.15.79:33314)
2024-09-10T09:27:20.762 INFO:teuthology.orchestra.run.smithi079.stdout:/usr/bin/ceph: stderr
2024-09-10T09:27:19.715+0000 7fd615075700 1 -- 172.21.15.79:0/3547753284 learned_addr learned my addr 172.21.15.79:0/3547753284 (peer_addr_for_me v2:172.21.15.79:0/0)
2024-09-10T09:27:20.762 INFO:teuthology.orchestra.run.smithi079.stdout:/usr/bin/ceph: stderr
2024-09-10T09:27:19.715+0000 7fd615075700 1 -- 172.21.15.79:0/3547753284 --> [v2:172.21.15.79:3300/0,v1:172.21.15.79:6789/0] -- mon_subscribe({config=0+,monmap=0+}) v3 -- 0x7fd610079ee0 con 0x7fd6101066b0
2024-09-10T09:27:20.762 INFO:teuthology.orchestra.run.smithi079.stdout:/usr/bin/ceph: stderr
2024-09-10T09:27:19.715+0000 7fd615075700 1 --2- 172.21.15.79:0/3547753284 >> [v2:172.21.15.79:3300/0,v1:172.21.15.79:6789/0] conn(0x7fd6101066b0 0x7fd610108a90 secure :-1 s=READY pgs=57 cs=0 l=1 rev1=1 crypto rx=0x7fd600009e80 tx=0x7fd60000b330 comp rx=0 tx=0).ready entity=mon.0 client_cookie=e85e8184879bfe4a server_cookie=0 in_seq=0 out_seq=0
2024-09-10T09:27:20.762 INFO:teuthology.orchestra.run.smithi079.stdout:/usr/bin/ceph: stderr
2024-09-10T09:27:19.715+0000 7fd60ffff700 1 -- 172.21.15.79:0/3547753284 <== mon.0 v2:172.21.15.79:3300/0 1 ==== mon_map magic: 0 v1 ==== 229+0+0 (secure 0 0 0) 0x7fd60000e070 con 0x7fd6101066b0
2024-09-10T09:27:20.762 INFO:teuthology.orchestra.run.smithi079.stdout:/usr/bin/ceph: stderr
2024-09-10T09:27:19.715+0000 7fd60ffff700 1 -- 172.21.15.79:0/3547753284 <== mon.0 v2:172.21.15.79:3300/0 2 ==== config(27 keys) v1 ==== 1101+0+0 (secure 0 0 0) 0x7fd60000b8c0 con 0x7fd6101066b0
2024-09-10T09:27:20.762 INFO:teuthology.orchestra.run.smithi079.stdout:/usr/bin/ceph: stderr
2024-09-10T09:27:19.715+0000 7fd60ffff700 1 -- 172.21.15.79:0/3547753284 <== mon.0 v2:172.21.15.79:3300/0 3 ==== mon_map magic: 0 v1 ==== 229+0+0 (secure 0 0 0) 0x7fd6000044d0 con 0x7fd6101066b0
2024-09-10T09:27:20.762 INFO:teuthology.orchestra.run.smithi079.stdout:/usr/bin/ceph: stderr
2024-09-10T09:27:19.716+0000 7fd6172d9700 1 -- 172.21.15.79:0/3547753284 >> [v2:172.21.15.79:3300/0,v1:172.21.15.79:6789/0] conn(0x7fd6101066b0 msgr2=0x7fd610108a90 secure :-1 s=STATE_CONNECTION_ESTABLISHED l=1).mark_down
2024-09-10T09:27:20.762 INFO:teuthology.orchestra.run.smithi079.stdout:/usr/bin/ceph: stderr
2024-09-10T09:27:19.716+0000 7fd6172d9700 1 --2- 172.21.15.79:0/3547753284 >> [v2:172.21.15.79:3300/0,v1:172.21.15.79:6789/0] conn(0x7fd6101066b0 0x7fd610108a90 secure :-1 s=READY pgs=57 cs=0 l=1 rev1=1 crypto rx=0x7fd600009e80 tx=0x7fd60000b330 comp rx=0 tx=0).stop
2024-09-10T09:27:20.762 INFO:teuthology.orchestra.run.smithi079.stdout:/usr/bin/ceph: stderr
2024-09-10T09:27:19.716+0000 7fd6172d9700 1 -- 172.21.15.79:0/3547753284 shutdown_connections
2024-09-10T09:27:20.763 INFO:teuthology.orchestra.run.smithi079.stdout:/usr/bin/ceph: stderr
2024-09-10T09:27:19.716+0000 7fd6172d9700 1 --2- 172.21.15.79:0/3547753284 >> [v2:172.21.15.79:3300/0,v1:172.21.15.79:6789/0] conn(0x7fd6101066b0 0x7fd610108a90 unknown :-1 s=CLOSED pgs=57 cs=0 l=1 rev1=1 crypto rx=0 tx=0 comp rx=0 tx=0).stop
2024-09-10T09:27:20.763 INFO:teuthology.orchestra.run.smithi079.stdout:/usr/bin/ceph: stderr
2024-09-10T09:27:19.716+0000 7fd6172d9700 1 -- 172.21.15.79:0/3547753284 >> 172.21.15.79:0/3547753284 conn(0x7fd610100150 msgr2=0x7fd610102560 unknown :-1 s=STATE_NONE l=0).mark_down
2024-09-10T09:27:20.763 INFO:teuthology.orchestra.run.smithi079.stdout:/usr/bin/ceph: stderr
2024-09-10T09:27:19.716+0000 7fd6172d9700 1 -- 172.21.15.79:0/3547753284 shutdown_connections
2024-09-10T09:27:20.763 INFO:teuthology.orchestra.run.smithi079.stdout:/usr/bin/ceph: stderr
2024-09-10T09:27:19.716+0000 7fd6172d9700 1 -- 172.21.15.79:0/3547753284 wait complete.
2024-09-10T09:27:20.763 INFO:teuthology.orchestra.run.smithi079.stdout:/usr/bin/ceph: stderr
2024-09-10T09:27:19.717+0000 7fd6172d9700 1 Processor -- start
2024-09-10T09:27:20.763 INFO:teuthology.orchestra.run.smithi079.stdout:/usr/bin/ceph: stderr
2024-09-10T09:27:19.717+0000 7fd6172d9700 1 -- start start
2024-09-10T09:27:20.763 INFO:teuthology.orchestra.run.smithi079.stdout:/usr/bin/ceph: stderr
2024-09-10T09:27:19.717+0000 7fd6172d9700 1 --2- >> [v2:172.21.15.79:3300/0,v1:172.21.15.79:6789/0] conn(0x7fd6101066b0 0x7fd6101998e0 unknown :-1 s=NONE pgs=0 cs=0 l=1 rev1=0 crypto rx=0 tx=0 comp rx=0 tx=0).connect
2024-09-10T09:27:20.763 INFO:teuthology.orchestra.run.smithi079.stdout:/usr/bin/ceph: stderr
2024-09-10T09:27:19.717+0000 7fd6172d9700 1 -- --> [v2:172.21.15.79:3300/0,v1:172.21.15.79:6789/0] -- mon_getmap magic: 0 v1 -- 0x7fd610199e20 con 0x7fd6101066b0
2024-09-10T09:27:20.763 INFO:teuthology.orchestra.run.smithi079.stdout:/usr/bin/ceph: stderr
2024-09-10T09:27:19.717+0000 7fd615075700 1 --2- >> [v2:172.21.15.79:3300/0,v1:172.21.15.79:6789/0] conn(0x7fd6101066b0 0x7fd6101998e0 unknown :-1 s=BANNER_CONNECTING pgs=0 cs=0 l=1 rev1=0 crypto rx=0 tx=0 comp rx=0 tx=0)._handle_peer_banner_payload supported=3 required=0
2024-09-10T09:27:20.763 INFO:teuthology.orchestra.run.smithi079.stdout:/usr/bin/ceph: stderr
2024-09-10T09:27:19.717+0000 7fd615075700 1 --2- >> [v2:172.21.15.79:3300/0,v1:172.21.15.79:6789/0] conn(0x7fd6101066b0 0x7fd6101998e0 unknown :-1 s=HELLO_CONNECTING pgs=0 cs=0 l=1 rev1=1 crypto rx=0 tx=0 comp rx=0 tx=0).handle_hello peer v2:172.21.15.79:3300/0 says I am v2:172.21.15.79:33324/0 (socket says 172.21.15.79:33324)
2024-09-10T09:27:20.763 INFO:teuthology.orchestra.run.smithi079.stdout:/usr/bin/ceph: stderr
2024-09-10T09:27:19.717+0000 7fd615075700 1 -- 172.21.15.79:0/2058344304 learned_addr learned my addr 172.21.15.79:0/2058344304 (peer_addr_for_me v2:172.21.15.79:0/0)
2024-09-10T09:27:20.763 INFO:teuthology.orchestra.run.smithi079.stdout:/usr/bin/ceph: stderr
2024-09-10T09:27:19.717+0000 7fd615075700 1 -- 172.21.15.79:0/2058344304 --> [v2:172.21.15.79:3300/0,v1:172.21.15.79:6789/0] -- mon_subscribe({config=0+,monmap=0+}) v3 -- 0x7fd600009b30 con 0x7fd6101066b0
2024-09-10T09:27:20.763 INFO:teuthology.orchestra.run.smithi079.stdout:/usr/bin/ceph: stderr
2024-09-10T09:27:19.718+0000 7fd615075700 1 --2- 172.21.15.79:0/2058344304 >> [v2:172.21.15.79:3300/0,v1:172.21.15.79:6789/0] conn(0x7fd6101066b0 0x7fd6101998e0 secure :-1 s=READY pgs=58 cs=0 l=1 rev1=1 crypto rx=0x7fd600004940 tx=0x7fd600004a20 comp rx=0 tx=0).ready entity=mon.0 client_cookie=0 server_cookie=0 in_seq=0 out_seq=0
2024-09-10T09:27:20.764 INFO:teuthology.orchestra.run.smithi079.stdout:/usr/bin/ceph: stderr
2024-09-10T09:27:19.718+0000 7fd60e7fc700 1 -- 172.21.15.79:0/2058344304 <== mon.0 v2:172.21.15.79:3300/0 1 ==== mon_map magic: 0 v1 ==== 229+0+0 (secure 0 0 0) 0x7fd60000e040 con 0x7fd6101066b0
2024-09-10T09:27:20.764 INFO:teuthology.orchestra.run.smithi079.stdout:/usr/bin/ceph: stderr
2024-09-10T09:27:19.718+0000 7fd60e7fc700 1 -- 172.21.15.79:0/2058344304 <== mon.0 v2:172.21.15.79:3300/0 2 ==== config(27 keys) v1 ==== 1101+0+0 (secure 0 0 0) 0x7fd60000bc40 con 0x7fd6101066b0
2024-09-10T09:27:20.764 INFO:teuthology.orchestra.run.smithi079.stdout:/usr/bin/ceph: stderr
2024-09-10T09:27:19.718+0000 7fd6172d9700 1 -- 172.21.15.79:0/2058344304 --> [v2:172.21.15.79:3300/0,v1:172.21.15.79:6789/0] -- mon_subscribe({mgrmap=0+}) v3 -- 0x7fd61019a020 con 0x7fd6101066b0
2024-09-10T09:27:20.764 INFO:teuthology.orchestra.run.smithi079.stdout:/usr/bin/ceph: stderr
2024-09-10T09:27:19.718+0000 7fd60e7fc700 1 -- 172.21.15.79:0/2058344304 <== mon.0 v2:172.21.15.79:3300/0 3 ==== mon_map magic: 0 v1 ==== 229+0+0 (secure 0 0 0) 0x7fd6000126e0 con 0x7fd6101066b0
2024-09-10T09:27:20.764 INFO:teuthology.orchestra.run.smithi079.stdout:/usr/bin/ceph: stderr
2024-09-10T09:27:19.718+0000 7fd6172d9700 1 -- 172.21.15.79:0/2058344304 --> [v2:172.21.15.79:3300/0,v1:172.21.15.79:6789/0] -- mon_subscribe({osdmap=0}) v3 -- 0x7fd61019a4a0 con 0x7fd6101066b0
2024-09-10T09:27:20.764 INFO:teuthology.orchestra.run.smithi079.stdout:/usr/bin/ceph: stderr
2024-09-10T09:27:19.719+0000 7fd60e7fc700 1 -- 172.21.15.79:0/2058344304 <== mon.0 v2:172.21.15.79:3300/0 4 ==== mgrmap(e 8) v1 ==== 45084+0+0 (secure 0 0 0) 0x7fd600019040 con 0x7fd6101066b0
2024-09-10T09:27:20.764 INFO:teuthology.orchestra.run.smithi079.stdout:/usr/bin/ceph: stderr
2024-09-10T09:27:19.719+0000 7fd6172d9700 1 -- 172.21.15.79:0/2058344304 --> [v2:172.21.15.79:3300/0,v1:172.21.15.79:6789/0] -- mon_command({"prefix": "get_command_descriptions"} v 0) v1 -- 0x7fd6100623f0 con 0x7fd6101066b0
2024-09-10T09:27:20.764 INFO:teuthology.orchestra.run.smithi079.stdout:/usr/bin/ceph: stderr
2024-09-10T09:27:19.719+0000 7fd60e7fc700 1 --2- 172.21.15.79:0/2058344304 >> [v2:172.21.15.79:6800/2,v1:172.21.15.79:6801/2] conn(0x7fd5f8038440 0x7fd5f803a8f0 unknown :-1 s=NONE pgs=0 cs=0 l=1 rev1=0 crypto rx=0 tx=0 comp rx=0 tx=0).connect
2024-09-10T09:27:20.764 INFO:teuthology.orchestra.run.smithi079.stdout:/usr/bin/ceph: stderr
2024-09-10T09:27:19.719+0000 7fd60e7fc700 1 -- 172.21.15.79:0/2058344304 <== mon.0 v2:172.21.15.79:3300/0 5 ==== osd_map(2..2 src has 1..2) v4 ==== 940+0+0 (secure 0 0 0) 0x7fd60004bc10 con 0x7fd6101066b0
2024-09-10T09:27:20.764 INFO:teuthology.orchestra.run.smithi079.stdout:/usr/bin/ceph: stderr
2024-09-10T09:27:19.719+0000 7fd614874700 1 --2- 172.21.15.79:0/2058344304 >> [v2:172.21.15.79:6800/2,v1:172.21.15.79:6801/2] conn(0x7fd5f8038440 0x7fd5f803a8f0 unknown :-1 s=BANNER_CONNECTING pgs=0 cs=0 l=1 rev1=0 crypto rx=0 tx=0 comp rx=0 tx=0)._handle_peer_banner_payload supported=3 required=0
2024-09-10T09:27:20.764 INFO:teuthology.orchestra.run.smithi079.stdout:/usr/bin/ceph: stderr
2024-09-10T09:27:19.720+0000 7fd614874700 1 --2- 172.21.15.79:0/2058344304 >> [v2:172.21.15.79:6800/2,v1:172.21.15.79:6801/2] conn(0x7fd5f8038440 0x7fd5f803a8f0 secure :-1 s=READY pgs=17 cs=0 l=1 rev1=1 crypto rx=0x7fd604006fd0 tx=0x7fd604006e40 comp rx=0 tx=0).ready entity=mgr.14120 client_cookie=0 server_cookie=0 in_seq=0 out_seq=0
2024-09-10T09:27:20.764 INFO:teuthology.orchestra.run.smithi079.stdout:/usr/bin/ceph: stderr
2024-09-10T09:27:19.724+0000 7fd60e7fc700 1 -- 172.21.15.79:0/2058344304 <== mon.0 v2:172.21.15.79:3300/0 6 ==== mon_command_ack([{"prefix": "get_command_descriptions"}]=0 v0) v1 ==== 72+0+177933 (secure 0 0 0) 0x7fd6100623f0 con 0x7fd6101066b0
2024-09-10T09:27:20.764 INFO:teuthology.orchestra.run.smithi079.stdout:/usr/bin/ceph: stderr
2024-09-10T09:27:19.924+0000 7fd6172d9700 1 -- 172.21.15.79:0/2058344304 --> [v2:172.21.15.79:6800/2,v1:172.21.15.79:6801/2] -- mgr_command(tid 0: {"prefix": "orch apply", "service_type": "grafana", "target": ["mon-mgr", ""]}) v1 -- 0x7fd6100623f0 con 0x7fd5f8038440
2024-09-10T09:27:20.765 INFO:teuthology.orchestra.run.smithi079.stdout:/usr/bin/ceph: stderr
2024-09-10T09:27:19.928+0000 7fd60e7fc700 1 -- 172.21.15.79:0/2058344304 <== mgr.14120 v2:172.21.15.79:6800/2 1 ==== mgr_command_reply(tid 0: 0 ) v1 ==== 8+0+28 (secure 0 0 0) 0x7fd6100623f0 con 0x7fd5f8038440
2024-09-10T09:27:20.765 INFO:teuthology.orchestra.run.smithi079.stdout:/usr/bin/ceph: stderr
2024-09-10T09:27:19.931+0000 7fd6172d9700 1 -- 172.21.15.79:0/2058344304 >> [v2:172.21.15.79:6800/2,v1:172.21.15.79:6801/2] conn(0x7fd5f8038440 msgr2=0x7fd5f803a8f0 secure :-1 s=STATE_CONNECTION_ESTABLISHED l=1).mark_down
2024-09-10T09:27:20.765 INFO:teuthology.orchestra.run.smithi079.stdout:/usr/bin/ceph: stderr
2024-09-10T09:27:19.931+0000 7fd6172d9700 1 --2- 172.21.15.79:0/2058344304 >> [v2:172.21.15.79:6800/2,v1:172.21.15.79:6801/2] conn(0x7fd5f8038440 0x7fd5f803a8f0 secure :-1 s=READY pgs=17 cs=0 l=1 rev1=1 crypto rx=0x7fd604006fd0 tx=0x7fd604006e40 comp rx=0 tx=0).stop
2024-09-10T09:27:20.765 INFO:teuthology.orchestra.run.smithi079.stdout:/usr/bin/ceph: stderr
2024-09-10T09:27:19.931+0000 7fd6172d9700 1 -- 172.21.15.79:0/2058344304 >> [v2:172.21.15.79:3300/0,v1:172.21.15.79:6789/0] conn(0x7fd6101066b0 msgr2=0x7fd6101998e0 secure :-1 s=STATE_CONNECTION_ESTABLISHED l=1).mark_down
2024-09-10T09:27:20.765 INFO:teuthology.orchestra.run.smithi079.stdout:/usr/bin/ceph: stderr
2024-09-10T09:27:19.931+0000 7fd6172d9700 1 --2- 172.21.15.79:0/2058344304 >> [v2:172.21.15.79:3300/0,v1:172.21.15.79:6789/0] conn(0x7fd6101066b0 0x7fd6101998e0 secure :-1 s=READY pgs=58 cs=0 l=1 rev1=1 crypto rx=0x7fd600004940 tx=0x7fd600004a20 comp rx=0 tx=0).stop
2024-09-10T09:27:20.765 INFO:teuthology.orchestra.run.smithi079.stdout:/usr/bin/ceph: stderr
2024-09-10T09:27:19.931+0000 7fd6172d9700 1 -- 172.21.15.79:0/2058344304 shutdown_connections
2024-09-10T09:27:20.765 INFO:teuthology.orchestra.run.smithi079.stdout:/usr/bin/ceph: stderr
2024-09-10T09:27:19.931+0000 7fd6172d9700 1 --2- 172.21.15.79:0/2058344304 >> [v2:172.21.15.79:6800/2,v1:172.21.15.79:6801/2] conn(0x7fd5f8038440 0x7fd5f803a8f0 unknown :-1 s=CLOSED pgs=17 cs=0 l=1 rev1=1 crypto rx=0 tx=0 comp rx=0 tx=0).stop
2024-09-10T09:27:20.765 INFO:teuthology.orchestra.run.smithi079.stdout:/usr/bin/ceph: stderr
2024-09-10T09:27:19.931+0000 7fd6172d9700 1 --2- 172.21.15.79:0/2058344304 >> [v2:172.21.15.79:3300/0,v1:172.21.15.79:6789/0] conn(0x7fd6101066b0 0x7fd6101998e0 unknown :-1 s=CLOSED pgs=58 cs=0 l=1 rev1=1 crypto rx=0 tx=0 comp rx=0 tx=0).stop
2024-09-10T09:27:20.765 INFO:teuthology.orchestra.run.smithi079.stdout:/usr/bin/ceph: stderr
2024-09-10T09:27:19.931+0000 7fd6172d9700 1 -- 172.21.15.79:0/2058344304 >> 172.21.15.79:0/2058344304 conn(0x7fd610100150 msgr2=0x7fd610100ed0 unknown :-1 s=STATE_NONE l=0).mark_down
2024-09-10T09:27:20.765 INFO:teuthology.orchestra.run.smithi079.stdout:/usr/bin/ceph: stderr
2024-09-10T09:27:19.931+0000 7fd6172d9700 1 -- 172.21.15.79:0/2058344304 shutdown_connections
2024-09-10T09:27:20.765 INFO:teuthology.orchestra.run.smithi079.stdout:/usr/bin/ceph: stderr
2024-09-10T09:27:19.931+0000 7fd6172d9700 1 -- 172.21.15.79:0/2058344304 wait complete.
2024-09-10T09:27:20.765 INFO:teuthology.orchestra.run.smithi079.stdout:Deploying node-exporter service with default placement...
2024-09-10T09:27:21.074 INFO:journalctl@ceph.mon.smithi079.smithi079.stdout:Sep 10 09:27:20 smithi079 ceph-mon[27592]: from='client.14152 -' entity='client.admin' cmd=[{"prefix": "orch apply", "service_type": "grafana", "target": ["mon-mgr", ""]}]: dispatch
2024-09-10T09:27:21.074 INFO:journalctl@ceph.mon.smithi079.smithi079.stdout:Sep 10 09:27:20 smithi079 ceph-mon[27592]: Saving service grafana spec with placement count:1
2024-09-10T09:27:21.074 INFO:journalctl@ceph.mon.smithi079.smithi079.stdout:Sep 10 09:27:20 smithi079 ceph-mon[27592]: from='mgr.14120 172.21.15.79:0/2' entity='mgr.smithi079.mhirny'
2024-09-10T09:27:21.967 INFO:teuthology.orchestra.run.smithi079.stdout:/usr/bin/ceph: stdout Scheduled node-exporter update...
2024-09-10T09:27:21.967 INFO:teuthology.orchestra.run.smithi079.stdout:/usr/bin/ceph: stderr
2024-09-10T09:27:21.180+0000 7fb924227700 1 Processor -- start
2024-09-10T09:27:21.967 INFO:teuthology.orchestra.run.smithi079.stdout:/usr/bin/ceph: stderr
2024-09-10T09:27:21.180+0000 7fb924227700 1 -- start start
2024-09-10T09:27:21.967 INFO:teuthology.orchestra.run.smithi079.stdout:/usr/bin/ceph: stderr
2024-09-10T09:27:21.181+0000 7fb924227700 1 --2- >> [v2:172.21.15.79:3300/0,v1:172.21.15.79:6789/0] conn(0x7fb91c07be40 0x7fb91c07a340 unknown :-1 s=NONE pgs=0 cs=0 l=0 rev1=0 crypto rx=0 tx=0 comp rx=0 tx=0).connect
2024-09-10T09:27:21.967 INFO:teuthology.orchestra.run.smithi079.stdout:/usr/bin/ceph: stderr
2024-09-10T09:27:21.181+0000 7fb924227700 1 -- --> [v2:172.21.15.79:3300/0,v1:172.21.15.79:6789/0] -- mon_getmap magic: 0 v1 -- 0x7fb91c07a880 con 0x7fb91c07be40
2024-09-10T09:27:21.968 INFO:teuthology.orchestra.run.smithi079.stdout:/usr/bin/ceph: stderr
2024-09-10T09:27:21.181+0000 7fb921fc3700 1 --2- >> [v2:172.21.15.79:3300/0,v1:172.21.15.79:6789/0] conn(0x7fb91c07be40 0x7fb91c07a340 unknown :-1 s=BANNER_CONNECTING pgs=0 cs=0 l=0 rev1=0 crypto rx=0 tx=0 comp rx=0 tx=0)._handle_peer_banner_payload supported=3 required=0
2024-09-10T09:27:21.968 INFO:teuthology.orchestra.run.smithi079.stdout:/usr/bin/ceph: stderr
2024-09-10T09:27:21.181+0000 7fb921fc3700 1 --2- >> [v2:172.21.15.79:3300/0,v1:172.21.15.79:6789/0] conn(0x7fb91c07be40 0x7fb91c07a340 unknown :-1 s=HELLO_CONNECTING pgs=0 cs=0 l=0 rev1=1 crypto rx=0 tx=0 comp rx=0 tx=0).handle_hello peer v2:172.21.15.79:3300/0 says I am v2:172.21.15.79:33338/0 (socket says 172.21.15.79:33338)
2024-09-10T09:27:21.968 INFO:teuthology.orchestra.run.smithi079.stdout:/usr/bin/ceph: stderr
2024-09-10T09:27:21.181+0000 7fb921fc3700 1 -- 172.21.15.79:0/2639463770 learned_addr learned my addr 172.21.15.79:0/2639463770 (peer_addr_for_me v2:172.21.15.79:0/0)
2024-09-10T09:27:21.968 INFO:teuthology.orchestra.run.smithi079.stdout:/usr/bin/ceph: stderr
2024-09-10T09:27:21.181+0000 7fb921fc3700 1 -- 172.21.15.79:0/2639463770 --> [v2:172.21.15.79:3300/0,v1:172.21.15.79:6789/0] -- mon_subscribe({config=0+,monmap=0+}) v3 -- 0x7fb91c07a9c0 con 0x7fb91c07be40
2024-09-10T09:27:21.968 INFO:teuthology.orchestra.run.smithi079.stdout:/usr/bin/ceph: stderr
2024-09-10T09:27:21.181+0000 7fb921fc3700 1 --2- 172.21.15.79:0/2639463770 >> [v2:172.21.15.79:3300/0,v1:172.21.15.79:6789/0] conn(0x7fb91c07be40 0x7fb91c07a340 secure :-1 s=READY pgs=59 cs=0 l=1 rev1=1 crypto rx=0x7fb9180098a0 tx=0x7fb918009bb0 comp rx=0 tx=0).ready entity=mon.0 client_cookie=c10372ba8eb7efe2 server_cookie=0 in_seq=0 out_seq=0
2024-09-10T09:27:21.968 INFO:teuthology.orchestra.run.smithi079.stdout:/usr/bin/ceph: stderr
2024-09-10T09:27:21.181+0000 7fb920fc1700 1 -- 172.21.15.79:0/2639463770 <== mon.0 v2:172.21.15.79:3300/0 1 ==== mon_map magic: 0 v1 ==== 229+0+0 (secure 0 0 0) 0x7fb918004180 con 0x7fb91c07be40
2024-09-10T09:27:21.968 INFO:teuthology.orchestra.run.smithi079.stdout:/usr/bin/ceph: stderr
2024-09-10T09:27:21.181+0000 7fb920fc1700 1 -- 172.21.15.79:0/2639463770 <== mon.0 v2:172.21.15.79:3300/0 2 ==== config(27 keys) v1 ==== 1101+0+0 (secure 0 0 0) 0x7fb9180042e0 con 0x7fb91c07be40
2024-09-10T09:27:21.968 INFO:teuthology.orchestra.run.smithi079.stdout:/usr/bin/ceph: stderr
2024-09-10T09:27:21.181+0000 7fb920fc1700 1 -- 172.21.15.79:0/2639463770 <== mon.0 v2:172.21.15.79:3300/0 3 ==== mon_map magic: 0 v1 ==== 229+0+0 (secure 0 0 0) 0x7fb918011af0 con 0x7fb91c07be40
2024-09-10T09:27:21.968 INFO:teuthology.orchestra.run.smithi079.stdout:/usr/bin/ceph: stderr
2024-09-10T09:27:21.182+0000 7fb924227700 1 -- 172.21.15.79:0/2639463770 >> [v2:172.21.15.79:3300/0,v1:172.21.15.79:6789/0] conn(0x7fb91c07be40 msgr2=0x7fb91c07a340 secure :-1 s=STATE_CONNECTION_ESTABLISHED l=1).mark_down
2024-09-10T09:27:21.968 INFO:teuthology.orchestra.run.smithi079.stdout:/usr/bin/ceph: stderr
2024-09-10T09:27:21.182+0000 7fb924227700 1 --2- 172.21.15.79:0/2639463770 >> [v2:172.21.15.79:3300/0,v1:172.21.15.79:6789/0] conn(0x7fb91c07be40 0x7fb91c07a340 secure :-1 s=READY pgs=59 cs=0 l=1 rev1=1 crypto rx=0x7fb9180098a0 tx=0x7fb918009bb0 comp rx=0 tx=0).stop
2024-09-10T09:27:21.968 INFO:teuthology.orchestra.run.smithi079.stdout:/usr/bin/ceph: stderr
2024-09-10T09:27:21.182+0000 7fb924227700 1 -- 172.21.15.79:0/2639463770 shutdown_connections
2024-09-10T09:27:21.968 INFO:teuthology.orchestra.run.smithi079.stdout:/usr/bin/ceph: stderr
2024-09-10T09:27:21.182+0000 7fb924227700 1 --2- 172.21.15.79:0/2639463770 >> [v2:172.21.15.79:3300/0,v1:172.21.15.79:6789/0] conn(0x7fb91c07be40 0x7fb91c07a340 unknown :-1 s=CLOSED pgs=59 cs=0 l=1 rev1=1 crypto rx=0 tx=0 comp rx=0 tx=0).stop
2024-09-10T09:27:21.969 INFO:teuthology.orchestra.run.smithi079.stdout:/usr/bin/ceph: stderr
2024-09-10T09:27:21.182+0000 7fb924227700 1 -- 172.21.15.79:0/2639463770 >> 172.21.15.79:0/2639463770 conn(0x7fb91c101220 msgr2=0x7fb91c103630 unknown :-1 s=STATE_NONE l=0).mark_down
2024-09-10T09:27:21.969 INFO:teuthology.orchestra.run.smithi079.stdout:/usr/bin/ceph: stderr
2024-09-10T09:27:21.182+0000 7fb924227700 1 -- 172.21.15.79:0/2639463770 shutdown_connections
2024-09-10T09:27:21.969 INFO:teuthology.orchestra.run.smithi079.stdout:/usr/bin/ceph: stderr
2024-09-10T09:27:21.182+0000 7fb924227700 1 -- 172.21.15.79:0/2639463770 wait complete.
2024-09-10T09:27:21.969 INFO:teuthology.orchestra.run.smithi079.stdout:/usr/bin/ceph: stderr
2024-09-10T09:27:21.183+0000 7fb924227700 1 Processor -- start
2024-09-10T09:27:21.969 INFO:teuthology.orchestra.run.smithi079.stdout:/usr/bin/ceph: stderr
2024-09-10T09:27:21.183+0000 7fb924227700 1 -- start start
2024-09-10T09:27:21.969 INFO:teuthology.orchestra.run.smithi079.stdout:/usr/bin/ceph: stderr
2024-09-10T09:27:21.183+0000 7fb924227700 1 --2- >> [v2:172.21.15.79:3300/0,v1:172.21.15.79:6789/0] conn(0x7fb91c07be40 0x7fb91c19bba0 unknown :-1 s=NONE pgs=0 cs=0 l=1 rev1=0 crypto rx=0 tx=0 comp rx=0 tx=0).connect
2024-09-10T09:27:21.969 INFO:teuthology.orchestra.run.smithi079.stdout:/usr/bin/ceph: stderr
2024-09-10T09:27:21.183+0000 7fb924227700 1 -- --> [v2:172.21.15.79:3300/0,v1:172.21.15.79:6789/0] -- mon_getmap magic: 0 v1 -- 0x7fb91c19c0e0 con 0x7fb91c07be40
2024-09-10T09:27:21.969 INFO:teuthology.orchestra.run.smithi079.stdout:/usr/bin/ceph: stderr
2024-09-10T09:27:21.183+0000 7fb921fc3700 1 --2- >> [v2:172.21.15.79:3300/0,v1:172.21.15.79:6789/0] conn(0x7fb91c07be40 0x7fb91c19bba0 unknown :-1 s=BANNER_CONNECTING pgs=0 cs=0 l=1 rev1=0 crypto rx=0 tx=0 comp rx=0 tx=0)._handle_peer_banner_payload supported=3 required=0
2024-09-10T09:27:21.969 INFO:teuthology.orchestra.run.smithi079.stdout:/usr/bin/ceph: stderr
2024-09-10T09:27:21.183+0000 7fb921fc3700 1 --2- >> [v2:172.21.15.79:3300/0,v1:172.21.15.79:6789/0] conn(0x7fb91c07be40 0x7fb91c19bba0 unknown :-1 s=HELLO_CONNECTING pgs=0 cs=0 l=1 rev1=1 crypto rx=0 tx=0 comp rx=0 tx=0).handle_hello peer v2:172.21.15.79:3300/0 says I am v2:172.21.15.79:33342/0 (socket says 172.21.15.79:33342)
2024-09-10T09:27:21.969 INFO:teuthology.orchestra.run.smithi079.stdout:/usr/bin/ceph: stderr
2024-09-10T09:27:21.183+0000 7fb921fc3700 1 -- 172.21.15.79:0/709841685 learned_addr learned my addr 172.21.15.79:0/709841685 (peer_addr_for_me v2:172.21.15.79:0/0)
2024-09-10T09:27:21.969 INFO:teuthology.orchestra.run.smithi079.stdout:/usr/bin/ceph: stderr
2024-09-10T09:27:21.183+0000 7fb921fc3700 1 -- 172.21.15.79:0/709841685 --> [v2:172.21.15.79:3300/0,v1:172.21.15.79:6789/0] -- mon_subscribe({config=0+,monmap=0+}) v3 -- 0x7fb918009550 con 0x7fb91c07be40
2024-09-10T09:27:21.969 INFO:teuthology.orchestra.run.smithi079.stdout:/usr/bin/ceph: stderr
2024-09-10T09:27:21.183+0000 7fb921fc3700 1 --2- 172.21.15.79:0/709841685 >> [v2:172.21.15.79:3300/0,v1:172.21.15.79:6789/0] conn(0x7fb91c07be40 0x7fb91c19bba0 secure :-1 s=READY pgs=60 cs=0 l=1 rev1=1 crypto rx=0x7fb918006ba0 tx=0x7fb918011b50 comp rx=0 tx=0).ready entity=mon.0 client_cookie=0 server_cookie=0 in_seq=0 out_seq=0
2024-09-10T09:27:21.969 INFO:teuthology.orchestra.run.smithi079.stdout:/usr/bin/ceph: stderr
2024-09-10T09:27:21.183+0000 7fb912ffd700 1 -- 172.21.15.79:0/709841685 <== mon.0 v2:172.21.15.79:3300/0 1 ==== mon_map magic: 0 v1 ==== 229+0+0 (secure 0 0 0) 0x7fb918003b00 con 0x7fb91c07be40
2024-09-10T09:27:21.970 INFO:teuthology.orchestra.run.smithi079.stdout:/usr/bin/ceph: stderr
2024-09-10T09:27:21.184+0000 7fb912ffd700 1 -- 172.21.15.79:0/709841685 <== mon.0 v2:172.21.15.79:3300/0 2 ==== config(27 keys) v1 ==== 1101+0+0 (secure 0 0 0) 0x7fb91801a8e0 con 0x7fb91c07be40
2024-09-10T09:27:21.970 INFO:teuthology.orchestra.run.smithi079.stdout:/usr/bin/ceph: stderr
2024-09-10T09:27:21.184+0000 7fb924227700 1 -- 172.21.15.79:0/709841685 --> [v2:172.21.15.79:3300/0,v1:172.21.15.79:6789/0] -- mon_subscribe({mgrmap=0+}) v3 -- 0x7fb91c19c2e0 con 0x7fb91c07be40
2024-09-10T09:27:21.970 INFO:teuthology.orchestra.run.smithi079.stdout:/usr/bin/ceph: stderr
2024-09-10T09:27:21.184+0000 7fb912ffd700 1 -- 172.21.15.79:0/709841685 <== mon.0 v2:172.21.15.79:3300/0 3 ==== mon_map magic: 0 v1 ==== 229+0+0 (secure 0 0 0) 0x7fb918019990 con 0x7fb91c07be40
2024-09-10T09:27:21.970 INFO:teuthology.orchestra.run.smithi079.stdout:/usr/bin/ceph: stderr
2024-09-10T09:27:21.184+0000 7fb924227700 1 -- 172.21.15.79:0/709841685 --> [v2:172.21.15.79:3300/0,v1:172.21.15.79:6789/0] -- mon_subscribe({osdmap=0}) v3 -- 0x7fb91c19c700 con 0x7fb91c07be40
2024-09-10T09:27:21.970 INFO:teuthology.orchestra.run.smithi079.stdout:/usr/bin/ceph: stderr
2024-09-10T09:27:21.184+0000 7fb912ffd700 1 -- 172.21.15.79:0/709841685 <== mon.0 v2:172.21.15.79:3300/0 4 ==== mgrmap(e 8) v1 ==== 45084+0+0 (secure 0 0 0) 0x7fb918019c50 con 0x7fb91c07be40
2024-09-10T09:27:21.970 INFO:teuthology.orchestra.run.smithi079.stdout:/usr/bin/ceph: stderr
2024-09-10T09:27:21.185+0000 7fb912ffd700 1 --2- 172.21.15.79:0/709841685 >> [v2:172.21.15.79:6800/2,v1:172.21.15.79:6801/2] conn(0x7fb9080383a0 0x7fb90803a850 unknown :-1 s=NONE pgs=0 cs=0 l=1 rev1=0 crypto rx=0 tx=0 comp rx=0 tx=0).connect
2024-09-10T09:27:21.970 INFO:teuthology.orchestra.run.smithi079.stdout:/usr/bin/ceph: stderr
2024-09-10T09:27:21.185+0000 7fb924227700 1 -- 172.21.15.79:0/709841685 --> [v2:172.21.15.79:3300/0,v1:172.21.15.79:6789/0] -- mon_command({"prefix": "get_command_descriptions"} v 0) v1 -- 0x7fb91c10be80 con 0x7fb91c07be40
2024-09-10T09:27:21.970 INFO:teuthology.orchestra.run.smithi079.stdout:/usr/bin/ceph: stderr
2024-09-10T09:27:21.185+0000 7fb912ffd700 1 -- 172.21.15.79:0/709841685 <== mon.0 v2:172.21.15.79:3300/0 5 ==== osd_map(2..2 src has 1..2) v4 ==== 940+0+0 (secure 0 0 0) 0x7fb91804c580 con 0x7fb91c07be40
2024-09-10T09:27:21.970 INFO:teuthology.orchestra.run.smithi079.stdout:/usr/bin/ceph: stderr
2024-09-10T09:27:21.185+0000 7fb9217c2700 1 --2- 172.21.15.79:0/709841685 >> [v2:172.21.15.79:6800/2,v1:172.21.15.79:6801/2] conn(0x7fb9080383a0 0x7fb90803a850 unknown :-1 s=BANNER_CONNECTING pgs=0 cs=0 l=1 rev1=0 crypto rx=0 tx=0 comp rx=0 tx=0)._handle_peer_banner_payload supported=3 required=0
2024-09-10T09:27:21.970 INFO:teuthology.orchestra.run.smithi079.stdout:/usr/bin/ceph: stderr
2024-09-10T09:27:21.185+0000 7fb9217c2700 1 --2- 172.21.15.79:0/709841685 >> [v2:172.21.15.79:6800/2,v1:172.21.15.79:6801/2] conn(0x7fb9080383a0 0x7fb90803a850 secure :-1 s=READY pgs=18 cs=0 l=1 rev1=1 crypto rx=0x7fb90c006fd0 tx=0x7fb90c006e40 comp rx=0 tx=0).ready entity=mgr.14120 client_cookie=0 server_cookie=0 in_seq=0 out_seq=0
2024-09-10T09:27:21.970 INFO:teuthology.orchestra.run.smithi079.stdout:/usr/bin/ceph: stderr
2024-09-10T09:27:21.189+0000 7fb912ffd700 1 -- 172.21.15.79:0/709841685 <== mon.0 v2:172.21.15.79:3300/0 6 ==== mon_command_ack([{"prefix": "get_command_descriptions"}]=0 v0) v1 ==== 72+0+177933 (secure 0 0 0) 0x7fb91801a430 con 0x7fb91c07be40
2024-09-10T09:27:21.970 INFO:teuthology.orchestra.run.smithi079.stdout:/usr/bin/ceph: stderr
2024-09-10T09:27:21.389+0000 7fb924227700 1 -- 172.21.15.79:0/709841685 --> [v2:172.21.15.79:6800/2,v1:172.21.15.79:6801/2] -- mgr_command(tid 0: {"prefix": "orch apply", "service_type": "node-exporter", "target": ["mon-mgr", ""]}) v1 -- 0x7fb91c19f560 con 0x7fb9080383a0
2024-09-10T09:27:21.970 INFO:teuthology.orchestra.run.smithi079.stdout:/usr/bin/ceph: stderr
2024-09-10T09:27:21.394+0000 7fb912ffd700 1 -- 172.21.15.79:0/709841685 <== mgr.14120 v2:172.21.15.79:6800/2 1 ==== mgr_command_reply(tid 0: 0 ) v1 ==== 8+0+34 (secure 0 0 0) 0x7fb91c19f560 con 0x7fb9080383a0
2024-09-10T09:27:21.971 INFO:teuthology.orchestra.run.smithi079.stdout:/usr/bin/ceph: stderr
