2024-09-10T09:27:12.503 INFO:teuthology.orchestra.run.smithi079.stdout:/usr/bin/ceph: stderr
2024-09-10T09:27:11.722+0000 7f537a7fc700 1 --2- 172.21.15.79:0/3286734317 >> [v2:172.21.15.79:6800/2,v1:172.21.15.79:6801/2] conn(0x7f53640383f0 0x7f536403a8a0 unknown :-1 s=BANNER_CONNECTING pgs=0 cs=0 l=1 rev1=0 crypto rx=0 tx=0 comp rx=0 tx=0)._handle_peer_banner_payload supported=3 required=0
2024-09-10T09:27:12.503 INFO:teuthology.orchestra.run.smithi079.stdout:/usr/bin/ceph: stderr
2024-09-10T09:27:11.723+0000 7f537a7fc700 1 --2- 172.21.15.79:0/3286734317 >> [v2:172.21.15.79:6800/2,v1:172.21.15.79:6801/2] conn(0x7f53640383f0 0x7f536403a8a0 secure :-1 s=READY pgs=12 cs=0 l=1 rev1=1 crypto rx=0x7f5370006fd0 tx=0x7f5370006e40 comp rx=0 tx=0).ready entity=mgr.14120 client_cookie=0 server_cookie=0 in_seq=0 out_seq=0
2024-09-10T09:27:12.503 INFO:teuthology.orchestra.run.smithi079.stdout:/usr/bin/ceph: stderr
2024-09-10T09:27:11.727+0000 7f5363fff700 1 -- 172.21.15.79:0/3286734317 <== mon.0 v2:172.21.15.79:3300/0 6 ==== mon_command_ack([{"prefix": "get_command_descriptions"}]=0 v0) v1 ==== 72+0+177933 (secure 0 0 0) 0x7f536c050e60 con 0x7f537c104a80
2024-09-10T09:27:12.503 INFO:teuthology.orchestra.run.smithi079.stdout:/usr/bin/ceph: stderr
2024-09-10T09:27:11.937+0000 7f5381694700 1 -- 172.21.15.79:0/3286734317 --> [v2:172.21.15.79:6800/2,v1:172.21.15.79:6801/2] -- mgr_command(tid 0: {"prefix": "orch apply", "service_type": "mon", "target": ["mon-mgr", ""]}) v1 -- 0x7f537c061190 con 0x7f53640383f0
2024-09-10T09:27:12.503 INFO:teuthology.orchestra.run.smithi079.stdout:/usr/bin/ceph: stderr
2024-09-10T09:27:11.942+0000 7f5363fff700 1 -- 172.21.15.79:0/3286734317 <== mgr.14120 v2:172.21.15.79:6800/2 1 ==== mgr_command_reply(tid 0: 0 ) v1 ==== 8+0+24 (secure 0 0 0) 0x7f537c061190 con 0x7f53640383f0
2024-09-10T09:27:12.503 INFO:teuthology.orchestra.run.smithi079.stdout:/usr/bin/ceph: stderr
2024-09-10T09:27:11.944+0000 7f5381694700 1 -- 172.21.15.79:0/3286734317 >> [v2:172.21.15.79:6800/2,v1:172.21.15.79:6801/2] conn(0x7f53640383f0 msgr2=0x7f536403a8a0 secure :-1 s=STATE_CONNECTION_ESTABLISHED l=1).mark_down
2024-09-10T09:27:12.503 INFO:teuthology.orchestra.run.smithi079.stdout:/usr/bin/ceph: stderr
2024-09-10T09:27:11.944+0000 7f5381694700 1 --2- 172.21.15.79:0/3286734317 >> [v2:172.21.15.79:6800/2,v1:172.21.15.79:6801/2] conn(0x7f53640383f0 0x7f536403a8a0 secure :-1 s=READY pgs=12 cs=0 l=1 rev1=1 crypto rx=0x7f5370006fd0 tx=0x7f5370006e40 comp rx=0 tx=0).stop
2024-09-10T09:27:12.503 INFO:teuthology.orchestra.run.smithi079.stdout:/usr/bin/ceph: stderr
2024-09-10T09:27:11.944+0000 7f5381694700 1 -- 172.21.15.79:0/3286734317 >> [v2:172.21.15.79:3300/0,v1:172.21.15.79:6789/0] conn(0x7f537c104a80 msgr2=0x7f537c1976a0 secure :-1 s=STATE_CONNECTION_ESTABLISHED l=1).mark_down
2024-09-10T09:27:12.503 INFO:teuthology.orchestra.run.smithi079.stdout:/usr/bin/ceph: stderr
2024-09-10T09:27:11.944+0000 7f5381694700 1 --2- 172.21.15.79:0/3286734317 >> [v2:172.21.15.79:3300/0,v1:172.21.15.79:6789/0] conn(0x7f537c104a80 0x7f537c1976a0 secure :-1 s=READY pgs=48 cs=0 l=1 rev1=1 crypto rx=0x7f536c0046d0 tx=0x7f536c003d70 comp rx=0 tx=0).stop
2024-09-10T09:27:12.503 INFO:teuthology.orchestra.run.smithi079.stdout:/usr/bin/ceph: stderr
2024-09-10T09:27:11.944+0000 7f5381694700 1 -- 172.21.15.79:0/3286734317 shutdown_connections
2024-09-10T09:27:12.503 INFO:teuthology.orchestra.run.smithi079.stdout:/usr/bin/ceph: stderr
2024-09-10T09:27:11.944+0000 7f5381694700 1 --2- 172.21.15.79:0/3286734317 >> [v2:172.21.15.79:6800/2,v1:172.21.15.79:6801/2] conn(0x7f53640383f0 0x7f536403a8a0 unknown :-1 s=CLOSED pgs=12 cs=0 l=1 rev1=1 crypto rx=0 tx=0 comp rx=0 tx=0).stop
2024-09-10T09:27:12.503 INFO:teuthology.orchestra.run.smithi079.stdout:/usr/bin/ceph: stderr
2024-09-10T09:27:11.944+0000 7f5381694700 1 --2- 172.21.15.79:0/3286734317 >> [v2:172.21.15.79:3300/0,v1:172.21.15.79:6789/0] conn(0x7f537c104a80 0x7f537c1976a0 unknown :-1 s=CLOSED pgs=48 cs=0 l=1 rev1=1 crypto rx=0 tx=0 comp rx=0 tx=0).stop
2024-09-10T09:27:12.504 INFO:teuthology.orchestra.run.smithi079.stdout:/usr/bin/ceph: stderr
2024-09-10T09:27:11.944+0000 7f5381694700 1 -- 172.21.15.79:0/3286734317 >> 172.21.15.79:0/3286734317 conn(0x7f537c1000f0 msgr2=0x7f537c18e4f0 unknown :-1 s=STATE_NONE l=0).mark_down
2024-09-10T09:27:12.504 INFO:teuthology.orchestra.run.smithi079.stdout:/usr/bin/ceph: stderr
2024-09-10T09:27:11.944+0000 7f5381694700 1 -- 172.21.15.79:0/3286734317 shutdown_connections
2024-09-10T09:27:12.504 INFO:teuthology.orchestra.run.smithi079.stdout:/usr/bin/ceph: stderr
2024-09-10T09:27:11.944+0000 7f5381694700 1 -- 172.21.15.79:0/3286734317 wait complete.
2024-09-10T09:27:12.504 INFO:teuthology.orchestra.run.smithi079.stdout:Deploying mgr service with default placement...
2024-09-10T09:27:13.180 INFO:journalctl@ceph.mon.smithi079.smithi079.stdout:Sep 10 09:27:12 smithi079 ceph-mon[27592]: from='client.14142 -' entity='client.admin' cmd=[{"prefix": "orch apply", "service_type": "mon", "target": ["mon-mgr", ""]}]: dispatch
2024-09-10T09:27:13.180 INFO:journalctl@ceph.mon.smithi079.smithi079.stdout:Sep 10 09:27:12 smithi079 ceph-mon[27592]: Saving service mon spec with placement count:5
2024-09-10T09:27:13.180 INFO:journalctl@ceph.mon.smithi079.smithi079.stdout:Sep 10 09:27:12 smithi079 ceph-mon[27592]: from='mgr.14120 172.21.15.79:0/2' entity='mgr.smithi079.mhirny'
2024-09-10T09:27:14.386 INFO:journalctl@ceph.mon.smithi079.smithi079.stdout:Sep 10 09:27:14 smithi079 ceph-mon[27592]: from='client.14144 -' entity='client.admin' cmd=[{"prefix": "orch apply", "service_type": "mgr", "target": ["mon-mgr", ""]}]: dispatch
2024-09-10T09:27:14.386 INFO:journalctl@ceph.mon.smithi079.smithi079.stdout:Sep 10 09:27:14 smithi079 ceph-mon[27592]: Saving service mgr spec with placement count:2
2024-09-10T09:27:14.387 INFO:journalctl@ceph.mon.smithi079.smithi079.stdout:Sep 10 09:27:14 smithi079 ceph-mon[27592]: from='mgr.14120 172.21.15.79:0/2' entity='mgr.smithi079.mhirny'
2024-09-10T09:27:14.387 INFO:journalctl@ceph.mon.smithi079.smithi079.stdout:Sep 10 09:27:14 smithi079 ceph-mon[27592]: from='mgr.14120 172.21.15.79:0/2' entity='mgr.smithi079.mhirny'
2024-09-10T09:27:14.399 INFO:teuthology.orchestra.run.smithi079.stdout:/usr/bin/ceph: stdout Scheduled mgr update...
2024-09-10T09:27:14.399 INFO:teuthology.orchestra.run.smithi079.stdout:/usr/bin/ceph: stderr
2024-09-10T09:27:12.945+0000 7efd5be60700 1 Processor -- start
2024-09-10T09:27:14.399 INFO:teuthology.orchestra.run.smithi079.stdout:/usr/bin/ceph: stderr
2024-09-10T09:27:12.945+0000 7efd5be60700 1 -- start start
2024-09-10T09:27:14.399 INFO:teuthology.orchestra.run.smithi079.stdout:/usr/bin/ceph: stderr
2024-09-10T09:27:12.945+0000 7efd5be60700 1 --2- >> [v2:172.21.15.79:3300/0,v1:172.21.15.79:6789/0] conn(0x7efd5407acf0 0x7efd540791f0 unknown :-1 s=NONE pgs=0 cs=0 l=0 rev1=0 crypto rx=0 tx=0 comp rx=0 tx=0).connect
2024-09-10T09:27:14.400 INFO:teuthology.orchestra.run.smithi079.stdout:/usr/bin/ceph: stderr
2024-09-10T09:27:12.945+0000 7efd5be60700 1 -- --> [v2:172.21.15.79:3300/0,v1:172.21.15.79:6789/0] -- mon_getmap magic: 0 v1 -- 0x7efd54079730 con 0x7efd5407acf0
2024-09-10T09:27:14.400 INFO:teuthology.orchestra.run.smithi079.stdout:/usr/bin/ceph: stderr
2024-09-10T09:27:12.945+0000 7efd59bfc700 1 --2- >> [v2:172.21.15.79:3300/0,v1:172.21.15.79:6789/0] conn(0x7efd5407acf0 0x7efd540791f0 unknown :-1 s=BANNER_CONNECTING pgs=0 cs=0 l=0 rev1=0 crypto rx=0 tx=0 comp rx=0 tx=0)._handle_peer_banner_payload supported=3 required=0
2024-09-10T09:27:14.400 INFO:teuthology.orchestra.run.smithi079.stdout:/usr/bin/ceph: stderr
2024-09-10T09:27:12.945+0000 7efd59bfc700 1 --2- >> [v2:172.21.15.79:3300/0,v1:172.21.15.79:6789/0] conn(0x7efd5407acf0 0x7efd540791f0 unknown :-1 s=HELLO_CONNECTING pgs=0 cs=0 l=0 rev1=1 crypto rx=0 tx=0 comp rx=0 tx=0).handle_hello peer v2:172.21.15.79:3300/0 says I am v2:172.21.15.79:33248/0 (socket says 172.21.15.79:33248)
2024-09-10T09:27:14.400 INFO:teuthology.orchestra.run.smithi079.stdout:/usr/bin/ceph: stderr
2024-09-10T09:27:12.945+0000 7efd59bfc700 1 -- 172.21.15.79:0/1999235316 learned_addr learned my addr 172.21.15.79:0/1999235316 (peer_addr_for_me v2:172.21.15.79:0/0)
2024-09-10T09:27:14.400 INFO:teuthology.orchestra.run.smithi079.stdout:/usr/bin/ceph: stderr
2024-09-10T09:27:12.945+0000 7efd59bfc700 1 -- 172.21.15.79:0/1999235316 --> [v2:172.21.15.79:3300/0,v1:172.21.15.79:6789/0] -- mon_subscribe({config=0+,monmap=0+}) v3 -- 0x7efd54079870 con 0x7efd5407acf0
2024-09-10T09:27:14.400 INFO:teuthology.orchestra.run.smithi079.stdout:/usr/bin/ceph: stderr
2024-09-10T09:27:12.945+0000 7efd59bfc700 1 --2- 172.21.15.79:0/1999235316 >> [v2:172.21.15.79:3300/0,v1:172.21.15.79:6789/0] conn(0x7efd5407acf0 0x7efd540791f0 secure :-1 s=READY pgs=49 cs=0 l=1 rev1=1 crypto rx=0x7efd50009e80 tx=0x7efd5000b330 comp rx=0 tx=0).ready entity=mon.0 client_cookie=d65c7baf4a09fb9a server_cookie=0 in_seq=0 out_seq=0
2024-09-10T09:27:14.401 INFO:teuthology.orchestra.run.smithi079.stdout:/usr/bin/ceph: stderr
2024-09-10T09:27:12.946+0000 7efd58bfa700 1 -- 172.21.15.79:0/1999235316 <== mon.0 v2:172.21.15.79:3300/0 1 ==== mon_map magic: 0 v1 ==== 229+0+0 (secure 0 0 0) 0x7efd5000e070 con 0x7efd5407acf0
2024-09-10T09:27:14.401 INFO:teuthology.orchestra.run.smithi079.stdout:/usr/bin/ceph: stderr
2024-09-10T09:27:12.946+0000 7efd58bfa700 1 -- 172.21.15.79:0/1999235316 <== mon.0 v2:172.21.15.79:3300/0 2 ==== config(27 keys) v1 ==== 1037+0+0 (secure 0 0 0) 0x7efd50003e90 con 0x7efd5407acf0
2024-09-10T09:27:14.401 INFO:teuthology.orchestra.run.smithi079.stdout:/usr/bin/ceph: stderr
2024-09-10T09:27:12.946+0000 7efd58bfa700 1 -- 172.21.15.79:0/1999235316 <== mon.0 v2:172.21.15.79:3300/0 3 ==== mon_map magic: 0 v1 ==== 229+0+0 (secure 0 0 0) 0x7efd50004380 con 0x7efd5407acf0
2024-09-10T09:27:14.401 INFO:teuthology.orchestra.run.smithi079.stdout:/usr/bin/ceph: stderr
2024-09-10T09:27:12.946+0000 7efd5be60700 1 -- 172.21.15.79:0/1999235316 >> [v2:172.21.15.79:3300/0,v1:172.21.15.79:6789/0] conn(0x7efd5407acf0 msgr2=0x7efd540791f0 secure :-1 s=STATE_CONNECTION_ESTABLISHED l=1).mark_down
2024-09-10T09:27:14.401 INFO:teuthology.orchestra.run.smithi079.stdout:/usr/bin/ceph: stderr
2024-09-10T09:27:12.946+0000 7efd5be60700 1 --2- 172.21.15.79:0/1999235316 >> [v2:172.21.15.79:3300/0,v1:172.21.15.79:6789/0] conn(0x7efd5407acf0 0x7efd540791f0 secure :-1 s=READY pgs=49 cs=0 l=1 rev1=1 crypto rx=0x7efd50009e80 tx=0x7efd5000b330 comp rx=0 tx=0).stop
2024-09-10T09:27:14.401 INFO:teuthology.orchestra.run.smithi079.stdout:/usr/bin/ceph: stderr
2024-09-10T09:27:12.946+0000 7efd5be60700 1 -- 172.21.15.79:0/1999235316 shutdown_connections
2024-09-10T09:27:14.402 INFO:teuthology.orchestra.run.smithi079.stdout:/usr/bin/ceph: stderr
2024-09-10T09:27:12.946+0000 7efd5be60700 1 --2- 172.21.15.79:0/1999235316 >> [v2:172.21.15.79:3300/0,v1:172.21.15.79:6789/0] conn(0x7efd5407acf0 0x7efd540791f0 unknown :-1 s=CLOSED pgs=49 cs=0 l=1 rev1=1 crypto rx=0 tx=0 comp rx=0 tx=0).stop
2024-09-10T09:27:14.402 INFO:teuthology.orchestra.run.smithi079.stdout:/usr/bin/ceph: stderr
2024-09-10T09:27:12.946+0000 7efd5be60700 1 -- 172.21.15.79:0/1999235316 >> 172.21.15.79:0/1999235316 conn(0x7efd54101200 msgr2=0x7efd54103610 unknown :-1 s=STATE_NONE l=0).mark_down
2024-09-10T09:27:14.402 INFO:teuthology.orchestra.run.smithi079.stdout:/usr/bin/ceph: stderr
2024-09-10T09:27:12.947+0000 7efd5be60700 1 -- 172.21.15.79:0/1999235316 shutdown_connections
2024-09-10T09:27:14.402 INFO:teuthology.orchestra.run.smithi079.stdout:/usr/bin/ceph: stderr
2024-09-10T09:27:12.947+0000 7efd5be60700 1 -- 172.21.15.79:0/1999235316 wait complete.
2024-09-10T09:27:14.402 INFO:teuthology.orchestra.run.smithi079.stdout:/usr/bin/ceph: stderr
2024-09-10T09:27:12.947+0000 7efd5be60700 1 Processor -- start
2024-09-10T09:27:14.402 INFO:teuthology.orchestra.run.smithi079.stdout:/usr/bin/ceph: stderr
2024-09-10T09:27:12.947+0000 7efd5be60700 1 -- start start
2024-09-10T09:27:14.403 INFO:teuthology.orchestra.run.smithi079.stdout:/usr/bin/ceph: stderr
2024-09-10T09:27:12.947+0000 7efd5be60700 1 --2- >> [v2:172.21.15.79:3300/0,v1:172.21.15.79:6789/0] conn(0x7efd5407acf0 0x7efd5419bb80 unknown :-1 s=NONE pgs=0 cs=0 l=1 rev1=0 crypto rx=0 tx=0 comp rx=0 tx=0).connect
2024-09-10T09:27:14.403 INFO:teuthology.orchestra.run.smithi079.stdout:/usr/bin/ceph: stderr
2024-09-10T09:27:12.947+0000 7efd5be60700 1 -- --> [v2:172.21.15.79:3300/0,v1:172.21.15.79:6789/0] -- mon_getmap magic: 0 v1 -- 0x7efd5419c0c0 con 0x7efd5407acf0
2024-09-10T09:27:14.403 INFO:teuthology.orchestra.run.smithi079.stdout:/usr/bin/ceph: stderr
2024-09-10T09:27:12.947+0000 7efd59bfc700 1 --2- >> [v2:172.21.15.79:3300/0,v1:172.21.15.79:6789/0] conn(0x7efd5407acf0 0x7efd5419bb80 unknown :-1 s=BANNER_CONNECTING pgs=0 cs=0 l=1 rev1=0 crypto rx=0 tx=0 comp rx=0 tx=0)._handle_peer_banner_payload supported=3 required=0
2024-09-10T09:27:14.403 INFO:teuthology.orchestra.run.smithi079.stdout:/usr/bin/ceph: stderr
2024-09-10T09:27:12.947+0000 7efd59bfc700 1 --2- >> [v2:172.21.15.79:3300/0,v1:172.21.15.79:6789/0] conn(0x7efd5407acf0 0x7efd5419bb80 unknown :-1 s=HELLO_CONNECTING pgs=0 cs=0 l=1 rev1=1 crypto rx=0 tx=0 comp rx=0 tx=0).handle_hello peer v2:172.21.15.79:3300/0 says I am v2:172.21.15.79:33250/0 (socket says 172.21.15.79:33250)
2024-09-10T09:27:14.403 INFO:teuthology.orchestra.run.smithi079.stdout:/usr/bin/ceph: stderr
2024-09-10T09:27:12.947+0000 7efd59bfc700 1 -- 172.21.15.79:0/379311500 learned_addr learned my addr 172.21.15.79:0/379311500 (peer_addr_for_me v2:172.21.15.79:0/0)
2024-09-10T09:27:14.403 INFO:teuthology.orchestra.run.smithi079.stdout:/usr/bin/ceph: stderr
2024-09-10T09:27:12.948+0000 7efd59bfc700 1 -- 172.21.15.79:0/379311500 --> [v2:172.21.15.79:3300/0,v1:172.21.15.79:6789/0] -- mon_subscribe({config=0+,monmap=0+}) v3 -- 0x7efd50009b30 con 0x7efd5407acf0
2024-09-10T09:27:14.404 INFO:teuthology.orchestra.run.smithi079.stdout:/usr/bin/ceph: stderr
2024-09-10T09:27:12.948+0000 7efd59bfc700 1 --2- 172.21.15.79:0/379311500 >> [v2:172.21.15.79:3300/0,v1:172.21.15.79:6789/0] conn(0x7efd5407acf0 0x7efd5419bb80 secure :-1 s=READY pgs=50 cs=0 l=1 rev1=1 crypto rx=0x7efd5000d010 tx=0x7efd50003d00 comp rx=0 tx=0).ready entity=mon.0 client_cookie=0 server_cookie=0 in_seq=0 out_seq=0
2024-09-10T09:27:14.404 INFO:teuthology.orchestra.run.smithi079.stdout:/usr/bin/ceph: stderr
2024-09-10T09:27:12.948+0000 7efd4affd700 1 -- 172.21.15.79:0/379311500 <== mon.0 v2:172.21.15.79:3300/0 1 ==== mon_map magic: 0 v1 ==== 229+0+0 (secure 0 0 0) 0x7efd5000e040 con 0x7efd5407acf0
2024-09-10T09:27:14.404 INFO:teuthology.orchestra.run.smithi079.stdout:/usr/bin/ceph: stderr
2024-09-10T09:27:12.948+0000 7efd4affd700 1 -- 172.21.15.79:0/379311500 <== mon.0 v2:172.21.15.79:3300/0 2 ==== config(27 keys) v1 ==== 1037+0+0 (secure 0 0 0) 0x7efd500048a0 con 0x7efd5407acf0
2024-09-10T09:27:14.404 INFO:teuthology.orchestra.run.smithi079.stdout:/usr/bin/ceph: stderr
2024-09-10T09:27:12.948+0000 7efd4affd700 1 -- 172.21.15.79:0/379311500 <== mon.0 v2:172.21.15.79:3300/0 3 ==== mon_map magic: 0 v1 ==== 229+0+0 (secure 0 0 0) 0x7efd5001b5a0 con 0x7efd5407acf0
2024-09-10T09:27:14.404 INFO:teuthology.orchestra.run.smithi079.stdout:/usr/bin/ceph: stderr
2024-09-10T09:27:12.948+0000 7efd5be60700 1 -- 172.21.15.79:0/379311500 --> [v2:172.21.15.79:3300/0,v1:172.21.15.79:6789/0] -- mon_subscribe({mgrmap=0+}) v3 -- 0x7efd5419c2c0 con 0x7efd5407acf0
2024-09-10T09:27:14.404 INFO:teuthology.orchestra.run.smithi079.stdout:/usr/bin/ceph: stderr
2024-09-10T09:27:12.948+0000 7efd5be60700 1 -- 172.21.15.79:0/379311500 --> [v2:172.21.15.79:3300/0,v1:172.21.15.79:6789/0] -- mon_subscribe({osdmap=0}) v3 -- 0x7efd5419c740 con 0x7efd5407acf0
2024-09-10T09:27:14.405 INFO:teuthology.orchestra.run.smithi079.stdout:/usr/bin/ceph: stderr
2024-09-10T09:27:12.949+0000 7efd4affd700 1 -- 172.21.15.79:0/379311500 <== mon.0 v2:172.21.15.79:3300/0 4 ==== mgrmap(e 8) v1 ==== 45084+0+0 (secure 0 0 0) 0x7efd50019040 con 0x7efd5407acf0
2024-09-10T09:27:14.405 INFO:teuthology.orchestra.run.smithi079.stdout:/usr/bin/ceph: stderr
2024-09-10T09:27:12.949+0000 7efd5be60700 1 -- 172.21.15.79:0/379311500 --> [v2:172.21.15.79:3300/0,v1:172.21.15.79:6789/0] -- mon_command({"prefix": "get_command_descriptions"} v 0) v1 -- 0x7efd5410be80 con 0x7efd5407acf0
2024-09-10T09:27:14.405 INFO:teuthology.orchestra.run.smithi079.stdout:/usr/bin/ceph: stderr
2024-09-10T09:27:12.949+0000 7efd4affd700 1 --2- 172.21.15.79:0/379311500 >> [v2:172.21.15.79:6800/2,v1:172.21.15.79:6801/2] conn(0x7efd40038390 0x7efd4003a840 unknown :-1 s=NONE pgs=0 cs=0 l=1 rev1=0 crypto rx=0 tx=0 comp rx=0 tx=0).connect
2024-09-10T09:27:14.405 INFO:teuthology.orchestra.run.smithi079.stdout:/usr/bin/ceph: stderr
2024-09-10T09:27:12.949+0000 7efd4affd700 1 -- 172.21.15.79:0/379311500 <== mon.0 v2:172.21.15.79:3300/0 5 ==== osd_map(2..2 src has 1..2) v4 ==== 940+0+0 (secure 0 0 0) 0x7efd5004bc00 con 0x7efd5407acf0
2024-09-10T09:27:14.405 INFO:teuthology.orchestra.run.smithi079.stdout:/usr/bin/ceph: stderr
2024-09-10T09:27:12.949+0000 7efd593fb700 1 --2- 172.21.15.79:0/379311500 >> [v2:172.21.15.79:6800/2,v1:172.21.15.79:6801/2] conn(0x7efd40038390 0x7efd4003a840 unknown :-1 s=BANNER_CONNECTING pgs=0 cs=0 l=1 rev1=0 crypto rx=0 tx=0 comp rx=0 tx=0)._handle_peer_banner_payload supported=3 required=0
2024-09-10T09:27:14.405 INFO:teuthology.orchestra.run.smithi079.stdout:/usr/bin/ceph: stderr
2024-09-10T09:27:12.950+0000 7efd593fb700 1 --2- 172.21.15.79:0/379311500 >> [v2:172.21.15.79:6800/2,v1:172.21.15.79:6801/2] conn(0x7efd40038390 0x7efd4003a840 secure :-1 s=READY pgs=13 cs=0 l=1 rev1=1 crypto rx=0x7efd44006fd0 tx=0x7efd44006e40 comp rx=0 tx=0).ready entity=mgr.14120 client_cookie=0 server_cookie=0 in_seq=0 out_seq=0
2024-09-10T09:27:14.406 INFO:teuthology.orchestra.run.smithi079.stdout:/usr/bin/ceph: stderr
2024-09-10T09:27:12.954+0000 7efd4affd700 1 -- 172.21.15.79:0/379311500 <== mon.0 v2:172.21.15.79:3300/0 6 ==== mon_command_ack([{"prefix": "get_command_descriptions"}]=0 v0) v1 ==== 72+0+177933 (secure 0 0 0) 0x7efd50052080 con 0x7efd5407acf0
2024-09-10T09:27:14.406 INFO:teuthology.orchestra.run.smithi079.stdout:/usr/bin/ceph: stderr
2024-09-10T09:27:13.161+0000 7efd5be60700 1 -- 172.21.15.79:0/379311500 --> [v2:172.21.15.79:6800/2,v1:172.21.15.79:6801/2] -- mgr_command(tid 0: {"prefix": "orch apply", "service_type": "mgr", "target": ["mon-mgr", ""]}) v1 -- 0x7efd54103540 con 0x7efd40038390
2024-09-10T09:27:14.406 INFO:teuthology.orchestra.run.smithi079.stdout:/usr/bin/ceph: stderr
2024-09-10T09:27:13.166+0000 7efd4affd700 1 -- 172.21.15.79:0/379311500 <== mgr.14120 v2:172.21.15.79:6800/2 1 ==== mgr_command_reply(tid 0: 0 ) v1 ==== 8+0+24 (secure 0 0 0) 0x7efd54103540 con 0x7efd40038390
2024-09-10T09:27:14.406 INFO:teuthology.orchestra.run.smithi079.stdout:/usr/bin/ceph: stderr
2024-09-10T09:27:13.168+0000 7efd5be60700 1 -- 172.21.15.79:0/379311500 >> [v2:172.21.15.79:6800/2,v1:172.21.15.79:6801/2] conn(0x7efd40038390 msgr2=0x7efd4003a840 secure :-1 s=STATE_CONNECTION_ESTABLISHED l=1).mark_down
2024-09-10T09:27:14.406 INFO:teuthology.orchestra.run.smithi079.stdout:/usr/bin/ceph: stderr
2024-09-10T09:27:13.168+0000 7efd5be60700 1 --2- 172.21.15.79:0/379311500 >> [v2:172.21.15.79:6800/2,v1:172.21.15.79:6801/2] conn(0x7efd40038390 0x7efd4003a840 secure :-1 s=READY pgs=13 cs=0 l=1 rev1=1 crypto rx=0x7efd44006fd0 tx=0x7efd44006e40 comp rx=0 tx=0).stop
2024-09-10T09:27:14.406 INFO:teuthology.orchestra.run.smithi079.stdout:/usr/bin/ceph: stderr
2024-09-10T09:27:13.168+0000 7efd5be60700 1 -- 172.21.15.79:0/379311500 >> [v2:172.21.15.79:3300/0,v1:172.21.15.79:6789/0] conn(0x7efd5407acf0 msgr2=0x7efd5419bb80 secure :-1 s=STATE_CONNECTION_ESTABLISHED l=1).mark_down
2024-09-10T09:27:14.407 INFO:teuthology.orchestra.run.smithi079.stdout:/usr/bin/ceph: stderr
2024-09-10T09:27:13.168+0000 7efd5be60700 1 --2- 172.21.15.79:0/379311500 >> [v2:172.21.15.79:3300/0,v1:172.21.15.79:6789/0] conn(0x7efd5407acf0 0x7efd5419bb80 secure :-1 s=READY pgs=50 cs=0 l=1 rev1=1 crypto rx=0x7efd5000d010 tx=0x7efd50003d00 comp rx=0 tx=0).stop
2024-09-10T09:27:14.407 INFO:teuthology.orchestra.run.smithi079.stdout:/usr/bin/ceph: stderr
2024-09-10T09:27:13.168+0000 7efd5be60700 1 -- 172.21.15.79:0/379311500 shutdown_connections
2024-09-10T09:27:14.407 INFO:teuthology.orchestra.run.smithi079.stdout:/usr/bin/ceph: stderr
2024-09-10T09:27:13.168+0000 7efd5be60700 1 --2- 172.21.15.79:0/379311500 >> [v2:172.21.15.79:6800/2,v1:172.21.15.79:6801/2] conn(0x7efd40038390 0x7efd4003a840 unknown :-1 s=CLOSED pgs=13 cs=0 l=1 rev1=1 crypto rx=0 tx=0 comp rx=0 tx=0).stop
2024-09-10T09:27:14.407 INFO:teuthology.orchestra.run.smithi079.stdout:/usr/bin/ceph: stderr
2024-09-10T09:27:13.168+0000 7efd5be60700 1 --2- 172.21.15.79:0/379311500 >> [v2:172.21.15.79:3300/0,v1:172.21.15.79:6789/0] conn(0x7efd5407acf0 0x7efd5419bb80 unknown :-1 s=CLOSED pgs=50 cs=0 l=1 rev1=1 crypto rx=0 tx=0 comp rx=0 tx=0).stop
2024-09-10T09:27:14.407 INFO:teuthology.orchestra.run.smithi079.stdout:/usr/bin/ceph: stderr
2024-09-10T09:27:13.168+0000 7efd5be60700 1 -- 172.21.15.79:0/379311500 >> 172.21.15.79:0/379311500 conn(0x7efd54101200 msgr2=0x7efd54102920 unknown :-1 s=STATE_NONE l=0).mark_down
2024-09-10T09:27:14.407 INFO:teuthology.orchestra.run.smithi079.stdout:/usr/bin/ceph: stderr
2024-09-10T09:27:13.168+0000 7efd5be60700 1 -- 172.21.15.79:0/379311500 shutdown_connections
2024-09-10T09:27:14.408 INFO:teuthology.orchestra.run.smithi079.stdout:/usr/bin/ceph: stderr
2024-09-10T09:27:13.168+0000 7efd5be60700 1 -- 172.21.15.79:0/379311500 wait complete.
2024-09-10T09:27:14.408 INFO:teuthology.orchestra.run.smithi079.stdout:Deploying crash service with default placement...
2024-09-10T09:27:15.905 INFO:journalctl@ceph.mon.smithi079.smithi079.stdout:Sep 10 09:27:15 smithi079 ceph-mon[27592]: from='mgr.14120 172.21.15.79:0/2' entity='mgr.smithi079.mhirny'
2024-09-10T09:27:15.905 INFO:journalctl@ceph.mon.smithi079.smithi079.stdout:Sep 10 09:27:15 smithi079 ceph-mon[27592]: from='mgr.14120 172.21.15.79:0/2' entity='mgr.smithi079.mhirny'
2024-09-10T09:27:16.178 INFO:teuthology.orchestra.run.smithi079.stdout:/usr/bin/ceph: stdout Scheduled crash update...
2024-09-10T09:27:16.178 INFO:teuthology.orchestra.run.smithi079.stdout:/usr/bin/ceph: stderr
2024-09-10T09:27:14.831+0000 7f2f22643700 1 Processor -- start
2024-09-10T09:27:16.178 INFO:teuthology.orchestra.run.smithi079.stdout:/usr/bin/ceph: stderr
2024-09-10T09:27:14.831+0000 7f2f22643700 1 -- start start
2024-09-10T09:27:16.178 INFO:teuthology.orchestra.run.smithi079.stdout:/usr/bin/ceph: stderr
2024-09-10T09:27:14.831+0000 7f2f22643700 1 --2- >> [v2:172.21.15.79:3300/0,v1:172.21.15.79:6789/0] conn(0x7f2f1c106030 0x7f2f1c106440 unknown :-1 s=NONE pgs=0 cs=0 l=0 rev1=0 crypto rx=0 tx=0 comp rx=0 tx=0).connect
2024-09-10T09:27:16.178 INFO:teuthology.orchestra.run.smithi079.stdout:/usr/bin/ceph: stderr
2024-09-10T09:27:14.831+0000 7f2f22643700 1 -- --> [v2:172.21.15.79:3300/0,v1:172.21.15.79:6789/0] -- mon_getmap magic: 0 v1 -- 0x7f2f1c106980 con 0x7f2f1c106030
2024-09-10T09:27:16.178 INFO:teuthology.orchestra.run.smithi079.stdout:/usr/bin/ceph: stderr
2024-09-10T09:27:14.832+0000 7f2f1bfff700 1 --2- >> [v2:172.21.15.79:3300/0,v1:172.21.15.79:6789/0] conn(0x7f2f1c106030 0x7f2f1c106440 unknown :-1 s=BANNER_CONNECTING pgs=0 cs=0 l=0 rev1=0 crypto rx=0 tx=0 comp rx=0 tx=0)._handle_peer_banner_payload supported=3 required=0
2024-09-10T09:27:16.178 INFO:teuthology.orchestra.run.smithi079.stdout:/usr/bin/ceph: stderr
2024-09-10T09:27:14.832+0000 7f2f1bfff700 1 --2- >> [v2:172.21.15.79:3300/0,v1:172.21.15.79:6789/0] conn(0x7f2f1c106030 0x7f2f1c106440 unknown :-1 s=HELLO_CONNECTING pgs=0 cs=0 l=0 rev1=1 crypto rx=0 tx=0 comp rx=0 tx=0).handle_hello peer v2:172.21.15.79:3300/0 says I am v2:172.21.15.79:33266/0 (socket says 172.21.15.79:33266)
2024-09-10T09:27:16.179 INFO:teuthology.orchestra.run.smithi079.stdout:/usr/bin/ceph: stderr
2024-09-10T09:27:14.832+0000 7f2f1bfff700 1 -- 172.21.15.79:0/2699998936 learned_addr learned my addr 172.21.15.79:0/2699998936 (peer_addr_for_me v2:172.21.15.79:0/0)
2024-09-10T09:27:16.179 INFO:teuthology.orchestra.run.smithi079.stdout:/usr/bin/ceph: stderr
2024-09-10T09:27:14.832+0000 7f2f1bfff700 1 -- 172.21.15.79:0/2699998936 --> [v2:172.21.15.79:3300/0,v1:172.21.15.79:6789/0] -- mon_subscribe({config=0+,monmap=0+}) v3 -- 0x7f2f1c106ac0 con 0x7f2f1c106030
2024-09-10T09:27:16.179 INFO:teuthology.orchestra.run.smithi079.stdout:/usr/bin/ceph: stderr
2024-09-10T09:27:14.832+0000 7f2f1bfff700 1 --2- 172.21.15.79:0/2699998936 >> [v2:172.21.15.79:3300/0,v1:172.21.15.79:6789/0] conn(0x7f2f1c106030 0x7f2f1c106440 secure :-1 s=READY pgs=51 cs=0 l=1 rev1=1 crypto rx=0x7f2f0c0098a0 tx=0x7f2f0c009bb0 comp rx=0 tx=0).ready entity=mon.0 client_cookie=adc92508aa1acd68 server_cookie=0 in_seq=0 out_seq=0
2024-09-10T09:27:16.179 INFO:teuthology.orchestra.run.smithi079.stdout:/usr/bin/ceph: stderr
2024-09-10T09:27:14.832+0000 7f2f1affd700 1 -- 172.21.15.79:0/2699998936 <== mon.0 v2:172.21.15.79:3300/0 1 ==== mon_map magic: 0 v1 ==== 229+0+0 (secure 0 0 0) 0x7f2f0c004180 con 0x7f2f1c106030
2024-09-10T09:27:16.179 INFO:teuthology.orchestra.run.smithi079.stdout:/usr/bin/ceph: stderr
2024-09-10T09:27:14.832+0000 7f2f1affd700 1 -- 172.21.15.79:0/2699998936 <== mon.0 v2:172.21.15.79:3300/0 2 ==== config(27 keys) v1 ==== 1101+0+0 (secure 0 0 0) 0x7f2f0c0042e0 con 0x7f2f1c106030
2024-09-10T09:27:16.179 INFO:teuthology.orchestra.run.smithi079.stdout:/usr/bin/ceph: stderr
2024-09-10T09:27:14.832+0000 7f2f1affd700 1 -- 172.21.15.79:0/2699998936 <== mon.0 v2:172.21.15.79:3300/0 3 ==== mon_map magic: 0 v1 ==== 229+0+0 (secure 0 0 0) 0x7f2f0c011af0 con 0x7f2f1c106030
2024-09-10T09:27:16.179 INFO:teuthology.orchestra.run.smithi079.stdout:/usr/bin/ceph: stderr
2024-09-10T09:27:14.833+0000 7f2f22643700 1 -- 172.21.15.79:0/2699998936 >> [v2:172.21.15.79:3300/0,v1:172.21.15.79:6789/0] conn(0x7f2f1c106030 msgr2=0x7f2f1c106440 secure :-1 s=STATE_CONNECTION_ESTABLISHED l=1).mark_down
2024-09-10T09:27:16.179 INFO:teuthology.orchestra.run.smithi079.stdout:/usr/bin/ceph: stderr
2024-09-10T09:27:14.833+0000 7f2f22643700 1 --2- 172.21.15.79:0/2699998936 >> [v2:172.21.15.79:3300/0,v1:172.21.15.79:6789/0] conn(0x7f2f1c106030 0x7f2f1c106440 secure :-1 s=READY pgs=51 cs=0 l=1 rev1=1 crypto rx=0x7f2f0c0098a0 tx=0x7f2f0c009bb0 comp rx=0 tx=0).stop
2024-09-10T09:27:16.179 INFO:teuthology.orchestra.run.smithi079.stdout:/usr/bin/ceph: stderr
2024-09-10T09:27:14.833+0000 7f2f22643700 1 -- 172.21.15.79:0/2699998936 shutdown_connections
2024-09-10T09:27:16.179 INFO:teuthology.orchestra.run.smithi079.stdout:/usr/bin/ceph: stderr
2024-09-10T09:27:14.833+0000 7f2f22643700 1 --2- 172.21.15.79:0/2699998936 >> [v2:172.21.15.79:3300/0,v1:172.21.15.79:6789/0] conn(0x7f2f1c106030 0x7f2f1c106440 unknown :-1 s=CLOSED pgs=51 cs=0 l=1 rev1=1 crypto rx=0 tx=0 comp rx=0 tx=0).stop
2024-09-10T09:27:16.179 INFO:teuthology.orchestra.run.smithi079.stdout:/usr/bin/ceph: stderr
2024-09-10T09:27:14.833+0000 7f2f22643700 1 -- 172.21.15.79:0/2699998936 >> 172.21.15.79:0/2699998936 conn(0x7f2f1c0ff870 msgr2=0x7f2f1c101c80 unknown :-1 s=STATE_NONE l=0).mark_down
2024-09-10T09:27:16.179 INFO:teuthology.orchestra.run.smithi079.stdout:/usr/bin/ceph: stderr
2024-09-10T09:27:14.833+0000 7f2f22643700 1 -- 172.21.15.79:0/2699998936 shutdown_connections
2024-09-10T09:27:16.179 INFO:teuthology.orchestra.run.smithi079.stdout:/usr/bin/ceph: stderr
2024-09-10T09:27:14.833+0000 7f2f22643700 1 -- 172.21.15.79:0/2699998936 wait complete.
2024-09-10T09:27:16.180 INFO:teuthology.orchestra.run.smithi079.stdout:/usr/bin/ceph: stderr
2024-09-10T09:27:14.834+0000 7f2f22643700 1 Processor -- start
2024-09-10T09:27:16.180 INFO:teuthology.orchestra.run.smithi079.stdout:/usr/bin/ceph: stderr
2024-09-10T09:27:14.834+0000 7f2f22643700 1 -- start start
2024-09-10T09:27:16.180 INFO:teuthology.orchestra.run.smithi079.stdout:/usr/bin/ceph: stderr
2024-09-10T09:27:14.834+0000 7f2f22643700 1 --2- >> [v2:172.21.15.79:3300/0,v1:172.21.15.79:6789/0] conn(0x7f2f1c106030 0x7f2f1c198860 unknown :-1 s=NONE pgs=0 cs=0 l=1 rev1=0 crypto rx=0 tx=0 comp rx=0 tx=0).connect
2024-09-10T09:27:16.180 INFO:teuthology.orchestra.run.smithi079.stdout:/usr/bin/ceph: stderr
2024-09-10T09:27:14.834+0000 7f2f22643700 1 -- --> [v2:172.21.15.79:3300/0,v1:172.21.15.79:6789/0] -- mon_getmap magic: 0 v1 -- 0x7f2f1c198da0 con 0x7f2f1c106030
2024-09-10T09:27:16.180 INFO:teuthology.orchestra.run.smithi079.stdout:/usr/bin/ceph: stderr
2024-09-10T09:27:14.834+0000 7f2f1bfff700 1 --2- >> [v2:172.21.15.79:3300/0,v1:172.21.15.79:6789/0] conn(0x7f2f1c106030 0x7f2f1c198860 unknown :-1 s=BANNER_CONNECTING pgs=0 cs=0 l=1 rev1=0 crypto rx=0 tx=0 comp rx=0 tx=0)._handle_peer_banner_payload supported=3 required=0
2024-09-10T09:27:16.180 INFO:teuthology.orchestra.run.smithi079.stdout:/usr/bin/ceph: stderr
2024-09-10T09:27:14.834+0000 7f2f1bfff700 1 --2- >> [v2:172.21.15.79:3300/0,v1:172.21.15.79:6789/0] conn(0x7f2f1c106030 0x7f2f1c198860 unknown :-1 s=HELLO_CONNECTING pgs=0 cs=0 l=1 rev1=1 crypto rx=0 tx=0 comp rx=0 tx=0).handle_hello peer v2:172.21.15.79:3300/0 says I am v2:172.21.15.79:33282/0 (socket says 172.21.15.79:33282)
2024-09-10T09:27:16.180 INFO:teuthology.orchestra.run.smithi079.stdout:/usr/bin/ceph: stderr
2024-09-10T09:27:14.834+0000 7f2f1bfff700 1 -- 172.21.15.79:0/3910232547 learned_addr learned my addr 172.21.15.79:0/3910232547 (peer_addr_for_me v2:172.21.15.79:0/0)
2024-09-10T09:27:16.180 INFO:teuthology.orchestra.run.smithi079.stdout:/usr/bin/ceph: stderr
2024-09-10T09:27:14.834+0000 7f2f1bfff700 1 -- 172.21.15.79:0/3910232547 --> [v2:172.21.15.79:3300/0,v1:172.21.15.79:6789/0] -- mon_subscribe({config=0+,monmap=0+}) v3 -- 0x7f2f0c009550 con 0x7f2f1c106030
2024-09-10T09:27:16.180 INFO:teuthology.orchestra.run.smithi079.stdout:/usr/bin/ceph: stderr
2024-09-10T09:27:14.834+0000 7f2f1bfff700 1 --2- 172.21.15.79:0/3910232547 >> [v2:172.21.15.79:3300/0,v1:172.21.15.79:6789/0] conn(0x7f2f1c106030 0x7f2f1c198860 secure :-1 s=READY pgs=52 cs=0 l=1 rev1=1 crypto rx=0x7f2f0c006ba0 tx=0x7f2f0c011b50 comp rx=0 tx=0).ready entity=mon.0 client_cookie=0 server_cookie=0 in_seq=0 out_seq=0
2024-09-10T09:27:16.180 INFO:teuthology.orchestra.run.smithi079.stdout:/usr/bin/ceph: stderr
2024-09-10T09:27:14.835+0000 7f2f197fa700 1 -- 172.21.15.79:0/3910232547 <== mon.0 v2:172.21.15.79:3300/0 1 ==== mon_map magic: 0 v1 ==== 229+0+0 (secure 0 0 0) 0x7f2f0c003b00 con 0x7f2f1c106030
2024-09-10T09:27:16.180 INFO:teuthology.orchestra.run.smithi079.stdout:/usr/bin/ceph: stderr
2024-09-10T09:27:14.835+0000 7f2f197fa700 1 -- 172.21.15.79:0/3910232547 <== mon.0 v2:172.21.15.79:3300/0 2 ==== config(27 keys) v1 ==== 1101+0+0 (secure 0 0 0) 0x7f2f0c01a8e0 con 0x7f2f1c106030
2024-09-10T09:27:16.180 INFO:teuthology.orchestra.run.smithi079.stdout:/usr/bin/ceph: stderr
2024-09-10T09:27:14.835+0000 7f2f197fa700 1 -- 172.21.15.79:0/3910232547 <== mon.0 v2:172.21.15.79:3300/0 3 ==== mon_map magic: 0 v1 ==== 229+0+0 (secure 0 0 0) 0x7f2f0c019990 con 0x7f2f1c106030
2024-09-10T09:27:16.180 INFO:teuthology.orchestra.run.smithi079.stdout:/usr/bin/ceph: stderr
2024-09-10T09:27:14.835+0000 7f2f22643700 1 -- 172.21.15.79:0/3910232547 --> [v2:172.21.15.79:3300/0,v1:172.21.15.79:6789/0] -- mon_subscribe({mgrmap=0+}) v3 -- 0x7f2f1c198fa0 con 0x7f2f1c106030
2024-09-10T09:27:16.180 INFO:teuthology.orchestra.run.smithi079.stdout:/usr/bin/ceph: stderr
2024-09-10T09:27:14.835+0000 7f2f22643700 1 -- 172.21.15.79:0/3910232547 --> [v2:172.21.15.79:3300/0,v1:172.21.15.79:6789/0] -- mon_subscribe({osdmap=0}) v3 -- 0x7f2f1c1993c0 con 0x7f2f1c106030
2024-09-10T09:27:16.181 INFO:teuthology.orchestra.run.smithi079.stdout:/usr/bin/ceph: stderr
2024-09-10T09:27:14.835+0000 7f2f197fa700 1 -- 172.21.15.79:0/3910232547 <== mon.0 v2:172.21.15.79:3300/0 4 ==== mgrmap(e 8) v1 ==== 45084+0+0 (secure 0 0 0) 0x7f2f0c019c50 con 0x7f2f1c106030
2024-09-10T09:27:16.181 INFO:teuthology.orchestra.run.smithi079.stdout:/usr/bin/ceph: stderr
2024-09-10T09:27:14.836+0000 7f2f197fa700 1 --2- 172.21.15.79:0/3910232547 >> [v2:172.21.15.79:6800/2,v1:172.21.15.79:6801/2] conn(0x7f2f040383a0 0x7f2f0403a850 unknown :-1 s=NONE pgs=0 cs=0 l=1 rev1=0 crypto rx=0 tx=0 comp rx=0 tx=0).connect
2024-09-10T09:27:16.181 INFO:teuthology.orchestra.run.smithi079.stdout:/usr/bin/ceph: stderr
2024-09-10T09:27:14.836+0000 7f2f22643700 1 -- 172.21.15.79:0/3910232547 --> [v2:172.21.15.79:3300/0,v1:172.21.15.79:6789/0] -- mon_command({"prefix": "get_command_descriptions"} v 0) v1 -- 0x7f2f1c062380 con 0x7f2f1c106030
2024-09-10T09:27:16.181 INFO:teuthology.orchestra.run.smithi079.stdout:/usr/bin/ceph: stderr
2024-09-10T09:27:14.836+0000 7f2f197fa700 1 -- 172.21.15.79:0/3910232547 <== mon.0 v2:172.21.15.79:3300/0 5 ==== osd_map(2..2 src has 1..2) v4 ==== 940+0+0 (secure 0 0 0) 0x7f2f0c04c610 con 0x7f2f1c106030
2024-09-10T09:27:16.181 INFO:teuthology.orchestra.run.smithi079.stdout:/usr/bin/ceph: stderr
2024-09-10T09:27:14.836+0000 7f2f1b7fe700 1 --2- 172.21.15.79:0/3910232547 >> [v2:172.21.15.79:6800/2,v1:172.21.15.79:6801/2] conn(0x7f2f040383a0 0x7f2f0403a850 unknown :-1 s=BANNER_CONNECTING pgs=0 cs=0 l=1 rev1=0 crypto rx=0 tx=0 comp rx=0 tx=0)._handle_peer_banner_payload supported=3 required=0
2024-09-10T09:27:16.181 INFO:teuthology.orchestra.run.smithi079.stdout:/usr/bin/ceph: stderr
2024-09-10T09:27:14.836+0000 7f2f1b7fe700 1 --2- 172.21.15.79:0/3910232547 >> [v2:172.21.15.79:6800/2,v1:172.21.15.79:6801/2] conn(0x7f2f040383a0 0x7f2f0403a850 secure :-1 s=READY pgs=14 cs=0 l=1 rev1=1 crypto rx=0x7f2f10006fd0 tx=0x7f2f10006e40 comp rx=0 tx=0).ready entity=mgr.14120 client_cookie=0 server_cookie=0 in_seq=0 out_seq=0
2024-09-10T09:27:16.181 INFO:teuthology.orchestra.run.smithi079.stdout:/usr/bin/ceph: stderr
2024-09-10T09:27:14.841+0000 7f2f197fa700 1 -- 172.21.15.79:0/3910232547 <== mon.0 v2:172.21.15.79:3300/0 6 ==== mon_command_ack([{"prefix": "get_command_descriptions"}]=0 v0) v1 ==== 72+0+177933 (secure 0 0 0) 0x7f2f0c02b930 con 0x7f2f1c106030
2024-09-10T09:27:16.181 INFO:teuthology.orchestra.run.smithi079.stdout:/usr/bin/ceph: stderr
2024-09-10T09:27:15.066+0000 7f2f22643700 1 -- 172.21.15.79:0/3910232547 --> [v2:172.21.15.79:6800/2,v1:172.21.15.79:6801/2] -- mgr_command(tid 0: {"prefix": "orch apply", "service_type": "crash", "target": ["mon-mgr", ""]}) v1 -- 0x7f2f1c101b70 con 0x7f2f040383a0
2024-09-10T09:27:16.181 INFO:teuthology.orchestra.run.smithi079.stdout:/usr/bin/ceph: stderr
2024-09-10T09:27:15.070+0000 7f2f197fa700 1 -- 172.21.15.79:0/3910232547 <== mgr.14120 v2:172.21.15.79:6800/2 1 ==== mgr_command_reply(tid 0: 0 ) v1 ==== 8+0+26 (secure 0 0 0) 0x7f2f1c101b70 con 0x7f2f040383a0
2024-09-10T09:27:16.181 INFO:teuthology.orchestra.run.smithi079.stdout:/usr/bin/ceph: stderr
2024-09-10T09:27:15.072+0000 7f2f22643700 1 -- 172.21.15.79:0/3910232547 >> [v2:172.21.15.79:6800/2,v1:172.21.15.79:6801/2] conn(0x7f2f040383a0 msgr2=0x7f2f0403a850 secure :-1 s=STATE_CONNECTION_ESTABLISHED l=1).mark_down
2024-09-10T09:27:16.181 INFO:teuthology.orchestra.run.smithi079.stdout:/usr/bin/ceph: stderr
2024-09-10T09:27:15.072+0000 7f2f22643700 1 --2- 172.21.15.79:0/3910232547 >> [v2:172.21.15.79:6800/2,v1:172.21.15.79:6801/2] conn(0x7f2f040383a0 0x7f2f0403a850 secure :-1 s=READY pgs=14 cs=0 l=1 rev1=1 crypto rx=0x7f2f10006fd0 tx=0x7f2f10006e40 comp rx=0 tx=0).stop
2024-09-10T09:27:16.181 INFO:teuthology.orchestra.run.smithi079.stdout:/usr/bin/ceph: stderr
2024-09-10T09:27:15.072+0000 7f2f22643700 1 -- 172.21.15.79:0/3910232547 >> [v2:172.21.15.79:3300/0,v1:172.21.15.79:6789/0] conn(0x7f2f1c106030 msgr2=0x7f2f1c198860 secure :-1 s=STATE_CONNECTION_ESTABLISHED l=1).mark_down
2024-09-10T09:27:16.181 INFO:teuthology.orchestra.run.smithi079.stdout:/usr/bin/ceph: stderr
2024-09-10T09:27:15.072+0000 7f2f22643700 1 --2- 172.21.15.79:0/3910232547 >> [v2:172.21.15.79:3300/0,v1:172.21.15.79:6789/0] conn(0x7f2f1c106030 0x7f2f1c198860 secure :-1 s=READY pgs=52 cs=0 l=1 rev1=1 crypto rx=0x7f2f0c006ba0 tx=0x7f2f0c011b50 comp rx=0 tx=0).stop
2024-09-10T09:27:16.182 INFO:teuthology.orchestra.run.smithi079.stdout:/usr/bin/ceph: stderr
2024-09-10T09:27:15.073+0000 7f2f22643700 1 -- 172.21.15.79:0/3910232547 shutdown_connections
2024-09-10T09:27:16.182 INFO:teuthology.orchestra.run.smithi079.stdout:/usr/bin/ceph: stderr
2024-09-10T09:27:15.073+0000 7f2f22643700 1 --2- 172.21.15.79:0/3910232547 >> [v2:172.21.15.79:6800/2,v1:172.21.15.79:6801/2] conn(0x7f2f040383a0 0x7f2f0403a850 unknown :-1 s=CLOSED pgs=14 cs=0 l=1 rev1=1 crypto rx=0 tx=0 comp rx=0 tx=0).stop
2024-09-10T09:27:16.182 INFO:teuthology.orchestra.run.smithi079.stdout:/usr/bin/ceph: stderr
2024-09-10T09:27:15.073+0000 7f2f22643700 1 --2- 172.21.15.79:0/3910232547 >> [v2:172.21.15.79:3300/0,v1:172.21.15.79:6789/0] conn(0x7f2f1c106030 0x7f2f1c198860 unknown :-1 s=CLOSED pgs=52 cs=0 l=1 rev1=1 crypto rx=0 tx=0 comp rx=0 tx=0).stop
2024-09-10T09:27:16.182 INFO:teuthology.orchestra.run.smithi079.stdout:/usr/bin/ceph: stderr
2024-09-10T09:27:15.073+0000 7f2f22643700 1 -- 172.21.15.79:0/3910232547 >> 172.21.15.79:0/3910232547 conn(0x7f2f1c0ff870 msgr2=0x7f2f1c100f50 unknown :-1 s=STATE_NONE l=0).mark_down
2024-09-10T09:27:16.182 INFO:teuthology.orchestra.run.smithi079.stdout:/usr/bin/ceph: stderr
2024-09-10T09:27:15.073+0000 7f2f22643700 1 -- 172.21.15.79:0/3910232547 shutdown_connections
2024-09-10T09:27:16.182 INFO:teuthology.orchestra.run.smithi079.stdout:/usr/bin/ceph: stderr
2024-09-10T09:27:15.073+0000 7f2f22643700 1 -- 172.21.15.79:0/3910232547 wait complete.
2024-09-10T09:27:16.182 INFO:teuthology.orchestra.run.smithi079.stdout:Deploying ceph-exporter service with default placement...
2024-09-10T09:27:16.824 INFO:journalctl@ceph.mon.smithi079.smithi079.stdout:Sep 10 09:27:16 smithi079 ceph-mon[27592]: from='client.14146 -' entity='client.admin' cmd=[{"prefix": "orch apply", "service_type": "crash", "target": ["mon-mgr", ""]}]: dispatch
2024-09-10T09:27:16.824 INFO:journalctl@ceph.mon.smithi079.smithi079.stdout:Sep 10 09:27:16 smithi079 ceph-mon[27592]: Saving service crash spec with placement *
2024-09-10T09:27:16.824 INFO:journalctl@ceph.mon.smithi079.smithi079.stdout:Sep 10 09:27:16 smithi079 ceph-mon[27592]: from='mgr.14120 172.21.15.79:0/2' entity='mgr.smithi079.mhirny'
2024-09-10T09:27:17.401 INFO:teuthology.orchestra.run.smithi079.stdout:/usr/bin/ceph: stdout Scheduled ceph-exporter update...
2024-09-10T09:27:17.401 INFO:teuthology.orchestra.run.smithi079.stdout:/usr/bin/ceph: stderr
2024-09-10T09:27:16.602+0000 7ff520026700 1 Processor -- start
2024-09-10T09:27:17.401 INFO:teuthology.orchestra.run.smithi079.stdout:/usr/bin/ceph: stderr
2024-09-10T09:27:16.602+0000 7ff520026700 1 -- start start
2024-09-10T09:27:17.401 INFO:teuthology.orchestra.run.smithi079.stdout:/usr/bin/ceph: stderr
2024-09-10T09:27:16.603+0000 7ff520026700 1 --2- >> [v2:172.21.15.79:3300/0,v1:172.21.15.79:6789/0] conn(0x7ff5181066f0 0x7ff518108ad0 unknown :-1 s=NONE pgs=0 cs=0 l=0 rev1=0 crypto rx=0 tx=0 comp rx=0 tx=0).connect
2024-09-10T09:27:17.401 INFO:teuthology.orchestra.run.smithi079.stdout:/usr/bin/ceph: stderr
2024-09-10T09:27:16.603+0000 7ff520026700 1 -- --> [v2:172.21.15.79:3300/0,v1:172.21.15.79:6789/0] -- mon_getmap magic: 0 v1 -- 0x7ff518079da0 con 0x7ff5181066f0
2024-09-10T09:27:17.401 INFO:teuthology.orchestra.run.smithi079.stdout:/usr/bin/ceph: stderr
2024-09-10T09:27:16.603+0000 7ff51ddc2700 1 --2- >> [v2:172.21.15.79:3300/0,v1:172.21.15.79:6789/0] conn(0x7ff5181066f0 0x7ff518108ad0 unknown :-1 s=BANNER_CONNECTING pgs=0 cs=0 l=0 rev1=0 crypto rx=0 tx=0 comp rx=0 tx=0)._handle_peer_banner_payload supported=3 required=0
2024-09-10T09:27:17.401 INFO:teuthology.orchestra.run.smithi079.stdout:/usr/bin/ceph: stderr
2024-09-10T09:27:16.603+0000 7ff51ddc2700 1 --2- >> [v2:172.21.15.79:3300/0,v1:172.21.15.79:6789/0] conn(0x7ff5181066f0 0x7ff518108ad0 unknown :-1 s=HELLO_CONNECTING pgs=0 cs=0 l=0 rev1=1 crypto rx=0 tx=0 comp rx=0 tx=0).handle_hello peer v2:172.21.15.79:3300/0 says I am v2:172.21.15.79:33284/0 (socket says 172.21.15.79:33284)
2024-09-10T09:27:17.402 INFO:teuthology.orchestra.run.smithi079.stdout:/usr/bin/ceph: stderr
2024-09-10T09:27:16.603+0000 7ff51ddc2700 1 -- 172.21.15.79:0/388363796 learned_addr learned my addr 172.21.15.79:0/388363796 (peer_addr_for_me v2:172.21.15.79:0/0)
2024-09-10T09:27:17.402 INFO:teuthology.orchestra.run.smithi079.stdout:/usr/bin/ceph: stderr
2024-09-10T09:27:16.603+0000 7ff51ddc2700 1 -- 172.21.15.79:0/388363796 --> [v2:172.21.15.79:3300/0,v1:172.21.15.79:6789/0] -- mon_subscribe({config=0+,monmap=0+}) v3 -- 0x7ff518079ee0 con 0x7ff5181066f0
2024-09-10T09:27:17.402 INFO:teuthology.orchestra.run.smithi079.stdout:/usr/bin/ceph: stderr
2024-09-10T09:27:16.603+0000 7ff51ddc2700 1 --2- 172.21.15.79:0/388363796 >> [v2:172.21.15.79:3300/0,v1:172.21.15.79:6789/0] conn(0x7ff5181066f0 0x7ff518108ad0 secure :-1 s=READY pgs=53 cs=0 l=1 rev1=1 crypto rx=0x7ff5140098a0 tx=0x7ff514009bb0 comp rx=0 tx=0).ready entity=mon.0 client_cookie=343ed311402bb073 server_cookie=0 in_seq=0 out_seq=0
2024-09-10T09:27:17.402 INFO:teuthology.orchestra.run.smithi079.stdout:/usr/bin/ceph: stderr
2024-09-10T09:27:16.604+0000 7ff51cdc0700 1 -- 172.21.15.79:0/388363796 <== mon.0 v2:172.21.15.79:3300/0 1 ==== mon_map magic: 0 v1 ==== 229+0+0 (secure 0 0 0) 0x7ff514004180 con 0x7ff5181066f0
2024-09-10T09:27:17.402 INFO:teuthology.orchestra.run.smithi079.stdout:/usr/bin/ceph: stderr
2024-09-10T09:27:16.604+0000 7ff51cdc0700 1 -- 172.21.15.79:0/388363796 <== mon.0 v2:172.21.15.79:3300/0 2 ==== config(27 keys) v1 ==== 1101+0+0 (secure 0 0 0) 0x7ff5140042e0 con 0x7ff5181066f0
2024-09-10T09:27:17.402 INFO:teuthology.orchestra.run.smithi079.stdout:/usr/bin/ceph: stderr
2024-09-10T09:27:16.604+0000 7ff51cdc0700 1 -- 172.21.15.79:0/388363796 <== mon.0 v2:172.21.15.79:3300/0 3 ==== mon_map magic: 0 v1 ==== 229+0+0 (secure 0 0 0) 0x7ff514011af0 con 0x7ff5181066f0
2024-09-10T09:27:17.402 INFO:teuthology.orchestra.run.smithi079.stdout:/usr/bin/ceph: stderr
2024-09-10T09:27:16.604+0000 7ff520026700 1 -- 172.21.15.79:0/388363796 >> [v2:172.21.15.79:3300/0,v1:172.21.15.79:6789/0] conn(0x7ff5181066f0 msgr2=0x7ff518108ad0 secure :-1 s=STATE_CONNECTION_ESTABLISHED l=1).mark_down
2024-09-10T09:27:17.402 INFO:teuthology.orchestra.run.smithi079.stdout:/usr/bin/ceph: stderr
2024-09-10T09:27:16.604+0000 7ff520026700 1 --2- 172.21.15.79:0/388363796 >> [v2:172.21.15.79:3300/0,v1:172.21.15.79:6789/0] conn(0x7ff5181066f0 0x7ff518108ad0 secure :-1 s=READY pgs=53 cs=0 l=1 rev1=1 crypto rx=0x7ff5140098a0 tx=0x7ff514009bb0 comp rx=0 tx=0).stop
2024-09-10T09:27:17.402 INFO:teuthology.orchestra.run.smithi079.stdout:/usr/bin/ceph: stderr
2024-09-10T09:27:16.604+0000 7ff520026700 1 -- 172.21.15.79:0/388363796 shutdown_connections
2024-09-10T09:27:17.402 INFO:teuthology.orchestra.run.smithi079.stdout:/usr/bin/ceph: stderr
2024-09-10T09:27:16.604+0000 7ff520026700 1 --2- 172.21.15.79:0/388363796 >> [v2:172.21.15.79:3300/0,v1:172.21.15.79:6789/0] conn(0x7ff5181066f0 0x7ff518108ad0 unknown :-1 s=CLOSED pgs=53 cs=0 l=1 rev1=1 crypto rx=0 tx=0 comp rx=0 tx=0).stop
2024-09-10T09:27:17.402 INFO:teuthology.orchestra.run.smithi079.stdout:/usr/bin/ceph: stderr
2024-09-10T09:27:16.604+0000 7ff520026700 1 -- 172.21.15.79:0/388363796 >> 172.21.15.79:0/388363796 conn(0x7ff518100130 msgr2=0x7ff518102560 unknown :-1 s=STATE_NONE l=0).mark_down
2024-09-10T09:27:17.402 INFO:teuthology.orchestra.run.smithi079.stdout:/usr/bin/ceph: stderr
2024-09-10T09:27:16.604+0000 7ff520026700 1 -- 172.21.15.79:0/388363796 shutdown_connections
2024-09-10T09:27:17.402 INFO:teuthology.orchestra.run.smithi079.stdout:/usr/bin/ceph: stderr
2024-09-10T09:27:16.605+0000 7ff520026700 1 -- 172.21.15.79:0/388363796 wait complete.
2024-09-10T09:27:17.403 INFO:teuthology.orchestra.run.smithi079.stdout:/usr/bin/ceph: stderr
2024-09-10T09:27:16.605+0000 7ff520026700 1 Processor -- start
2024-09-10T09:27:17.403 INFO:teuthology.orchestra.run.smithi079.stdout:/usr/bin/ceph: stderr
2024-09-10T09:27:16.605+0000 7ff520026700 1 -- start start
2024-09-10T09:27:17.403 INFO:teuthology.orchestra.run.smithi079.stdout:/usr/bin/ceph: stderr
2024-09-10T09:27:16.605+0000 7ff520026700 1 --2- >> [v2:172.21.15.79:3300/0,v1:172.21.15.79:6789/0] conn(0x7ff5181066f0 0x7ff518199950 unknown :-1 s=NONE pgs=0 cs=0 l=1 rev1=0 crypto rx=0 tx=0 comp rx=0 tx=0).connect
2024-09-10T09:27:17.403 INFO:teuthology.orchestra.run.smithi079.stdout:/usr/bin/ceph: stderr
2024-09-10T09:27:16.605+0000 7ff520026700 1 -- --> [v2:172.21.15.79:3300/0,v1:172.21.15.79:6789/0] -- mon_getmap magic: 0 v1 -- 0x7ff518199e90 con 0x7ff5181066f0
2024-09-10T09:27:17.403 INFO:teuthology.orchestra.run.smithi079.stdout:/usr/bin/ceph: stderr
2024-09-10T09:27:16.605+0000 7ff51ddc2700 1 --2- >> [v2:172.21.15.79:3300/0,v1:172.21.15.79:6789/0] conn(0x7ff5181066f0 0x7ff518199950 unknown :-1 s=BANNER_CONNECTING pgs=0 cs=0 l=1 rev1=0 crypto rx=0 tx=0 comp rx=0 tx=0)._handle_peer_banner_payload supported=3 required=0
2024-09-10T09:27:17.403 INFO:teuthology.orchestra.run.smithi079.stdout:/usr/bin/ceph: stderr
2024-09-10T09:27:16.605+0000 7ff51ddc2700 1 --2- >> [v2:172.21.15.79:3300/0,v1:172.21.15.79:6789/0] conn(0x7ff5181066f0 0x7ff518199950 unknown :-1 s=HELLO_CONNECTING pgs=0 cs=0 l=1 rev1=1 crypto rx=0 tx=0 comp rx=0 tx=0).handle_hello peer v2:172.21.15.79:3300/0 says I am v2:172.21.15.79:33290/0 (socket says 172.21.15.79:33290)
2024-09-10T09:27:17.403 INFO:teuthology.orchestra.run.smithi079.stdout:/usr/bin/ceph: stderr
2024-09-10T09:27:16.605+0000 7ff51ddc2700 1 -- 172.21.15.79:0/1442753014 learned_addr learned my addr 172.21.15.79:0/1442753014 (peer_addr_for_me v2:172.21.15.79:0/0)
2024-09-10T09:27:17.403 INFO:teuthology.orchestra.run.smithi079.stdout:/usr/bin/ceph: stderr
2024-09-10T09:27:16.606+0000 7ff51ddc2700 1 -- 172.21.15.79:0/1442753014 --> [v2:172.21.15.79:3300/0,v1:172.21.15.79:6789/0] -- mon_subscribe({config=0+,monmap=0+}) v3 -- 0x7ff514009550 con 0x7ff5181066f0
2024-09-10T09:27:17.403 INFO:teuthology.orchestra.run.smithi079.stdout:/usr/bin/ceph: stderr
2024-09-10T09:27:16.606+0000 7ff51ddc2700 1 --2- 172.21.15.79:0/1442753014 >> [v2:172.21.15.79:3300/0,v1:172.21.15.79:6789/0] conn(0x7ff5181066f0 0x7ff518199950 secure :-1 s=READY pgs=54 cs=0 l=1 rev1=1 crypto rx=0x7ff514000c00 tx=0x7ff514011b50 comp rx=0 tx=0).ready entity=mon.0 client_cookie=0 server_cookie=0 in_seq=0 out_seq=0
2024-09-10T09:27:17.404 INFO:teuthology.orchestra.run.smithi079.stdout:/usr/bin/ceph: stderr
2024-09-10T09:27:16.606+0000 7ff50effd700 1 -- 172.21.15.79:0/1442753014 <== mon.0 v2:172.21.15.79:3300/0 1 ==== mon_map magic: 0 v1 ==== 229+0+0 (secure 0 0 0) 0x7ff514003a70 con 0x7ff5181066f0
2024-09-10T09:27:17.404 INFO:teuthology.orchestra.run.smithi079.stdout:/usr/bin/ceph: stderr
2024-09-10T09:27:16.606+0000 7ff50effd700 1 -- 172.21.15.79:0/1442753014 <== mon.0 v2:172.21.15.79:3300/0 2 ==== config(27 keys) v1 ==== 1101+0+0 (secure 0 0 0) 0x7ff514003bd0 con 0x7ff5181066f0
2024-09-10T09:27:17.404 INFO:teuthology.orchestra.run.smithi079.stdout:/usr/bin/ceph: stderr
2024-09-10T09:27:16.606+0000 7ff520026700 1 -- 172.21.15.79:0/1442753014 --> [v2:172.21.15.79:3300/0,v1:172.21.15.79:6789/0] -- mon_subscribe({mgrmap=0+}) v3 -- 0x7ff51819a090 con 0x7ff5181066f0
2024-09-10T09:27:17.404 INFO:teuthology.orchestra.run.smithi079.stdout:/usr/bin/ceph: stderr
2024-09-10T09:27:16.606+0000 7ff50effd700 1 -- 172.21.15.79:0/1442753014 <== mon.0 v2:172.21.15.79:3300/0 3 ==== mon_map magic: 0 v1 ==== 229+0+0 (secure 0 0 0) 0x7ff5140238c0 con 0x7ff5181066f0
2024-09-10T09:27:17.404 INFO:teuthology.orchestra.run.smithi079.stdout:/usr/bin/ceph: stderr
2024-09-10T09:27:16.606+0000 7ff520026700 1 -- 172.21.15.79:0/1442753014 --> [v2:172.21.15.79:3300/0,v1:172.21.15.79:6789/0] -- mon_subscribe({osdmap=0}) v3 -- 0x7ff51819a4b0 con 0x7ff5181066f0
2024-09-10T09:27:17.404 INFO:teuthology.orchestra.run.smithi079.stdout:/usr/bin/ceph: stderr
2024-09-10T09:27:16.607+0000 7ff50effd700 1 -- 172.21.15.79:0/1442753014 <== mon.0 v2:172.21.15.79:3300/0 4 ==== mgrmap(e 8) v1 ==== 45084+0+0 (secure 0 0 0) 0x7ff514023b80 con 0x7ff5181066f0
2024-09-10T09:27:17.404 INFO:teuthology.orchestra.run.smithi079.stdout:/usr/bin/ceph: stderr
2024-09-10T09:27:16.607+0000 7ff520026700 1 -- 172.21.15.79:0/1442753014 --> [v2:172.21.15.79:3300/0,v1:172.21.15.79:6789/0] -- mon_command({"prefix": "get_command_descriptions"} v 0) v1 -- 0x7ff518062380 con 0x7ff5181066f0
2024-09-10T09:27:17.404 INFO:teuthology.orchestra.run.smithi079.stdout:/usr/bin/ceph: stderr
2024-09-10T09:27:16.607+0000 7ff50effd700 1 --2- 172.21.15.79:0/1442753014 >> [v2:172.21.15.79:6800/2,v1:172.21.15.79:6801/2] conn(0x7ff5040383f0 0x7ff50403a8a0 unknown :-1 s=NONE pgs=0 cs=0 l=1 rev1=0 crypto rx=0 tx=0 comp rx=0 tx=0).connect
2024-09-10T09:27:17.404 INFO:teuthology.orchestra.run.smithi079.stdout:/usr/bin/ceph: stderr
2024-09-10T09:27:16.607+0000 7ff50effd700 1 -- 172.21.15.79:0/1442753014 <== mon.0 v2:172.21.15.79:3300/0 5 ==== osd_map(2..2 src has 1..2) v4 ==== 940+0+0 (secure 0 0 0) 0x7ff51404c510 con 0x7ff5181066f0
2024-09-10T09:27:17.404 INFO:teuthology.orchestra.run.smithi079.stdout:/usr/bin/ceph: stderr
2024-09-10T09:27:16.607+0000 7ff51d5c1700 1 --2- 172.21.15.79:0/1442753014 >> [v2:172.21.15.79:6800/2,v1:172.21.15.79:6801/2] conn(0x7ff5040383f0 0x7ff50403a8a0 unknown :-1 s=BANNER_CONNECTING pgs=0 cs=0 l=1 rev1=0 crypto rx=0 tx=0 comp rx=0 tx=0)._handle_peer_banner_payload supported=3 required=0
2024-09-10T09:27:17.404 INFO:teuthology.orchestra.run.smithi079.stdout:/usr/bin/ceph: stderr
2024-09-10T09:27:16.608+0000 7ff51d5c1700 1 --2- 172.21.15.79:0/1442753014 >> [v2:172.21.15.79:6800/2,v1:172.21.15.79:6801/2] conn(0x7ff5040383f0 0x7ff50403a8a0 secure :-1 s=READY pgs=15 cs=0 l=1 rev1=1 crypto rx=0x7ff508006fd0 tx=0x7ff508006e40 comp rx=0 tx=0).ready entity=mgr.14120 client_cookie=0 server_cookie=0 in_seq=0 out_seq=0
