2024-09-10T09:45:03.864+0000 7f4bd4600640 1 -- 172.21.15.77:0/1267261649 --> [v2:172.21.15.77:3300/0,v1:172.21.15.77:6789/0] -- mon_command({"prefix": "get_command_descriptions"} v 0) -- 0x7f4bcc1083e0 con 0x7f4bcc107f80
2024-09-10T09:45:05.728 INFO:teuthology.orchestra.run.smithi077.stdout:/usr/bin/ceph: stderr
2024-09-10T09:45:03.864+0000 7f4bca000640 1 --2- 172.21.15.77:0/1267261649 >> [v2:172.21.15.77:6800/4261324650,v1:172.21.15.77:6801/4261324650] conn(0x7f4bb4039020 0x7f4bb403b4e0 unknown :-1 s=NONE pgs=0 cs=0 l=1 rev1=0 crypto rx=0 tx=0 comp rx=0 tx=0).connect
2024-09-10T09:45:05.728 INFO:teuthology.orchestra.run.smithi077.stdout:/usr/bin/ceph: stderr
2024-09-10T09:45:03.864+0000 7f4bca000640 1 -- 172.21.15.77:0/1267261649 <== mon.0 v2:172.21.15.77:3300/0 5 ==== osd_map(3..3 src has 1..3) ==== 1155+0+0 (secure 0 0 0) 0x7f4bc006c6a0 con 0x7f4bcc107f80
2024-09-10T09:45:05.728 INFO:teuthology.orchestra.run.smithi077.stdout:/usr/bin/ceph: stderr
2024-09-10T09:45:03.865+0000 7f4bd1200640 1 --2- 172.21.15.77:0/1267261649 >> [v2:172.21.15.77:6800/4261324650,v1:172.21.15.77:6801/4261324650] conn(0x7f4bb4039020 0x7f4bb403b4e0 unknown :-1 s=BANNER_CONNECTING pgs=0 cs=0 l=1 rev1=0 crypto rx=0 tx=0 comp rx=0 tx=0)._handle_peer_banner_payload supported=3 required=0
2024-09-10T09:45:05.728 INFO:teuthology.orchestra.run.smithi077.stdout:/usr/bin/ceph: stderr
2024-09-10T09:45:03.865+0000 7f4bd1200640 1 --2- 172.21.15.77:0/1267261649 >> [v2:172.21.15.77:6800/4261324650,v1:172.21.15.77:6801/4261324650] conn(0x7f4bb4039020 0x7f4bb403b4e0 secure :-1 s=READY pgs=8 cs=0 l=1 rev1=1 crypto rx=0x7f4bb80098c0 tx=0x7f4bb8006db0 comp rx=0 tx=0).ready entity=mgr.14150 client_cookie=0 server_cookie=0 in_seq=0 out_seq=0
2024-09-10T09:45:05.728 INFO:teuthology.orchestra.run.smithi077.stdout:/usr/bin/ceph: stderr
2024-09-10T09:45:03.870+0000 7f4bca000640 1 -- 172.21.15.77:0/1267261649 <== mon.0 v2:172.21.15.77:3300/0 6 ==== mon_command_ack([{"prefix": "get_command_descriptions"}]=0 v0) ==== 72+0+188821 (secure 0 0 0) 0x7f4bc0042300 con 0x7f4bcc107f80
2024-09-10T09:45:05.728 INFO:teuthology.orchestra.run.smithi077.stdout:/usr/bin/ceph: stderr
2024-09-10T09:45:04.078+0000 7f4bd4600640 1 -- 172.21.15.77:0/1267261649 --> [v2:172.21.15.77:6800/4261324650,v1:172.21.15.77:6801/4261324650] -- mgr_command(tid 0: {"prefix": "dashboard ac-user-create", "username": "admin", "rolename": "administrator", "force_password": true, "pwd_update_required": true, "target": ["mon-mgr", ""]}) -- 0x7f4bcc19e730 con 0x7f4bb4039020
2024-09-10T09:45:05.728 INFO:teuthology.orchestra.run.smithi077.stdout:/usr/bin/ceph: stderr
2024-09-10T09:45:04.306+0000 7f4bca000640 1 -- 172.21.15.77:0/1267261649 <== mgr.14150 v2:172.21.15.77:6800/4261324650 1 ==== mgr_command_reply(tid 0: 0 ) ==== 8+0+252 (secure 0 0 0) 0x7f4bcc19e730 con 0x7f4bb4039020
2024-09-10T09:45:05.728 INFO:teuthology.orchestra.run.smithi077.stdout:/usr/bin/ceph: stderr
2024-09-10T09:45:04.309+0000 7f4bd4600640 1 -- 172.21.15.77:0/1267261649 >> [v2:172.21.15.77:6800/4261324650,v1:172.21.15.77:6801/4261324650] conn(0x7f4bb4039020 msgr2=0x7f4bb403b4e0 secure :-1 s=STATE_CONNECTION_ESTABLISHED l=1).mark_down
2024-09-10T09:45:05.728 INFO:teuthology.orchestra.run.smithi077.stdout:/usr/bin/ceph: stderr
2024-09-10T09:45:04.309+0000 7f4bd4600640 1 --2- 172.21.15.77:0/1267261649 >> [v2:172.21.15.77:6800/4261324650,v1:172.21.15.77:6801/4261324650] conn(0x7f4bb4039020 0x7f4bb403b4e0 secure :-1 s=READY pgs=8 cs=0 l=1 rev1=1 crypto rx=0x7f4bb80098c0 tx=0x7f4bb8006db0 comp rx=0 tx=0).stop
2024-09-10T09:45:05.728 INFO:teuthology.orchestra.run.smithi077.stdout:/usr/bin/ceph: stderr
2024-09-10T09:45:04.309+0000 7f4bd4600640 1 -- 172.21.15.77:0/1267261649 >> [v2:172.21.15.77:3300/0,v1:172.21.15.77:6789/0] conn(0x7f4bcc107f80 msgr2=0x7f4bcc19da80 secure :-1 s=STATE_CONNECTION_ESTABLISHED l=1).mark_down
2024-09-10T09:45:05.728 INFO:teuthology.orchestra.run.smithi077.stdout:/usr/bin/ceph: stderr
2024-09-10T09:45:04.309+0000 7f4bd4600640 1 --2- 172.21.15.77:0/1267261649 >> [v2:172.21.15.77:3300/0,v1:172.21.15.77:6789/0] conn(0x7f4bcc107f80 0x7f4bcc19da80 secure :-1 s=READY pgs=71 cs=0 l=1 rev1=1 crypto rx=0x7f4bc00097f0 tx=0x7f4bc00327b0 comp rx=0 tx=0).stop
2024-09-10T09:45:05.728 INFO:teuthology.orchestra.run.smithi077.stdout:/usr/bin/ceph: stderr
2024-09-10T09:45:04.309+0000 7f4bd4600640 1 -- 172.21.15.77:0/1267261649 shutdown_connections
2024-09-10T09:45:05.729 INFO:teuthology.orchestra.run.smithi077.stdout:/usr/bin/ceph: stderr
2024-09-10T09:45:04.309+0000 7f4bd4600640 1 --2- 172.21.15.77:0/1267261649 >> [v2:172.21.15.77:6800/4261324650,v1:172.21.15.77:6801/4261324650] conn(0x7f4bb4039020 0x7f4bb403b4e0 unknown :-1 s=CLOSED pgs=8 cs=0 l=1 rev1=1 crypto rx=0 tx=0 comp rx=0 tx=0).stop
2024-09-10T09:45:05.729 INFO:teuthology.orchestra.run.smithi077.stdout:/usr/bin/ceph: stderr
2024-09-10T09:45:04.309+0000 7f4bd4600640 1 --2- 172.21.15.77:0/1267261649 >> [v2:172.21.15.77:3300/0,v1:172.21.15.77:6789/0] conn(0x7f4bcc107f80 0x7f4bcc19da80 unknown :-1 s=CLOSED pgs=71 cs=0 l=1 rev1=1 crypto rx=0 tx=0 comp rx=0 tx=0).stop
2024-09-10T09:45:05.729 INFO:teuthology.orchestra.run.smithi077.stdout:/usr/bin/ceph: stderr
2024-09-10T09:45:04.309+0000 7f4bd4600640 1 -- 172.21.15.77:0/1267261649 >> 172.21.15.77:0/1267261649 conn(0x7f4bcc101b80 msgr2=0x7f4bcc1028b0 unknown :-1 s=STATE_NONE l=0).mark_down
2024-09-10T09:45:05.729 INFO:teuthology.orchestra.run.smithi077.stdout:/usr/bin/ceph: stderr
2024-09-10T09:45:04.309+0000 7f4bd4600640 1 -- 172.21.15.77:0/1267261649 shutdown_connections
2024-09-10T09:45:05.729 INFO:teuthology.orchestra.run.smithi077.stdout:/usr/bin/ceph: stderr
2024-09-10T09:45:04.309+0000 7f4bd4600640 1 -- 172.21.15.77:0/1267261649 wait complete.
2024-09-10T09:45:05.729 INFO:teuthology.orchestra.run.smithi077.stdout:Fetching dashboard port number...
2024-09-10T09:45:06.975 INFO:teuthology.orchestra.run.smithi077.stdout:/usr/bin/ceph: stdout 8443
2024-09-10T09:45:06.975 INFO:teuthology.orchestra.run.smithi077.stdout:/usr/bin/ceph: stderr
2024-09-10T09:45:06.185+0000 7f2fc9800640 1 Processor -- start
2024-09-10T09:45:06.975 INFO:teuthology.orchestra.run.smithi077.stdout:/usr/bin/ceph: stderr
2024-09-10T09:45:06.185+0000 7f2fc9800640 1 -- start start
2024-09-10T09:45:06.976 INFO:teuthology.orchestra.run.smithi077.stdout:/usr/bin/ceph: stderr
2024-09-10T09:45:06.186+0000 7f2fc9800640 1 --2- >> [v2:172.21.15.77:3300/0,v1:172.21.15.77:6789/0] conn(0x7f2fc4108050 0x7f2fc410a440 unknown :-1 s=NONE pgs=0 cs=0 l=0 rev1=0 crypto rx=0 tx=0 comp rx=0 tx=0).connect
2024-09-10T09:45:06.976 INFO:teuthology.orchestra.run.smithi077.stdout:/usr/bin/ceph: stderr
2024-09-10T09:45:06.186+0000 7f2fc9800640 1 -- --> [v2:172.21.15.77:3300/0,v1:172.21.15.77:6789/0] -- mon_getmap magic: 0 -- 0x7f2fc407bd90 con 0x7f2fc4108050
2024-09-10T09:45:06.976 INFO:teuthology.orchestra.run.smithi077.stdout:/usr/bin/ceph: stderr
2024-09-10T09:45:06.186+0000 7f2fc2a00640 1 --2- >> [v2:172.21.15.77:3300/0,v1:172.21.15.77:6789/0] conn(0x7f2fc4108050 0x7f2fc410a440 unknown :-1 s=BANNER_CONNECTING pgs=0 cs=0 l=0 rev1=0 crypto rx=0 tx=0 comp rx=0 tx=0)._handle_peer_banner_payload supported=3 required=0
2024-09-10T09:45:06.976 INFO:teuthology.orchestra.run.smithi077.stdout:/usr/bin/ceph: stderr
2024-09-10T09:45:06.186+0000 7f2fc2a00640 1 --2- >> [v2:172.21.15.77:3300/0,v1:172.21.15.77:6789/0] conn(0x7f2fc4108050 0x7f2fc410a440 unknown :-1 s=HELLO_CONNECTING pgs=0 cs=0 l=0 rev1=1 crypto rx=0 tx=0 comp rx=0 tx=0).handle_hello peer v2:172.21.15.77:3300/0 says I am v2:172.21.15.77:42288/0 (socket says 172.21.15.77:42288)
2024-09-10T09:45:06.976 INFO:teuthology.orchestra.run.smithi077.stdout:/usr/bin/ceph: stderr
2024-09-10T09:45:06.186+0000 7f2fc2a00640 1 -- 172.21.15.77:0/977935663 learned_addr learned my addr 172.21.15.77:0/977935663 (peer_addr_for_me v2:172.21.15.77:0/0)
2024-09-10T09:45:06.976 INFO:teuthology.orchestra.run.smithi077.stdout:/usr/bin/ceph: stderr
2024-09-10T09:45:06.186+0000 7f2fc2a00640 1 -- 172.21.15.77:0/977935663 --> [v2:172.21.15.77:3300/0,v1:172.21.15.77:6789/0] -- mon_subscribe({config=0+,monmap=0+}) -- 0x7f2fc410a980 con 0x7f2fc4108050
2024-09-10T09:45:06.976 INFO:teuthology.orchestra.run.smithi077.stdout:/usr/bin/ceph: stderr
2024-09-10T09:45:06.187+0000 7f2fc2a00640 1 --2- 172.21.15.77:0/977935663 >> [v2:172.21.15.77:3300/0,v1:172.21.15.77:6789/0] conn(0x7f2fc4108050 0x7f2fc410a440 secure :-1 s=READY pgs=72 cs=0 l=1 rev1=1 crypto rx=0x7f2fb4009820 tx=0x7f2fb402a270 comp rx=0 tx=0).ready entity=mon.0 client_cookie=52a64274f8127032 server_cookie=0 in_seq=0 out_seq=0
2024-09-10T09:45:06.976 INFO:teuthology.orchestra.run.smithi077.stdout:/usr/bin/ceph: stderr
2024-09-10T09:45:06.188+0000 7f2fc2000640 1 -- 172.21.15.77:0/977935663 <== mon.0 v2:172.21.15.77:3300/0 1 ==== mon_map magic: 0 ==== 205+0+0 (secure 0 0 0) 0x7f2fb4037070 con 0x7f2fc4108050
2024-09-10T09:45:06.976 INFO:teuthology.orchestra.run.smithi077.stdout:/usr/bin/ceph: stderr
2024-09-10T09:45:06.188+0000 7f2fc2000640 1 -- 172.21.15.77:0/977935663 <== mon.0 v2:172.21.15.77:3300/0 2 ==== config(27 keys) ==== 1140+0+0 (secure 0 0 0) 0x7f2fb4032920 con 0x7f2fc4108050
2024-09-10T09:45:06.976 INFO:teuthology.orchestra.run.smithi077.stdout:/usr/bin/ceph: stderr
2024-09-10T09:45:06.188+0000 7f2fc2000640 1 -- 172.21.15.77:0/977935663 <== mon.0 v2:172.21.15.77:3300/0 3 ==== mon_map magic: 0 ==== 205+0+0 (secure 0 0 0) 0x7f2fb4030810 con 0x7f2fc4108050
2024-09-10T09:45:06.976 INFO:teuthology.orchestra.run.smithi077.stdout:/usr/bin/ceph: stderr
2024-09-10T09:45:06.188+0000 7f2fc9800640 1 -- 172.21.15.77:0/977935663 >> [v2:172.21.15.77:3300/0,v1:172.21.15.77:6789/0] conn(0x7f2fc4108050 msgr2=0x7f2fc410a440 secure :-1 s=STATE_CONNECTION_ESTABLISHED l=1).mark_down
2024-09-10T09:45:06.976 INFO:teuthology.orchestra.run.smithi077.stdout:/usr/bin/ceph: stderr
2024-09-10T09:45:06.188+0000 7f2fc9800640 1 --2- 172.21.15.77:0/977935663 >> [v2:172.21.15.77:3300/0,v1:172.21.15.77:6789/0] conn(0x7f2fc4108050 0x7f2fc410a440 secure :-1 s=READY pgs=72 cs=0 l=1 rev1=1 crypto rx=0x7f2fb4009820 tx=0x7f2fb402a270 comp rx=0 tx=0).stop
2024-09-10T09:45:06.977 INFO:teuthology.orchestra.run.smithi077.stdout:/usr/bin/ceph: stderr
2024-09-10T09:45:06.188+0000 7f2fc9800640 1 -- 172.21.15.77:0/977935663 shutdown_connections
2024-09-10T09:45:06.977 INFO:teuthology.orchestra.run.smithi077.stdout:/usr/bin/ceph: stderr
2024-09-10T09:45:06.188+0000 7f2fc9800640 1 --2- 172.21.15.77:0/977935663 >> [v2:172.21.15.77:3300/0,v1:172.21.15.77:6789/0] conn(0x7f2fc4108050 0x7f2fc410a440 unknown :-1 s=CLOSED pgs=72 cs=0 l=1 rev1=1 crypto rx=0 tx=0 comp rx=0 tx=0).stop
2024-09-10T09:45:06.977 INFO:teuthology.orchestra.run.smithi077.stdout:/usr/bin/ceph: stderr
2024-09-10T09:45:06.188+0000 7f2fc9800640 1 -- 172.21.15.77:0/977935663 >> 172.21.15.77:0/977935663 conn(0x7f2fc4101bb0 msgr2=0x7f2fc4104030 unknown :-1 s=STATE_NONE l=0).mark_down
2024-09-10T09:45:06.977 INFO:teuthology.orchestra.run.smithi077.stdout:/usr/bin/ceph: stderr
2024-09-10T09:45:06.188+0000 7f2fc9800640 1 -- 172.21.15.77:0/977935663 shutdown_connections
2024-09-10T09:45:06.977 INFO:teuthology.orchestra.run.smithi077.stdout:/usr/bin/ceph: stderr
2024-09-10T09:45:06.189+0000 7f2fc9800640 1 -- 172.21.15.77:0/977935663 wait complete.
2024-09-10T09:45:06.977 INFO:teuthology.orchestra.run.smithi077.stdout:/usr/bin/ceph: stderr
2024-09-10T09:45:06.189+0000 7f2fc9800640 1 Processor -- start
2024-09-10T09:45:06.977 INFO:teuthology.orchestra.run.smithi077.stdout:/usr/bin/ceph: stderr
2024-09-10T09:45:06.190+0000 7f2fc9800640 1 -- start start
2024-09-10T09:45:06.977 INFO:teuthology.orchestra.run.smithi077.stdout:/usr/bin/ceph: stderr
2024-09-10T09:45:06.190+0000 7f2fc9800640 1 --2- >> [v2:172.21.15.77:3300/0,v1:172.21.15.77:6789/0] conn(0x7f2fc4108050 0x7f2fc419b830 unknown :-1 s=NONE pgs=0 cs=0 l=1 rev1=0 crypto rx=0 tx=0 comp rx=0 tx=0).connect
2024-09-10T09:45:06.977 INFO:teuthology.orchestra.run.smithi077.stdout:/usr/bin/ceph: stderr
2024-09-10T09:45:06.190+0000 7f2fc9800640 1 -- --> [v2:172.21.15.77:3300/0,v1:172.21.15.77:6789/0] -- mon_getmap magic: 0 -- 0x7f2fc410b940 con 0x7f2fc4108050
2024-09-10T09:45:06.977 INFO:teuthology.orchestra.run.smithi077.stdout:/usr/bin/ceph: stderr
2024-09-10T09:45:06.190+0000 7f2fc2a00640 1 --2- >> [v2:172.21.15.77:3300/0,v1:172.21.15.77:6789/0] conn(0x7f2fc4108050 0x7f2fc419b830 unknown :-1 s=BANNER_CONNECTING pgs=0 cs=0 l=1 rev1=0 crypto rx=0 tx=0 comp rx=0 tx=0)._handle_peer_banner_payload supported=3 required=0
2024-09-10T09:45:06.977 INFO:teuthology.orchestra.run.smithi077.stdout:/usr/bin/ceph: stderr
2024-09-10T09:45:06.190+0000 7f2fc2a00640 1 --2- >> [v2:172.21.15.77:3300/0,v1:172.21.15.77:6789/0] conn(0x7f2fc4108050 0x7f2fc419b830 unknown :-1 s=HELLO_CONNECTING pgs=0 cs=0 l=1 rev1=1 crypto rx=0 tx=0 comp rx=0 tx=0).handle_hello peer v2:172.21.15.77:3300/0 says I am v2:172.21.15.77:42302/0 (socket says 172.21.15.77:42302)
2024-09-10T09:45:06.978 INFO:teuthology.orchestra.run.smithi077.stdout:/usr/bin/ceph: stderr
2024-09-10T09:45:06.190+0000 7f2fc2a00640 1 -- 172.21.15.77:0/892214800 learned_addr learned my addr 172.21.15.77:0/892214800 (peer_addr_for_me v2:172.21.15.77:0/0)
2024-09-10T09:45:06.978 INFO:teuthology.orchestra.run.smithi077.stdout:/usr/bin/ceph: stderr
2024-09-10T09:45:06.190+0000 7f2fc2a00640 1 -- 172.21.15.77:0/892214800 --> [v2:172.21.15.77:3300/0,v1:172.21.15.77:6789/0] -- mon_subscribe({config=0+,monmap=0+}) -- 0x7f2fc419bd70 con 0x7f2fc4108050
2024-09-10T09:45:06.978 INFO:teuthology.orchestra.run.smithi077.stdout:/usr/bin/ceph: stderr
2024-09-10T09:45:06.191+0000 7f2fc2a00640 1 --2- 172.21.15.77:0/892214800 >> [v2:172.21.15.77:3300/0,v1:172.21.15.77:6789/0] conn(0x7f2fc4108050 0x7f2fc419b830 secure :-1 s=READY pgs=73 cs=0 l=1 rev1=1 crypto rx=0x7f2fb40097f0 tx=0x7f2fb40327b0 comp rx=0 tx=0).ready entity=mon.0 client_cookie=0 server_cookie=0 in_seq=0 out_seq=0
2024-09-10T09:45:06.978 INFO:teuthology.orchestra.run.smithi077.stdout:/usr/bin/ceph: stderr
2024-09-10T09:45:06.191+0000 7f2fbbe00640 1 -- 172.21.15.77:0/892214800 <== mon.0 v2:172.21.15.77:3300/0 1 ==== mon_map magic: 0 ==== 205+0+0 (secure 0 0 0) 0x7f2fb4037040 con 0x7f2fc4108050
2024-09-10T09:45:06.978 INFO:teuthology.orchestra.run.smithi077.stdout:/usr/bin/ceph: stderr
2024-09-10T09:45:06.191+0000 7f2fbbe00640 1 -- 172.21.15.77:0/892214800 <== mon.0 v2:172.21.15.77:3300/0 2 ==== config(27 keys) ==== 1140+0+0 (secure 0 0 0) 0x7f2fb4030cc0 con 0x7f2fc4108050
2024-09-10T09:45:06.978 INFO:teuthology.orchestra.run.smithi077.stdout:/usr/bin/ceph: stderr
2024-09-10T09:45:06.191+0000 7f2fbbe00640 1 -- 172.21.15.77:0/892214800 <== mon.0 v2:172.21.15.77:3300/0 3 ==== mon_map magic: 0 ==== 205+0+0 (secure 0 0 0) 0x7f2fb403a6b0 con 0x7f2fc4108050
2024-09-10T09:45:06.978 INFO:teuthology.orchestra.run.smithi077.stdout:/usr/bin/ceph: stderr
2024-09-10T09:45:06.191+0000 7f2fc9800640 1 -- 172.21.15.77:0/892214800 --> [v2:172.21.15.77:3300/0,v1:172.21.15.77:6789/0] -- mon_subscribe({mgrmap=0+}) -- 0x7f2fc419c000 con 0x7f2fc4108050
2024-09-10T09:45:06.978 INFO:teuthology.orchestra.run.smithi077.stdout:/usr/bin/ceph: stderr
2024-09-10T09:45:06.191+0000 7f2fc9800640 1 -- 172.21.15.77:0/892214800 --> [v2:172.21.15.77:3300/0,v1:172.21.15.77:6789/0] -- mon_subscribe({osdmap=0}) -- 0x7f2fc419ecf0 con 0x7f2fc4108050
2024-09-10T09:45:06.978 INFO:teuthology.orchestra.run.smithi077.stdout:/usr/bin/ceph: stderr
2024-09-10T09:45:06.192+0000 7f2fc9800640 1 -- 172.21.15.77:0/892214800 --> [v2:172.21.15.77:3300/0,v1:172.21.15.77:6789/0] -- mon_command({"prefix": "get_command_descriptions"} v 0) -- 0x7f2fc41084b0 con 0x7f2fc4108050
2024-09-10T09:45:06.978 INFO:teuthology.orchestra.run.smithi077.stdout:/usr/bin/ceph: stderr
2024-09-10T09:45:06.192+0000 7f2fbbe00640 1 -- 172.21.15.77:0/892214800 <== mon.0 v2:172.21.15.77:3300/0 4 ==== mgrmap(e 12) ==== 46300+0+0 (secure 0 0 0) 0x7f2fb403baf0 con 0x7f2fc4108050
2024-09-10T09:45:06.978 INFO:teuthology.orchestra.run.smithi077.stdout:/usr/bin/ceph: stderr
2024-09-10T09:45:06.193+0000 7f2fbbe00640 1 --2- 172.21.15.77:0/892214800 >> [v2:172.21.15.77:6800/4261324650,v1:172.21.15.77:6801/4261324650] conn(0x7f2fa8039020 0x7f2fa803b4e0 unknown :-1 s=NONE pgs=0 cs=0 l=1 rev1=0 crypto rx=0 tx=0 comp rx=0 tx=0).connect
2024-09-10T09:45:06.978 INFO:teuthology.orchestra.run.smithi077.stdout:/usr/bin/ceph: stderr
2024-09-10T09:45:06.193+0000 7f2fbbe00640 1 -- 172.21.15.77:0/892214800 <== mon.0 v2:172.21.15.77:3300/0 5 ==== osd_map(3..3 src has 1..3) ==== 1155+0+0 (secure 0 0 0) 0x7f2fb406c680 con 0x7f2fc4108050
2024-09-10T09:45:06.978 INFO:teuthology.orchestra.run.smithi077.stdout:/usr/bin/ceph: stderr
2024-09-10T09:45:06.193+0000 7f2fba000640 1 --2- 172.21.15.77:0/892214800 >> [v2:172.21.15.77:6800/4261324650,v1:172.21.15.77:6801/4261324650] conn(0x7f2fa8039020 0x7f2fa803b4e0 unknown :-1 s=BANNER_CONNECTING pgs=0 cs=0 l=1 rev1=0 crypto rx=0 tx=0 comp rx=0 tx=0)._handle_peer_banner_payload supported=3 required=0
2024-09-10T09:45:06.979 INFO:teuthology.orchestra.run.smithi077.stdout:/usr/bin/ceph: stderr
2024-09-10T09:45:06.194+0000 7f2fba000640 1 --2- 172.21.15.77:0/892214800 >> [v2:172.21.15.77:6800/4261324650,v1:172.21.15.77:6801/4261324650] conn(0x7f2fa8039020 0x7f2fa803b4e0 secure :-1 s=READY pgs=9 cs=0 l=1 rev1=1 crypto rx=0x7f2fac0098c0 tx=0x7f2fac006db0 comp rx=0 tx=0).ready entity=mgr.14150 client_cookie=0 server_cookie=0 in_seq=0 out_seq=0
2024-09-10T09:45:06.979 INFO:teuthology.orchestra.run.smithi077.stdout:/usr/bin/ceph: stderr
2024-09-10T09:45:06.198+0000 7f2fbbe00640 1 -- 172.21.15.77:0/892214800 <== mon.0 v2:172.21.15.77:3300/0 6 ==== mon_command_ack([{"prefix": "get_command_descriptions"}]=0 v0) ==== 72+0+188821 (secure 0 0 0) 0x7f2fb4042e10 con 0x7f2fc4108050
2024-09-10T09:45:06.979 INFO:teuthology.orchestra.run.smithi077.stdout:/usr/bin/ceph: stderr
2024-09-10T09:45:06.307+0000 7f2fbbe00640 1 -- 172.21.15.77:0/892214800 <== mon.0 v2:172.21.15.77:3300/0 7 ==== mgrmap(e 13) ==== 46343+0+0 (secure 0 0 0) 0x7f2fb403a850 con 0x7f2fc4108050
2024-09-10T09:45:06.979 INFO:teuthology.orchestra.run.smithi077.stdout:/usr/bin/ceph: stderr
2024-09-10T09:45:06.376+0000 7f2fc9800640 1 -- 172.21.15.77:0/892214800 --> [v2:172.21.15.77:3300/0,v1:172.21.15.77:6789/0] -- mon_command({"prefix": "config get", "who": "mgr", "key": "mgr/dashboard/ssl_server_port"} v 0) -- 0x7f2fc402d7c0 con 0x7f2fc4108050
2024-09-10T09:45:06.979 INFO:teuthology.orchestra.run.smithi077.stdout:/usr/bin/ceph: stderr
2024-09-10T09:45:06.376+0000 7f2fbbe00640 1 -- 172.21.15.77:0/892214800 <== mon.0 v2:172.21.15.77:3300/0 8 ==== mon_command_ack([{"prefix": "config get", "who": "mgr", "key": "mgr/dashboard/ssl_server_port"}]=0 v8) ==== 112+0+5 (secure 0 0 0) 0x7f2fb4049200 con 0x7f2fc4108050
2024-09-10T09:45:06.979 INFO:teuthology.orchestra.run.smithi077.stdout:/usr/bin/ceph: stderr
2024-09-10T09:45:06.378+0000 7f2fc9800640 1 -- 172.21.15.77:0/892214800 >> [v2:172.21.15.77:6800/4261324650,v1:172.21.15.77:6801/4261324650] conn(0x7f2fa8039020 msgr2=0x7f2fa803b4e0 secure :-1 s=STATE_CONNECTION_ESTABLISHED l=1).mark_down
2024-09-10T09:45:06.979 INFO:teuthology.orchestra.run.smithi077.stdout:/usr/bin/ceph: stderr
2024-09-10T09:45:06.378+0000 7f2fc9800640 1 --2- 172.21.15.77:0/892214800 >> [v2:172.21.15.77:6800/4261324650,v1:172.21.15.77:6801/4261324650] conn(0x7f2fa8039020 0x7f2fa803b4e0 secure :-1 s=READY pgs=9 cs=0 l=1 rev1=1 crypto rx=0x7f2fac0098c0 tx=0x7f2fac006db0 comp rx=0 tx=0).stop
2024-09-10T09:45:06.979 INFO:teuthology.orchestra.run.smithi077.stdout:/usr/bin/ceph: stderr
2024-09-10T09:45:06.378+0000 7f2fc9800640 1 -- 172.21.15.77:0/892214800 >> [v2:172.21.15.77:3300/0,v1:172.21.15.77:6789/0] conn(0x7f2fc4108050 msgr2=0x7f2fc419b830 secure :-1 s=STATE_CONNECTION_ESTABLISHED l=1).mark_down
2024-09-10T09:45:06.979 INFO:teuthology.orchestra.run.smithi077.stdout:/usr/bin/ceph: stderr
2024-09-10T09:45:06.378+0000 7f2fc9800640 1 --2- 172.21.15.77:0/892214800 >> [v2:172.21.15.77:3300/0,v1:172.21.15.77:6789/0] conn(0x7f2fc4108050 0x7f2fc419b830 secure :-1 s=READY pgs=73 cs=0 l=1 rev1=1 crypto rx=0x7f2fb40097f0 tx=0x7f2fb40327b0 comp rx=0 tx=0).stop
2024-09-10T09:45:06.979 INFO:teuthology.orchestra.run.smithi077.stdout:/usr/bin/ceph: stderr
2024-09-10T09:45:06.378+0000 7f2fc9800640 1 -- 172.21.15.77:0/892214800 shutdown_connections
2024-09-10T09:45:06.979 INFO:teuthology.orchestra.run.smithi077.stdout:/usr/bin/ceph: stderr
2024-09-10T09:45:06.378+0000 7f2fc9800640 1 --2- 172.21.15.77:0/892214800 >> [v2:172.21.15.77:6800/4261324650,v1:172.21.15.77:6801/4261324650] conn(0x7f2fa8039020 0x7f2fa803b4e0 unknown :-1 s=CLOSED pgs=9 cs=0 l=1 rev1=1 crypto rx=0 tx=0 comp rx=0 tx=0).stop
2024-09-10T09:45:06.979 INFO:teuthology.orchestra.run.smithi077.stdout:/usr/bin/ceph: stderr
2024-09-10T09:45:06.378+0000 7f2fc9800640 1 --2- 172.21.15.77:0/892214800 >> [v2:172.21.15.77:3300/0,v1:172.21.15.77:6789/0] conn(0x7f2fc4108050 0x7f2fc419b830 unknown :-1 s=CLOSED pgs=73 cs=0 l=1 rev1=1 crypto rx=0 tx=0 comp rx=0 tx=0).stop
2024-09-10T09:45:06.979 INFO:teuthology.orchestra.run.smithi077.stdout:/usr/bin/ceph: stderr
2024-09-10T09:45:06.378+0000 7f2fc9800640 1 -- 172.21.15.77:0/892214800 >> 172.21.15.77:0/892214800 conn(0x7f2fc4101bb0 msgr2=0x7f2fc4102980 unknown :-1 s=STATE_NONE l=0).mark_down
2024-09-10T09:45:06.980 INFO:teuthology.orchestra.run.smithi077.stdout:/usr/bin/ceph: stderr
2024-09-10T09:45:06.378+0000 7f2fc9800640 1 -- 172.21.15.77:0/892214800 shutdown_connections
2024-09-10T09:45:06.980 INFO:teuthology.orchestra.run.smithi077.stdout:/usr/bin/ceph: stderr
2024-09-10T09:45:06.379+0000 7f2fc9800640 1 -- 172.21.15.77:0/892214800 wait complete.
2024-09-10T09:45:06.990 INFO:teuthology.orchestra.run.smithi077.stdout:Non-zero exit code 1 from systemctl is-enabled firewalld.service
2024-09-10T09:45:06.991 INFO:teuthology.orchestra.run.smithi077.stdout:systemctl: stdout disabled
2024-09-10T09:45:07.004 INFO:teuthology.orchestra.run.smithi077.stdout:Non-zero exit code 3 from systemctl is-active firewalld.service
2024-09-10T09:45:07.004 INFO:teuthology.orchestra.run.smithi077.stdout:systemctl: stdout inactive
2024-09-10T09:45:07.004 INFO:teuthology.orchestra.run.smithi077.stdout:firewalld.service is not enabled
2024-09-10T09:45:07.005 INFO:teuthology.orchestra.run.smithi077.stdout:Not possible to open ports <[8443]>. firewalld.service is not available
2024-09-10T09:45:07.006 INFO:teuthology.orchestra.run.smithi077.stdout:Ceph Dashboard is now available at:
2024-09-10T09:45:07.007 INFO:teuthology.orchestra.run.smithi077.stdout:
2024-09-10T09:45:07.007 INFO:teuthology.orchestra.run.smithi077.stdout: URL: https://smithi077.front.sepia.ceph.com:8443/
2024-09-10T09:45:07.007 INFO:teuthology.orchestra.run.smithi077.stdout: User: admin
2024-09-10T09:45:07.007 INFO:teuthology.orchestra.run.smithi077.stdout: Password: 9a2m5211ut
2024-09-10T09:45:07.007 INFO:teuthology.orchestra.run.smithi077.stdout:
2024-09-10T09:45:07.007 INFO:teuthology.orchestra.run.smithi077.stdout:Saving cluster configuration to /var/lib/ceph/14a55226-6f59-11ef-bcea-c7b262605968/config directory
2024-09-10T09:45:07.508 INFO:journalctl@ceph.mon.a.smithi077.stdout:Sep 10 09:45:07 smithi077 ceph-mon[30319]: mgrmap e13: x(active, since 6s)
2024-09-10T09:45:07.509 INFO:journalctl@ceph.mon.a.smithi077.stdout:Sep 10 09:45:07 smithi077 ceph-mon[30319]: from='client.? 172.21.15.77:0/892214800' entity='client.admin' cmd=[{"prefix": "config get", "who": "mgr", "key": "mgr/dashboard/ssl_server_port"}]: dispatch
2024-09-10T09:45:08.357 INFO:teuthology.orchestra.run.smithi077.stdout:/usr/bin/ceph: stderr
2024-09-10T09:45:07.507+0000 7f7331600640 1 Processor -- start
2024-09-10T09:45:08.357 INFO:teuthology.orchestra.run.smithi077.stdout:/usr/bin/ceph: stderr
2024-09-10T09:45:07.507+0000 7f7331600640 1 -- start start
2024-09-10T09:45:08.357 INFO:teuthology.orchestra.run.smithi077.stdout:/usr/bin/ceph: stderr
2024-09-10T09:45:07.508+0000 7f7331600640 1 --2- >> [v2:172.21.15.77:3300/0,v1:172.21.15.77:6789/0] conn(0x7f732c109870 0x7f732c109c70 unknown :-1 s=NONE pgs=0 cs=0 l=0 rev1=0 crypto rx=0 tx=0 comp rx=0 tx=0).connect
2024-09-10T09:45:08.357 INFO:teuthology.orchestra.run.smithi077.stdout:/usr/bin/ceph: stderr
2024-09-10T09:45:07.508+0000 7f7331600640 1 -- --> [v2:172.21.15.77:3300/0,v1:172.21.15.77:6789/0] -- mon_getmap magic: 0 -- 0x7f732c10a240 con 0x7f732c109870
2024-09-10T09:45:08.357 INFO:teuthology.orchestra.run.smithi077.stdout:/usr/bin/ceph: stderr
2024-09-10T09:45:07.508+0000 7f732aa00640 1 --2- >> [v2:172.21.15.77:3300/0,v1:172.21.15.77:6789/0] conn(0x7f732c109870 0x7f732c109c70 unknown :-1 s=BANNER_CONNECTING pgs=0 cs=0 l=0 rev1=0 crypto rx=0 tx=0 comp rx=0 tx=0)._handle_peer_banner_payload supported=3 required=0
2024-09-10T09:45:08.357 INFO:teuthology.orchestra.run.smithi077.stdout:/usr/bin/ceph: stderr
2024-09-10T09:45:07.508+0000 7f732aa00640 1 --2- >> [v2:172.21.15.77:3300/0,v1:172.21.15.77:6789/0] conn(0x7f732c109870 0x7f732c109c70 unknown :-1 s=HELLO_CONNECTING pgs=0 cs=0 l=0 rev1=1 crypto rx=0 tx=0 comp rx=0 tx=0).handle_hello peer v2:172.21.15.77:3300/0 says I am v2:172.21.15.77:42312/0 (socket says 172.21.15.77:42312)
2024-09-10T09:45:08.357 INFO:teuthology.orchestra.run.smithi077.stdout:/usr/bin/ceph: stderr
2024-09-10T09:45:07.508+0000 7f732aa00640 1 -- 172.21.15.77:0/1447390984 learned_addr learned my addr 172.21.15.77:0/1447390984 (peer_addr_for_me v2:172.21.15.77:0/0)
2024-09-10T09:45:08.358 INFO:teuthology.orchestra.run.smithi077.stdout:/usr/bin/ceph: stderr
2024-09-10T09:45:07.509+0000 7f732aa00640 1 -- 172.21.15.77:0/1447390984 --> [v2:172.21.15.77:3300/0,v1:172.21.15.77:6789/0] -- mon_subscribe({config=0+,monmap=0+}) -- 0x7f732c10a980 con 0x7f732c109870
2024-09-10T09:45:08.358 INFO:teuthology.orchestra.run.smithi077.stdout:/usr/bin/ceph: stderr
2024-09-10T09:45:07.510+0000 7f732aa00640 1 --2- 172.21.15.77:0/1447390984 >> [v2:172.21.15.77:3300/0,v1:172.21.15.77:6789/0] conn(0x7f732c109870 0x7f732c109c70 secure :-1 s=READY pgs=74 cs=0 l=1 rev1=1 crypto rx=0x7f731c009820 tx=0x7f731c02a270 comp rx=0 tx=0).ready entity=mon.0 client_cookie=5f744d5f1b37a49e server_cookie=0 in_seq=0 out_seq=0
2024-09-10T09:45:08.358 INFO:teuthology.orchestra.run.smithi077.stdout:/usr/bin/ceph: stderr
2024-09-10T09:45:07.510+0000 7f7329600640 1 -- 172.21.15.77:0/1447390984 <== mon.0 v2:172.21.15.77:3300/0 1 ==== mon_map magic: 0 ==== 205+0+0 (secure 0 0 0) 0x7f731c037070 con 0x7f732c109870
2024-09-10T09:45:08.358 INFO:teuthology.orchestra.run.smithi077.stdout:/usr/bin/ceph: stderr
2024-09-10T09:45:07.510+0000 7f7329600640 1 -- 172.21.15.77:0/1447390984 <== mon.0 v2:172.21.15.77:3300/0 2 ==== config(27 keys) ==== 1140+0+0 (secure 0 0 0) 0x7f731c032920 con 0x7f732c109870
2024-09-10T09:45:08.358 INFO:teuthology.orchestra.run.smithi077.stdout:/usr/bin/ceph: stderr
2024-09-10T09:45:07.510+0000 7f7329600640 1 -- 172.21.15.77:0/1447390984 <== mon.0 v2:172.21.15.77:3300/0 3 ==== mon_map magic: 0 ==== 205+0+0 (secure 0 0 0) 0x7f731c030810 con 0x7f732c109870
2024-09-10T09:45:08.358 INFO:teuthology.orchestra.run.smithi077.stdout:/usr/bin/ceph: stderr
2024-09-10T09:45:07.511+0000 7f7331600640 1 -- 172.21.15.77:0/1447390984 >> [v2:172.21.15.77:3300/0,v1:172.21.15.77:6789/0] conn(0x7f732c109870 msgr2=0x7f732c109c70 secure :-1 s=STATE_CONNECTION_ESTABLISHED l=1).mark_down
2024-09-10T09:45:08.358 INFO:teuthology.orchestra.run.smithi077.stdout:/usr/bin/ceph: stderr
2024-09-10T09:45:07.511+0000 7f7331600640 1 --2- 172.21.15.77:0/1447390984 >> [v2:172.21.15.77:3300/0,v1:172.21.15.77:6789/0] conn(0x7f732c109870 0x7f732c109c70 secure :-1 s=READY pgs=74 cs=0 l=1 rev1=1 crypto rx=0x7f731c009820 tx=0x7f731c02a270 comp rx=0 tx=0).stop
2024-09-10T09:45:08.358 INFO:teuthology.orchestra.run.smithi077.stdout:/usr/bin/ceph: stderr
2024-09-10T09:45:07.511+0000 7f7331600640 1 -- 172.21.15.77:0/1447390984 shutdown_connections
2024-09-10T09:45:08.358 INFO:teuthology.orchestra.run.smithi077.stdout:/usr/bin/ceph: stderr
2024-09-10T09:45:07.511+0000 7f7331600640 1 --2- 172.21.15.77:0/1447390984 >> [v2:172.21.15.77:3300/0,v1:172.21.15.77:6789/0] conn(0x7f732c109870 0x7f732c109c70 unknown :-1 s=CLOSED pgs=74 cs=0 l=1 rev1=1 crypto rx=0 tx=0 comp rx=0 tx=0).stop
2024-09-10T09:45:08.359 INFO:teuthology.orchestra.run.smithi077.stdout:/usr/bin/ceph: stderr
2024-09-10T09:45:07.511+0000 7f7331600640 1 -- 172.21.15.77:0/1447390984 >> 172.21.15.77:0/1447390984 conn(0x7f732c07cdc0 msgr2=0x7f732c07d1d0 unknown :-1 s=STATE_NONE l=0).mark_down
2024-09-10T09:45:08.359 INFO:teuthology.orchestra.run.smithi077.stdout:/usr/bin/ceph: stderr
2024-09-10T09:45:07.511+0000 7f7331600640 1 -- 172.21.15.77:0/1447390984 shutdown_connections
2024-09-10T09:45:08.359 INFO:teuthology.orchestra.run.smithi077.stdout:/usr/bin/ceph: stderr
2024-09-10T09:45:07.511+0000 7f7331600640 1 -- 172.21.15.77:0/1447390984 wait complete.
2024-09-10T09:45:08.359 INFO:teuthology.orchestra.run.smithi077.stdout:/usr/bin/ceph: stderr
2024-09-10T09:45:07.512+0000 7f7331600640 1 Processor -- start
2024-09-10T09:45:08.359 INFO:teuthology.orchestra.run.smithi077.stdout:/usr/bin/ceph: stderr
2024-09-10T09:45:07.512+0000 7f7331600640 1 -- start start
2024-09-10T09:45:08.359 INFO:teuthology.orchestra.run.smithi077.stdout:/usr/bin/ceph: stderr
2024-09-10T09:45:07.512+0000 7f7331600640 1 --2- >> [v2:172.21.15.77:3300/0,v1:172.21.15.77:6789/0] conn(0x7f732c109870 0x7f732c19daa0 unknown :-1 s=NONE pgs=0 cs=0 l=1 rev1=0 crypto rx=0 tx=0 comp rx=0 tx=0).connect
2024-09-10T09:45:08.359 INFO:teuthology.orchestra.run.smithi077.stdout:/usr/bin/ceph: stderr
2024-09-10T09:45:07.512+0000 7f7331600640 1 -- --> [v2:172.21.15.77:3300/0,v1:172.21.15.77:6789/0] -- mon_getmap magic: 0 -- 0x7f732c10dd30 con 0x7f732c109870
2024-09-10T09:45:08.359 INFO:teuthology.orchestra.run.smithi077.stdout:/usr/bin/ceph: stderr
2024-09-10T09:45:07.512+0000 7f732aa00640 1 --2- >> [v2:172.21.15.77:3300/0,v1:172.21.15.77:6789/0] conn(0x7f732c109870 0x7f732c19daa0 unknown :-1 s=BANNER_CONNECTING pgs=0 cs=0 l=1 rev1=0 crypto rx=0 tx=0 comp rx=0 tx=0)._handle_peer_banner_payload supported=3 required=0
2024-09-10T09:45:08.359 INFO:teuthology.orchestra.run.smithi077.stdout:/usr/bin/ceph: stderr
2024-09-10T09:45:07.513+0000 7f732aa00640 1 --2- >> [v2:172.21.15.77:3300/0,v1:172.21.15.77:6789/0] conn(0x7f732c109870 0x7f732c19daa0 unknown :-1 s=HELLO_CONNECTING pgs=0 cs=0 l=1 rev1=1 crypto rx=0 tx=0 comp rx=0 tx=0).handle_hello peer v2:172.21.15.77:3300/0 says I am v2:172.21.15.77:42318/0 (socket says 172.21.15.77:42318)
2024-09-10T09:45:08.359 INFO:teuthology.orchestra.run.smithi077.stdout:/usr/bin/ceph: stderr
2024-09-10T09:45:07.513+0000 7f732aa00640 1 -- 172.21.15.77:0/1016675354 learned_addr learned my addr 172.21.15.77:0/1016675354 (peer_addr_for_me v2:172.21.15.77:0/0)
2024-09-10T09:45:08.359 INFO:teuthology.orchestra.run.smithi077.stdout:/usr/bin/ceph: stderr
2024-09-10T09:45:07.513+0000 7f732aa00640 1 -- 172.21.15.77:0/1016675354 --> [v2:172.21.15.77:3300/0,v1:172.21.15.77:6789/0] -- mon_subscribe({config=0+,monmap=0+}) -- 0x7f732c19dfe0 con 0x7f732c109870
2024-09-10T09:45:08.359 INFO:teuthology.orchestra.run.smithi077.stdout:/usr/bin/ceph: stderr
2024-09-10T09:45:07.513+0000 7f732aa00640 1 --2- 172.21.15.77:0/1016675354 >> [v2:172.21.15.77:3300/0,v1:172.21.15.77:6789/0] conn(0x7f732c109870 0x7f732c19daa0 secure :-1 s=READY pgs=75 cs=0 l=1 rev1=1 crypto rx=0x7f731c0097f0 tx=0x7f731c0327b0 comp rx=0 tx=0).ready entity=mon.0 client_cookie=0 server_cookie=0 in_seq=0 out_seq=0
2024-09-10T09:45:08.360 INFO:teuthology.orchestra.run.smithi077.stdout:/usr/bin/ceph: stderr
2024-09-10T09:45:07.513+0000 7f7323400640 1 -- 172.21.15.77:0/1016675354 <== mon.0 v2:172.21.15.77:3300/0 1 ==== mon_map magic: 0 ==== 205+0+0 (secure 0 0 0) 0x7f731c037040 con 0x7f732c109870
2024-09-10T09:45:08.360 INFO:teuthology.orchestra.run.smithi077.stdout:/usr/bin/ceph: stderr
2024-09-10T09:45:07.513+0000 7f7323400640 1 -- 172.21.15.77:0/1016675354 <== mon.0 v2:172.21.15.77:3300/0 2 ==== config(27 keys) ==== 1140+0+0 (secure 0 0 0) 0x7f731c030cc0 con 0x7f732c109870
2024-09-10T09:45:08.360 INFO:teuthology.orchestra.run.smithi077.stdout:/usr/bin/ceph: stderr
2024-09-10T09:45:07.513+0000 7f7331600640 1 -- 172.21.15.77:0/1016675354 --> [v2:172.21.15.77:3300/0,v1:172.21.15.77:6789/0] -- mon_subscribe({mgrmap=0+}) -- 0x7f732c19e270 con 0x7f732c109870
2024-09-10T09:45:08.360 INFO:teuthology.orchestra.run.smithi077.stdout:/usr/bin/ceph: stderr
2024-09-10T09:45:07.513+0000 7f7323400640 1 -- 172.21.15.77:0/1016675354 <== mon.0 v2:172.21.15.77:3300/0 3 ==== mon_map magic: 0 ==== 205+0+0 (secure 0 0 0) 0x7f731c03a640 con 0x7f732c109870
2024-09-10T09:45:08.360 INFO:teuthology.orchestra.run.smithi077.stdout:/usr/bin/ceph: stderr
2024-09-10T09:45:07.514+0000 7f7331600640 1 -- 172.21.15.77:0/1016675354 --> [v2:172.21.15.77:3300/0,v1:172.21.15.77:6789/0] -- mon_subscribe({osdmap=0}) -- 0x7f732c1a0f60 con 0x7f732c109870
2024-09-10T09:45:08.360 INFO:teuthology.orchestra.run.smithi077.stdout:/usr/bin/ceph: stderr
2024-09-10T09:45:07.515+0000 7f7323400640 1 -- 172.21.15.77:0/1016675354 <== mon.0 v2:172.21.15.77:3300/0 4 ==== mgrmap(e 13) ==== 46343+0+0 (secure 0 0 0) 0x7f731c03b3f0 con 0x7f732c109870
2024-09-10T09:45:08.360 INFO:teuthology.orchestra.run.smithi077.stdout:/usr/bin/ceph: stderr
2024-09-10T09:45:07.515+0000 7f7331600640 1 -- 172.21.15.77:0/1016675354 --> [v2:172.21.15.77:3300/0,v1:172.21.15.77:6789/0] -- mon_command({"prefix": "get_command_descriptions"} v 0) -- 0x7f732c10deb0 con 0x7f732c109870
2024-09-10T09:45:08.360 INFO:teuthology.orchestra.run.smithi077.stdout:/usr/bin/ceph: stderr
2024-09-10T09:45:07.515+0000 7f7323400640 1 --2- 172.21.15.77:0/1016675354 >> [v2:172.21.15.77:6800/4261324650,v1:172.21.15.77:6801/4261324650] conn(0x7f73100390c0 0x7f731003b580 unknown :-1 s=NONE pgs=0 cs=0 l=1 rev1=0 crypto rx=0 tx=0 comp rx=0 tx=0).connect
2024-09-10T09:45:08.360 INFO:teuthology.orchestra.run.smithi077.stdout:/usr/bin/ceph: stderr
2024-09-10T09:45:07.515+0000 7f7323400640 1 -- 172.21.15.77:0/1016675354 <== mon.0 v2:172.21.15.77:3300/0 5 ==== osd_map(3..3 src has 1..3) ==== 1155+0+0 (secure 0 0 0) 0x7f731c06c760 con 0x7f732c109870
2024-09-10T09:45:08.360 INFO:teuthology.orchestra.run.smithi077.stdout:/usr/bin/ceph: stderr
2024-09-10T09:45:07.516+0000 7f732a000640 1 --2- 172.21.15.77:0/1016675354 >> [v2:172.21.15.77:6800/4261324650,v1:172.21.15.77:6801/4261324650] conn(0x7f73100390c0 0x7f731003b580 unknown :-1 s=BANNER_CONNECTING pgs=0 cs=0 l=1 rev1=0 crypto rx=0 tx=0 comp rx=0 tx=0)._handle_peer_banner_payload supported=3 required=0
2024-09-10T09:45:08.360 INFO:teuthology.orchestra.run.smithi077.stdout:/usr/bin/ceph: stderr
2024-09-10T09:45:07.516+0000 7f732a000640 1 --2- 172.21.15.77:0/1016675354 >> [v2:172.21.15.77:6800/4261324650,v1:172.21.15.77:6801/4261324650] conn(0x7f73100390c0 0x7f731003b580 secure :-1 s=READY pgs=10 cs=0 l=1 rev1=1 crypto rx=0x7f73180098c0 tx=0x7f7318006db0 comp rx=0 tx=0).ready entity=mgr.14150 client_cookie=0 server_cookie=0 in_seq=0 out_seq=0
2024-09-10T09:45:08.360 INFO:teuthology.orchestra.run.smithi077.stdout:/usr/bin/ceph: stderr
2024-09-10T09:45:07.520+0000 7f7323400640 1 -- 172.21.15.77:0/1016675354 <== mon.0 v2:172.21.15.77:3300/0 6 ==== mon_command_ack([{"prefix": "get_command_descriptions"}]=0 v0) ==== 72+0+188821 (secure 0 0 0) 0x7f731c041710 con 0x7f732c109870
2024-09-10T09:45:08.361 INFO:teuthology.orchestra.run.smithi077.stdout:/usr/bin/ceph: stderr
2024-09-10T09:45:07.780+0000 7f7331600640 1 -- 172.21.15.77:0/1016675354 --> [v2:172.21.15.77:3300/0,v1:172.21.15.77:6789/0] -- mon_command([{prefix=config-key set, key=mgr/dashboard/cluster/status}] v 0) -- 0x7f732c109cf0 con 0x7f732c109870
2024-09-10T09:45:08.361 INFO:teuthology.orchestra.run.smithi077.stdout:/usr/bin/ceph: stderr
2024-09-10T09:45:07.783+0000 7f7323400640 1 -- 172.21.15.77:0/1016675354 <== mon.0 v2:172.21.15.77:3300/0 7 ==== mon_command_ack([{prefix=config-key set, key=mgr/dashboard/cluster/status}]=0 set mgr/dashboard/cluster/status v28)=0 set mgr/dashboard/cluster/status v28) ==== 153+0+0 (secure 0 0 0) 0x7f731c0328c0 con 0x7f732c109870
2024-09-10T09:45:08.361 INFO:teuthology.orchestra.run.smithi077.stdout:/usr/bin/ceph: stderr set mgr/dashboard/cluster/status
2024-09-10T09:45:08.361 INFO:teuthology.orchestra.run.smithi077.stdout:/usr/bin/ceph: stderr
2024-09-10T09:45:07.785+0000 7f7331600640 1 -- 172.21.15.77:0/1016675354 >> [v2:172.21.15.77:6800/4261324650,v1:172.21.15.77:6801/4261324650] conn(0x7f73100390c0 msgr2=0x7f731003b580 secure :-1 s=STATE_CONNECTION_ESTABLISHED l=1).mark_down
2024-09-10T09:45:08.361 INFO:teuthology.orchestra.run.smithi077.stdout:/usr/bin/ceph: stderr
2024-09-10T09:45:07.785+0000 7f7331600640 1 --2- 172.21.15.77:0/1016675354 >> [v2:172.21.15.77:6800/4261324650,v1:172.21.15.77:6801/4261324650] conn(0x7f73100390c0 0x7f731003b580 secure :-1 s=READY pgs=10 cs=0 l=1 rev1=1 crypto rx=0x7f73180098c0 tx=0x7f7318006db0 comp rx=0 tx=0).stop
2024-09-10T09:45:08.361 INFO:teuthology.orchestra.run.smithi077.stdout:/usr/bin/ceph: stderr
2024-09-10T09:45:07.785+0000 7f7331600640 1 -- 172.21.15.77:0/1016675354 >> [v2:172.21.15.77:3300/0,v1:172.21.15.77:6789/0] conn(0x7f732c109870 msgr2=0x7f732c19daa0 secure :-1 s=STATE_CONNECTION_ESTABLISHED l=1).mark_down
2024-09-10T09:45:08.361 INFO:teuthology.orchestra.run.smithi077.stdout:/usr/bin/ceph: stderr
2024-09-10T09:45:07.785+0000 7f7331600640 1 --2- 172.21.15.77:0/1016675354 >> [v2:172.21.15.77:3300/0,v1:172.21.15.77:6789/0] conn(0x7f732c109870 0x7f732c19daa0 secure :-1 s=READY pgs=75 cs=0 l=1 rev1=1 crypto rx=0x7f731c0097f0 tx=0x7f731c0327b0 comp rx=0 tx=0).stop
2024-09-10T09:45:08.361 INFO:teuthology.orchestra.run.smithi077.stdout:/usr/bin/ceph: stderr
2024-09-10T09:45:07.785+0000 7f7331600640 1 -- 172.21.15.77:0/1016675354 shutdown_connections
2024-09-10T09:45:08.361 INFO:teuthology.orchestra.run.smithi077.stdout:/usr/bin/ceph: stderr
2024-09-10T09:45:07.785+0000 7f7331600640 1 --2- 172.21.15.77:0/1016675354 >> [v2:172.21.15.77:6800/4261324650,v1:172.21.15.77:6801/4261324650] conn(0x7f73100390c0 0x7f731003b580 unknown :-1 s=CLOSED pgs=10 cs=0 l=1 rev1=1 crypto rx=0 tx=0 comp rx=0 tx=0).stop
2024-09-10T09:45:08.361 INFO:teuthology.orchestra.run.smithi077.stdout:/usr/bin/ceph: stderr
2024-09-10T09:45:07.785+0000 7f7331600640 1 --2- 172.21.15.77:0/1016675354 >> [v2:172.21.15.77:3300/0,v1:172.21.15.77:6789/0] conn(0x7f732c109870 0x7f732c19daa0 unknown :-1 s=CLOSED pgs=75 cs=0 l=1 rev1=1 crypto rx=0 tx=0 comp rx=0 tx=0).stop
2024-09-10T09:45:08.361 INFO:teuthology.orchestra.run.smithi077.stdout:/usr/bin/ceph: stderr
2024-09-10T09:45:07.785+0000 7f7331600640 1 -- 172.21.15.77:0/1016675354 >> 172.21.15.77:0/1016675354 conn(0x7f732c07cdc0 msgr2=0x7f732c107650 unknown :-1 s=STATE_NONE l=0).mark_down
2024-09-10T09:45:08.361 INFO:teuthology.orchestra.run.smithi077.stdout:/usr/bin/ceph: stderr
2024-09-10T09:45:07.786+0000 7f7331600640 1 -- 172.21.15.77:0/1016675354 shutdown_connections
2024-09-10T09:45:08.362 INFO:teuthology.orchestra.run.smithi077.stdout:/usr/bin/ceph: stderr
2024-09-10T09:45:07.786+0000 7f7331600640 1 -- 172.21.15.77:0/1016675354 wait complete.
2024-09-10T09:45:08.362 INFO:teuthology.orchestra.run.smithi077.stdout:You can access the Ceph CLI as following in case of multi-cluster or non-default config:
2024-09-10T09:45:08.362 INFO:teuthology.orchestra.run.smithi077.stdout:
2024-09-10T09:45:08.362 INFO:teuthology.orchestra.run.smithi077.stdout: sudo /home/ubuntu/cephtest/cephadm shell --fsid 14a55226-6f59-11ef-bcea-c7b262605968 -c /etc/ceph/ceph.conf -k /etc/ceph/ceph.client.admin.keyring
2024-09-10T09:45:08.362 INFO:teuthology.orchestra.run.smithi077.stdout:
2024-09-10T09:45:08.362 INFO:teuthology.orchestra.run.smithi077.stdout:Or, if you are only running a single cluster on this host:
2024-09-10T09:45:08.362 INFO:teuthology.orchestra.run.smithi077.stdout:
2024-09-10T09:45:08.362 INFO:teuthology.orchestra.run.smithi077.stdout: sudo /home/ubuntu/cephtest/cephadm shell
2024-09-10T09:45:08.362 INFO:teuthology.orchestra.run.smithi077.stdout:
2024-09-10T09:45:08.362 INFO:teuthology.orchestra.run.smithi077.stdout:Please consider enabling telemetry to help improve Ceph:
2024-09-10T09:45:08.362 INFO:teuthology.orchestra.run.smithi077.stdout:
2024-09-10T09:45:08.362 INFO:teuthology.orchestra.run.smithi077.stdout: ceph telemetry on
2024-09-10T09:45:08.363 INFO:teuthology.orchestra.run.smithi077.stdout:
2024-09-10T09:45:08.363 INFO:teuthology.orchestra.run.smithi077.stdout:For more information see:
2024-09-10T09:45:08.363 INFO:teuthology.orchestra.run.smithi077.stdout:
2024-09-10T09:45:08.363 INFO:teuthology.orchestra.run.smithi077.stdout: https://docs.ceph.com/en/latest/mgr/telemetry/
2024-09-10T09:45:08.363 INFO:teuthology.orchestra.run.smithi077.stdout:
2024-09-10T09:45:08.363 INFO:teuthology.orchestra.run.smithi077.stdout:Bootstrap complete.
2024-09-10T09:45:08.412 INFO:tasks.cephadm:Fetching config...
2024-09-10T09:45:08.412 DEBUG:teuthology.orchestra.run.smithi077:> set -ex
2024-09-10T09:45:08.412 DEBUG:teuthology.orchestra.run.smithi077:> dd if=/etc/ceph/ceph.conf of=/dev/stdout
2024-09-10T09:45:08.448 INFO:tasks.cephadm:Fetching client.admin keyring...
2024-09-10T09:45:08.449 DEBUG:teuthology.orchestra.run.smithi077:> set -ex
2024-09-10T09:45:08.449 DEBUG:teuthology.orchestra.run.smithi077:> dd if=/etc/ceph/ceph.client.admin.keyring of=/dev/stdout
2024-09-10T09:45:08.525 INFO:tasks.cephadm:Fetching mon keyring...
2024-09-10T09:45:08.526 DEBUG:teuthology.orchestra.run.smithi077:> set -ex
2024-09-10T09:45:08.526 DEBUG:teuthology.orchestra.run.smithi077:> sudo dd if=/var/lib/ceph/14a55226-6f59-11ef-bcea-c7b262605968/mon.a/keyring of=/dev/stdout
2024-09-10T09:45:08.621 INFO:tasks.cephadm:Fetching pub ssh key...
2024-09-10T09:45:08.622 DEBUG:teuthology.orchestra.run.smithi077:> set -ex
2024-09-10T09:45:08.622 DEBUG:teuthology.orchestra.run.smithi077:> dd if=/home/ubuntu/cephtest/ceph.pub of=/dev/stdout
2024-09-10T09:45:08.697 INFO:tasks.cephadm:Installing pub ssh key for root users...
2024-09-10T09:45:08.697 DEBUG:teuthology.orchestra.run.smithi077:> sudo install -d -m 0700 /root/.ssh && echo 'ssh-rsa AAAAB3NzaC1yc2EAAAADAQABAAABgQC17JjvNomGaHPZ1jKXRB2sCB5Kys7lr8ABNRYFrod4XZYGMm19CmJnRMLzWEHCkFO3CJZPB7JZfzZjZa5Aqh4vigtIl1Fh5jc92/MCRkmc6QpEi6if4zWdCIHXMJlcTq3XrtB0Beeb7J+9JGN+iRQzKbW4hFOtxJjmvgVNfjZfq/vS9V8XFHRFYeRu6BOKSGYOeBYeJjGkAzDO2aOxhq0dNiWT+0IxMeSPlWWZPo6x5WQ/HufAx1vTMaeGuCE88hBio2a+zua8bfYqVEJwzHszQlvmid7yhVPVCpLpWu11X2LDHlIobHCIp4c0oyVdrN5PqxbnWvMWXir6PXAQX9zoIR9wZpLDDmxbwusQ44oSrfAu8nn5qQ7PnATMnVRdKg+Hq0iciiBbtDPmiue4oXQhQm/0FiHXwTmcQeSrR2TKQ0hN5vFCvVWKsUbRdT0oRl/704wDTTqKSk/N0Uf5ukHMOW9jhpS4xoNYpF5nF/qZOmH+o6N3rHQCkk+fyp82odk= ceph-14a55226-6f59-11ef-bcea-c7b262605968' | sudo tee -a /root/.ssh/authorized_keys && sudo chmod 0600 /root/.ssh/authorized_keys
2024-09-10T09:45:08.817 INFO:teuthology.orchestra.run.smithi077.stdout:ssh-rsa AAAAB3NzaC1yc2EAAAADAQABAAABgQC17JjvNomGaHPZ1jKXRB2sCB5Kys7lr8ABNRYFrod4XZYGMm19CmJnRMLzWEHCkFO3CJZPB7JZfzZjZa5Aqh4vigtIl1Fh5jc92/MCRkmc6QpEi6if4zWdCIHXMJlcTq3XrtB0Beeb7J+9JGN+iRQzKbW4hFOtxJjmvgVNfjZfq/vS9V8XFHRFYeRu6BOKSGYOeBYeJjGkAzDO2aOxhq0dNiWT+0IxMeSPlWWZPo6x5WQ/HufAx1vTMaeGuCE88hBio2a+zua8bfYqVEJwzHszQlvmid7yhVPVCpLpWu11X2LDHlIobHCIp4c0oyVdrN5PqxbnWvMWXir6PXAQX9zoIR9wZpLDDmxbwusQ44oSrfAu8nn5qQ7PnATMnVRdKg+Hq0iciiBbtDPmiue4oXQhQm/0FiHXwTmcQeSrR2TKQ0hN5vFCvVWKsUbRdT0oRl/704wDTTqKSk/N0Uf5ukHMOW9jhpS4xoNYpF5nF/qZOmH+o6N3rHQCkk+fyp82odk= ceph-14a55226-6f59-11ef-bcea-c7b262605968
2024-09-10T09:45:08.842 DEBUG:teuthology.orchestra.run.smithi120:> sudo install -d -m 0700 /root/.ssh && echo 'ssh-rsa AAAAB3NzaC1yc2EAAAADAQABAAABgQC17JjvNomGaHPZ1jKXRB2sCB5Kys7lr8ABNRYFrod4XZYGMm19CmJnRMLzWEHCkFO3CJZPB7JZfzZjZa5Aqh4vigtIl1Fh5jc92/MCRkmc6QpEi6if4zWdCIHXMJlcTq3XrtB0Beeb7J+9JGN+iRQzKbW4hFOtxJjmvgVNfjZfq/vS9V8XFHRFYeRu6BOKSGYOeBYeJjGkAzDO2aOxhq0dNiWT+0IxMeSPlWWZPo6x5WQ/HufAx1vTMaeGuCE88hBio2a+zua8bfYqVEJwzHszQlvmid7yhVPVCpLpWu11X2LDHlIobHCIp4c0oyVdrN5PqxbnWvMWXir6PXAQX9zoIR9wZpLDDmxbwusQ44oSrfAu8nn5qQ7PnATMnVRdKg+Hq0iciiBbtDPmiue4oXQhQm/0FiHXwTmcQeSrR2TKQ0hN5vFCvVWKsUbRdT0oRl/704wDTTqKSk/N0Uf5ukHMOW9jhpS4xoNYpF5nF/qZOmH+o6N3rHQCkk+fyp82odk= ceph-14a55226-6f59-11ef-bcea-c7b262605968' | sudo tee -a /root/.ssh/authorized_keys && sudo chmod 0600 /root/.ssh/authorized_keys
2024-09-10T09:45:08.883 INFO:teuthology.orchestra.run.smithi120.stdout:ssh-rsa AAAAB3NzaC1yc2EAAAADAQABAAABgQC17JjvNomGaHPZ1jKXRB2sCB5Kys7lr8ABNRYFrod4XZYGMm19CmJnRMLzWEHCkFO3CJZPB7JZfzZjZa5Aqh4vigtIl1Fh5jc92/MCRkmc6QpEi6if4zWdCIHXMJlcTq3XrtB0Beeb7J+9JGN+iRQzKbW4hFOtxJjmvgVNfjZfq/vS9V8XFHRFYeRu6BOKSGYOeBYeJjGkAzDO2aOxhq0dNiWT+0IxMeSPlWWZPo6x5WQ/HufAx1vTMaeGuCE88hBio2a+zua8bfYqVEJwzHszQlvmid7yhVPVCpLpWu11X2LDHlIobHCIp4c0oyVdrN5PqxbnWvMWXir6PXAQX9zoIR9wZpLDDmxbwusQ44oSrfAu8nn5qQ7PnATMnVRdKg+Hq0iciiBbtDPmiue4oXQhQm/0FiHXwTmcQeSrR2TKQ0hN5vFCvVWKsUbRdT0oRl/704wDTTqKSk/N0Uf5ukHMOW9jhpS4xoNYpF5nF/qZOmH+o6N3rHQCkk+fyp82odk= ceph-14a55226-6f59-11ef-bcea-c7b262605968
2024-09-10T09:45:08.891 INFO:journalctl@ceph.mon.a.smithi077.stdout:Sep 10 09:45:08 smithi077 ceph-mon[30319]: from='client.? 172.21.15.77:0/1016675354' entity='client.admin'
2024-09-10T09:45:08.896 DEBUG:teuthology.orchestra.run.smithi134:> sudo install -d -m 0700 /root/.ssh && echo 'ssh-rsa AAAAB3NzaC1yc2EAAAADAQABAAABgQC17JjvNomGaHPZ1jKXRB2sCB5Kys7lr8ABNRYFrod4XZYGMm19CmJnRMLzWEHCkFO3CJZPB7JZfzZjZa5Aqh4vigtIl1Fh5jc92/MCRkmc6QpEi6if4zWdCIHXMJlcTq3XrtB0Beeb7J+9JGN+iRQzKbW4hFOtxJjmvgVNfjZfq/vS9V8XFHRFYeRu6BOKSGYOeBYeJjGkAzDO2aOxhq0dNiWT+0IxMeSPlWWZPo6x5WQ/HufAx1vTMaeGuCE88hBio2a+zua8bfYqVEJwzHszQlvmid7yhVPVCpLpWu11X2LDHlIobHCIp4c0oyVdrN5PqxbnWvMWXir6PXAQX9zoIR9wZpLDDmxbwusQ44oSrfAu8nn5qQ7PnATMnVRdKg+Hq0iciiBbtDPmiue4oXQhQm/0FiHXwTmcQeSrR2TKQ0hN5vFCvVWKsUbRdT0oRl/704wDTTqKSk/N0Uf5ukHMOW9jhpS4xoNYpF5nF/qZOmH+o6N3rHQCkk+fyp82odk= ceph-14a55226-6f59-11ef-bcea-c7b262605968' | sudo tee -a /root/.ssh/authorized_keys && sudo chmod 0600 /root/.ssh/authorized_keys
2024-09-10T09:45:08.939 INFO:teuthology.orchestra.run.smithi134.stdout:ssh-rsa AAAAB3NzaC1yc2EAAAADAQABAAABgQC17JjvNomGaHPZ1jKXRB2sCB5Kys7lr8ABNRYFrod4XZYGMm19CmJnRMLzWEHCkFO3CJZPB7JZfzZjZa5Aqh4vigtIl1Fh5jc92/MCRkmc6QpEi6if4zWdCIHXMJlcTq3XrtB0Beeb7J+9JGN+iRQzKbW4hFOtxJjmvgVNfjZfq/vS9V8XFHRFYeRu6BOKSGYOeBYeJjGkAzDO2aOxhq0dNiWT+0IxMeSPlWWZPo6x5WQ/HufAx1vTMaeGuCE88hBio2a+zua8bfYqVEJwzHszQlvmid7yhVPVCpLpWu11X2LDHlIobHCIp4c0oyVdrN5PqxbnWvMWXir6PXAQX9zoIR9wZpLDDmxbwusQ44oSrfAu8nn5qQ7PnATMnVRdKg+Hq0iciiBbtDPmiue4oXQhQm/0FiHXwTmcQeSrR2TKQ0hN5vFCvVWKsUbRdT0oRl/704wDTTqKSk/N0Uf5ukHMOW9jhpS4xoNYpF5nF/qZOmH+o6N3rHQCkk+fyp82odk= ceph-14a55226-6f59-11ef-bcea-c7b262605968
2024-09-10T09:45:08.951 DEBUG:teuthology.orchestra.run.smithi077:> sudo /home/ubuntu/cephtest/cephadm --image quay-quay-quay.apps.os.sepia.ceph.com/ceph-ci/ceph:1cf819b7212a6048e92fc78c4eff963344f6d56b shell -c /etc/ceph/ceph.conf -k /etc/ceph/ceph.client.admin.keyring --fsid 14a55226-6f59-11ef-bcea-c7b262605968 -- ceph config set mgr mgr/cephadm/allow_ptrace true
2024-09-10T09:45:09.314 INFO:teuthology.orchestra.run.smithi077.stderr:Inferring config /var/lib/ceph/14a55226-6f59-11ef-bcea-c7b262605968/mon.a/config
2024-09-10T09:45:09.878 INFO:teuthology.orchestra.run.smithi077.stderr:2024-09-10T09:45:09.877+0000 7fdcaa200640 1 -- 172.21.15.77:0/335948144 >> [v2:172.21.15.77:3300/0,v1:172.21.15.77:6789/0] conn(0x7fdca41037f0 msgr2=0x7fdca4103bf0 secure :-1 s=STATE_CONNECTION_ESTABLISHED l=1).mark_down
2024-09-10T09:45:09.879 INFO:teuthology.orchestra.run.smithi077.stderr:2024-09-10T09:45:09.877+0000 7fdcaa200640 1 --2- 172.21.15.77:0/335948144 >> [v2:172.21.15.77:3300/0,v1:172.21.15.77:6789/0] conn(0x7fdca41037f0 0x7fdca4103bf0 secure :-1 s=READY pgs=76 cs=0 l=1 rev1=1 crypto rx=0x7fdc94009880 tx=0x7fdc9402a5d0 comp rx=0 tx=0).stop
2024-09-10T09:45:09.879 INFO:teuthology.orchestra.run.smithi077.stderr:2024-09-10T09:45:09.877+0000 7fdcaa200640 1 -- 172.21.15.77:0/335948144 shutdown_connections
2024-09-10T09:45:09.879 INFO:teuthology.orchestra.run.smithi077.stderr:2024-09-10T09:45:09.877+0000 7fdcaa200640 1 --2- 172.21.15.77:0/335948144 >> [v2:172.21.15.77:3300/0,v1:172.21.15.77:6789/0] conn(0x7fdca41037f0 0x7fdca4103bf0 unknown :-1 s=CLOSED pgs=76 cs=0 l=1 rev1=1 crypto rx=0 tx=0 comp rx=0 tx=0).stop
2024-09-10T09:45:09.879 INFO:teuthology.orchestra.run.smithi077.stderr:2024-09-10T09:45:09.877+0000 7fdcaa200640 1 -- 172.21.15.77:0/335948144 >> 172.21.15.77:0/335948144 conn(0x7fdca40fefc0 msgr2=0x7fdca4101400 unknown :-1 s=STATE_NONE l=0).mark_down
2024-09-10T09:45:09.879 INFO:teuthology.orchestra.run.smithi077.stderr:2024-09-10T09:45:09.877+0000 7fdcaa200640 1 -- 172.21.15.77:0/335948144 shutdown_connections
2024-09-10T09:45:09.879 INFO:teuthology.orchestra.run.smithi077.stderr:2024-09-10T09:45:09.877+0000 7fdcaa200640 1 -- 172.21.15.77:0/335948144 wait complete.
2024-09-10T09:45:09.880 INFO:teuthology.orchestra.run.smithi077.stderr:2024-09-10T09:45:09.879+0000 7fdcaa200640 1 Processor -- start
2024-09-10T09:45:09.880 INFO:teuthology.orchestra.run.smithi077.stderr:2024-09-10T09:45:09.879+0000 7fdcaa200640 1 -- start start
2024-09-10T09:45:09.880 INFO:teuthology.orchestra.run.smithi077.stderr:2024-09-10T09:45:09.879+0000 7fdcaa200640 1 --2- >> [v2:172.21.15.77:3300/0,v1:172.21.15.77:6789/0] conn(0x7fdca41037f0 0x7fdca4198f30 unknown :-1 s=NONE pgs=0 cs=0 l=1 rev1=0 crypto rx=0 tx=0 comp rx=0 tx=0).connect
2024-09-10T09:45:09.880 INFO:teuthology.orchestra.run.smithi077.stderr:2024-09-10T09:45:09.879+0000 7fdcaa200640 1 -- --> [v2:172.21.15.77:3300/0,v1:172.21.15.77:6789/0] -- mon_getmap magic: 0 -- 0x7fdca4109900 con 0x7fdca41037f0
2024-09-10T09:45:09.881 INFO:teuthology.orchestra.run.smithi077.stderr:2024-09-10T09:45:09.879+0000 7fdca3400640 1 --2- >> [v2:172.21.15.77:3300/0,v1:172.21.15.77:6789/0] conn(0x7fdca41037f0 0x7fdca4198f30 unknown :-1 s=BANNER_CONNECTING pgs=0 cs=0 l=1 rev1=0 crypto rx=0 tx=0 comp rx=0 tx=0)._handle_peer_banner_payload supported=3 required=0
