2024-09-10T09:44:56.393+0000 7f3e07e00640 1 --2- 172.21.15.77:0/3324877584 >> [v2:172.21.15.77:3300/0,v1:172.21.15.77:6789/0] conn(0x7f3e081097e0 0x7f3e08109be0 secure :-1 s=READY pgs=59 cs=0 l=1 rev1=1 crypto rx=0x7f3df8009820 tx=0x7f3df802a270 comp rx=0 tx=0).ready entity=mon.0 client_cookie=4f46895202a9ff9e server_cookie=0 in_seq=0 out_seq=0
2024-09-10T09:45:01.827 INFO:teuthology.orchestra.run.smithi077.stdout:/usr/bin/ceph: stderr
2024-09-10T09:44:56.393+0000 7f3e06a00640 1 -- 172.21.15.77:0/3324877584 <== mon.0 v2:172.21.15.77:3300/0 1 ==== mon_map magic: 0 ==== 205+0+0 (secure 0 0 0) 0x7f3df8037070 con 0x7f3e081097e0
2024-09-10T09:45:01.827 INFO:teuthology.orchestra.run.smithi077.stdout:/usr/bin/ceph: stderr
2024-09-10T09:44:56.393+0000 7f3e06a00640 1 -- 172.21.15.77:0/3324877584 <== mon.0 v2:172.21.15.77:3300/0 2 ==== config(27 keys) ==== 1140+0+0 (secure 0 0 0) 0x7f3df8032920 con 0x7f3e081097e0
2024-09-10T09:45:01.827 INFO:teuthology.orchestra.run.smithi077.stdout:/usr/bin/ceph: stderr
2024-09-10T09:44:56.393+0000 7f3e06a00640 1 -- 172.21.15.77:0/3324877584 <== mon.0 v2:172.21.15.77:3300/0 3 ==== mon_map magic: 0 ==== 205+0+0 (secure 0 0 0) 0x7f3df8030810 con 0x7f3e081097e0
2024-09-10T09:45:01.827 INFO:teuthology.orchestra.run.smithi077.stdout:/usr/bin/ceph: stderr
2024-09-10T09:44:56.394+0000 7f3e0f200640 1 -- 172.21.15.77:0/3324877584 >> [v2:172.21.15.77:3300/0,v1:172.21.15.77:6789/0] conn(0x7f3e081097e0 msgr2=0x7f3e08109be0 secure :-1 s=STATE_CONNECTION_ESTABLISHED l=1).mark_down
2024-09-10T09:45:01.827 INFO:teuthology.orchestra.run.smithi077.stdout:/usr/bin/ceph: stderr
2024-09-10T09:44:56.394+0000 7f3e0f200640 1 --2- 172.21.15.77:0/3324877584 >> [v2:172.21.15.77:3300/0,v1:172.21.15.77:6789/0] conn(0x7f3e081097e0 0x7f3e08109be0 secure :-1 s=READY pgs=59 cs=0 l=1 rev1=1 crypto rx=0x7f3df8009820 tx=0x7f3df802a270 comp rx=0 tx=0).stop
2024-09-10T09:45:01.827 INFO:teuthology.orchestra.run.smithi077.stdout:/usr/bin/ceph: stderr
2024-09-10T09:44:56.394+0000 7f3e0f200640 1 -- 172.21.15.77:0/3324877584 shutdown_connections
2024-09-10T09:45:01.827 INFO:teuthology.orchestra.run.smithi077.stdout:/usr/bin/ceph: stderr
2024-09-10T09:44:56.394+0000 7f3e0f200640 1 --2- 172.21.15.77:0/3324877584 >> [v2:172.21.15.77:3300/0,v1:172.21.15.77:6789/0] conn(0x7f3e081097e0 0x7f3e08109be0 unknown :-1 s=CLOSED pgs=59 cs=0 l=1 rev1=1 crypto rx=0 tx=0 comp rx=0 tx=0).stop
2024-09-10T09:45:01.827 INFO:teuthology.orchestra.run.smithi077.stdout:/usr/bin/ceph: stderr
2024-09-10T09:44:56.394+0000 7f3e0f200640 1 -- 172.21.15.77:0/3324877584 >> 172.21.15.77:0/3324877584 conn(0x7f3e0807cd30 msgr2=0x7f3e0807d160 unknown :-1 s=STATE_NONE l=0).mark_down
2024-09-10T09:45:01.828 INFO:teuthology.orchestra.run.smithi077.stdout:/usr/bin/ceph: stderr
2024-09-10T09:44:56.394+0000 7f3e0f200640 1 -- 172.21.15.77:0/3324877584 shutdown_connections
2024-09-10T09:45:01.828 INFO:teuthology.orchestra.run.smithi077.stdout:/usr/bin/ceph: stderr
2024-09-10T09:44:56.394+0000 7f3e0f200640 1 -- 172.21.15.77:0/3324877584 wait complete.
2024-09-10T09:45:01.828 INFO:teuthology.orchestra.run.smithi077.stdout:/usr/bin/ceph: stderr
2024-09-10T09:44:56.395+0000 7f3e0f200640 1 Processor -- start
2024-09-10T09:45:01.828 INFO:teuthology.orchestra.run.smithi077.stdout:/usr/bin/ceph: stderr
2024-09-10T09:44:56.395+0000 7f3e0f200640 1 -- start start
2024-09-10T09:45:01.828 INFO:teuthology.orchestra.run.smithi077.stdout:/usr/bin/ceph: stderr
2024-09-10T09:44:56.396+0000 7f3e0f200640 1 --2- >> [v2:172.21.15.77:3300/0,v1:172.21.15.77:6789/0] conn(0x7f3e081097e0 0x7f3e0819dab0 unknown :-1 s=NONE pgs=0 cs=0 l=1 rev1=0 crypto rx=0 tx=0 comp rx=0 tx=0).connect
2024-09-10T09:45:01.828 INFO:teuthology.orchestra.run.smithi077.stdout:/usr/bin/ceph: stderr
2024-09-10T09:44:56.396+0000 7f3e0f200640 1 -- --> [v2:172.21.15.77:3300/0,v1:172.21.15.77:6789/0] -- mon_getmap magic: 0 -- 0x7f3e0810dd30 con 0x7f3e081097e0
2024-09-10T09:45:01.828 INFO:teuthology.orchestra.run.smithi077.stdout:/usr/bin/ceph: stderr
2024-09-10T09:44:56.396+0000 7f3e07e00640 1 --2- >> [v2:172.21.15.77:3300/0,v1:172.21.15.77:6789/0] conn(0x7f3e081097e0 0x7f3e0819dab0 unknown :-1 s=BANNER_CONNECTING pgs=0 cs=0 l=1 rev1=0 crypto rx=0 tx=0 comp rx=0 tx=0)._handle_peer_banner_payload supported=3 required=0
2024-09-10T09:45:01.828 INFO:teuthology.orchestra.run.smithi077.stdout:/usr/bin/ceph: stderr
2024-09-10T09:44:56.396+0000 7f3e07e00640 1 --2- >> [v2:172.21.15.77:3300/0,v1:172.21.15.77:6789/0] conn(0x7f3e081097e0 0x7f3e0819dab0 unknown :-1 s=HELLO_CONNECTING pgs=0 cs=0 l=1 rev1=1 crypto rx=0 tx=0 comp rx=0 tx=0).handle_hello peer v2:172.21.15.77:3300/0 says I am v2:172.21.15.77:57364/0 (socket says 172.21.15.77:57364)
2024-09-10T09:45:01.828 INFO:teuthology.orchestra.run.smithi077.stdout:/usr/bin/ceph: stderr
2024-09-10T09:44:56.396+0000 7f3e07e00640 1 -- 172.21.15.77:0/2351370826 learned_addr learned my addr 172.21.15.77:0/2351370826 (peer_addr_for_me v2:172.21.15.77:0/0)
2024-09-10T09:45:01.828 INFO:teuthology.orchestra.run.smithi077.stdout:/usr/bin/ceph: stderr
2024-09-10T09:44:56.396+0000 7f3e07e00640 1 -- 172.21.15.77:0/2351370826 --> [v2:172.21.15.77:3300/0,v1:172.21.15.77:6789/0] -- mon_subscribe({config=0+,monmap=0+}) -- 0x7f3e0819dff0 con 0x7f3e081097e0
2024-09-10T09:45:01.828 INFO:teuthology.orchestra.run.smithi077.stdout:/usr/bin/ceph: stderr
2024-09-10T09:44:56.396+0000 7f3e07e00640 1 --2- 172.21.15.77:0/2351370826 >> [v2:172.21.15.77:3300/0,v1:172.21.15.77:6789/0] conn(0x7f3e081097e0 0x7f3e0819dab0 secure :-1 s=READY pgs=60 cs=0 l=1 rev1=1 crypto rx=0x7f3df80097f0 tx=0x7f3df80327b0 comp rx=0 tx=0).ready entity=mon.0 client_cookie=0 server_cookie=0 in_seq=0 out_seq=0
2024-09-10T09:45:01.829 INFO:teuthology.orchestra.run.smithi077.stdout:/usr/bin/ceph: stderr
2024-09-10T09:44:56.397+0000 7f3e04c00640 1 -- 172.21.15.77:0/2351370826 <== mon.0 v2:172.21.15.77:3300/0 1 ==== mon_map magic: 0 ==== 205+0+0 (secure 0 0 0) 0x7f3df8037040 con 0x7f3e081097e0
2024-09-10T09:45:01.829 INFO:teuthology.orchestra.run.smithi077.stdout:/usr/bin/ceph: stderr
2024-09-10T09:44:56.397+0000 7f3e04c00640 1 -- 172.21.15.77:0/2351370826 <== mon.0 v2:172.21.15.77:3300/0 2 ==== config(27 keys) ==== 1140+0+0 (secure 0 0 0) 0x7f3df8030cc0 con 0x7f3e081097e0
2024-09-10T09:45:01.829 INFO:teuthology.orchestra.run.smithi077.stdout:/usr/bin/ceph: stderr
2024-09-10T09:44:56.397+0000 7f3e04c00640 1 -- 172.21.15.77:0/2351370826 <== mon.0 v2:172.21.15.77:3300/0 3 ==== mon_map magic: 0 ==== 205+0+0 (secure 0 0 0) 0x7f3df803a640 con 0x7f3e081097e0
2024-09-10T09:45:01.829 INFO:teuthology.orchestra.run.smithi077.stdout:/usr/bin/ceph: stderr
2024-09-10T09:44:56.397+0000 7f3e0f200640 1 -- 172.21.15.77:0/2351370826 --> [v2:172.21.15.77:3300/0,v1:172.21.15.77:6789/0] -- mon_subscribe({mgrmap=0+}) -- 0x7f3e0819e280 con 0x7f3e081097e0
2024-09-10T09:45:01.829 INFO:teuthology.orchestra.run.smithi077.stdout:/usr/bin/ceph: stderr
2024-09-10T09:44:56.397+0000 7f3e0f200640 1 -- 172.21.15.77:0/2351370826 --> [v2:172.21.15.77:3300/0,v1:172.21.15.77:6789/0] -- mon_subscribe({osdmap=0}) -- 0x7f3e081a0f70 con 0x7f3e081097e0
2024-09-10T09:45:01.829 INFO:teuthology.orchestra.run.smithi077.stdout:/usr/bin/ceph: stderr
2024-09-10T09:44:56.398+0000 7f3e04c00640 1 -- 172.21.15.77:0/2351370826 <== mon.0 v2:172.21.15.77:3300/0 4 ==== mgrmap(e 9) ==== 46300+0+0 (secure 0 0 0) 0x7f3df803b3f0 con 0x7f3e081097e0
2024-09-10T09:45:01.829 INFO:teuthology.orchestra.run.smithi077.stdout:/usr/bin/ceph: stderr
2024-09-10T09:44:56.398+0000 7f3e04c00640 1 --2- 172.21.15.77:0/2351370826 >> [v2:172.21.15.77:6800/1527070442,v1:172.21.15.77:6801/1527070442] conn(0x7f3dec039020 0x7f3dec03b4e0 unknown :-1 s=NONE pgs=0 cs=0 l=1 rev1=0 crypto rx=0 tx=0 comp rx=0 tx=0).connect
2024-09-10T09:45:01.829 INFO:teuthology.orchestra.run.smithi077.stdout:/usr/bin/ceph: stderr
2024-09-10T09:44:56.398+0000 7f3e04c00640 1 -- 172.21.15.77:0/2351370826 --> [v2:172.21.15.77:6800/1527070442,v1:172.21.15.77:6801/1527070442] -- command(tid 0: {"prefix": "get_command_descriptions"}) -- 0x7f3dec03bbf0 con 0x7f3dec039020
2024-09-10T09:45:01.829 INFO:teuthology.orchestra.run.smithi077.stdout:/usr/bin/ceph: stderr
2024-09-10T09:44:56.398+0000 7f3e04c00640 1 -- 172.21.15.77:0/2351370826 <== mon.0 v2:172.21.15.77:3300/0 5 ==== osd_map(2..2 src has 1..2) ==== 940+0+0 (secure 0 0 0) 0x7f3df806c5c0 con 0x7f3e081097e0
2024-09-10T09:45:01.829 INFO:teuthology.orchestra.run.smithi077.stdout:/usr/bin/ceph: stderr
2024-09-10T09:44:56.399+0000 7f3e07400640 1 -- 172.21.15.77:0/2351370826 >> [v2:172.21.15.77:6800/1527070442,v1:172.21.15.77:6801/1527070442] conn(0x7f3dec039020 msgr2=0x7f3dec03b4e0 unknown :-1 s=STATE_CONNECTING_RE l=1).process reconnect failed to v2:172.21.15.77:6800/1527070442
2024-09-10T09:45:01.829 INFO:teuthology.orchestra.run.smithi077.stdout:/usr/bin/ceph: stderr
2024-09-10T09:44:56.399+0000 7f3e07400640 1 --2- 172.21.15.77:0/2351370826 >> [v2:172.21.15.77:6800/1527070442,v1:172.21.15.77:6801/1527070442] conn(0x7f3dec039020 0x7f3dec03b4e0 unknown :-1 s=START_CONNECT pgs=0 cs=0 l=1 rev1=0 crypto rx=0 tx=0 comp rx=0 tx=0)._fault waiting 0.200000
2024-09-10T09:45:01.829 INFO:teuthology.orchestra.run.smithi077.stdout:/usr/bin/ceph: stderr
2024-09-10T09:44:56.600+0000 7f3e07400640 1 -- 172.21.15.77:0/2351370826 >> [v2:172.21.15.77:6800/1527070442,v1:172.21.15.77:6801/1527070442] conn(0x7f3dec039020 msgr2=0x7f3dec03b4e0 unknown :-1 s=STATE_CONNECTING_RE l=1).process reconnect failed to v2:172.21.15.77:6800/1527070442
2024-09-10T09:45:01.830 INFO:teuthology.orchestra.run.smithi077.stdout:/usr/bin/ceph: stderr
2024-09-10T09:44:56.600+0000 7f3e07400640 1 --2- 172.21.15.77:0/2351370826 >> [v2:172.21.15.77:6800/1527070442,v1:172.21.15.77:6801/1527070442] conn(0x7f3dec039020 0x7f3dec03b4e0 unknown :-1 s=START_CONNECT pgs=0 cs=0 l=1 rev1=0 crypto rx=0 tx=0 comp rx=0 tx=0)._fault waiting 0.400000
2024-09-10T09:45:01.830 INFO:teuthology.orchestra.run.smithi077.stdout:/usr/bin/ceph: stderr
2024-09-10T09:44:57.001+0000 7f3e07400640 1 -- 172.21.15.77:0/2351370826 >> [v2:172.21.15.77:6800/1527070442,v1:172.21.15.77:6801/1527070442] conn(0x7f3dec039020 msgr2=0x7f3dec03b4e0 unknown :-1 s=STATE_CONNECTING_RE l=1).process reconnect failed to v2:172.21.15.77:6800/1527070442
2024-09-10T09:45:01.830 INFO:teuthology.orchestra.run.smithi077.stdout:/usr/bin/ceph: stderr
2024-09-10T09:44:57.001+0000 7f3e07400640 1 --2- 172.21.15.77:0/2351370826 >> [v2:172.21.15.77:6800/1527070442,v1:172.21.15.77:6801/1527070442] conn(0x7f3dec039020 0x7f3dec03b4e0 unknown :-1 s=START_CONNECT pgs=0 cs=0 l=1 rev1=0 crypto rx=0 tx=0 comp rx=0 tx=0)._fault waiting 0.800000
2024-09-10T09:45:01.830 INFO:teuthology.orchestra.run.smithi077.stdout:/usr/bin/ceph: stderr
2024-09-10T09:44:57.802+0000 7f3e07400640 1 -- 172.21.15.77:0/2351370826 >> [v2:172.21.15.77:6800/1527070442,v1:172.21.15.77:6801/1527070442] conn(0x7f3dec039020 msgr2=0x7f3dec03b4e0 unknown :-1 s=STATE_CONNECTING_RE l=1).process reconnect failed to v2:172.21.15.77:6800/1527070442
2024-09-10T09:45:01.830 INFO:teuthology.orchestra.run.smithi077.stdout:/usr/bin/ceph: stderr
2024-09-10T09:44:57.802+0000 7f3e07400640 1 --2- 172.21.15.77:0/2351370826 >> [v2:172.21.15.77:6800/1527070442,v1:172.21.15.77:6801/1527070442] conn(0x7f3dec039020 0x7f3dec03b4e0 unknown :-1 s=START_CONNECT pgs=0 cs=0 l=1 rev1=0 crypto rx=0 tx=0 comp rx=0 tx=0)._fault waiting 1.600000
2024-09-10T09:45:01.830 INFO:teuthology.orchestra.run.smithi077.stdout:/usr/bin/ceph: stderr
2024-09-10T09:44:59.403+0000 7f3e07400640 1 -- 172.21.15.77:0/2351370826 >> [v2:172.21.15.77:6800/1527070442,v1:172.21.15.77:6801/1527070442] conn(0x7f3dec039020 msgr2=0x7f3dec03b4e0 unknown :-1 s=STATE_CONNECTING_RE l=1).process reconnect failed to v2:172.21.15.77:6800/1527070442
2024-09-10T09:45:01.830 INFO:teuthology.orchestra.run.smithi077.stdout:/usr/bin/ceph: stderr
2024-09-10T09:44:59.404+0000 7f3e07400640 1 --2- 172.21.15.77:0/2351370826 >> [v2:172.21.15.77:6800/1527070442,v1:172.21.15.77:6801/1527070442] conn(0x7f3dec039020 0x7f3dec03b4e0 unknown :-1 s=START_CONNECT pgs=0 cs=0 l=1 rev1=0 crypto rx=0 tx=0 comp rx=0 tx=0)._fault waiting 3.200000
2024-09-10T09:45:01.830 INFO:teuthology.orchestra.run.smithi077.stdout:/usr/bin/ceph: stderr
2024-09-10T09:44:59.578+0000 7f3e04c00640 1 -- 172.21.15.77:0/2351370826 <== mon.0 v2:172.21.15.77:3300/0 6 ==== mgrmap(e 10) ==== 46067+0+0 (secure 0 0 0) 0x7f3df803a8f0 con 0x7f3e081097e0
2024-09-10T09:45:01.830 INFO:teuthology.orchestra.run.smithi077.stdout:/usr/bin/ceph: stderr
2024-09-10T09:44:59.578+0000 7f3e04c00640 1 -- 172.21.15.77:0/2351370826 >> [v2:172.21.15.77:6800/1527070442,v1:172.21.15.77:6801/1527070442] conn(0x7f3dec039020 msgr2=0x7f3dec03b4e0 unknown :-1 s=STATE_CONNECTING l=1).mark_down
2024-09-10T09:45:01.830 INFO:teuthology.orchestra.run.smithi077.stdout:/usr/bin/ceph: stderr
2024-09-10T09:44:59.578+0000 7f3e04c00640 1 --2- 172.21.15.77:0/2351370826 >> [v2:172.21.15.77:6800/1527070442,v1:172.21.15.77:6801/1527070442] conn(0x7f3dec039020 0x7f3dec03b4e0 unknown :-1 s=START_CONNECT pgs=0 cs=0 l=1 rev1=0 crypto rx=0 tx=0 comp rx=0 tx=0).stop
2024-09-10T09:45:01.830 INFO:teuthology.orchestra.run.smithi077.stdout:/usr/bin/ceph: stderr
2024-09-10T09:45:00.580+0000 7f3e04c00640 1 -- 172.21.15.77:0/2351370826 <== mon.0 v2:172.21.15.77:3300/0 7 ==== mgrmap(e 11) ==== 46194+0+0 (secure 0 0 0) 0x7f3df806e8d0 con 0x7f3e081097e0
2024-09-10T09:45:01.831 INFO:teuthology.orchestra.run.smithi077.stdout:/usr/bin/ceph: stderr
2024-09-10T09:45:00.581+0000 7f3e04c00640 1 --2- 172.21.15.77:0/2351370826 >> [v2:172.21.15.77:6800/4261324650,v1:172.21.15.77:6801/4261324650] conn(0x7f3dec03cae0 0x7f3dec03eed0 unknown :-1 s=NONE pgs=0 cs=0 l=1 rev1=0 crypto rx=0 tx=0 comp rx=0 tx=0).connect
2024-09-10T09:45:01.831 INFO:teuthology.orchestra.run.smithi077.stdout:/usr/bin/ceph: stderr
2024-09-10T09:45:00.581+0000 7f3e04c00640 1 -- 172.21.15.77:0/2351370826 --> [v2:172.21.15.77:6800/4261324650,v1:172.21.15.77:6801/4261324650] -- command(tid 0: {"prefix": "get_command_descriptions"}) -- 0x7f3df8047e50 con 0x7f3dec03cae0
2024-09-10T09:45:01.831 INFO:teuthology.orchestra.run.smithi077.stdout:/usr/bin/ceph: stderr
2024-09-10T09:45:00.581+0000 7f3e07400640 1 --2- 172.21.15.77:0/2351370826 >> [v2:172.21.15.77:6800/4261324650,v1:172.21.15.77:6801/4261324650] conn(0x7f3dec03cae0 0x7f3dec03eed0 unknown :-1 s=BANNER_CONNECTING pgs=0 cs=0 l=1 rev1=0 crypto rx=0 tx=0 comp rx=0 tx=0)._handle_peer_banner_payload supported=3 required=0
2024-09-10T09:45:01.831 INFO:teuthology.orchestra.run.smithi077.stdout:/usr/bin/ceph: stderr
2024-09-10T09:45:00.582+0000 7f3e07400640 1 --2- 172.21.15.77:0/2351370826 >> [v2:172.21.15.77:6800/4261324650,v1:172.21.15.77:6801/4261324650] conn(0x7f3dec03cae0 0x7f3dec03eed0 secure :-1 s=READY pgs=3 cs=0 l=1 rev1=1 crypto rx=0x7f3df4003980 tx=0x7f3df40092b0 comp rx=0 tx=0).ready entity=mgr.14150 client_cookie=0 server_cookie=0 in_seq=0 out_seq=0
2024-09-10T09:45:01.831 INFO:teuthology.orchestra.run.smithi077.stdout:/usr/bin/ceph: stderr
2024-09-10T09:45:00.583+0000 7f3e04c00640 1 -- 172.21.15.77:0/2351370826 <== mgr.14150 v2:172.21.15.77:6800/4261324650 1 ==== command_reply(tid 0: 0 ) ==== 8+0+9564 (secure 0 0 0) 0x7f3df8047e50 con 0x7f3dec03cae0
2024-09-10T09:45:01.831 INFO:teuthology.orchestra.run.smithi077.stdout:/usr/bin/ceph: stderr
2024-09-10T09:45:00.591+0000 7f3e0f200640 1 -- 172.21.15.77:0/2351370826 --> [v2:172.21.15.77:6800/4261324650,v1:172.21.15.77:6801/4261324650] -- command(tid 1: {"prefix": "mgr_status"}) -- 0x7f3e08109be0 con 0x7f3dec03cae0
2024-09-10T09:45:01.831 INFO:teuthology.orchestra.run.smithi077.stdout:/usr/bin/ceph: stderr
2024-09-10T09:45:00.591+0000 7f3e04c00640 1 -- 172.21.15.77:0/2351370826 <== mgr.14150 v2:172.21.15.77:6800/4261324650 2 ==== command_reply(tid 1: 0 ) ==== 8+0+52 (secure 0 0 0) 0x7f3e08109be0 con 0x7f3dec03cae0
2024-09-10T09:45:01.831 INFO:teuthology.orchestra.run.smithi077.stdout:/usr/bin/ceph: stderr
2024-09-10T09:45:00.592+0000 7f3e0f200640 1 -- 172.21.15.77:0/2351370826 >> [v2:172.21.15.77:6800/4261324650,v1:172.21.15.77:6801/4261324650] conn(0x7f3dec03cae0 msgr2=0x7f3dec03eed0 secure :-1 s=STATE_CONNECTION_ESTABLISHED l=1).mark_down
2024-09-10T09:45:01.831 INFO:teuthology.orchestra.run.smithi077.stdout:/usr/bin/ceph: stderr
2024-09-10T09:45:00.592+0000 7f3e0f200640 1 --2- 172.21.15.77:0/2351370826 >> [v2:172.21.15.77:6800/4261324650,v1:172.21.15.77:6801/4261324650] conn(0x7f3dec03cae0 0x7f3dec03eed0 secure :-1 s=READY pgs=3 cs=0 l=1 rev1=1 crypto rx=0x7f3df4003980 tx=0x7f3df40092b0 comp rx=0 tx=0).stop
2024-09-10T09:45:01.831 INFO:teuthology.orchestra.run.smithi077.stdout:/usr/bin/ceph: stderr
2024-09-10T09:45:00.592+0000 7f3e0f200640 1 -- 172.21.15.77:0/2351370826 >> [v2:172.21.15.77:3300/0,v1:172.21.15.77:6789/0] conn(0x7f3e081097e0 msgr2=0x7f3e0819dab0 secure :-1 s=STATE_CONNECTION_ESTABLISHED l=1).mark_down
2024-09-10T09:45:01.831 INFO:teuthology.orchestra.run.smithi077.stdout:/usr/bin/ceph: stderr
2024-09-10T09:45:00.592+0000 7f3e0f200640 1 --2- 172.21.15.77:0/2351370826 >> [v2:172.21.15.77:3300/0,v1:172.21.15.77:6789/0] conn(0x7f3e081097e0 0x7f3e0819dab0 secure :-1 s=READY pgs=60 cs=0 l=1 rev1=1 crypto rx=0x7f3df80097f0 tx=0x7f3df80327b0 comp rx=0 tx=0).stop
2024-09-10T09:45:01.832 INFO:teuthology.orchestra.run.smithi077.stdout:/usr/bin/ceph: stderr
2024-09-10T09:45:00.592+0000 7f3e0f200640 1 -- 172.21.15.77:0/2351370826 shutdown_connections
2024-09-10T09:45:01.832 INFO:teuthology.orchestra.run.smithi077.stdout:/usr/bin/ceph: stderr
2024-09-10T09:45:00.592+0000 7f3e0f200640 1 --2- 172.21.15.77:0/2351370826 >> [v2:172.21.15.77:6800/4261324650,v1:172.21.15.77:6801/4261324650] conn(0x7f3dec03cae0 0x7f3dec03eed0 unknown :-1 s=CLOSED pgs=3 cs=0 l=1 rev1=1 crypto rx=0 tx=0 comp rx=0 tx=0).stop
2024-09-10T09:45:01.832 INFO:teuthology.orchestra.run.smithi077.stdout:/usr/bin/ceph: stderr
2024-09-10T09:45:00.592+0000 7f3e0f200640 1 --2- 172.21.15.77:0/2351370826 >> [v2:172.21.15.77:6800/1527070442,v1:172.21.15.77:6801/1527070442] conn(0x7f3dec039020 0x7f3dec03b4e0 unknown :-1 s=CLOSED pgs=0 cs=0 l=1 rev1=0 crypto rx=0 tx=0 comp rx=0 tx=0).stop
2024-09-10T09:45:01.832 INFO:teuthology.orchestra.run.smithi077.stdout:/usr/bin/ceph: stderr
2024-09-10T09:45:00.592+0000 7f3e0f200640 1 --2- 172.21.15.77:0/2351370826 >> [v2:172.21.15.77:3300/0,v1:172.21.15.77:6789/0] conn(0x7f3e081097e0 0x7f3e0819dab0 unknown :-1 s=CLOSED pgs=60 cs=0 l=1 rev1=1 crypto rx=0 tx=0 comp rx=0 tx=0).stop
2024-09-10T09:45:01.832 INFO:teuthology.orchestra.run.smithi077.stdout:/usr/bin/ceph: stderr
2024-09-10T09:45:00.592+0000 7f3e0f200640 1 -- 172.21.15.77:0/2351370826 >> 172.21.15.77:0/2351370826 conn(0x7f3e0807cd30 msgr2=0x7f3e081075a0 unknown :-1 s=STATE_NONE l=0).mark_down
2024-09-10T09:45:01.832 INFO:teuthology.orchestra.run.smithi077.stdout:/usr/bin/ceph: stderr
2024-09-10T09:45:00.592+0000 7f3e0f200640 1 -- 172.21.15.77:0/2351370826 shutdown_connections
2024-09-10T09:45:01.832 INFO:teuthology.orchestra.run.smithi077.stdout:/usr/bin/ceph: stderr
2024-09-10T09:45:00.592+0000 7f3e0f200640 1 -- 172.21.15.77:0/2351370826 wait complete.
2024-09-10T09:45:01.832 INFO:teuthology.orchestra.run.smithi077.stdout:mgr epoch 9 is available
2024-09-10T09:45:01.832 INFO:teuthology.orchestra.run.smithi077.stdout:Generating a dashboard self-signed certificate...
2024-09-10T09:45:01.939 INFO:journalctl@ceph.mon.a.smithi077.stdout:Sep 10 09:45:01 smithi077 ceph-mon[30319]: [10/Sep/2024:09:45:00] ENGINE Bus STARTING
2024-09-10T09:45:01.939 INFO:journalctl@ceph.mon.a.smithi077.stdout:Sep 10 09:45:01 smithi077 ceph-mon[30319]: [10/Sep/2024:09:45:00] ENGINE Serving on https://172.21.15.77:7150
2024-09-10T09:45:01.939 INFO:journalctl@ceph.mon.a.smithi077.stdout:Sep 10 09:45:01 smithi077 ceph-mon[30319]: [10/Sep/2024:09:45:00] ENGINE Error in HTTPServer.serve
2024-09-10T09:45:01.939 INFO:journalctl@ceph.mon.a.smithi077.stdout: Traceback (most recent call last):
2024-09-10T09:45:01.940 INFO:journalctl@ceph.mon.a.smithi077.stdout: File "/lib/python3.9/site-packages/cheroot/server.py", line 1823, in serve
2024-09-10T09:45:01.940 INFO:journalctl@ceph.mon.a.smithi077.stdout: self._connections.run(self.expiration_interval)
2024-09-10T09:45:01.940 INFO:journalctl@ceph.mon.a.smithi077.stdout: File "/lib/python3.9/site-packages/cheroot/connections.py", line 203, in run
2024-09-10T09:45:01.940 INFO:journalctl@ceph.mon.a.smithi077.stdout: self._run(expiration_interval)
2024-09-10T09:45:01.940 INFO:journalctl@ceph.mon.a.smithi077.stdout: File "/lib/python3.9/site-packages/cheroot/connections.py", line 246, in _run
2024-09-10T09:45:01.940 INFO:journalctl@ceph.mon.a.smithi077.stdout: new_conn = self._from_server_socket(self.server.socket)
2024-09-10T09:45:01.940 INFO:journalctl@ceph.mon.a.smithi077.stdout: File "/lib/python3.9/site-packages/cheroot/connections.py", line 300, in _from_server_socket
2024-09-10T09:45:01.940 INFO:journalctl@ceph.mon.a.smithi077.stdout: s, ssl_env = self.server.ssl_adapter.wrap(s)
2024-09-10T09:45:01.940 INFO:journalctl@ceph.mon.a.smithi077.stdout: File "/lib/python3.9/site-packages/cheroot/ssl/builtin.py", line 277, in wrap
2024-09-10T09:45:01.940 INFO:journalctl@ceph.mon.a.smithi077.stdout: s = self.context.wrap_socket(
2024-09-10T09:45:01.940 INFO:journalctl@ceph.mon.a.smithi077.stdout: File "/lib64/python3.9/ssl.py", line 501, in wrap_socket
2024-09-10T09:45:01.941 INFO:journalctl@ceph.mon.a.smithi077.stdout: return self.sslsocket_class._create(
2024-09-10T09:45:01.941 INFO:journalctl@ceph.mon.a.smithi077.stdout: File "/lib64/python3.9/ssl.py", line 1074, in _create
2024-09-10T09:45:01.941 INFO:journalctl@ceph.mon.a.smithi077.stdout: self.do_handshake()
2024-09-10T09:45:01.941 INFO:journalctl@ceph.mon.a.smithi077.stdout: File "/lib64/python3.9/ssl.py", line 1343, in do_handshake
2024-09-10T09:45:01.941 INFO:journalctl@ceph.mon.a.smithi077.stdout: self._sslobj.do_handshake()
2024-09-10T09:45:01.941 INFO:journalctl@ceph.mon.a.smithi077.stdout: ssl.SSLZeroReturnError: TLS/SSL connection has been closed (EOF) (_ssl.c:1133)
2024-09-10T09:45:01.941 INFO:journalctl@ceph.mon.a.smithi077.stdout:Sep 10 09:45:01 smithi077 ceph-mon[30319]: from='mgr.14150 172.21.15.77:0/360589625' entity='mgr.x'
2024-09-10T09:45:02.939 INFO:journalctl@ceph.mon.a.smithi077.stdout:Sep 10 09:45:02 smithi077 ceph-mon[30319]: [10/Sep/2024:09:45:00] ENGINE Serving on http://172.21.15.77:8765
2024-09-10T09:45:02.939 INFO:journalctl@ceph.mon.a.smithi077.stdout:Sep 10 09:45:02 smithi077 ceph-mon[30319]: [10/Sep/2024:09:45:00] ENGINE Bus STARTED
2024-09-10T09:45:02.939 INFO:journalctl@ceph.mon.a.smithi077.stdout:Sep 10 09:45:02 smithi077 ceph-mon[30319]: mgrmap e12: x(active, since 2s)
2024-09-10T09:45:03.379 INFO:teuthology.orchestra.run.smithi077.stdout:/usr/bin/ceph: stdout Self-signed certificate created
2024-09-10T09:45:03.380 INFO:teuthology.orchestra.run.smithi077.stdout:/usr/bin/ceph: stderr
2024-09-10T09:45:02.358+0000 7f71b9600640 1 Processor -- start
2024-09-10T09:45:03.380 INFO:teuthology.orchestra.run.smithi077.stdout:/usr/bin/ceph: stderr
2024-09-10T09:45:02.358+0000 7f71b9600640 1 -- start start
2024-09-10T09:45:03.380 INFO:teuthology.orchestra.run.smithi077.stdout:/usr/bin/ceph: stderr
2024-09-10T09:45:02.359+0000 7f71b9600640 1 --2- >> [v2:172.21.15.77:3300/0,v1:172.21.15.77:6789/0] conn(0x7f71b4107580 0x7f71b4107980 unknown :-1 s=NONE pgs=0 cs=0 l=0 rev1=0 crypto rx=0 tx=0 comp rx=0 tx=0).connect
2024-09-10T09:45:03.380 INFO:teuthology.orchestra.run.smithi077.stdout:/usr/bin/ceph: stderr
2024-09-10T09:45:02.359+0000 7f71b9600640 1 -- --> [v2:172.21.15.77:3300/0,v1:172.21.15.77:6789/0] -- mon_getmap magic: 0 -- 0x7f71b4107f50 con 0x7f71b4107580
2024-09-10T09:45:03.380 INFO:teuthology.orchestra.run.smithi077.stdout:/usr/bin/ceph: stderr
2024-09-10T09:45:02.359+0000 7f71b2a00640 1 --2- >> [v2:172.21.15.77:3300/0,v1:172.21.15.77:6789/0] conn(0x7f71b4107580 0x7f71b4107980 unknown :-1 s=BANNER_CONNECTING pgs=0 cs=0 l=0 rev1=0 crypto rx=0 tx=0 comp rx=0 tx=0)._handle_peer_banner_payload supported=3 required=0
2024-09-10T09:45:03.380 INFO:teuthology.orchestra.run.smithi077.stdout:/usr/bin/ceph: stderr
2024-09-10T09:45:02.359+0000 7f71b2a00640 1 --2- >> [v2:172.21.15.77:3300/0,v1:172.21.15.77:6789/0] conn(0x7f71b4107580 0x7f71b4107980 unknown :-1 s=HELLO_CONNECTING pgs=0 cs=0 l=0 rev1=1 crypto rx=0 tx=0 comp rx=0 tx=0).handle_hello peer v2:172.21.15.77:3300/0 says I am v2:172.21.15.77:57448/0 (socket says 172.21.15.77:57448)
2024-09-10T09:45:03.380 INFO:teuthology.orchestra.run.smithi077.stdout:/usr/bin/ceph: stderr
2024-09-10T09:45:02.359+0000 7f71b2a00640 1 -- 172.21.15.77:0/836192845 learned_addr learned my addr 172.21.15.77:0/836192845 (peer_addr_for_me v2:172.21.15.77:0/0)
2024-09-10T09:45:03.380 INFO:teuthology.orchestra.run.smithi077.stdout:/usr/bin/ceph: stderr
2024-09-10T09:45:02.360+0000 7f71b2a00640 1 -- 172.21.15.77:0/836192845 --> [v2:172.21.15.77:3300/0,v1:172.21.15.77:6789/0] -- mon_subscribe({config=0+,monmap=0+}) -- 0x7f71b4108780 con 0x7f71b4107580
2024-09-10T09:45:03.380 INFO:teuthology.orchestra.run.smithi077.stdout:/usr/bin/ceph: stderr
2024-09-10T09:45:02.361+0000 7f71b2a00640 1 --2- 172.21.15.77:0/836192845 >> [v2:172.21.15.77:3300/0,v1:172.21.15.77:6789/0] conn(0x7f71b4107580 0x7f71b4107980 secure :-1 s=READY pgs=68 cs=0 l=1 rev1=1 crypto rx=0x7f71a4009820 tx=0x7f71a402a270 comp rx=0 tx=0).ready entity=mon.0 client_cookie=74592da2c42359b5 server_cookie=0 in_seq=0 out_seq=0
2024-09-10T09:45:03.380 INFO:teuthology.orchestra.run.smithi077.stdout:/usr/bin/ceph: stderr
2024-09-10T09:45:02.361+0000 7f71b1600640 1 -- 172.21.15.77:0/836192845 <== mon.0 v2:172.21.15.77:3300/0 1 ==== mon_map magic: 0 ==== 205+0+0 (secure 0 0 0) 0x7f71a4037070 con 0x7f71b4107580
2024-09-10T09:45:03.380 INFO:teuthology.orchestra.run.smithi077.stdout:/usr/bin/ceph: stderr
2024-09-10T09:45:02.361+0000 7f71b1600640 1 -- 172.21.15.77:0/836192845 <== mon.0 v2:172.21.15.77:3300/0 2 ==== config(27 keys) ==== 1140+0+0 (secure 0 0 0) 0x7f71a4032920 con 0x7f71b4107580
2024-09-10T09:45:03.381 INFO:teuthology.orchestra.run.smithi077.stdout:/usr/bin/ceph: stderr
2024-09-10T09:45:02.361+0000 7f71b1600640 1 -- 172.21.15.77:0/836192845 <== mon.0 v2:172.21.15.77:3300/0 3 ==== mon_map magic: 0 ==== 205+0+0 (secure 0 0 0) 0x7f71a4030810 con 0x7f71b4107580
2024-09-10T09:45:03.381 INFO:teuthology.orchestra.run.smithi077.stdout:/usr/bin/ceph: stderr
2024-09-10T09:45:02.362+0000 7f71b9600640 1 -- 172.21.15.77:0/836192845 >> [v2:172.21.15.77:3300/0,v1:172.21.15.77:6789/0] conn(0x7f71b4107580 msgr2=0x7f71b4107980 secure :-1 s=STATE_CONNECTION_ESTABLISHED l=1).mark_down
2024-09-10T09:45:03.381 INFO:teuthology.orchestra.run.smithi077.stdout:/usr/bin/ceph: stderr
2024-09-10T09:45:02.362+0000 7f71b9600640 1 --2- 172.21.15.77:0/836192845 >> [v2:172.21.15.77:3300/0,v1:172.21.15.77:6789/0] conn(0x7f71b4107580 0x7f71b4107980 secure :-1 s=READY pgs=68 cs=0 l=1 rev1=1 crypto rx=0x7f71a4009820 tx=0x7f71a402a270 comp rx=0 tx=0).stop
2024-09-10T09:45:03.381 INFO:teuthology.orchestra.run.smithi077.stdout:/usr/bin/ceph: stderr
2024-09-10T09:45:02.362+0000 7f71b9600640 1 -- 172.21.15.77:0/836192845 shutdown_connections
2024-09-10T09:45:03.381 INFO:teuthology.orchestra.run.smithi077.stdout:/usr/bin/ceph: stderr
2024-09-10T09:45:02.362+0000 7f71b9600640 1 --2- 172.21.15.77:0/836192845 >> [v2:172.21.15.77:3300/0,v1:172.21.15.77:6789/0] conn(0x7f71b4107580 0x7f71b4107980 unknown :-1 s=CLOSED pgs=68 cs=0 l=1 rev1=1 crypto rx=0 tx=0 comp rx=0 tx=0).stop
2024-09-10T09:45:03.381 INFO:teuthology.orchestra.run.smithi077.stdout:/usr/bin/ceph: stderr
2024-09-10T09:45:02.362+0000 7f71b9600640 1 -- 172.21.15.77:0/836192845 >> 172.21.15.77:0/836192845 conn(0x7f71b4102d90 msgr2=0x7f71b41051b0 unknown :-1 s=STATE_NONE l=0).mark_down
2024-09-10T09:45:03.381 INFO:teuthology.orchestra.run.smithi077.stdout:/usr/bin/ceph: stderr
2024-09-10T09:45:02.362+0000 7f71b9600640 1 -- 172.21.15.77:0/836192845 shutdown_connections
2024-09-10T09:45:03.381 INFO:teuthology.orchestra.run.smithi077.stdout:/usr/bin/ceph: stderr
2024-09-10T09:45:02.362+0000 7f71b9600640 1 -- 172.21.15.77:0/836192845 wait complete.
2024-09-10T09:45:03.381 INFO:teuthology.orchestra.run.smithi077.stdout:/usr/bin/ceph: stderr
2024-09-10T09:45:02.363+0000 7f71b9600640 1 Processor -- start
2024-09-10T09:45:03.381 INFO:teuthology.orchestra.run.smithi077.stdout:/usr/bin/ceph: stderr
2024-09-10T09:45:02.364+0000 7f71b9600640 1 -- start start
2024-09-10T09:45:03.381 INFO:teuthology.orchestra.run.smithi077.stdout:/usr/bin/ceph: stderr
2024-09-10T09:45:02.364+0000 7f71b9600640 1 --2- >> [v2:172.21.15.77:3300/0,v1:172.21.15.77:6789/0] conn(0x7f71b4107580 0x7f71b419b850 unknown :-1 s=NONE pgs=0 cs=0 l=1 rev1=0 crypto rx=0 tx=0 comp rx=0 tx=0).connect
2024-09-10T09:45:03.381 INFO:teuthology.orchestra.run.smithi077.stdout:/usr/bin/ceph: stderr
2024-09-10T09:45:02.364+0000 7f71b9600640 1 -- --> [v2:172.21.15.77:3300/0,v1:172.21.15.77:6789/0] -- mon_getmap magic: 0 -- 0x7f71b410bb30 con 0x7f71b4107580
2024-09-10T09:45:03.382 INFO:teuthology.orchestra.run.smithi077.stdout:/usr/bin/ceph: stderr
2024-09-10T09:45:02.364+0000 7f71b2a00640 1 --2- >> [v2:172.21.15.77:3300/0,v1:172.21.15.77:6789/0] conn(0x7f71b4107580 0x7f71b419b850 unknown :-1 s=BANNER_CONNECTING pgs=0 cs=0 l=1 rev1=0 crypto rx=0 tx=0 comp rx=0 tx=0)._handle_peer_banner_payload supported=3 required=0
2024-09-10T09:45:03.382 INFO:teuthology.orchestra.run.smithi077.stdout:/usr/bin/ceph: stderr
2024-09-10T09:45:02.364+0000 7f71b2a00640 1 --2- >> [v2:172.21.15.77:3300/0,v1:172.21.15.77:6789/0] conn(0x7f71b4107580 0x7f71b419b850 unknown :-1 s=HELLO_CONNECTING pgs=0 cs=0 l=1 rev1=1 crypto rx=0 tx=0 comp rx=0 tx=0).handle_hello peer v2:172.21.15.77:3300/0 says I am v2:172.21.15.77:57452/0 (socket says 172.21.15.77:57452)
2024-09-10T09:45:03.382 INFO:teuthology.orchestra.run.smithi077.stdout:/usr/bin/ceph: stderr
2024-09-10T09:45:02.364+0000 7f71b2a00640 1 -- 172.21.15.77:0/612848605 learned_addr learned my addr 172.21.15.77:0/612848605 (peer_addr_for_me v2:172.21.15.77:0/0)
2024-09-10T09:45:03.382 INFO:teuthology.orchestra.run.smithi077.stdout:/usr/bin/ceph: stderr
2024-09-10T09:45:02.364+0000 7f71b2a00640 1 -- 172.21.15.77:0/612848605 --> [v2:172.21.15.77:3300/0,v1:172.21.15.77:6789/0] -- mon_subscribe({config=0+,monmap=0+}) -- 0x7f71b419bd90 con 0x7f71b4107580
2024-09-10T09:45:03.382 INFO:teuthology.orchestra.run.smithi077.stdout:/usr/bin/ceph: stderr
2024-09-10T09:45:02.365+0000 7f71b2a00640 1 --2- 172.21.15.77:0/612848605 >> [v2:172.21.15.77:3300/0,v1:172.21.15.77:6789/0] conn(0x7f71b4107580 0x7f71b419b850 secure :-1 s=READY pgs=69 cs=0 l=1 rev1=1 crypto rx=0x7f71a40097f0 tx=0x7f71a40327b0 comp rx=0 tx=0).ready entity=mon.0 client_cookie=0 server_cookie=0 in_seq=0 out_seq=0
2024-09-10T09:45:03.382 INFO:teuthology.orchestra.run.smithi077.stdout:/usr/bin/ceph: stderr
2024-09-10T09:45:02.365+0000 7f71ab400640 1 -- 172.21.15.77:0/612848605 <== mon.0 v2:172.21.15.77:3300/0 1 ==== mon_map magic: 0 ==== 205+0+0 (secure 0 0 0) 0x7f71a4037040 con 0x7f71b4107580
2024-09-10T09:45:03.382 INFO:teuthology.orchestra.run.smithi077.stdout:/usr/bin/ceph: stderr
2024-09-10T09:45:02.365+0000 7f71b9600640 1 -- 172.21.15.77:0/612848605 --> [v2:172.21.15.77:3300/0,v1:172.21.15.77:6789/0] -- mon_subscribe({mgrmap=0+}) -- 0x7f71b419c020 con 0x7f71b4107580
2024-09-10T09:45:03.382 INFO:teuthology.orchestra.run.smithi077.stdout:/usr/bin/ceph: stderr
2024-09-10T09:45:02.365+0000 7f71ab400640 1 -- 172.21.15.77:0/612848605 <== mon.0 v2:172.21.15.77:3300/0 2 ==== config(27 keys) ==== 1140+0+0 (secure 0 0 0) 0x7f71a4030cc0 con 0x7f71b4107580
2024-09-10T09:45:03.382 INFO:teuthology.orchestra.run.smithi077.stdout:/usr/bin/ceph: stderr
2024-09-10T09:45:02.365+0000 7f71ab400640 1 -- 172.21.15.77:0/612848605 <== mon.0 v2:172.21.15.77:3300/0 3 ==== mon_map magic: 0 ==== 205+0+0 (secure 0 0 0) 0x7f71a403a640 con 0x7f71b4107580
2024-09-10T09:45:03.382 INFO:teuthology.orchestra.run.smithi077.stdout:/usr/bin/ceph: stderr
2024-09-10T09:45:02.365+0000 7f71b9600640 1 -- 172.21.15.77:0/612848605 --> [v2:172.21.15.77:3300/0,v1:172.21.15.77:6789/0] -- mon_subscribe({osdmap=0}) -- 0x7f71b419ed10 con 0x7f71b4107580
2024-09-10T09:45:03.382 INFO:teuthology.orchestra.run.smithi077.stdout:/usr/bin/ceph: stderr
2024-09-10T09:45:02.366+0000 7f71ab400640 1 -- 172.21.15.77:0/612848605 <== mon.0 v2:172.21.15.77:3300/0 4 ==== mgrmap(e 11) ==== 46194+0+0 (secure 0 0 0) 0x7f71a403a8f0 con 0x7f71b4107580
2024-09-10T09:45:03.382 INFO:teuthology.orchestra.run.smithi077.stdout:/usr/bin/ceph: stderr
2024-09-10T09:45:02.366+0000 7f71b9600640 1 -- 172.21.15.77:0/612848605 --> [v2:172.21.15.77:3300/0,v1:172.21.15.77:6789/0] -- mon_command({"prefix": "get_command_descriptions"} v 0) -- 0x7f71b410bcb0 con 0x7f71b4107580
2024-09-10T09:45:03.382 INFO:teuthology.orchestra.run.smithi077.stdout:/usr/bin/ceph: stderr
2024-09-10T09:45:02.367+0000 7f71ab400640 1 --2- 172.21.15.77:0/612848605 >> [v2:172.21.15.77:6800/4261324650,v1:172.21.15.77:6801/4261324650] conn(0x7f7198038f00 0x7f719803b3c0 unknown :-1 s=NONE pgs=0 cs=0 l=1 rev1=0 crypto rx=0 tx=0 comp rx=0 tx=0).connect
2024-09-10T09:45:03.382 INFO:teuthology.orchestra.run.smithi077.stdout:/usr/bin/ceph: stderr
2024-09-10T09:45:02.367+0000 7f71ab400640 1 -- 172.21.15.77:0/612848605 <== mon.0 v2:172.21.15.77:3300/0 5 ==== osd_map(3..3 src has 1..3) ==== 1155+0+0 (secure 0 0 0) 0x7f71a406c660 con 0x7f71b4107580
2024-09-10T09:45:03.383 INFO:teuthology.orchestra.run.smithi077.stdout:/usr/bin/ceph: stderr
2024-09-10T09:45:02.367+0000 7f71b2000640 1 --2- 172.21.15.77:0/612848605 >> [v2:172.21.15.77:6800/4261324650,v1:172.21.15.77:6801/4261324650] conn(0x7f7198038f00 0x7f719803b3c0 unknown :-1 s=BANNER_CONNECTING pgs=0 cs=0 l=1 rev1=0 crypto rx=0 tx=0 comp rx=0 tx=0)._handle_peer_banner_payload supported=3 required=0
2024-09-10T09:45:03.383 INFO:teuthology.orchestra.run.smithi077.stdout:/usr/bin/ceph: stderr
2024-09-10T09:45:02.368+0000 7f71b2000640 1 --2- 172.21.15.77:0/612848605 >> [v2:172.21.15.77:6800/4261324650,v1:172.21.15.77:6801/4261324650] conn(0x7f7198038f00 0x7f719803b3c0 secure :-1 s=READY pgs=7 cs=0 l=1 rev1=1 crypto rx=0x7f71a00098c0 tx=0x7f71a0006db0 comp rx=0 tx=0).ready entity=mgr.14150 client_cookie=0 server_cookie=0 in_seq=0 out_seq=0
2024-09-10T09:45:03.383 INFO:teuthology.orchestra.run.smithi077.stdout:/usr/bin/ceph: stderr
2024-09-10T09:45:02.372+0000 7f71ab400640 1 -- 172.21.15.77:0/612848605 <== mon.0 v2:172.21.15.77:3300/0 6 ==== mon_command_ack([{"prefix": "get_command_descriptions"}]=0 v0) ==== 72+0+188821 (secure 0 0 0) 0x7f71a40328c0 con 0x7f71b4107580
2024-09-10T09:45:03.383 INFO:teuthology.orchestra.run.smithi077.stdout:/usr/bin/ceph: stderr
2024-09-10T09:45:02.558+0000 7f71ab400640 1 -- 172.21.15.77:0/612848605 <== mon.0 v2:172.21.15.77:3300/0 7 ==== mgrmap(e 12) ==== 46300+0+0 (secure 0 0 0) 0x7f71a403ad30 con 0x7f71b4107580
2024-09-10T09:45:03.383 INFO:teuthology.orchestra.run.smithi077.stdout:/usr/bin/ceph: stderr
2024-09-10T09:45:02.564+0000 7f71b9600640 1 -- 172.21.15.77:0/612848605 --> [v2:172.21.15.77:6800/4261324650,v1:172.21.15.77:6801/4261324650] -- mgr_command(tid 0: {"prefix": "dashboard create-self-signed-cert", "target": ["mon-mgr", ""]}) -- 0x7f71b4062630 con 0x7f7198038f00
2024-09-10T09:45:03.383 INFO:teuthology.orchestra.run.smithi077.stdout:/usr/bin/ceph: stderr
2024-09-10T09:45:02.642+0000 7f71ab400640 1 -- 172.21.15.77:0/612848605 <== mgr.14150 v2:172.21.15.77:6800/4261324650 1 ==== mgr_command_reply(tid 0: 0 ) ==== 8+0+32 (secure 0 0 0) 0x7f71b4062630 con 0x7f7198038f00
2024-09-10T09:45:03.383 INFO:teuthology.orchestra.run.smithi077.stdout:/usr/bin/ceph: stderr
2024-09-10T09:45:02.645+0000 7f71b9600640 1 -- 172.21.15.77:0/612848605 >> [v2:172.21.15.77:6800/4261324650,v1:172.21.15.77:6801/4261324650] conn(0x7f7198038f00 msgr2=0x7f719803b3c0 secure :-1 s=STATE_CONNECTION_ESTABLISHED l=1).mark_down
2024-09-10T09:45:03.383 INFO:teuthology.orchestra.run.smithi077.stdout:/usr/bin/ceph: stderr
2024-09-10T09:45:02.645+0000 7f71b9600640 1 --2- 172.21.15.77:0/612848605 >> [v2:172.21.15.77:6800/4261324650,v1:172.21.15.77:6801/4261324650] conn(0x7f7198038f00 0x7f719803b3c0 secure :-1 s=READY pgs=7 cs=0 l=1 rev1=1 crypto rx=0x7f71a00098c0 tx=0x7f71a0006db0 comp rx=0 tx=0).stop
2024-09-10T09:45:03.383 INFO:teuthology.orchestra.run.smithi077.stdout:/usr/bin/ceph: stderr
2024-09-10T09:45:02.645+0000 7f71b9600640 1 -- 172.21.15.77:0/612848605 >> [v2:172.21.15.77:3300/0,v1:172.21.15.77:6789/0] conn(0x7f71b4107580 msgr2=0x7f71b419b850 secure :-1 s=STATE_CONNECTION_ESTABLISHED l=1).mark_down
2024-09-10T09:45:03.383 INFO:teuthology.orchestra.run.smithi077.stdout:/usr/bin/ceph: stderr
2024-09-10T09:45:02.645+0000 7f71b9600640 1 --2- 172.21.15.77:0/612848605 >> [v2:172.21.15.77:3300/0,v1:172.21.15.77:6789/0] conn(0x7f71b4107580 0x7f71b419b850 secure :-1 s=READY pgs=69 cs=0 l=1 rev1=1 crypto rx=0x7f71a40097f0 tx=0x7f71a40327b0 comp rx=0 tx=0).stop
2024-09-10T09:45:03.383 INFO:teuthology.orchestra.run.smithi077.stdout:/usr/bin/ceph: stderr
2024-09-10T09:45:02.645+0000 7f71b9600640 1 -- 172.21.15.77:0/612848605 shutdown_connections
2024-09-10T09:45:03.383 INFO:teuthology.orchestra.run.smithi077.stdout:/usr/bin/ceph: stderr
2024-09-10T09:45:02.645+0000 7f71b9600640 1 --2- 172.21.15.77:0/612848605 >> [v2:172.21.15.77:6800/4261324650,v1:172.21.15.77:6801/4261324650] conn(0x7f7198038f00 0x7f719803b3c0 unknown :-1 s=CLOSED pgs=7 cs=0 l=1 rev1=1 crypto rx=0 tx=0 comp rx=0 tx=0).stop
2024-09-10T09:45:03.383 INFO:teuthology.orchestra.run.smithi077.stdout:/usr/bin/ceph: stderr
2024-09-10T09:45:02.645+0000 7f71b9600640 1 --2- 172.21.15.77:0/612848605 >> [v2:172.21.15.77:3300/0,v1:172.21.15.77:6789/0] conn(0x7f71b4107580 0x7f71b419b850 unknown :-1 s=CLOSED pgs=69 cs=0 l=1 rev1=1 crypto rx=0 tx=0 comp rx=0 tx=0).stop
2024-09-10T09:45:03.383 INFO:teuthology.orchestra.run.smithi077.stdout:/usr/bin/ceph: stderr
2024-09-10T09:45:02.645+0000 7f71b9600640 1 -- 172.21.15.77:0/612848605 >> 172.21.15.77:0/612848605 conn(0x7f71b4102d90 msgr2=0x7f71b4103a20 unknown :-1 s=STATE_NONE l=0).mark_down
2024-09-10T09:45:03.384 INFO:teuthology.orchestra.run.smithi077.stdout:/usr/bin/ceph: stderr
2024-09-10T09:45:02.645+0000 7f71b9600640 1 -- 172.21.15.77:0/612848605 shutdown_connections
2024-09-10T09:45:03.384 INFO:teuthology.orchestra.run.smithi077.stdout:/usr/bin/ceph: stderr
2024-09-10T09:45:02.645+0000 7f71b9600640 1 -- 172.21.15.77:0/612848605 wait complete.
2024-09-10T09:45:03.384 INFO:teuthology.orchestra.run.smithi077.stdout:Creating initial admin user...
2024-09-10T09:45:03.939 INFO:journalctl@ceph.mon.a.smithi077.stdout:Sep 10 09:45:03 smithi077 ceph-mon[30319]: from='client.14162 -' entity='client.admin' cmd=[{"prefix": "dashboard create-self-signed-cert", "target": ["mon-mgr", ""]}]: dispatch
2024-09-10T09:45:03.939 INFO:journalctl@ceph.mon.a.smithi077.stdout:Sep 10 09:45:03 smithi077 ceph-mon[30319]: from='mgr.14150 172.21.15.77:0/360589625' entity='mgr.x'
2024-09-10T09:45:03.939 INFO:journalctl@ceph.mon.a.smithi077.stdout:Sep 10 09:45:03 smithi077 ceph-mon[30319]: from='mgr.14150 172.21.15.77:0/360589625' entity='mgr.x'
2024-09-10T09:45:03.939 INFO:journalctl@ceph.mon.a.smithi077.stdout:Sep 10 09:45:03 smithi077 ceph-mon[30319]: from='mgr.14150 172.21.15.77:0/360589625' entity='mgr.x'
2024-09-10T09:45:05.689 INFO:journalctl@ceph.mon.a.smithi077.stdout:Sep 10 09:45:05 smithi077 ceph-mon[30319]: from='client.14164 -' entity='client.admin' cmd=[{"prefix": "dashboard ac-user-create", "username": "admin", "rolename": "administrator", "force_password": true, "pwd_update_required": true, "target": ["mon-mgr", ""]}]: dispatch
2024-09-10T09:45:05.689 INFO:journalctl@ceph.mon.a.smithi077.stdout:Sep 10 09:45:05 smithi077 ceph-mon[30319]: from='mgr.14150 172.21.15.77:0/360589625' entity='mgr.x'
2024-09-10T09:45:05.725 INFO:teuthology.orchestra.run.smithi077.stdout:/usr/bin/ceph: stdout {"username": "admin", "password": "$2b$12$.A7.iGgt9Kyjr91Tu6njzOErK7SL2ZfAJ0x2wDRsValP3BTV/SviG", "roles": ["administrator"], "name": null, "email": null, "lastUpdate": 1725961504, "enabled": true, "pwdExpirationDate": null, "pwdUpdateRequired": true}
2024-09-10T09:45:05.725 INFO:teuthology.orchestra.run.smithi077.stdout:/usr/bin/ceph: stderr
2024-09-10T09:45:03.855+0000 7f4bd4600640 1 Processor -- start
2024-09-10T09:45:05.725 INFO:teuthology.orchestra.run.smithi077.stdout:/usr/bin/ceph: stderr
2024-09-10T09:45:03.856+0000 7f4bd4600640 1 -- start start
2024-09-10T09:45:05.725 INFO:teuthology.orchestra.run.smithi077.stdout:/usr/bin/ceph: stderr
2024-09-10T09:45:03.856+0000 7f4bd4600640 1 --2- >> [v2:172.21.15.77:3300/0,v1:172.21.15.77:6789/0] conn(0x7f4bcc107f80 0x7f4bcc10a370 unknown :-1 s=NONE pgs=0 cs=0 l=0 rev1=0 crypto rx=0 tx=0 comp rx=0 tx=0).connect
2024-09-10T09:45:05.725 INFO:teuthology.orchestra.run.smithi077.stdout:/usr/bin/ceph: stderr
2024-09-10T09:45:03.856+0000 7f4bd4600640 1 -- --> [v2:172.21.15.77:3300/0,v1:172.21.15.77:6789/0] -- mon_getmap magic: 0 -- 0x7f4bcc07be60 con 0x7f4bcc107f80
2024-09-10T09:45:05.725 INFO:teuthology.orchestra.run.smithi077.stdout:/usr/bin/ceph: stderr
2024-09-10T09:45:03.856+0000 7f4bd1c00640 1 --2- >> [v2:172.21.15.77:3300/0,v1:172.21.15.77:6789/0] conn(0x7f4bcc107f80 0x7f4bcc10a370 unknown :-1 s=BANNER_CONNECTING pgs=0 cs=0 l=0 rev1=0 crypto rx=0 tx=0 comp rx=0 tx=0)._handle_peer_banner_payload supported=3 required=0
2024-09-10T09:45:05.726 INFO:teuthology.orchestra.run.smithi077.stdout:/usr/bin/ceph: stderr
2024-09-10T09:45:03.856+0000 7f4bd1c00640 1 --2- >> [v2:172.21.15.77:3300/0,v1:172.21.15.77:6789/0] conn(0x7f4bcc107f80 0x7f4bcc10a370 unknown :-1 s=HELLO_CONNECTING pgs=0 cs=0 l=0 rev1=1 crypto rx=0 tx=0 comp rx=0 tx=0).handle_hello peer v2:172.21.15.77:3300/0 says I am v2:172.21.15.77:42266/0 (socket says 172.21.15.77:42266)
2024-09-10T09:45:05.726 INFO:teuthology.orchestra.run.smithi077.stdout:/usr/bin/ceph: stderr
2024-09-10T09:45:03.856+0000 7f4bd1c00640 1 -- 172.21.15.77:0/4081242052 learned_addr learned my addr 172.21.15.77:0/4081242052 (peer_addr_for_me v2:172.21.15.77:0/0)
2024-09-10T09:45:05.726 INFO:teuthology.orchestra.run.smithi077.stdout:/usr/bin/ceph: stderr
2024-09-10T09:45:03.857+0000 7f4bd1c00640 1 -- 172.21.15.77:0/4081242052 --> [v2:172.21.15.77:3300/0,v1:172.21.15.77:6789/0] -- mon_subscribe({config=0+,monmap=0+}) -- 0x7f4bcc10a8b0 con 0x7f4bcc107f80
2024-09-10T09:45:05.726 INFO:teuthology.orchestra.run.smithi077.stdout:/usr/bin/ceph: stderr
2024-09-10T09:45:03.858+0000 7f4bd1c00640 1 --2- 172.21.15.77:0/4081242052 >> [v2:172.21.15.77:3300/0,v1:172.21.15.77:6789/0] conn(0x7f4bcc107f80 0x7f4bcc10a370 secure :-1 s=READY pgs=70 cs=0 l=1 rev1=1 crypto rx=0x7f4bc0009820 tx=0x7f4bc002a270 comp rx=0 tx=0).ready entity=mon.0 client_cookie=7f8a645faf5feed2 server_cookie=0 in_seq=0 out_seq=0
2024-09-10T09:45:05.726 INFO:teuthology.orchestra.run.smithi077.stdout:/usr/bin/ceph: stderr
2024-09-10T09:45:03.858+0000 7f4bcbe00640 1 -- 172.21.15.77:0/4081242052 <== mon.0 v2:172.21.15.77:3300/0 1 ==== mon_map magic: 0 ==== 205+0+0 (secure 0 0 0) 0x7f4bc0037070 con 0x7f4bcc107f80
2024-09-10T09:45:05.726 INFO:teuthology.orchestra.run.smithi077.stdout:/usr/bin/ceph: stderr
2024-09-10T09:45:03.859+0000 7f4bcbe00640 1 -- 172.21.15.77:0/4081242052 <== mon.0 v2:172.21.15.77:3300/0 2 ==== config(27 keys) ==== 1140+0+0 (secure 0 0 0) 0x7f4bc0032920 con 0x7f4bcc107f80
2024-09-10T09:45:05.726 INFO:teuthology.orchestra.run.smithi077.stdout:/usr/bin/ceph: stderr
2024-09-10T09:45:03.859+0000 7f4bcbe00640 1 -- 172.21.15.77:0/4081242052 <== mon.0 v2:172.21.15.77:3300/0 3 ==== mon_map magic: 0 ==== 205+0+0 (secure 0 0 0) 0x7f4bc0030810 con 0x7f4bcc107f80
2024-09-10T09:45:05.726 INFO:teuthology.orchestra.run.smithi077.stdout:/usr/bin/ceph: stderr
2024-09-10T09:45:03.859+0000 7f4bd4600640 1 -- 172.21.15.77:0/4081242052 >> [v2:172.21.15.77:3300/0,v1:172.21.15.77:6789/0] conn(0x7f4bcc107f80 msgr2=0x7f4bcc10a370 secure :-1 s=STATE_CONNECTION_ESTABLISHED l=1).mark_down
2024-09-10T09:45:05.726 INFO:teuthology.orchestra.run.smithi077.stdout:/usr/bin/ceph: stderr
2024-09-10T09:45:03.859+0000 7f4bd4600640 1 --2- 172.21.15.77:0/4081242052 >> [v2:172.21.15.77:3300/0,v1:172.21.15.77:6789/0] conn(0x7f4bcc107f80 0x7f4bcc10a370 secure :-1 s=READY pgs=70 cs=0 l=1 rev1=1 crypto rx=0x7f4bc0009820 tx=0x7f4bc002a270 comp rx=0 tx=0).stop
2024-09-10T09:45:05.726 INFO:teuthology.orchestra.run.smithi077.stdout:/usr/bin/ceph: stderr
2024-09-10T09:45:03.860+0000 7f4bd4600640 1 -- 172.21.15.77:0/4081242052 shutdown_connections
2024-09-10T09:45:05.726 INFO:teuthology.orchestra.run.smithi077.stdout:/usr/bin/ceph: stderr
2024-09-10T09:45:03.860+0000 7f4bd4600640 1 --2- 172.21.15.77:0/4081242052 >> [v2:172.21.15.77:3300/0,v1:172.21.15.77:6789/0] conn(0x7f4bcc107f80 0x7f4bcc10a370 unknown :-1 s=CLOSED pgs=70 cs=0 l=1 rev1=1 crypto rx=0 tx=0 comp rx=0 tx=0).stop
2024-09-10T09:45:05.726 INFO:teuthology.orchestra.run.smithi077.stdout:/usr/bin/ceph: stderr
2024-09-10T09:45:03.860+0000 7f4bd4600640 1 -- 172.21.15.77:0/4081242052 >> 172.21.15.77:0/4081242052 conn(0x7f4bcc101b80 msgr2=0x7f4bcc103fe0 unknown :-1 s=STATE_NONE l=0).mark_down
2024-09-10T09:45:05.726 INFO:teuthology.orchestra.run.smithi077.stdout:/usr/bin/ceph: stderr
2024-09-10T09:45:03.860+0000 7f4bd4600640 1 -- 172.21.15.77:0/4081242052 shutdown_connections
2024-09-10T09:45:05.726 INFO:teuthology.orchestra.run.smithi077.stdout:/usr/bin/ceph: stderr
2024-09-10T09:45:03.860+0000 7f4bd4600640 1 -- 172.21.15.77:0/4081242052 wait complete.
2024-09-10T09:45:05.726 INFO:teuthology.orchestra.run.smithi077.stdout:/usr/bin/ceph: stderr
2024-09-10T09:45:03.861+0000 7f4bd4600640 1 Processor -- start
2024-09-10T09:45:05.727 INFO:teuthology.orchestra.run.smithi077.stdout:/usr/bin/ceph: stderr
2024-09-10T09:45:03.861+0000 7f4bd4600640 1 -- start start
2024-09-10T09:45:05.727 INFO:teuthology.orchestra.run.smithi077.stdout:/usr/bin/ceph: stderr
2024-09-10T09:45:03.861+0000 7f4bd4600640 1 --2- >> [v2:172.21.15.77:3300/0,v1:172.21.15.77:6789/0] conn(0x7f4bcc107f80 0x7f4bcc19da80 unknown :-1 s=NONE pgs=0 cs=0 l=1 rev1=0 crypto rx=0 tx=0 comp rx=0 tx=0).connect
2024-09-10T09:45:05.727 INFO:teuthology.orchestra.run.smithi077.stdout:/usr/bin/ceph: stderr
2024-09-10T09:45:03.861+0000 7f4bd4600640 1 -- --> [v2:172.21.15.77:3300/0,v1:172.21.15.77:6789/0] -- mon_getmap magic: 0 -- 0x7f4bcc10b990 con 0x7f4bcc107f80
2024-09-10T09:45:05.727 INFO:teuthology.orchestra.run.smithi077.stdout:/usr/bin/ceph: stderr
2024-09-10T09:45:03.861+0000 7f4bd1c00640 1 --2- >> [v2:172.21.15.77:3300/0,v1:172.21.15.77:6789/0] conn(0x7f4bcc107f80 0x7f4bcc19da80 unknown :-1 s=BANNER_CONNECTING pgs=0 cs=0 l=1 rev1=0 crypto rx=0 tx=0 comp rx=0 tx=0)._handle_peer_banner_payload supported=3 required=0
2024-09-10T09:45:05.727 INFO:teuthology.orchestra.run.smithi077.stdout:/usr/bin/ceph: stderr
2024-09-10T09:45:03.862+0000 7f4bd1c00640 1 --2- >> [v2:172.21.15.77:3300/0,v1:172.21.15.77:6789/0] conn(0x7f4bcc107f80 0x7f4bcc19da80 unknown :-1 s=HELLO_CONNECTING pgs=0 cs=0 l=1 rev1=1 crypto rx=0 tx=0 comp rx=0 tx=0).handle_hello peer v2:172.21.15.77:3300/0 says I am v2:172.21.15.77:42278/0 (socket says 172.21.15.77:42278)
2024-09-10T09:45:05.727 INFO:teuthology.orchestra.run.smithi077.stdout:/usr/bin/ceph: stderr
2024-09-10T09:45:03.862+0000 7f4bd1c00640 1 -- 172.21.15.77:0/1267261649 learned_addr learned my addr 172.21.15.77:0/1267261649 (peer_addr_for_me v2:172.21.15.77:0/0)
2024-09-10T09:45:05.727 INFO:teuthology.orchestra.run.smithi077.stdout:/usr/bin/ceph: stderr
2024-09-10T09:45:03.862+0000 7f4bd1c00640 1 -- 172.21.15.77:0/1267261649 --> [v2:172.21.15.77:3300/0,v1:172.21.15.77:6789/0] -- mon_subscribe({config=0+,monmap=0+}) -- 0x7f4bcc19dfc0 con 0x7f4bcc107f80
2024-09-10T09:45:05.727 INFO:teuthology.orchestra.run.smithi077.stdout:/usr/bin/ceph: stderr
2024-09-10T09:45:03.862+0000 7f4bd1c00640 1 --2- 172.21.15.77:0/1267261649 >> [v2:172.21.15.77:3300/0,v1:172.21.15.77:6789/0] conn(0x7f4bcc107f80 0x7f4bcc19da80 secure :-1 s=READY pgs=71 cs=0 l=1 rev1=1 crypto rx=0x7f4bc00097f0 tx=0x7f4bc00327b0 comp rx=0 tx=0).ready entity=mon.0 client_cookie=0 server_cookie=0 in_seq=0 out_seq=0
2024-09-10T09:45:05.727 INFO:teuthology.orchestra.run.smithi077.stdout:/usr/bin/ceph: stderr
2024-09-10T09:45:03.863+0000 7f4bca000640 1 -- 172.21.15.77:0/1267261649 <== mon.0 v2:172.21.15.77:3300/0 1 ==== mon_map magic: 0 ==== 205+0+0 (secure 0 0 0) 0x7f4bc0037040 con 0x7f4bcc107f80
2024-09-10T09:45:05.727 INFO:teuthology.orchestra.run.smithi077.stdout:/usr/bin/ceph: stderr
2024-09-10T09:45:03.863+0000 7f4bca000640 1 -- 172.21.15.77:0/1267261649 <== mon.0 v2:172.21.15.77:3300/0 2 ==== config(27 keys) ==== 1140+0+0 (secure 0 0 0) 0x7f4bc0030cc0 con 0x7f4bcc107f80
2024-09-10T09:45:05.727 INFO:teuthology.orchestra.run.smithi077.stdout:/usr/bin/ceph: stderr
2024-09-10T09:45:03.863+0000 7f4bd4600640 1 -- 172.21.15.77:0/1267261649 --> [v2:172.21.15.77:3300/0,v1:172.21.15.77:6789/0] -- mon_subscribe({mgrmap=0+}) -- 0x7f4bcc19e250 con 0x7f4bcc107f80
2024-09-10T09:45:05.727 INFO:teuthology.orchestra.run.smithi077.stdout:/usr/bin/ceph: stderr
2024-09-10T09:45:03.863+0000 7f4bca000640 1 -- 172.21.15.77:0/1267261649 <== mon.0 v2:172.21.15.77:3300/0 3 ==== mon_map magic: 0 ==== 205+0+0 (secure 0 0 0) 0x7f4bc003a6b0 con 0x7f4bcc107f80
2024-09-10T09:45:05.727 INFO:teuthology.orchestra.run.smithi077.stdout:/usr/bin/ceph: stderr
2024-09-10T09:45:03.863+0000 7f4bd4600640 1 -- 172.21.15.77:0/1267261649 --> [v2:172.21.15.77:3300/0,v1:172.21.15.77:6789/0] -- mon_subscribe({osdmap=0}) -- 0x7f4bcc1a0ef0 con 0x7f4bcc107f80
2024-09-10T09:45:05.727 INFO:teuthology.orchestra.run.smithi077.stdout:/usr/bin/ceph: stderr
2024-09-10T09:45:03.864+0000 7f4bca000640 1 -- 172.21.15.77:0/1267261649 <== mon.0 v2:172.21.15.77:3300/0 4 ==== mgrmap(e 12) ==== 46300+0+0 (secure 0 0 0) 0x7f4bc003a850 con 0x7f4bcc107f80
2024-09-10T09:45:05.728 INFO:teuthology.orchestra.run.smithi077.stdout:/usr/bin/ceph: stderr
