2024-09-10T09:55:31.333+0000 7f5517cc0640 1 --2- >> [v2:172.21.15.71:3300/0,v1:172.21.15.71:6789/0] conn(0x7f5510076c40 0x7f5510104b00 unknown :-1 s=NONE pgs=0 cs=0 l=0 rev1=0 crypto rx=0 tx=0 comp rx=0 tx=0).connect
2024-09-10T09:55:32.208 INFO:teuthology.orchestra.run.smithi071.stdout:/usr/bin/ceph: stderr
2024-09-10T09:55:31.333+0000 7f5517cc0640 1 -- --> [v2:172.21.15.71:3300/0,v1:172.21.15.71:6789/0] -- mon_getmap magic: 0 v1 -- 0x7f5510105040 con 0x7f5510076c40
2024-09-10T09:55:32.208 INFO:teuthology.orchestra.run.smithi071.stdout:/usr/bin/ceph: stderr
2024-09-10T09:55:31.334+0000 7f5515a5c640 1 --2- >> [v2:172.21.15.71:3300/0,v1:172.21.15.71:6789/0] conn(0x7f5510076c40 0x7f5510104b00 unknown :-1 s=BANNER_CONNECTING pgs=0 cs=0 l=0 rev1=0 crypto rx=0 tx=0 comp rx=0 tx=0)._handle_peer_banner_payload supported=3 required=0
2024-09-10T09:55:32.209 INFO:teuthology.orchestra.run.smithi071.stdout:/usr/bin/ceph: stderr
2024-09-10T09:55:31.334+0000 7f5515a5c640 1 --2- >> [v2:172.21.15.71:3300/0,v1:172.21.15.71:6789/0] conn(0x7f5510076c40 0x7f5510104b00 unknown :-1 s=HELLO_CONNECTING pgs=0 cs=0 l=0 rev1=1 crypto rx=0 tx=0 comp rx=0 tx=0).handle_hello peer v2:172.21.15.71:3300/0 says I am v2:172.21.15.71:34426/0 (socket says 172.21.15.71:34426)
2024-09-10T09:55:32.209 INFO:teuthology.orchestra.run.smithi071.stdout:/usr/bin/ceph: stderr
2024-09-10T09:55:31.334+0000 7f5515a5c640 1 -- 172.21.15.71:0/4252699069 learned_addr learned my addr 172.21.15.71:0/4252699069 (peer_addr_for_me v2:172.21.15.71:0/0)
2024-09-10T09:55:32.209 INFO:teuthology.orchestra.run.smithi071.stdout:/usr/bin/ceph: stderr
2024-09-10T09:55:31.334+0000 7f5515a5c640 1 -- 172.21.15.71:0/4252699069 --> [v2:172.21.15.71:3300/0,v1:172.21.15.71:6789/0] -- mon_subscribe({config=0+,monmap=0+}) v3 -- 0x7f5510105180 con 0x7f5510076c40
2024-09-10T09:55:32.209 INFO:teuthology.orchestra.run.smithi071.stdout:/usr/bin/ceph: stderr
2024-09-10T09:55:31.335+0000 7f5515a5c640 1 --2- 172.21.15.71:0/4252699069 >> [v2:172.21.15.71:3300/0,v1:172.21.15.71:6789/0] conn(0x7f5510076c40 0x7f5510104b00 secure :-1 s=READY pgs=55 cs=0 l=1 rev1=1 crypto rx=0x7f550c009840 tx=0x7f550c0091d0 comp rx=0 tx=0).ready entity=mon.0 client_cookie=cb920450906dd212 server_cookie=0 in_seq=0 out_seq=0
2024-09-10T09:55:32.209 INFO:teuthology.orchestra.run.smithi071.stdout:/usr/bin/ceph: stderr
2024-09-10T09:55:31.335+0000 7f5514a5a640 1 -- 172.21.15.71:0/4252699069 <== mon.0 v2:172.21.15.71:3300/0 1 ==== mon_map magic: 0 v1 ==== 229+0+0 (secure 0 0 0) 0x7f550c032440 con 0x7f5510076c40
2024-09-10T09:55:32.209 INFO:teuthology.orchestra.run.smithi071.stdout:/usr/bin/ceph: stderr
2024-09-10T09:55:31.335+0000 7f5514a5a640 1 -- 172.21.15.71:0/4252699069 <== mon.0 v2:172.21.15.71:3300/0 2 ==== config(26 keys) v1 ==== 1070+0+0 (secure 0 0 0) 0x7f550c032a40 con 0x7f5510076c40
2024-09-10T09:55:32.209 INFO:teuthology.orchestra.run.smithi071.stdout:/usr/bin/ceph: stderr
2024-09-10T09:55:31.335+0000 7f5514a5a640 1 -- 172.21.15.71:0/4252699069 <== mon.0 v2:172.21.15.71:3300/0 3 ==== mon_map magic: 0 v1 ==== 229+0+0 (secure 0 0 0) 0x7f550c031a70 con 0x7f5510076c40
2024-09-10T09:55:32.209 INFO:teuthology.orchestra.run.smithi071.stdout:/usr/bin/ceph: stderr
2024-09-10T09:55:31.335+0000 7f5517cc0640 1 -- 172.21.15.71:0/4252699069 >> [v2:172.21.15.71:3300/0,v1:172.21.15.71:6789/0] conn(0x7f5510076c40 msgr2=0x7f5510104b00 secure :-1 s=STATE_CONNECTION_ESTABLISHED l=1).mark_down
2024-09-10T09:55:32.209 INFO:teuthology.orchestra.run.smithi071.stdout:/usr/bin/ceph: stderr
2024-09-10T09:55:31.335+0000 7f5517cc0640 1 --2- 172.21.15.71:0/4252699069 >> [v2:172.21.15.71:3300/0,v1:172.21.15.71:6789/0] conn(0x7f5510076c40 0x7f5510104b00 secure :-1 s=READY pgs=55 cs=0 l=1 rev1=1 crypto rx=0x7f550c009840 tx=0x7f550c0091d0 comp rx=0 tx=0).stop
2024-09-10T09:55:32.209 INFO:teuthology.orchestra.run.smithi071.stdout:/usr/bin/ceph: stderr
2024-09-10T09:55:31.335+0000 7f5517cc0640 1 -- 172.21.15.71:0/4252699069 shutdown_connections
2024-09-10T09:55:32.210 INFO:teuthology.orchestra.run.smithi071.stdout:/usr/bin/ceph: stderr
2024-09-10T09:55:31.335+0000 7f5517cc0640 1 --2- 172.21.15.71:0/4252699069 >> [v2:172.21.15.71:3300/0,v1:172.21.15.71:6789/0] conn(0x7f5510076c40 0x7f5510104b00 unknown :-1 s=CLOSED pgs=55 cs=0 l=1 rev1=1 crypto rx=0 tx=0 comp rx=0 tx=0).stop
2024-09-10T09:55:32.210 INFO:teuthology.orchestra.run.smithi071.stdout:/usr/bin/ceph: stderr
2024-09-10T09:55:31.335+0000 7f5517cc0640 1 -- 172.21.15.71:0/4252699069 >> 172.21.15.71:0/4252699069 conn(0x7f55100fc590 msgr2=0x7f55100fe9c0 unknown :-1 s=STATE_NONE l=0).mark_down
2024-09-10T09:55:32.210 INFO:teuthology.orchestra.run.smithi071.stdout:/usr/bin/ceph: stderr
2024-09-10T09:55:31.336+0000 7f5517cc0640 1 -- 172.21.15.71:0/4252699069 shutdown_connections
2024-09-10T09:55:32.210 INFO:teuthology.orchestra.run.smithi071.stdout:/usr/bin/ceph: stderr
2024-09-10T09:55:31.336+0000 7f5517cc0640 1 -- 172.21.15.71:0/4252699069 wait complete.
2024-09-10T09:55:32.210 INFO:teuthology.orchestra.run.smithi071.stdout:/usr/bin/ceph: stderr
2024-09-10T09:55:31.336+0000 7f5517cc0640 1 Processor -- start
2024-09-10T09:55:32.210 INFO:teuthology.orchestra.run.smithi071.stdout:/usr/bin/ceph: stderr
2024-09-10T09:55:31.336+0000 7f5517cc0640 1 -- start start
2024-09-10T09:55:32.210 INFO:teuthology.orchestra.run.smithi071.stdout:/usr/bin/ceph: stderr
2024-09-10T09:55:31.336+0000 7f5517cc0640 1 --2- >> [v2:172.21.15.71:3300/0,v1:172.21.15.71:6789/0] conn(0x7f5510076c40 0x7f5510110e60 unknown :-1 s=NONE pgs=0 cs=0 l=1 rev1=0 crypto rx=0 tx=0 comp rx=0 tx=0).connect
2024-09-10T09:55:32.210 INFO:teuthology.orchestra.run.smithi071.stdout:/usr/bin/ceph: stderr
2024-09-10T09:55:31.336+0000 7f5517cc0640 1 -- --> [v2:172.21.15.71:3300/0,v1:172.21.15.71:6789/0] -- mon_getmap magic: 0 v1 -- 0x7f55101113a0 con 0x7f5510076c40
2024-09-10T09:55:32.210 INFO:teuthology.orchestra.run.smithi071.stdout:/usr/bin/ceph: stderr
2024-09-10T09:55:31.337+0000 7f5515a5c640 1 --2- >> [v2:172.21.15.71:3300/0,v1:172.21.15.71:6789/0] conn(0x7f5510076c40 0x7f5510110e60 unknown :-1 s=BANNER_CONNECTING pgs=0 cs=0 l=1 rev1=0 crypto rx=0 tx=0 comp rx=0 tx=0)._handle_peer_banner_payload supported=3 required=0
2024-09-10T09:55:32.210 INFO:teuthology.orchestra.run.smithi071.stdout:/usr/bin/ceph: stderr
2024-09-10T09:55:31.337+0000 7f5515a5c640 1 --2- >> [v2:172.21.15.71:3300/0,v1:172.21.15.71:6789/0] conn(0x7f5510076c40 0x7f5510110e60 unknown :-1 s=HELLO_CONNECTING pgs=0 cs=0 l=1 rev1=1 crypto rx=0 tx=0 comp rx=0 tx=0).handle_hello peer v2:172.21.15.71:3300/0 says I am v2:172.21.15.71:34440/0 (socket says 172.21.15.71:34440)
2024-09-10T09:55:32.210 INFO:teuthology.orchestra.run.smithi071.stdout:/usr/bin/ceph: stderr
2024-09-10T09:55:31.337+0000 7f5515a5c640 1 -- 172.21.15.71:0/398186986 learned_addr learned my addr 172.21.15.71:0/398186986 (peer_addr_for_me v2:172.21.15.71:0/0)
2024-09-10T09:55:32.210 INFO:teuthology.orchestra.run.smithi071.stdout:/usr/bin/ceph: stderr
2024-09-10T09:55:31.337+0000 7f5515a5c640 1 -- 172.21.15.71:0/398186986 --> [v2:172.21.15.71:3300/0,v1:172.21.15.71:6789/0] -- mon_subscribe({config=0+,monmap=0+}) v3 -- 0x7f550c009450 con 0x7f5510076c40
2024-09-10T09:55:32.211 INFO:teuthology.orchestra.run.smithi071.stdout:/usr/bin/ceph: stderr
2024-09-10T09:55:31.337+0000 7f5515a5c640 1 --2- 172.21.15.71:0/398186986 >> [v2:172.21.15.71:3300/0,v1:172.21.15.71:6789/0] conn(0x7f5510076c40 0x7f5510110e60 secure :-1 s=READY pgs=56 cs=0 l=1 rev1=1 crypto rx=0x7f550c031750 tx=0x7f550c0091d0 comp rx=0 tx=0).ready entity=mon.0 client_cookie=0 server_cookie=0 in_seq=0 out_seq=0
2024-09-10T09:55:32.211 INFO:teuthology.orchestra.run.smithi071.stdout:/usr/bin/ceph: stderr
2024-09-10T09:55:31.341+0000 7f55067fc640 1 -- 172.21.15.71:0/398186986 <== mon.0 v2:172.21.15.71:3300/0 1 ==== mon_map magic: 0 v1 ==== 229+0+0 (secure 0 0 0) 0x7f550c03c400 con 0x7f5510076c40
2024-09-10T09:55:32.211 INFO:teuthology.orchestra.run.smithi071.stdout:/usr/bin/ceph: stderr
2024-09-10T09:55:31.341+0000 7f55067fc640 1 -- 172.21.15.71:0/398186986 <== mon.0 v2:172.21.15.71:3300/0 2 ==== config(26 keys) v1 ==== 1070+0+0 (secure 0 0 0) 0x7f550c03ca00 con 0x7f5510076c40
2024-09-10T09:55:32.211 INFO:teuthology.orchestra.run.smithi071.stdout:/usr/bin/ceph: stderr
2024-09-10T09:55:31.341+0000 7f5517cc0640 1 -- 172.21.15.71:0/398186986 --> [v2:172.21.15.71:3300/0,v1:172.21.15.71:6789/0] -- mon_subscribe({mgrmap=0+}) v3 -- 0x7f55101115a0 con 0x7f5510076c40
2024-09-10T09:55:32.211 INFO:teuthology.orchestra.run.smithi071.stdout:/usr/bin/ceph: stderr
2024-09-10T09:55:31.341+0000 7f55067fc640 1 -- 172.21.15.71:0/398186986 <== mon.0 v2:172.21.15.71:3300/0 3 ==== mon_map magic: 0 v1 ==== 229+0+0 (secure 0 0 0) 0x7f550c03a880 con 0x7f5510076c40
2024-09-10T09:55:32.211 INFO:teuthology.orchestra.run.smithi071.stdout:/usr/bin/ceph: stderr
2024-09-10T09:55:31.341+0000 7f5517cc0640 1 -- 172.21.15.71:0/398186986 --> [v2:172.21.15.71:3300/0,v1:172.21.15.71:6789/0] -- mon_subscribe({osdmap=0}) v3 -- 0x7f5510111ff0 con 0x7f5510076c40
2024-09-10T09:55:32.211 INFO:teuthology.orchestra.run.smithi071.stdout:/usr/bin/ceph: stderr
2024-09-10T09:55:31.342+0000 7f55067fc640 1 -- 172.21.15.71:0/398186986 <== mon.0 v2:172.21.15.71:3300/0 4 ==== mgrmap(e 8) v1 ==== 45507+0+0 (secure 0 0 0) 0x7f550c03aaf0 con 0x7f5510076c40
2024-09-10T09:55:32.211 INFO:teuthology.orchestra.run.smithi071.stdout:/usr/bin/ceph: stderr
2024-09-10T09:55:31.343+0000 7f55067fc640 1 --2- 172.21.15.71:0/398186986 >> [v2:172.21.15.71:6800/4098346293,v1:172.21.15.71:6801/4098346293] conn(0x7f54fc039490 0x7f54fc03b940 unknown :-1 s=NONE pgs=0 cs=0 l=1 rev1=0 crypto rx=0 tx=0 comp rx=0 tx=0).connect
2024-09-10T09:55:32.211 INFO:teuthology.orchestra.run.smithi071.stdout:/usr/bin/ceph: stderr
2024-09-10T09:55:31.343+0000 7f5517cc0640 1 -- 172.21.15.71:0/398186986 --> [v2:172.21.15.71:3300/0,v1:172.21.15.71:6789/0] -- mon_command({"prefix": "get_command_descriptions"} v 0) v1 -- 0x7f551005ed70 con 0x7f5510076c40
2024-09-10T09:55:32.211 INFO:teuthology.orchestra.run.smithi071.stdout:/usr/bin/ceph: stderr
2024-09-10T09:55:31.343+0000 7f55067fc640 1 -- 172.21.15.71:0/398186986 <== mon.0 v2:172.21.15.71:3300/0 5 ==== osd_map(2..2 src has 1..2) v4 ==== 936+0+0 (secure 0 0 0) 0x7f550c06cef0 con 0x7f5510076c40
2024-09-10T09:55:32.212 INFO:teuthology.orchestra.run.smithi071.stdout:/usr/bin/ceph: stderr
2024-09-10T09:55:31.343+0000 7f551525b640 1 --2- 172.21.15.71:0/398186986 >> [v2:172.21.15.71:6800/4098346293,v1:172.21.15.71:6801/4098346293] conn(0x7f54fc039490 0x7f54fc03b940 unknown :-1 s=BANNER_CONNECTING pgs=0 cs=0 l=1 rev1=0 crypto rx=0 tx=0 comp rx=0 tx=0)._handle_peer_banner_payload supported=3 required=0
2024-09-10T09:55:32.212 INFO:teuthology.orchestra.run.smithi071.stdout:/usr/bin/ceph: stderr
2024-09-10T09:55:31.343+0000 7f551525b640 1 --2- 172.21.15.71:0/398186986 >> [v2:172.21.15.71:6800/4098346293,v1:172.21.15.71:6801/4098346293] conn(0x7f54fc039490 0x7f54fc03b940 secure :-1 s=READY pgs=17 cs=0 l=1 rev1=1 crypto rx=0x7f550800ad90 tx=0x7f5508009410 comp rx=0 tx=0).ready entity=mgr.14118 client_cookie=0 server_cookie=0 in_seq=0 out_seq=0
2024-09-10T09:55:32.212 INFO:teuthology.orchestra.run.smithi071.stdout:/usr/bin/ceph: stderr
2024-09-10T09:55:31.351+0000 7f55067fc640 1 -- 172.21.15.71:0/398186986 <== mon.0 v2:172.21.15.71:3300/0 6 ==== mon_command_ack([{"prefix": "get_command_descriptions"}]=0 v0) v1 ==== 72+0+176781 (secure 0 0 0) 0x7f550c030340 con 0x7f5510076c40
2024-09-10T09:55:32.212 INFO:teuthology.orchestra.run.smithi071.stdout:/usr/bin/ceph: stderr
2024-09-10T09:55:31.548+0000 7f5517cc0640 1 -- 172.21.15.71:0/398186986 --> [v2:172.21.15.71:6800/4098346293,v1:172.21.15.71:6801/4098346293] -- mgr_command(tid 0: {"prefix": "orch apply", "service_type": "node-exporter", "target": ["mon-mgr", ""]}) v1 -- 0x7f55100fda10 con 0x7f54fc039490
2024-09-10T09:55:32.212 INFO:teuthology.orchestra.run.smithi071.stdout:/usr/bin/ceph: stderr
2024-09-10T09:55:31.555+0000 7f55067fc640 1 -- 172.21.15.71:0/398186986 <== mgr.14118 v2:172.21.15.71:6800/4098346293 1 ==== mgr_command_reply(tid 0: 0 ) v1 ==== 8+0+34 (secure 0 0 0) 0x7f55100fda10 con 0x7f54fc039490
2024-09-10T09:55:32.212 INFO:teuthology.orchestra.run.smithi071.stdout:/usr/bin/ceph: stderr
2024-09-10T09:55:31.557+0000 7f5517cc0640 1 -- 172.21.15.71:0/398186986 >> [v2:172.21.15.71:6800/4098346293,v1:172.21.15.71:6801/4098346293] conn(0x7f54fc039490 msgr2=0x7f54fc03b940 secure :-1 s=STATE_CONNECTION_ESTABLISHED l=1).mark_down
2024-09-10T09:55:32.212 INFO:teuthology.orchestra.run.smithi071.stdout:/usr/bin/ceph: stderr
2024-09-10T09:55:31.557+0000 7f5517cc0640 1 --2- 172.21.15.71:0/398186986 >> [v2:172.21.15.71:6800/4098346293,v1:172.21.15.71:6801/4098346293] conn(0x7f54fc039490 0x7f54fc03b940 secure :-1 s=READY pgs=17 cs=0 l=1 rev1=1 crypto rx=0x7f550800ad90 tx=0x7f5508009410 comp rx=0 tx=0).stop
2024-09-10T09:55:32.212 INFO:teuthology.orchestra.run.smithi071.stdout:/usr/bin/ceph: stderr
2024-09-10T09:55:31.557+0000 7f5517cc0640 1 -- 172.21.15.71:0/398186986 >> [v2:172.21.15.71:3300/0,v1:172.21.15.71:6789/0] conn(0x7f5510076c40 msgr2=0x7f5510110e60 secure :-1 s=STATE_CONNECTION_ESTABLISHED l=1).mark_down
2024-09-10T09:55:32.212 INFO:teuthology.orchestra.run.smithi071.stdout:/usr/bin/ceph: stderr
2024-09-10T09:55:31.557+0000 7f5517cc0640 1 --2- 172.21.15.71:0/398186986 >> [v2:172.21.15.71:3300/0,v1:172.21.15.71:6789/0] conn(0x7f5510076c40 0x7f5510110e60 secure :-1 s=READY pgs=56 cs=0 l=1 rev1=1 crypto rx=0x7f550c031750 tx=0x7f550c0091d0 comp rx=0 tx=0).stop
2024-09-10T09:55:32.212 INFO:teuthology.orchestra.run.smithi071.stdout:/usr/bin/ceph: stderr
2024-09-10T09:55:31.557+0000 7f5517cc0640 1 -- 172.21.15.71:0/398186986 shutdown_connections
2024-09-10T09:55:32.212 INFO:teuthology.orchestra.run.smithi071.stdout:/usr/bin/ceph: stderr
2024-09-10T09:55:31.557+0000 7f5517cc0640 1 --2- 172.21.15.71:0/398186986 >> [v2:172.21.15.71:6800/4098346293,v1:172.21.15.71:6801/4098346293] conn(0x7f54fc039490 0x7f54fc03b940 unknown :-1 s=CLOSED pgs=17 cs=0 l=1 rev1=1 crypto rx=0 tx=0 comp rx=0 tx=0).stop
2024-09-10T09:55:32.212 INFO:teuthology.orchestra.run.smithi071.stdout:/usr/bin/ceph: stderr
2024-09-10T09:55:31.557+0000 7f5517cc0640 1 --2- 172.21.15.71:0/398186986 >> [v2:172.21.15.71:3300/0,v1:172.21.15.71:6789/0] conn(0x7f5510076c40 0x7f5510110e60 unknown :-1 s=CLOSED pgs=56 cs=0 l=1 rev1=1 crypto rx=0 tx=0 comp rx=0 tx=0).stop
2024-09-10T09:55:32.212 INFO:teuthology.orchestra.run.smithi071.stdout:/usr/bin/ceph: stderr
2024-09-10T09:55:31.557+0000 7f5517cc0640 1 -- 172.21.15.71:0/398186986 >> 172.21.15.71:0/398186986 conn(0x7f55100fc590 msgr2=0x7f55100fd240 unknown :-1 s=STATE_NONE l=0).mark_down
2024-09-10T09:55:32.213 INFO:teuthology.orchestra.run.smithi071.stdout:/usr/bin/ceph: stderr
2024-09-10T09:55:31.557+0000 7f5517cc0640 1 -- 172.21.15.71:0/398186986 shutdown_connections
2024-09-10T09:55:32.213 INFO:teuthology.orchestra.run.smithi071.stdout:/usr/bin/ceph: stderr
2024-09-10T09:55:31.557+0000 7f5517cc0640 1 -- 172.21.15.71:0/398186986 wait complete.
2024-09-10T09:55:32.213 INFO:teuthology.orchestra.run.smithi071.stdout:Deploying alertmanager service with default placement...
2024-09-10T09:55:32.788 INFO:journalctl@ceph.mon.smithi071.smithi071.stdout:Sep 10 09:55:32 smithi071 ceph-mon[27559]: from='client.14150 -' entity='client.admin' cmd=[{"prefix": "orch apply", "service_type": "node-exporter", "target": ["mon-mgr", ""]}]: dispatch
2024-09-10T09:55:32.789 INFO:journalctl@ceph.mon.smithi071.smithi071.stdout:Sep 10 09:55:32 smithi071 ceph-mon[27559]: Saving service node-exporter spec with placement *
2024-09-10T09:55:32.789 INFO:journalctl@ceph.mon.smithi071.smithi071.stdout:Sep 10 09:55:32 smithi071 ceph-mon[27559]: from='mgr.14118 172.21.15.71:0/2269673378' entity='mgr.smithi071.gtqytr'
2024-09-10T09:55:32.789 INFO:journalctl@ceph.mon.smithi071.smithi071.stdout:Sep 10 09:55:32 smithi071 ceph-mon[27559]: pgmap v6: 0 pgs: ; 0 B data, 0 B used, 0 B / 0 B avail
2024-09-10T09:55:34.053 INFO:teuthology.orchestra.run.smithi071.stdout:/usr/bin/ceph: stdout Scheduled alertmanager update...
2024-09-10T09:55:34.053 INFO:teuthology.orchestra.run.smithi071.stdout:/usr/bin/ceph: stderr
2024-09-10T09:55:33.311+0000 7fabb4b23640 1 Processor -- start
2024-09-10T09:55:34.053 INFO:teuthology.orchestra.run.smithi071.stdout:/usr/bin/ceph: stderr
2024-09-10T09:55:33.311+0000 7fabb4b23640 1 -- start start
2024-09-10T09:55:34.053 INFO:teuthology.orchestra.run.smithi071.stdout:/usr/bin/ceph: stderr
2024-09-10T09:55:33.312+0000 7fabb4b23640 1 --2- >> [v2:172.21.15.71:3300/0,v1:172.21.15.71:6789/0] conn(0x7fabb0100e90 0x7fabb01012a0 unknown :-1 s=NONE pgs=0 cs=0 l=0 rev1=0 crypto rx=0 tx=0 comp rx=0 tx=0).connect
2024-09-10T09:55:34.053 INFO:teuthology.orchestra.run.smithi071.stdout:/usr/bin/ceph: stderr
2024-09-10T09:55:33.312+0000 7fabb4b23640 1 -- --> [v2:172.21.15.71:3300/0,v1:172.21.15.71:6789/0] -- mon_getmap magic: 0 v1 -- 0x7fabb01017e0 con 0x7fabb0100e90
2024-09-10T09:55:34.053 INFO:teuthology.orchestra.run.smithi071.stdout:/usr/bin/ceph: stderr
2024-09-10T09:55:33.312+0000 7fabae59c640 1 --2- >> [v2:172.21.15.71:3300/0,v1:172.21.15.71:6789/0] conn(0x7fabb0100e90 0x7fabb01012a0 unknown :-1 s=BANNER_CONNECTING pgs=0 cs=0 l=0 rev1=0 crypto rx=0 tx=0 comp rx=0 tx=0)._handle_peer_banner_payload supported=3 required=0
2024-09-10T09:55:34.053 INFO:teuthology.orchestra.run.smithi071.stdout:/usr/bin/ceph: stderr
2024-09-10T09:55:33.312+0000 7fabae59c640 1 --2- >> [v2:172.21.15.71:3300/0,v1:172.21.15.71:6789/0] conn(0x7fabb0100e90 0x7fabb01012a0 unknown :-1 s=HELLO_CONNECTING pgs=0 cs=0 l=0 rev1=1 crypto rx=0 tx=0 comp rx=0 tx=0).handle_hello peer v2:172.21.15.71:3300/0 says I am v2:172.21.15.71:40902/0 (socket says 172.21.15.71:40902)
2024-09-10T09:55:34.053 INFO:teuthology.orchestra.run.smithi071.stdout:/usr/bin/ceph: stderr
2024-09-10T09:55:33.312+0000 7fabae59c640 1 -- 172.21.15.71:0/3587347693 learned_addr learned my addr 172.21.15.71:0/3587347693 (peer_addr_for_me v2:172.21.15.71:0/0)
2024-09-10T09:55:34.053 INFO:teuthology.orchestra.run.smithi071.stdout:/usr/bin/ceph: stderr
2024-09-10T09:55:33.312+0000 7fabae59c640 1 -- 172.21.15.71:0/3587347693 --> [v2:172.21.15.71:3300/0,v1:172.21.15.71:6789/0] -- mon_subscribe({config=0+,monmap=0+}) v3 -- 0x7fabb0101920 con 0x7fabb0100e90
2024-09-10T09:55:34.053 INFO:teuthology.orchestra.run.smithi071.stdout:/usr/bin/ceph: stderr
2024-09-10T09:55:33.313+0000 7fabae59c640 1 --2- 172.21.15.71:0/3587347693 >> [v2:172.21.15.71:3300/0,v1:172.21.15.71:6789/0] conn(0x7fabb0100e90 0x7fabb01012a0 secure :-1 s=READY pgs=57 cs=0 l=1 rev1=1 crypto rx=0x7faba000d0d0 tx=0x7faba000ba50 comp rx=0 tx=0).ready entity=mon.0 client_cookie=7d8874b11d2a58d2 server_cookie=0 in_seq=0 out_seq=0
2024-09-10T09:55:34.053 INFO:teuthology.orchestra.run.smithi071.stdout:/usr/bin/ceph: stderr
2024-09-10T09:55:33.313+0000 7fabad59a640 1 -- 172.21.15.71:0/3587347693 <== mon.0 v2:172.21.15.71:3300/0 1 ==== mon_map magic: 0 v1 ==== 229+0+0 (secure 0 0 0) 0x7faba000b440 con 0x7fabb0100e90
2024-09-10T09:55:34.053 INFO:teuthology.orchestra.run.smithi071.stdout:/usr/bin/ceph: stderr
2024-09-10T09:55:33.313+0000 7fabad59a640 1 -- 172.21.15.71:0/3587347693 <== mon.0 v2:172.21.15.71:3300/0 2 ==== config(26 keys) v1 ==== 1070+0+0 (secure 0 0 0) 0x7faba0009ab0 con 0x7fabb0100e90
2024-09-10T09:55:34.054 INFO:teuthology.orchestra.run.smithi071.stdout:/usr/bin/ceph: stderr
2024-09-10T09:55:33.313+0000 7fabad59a640 1 -- 172.21.15.71:0/3587347693 <== mon.0 v2:172.21.15.71:3300/0 3 ==== mon_map magic: 0 v1 ==== 229+0+0 (secure 0 0 0) 0x7faba0031b90 con 0x7fabb0100e90
2024-09-10T09:55:34.054 INFO:teuthology.orchestra.run.smithi071.stdout:/usr/bin/ceph: stderr
2024-09-10T09:55:33.313+0000 7fabb4b23640 1 -- 172.21.15.71:0/3587347693 >> [v2:172.21.15.71:3300/0,v1:172.21.15.71:6789/0] conn(0x7fabb0100e90 msgr2=0x7fabb01012a0 secure :-1 s=STATE_CONNECTION_ESTABLISHED l=1).mark_down
2024-09-10T09:55:34.054 INFO:teuthology.orchestra.run.smithi071.stdout:/usr/bin/ceph: stderr
2024-09-10T09:55:33.313+0000 7fabb4b23640 1 --2- 172.21.15.71:0/3587347693 >> [v2:172.21.15.71:3300/0,v1:172.21.15.71:6789/0] conn(0x7fabb0100e90 0x7fabb01012a0 secure :-1 s=READY pgs=57 cs=0 l=1 rev1=1 crypto rx=0x7faba000d0d0 tx=0x7faba000ba50 comp rx=0 tx=0).stop
2024-09-10T09:55:34.054 INFO:teuthology.orchestra.run.smithi071.stdout:/usr/bin/ceph: stderr
2024-09-10T09:55:33.314+0000 7fabb4b23640 1 -- 172.21.15.71:0/3587347693 shutdown_connections
2024-09-10T09:55:34.054 INFO:teuthology.orchestra.run.smithi071.stdout:/usr/bin/ceph: stderr
2024-09-10T09:55:33.314+0000 7fabb4b23640 1 --2- 172.21.15.71:0/3587347693 >> [v2:172.21.15.71:3300/0,v1:172.21.15.71:6789/0] conn(0x7fabb0100e90 0x7fabb01012a0 unknown :-1 s=CLOSED pgs=57 cs=0 l=1 rev1=1 crypto rx=0 tx=0 comp rx=0 tx=0).stop
2024-09-10T09:55:34.054 INFO:teuthology.orchestra.run.smithi071.stdout:/usr/bin/ceph: stderr
2024-09-10T09:55:33.314+0000 7fabb4b23640 1 -- 172.21.15.71:0/3587347693 >> 172.21.15.71:0/3587347693 conn(0x7fabb00fc6d0 msgr2=0x7fabb00feb20 unknown :-1 s=STATE_NONE l=0).mark_down
2024-09-10T09:55:34.054 INFO:teuthology.orchestra.run.smithi071.stdout:/usr/bin/ceph: stderr
2024-09-10T09:55:33.314+0000 7fabb4b23640 1 -- 172.21.15.71:0/3587347693 shutdown_connections
2024-09-10T09:55:34.054 INFO:teuthology.orchestra.run.smithi071.stdout:/usr/bin/ceph: stderr
2024-09-10T09:55:33.314+0000 7fabb4b23640 1 -- 172.21.15.71:0/3587347693 wait complete.
2024-09-10T09:55:34.054 INFO:teuthology.orchestra.run.smithi071.stdout:/usr/bin/ceph: stderr
2024-09-10T09:55:33.314+0000 7fabb4b23640 1 Processor -- start
2024-09-10T09:55:34.054 INFO:teuthology.orchestra.run.smithi071.stdout:/usr/bin/ceph: stderr
2024-09-10T09:55:33.314+0000 7fabb4b23640 1 -- start start
2024-09-10T09:55:34.054 INFO:teuthology.orchestra.run.smithi071.stdout:/usr/bin/ceph: stderr
2024-09-10T09:55:33.314+0000 7fabb4b23640 1 --2- >> [v2:172.21.15.71:3300/0,v1:172.21.15.71:6789/0] conn(0x7fabb0100e90 0x7fabb010ebd0 unknown :-1 s=NONE pgs=0 cs=0 l=1 rev1=0 crypto rx=0 tx=0 comp rx=0 tx=0).connect
2024-09-10T09:55:34.054 INFO:teuthology.orchestra.run.smithi071.stdout:/usr/bin/ceph: stderr
2024-09-10T09:55:33.314+0000 7fabb4b23640 1 -- --> [v2:172.21.15.71:3300/0,v1:172.21.15.71:6789/0] -- mon_getmap magic: 0 v1 -- 0x7fabb010f110 con 0x7fabb0100e90
2024-09-10T09:55:34.054 INFO:teuthology.orchestra.run.smithi071.stdout:/usr/bin/ceph: stderr
2024-09-10T09:55:33.314+0000 7fabae59c640 1 --2- >> [v2:172.21.15.71:3300/0,v1:172.21.15.71:6789/0] conn(0x7fabb0100e90 0x7fabb010ebd0 unknown :-1 s=BANNER_CONNECTING pgs=0 cs=0 l=1 rev1=0 crypto rx=0 tx=0 comp rx=0 tx=0)._handle_peer_banner_payload supported=3 required=0
2024-09-10T09:55:34.055 INFO:teuthology.orchestra.run.smithi071.stdout:/usr/bin/ceph: stderr
2024-09-10T09:55:33.314+0000 7fabae59c640 1 --2- >> [v2:172.21.15.71:3300/0,v1:172.21.15.71:6789/0] conn(0x7fabb0100e90 0x7fabb010ebd0 unknown :-1 s=HELLO_CONNECTING pgs=0 cs=0 l=1 rev1=1 crypto rx=0 tx=0 comp rx=0 tx=0).handle_hello peer v2:172.21.15.71:3300/0 says I am v2:172.21.15.71:40916/0 (socket says 172.21.15.71:40916)
2024-09-10T09:55:34.055 INFO:teuthology.orchestra.run.smithi071.stdout:/usr/bin/ceph: stderr
2024-09-10T09:55:33.314+0000 7fabae59c640 1 -- 172.21.15.71:0/2947320069 learned_addr learned my addr 172.21.15.71:0/2947320069 (peer_addr_for_me v2:172.21.15.71:0/0)
2024-09-10T09:55:34.055 INFO:teuthology.orchestra.run.smithi071.stdout:/usr/bin/ceph: stderr
2024-09-10T09:55:33.315+0000 7fabae59c640 1 -- 172.21.15.71:0/2947320069 --> [v2:172.21.15.71:3300/0,v1:172.21.15.71:6789/0] -- mon_subscribe({config=0+,monmap=0+}) v3 -- 0x7faba000bcf0 con 0x7fabb0100e90
2024-09-10T09:55:34.055 INFO:teuthology.orchestra.run.smithi071.stdout:/usr/bin/ceph: stderr
2024-09-10T09:55:33.315+0000 7fabae59c640 1 --2- 172.21.15.71:0/2947320069 >> [v2:172.21.15.71:3300/0,v1:172.21.15.71:6789/0] conn(0x7fabb0100e90 0x7fabb010ebd0 secure :-1 s=READY pgs=58 cs=0 l=1 rev1=1 crypto rx=0x7faba0007030 tx=0x7faba000ba50 comp rx=0 tx=0).ready entity=mon.0 client_cookie=0 server_cookie=0 in_seq=0 out_seq=0
2024-09-10T09:55:34.055 INFO:teuthology.orchestra.run.smithi071.stdout:/usr/bin/ceph: stderr
2024-09-10T09:55:33.315+0000 7faba6ffd640 1 -- 172.21.15.71:0/2947320069 <== mon.0 v2:172.21.15.71:3300/0 1 ==== mon_map magic: 0 v1 ==== 229+0+0 (secure 0 0 0) 0x7faba003a420 con 0x7fabb0100e90
2024-09-10T09:55:34.055 INFO:teuthology.orchestra.run.smithi071.stdout:/usr/bin/ceph: stderr
2024-09-10T09:55:33.315+0000 7faba6ffd640 1 -- 172.21.15.71:0/2947320069 <== mon.0 v2:172.21.15.71:3300/0 2 ==== config(26 keys) v1 ==== 1070+0+0 (secure 0 0 0) 0x7faba003aa20 con 0x7fabb0100e90
2024-09-10T09:55:34.055 INFO:teuthology.orchestra.run.smithi071.stdout:/usr/bin/ceph: stderr
2024-09-10T09:55:33.315+0000 7faba6ffd640 1 -- 172.21.15.71:0/2947320069 <== mon.0 v2:172.21.15.71:3300/0 3 ==== mon_map magic: 0 v1 ==== 229+0+0 (secure 0 0 0) 0x7faba00459d0 con 0x7fabb0100e90
2024-09-10T09:55:34.055 INFO:teuthology.orchestra.run.smithi071.stdout:/usr/bin/ceph: stderr
2024-09-10T09:55:33.315+0000 7fabb4b23640 1 -- 172.21.15.71:0/2947320069 --> [v2:172.21.15.71:3300/0,v1:172.21.15.71:6789/0] -- mon_subscribe({mgrmap=0+}) v3 -- 0x7fabb010f310 con 0x7fabb0100e90
2024-09-10T09:55:34.055 INFO:teuthology.orchestra.run.smithi071.stdout:/usr/bin/ceph: stderr
2024-09-10T09:55:33.315+0000 7fabb4b23640 1 -- 172.21.15.71:0/2947320069 --> [v2:172.21.15.71:3300/0,v1:172.21.15.71:6789/0] -- mon_subscribe({osdmap=0}) v3 -- 0x7fabb010f780 con 0x7fabb0100e90
2024-09-10T09:55:34.055 INFO:teuthology.orchestra.run.smithi071.stdout:/usr/bin/ceph: stderr
2024-09-10T09:55:33.316+0000 7faba6ffd640 1 -- 172.21.15.71:0/2947320069 <== mon.0 v2:172.21.15.71:3300/0 4 ==== mgrmap(e 8) v1 ==== 45507+0+0 (secure 0 0 0) 0x7faba003ab90 con 0x7fabb0100e90
2024-09-10T09:55:34.055 INFO:teuthology.orchestra.run.smithi071.stdout:/usr/bin/ceph: stderr
2024-09-10T09:55:33.316+0000 7faba6ffd640 1 --2- 172.21.15.71:0/2947320069 >> [v2:172.21.15.71:6800/4098346293,v1:172.21.15.71:6801/4098346293] conn(0x7fab9c0394e0 0x7fab9c03b990 unknown :-1 s=NONE pgs=0 cs=0 l=1 rev1=0 crypto rx=0 tx=0 comp rx=0 tx=0).connect
2024-09-10T09:55:34.055 INFO:teuthology.orchestra.run.smithi071.stdout:/usr/bin/ceph: stderr
2024-09-10T09:55:33.316+0000 7fabb4b23640 1 -- 172.21.15.71:0/2947320069 --> [v2:172.21.15.71:3300/0,v1:172.21.15.71:6789/0] -- mon_command({"prefix": "get_command_descriptions"} v 0) v1 -- 0x7fabb004b720 con 0x7fabb0100e90
2024-09-10T09:55:34.055 INFO:teuthology.orchestra.run.smithi071.stdout:/usr/bin/ceph: stderr
2024-09-10T09:55:33.316+0000 7faba6ffd640 1 -- 172.21.15.71:0/2947320069 <== mon.0 v2:172.21.15.71:3300/0 5 ==== osd_map(2..2 src has 1..2) v4 ==== 936+0+0 (secure 0 0 0) 0x7faba006f6b0 con 0x7fabb0100e90
2024-09-10T09:55:34.055 INFO:teuthology.orchestra.run.smithi071.stdout:/usr/bin/ceph: stderr
2024-09-10T09:55:33.316+0000 7fabadd9b640 1 --2- 172.21.15.71:0/2947320069 >> [v2:172.21.15.71:6800/4098346293,v1:172.21.15.71:6801/4098346293] conn(0x7fab9c0394e0 0x7fab9c03b990 unknown :-1 s=BANNER_CONNECTING pgs=0 cs=0 l=1 rev1=0 crypto rx=0 tx=0 comp rx=0 tx=0)._handle_peer_banner_payload supported=3 required=0
2024-09-10T09:55:34.056 INFO:teuthology.orchestra.run.smithi071.stdout:/usr/bin/ceph: stderr
2024-09-10T09:55:33.317+0000 7fabadd9b640 1 --2- 172.21.15.71:0/2947320069 >> [v2:172.21.15.71:6800/4098346293,v1:172.21.15.71:6801/4098346293] conn(0x7fab9c0394e0 0x7fab9c03b990 secure :-1 s=READY pgs=18 cs=0 l=1 rev1=1 crypto rx=0x7fab98006fd0 tx=0x7fab98006db0 comp rx=0 tx=0).ready entity=mgr.14118 client_cookie=0 server_cookie=0 in_seq=0 out_seq=0
2024-09-10T09:55:34.056 INFO:teuthology.orchestra.run.smithi071.stdout:/usr/bin/ceph: stderr
2024-09-10T09:55:33.321+0000 7faba6ffd640 1 -- 172.21.15.71:0/2947320069 <== mon.0 v2:172.21.15.71:3300/0 6 ==== mon_command_ack([{"prefix": "get_command_descriptions"}]=0 v0) v1 ==== 72+0+176781 (secure 0 0 0) 0x7faba0035070 con 0x7fabb0100e90
2024-09-10T09:55:34.056 INFO:teuthology.orchestra.run.smithi071.stdout:/usr/bin/ceph: stderr
2024-09-10T09:55:33.484+0000 7fabb4b23640 1 -- 172.21.15.71:0/2947320069 --> [v2:172.21.15.71:6800/4098346293,v1:172.21.15.71:6801/4098346293] -- mgr_command(tid 0: {"prefix": "orch apply", "service_type": "alertmanager", "target": ["mon-mgr", ""]}) v1 -- 0x7fabb0110130 con 0x7fab9c0394e0
2024-09-10T09:55:34.056 INFO:teuthology.orchestra.run.smithi071.stdout:/usr/bin/ceph: stderr
2024-09-10T09:55:33.489+0000 7faba6ffd640 1 -- 172.21.15.71:0/2947320069 <== mgr.14118 v2:172.21.15.71:6800/4098346293 1 ==== mgr_command_reply(tid 0: 0 ) v1 ==== 8+0+33 (secure 0 0 0) 0x7fabb0110130 con 0x7fab9c0394e0
2024-09-10T09:55:34.056 INFO:teuthology.orchestra.run.smithi071.stdout:/usr/bin/ceph: stderr
2024-09-10T09:55:33.491+0000 7fabb4b23640 1 -- 172.21.15.71:0/2947320069 >> [v2:172.21.15.71:6800/4098346293,v1:172.21.15.71:6801/4098346293] conn(0x7fab9c0394e0 msgr2=0x7fab9c03b990 secure :-1 s=STATE_CONNECTION_ESTABLISHED l=1).mark_down
2024-09-10T09:55:34.056 INFO:teuthology.orchestra.run.smithi071.stdout:/usr/bin/ceph: stderr
2024-09-10T09:55:33.491+0000 7fabb4b23640 1 --2- 172.21.15.71:0/2947320069 >> [v2:172.21.15.71:6800/4098346293,v1:172.21.15.71:6801/4098346293] conn(0x7fab9c0394e0 0x7fab9c03b990 secure :-1 s=READY pgs=18 cs=0 l=1 rev1=1 crypto rx=0x7fab98006fd0 tx=0x7fab98006db0 comp rx=0 tx=0).stop
2024-09-10T09:55:34.056 INFO:teuthology.orchestra.run.smithi071.stdout:/usr/bin/ceph: stderr
2024-09-10T09:55:33.491+0000 7fabb4b23640 1 -- 172.21.15.71:0/2947320069 >> [v2:172.21.15.71:3300/0,v1:172.21.15.71:6789/0] conn(0x7fabb0100e90 msgr2=0x7fabb010ebd0 secure :-1 s=STATE_CONNECTION_ESTABLISHED l=1).mark_down
2024-09-10T09:55:34.056 INFO:teuthology.orchestra.run.smithi071.stdout:/usr/bin/ceph: stderr
2024-09-10T09:55:33.491+0000 7fabb4b23640 1 --2- 172.21.15.71:0/2947320069 >> [v2:172.21.15.71:3300/0,v1:172.21.15.71:6789/0] conn(0x7fabb0100e90 0x7fabb010ebd0 secure :-1 s=READY pgs=58 cs=0 l=1 rev1=1 crypto rx=0x7faba0007030 tx=0x7faba000ba50 comp rx=0 tx=0).stop
2024-09-10T09:55:34.056 INFO:teuthology.orchestra.run.smithi071.stdout:/usr/bin/ceph: stderr
2024-09-10T09:55:33.491+0000 7fabb4b23640 1 -- 172.21.15.71:0/2947320069 shutdown_connections
2024-09-10T09:55:34.056 INFO:teuthology.orchestra.run.smithi071.stdout:/usr/bin/ceph: stderr
2024-09-10T09:55:33.491+0000 7fabb4b23640 1 --2- 172.21.15.71:0/2947320069 >> [v2:172.21.15.71:6800/4098346293,v1:172.21.15.71:6801/4098346293] conn(0x7fab9c0394e0 0x7fab9c03b990 unknown :-1 s=CLOSED pgs=18 cs=0 l=1 rev1=1 crypto rx=0 tx=0 comp rx=0 tx=0).stop
2024-09-10T09:55:34.056 INFO:teuthology.orchestra.run.smithi071.stdout:/usr/bin/ceph: stderr
2024-09-10T09:55:33.491+0000 7fabb4b23640 1 --2- 172.21.15.71:0/2947320069 >> [v2:172.21.15.71:3300/0,v1:172.21.15.71:6789/0] conn(0x7fabb0100e90 0x7fabb010ebd0 unknown :-1 s=CLOSED pgs=58 cs=0 l=1 rev1=1 crypto rx=0 tx=0 comp rx=0 tx=0).stop
2024-09-10T09:55:34.056 INFO:teuthology.orchestra.run.smithi071.stdout:/usr/bin/ceph: stderr
2024-09-10T09:55:33.491+0000 7fabb4b23640 1 -- 172.21.15.71:0/2947320069 >> 172.21.15.71:0/2947320069 conn(0x7fabb00fc6d0 msgr2=0x7fabb0105430 unknown :-1 s=STATE_NONE l=0).mark_down
2024-09-10T09:55:34.056 INFO:teuthology.orchestra.run.smithi071.stdout:/usr/bin/ceph: stderr
2024-09-10T09:55:33.491+0000 7fabb4b23640 1 -- 172.21.15.71:0/2947320069 shutdown_connections
2024-09-10T09:55:34.057 INFO:teuthology.orchestra.run.smithi071.stdout:/usr/bin/ceph: stderr
2024-09-10T09:55:33.491+0000 7fabb4b23640 1 -- 172.21.15.71:0/2947320069 wait complete.
2024-09-10T09:55:34.624 INFO:journalctl@ceph.mon.smithi071.smithi071.stdout:Sep 10 09:55:34 smithi071 ceph-mon[27559]: from='client.14152 -' entity='client.admin' cmd=[{"prefix": "orch apply", "service_type": "alertmanager", "target": ["mon-mgr", ""]}]: dispatch
2024-09-10T09:55:34.624 INFO:journalctl@ceph.mon.smithi071.smithi071.stdout:Sep 10 09:55:34 smithi071 ceph-mon[27559]: Saving service alertmanager spec with placement count:1
2024-09-10T09:55:34.624 INFO:journalctl@ceph.mon.smithi071.smithi071.stdout:Sep 10 09:55:34 smithi071 ceph-mon[27559]: from='mgr.14118 172.21.15.71:0/2269673378' entity='mgr.smithi071.gtqytr'
2024-09-10T09:55:35.159 INFO:teuthology.orchestra.run.smithi071.stdout:/usr/bin/ceph: stderr
2024-09-10T09:55:34.453+0000 7fe9a7790640 1 Processor -- start
2024-09-10T09:55:35.159 INFO:teuthology.orchestra.run.smithi071.stdout:/usr/bin/ceph: stderr
2024-09-10T09:55:34.453+0000 7fe9a7790640 1 -- start start
2024-09-10T09:55:35.159 INFO:teuthology.orchestra.run.smithi071.stdout:/usr/bin/ceph: stderr
2024-09-10T09:55:34.453+0000 7fe9a7790640 1 --2- >> [v2:172.21.15.71:3300/0,v1:172.21.15.71:6789/0] conn(0x7fe9a0078b00 0x7fe9a0077210 unknown :-1 s=NONE pgs=0 cs=0 l=0 rev1=0 crypto rx=0 tx=0 comp rx=0 tx=0).connect
2024-09-10T09:55:35.159 INFO:teuthology.orchestra.run.smithi071.stdout:/usr/bin/ceph: stderr
2024-09-10T09:55:34.453+0000 7fe9a7790640 1 -- --> [v2:172.21.15.71:3300/0,v1:172.21.15.71:6789/0] -- mon_getmap magic: 0 v1 -- 0x7fe9a0078fa0 con 0x7fe9a0078b00
2024-09-10T09:55:35.160 INFO:teuthology.orchestra.run.smithi071.stdout:/usr/bin/ceph: stderr
2024-09-10T09:55:34.453+0000 7fe9a552c640 1 --2- >> [v2:172.21.15.71:3300/0,v1:172.21.15.71:6789/0] conn(0x7fe9a0078b00 0x7fe9a0077210 unknown :-1 s=BANNER_CONNECTING pgs=0 cs=0 l=0 rev1=0 crypto rx=0 tx=0 comp rx=0 tx=0)._handle_peer_banner_payload supported=3 required=0
2024-09-10T09:55:35.160 INFO:teuthology.orchestra.run.smithi071.stdout:/usr/bin/ceph: stderr
2024-09-10T09:55:34.453+0000 7fe9a552c640 1 --2- >> [v2:172.21.15.71:3300/0,v1:172.21.15.71:6789/0] conn(0x7fe9a0078b00 0x7fe9a0077210 unknown :-1 s=HELLO_CONNECTING pgs=0 cs=0 l=0 rev1=1 crypto rx=0 tx=0 comp rx=0 tx=0).handle_hello peer v2:172.21.15.71:3300/0 says I am v2:172.21.15.71:40920/0 (socket says 172.21.15.71:40920)
2024-09-10T09:55:35.160 INFO:teuthology.orchestra.run.smithi071.stdout:/usr/bin/ceph: stderr
2024-09-10T09:55:34.453+0000 7fe9a552c640 1 -- 172.21.15.71:0/2000003334 learned_addr learned my addr 172.21.15.71:0/2000003334 (peer_addr_for_me v2:172.21.15.71:0/0)
2024-09-10T09:55:35.160 INFO:teuthology.orchestra.run.smithi071.stdout:/usr/bin/ceph: stderr
2024-09-10T09:55:34.453+0000 7fe9a552c640 1 -- 172.21.15.71:0/2000003334 --> [v2:172.21.15.71:3300/0,v1:172.21.15.71:6789/0] -- mon_subscribe({config=0+,monmap=0+}) v3 -- 0x7fe9a00790e0 con 0x7fe9a0078b00
2024-09-10T09:55:35.160 INFO:teuthology.orchestra.run.smithi071.stdout:/usr/bin/ceph: stderr
2024-09-10T09:55:34.454+0000 7fe9a552c640 1 --2- 172.21.15.71:0/2000003334 >> [v2:172.21.15.71:3300/0,v1:172.21.15.71:6789/0] conn(0x7fe9a0078b00 0x7fe9a0077210 secure :-1 s=READY pgs=59 cs=0 l=1 rev1=1 crypto rx=0x7fe99c009840 tx=0x7fe99c0091d0 comp rx=0 tx=0).ready entity=mon.0 client_cookie=b45bc5ff18de0f7 server_cookie=0 in_seq=0 out_seq=0
2024-09-10T09:55:35.160 INFO:teuthology.orchestra.run.smithi071.stdout:/usr/bin/ceph: stderr
2024-09-10T09:55:34.454+0000 7fe993fff640 1 -- 172.21.15.71:0/2000003334 <== mon.0 v2:172.21.15.71:3300/0 1 ==== mon_map magic: 0 v1 ==== 229+0+0 (secure 0 0 0) 0x7fe99c032440 con 0x7fe9a0078b00
2024-09-10T09:55:35.160 INFO:teuthology.orchestra.run.smithi071.stdout:/usr/bin/ceph: stderr
2024-09-10T09:55:34.454+0000 7fe993fff640 1 -- 172.21.15.71:0/2000003334 <== mon.0 v2:172.21.15.71:3300/0 2 ==== config(26 keys) v1 ==== 1070+0+0 (secure 0 0 0) 0x7fe99c032a40 con 0x7fe9a0078b00
2024-09-10T09:55:35.160 INFO:teuthology.orchestra.run.smithi071.stdout:/usr/bin/ceph: stderr
2024-09-10T09:55:34.454+0000 7fe993fff640 1 -- 172.21.15.71:0/2000003334 <== mon.0 v2:172.21.15.71:3300/0 3 ==== mon_map magic: 0 v1 ==== 229+0+0 (secure 0 0 0) 0x7fe99c031a70 con 0x7fe9a0078b00
2024-09-10T09:55:35.160 INFO:teuthology.orchestra.run.smithi071.stdout:/usr/bin/ceph: stderr
2024-09-10T09:55:34.455+0000 7fe9a7790640 1 -- 172.21.15.71:0/2000003334 >> [v2:172.21.15.71:3300/0,v1:172.21.15.71:6789/0] conn(0x7fe9a0078b00 msgr2=0x7fe9a0077210 secure :-1 s=STATE_CONNECTION_ESTABLISHED l=1).mark_down
2024-09-10T09:55:35.160 INFO:teuthology.orchestra.run.smithi071.stdout:/usr/bin/ceph: stderr
2024-09-10T09:55:34.455+0000 7fe9a7790640 1 --2- 172.21.15.71:0/2000003334 >> [v2:172.21.15.71:3300/0,v1:172.21.15.71:6789/0] conn(0x7fe9a0078b00 0x7fe9a0077210 secure :-1 s=READY pgs=59 cs=0 l=1 rev1=1 crypto rx=0x7fe99c009840 tx=0x7fe99c0091d0 comp rx=0 tx=0).stop
2024-09-10T09:55:35.160 INFO:teuthology.orchestra.run.smithi071.stdout:/usr/bin/ceph: stderr
2024-09-10T09:55:34.455+0000 7fe9a7790640 1 -- 172.21.15.71:0/2000003334 shutdown_connections
2024-09-10T09:55:35.160 INFO:teuthology.orchestra.run.smithi071.stdout:/usr/bin/ceph: stderr
2024-09-10T09:55:34.455+0000 7fe9a7790640 1 --2- 172.21.15.71:0/2000003334 >> [v2:172.21.15.71:3300/0,v1:172.21.15.71:6789/0] conn(0x7fe9a0078b00 0x7fe9a0077210 unknown :-1 s=CLOSED pgs=59 cs=0 l=1 rev1=1 crypto rx=0 tx=0 comp rx=0 tx=0).stop
2024-09-10T09:55:35.160 INFO:teuthology.orchestra.run.smithi071.stdout:/usr/bin/ceph: stderr
2024-09-10T09:55:34.455+0000 7fe9a7790640 1 -- 172.21.15.71:0/2000003334 >> 172.21.15.71:0/2000003334 conn(0x7fe9a00fd850 msgr2=0x7fe9a00ffca0 unknown :-1 s=STATE_NONE l=0).mark_down
2024-09-10T09:55:35.160 INFO:teuthology.orchestra.run.smithi071.stdout:/usr/bin/ceph: stderr
2024-09-10T09:55:34.455+0000 7fe9a7790640 1 -- 172.21.15.71:0/2000003334 shutdown_connections
2024-09-10T09:55:35.161 INFO:teuthology.orchestra.run.smithi071.stdout:/usr/bin/ceph: stderr
2024-09-10T09:55:34.455+0000 7fe9a7790640 1 -- 172.21.15.71:0/2000003334 wait complete.
2024-09-10T09:55:35.161 INFO:teuthology.orchestra.run.smithi071.stdout:/usr/bin/ceph: stderr
2024-09-10T09:55:34.455+0000 7fe9a7790640 1 Processor -- start
2024-09-10T09:55:35.161 INFO:teuthology.orchestra.run.smithi071.stdout:/usr/bin/ceph: stderr
2024-09-10T09:55:34.456+0000 7fe9a7790640 1 -- start start
2024-09-10T09:55:35.161 INFO:teuthology.orchestra.run.smithi071.stdout:/usr/bin/ceph: stderr
2024-09-10T09:55:34.456+0000 7fe9a7790640 1 --2- >> [v2:172.21.15.71:3300/0,v1:172.21.15.71:6789/0] conn(0x7fe9a0078b00 0x7fe9a0112fe0 unknown :-1 s=NONE pgs=0 cs=0 l=1 rev1=0 crypto rx=0 tx=0 comp rx=0 tx=0).connect
2024-09-10T09:55:35.161 INFO:teuthology.orchestra.run.smithi071.stdout:/usr/bin/ceph: stderr
2024-09-10T09:55:34.456+0000 7fe9a7790640 1 -- --> [v2:172.21.15.71:3300/0,v1:172.21.15.71:6789/0] -- mon_getmap magic: 0 v1 -- 0x7fe9a0113520 con 0x7fe9a0078b00
2024-09-10T09:55:35.161 INFO:teuthology.orchestra.run.smithi071.stdout:/usr/bin/ceph: stderr
2024-09-10T09:55:34.456+0000 7fe9a552c640 1 --2- >> [v2:172.21.15.71:3300/0,v1:172.21.15.71:6789/0] conn(0x7fe9a0078b00 0x7fe9a0112fe0 unknown :-1 s=BANNER_CONNECTING pgs=0 cs=0 l=1 rev1=0 crypto rx=0 tx=0 comp rx=0 tx=0)._handle_peer_banner_payload supported=3 required=0
2024-09-10T09:55:35.161 INFO:teuthology.orchestra.run.smithi071.stdout:/usr/bin/ceph: stderr
2024-09-10T09:55:34.456+0000 7fe9a552c640 1 --2- >> [v2:172.21.15.71:3300/0,v1:172.21.15.71:6789/0] conn(0x7fe9a0078b00 0x7fe9a0112fe0 unknown :-1 s=HELLO_CONNECTING pgs=0 cs=0 l=1 rev1=1 crypto rx=0 tx=0 comp rx=0 tx=0).handle_hello peer v2:172.21.15.71:3300/0 says I am v2:172.21.15.71:40924/0 (socket says 172.21.15.71:40924)
2024-09-10T09:55:35.161 INFO:teuthology.orchestra.run.smithi071.stdout:/usr/bin/ceph: stderr
2024-09-10T09:55:34.456+0000 7fe9a552c640 1 -- 172.21.15.71:0/47582734 learned_addr learned my addr 172.21.15.71:0/47582734 (peer_addr_for_me v2:172.21.15.71:0/0)
2024-09-10T09:55:35.161 INFO:teuthology.orchestra.run.smithi071.stdout:/usr/bin/ceph: stderr
2024-09-10T09:55:34.456+0000 7fe9a552c640 1 -- 172.21.15.71:0/47582734 --> [v2:172.21.15.71:3300/0,v1:172.21.15.71:6789/0] -- mon_subscribe({config=0+,monmap=0+}) v3 -- 0x7fe99c009450 con 0x7fe9a0078b00
2024-09-10T09:55:35.161 INFO:teuthology.orchestra.run.smithi071.stdout:/usr/bin/ceph: stderr
2024-09-10T09:55:34.456+0000 7fe9a552c640 1 --2- 172.21.15.71:0/47582734 >> [v2:172.21.15.71:3300/0,v1:172.21.15.71:6789/0] conn(0x7fe9a0078b00 0x7fe9a0112fe0 secure :-1 s=READY pgs=60 cs=0 l=1 rev1=1 crypto rx=0x7fe99c035040 tx=0x7fe99c0091d0 comp rx=0 tx=0).ready entity=mon.0 client_cookie=0 server_cookie=0 in_seq=0 out_seq=0
2024-09-10T09:55:35.161 INFO:teuthology.orchestra.run.smithi071.stdout:/usr/bin/ceph: stderr
2024-09-10T09:55:34.456+0000 7fe991ffb640 1 -- 172.21.15.71:0/47582734 <== mon.0 v2:172.21.15.71:3300/0 1 ==== mon_map magic: 0 v1 ==== 229+0+0 (secure 0 0 0) 0x7fe99c03b470 con 0x7fe9a0078b00
2024-09-10T09:55:35.161 INFO:teuthology.orchestra.run.smithi071.stdout:/usr/bin/ceph: stderr
2024-09-10T09:55:34.456+0000 7fe991ffb640 1 -- 172.21.15.71:0/47582734 <== mon.0 v2:172.21.15.71:3300/0 2 ==== config(26 keys) v1 ==== 1070+0+0 (secure 0 0 0) 0x7fe99c03ba70 con 0x7fe9a0078b00
2024-09-10T09:55:35.161 INFO:teuthology.orchestra.run.smithi071.stdout:/usr/bin/ceph: stderr
2024-09-10T09:55:34.456+0000 7fe9a7790640 1 -- 172.21.15.71:0/47582734 --> [v2:172.21.15.71:3300/0,v1:172.21.15.71:6789/0] -- mon_subscribe({mgrmap=0+}) v3 -- 0x7fe9a0113720 con 0x7fe9a0078b00
2024-09-10T09:55:35.162 INFO:teuthology.orchestra.run.smithi071.stdout:/usr/bin/ceph: stderr
2024-09-10T09:55:34.456+0000 7fe991ffb640 1 -- 172.21.15.71:0/47582734 <== mon.0 v2:172.21.15.71:3300/0 3 ==== mon_map magic: 0 v1 ==== 229+0+0 (secure 0 0 0) 0x7fe99c03a970 con 0x7fe9a0078b00
2024-09-10T09:55:35.162 INFO:teuthology.orchestra.run.smithi071.stdout:/usr/bin/ceph: stderr
2024-09-10T09:55:34.457+0000 7fe9a7790640 1 -- 172.21.15.71:0/47582734 --> [v2:172.21.15.71:3300/0,v1:172.21.15.71:6789/0] -- mon_subscribe({osdmap=0}) v3 -- 0x7fe9a0113b30 con 0x7fe9a0078b00
2024-09-10T09:55:35.162 INFO:teuthology.orchestra.run.smithi071.stdout:/usr/bin/ceph: stderr
2024-09-10T09:55:34.457+0000 7fe991ffb640 1 -- 172.21.15.71:0/47582734 <== mon.0 v2:172.21.15.71:3300/0 4 ==== mgrmap(e 8) v1 ==== 45507+0+0 (secure 0 0 0) 0x7fe99c03aba0 con 0x7fe9a0078b00
2024-09-10T09:55:35.162 INFO:teuthology.orchestra.run.smithi071.stdout:/usr/bin/ceph: stderr
2024-09-10T09:55:34.457+0000 7fe9a7790640 1 -- 172.21.15.71:0/47582734 --> [v2:172.21.15.71:3300/0,v1:172.21.15.71:6789/0] -- mon_command({"prefix": "get_command_descriptions"} v 0) v1 -- 0x7fe9a004b720 con 0x7fe9a0078b00
2024-09-10T09:55:35.162 INFO:teuthology.orchestra.run.smithi071.stdout:/usr/bin/ceph: stderr
2024-09-10T09:55:34.458+0000 7fe991ffb640 1 --2- 172.21.15.71:0/47582734 >> [v2:172.21.15.71:6800/4098346293,v1:172.21.15.71:6801/4098346293] conn(0x7fe98c0394e0 0x7fe98c03b990 unknown :-1 s=NONE pgs=0 cs=0 l=1 rev1=0 crypto rx=0 tx=0 comp rx=0 tx=0).connect
2024-09-10T09:55:35.162 INFO:teuthology.orchestra.run.smithi071.stdout:/usr/bin/ceph: stderr
2024-09-10T09:55:34.458+0000 7fe991ffb640 1 -- 172.21.15.71:0/47582734 <== mon.0 v2:172.21.15.71:3300/0 5 ==== osd_map(2..2 src has 1..2) v4 ==== 936+0+0 (secure 0 0 0) 0x7fe99c06cff0 con 0x7fe9a0078b00
2024-09-10T09:55:35.162 INFO:teuthology.orchestra.run.smithi071.stdout:/usr/bin/ceph: stderr
2024-09-10T09:55:34.458+0000 7fe9a4d2b640 1 --2- 172.21.15.71:0/47582734 >> [v2:172.21.15.71:6800/4098346293,v1:172.21.15.71:6801/4098346293] conn(0x7fe98c0394e0 0x7fe98c03b990 unknown :-1 s=BANNER_CONNECTING pgs=0 cs=0 l=1 rev1=0 crypto rx=0 tx=0 comp rx=0 tx=0)._handle_peer_banner_payload supported=3 required=0
2024-09-10T09:55:35.162 INFO:teuthology.orchestra.run.smithi071.stdout:/usr/bin/ceph: stderr
2024-09-10T09:55:34.458+0000 7fe9a4d2b640 1 --2- 172.21.15.71:0/47582734 >> [v2:172.21.15.71:6800/4098346293,v1:172.21.15.71:6801/4098346293] conn(0x7fe98c0394e0 0x7fe98c03b990 secure :-1 s=READY pgs=19 cs=0 l=1 rev1=1 crypto rx=0x7fe994006fd0 tx=0x7fe994006db0 comp rx=0 tx=0).ready entity=mgr.14118 client_cookie=0 server_cookie=0 in_seq=0 out_seq=0
2024-09-10T09:55:35.162 INFO:teuthology.orchestra.run.smithi071.stdout:/usr/bin/ceph: stderr
2024-09-10T09:55:34.462+0000 7fe991ffb640 1 -- 172.21.15.71:0/47582734 <== mon.0 v2:172.21.15.71:3300/0 6 ==== mon_command_ack([{"prefix": "get_command_descriptions"}]=0 v0) v1 ==== 72+0+176781 (secure 0 0 0) 0x7fe99c09f2a0 con 0x7fe9a0078b00
2024-09-10T09:55:35.162 INFO:teuthology.orchestra.run.smithi071.stdout:/usr/bin/ceph: stderr
2024-09-10T09:55:34.618+0000 7fe9a7790640 1 -- 172.21.15.71:0/47582734 --> [v2:172.21.15.71:3300/0,v1:172.21.15.71:6789/0] -- mon_command([{prefix=config set, name=mgr/cephadm/container_init}] v 0) v1 -- 0x7fe9a0108240 con 0x7fe9a0078b00
2024-09-10T09:55:35.162 INFO:teuthology.orchestra.run.smithi071.stdout:/usr/bin/ceph: stderr
2024-09-10T09:55:34.621+0000 7fe991ffb640 1 -- 172.21.15.71:0/47582734 <== mon.0 v2:172.21.15.71:3300/0 7 ==== mon_command_ack([{prefix=config set, name=mgr/cephadm/container_init}]=0 v7)=0 v7) v1 ==== 142+0+0 (secure 0 0 0) 0x7fe99c03f030 con 0x7fe9a0078b00
2024-09-10T09:55:35.162 INFO:teuthology.orchestra.run.smithi071.stdout:/usr/bin/ceph: stderr
2024-09-10T09:55:34.624+0000 7fe9a7790640 1 -- 172.21.15.71:0/47582734 >> [v2:172.21.15.71:6800/4098346293,v1:172.21.15.71:6801/4098346293] conn(0x7fe98c0394e0 msgr2=0x7fe98c03b990 secure :-1 s=STATE_CONNECTION_ESTABLISHED l=1).mark_down
2024-09-10T09:55:35.162 INFO:teuthology.orchestra.run.smithi071.stdout:/usr/bin/ceph: stderr
2024-09-10T09:55:34.624+0000 7fe9a7790640 1 --2- 172.21.15.71:0/47582734 >> [v2:172.21.15.71:6800/4098346293,v1:172.21.15.71:6801/4098346293] conn(0x7fe98c0394e0 0x7fe98c03b990 secure :-1 s=READY pgs=19 cs=0 l=1 rev1=1 crypto rx=0x7fe994006fd0 tx=0x7fe994006db0 comp rx=0 tx=0).stop
2024-09-10T09:55:35.162 INFO:teuthology.orchestra.run.smithi071.stdout:/usr/bin/ceph: stderr
2024-09-10T09:55:34.624+0000 7fe9a7790640 1 -- 172.21.15.71:0/47582734 >> [v2:172.21.15.71:3300/0,v1:172.21.15.71:6789/0] conn(0x7fe9a0078b00 msgr2=0x7fe9a0112fe0 secure :-1 s=STATE_CONNECTION_ESTABLISHED l=1).mark_down
2024-09-10T09:55:35.163 INFO:teuthology.orchestra.run.smithi071.stdout:/usr/bin/ceph: stderr
2024-09-10T09:55:34.624+0000 7fe9a7790640 1 --2- 172.21.15.71:0/47582734 >> [v2:172.21.15.71:3300/0,v1:172.21.15.71:6789/0] conn(0x7fe9a0078b00 0x7fe9a0112fe0 secure :-1 s=READY pgs=60 cs=0 l=1 rev1=1 crypto rx=0x7fe99c035040 tx=0x7fe99c0091d0 comp rx=0 tx=0).stop
2024-09-10T09:55:35.163 INFO:teuthology.orchestra.run.smithi071.stdout:/usr/bin/ceph: stderr
2024-09-10T09:55:34.624+0000 7fe9a7790640 1 -- 172.21.15.71:0/47582734 shutdown_connections
2024-09-10T09:55:35.163 INFO:teuthology.orchestra.run.smithi071.stdout:/usr/bin/ceph: stderr
2024-09-10T09:55:34.624+0000 7fe9a7790640 1 --2- 172.21.15.71:0/47582734 >> [v2:172.21.15.71:6800/4098346293,v1:172.21.15.71:6801/4098346293] conn(0x7fe98c0394e0 0x7fe98c03b990 unknown :-1 s=CLOSED pgs=19 cs=0 l=1 rev1=1 crypto rx=0 tx=0 comp rx=0 tx=0).stop
2024-09-10T09:55:35.163 INFO:teuthology.orchestra.run.smithi071.stdout:/usr/bin/ceph: stderr
2024-09-10T09:55:34.624+0000 7fe9a7790640 1 --2- 172.21.15.71:0/47582734 >> [v2:172.21.15.71:3300/0,v1:172.21.15.71:6789/0] conn(0x7fe9a0078b00 0x7fe9a0112fe0 unknown :-1 s=CLOSED pgs=60 cs=0 l=1 rev1=1 crypto rx=0 tx=0 comp rx=0 tx=0).stop
2024-09-10T09:55:35.163 INFO:teuthology.orchestra.run.smithi071.stdout:/usr/bin/ceph: stderr
2024-09-10T09:55:34.624+0000 7fe9a7790640 1 -- 172.21.15.71:0/47582734 >> 172.21.15.71:0/47582734 conn(0x7fe9a00fd850 msgr2=0x7fe9a00fe410 unknown :-1 s=STATE_NONE l=0).mark_down
2024-09-10T09:55:35.163 INFO:teuthology.orchestra.run.smithi071.stdout:/usr/bin/ceph: stderr
2024-09-10T09:55:34.624+0000 7fe9a7790640 1 -- 172.21.15.71:0/47582734 shutdown_connections
2024-09-10T09:55:35.163 INFO:teuthology.orchestra.run.smithi071.stdout:/usr/bin/ceph: stderr
2024-09-10T09:55:34.624+0000 7fe9a7790640 1 -- 172.21.15.71:0/47582734 wait complete.
2024-09-10T09:55:35.655 INFO:journalctl@ceph.mon.smithi071.smithi071.stdout:Sep 10 09:55:35 smithi071 ceph-mon[27559]: pgmap v7: 0 pgs: ; 0 B data, 0 B used, 0 B / 0 B avail
2024-09-10T09:55:35.655 INFO:journalctl@ceph.mon.smithi071.smithi071.stdout:Sep 10 09:55:35 smithi071 ceph-mon[27559]: from='client.? 172.21.15.71:0/47582734' entity='client.admin'
2024-09-10T09:55:36.366 INFO:teuthology.orchestra.run.smithi071.stdout:/usr/bin/ceph: stderr
2024-09-10T09:55:35.658+0000 7f16406d2640 1 Processor -- start
2024-09-10T09:55:36.366 INFO:teuthology.orchestra.run.smithi071.stdout:/usr/bin/ceph: stderr
2024-09-10T09:55:35.658+0000 7f16406d2640 1 -- start start
2024-09-10T09:55:36.366 INFO:teuthology.orchestra.run.smithi071.stdout:/usr/bin/ceph: stderr
2024-09-10T09:55:35.658+0000 7f16406d2640 1 --2- >> [v2:172.21.15.71:3300/0,v1:172.21.15.71:6789/0] conn(0x7f16381035c0 0x7f16381039d0 unknown :-1 s=NONE pgs=0 cs=0 l=0 rev1=0 crypto rx=0 tx=0 comp rx=0 tx=0).connect
2024-09-10T09:55:36.366 INFO:teuthology.orchestra.run.smithi071.stdout:/usr/bin/ceph: stderr
2024-09-10T09:55:35.658+0000 7f16406d2640 1 -- --> [v2:172.21.15.71:3300/0,v1:172.21.15.71:6789/0] -- mon_getmap magic: 0 v1 -- 0x7f1638070e30 con 0x7f16381035c0
2024-09-10T09:55:36.366 INFO:teuthology.orchestra.run.smithi071.stdout:/usr/bin/ceph: stderr
2024-09-10T09:55:35.658+0000 7f163e46e640 1 --2- >> [v2:172.21.15.71:3300/0,v1:172.21.15.71:6789/0] conn(0x7f16381035c0 0x7f16381039d0 unknown :-1 s=BANNER_CONNECTING pgs=0 cs=0 l=0 rev1=0 crypto rx=0 tx=0 comp rx=0 tx=0)._handle_peer_banner_payload supported=3 required=0
2024-09-10T09:55:36.366 INFO:teuthology.orchestra.run.smithi071.stdout:/usr/bin/ceph: stderr
2024-09-10T09:55:35.658+0000 7f163e46e640 1 --2- >> [v2:172.21.15.71:3300/0,v1:172.21.15.71:6789/0] conn(0x7f16381035c0 0x7f16381039d0 unknown :-1 s=HELLO_CONNECTING pgs=0 cs=0 l=0 rev1=1 crypto rx=0 tx=0 comp rx=0 tx=0).handle_hello peer v2:172.21.15.71:3300/0 says I am v2:172.21.15.71:40938/0 (socket says 172.21.15.71:40938)
2024-09-10T09:55:36.366 INFO:teuthology.orchestra.run.smithi071.stdout:/usr/bin/ceph: stderr
2024-09-10T09:55:35.658+0000 7f163e46e640 1 -- 172.21.15.71:0/3053179375 learned_addr learned my addr 172.21.15.71:0/3053179375 (peer_addr_for_me v2:172.21.15.71:0/0)
