2024-09-10T09:55:42.539 INFO:journalctl@ceph.mon.smithi071.smithi071.stdout:Sep 10 09:55:42 smithi071 ceph-mon[27559]: from='mgr.14160 172.21.15.71:0/3084956901' entity='mgr.smithi071.gtqytr' cmd=[{"prefix":"config rm","who":"mgr","name":"mgr/rbd_support/smithi071.gtqytr/mirror_snapshot_schedule"}]: dispatch
2024-09-10T09:55:42.539 INFO:journalctl@ceph.mon.smithi071.smithi071.stdout:Sep 10 09:55:42 smithi071 ceph-mon[27559]: from='mgr.14160 172.21.15.71:0/3084956901' entity='mgr.smithi071.gtqytr' cmd=[{"prefix":"config rm","who":"mgr","name":"mgr/rbd_support/smithi071.gtqytr/trash_purge_schedule"}]: dispatch
2024-09-10T09:55:43.936 INFO:teuthology.orchestra.run.smithi071.stdout:/usr/bin/ceph: stdout {
2024-09-10T09:55:43.936 INFO:teuthology.orchestra.run.smithi071.stdout:/usr/bin/ceph: stdout "mgrmap_epoch": 11,
2024-09-10T09:55:43.936 INFO:teuthology.orchestra.run.smithi071.stdout:/usr/bin/ceph: stdout "initialized": true
2024-09-10T09:55:43.936 INFO:teuthology.orchestra.run.smithi071.stdout:/usr/bin/ceph: stdout }
2024-09-10T09:55:43.936 INFO:teuthology.orchestra.run.smithi071.stdout:/usr/bin/ceph: stderr
2024-09-10T09:55:40.060+0000 7f558f5f6640 1 Processor -- start
2024-09-10T09:55:43.936 INFO:teuthology.orchestra.run.smithi071.stdout:/usr/bin/ceph: stderr
2024-09-10T09:55:40.060+0000 7f558f5f6640 1 -- start start
2024-09-10T09:55:43.936 INFO:teuthology.orchestra.run.smithi071.stdout:/usr/bin/ceph: stderr
2024-09-10T09:55:40.060+0000 7f558f5f6640 1 --2- >> [v2:172.21.15.71:3300/0,v1:172.21.15.71:6789/0] conn(0x7f5588101f80 0x7f5588102390 unknown :-1 s=NONE pgs=0 cs=0 l=0 rev1=0 crypto rx=0 tx=0 comp rx=0 tx=0).connect
2024-09-10T09:55:43.936 INFO:teuthology.orchestra.run.smithi071.stdout:/usr/bin/ceph: stderr
2024-09-10T09:55:40.060+0000 7f558f5f6640 1 -- --> [v2:172.21.15.71:3300/0,v1:172.21.15.71:6789/0] -- mon_getmap magic: 0 v1 -- 0x7f55881028d0 con 0x7f5588101f80
2024-09-10T09:55:43.936 INFO:teuthology.orchestra.run.smithi071.stdout:/usr/bin/ceph: stderr
2024-09-10T09:55:40.060+0000 7f558d392640 1 --2- >> [v2:172.21.15.71:3300/0,v1:172.21.15.71:6789/0] conn(0x7f5588101f80 0x7f5588102390 unknown :-1 s=BANNER_CONNECTING pgs=0 cs=0 l=0 rev1=0 crypto rx=0 tx=0 comp rx=0 tx=0)._handle_peer_banner_payload supported=3 required=0
2024-09-10T09:55:43.937 INFO:teuthology.orchestra.run.smithi071.stdout:/usr/bin/ceph: stderr
2024-09-10T09:55:40.060+0000 7f558d392640 1 --2- >> [v2:172.21.15.71:3300/0,v1:172.21.15.71:6789/0] conn(0x7f5588101f80 0x7f5588102390 unknown :-1 s=HELLO_CONNECTING pgs=0 cs=0 l=0 rev1=1 crypto rx=0 tx=0 comp rx=0 tx=0).handle_hello peer v2:172.21.15.71:3300/0 says I am v2:172.21.15.71:41016/0 (socket says 172.21.15.71:41016)
2024-09-10T09:55:43.937 INFO:teuthology.orchestra.run.smithi071.stdout:/usr/bin/ceph: stderr
2024-09-10T09:55:40.060+0000 7f558d392640 1 -- 172.21.15.71:0/3840571018 learned_addr learned my addr 172.21.15.71:0/3840571018 (peer_addr_for_me v2:172.21.15.71:0/0)
2024-09-10T09:55:43.937 INFO:teuthology.orchestra.run.smithi071.stdout:/usr/bin/ceph: stderr
2024-09-10T09:55:40.061+0000 7f558d392640 1 -- 172.21.15.71:0/3840571018 --> [v2:172.21.15.71:3300/0,v1:172.21.15.71:6789/0] -- mon_subscribe({config=0+,monmap=0+}) v3 -- 0x7f5588102a10 con 0x7f5588101f80
2024-09-10T09:55:43.937 INFO:teuthology.orchestra.run.smithi071.stdout:/usr/bin/ceph: stderr
2024-09-10T09:55:40.061+0000 7f558d392640 1 --2- 172.21.15.71:0/3840571018 >> [v2:172.21.15.71:3300/0,v1:172.21.15.71:6789/0] conn(0x7f5588101f80 0x7f5588102390 secure :-1 s=READY pgs=69 cs=0 l=1 rev1=1 crypto rx=0x7f5584009840 tx=0x7f55840091d0 comp rx=0 tx=0).ready entity=mon.0 client_cookie=a482b2e1ef541144 server_cookie=0 in_seq=0 out_seq=0
2024-09-10T09:55:43.937 INFO:teuthology.orchestra.run.smithi071.stdout:/usr/bin/ceph: stderr
2024-09-10T09:55:40.061+0000 7f557ffff640 1 -- 172.21.15.71:0/3840571018 <== mon.0 v2:172.21.15.71:3300/0 1 ==== mon_map magic: 0 v1 ==== 229+0+0 (secure 0 0 0) 0x7f5584032440 con 0x7f5588101f80
2024-09-10T09:55:43.937 INFO:teuthology.orchestra.run.smithi071.stdout:/usr/bin/ceph: stderr
2024-09-10T09:55:40.061+0000 7f557ffff640 1 -- 172.21.15.71:0/3840571018 <== mon.0 v2:172.21.15.71:3300/0 2 ==== config(26 keys) v1 ==== 1070+0+0 (secure 0 0 0) 0x7f5584032a40 con 0x7f5588101f80
2024-09-10T09:55:43.937 INFO:teuthology.orchestra.run.smithi071.stdout:/usr/bin/ceph: stderr
2024-09-10T09:55:40.061+0000 7f557ffff640 1 -- 172.21.15.71:0/3840571018 <== mon.0 v2:172.21.15.71:3300/0 3 ==== mon_map magic: 0 v1 ==== 229+0+0 (secure 0 0 0) 0x7f5584031a70 con 0x7f5588101f80
2024-09-10T09:55:43.937 INFO:teuthology.orchestra.run.smithi071.stdout:/usr/bin/ceph: stderr
2024-09-10T09:55:40.062+0000 7f558f5f6640 1 -- 172.21.15.71:0/3840571018 >> [v2:172.21.15.71:3300/0,v1:172.21.15.71:6789/0] conn(0x7f5588101f80 msgr2=0x7f5588102390 secure :-1 s=STATE_CONNECTION_ESTABLISHED l=1).mark_down
2024-09-10T09:55:43.937 INFO:teuthology.orchestra.run.smithi071.stdout:/usr/bin/ceph: stderr
2024-09-10T09:55:40.062+0000 7f558f5f6640 1 --2- 172.21.15.71:0/3840571018 >> [v2:172.21.15.71:3300/0,v1:172.21.15.71:6789/0] conn(0x7f5588101f80 0x7f5588102390 secure :-1 s=READY pgs=69 cs=0 l=1 rev1=1 crypto rx=0x7f5584009840 tx=0x7f55840091d0 comp rx=0 tx=0).stop
2024-09-10T09:55:43.937 INFO:teuthology.orchestra.run.smithi071.stdout:/usr/bin/ceph: stderr
2024-09-10T09:55:40.062+0000 7f558f5f6640 1 -- 172.21.15.71:0/3840571018 shutdown_connections
2024-09-10T09:55:43.938 INFO:teuthology.orchestra.run.smithi071.stdout:/usr/bin/ceph: stderr
2024-09-10T09:55:40.062+0000 7f558f5f6640 1 --2- 172.21.15.71:0/3840571018 >> [v2:172.21.15.71:3300/0,v1:172.21.15.71:6789/0] conn(0x7f5588101f80 0x7f5588102390 unknown :-1 s=CLOSED pgs=69 cs=0 l=1 rev1=1 crypto rx=0 tx=0 comp rx=0 tx=0).stop
2024-09-10T09:55:43.938 INFO:teuthology.orchestra.run.smithi071.stdout:/usr/bin/ceph: stderr
2024-09-10T09:55:40.062+0000 7f558f5f6640 1 -- 172.21.15.71:0/3840571018 >> 172.21.15.71:0/3840571018 conn(0x7f55880fd740 msgr2=0x7f55880ffb50 unknown :-1 s=STATE_NONE l=0).mark_down
2024-09-10T09:55:43.938 INFO:teuthology.orchestra.run.smithi071.stdout:/usr/bin/ceph: stderr
2024-09-10T09:55:40.062+0000 7f558f5f6640 1 -- 172.21.15.71:0/3840571018 shutdown_connections
2024-09-10T09:55:43.938 INFO:teuthology.orchestra.run.smithi071.stdout:/usr/bin/ceph: stderr
2024-09-10T09:55:40.062+0000 7f558f5f6640 1 -- 172.21.15.71:0/3840571018 wait complete.
2024-09-10T09:55:43.938 INFO:teuthology.orchestra.run.smithi071.stdout:/usr/bin/ceph: stderr
2024-09-10T09:55:40.063+0000 7f558f5f6640 1 Processor -- start
2024-09-10T09:55:43.938 INFO:teuthology.orchestra.run.smithi071.stdout:/usr/bin/ceph: stderr
2024-09-10T09:55:40.063+0000 7f558f5f6640 1 -- start start
2024-09-10T09:55:43.938 INFO:teuthology.orchestra.run.smithi071.stdout:/usr/bin/ceph: stderr
2024-09-10T09:55:40.063+0000 7f558f5f6640 1 --2- >> [v2:172.21.15.71:3300/0,v1:172.21.15.71:6789/0] conn(0x7f5588101f80 0x7f5588110e30 unknown :-1 s=NONE pgs=0 cs=0 l=1 rev1=0 crypto rx=0 tx=0 comp rx=0 tx=0).connect
2024-09-10T09:55:43.938 INFO:teuthology.orchestra.run.smithi071.stdout:/usr/bin/ceph: stderr
2024-09-10T09:55:40.063+0000 7f558f5f6640 1 -- --> [v2:172.21.15.71:3300/0,v1:172.21.15.71:6789/0] -- mon_getmap magic: 0 v1 -- 0x7f5588111370 con 0x7f5588101f80
2024-09-10T09:55:43.938 INFO:teuthology.orchestra.run.smithi071.stdout:/usr/bin/ceph: stderr
2024-09-10T09:55:40.063+0000 7f558d392640 1 --2- >> [v2:172.21.15.71:3300/0,v1:172.21.15.71:6789/0] conn(0x7f5588101f80 0x7f5588110e30 unknown :-1 s=BANNER_CONNECTING pgs=0 cs=0 l=1 rev1=0 crypto rx=0 tx=0 comp rx=0 tx=0)._handle_peer_banner_payload supported=3 required=0
2024-09-10T09:55:43.938 INFO:teuthology.orchestra.run.smithi071.stdout:/usr/bin/ceph: stderr
2024-09-10T09:55:40.063+0000 7f558d392640 1 --2- >> [v2:172.21.15.71:3300/0,v1:172.21.15.71:6789/0] conn(0x7f5588101f80 0x7f5588110e30 unknown :-1 s=HELLO_CONNECTING pgs=0 cs=0 l=1 rev1=1 crypto rx=0 tx=0 comp rx=0 tx=0).handle_hello peer v2:172.21.15.71:3300/0 says I am v2:172.21.15.71:41026/0 (socket says 172.21.15.71:41026)
2024-09-10T09:55:43.938 INFO:teuthology.orchestra.run.smithi071.stdout:/usr/bin/ceph: stderr
2024-09-10T09:55:40.063+0000 7f558d392640 1 -- 172.21.15.71:0/2961619617 learned_addr learned my addr 172.21.15.71:0/2961619617 (peer_addr_for_me v2:172.21.15.71:0/0)
2024-09-10T09:55:43.938 INFO:teuthology.orchestra.run.smithi071.stdout:/usr/bin/ceph: stderr
2024-09-10T09:55:40.063+0000 7f558d392640 1 -- 172.21.15.71:0/2961619617 --> [v2:172.21.15.71:3300/0,v1:172.21.15.71:6789/0] -- mon_subscribe({config=0+,monmap=0+}) v3 -- 0x7f5584009450 con 0x7f5588101f80
2024-09-10T09:55:43.938 INFO:teuthology.orchestra.run.smithi071.stdout:/usr/bin/ceph: stderr
2024-09-10T09:55:40.063+0000 7f558d392640 1 --2- 172.21.15.71:0/2961619617 >> [v2:172.21.15.71:3300/0,v1:172.21.15.71:6789/0] conn(0x7f5588101f80 0x7f5588110e30 secure :-1 s=READY pgs=70 cs=0 l=1 rev1=1 crypto rx=0x7f5584009420 tx=0x7f55840091d0 comp rx=0 tx=0).ready entity=mon.0 client_cookie=0 server_cookie=0 in_seq=0 out_seq=0
2024-09-10T09:55:43.938 INFO:teuthology.orchestra.run.smithi071.stdout:/usr/bin/ceph: stderr
2024-09-10T09:55:40.064+0000 7f557dffb640 1 -- 172.21.15.71:0/2961619617 <== mon.0 v2:172.21.15.71:3300/0 1 ==== mon_map magic: 0 v1 ==== 229+0+0 (secure 0 0 0) 0x7f558403c400 con 0x7f5588101f80
2024-09-10T09:55:43.939 INFO:teuthology.orchestra.run.smithi071.stdout:/usr/bin/ceph: stderr
2024-09-10T09:55:40.064+0000 7f557dffb640 1 -- 172.21.15.71:0/2961619617 <== mon.0 v2:172.21.15.71:3300/0 2 ==== config(26 keys) v1 ==== 1070+0+0 (secure 0 0 0) 0x7f558403ca00 con 0x7f5588101f80
2024-09-10T09:55:43.939 INFO:teuthology.orchestra.run.smithi071.stdout:/usr/bin/ceph: stderr
2024-09-10T09:55:40.064+0000 7f558f5f6640 1 -- 172.21.15.71:0/2961619617 --> [v2:172.21.15.71:3300/0,v1:172.21.15.71:6789/0] -- mon_subscribe({mgrmap=0+}) v3 -- 0x7f5588111570 con 0x7f5588101f80
2024-09-10T09:55:43.939 INFO:teuthology.orchestra.run.smithi071.stdout:/usr/bin/ceph: stderr
2024-09-10T09:55:40.064+0000 7f557dffb640 1 -- 172.21.15.71:0/2961619617 <== mon.0 v2:172.21.15.71:3300/0 3 ==== mon_map magic: 0 v1 ==== 229+0+0 (secure 0 0 0) 0x7f558403a850 con 0x7f5588101f80
2024-09-10T09:55:43.939 INFO:teuthology.orchestra.run.smithi071.stdout:/usr/bin/ceph: stderr
2024-09-10T09:55:40.064+0000 7f558f5f6640 1 -- 172.21.15.71:0/2961619617 --> [v2:172.21.15.71:3300/0,v1:172.21.15.71:6789/0] -- mon_subscribe({osdmap=0}) v3 -- 0x7f5588111fc0 con 0x7f5588101f80
2024-09-10T09:55:43.939 INFO:teuthology.orchestra.run.smithi071.stdout:/usr/bin/ceph: stderr
2024-09-10T09:55:40.065+0000 7f557dffb640 1 -- 172.21.15.71:0/2961619617 <== mon.0 v2:172.21.15.71:3300/0 4 ==== mgrmap(e 9) v1 ==== 45520+0+0 (secure 0 0 0) 0x7f558403ab10 con 0x7f5588101f80
2024-09-10T09:55:43.939 INFO:teuthology.orchestra.run.smithi071.stdout:/usr/bin/ceph: stderr
2024-09-10T09:55:40.065+0000 7f557dffb640 1 --2- 172.21.15.71:0/2961619617 >> [v2:172.21.15.71:6800/4098346293,v1:172.21.15.71:6801/4098346293] conn(0x7f55740394e0 0x7f557403b990 unknown :-1 s=NONE pgs=0 cs=0 l=1 rev1=0 crypto rx=0 tx=0 comp rx=0 tx=0).connect
2024-09-10T09:55:43.939 INFO:teuthology.orchestra.run.smithi071.stdout:/usr/bin/ceph: stderr
2024-09-10T09:55:40.065+0000 7f557dffb640 1 -- 172.21.15.71:0/2961619617 --> [v2:172.21.15.71:6800/4098346293,v1:172.21.15.71:6801/4098346293] -- command(tid 0: {"prefix": "get_command_descriptions"}) v1 -- 0x7f557403c0a0 con 0x7f55740394e0
2024-09-10T09:55:43.939 INFO:teuthology.orchestra.run.smithi071.stdout:/usr/bin/ceph: stderr
2024-09-10T09:55:40.065+0000 7f557dffb640 1 -- 172.21.15.71:0/2961619617 <== mon.0 v2:172.21.15.71:3300/0 5 ==== osd_map(2..2 src has 1..2) v4 ==== 936+0+0 (secure 0 0 0) 0x7f558406cf20 con 0x7f5588101f80
2024-09-10T09:55:43.939 INFO:teuthology.orchestra.run.smithi071.stdout:/usr/bin/ceph: stderr
2024-09-10T09:55:40.065+0000 7f558cb91640 1 -- 172.21.15.71:0/2961619617 >> [v2:172.21.15.71:6800/4098346293,v1:172.21.15.71:6801/4098346293] conn(0x7f55740394e0 msgr2=0x7f557403b990 unknown :-1 s=STATE_CONNECTING_RE l=1).process reconnect failed to v2:172.21.15.71:6800/4098346293
2024-09-10T09:55:43.939 INFO:teuthology.orchestra.run.smithi071.stdout:/usr/bin/ceph: stderr
2024-09-10T09:55:40.065+0000 7f558cb91640 1 --2- 172.21.15.71:0/2961619617 >> [v2:172.21.15.71:6800/4098346293,v1:172.21.15.71:6801/4098346293] conn(0x7f55740394e0 0x7f557403b990 unknown :-1 s=START_CONNECT pgs=0 cs=0 l=1 rev1=0 crypto rx=0 tx=0 comp rx=0 tx=0)._fault waiting 0.200000
2024-09-10T09:55:43.939 INFO:teuthology.orchestra.run.smithi071.stdout:/usr/bin/ceph: stderr
2024-09-10T09:55:40.266+0000 7f558cb91640 1 -- 172.21.15.71:0/2961619617 >> [v2:172.21.15.71:6800/4098346293,v1:172.21.15.71:6801/4098346293] conn(0x7f55740394e0 msgr2=0x7f557403b990 unknown :-1 s=STATE_CONNECTING_RE l=1).process reconnect failed to v2:172.21.15.71:6800/4098346293
2024-09-10T09:55:43.939 INFO:teuthology.orchestra.run.smithi071.stdout:/usr/bin/ceph: stderr
2024-09-10T09:55:40.266+0000 7f558cb91640 1 --2- 172.21.15.71:0/2961619617 >> [v2:172.21.15.71:6800/4098346293,v1:172.21.15.71:6801/4098346293] conn(0x7f55740394e0 0x7f557403b990 unknown :-1 s=START_CONNECT pgs=0 cs=0 l=1 rev1=0 crypto rx=0 tx=0 comp rx=0 tx=0)._fault waiting 0.400000
2024-09-10T09:55:43.939 INFO:teuthology.orchestra.run.smithi071.stdout:/usr/bin/ceph: stderr
2024-09-10T09:55:40.667+0000 7f558cb91640 1 -- 172.21.15.71:0/2961619617 >> [v2:172.21.15.71:6800/4098346293,v1:172.21.15.71:6801/4098346293] conn(0x7f55740394e0 msgr2=0x7f557403b990 unknown :-1 s=STATE_CONNECTING_RE l=1).process reconnect failed to v2:172.21.15.71:6800/4098346293
2024-09-10T09:55:43.939 INFO:teuthology.orchestra.run.smithi071.stdout:/usr/bin/ceph: stderr
2024-09-10T09:55:40.667+0000 7f558cb91640 1 --2- 172.21.15.71:0/2961619617 >> [v2:172.21.15.71:6800/4098346293,v1:172.21.15.71:6801/4098346293] conn(0x7f55740394e0 0x7f557403b990 unknown :-1 s=START_CONNECT pgs=0 cs=0 l=1 rev1=0 crypto rx=0 tx=0 comp rx=0 tx=0)._fault waiting 0.800000
2024-09-10T09:55:43.939 INFO:teuthology.orchestra.run.smithi071.stdout:/usr/bin/ceph: stderr
2024-09-10T09:55:41.468+0000 7f558cb91640 1 -- 172.21.15.71:0/2961619617 >> [v2:172.21.15.71:6800/4098346293,v1:172.21.15.71:6801/4098346293] conn(0x7f55740394e0 msgr2=0x7f557403b990 unknown :-1 s=STATE_CONNECTING_RE l=1).process reconnect failed to v2:172.21.15.71:6800/4098346293
2024-09-10T09:55:43.940 INFO:teuthology.orchestra.run.smithi071.stdout:/usr/bin/ceph: stderr
2024-09-10T09:55:41.468+0000 7f558cb91640 1 --2- 172.21.15.71:0/2961619617 >> [v2:172.21.15.71:6800/4098346293,v1:172.21.15.71:6801/4098346293] conn(0x7f55740394e0 0x7f557403b990 unknown :-1 s=START_CONNECT pgs=0 cs=0 l=1 rev1=0 crypto rx=0 tx=0 comp rx=0 tx=0)._fault waiting 1.600000
2024-09-10T09:55:43.940 INFO:teuthology.orchestra.run.smithi071.stdout:/usr/bin/ceph: stderr
2024-09-10T09:55:42.213+0000 7f557dffb640 1 -- 172.21.15.71:0/2961619617 <== mon.0 v2:172.21.15.71:3300/0 6 ==== mgrmap(e 10) v1 ==== 45287+0+0 (secure 0 0 0) 0x7f558403adc0 con 0x7f5588101f80
2024-09-10T09:55:43.940 INFO:teuthology.orchestra.run.smithi071.stdout:/usr/bin/ceph: stderr
2024-09-10T09:55:42.213+0000 7f557dffb640 1 -- 172.21.15.71:0/2961619617 >> [v2:172.21.15.71:6800/4098346293,v1:172.21.15.71:6801/4098346293] conn(0x7f55740394e0 msgr2=0x7f557403b990 unknown :-1 s=STATE_CONNECTING l=1).mark_down
2024-09-10T09:55:43.940 INFO:teuthology.orchestra.run.smithi071.stdout:/usr/bin/ceph: stderr
2024-09-10T09:55:42.213+0000 7f557dffb640 1 --2- 172.21.15.71:0/2961619617 >> [v2:172.21.15.71:6800/4098346293,v1:172.21.15.71:6801/4098346293] conn(0x7f55740394e0 0x7f557403b990 unknown :-1 s=START_CONNECT pgs=0 cs=0 l=1 rev1=0 crypto rx=0 tx=0 comp rx=0 tx=0).stop
2024-09-10T09:55:43.940 INFO:teuthology.orchestra.run.smithi071.stdout:/usr/bin/ceph: stderr
2024-09-10T09:55:43.212+0000 7f557dffb640 1 -- 172.21.15.71:0/2961619617 <== mon.0 v2:172.21.15.71:3300/0 7 ==== mgrmap(e 11) v1 ==== 45414+0+0 (secure 0 0 0) 0x7f5584039310 con 0x7f5588101f80
2024-09-10T09:55:43.940 INFO:teuthology.orchestra.run.smithi071.stdout:/usr/bin/ceph: stderr
2024-09-10T09:55:43.212+0000 7f557dffb640 1 --2- 172.21.15.71:0/2961619617 >> [v2:172.21.15.71:6800/404028021,v1:172.21.15.71:6801/404028021] conn(0x7f557403cf80 0x7f557403f360 unknown :-1 s=NONE pgs=0 cs=0 l=1 rev1=0 crypto rx=0 tx=0 comp rx=0 tx=0).connect
2024-09-10T09:55:43.940 INFO:teuthology.orchestra.run.smithi071.stdout:/usr/bin/ceph: stderr
2024-09-10T09:55:43.212+0000 7f557dffb640 1 -- 172.21.15.71:0/2961619617 --> [v2:172.21.15.71:6800/404028021,v1:172.21.15.71:6801/404028021] -- command(tid 0: {"prefix": "get_command_descriptions"}) v1 -- 0x7f557403c0a0 con 0x7f557403cf80
2024-09-10T09:55:43.940 INFO:teuthology.orchestra.run.smithi071.stdout:/usr/bin/ceph: stderr
2024-09-10T09:55:43.213+0000 7f558cb91640 1 --2- 172.21.15.71:0/2961619617 >> [v2:172.21.15.71:6800/404028021,v1:172.21.15.71:6801/404028021] conn(0x7f557403cf80 0x7f557403f360 unknown :-1 s=BANNER_CONNECTING pgs=0 cs=0 l=1 rev1=0 crypto rx=0 tx=0 comp rx=0 tx=0)._handle_peer_banner_payload supported=3 required=0
2024-09-10T09:55:43.940 INFO:teuthology.orchestra.run.smithi071.stdout:/usr/bin/ceph: stderr
2024-09-10T09:55:43.213+0000 7f558cb91640 1 --2- 172.21.15.71:0/2961619617 >> [v2:172.21.15.71:6800/404028021,v1:172.21.15.71:6801/404028021] conn(0x7f557403cf80 0x7f557403f360 secure :-1 s=READY pgs=2 cs=0 l=1 rev1=1 crypto rx=0x7f5578003940 tx=0x7f5578009350 comp rx=0 tx=0).ready entity=mgr.14160 client_cookie=0 server_cookie=0 in_seq=0 out_seq=0
2024-09-10T09:55:43.940 INFO:teuthology.orchestra.run.smithi071.stdout:/usr/bin/ceph: stderr
2024-09-10T09:55:43.214+0000 7f557dffb640 1 -- 172.21.15.71:0/2961619617 <== mgr.14160 v2:172.21.15.71:6800/404028021 1 ==== command_reply(tid 0: 0 ) v1 ==== 8+0+6549 (secure 0 0 0) 0x7f557403c0a0 con 0x7f557403cf80
2024-09-10T09:55:43.940 INFO:teuthology.orchestra.run.smithi071.stdout:/usr/bin/ceph: stderr
2024-09-10T09:55:43.219+0000 7f558f5f6640 1 -- 172.21.15.71:0/2961619617 --> [v2:172.21.15.71:6800/404028021,v1:172.21.15.71:6801/404028021] -- command(tid 1: {"prefix": "mgr_status"}) v1 -- 0x7f55881119e0 con 0x7f557403cf80
2024-09-10T09:55:43.940 INFO:teuthology.orchestra.run.smithi071.stdout:/usr/bin/ceph: stderr
2024-09-10T09:55:43.219+0000 7f557dffb640 1 -- 172.21.15.71:0/2961619617 <== mgr.14160 v2:172.21.15.71:6800/404028021 2 ==== command_reply(tid 1: 0 ) v1 ==== 8+0+52 (secure 0 0 0) 0x7f55881119e0 con 0x7f557403cf80
2024-09-10T09:55:43.940 INFO:teuthology.orchestra.run.smithi071.stdout:/usr/bin/ceph: stderr
2024-09-10T09:55:43.220+0000 7f558f5f6640 1 -- 172.21.15.71:0/2961619617 >> [v2:172.21.15.71:6800/404028021,v1:172.21.15.71:6801/404028021] conn(0x7f557403cf80 msgr2=0x7f557403f360 secure :-1 s=STATE_CONNECTION_ESTABLISHED l=1).mark_down
2024-09-10T09:55:43.940 INFO:teuthology.orchestra.run.smithi071.stdout:/usr/bin/ceph: stderr
2024-09-10T09:55:43.220+0000 7f558f5f6640 1 --2- 172.21.15.71:0/2961619617 >> [v2:172.21.15.71:6800/404028021,v1:172.21.15.71:6801/404028021] conn(0x7f557403cf80 0x7f557403f360 secure :-1 s=READY pgs=2 cs=0 l=1 rev1=1 crypto rx=0x7f5578003940 tx=0x7f5578009350 comp rx=0 tx=0).stop
2024-09-10T09:55:43.941 INFO:teuthology.orchestra.run.smithi071.stdout:/usr/bin/ceph: stderr
2024-09-10T09:55:43.220+0000 7f558f5f6640 1 -- 172.21.15.71:0/2961619617 >> [v2:172.21.15.71:3300/0,v1:172.21.15.71:6789/0] conn(0x7f5588101f80 msgr2=0x7f5588110e30 secure :-1 s=STATE_CONNECTION_ESTABLISHED l=1).mark_down
2024-09-10T09:55:43.941 INFO:teuthology.orchestra.run.smithi071.stdout:/usr/bin/ceph: stderr
2024-09-10T09:55:43.220+0000 7f558f5f6640 1 --2- 172.21.15.71:0/2961619617 >> [v2:172.21.15.71:3300/0,v1:172.21.15.71:6789/0] conn(0x7f5588101f80 0x7f5588110e30 secure :-1 s=READY pgs=70 cs=0 l=1 rev1=1 crypto rx=0x7f5584009420 tx=0x7f55840091d0 comp rx=0 tx=0).stop
2024-09-10T09:55:43.941 INFO:teuthology.orchestra.run.smithi071.stdout:/usr/bin/ceph: stderr
2024-09-10T09:55:43.220+0000 7f558f5f6640 1 -- 172.21.15.71:0/2961619617 shutdown_connections
2024-09-10T09:55:43.941 INFO:teuthology.orchestra.run.smithi071.stdout:/usr/bin/ceph: stderr
2024-09-10T09:55:43.220+0000 7f558f5f6640 1 --2- 172.21.15.71:0/2961619617 >> [v2:172.21.15.71:6800/404028021,v1:172.21.15.71:6801/404028021] conn(0x7f557403cf80 0x7f557403f360 unknown :-1 s=CLOSED pgs=2 cs=0 l=1 rev1=1 crypto rx=0 tx=0 comp rx=0 tx=0).stop
2024-09-10T09:55:43.941 INFO:teuthology.orchestra.run.smithi071.stdout:/usr/bin/ceph: stderr
2024-09-10T09:55:43.220+0000 7f558f5f6640 1 --2- 172.21.15.71:0/2961619617 >> [v2:172.21.15.71:6800/4098346293,v1:172.21.15.71:6801/4098346293] conn(0x7f55740394e0 0x7f557403b990 unknown :-1 s=CLOSED pgs=0 cs=0 l=1 rev1=0 crypto rx=0 tx=0 comp rx=0 tx=0).stop
2024-09-10T09:55:43.941 INFO:teuthology.orchestra.run.smithi071.stdout:/usr/bin/ceph: stderr
2024-09-10T09:55:43.220+0000 7f558f5f6640 1 --2- 172.21.15.71:0/2961619617 >> [v2:172.21.15.71:3300/0,v1:172.21.15.71:6789/0] conn(0x7f5588101f80 0x7f5588110e30 unknown :-1 s=CLOSED pgs=70 cs=0 l=1 rev1=1 crypto rx=0 tx=0 comp rx=0 tx=0).stop
2024-09-10T09:55:43.941 INFO:teuthology.orchestra.run.smithi071.stdout:/usr/bin/ceph: stderr
2024-09-10T09:55:43.220+0000 7f558f5f6640 1 -- 172.21.15.71:0/2961619617 >> 172.21.15.71:0/2961619617 conn(0x7f55880fd740 msgr2=0x7f55880fe340 unknown :-1 s=STATE_NONE l=0).mark_down
2024-09-10T09:55:43.941 INFO:teuthology.orchestra.run.smithi071.stdout:/usr/bin/ceph: stderr
2024-09-10T09:55:43.220+0000 7f558f5f6640 1 -- 172.21.15.71:0/2961619617 shutdown_connections
2024-09-10T09:55:43.941 INFO:teuthology.orchestra.run.smithi071.stdout:/usr/bin/ceph: stderr
2024-09-10T09:55:43.220+0000 7f558f5f6640 1 -- 172.21.15.71:0/2961619617 wait complete.
2024-09-10T09:55:43.941 INFO:teuthology.orchestra.run.smithi071.stdout:mgr epoch 9 is available
2024-09-10T09:55:43.941 INFO:teuthology.orchestra.run.smithi071.stdout:Generating a dashboard self-signed certificate...
2024-09-10T09:55:44.286 INFO:journalctl@ceph.mon.smithi071.smithi071.stdout:Sep 10 09:55:44 smithi071 ceph-mon[27559]: mgrmap e11: smithi071.gtqytr(active, since 1.00553s)
2024-09-10T09:55:44.286 INFO:journalctl@ceph.mon.smithi071.smithi071.stdout:Sep 10 09:55:44 smithi071 ceph-mon[27559]: [10/Sep/2024:09:55:43] ENGINE Bus STARTING
2024-09-10T09:55:44.287 INFO:journalctl@ceph.mon.smithi071.smithi071.stdout:Sep 10 09:55:44 smithi071 ceph-mon[27559]: [10/Sep/2024:09:55:43] ENGINE Serving on https://172.21.15.71:7150
2024-09-10T09:55:44.287 INFO:journalctl@ceph.mon.smithi071.smithi071.stdout:Sep 10 09:55:44 smithi071 ceph-mon[27559]: [10/Sep/2024:09:55:43] ENGINE Bus STARTED
2024-09-10T09:55:44.287 INFO:journalctl@ceph.mon.smithi071.smithi071.stdout:Sep 10 09:55:44 smithi071 ceph-mon[27559]: [10/Sep/2024:09:55:43] ENGINE Error in HTTPServer.serve
2024-09-10T09:55:44.287 INFO:journalctl@ceph.mon.smithi071.smithi071.stdout: Traceback (most recent call last):
2024-09-10T09:55:44.287 INFO:journalctl@ceph.mon.smithi071.smithi071.stdout: File "/lib/python3.9/site-packages/cheroot/server.py", line 1823, in serve
2024-09-10T09:55:44.287 INFO:journalctl@ceph.mon.smithi071.smithi071.stdout: self._connections.run(self.expiration_interval)
2024-09-10T09:55:44.287 INFO:journalctl@ceph.mon.smithi071.smithi071.stdout: File "/lib/python3.9/site-packages/cheroot/connections.py", line 203, in run
2024-09-10T09:55:44.287 INFO:journalctl@ceph.mon.smithi071.smithi071.stdout: self._run(expiration_interval)
2024-09-10T09:55:44.287 INFO:journalctl@ceph.mon.smithi071.smithi071.stdout: File "/lib/python3.9/site-packages/cheroot/connections.py", line 246, in _run
2024-09-10T09:55:44.287 INFO:journalctl@ceph.mon.smithi071.smithi071.stdout: new_conn = self._from_server_socket(self.server.socket)
2024-09-10T09:55:44.287 INFO:journalctl@ceph.mon.smithi071.smithi071.stdout: File "/lib/python3.9/site-packages/cheroot/connections.py", line 300, in _from_server_socket
2024-09-10T09:55:44.287 INFO:journalctl@ceph.mon.smithi071.smithi071.stdout: s, ssl_env = self.server.ssl_adapter.wrap(s)
2024-09-10T09:55:44.288 INFO:journalctl@ceph.mon.smithi071.smithi071.stdout: File "/lib/python3.9/site-packages/cheroot/ssl/builtin.py", line 277, in wrap
2024-09-10T09:55:44.288 INFO:journalctl@ceph.mon.smithi071.smithi071.stdout: s = self.context.wrap_socket(
2024-09-10T09:55:44.288 INFO:journalctl@ceph.mon.smithi071.smithi071.stdout: File "/lib64/python3.9/ssl.py", line 501, in wrap_socket
2024-09-10T09:55:44.288 INFO:journalctl@ceph.mon.smithi071.smithi071.stdout: return self.sslsocket_class._create(
2024-09-10T09:55:44.288 INFO:journalctl@ceph.mon.smithi071.smithi071.stdout: File "/lib64/python3.9/ssl.py", line 1074, in _create
2024-09-10T09:55:44.288 INFO:journalctl@ceph.mon.smithi071.smithi071.stdout: self.do_handshake()
2024-09-10T09:55:44.288 INFO:journalctl@ceph.mon.smithi071.smithi071.stdout: File "/lib64/python3.9/ssl.py", line 1343, in do_handshake
2024-09-10T09:55:44.288 INFO:journalctl@ceph.mon.smithi071.smithi071.stdout: self._sslobj.do_handshake()
2024-09-10T09:55:44.288 INFO:journalctl@ceph.mon.smithi071.smithi071.stdout: ssl.SSLZeroReturnError: TLS/SSL connection has been closed (EOF) (_ssl.c:1133)
2024-09-10T09:55:44.288 INFO:journalctl@ceph.mon.smithi071.smithi071.stdout:Sep 10 09:55:44 smithi071 ceph-mon[27559]: from='mgr.14160 172.21.15.71:0/3084956901' entity='mgr.smithi071.gtqytr'
2024-09-10T09:55:44.288 INFO:journalctl@ceph.mon.smithi071.smithi071.stdout:Sep 10 09:55:44 smithi071 ceph-mon[27559]: from='mgr.14160 172.21.15.71:0/3084956901' entity='mgr.smithi071.gtqytr'
2024-09-10T09:55:45.033 INFO:teuthology.orchestra.run.smithi071.stdout:/usr/bin/ceph: stdout Self-signed certificate created
2024-09-10T09:55:45.033 INFO:teuthology.orchestra.run.smithi071.stdout:/usr/bin/ceph: stderr
2024-09-10T09:55:44.283+0000 7f091ba31640 1 Processor -- start
2024-09-10T09:55:45.033 INFO:teuthology.orchestra.run.smithi071.stdout:/usr/bin/ceph: stderr
2024-09-10T09:55:44.284+0000 7f091ba31640 1 -- start start
2024-09-10T09:55:45.034 INFO:teuthology.orchestra.run.smithi071.stdout:/usr/bin/ceph: stderr
2024-09-10T09:55:44.284+0000 7f091ba31640 1 --2- >> [v2:172.21.15.71:3300/0,v1:172.21.15.71:6789/0] conn(0x7f0914076b10 0x7f0914104be0 unknown :-1 s=NONE pgs=0 cs=0 l=0 rev1=0 crypto rx=0 tx=0 comp rx=0 tx=0).connect
2024-09-10T09:55:45.034 INFO:teuthology.orchestra.run.smithi071.stdout:/usr/bin/ceph: stderr
2024-09-10T09:55:44.284+0000 7f091ba31640 1 -- --> [v2:172.21.15.71:3300/0,v1:172.21.15.71:6789/0] -- mon_getmap magic: 0 v1 -- 0x7f0914076f20 con 0x7f0914076b10
2024-09-10T09:55:45.034 INFO:teuthology.orchestra.run.smithi071.stdout:/usr/bin/ceph: stderr
2024-09-10T09:55:44.284+0000 7f09197cd640 1 --2- >> [v2:172.21.15.71:3300/0,v1:172.21.15.71:6789/0] conn(0x7f0914076b10 0x7f0914104be0 unknown :-1 s=BANNER_CONNECTING pgs=0 cs=0 l=0 rev1=0 crypto rx=0 tx=0 comp rx=0 tx=0)._handle_peer_banner_payload supported=3 required=0
2024-09-10T09:55:45.034 INFO:teuthology.orchestra.run.smithi071.stdout:/usr/bin/ceph: stderr
2024-09-10T09:55:44.284+0000 7f09197cd640 1 --2- >> [v2:172.21.15.71:3300/0,v1:172.21.15.71:6789/0] conn(0x7f0914076b10 0x7f0914104be0 unknown :-1 s=HELLO_CONNECTING pgs=0 cs=0 l=0 rev1=1 crypto rx=0 tx=0 comp rx=0 tx=0).handle_hello peer v2:172.21.15.71:3300/0 says I am v2:172.21.15.71:35980/0 (socket says 172.21.15.71:35980)
2024-09-10T09:55:45.034 INFO:teuthology.orchestra.run.smithi071.stdout:/usr/bin/ceph: stderr
2024-09-10T09:55:44.284+0000 7f09197cd640 1 -- 172.21.15.71:0/3981550721 learned_addr learned my addr 172.21.15.71:0/3981550721 (peer_addr_for_me v2:172.21.15.71:0/0)
2024-09-10T09:55:45.034 INFO:teuthology.orchestra.run.smithi071.stdout:/usr/bin/ceph: stderr
2024-09-10T09:55:44.284+0000 7f09197cd640 1 -- 172.21.15.71:0/3981550721 --> [v2:172.21.15.71:3300/0,v1:172.21.15.71:6789/0] -- mon_subscribe({config=0+,monmap=0+}) v3 -- 0x7f0914105120 con 0x7f0914076b10
2024-09-10T09:55:45.034 INFO:teuthology.orchestra.run.smithi071.stdout:/usr/bin/ceph: stderr
2024-09-10T09:55:44.285+0000 7f09197cd640 1 --2- 172.21.15.71:0/3981550721 >> [v2:172.21.15.71:3300/0,v1:172.21.15.71:6789/0] conn(0x7f0914076b10 0x7f0914104be0 secure :-1 s=READY pgs=78 cs=0 l=1 rev1=1 crypto rx=0x7f0910009840 tx=0x7f09100091d0 comp rx=0 tx=0).ready entity=mon.0 client_cookie=d9c8ae1aa51d94b0 server_cookie=0 in_seq=0 out_seq=0
2024-09-10T09:55:45.034 INFO:teuthology.orchestra.run.smithi071.stdout:/usr/bin/ceph: stderr
2024-09-10T09:55:44.285+0000 7f090bfff640 1 -- 172.21.15.71:0/3981550721 <== mon.0 v2:172.21.15.71:3300/0 1 ==== mon_map magic: 0 v1 ==== 229+0+0 (secure 0 0 0) 0x7f0910032440 con 0x7f0914076b10
2024-09-10T09:55:45.034 INFO:teuthology.orchestra.run.smithi071.stdout:/usr/bin/ceph: stderr
2024-09-10T09:55:44.285+0000 7f090bfff640 1 -- 172.21.15.71:0/3981550721 <== mon.0 v2:172.21.15.71:3300/0 2 ==== config(26 keys) v1 ==== 1070+0+0 (secure 0 0 0) 0x7f0910032a40 con 0x7f0914076b10
2024-09-10T09:55:45.034 INFO:teuthology.orchestra.run.smithi071.stdout:/usr/bin/ceph: stderr
2024-09-10T09:55:44.285+0000 7f090bfff640 1 -- 172.21.15.71:0/3981550721 <== mon.0 v2:172.21.15.71:3300/0 3 ==== mon_map magic: 0 v1 ==== 229+0+0 (secure 0 0 0) 0x7f0910031aa0 con 0x7f0914076b10
2024-09-10T09:55:45.034 INFO:teuthology.orchestra.run.smithi071.stdout:/usr/bin/ceph: stderr
2024-09-10T09:55:44.286+0000 7f091ba31640 1 -- 172.21.15.71:0/3981550721 >> [v2:172.21.15.71:3300/0,v1:172.21.15.71:6789/0] conn(0x7f0914076b10 msgr2=0x7f0914104be0 secure :-1 s=STATE_CONNECTION_ESTABLISHED l=1).mark_down
2024-09-10T09:55:45.034 INFO:teuthology.orchestra.run.smithi071.stdout:/usr/bin/ceph: stderr
2024-09-10T09:55:44.286+0000 7f091ba31640 1 --2- 172.21.15.71:0/3981550721 >> [v2:172.21.15.71:3300/0,v1:172.21.15.71:6789/0] conn(0x7f0914076b10 0x7f0914104be0 secure :-1 s=READY pgs=78 cs=0 l=1 rev1=1 crypto rx=0x7f0910009840 tx=0x7f09100091d0 comp rx=0 tx=0).stop
2024-09-10T09:55:45.034 INFO:teuthology.orchestra.run.smithi071.stdout:/usr/bin/ceph: stderr
2024-09-10T09:55:44.286+0000 7f091ba31640 1 -- 172.21.15.71:0/3981550721 shutdown_connections
2024-09-10T09:55:45.034 INFO:teuthology.orchestra.run.smithi071.stdout:/usr/bin/ceph: stderr
2024-09-10T09:55:44.286+0000 7f091ba31640 1 --2- 172.21.15.71:0/3981550721 >> [v2:172.21.15.71:3300/0,v1:172.21.15.71:6789/0] conn(0x7f0914076b10 0x7f0914104be0 unknown :-1 s=CLOSED pgs=78 cs=0 l=1 rev1=1 crypto rx=0 tx=0 comp rx=0 tx=0).stop
2024-09-10T09:55:45.035 INFO:teuthology.orchestra.run.smithi071.stdout:/usr/bin/ceph: stderr
2024-09-10T09:55:44.286+0000 7f091ba31640 1 -- 172.21.15.71:0/3981550721 >> 172.21.15.71:0/3981550721 conn(0x7f09140fc6d0 msgr2=0x7f09140feb20 unknown :-1 s=STATE_NONE l=0).mark_down
2024-09-10T09:55:45.035 INFO:teuthology.orchestra.run.smithi071.stdout:/usr/bin/ceph: stderr
2024-09-10T09:55:44.286+0000 7f091ba31640 1 -- 172.21.15.71:0/3981550721 shutdown_connections
2024-09-10T09:55:45.035 INFO:teuthology.orchestra.run.smithi071.stdout:/usr/bin/ceph: stderr
2024-09-10T09:55:44.286+0000 7f091ba31640 1 -- 172.21.15.71:0/3981550721 wait complete.
2024-09-10T09:55:45.035 INFO:teuthology.orchestra.run.smithi071.stdout:/usr/bin/ceph: stderr
2024-09-10T09:55:44.286+0000 7f091ba31640 1 Processor -- start
2024-09-10T09:55:45.035 INFO:teuthology.orchestra.run.smithi071.stdout:/usr/bin/ceph: stderr
2024-09-10T09:55:44.287+0000 7f091ba31640 1 -- start start
2024-09-10T09:55:45.035 INFO:teuthology.orchestra.run.smithi071.stdout:/usr/bin/ceph: stderr
2024-09-10T09:55:44.287+0000 7f091ba31640 1 --2- >> [v2:172.21.15.71:3300/0,v1:172.21.15.71:6789/0] conn(0x7f0914076b10 0x7f0914102510 unknown :-1 s=NONE pgs=0 cs=0 l=1 rev1=0 crypto rx=0 tx=0 comp rx=0 tx=0).connect
2024-09-10T09:55:45.035 INFO:teuthology.orchestra.run.smithi071.stdout:/usr/bin/ceph: stderr
2024-09-10T09:55:44.287+0000 7f091ba31640 1 -- --> [v2:172.21.15.71:3300/0,v1:172.21.15.71:6789/0] -- mon_getmap magic: 0 v1 -- 0x7f0914102a50 con 0x7f0914076b10
2024-09-10T09:55:45.035 INFO:teuthology.orchestra.run.smithi071.stdout:/usr/bin/ceph: stderr
2024-09-10T09:55:44.287+0000 7f09197cd640 1 --2- >> [v2:172.21.15.71:3300/0,v1:172.21.15.71:6789/0] conn(0x7f0914076b10 0x7f0914102510 unknown :-1 s=BANNER_CONNECTING pgs=0 cs=0 l=1 rev1=0 crypto rx=0 tx=0 comp rx=0 tx=0)._handle_peer_banner_payload supported=3 required=0
2024-09-10T09:55:45.035 INFO:teuthology.orchestra.run.smithi071.stdout:/usr/bin/ceph: stderr
2024-09-10T09:55:44.287+0000 7f09197cd640 1 --2- >> [v2:172.21.15.71:3300/0,v1:172.21.15.71:6789/0] conn(0x7f0914076b10 0x7f0914102510 unknown :-1 s=HELLO_CONNECTING pgs=0 cs=0 l=1 rev1=1 crypto rx=0 tx=0 comp rx=0 tx=0).handle_hello peer v2:172.21.15.71:3300/0 says I am v2:172.21.15.71:35992/0 (socket says 172.21.15.71:35992)
2024-09-10T09:55:45.035 INFO:teuthology.orchestra.run.smithi071.stdout:/usr/bin/ceph: stderr
2024-09-10T09:55:44.287+0000 7f09197cd640 1 -- 172.21.15.71:0/1714974725 learned_addr learned my addr 172.21.15.71:0/1714974725 (peer_addr_for_me v2:172.21.15.71:0/0)
2024-09-10T09:55:45.035 INFO:teuthology.orchestra.run.smithi071.stdout:/usr/bin/ceph: stderr
2024-09-10T09:55:44.287+0000 7f09197cd640 1 -- 172.21.15.71:0/1714974725 --> [v2:172.21.15.71:3300/0,v1:172.21.15.71:6789/0] -- mon_subscribe({config=0+,monmap=0+}) v3 -- 0x7f0910009450 con 0x7f0914076b10
2024-09-10T09:55:45.035 INFO:teuthology.orchestra.run.smithi071.stdout:/usr/bin/ceph: stderr
2024-09-10T09:55:44.287+0000 7f09197cd640 1 --2- 172.21.15.71:0/1714974725 >> [v2:172.21.15.71:3300/0,v1:172.21.15.71:6789/0] conn(0x7f0914076b10 0x7f0914102510 secure :-1 s=READY pgs=79 cs=0 l=1 rev1=1 crypto rx=0x7f0910009810 tx=0x7f09100091d0 comp rx=0 tx=0).ready entity=mon.0 client_cookie=0 server_cookie=0 in_seq=0 out_seq=0
2024-09-10T09:55:45.035 INFO:teuthology.orchestra.run.smithi071.stdout:/usr/bin/ceph: stderr
2024-09-10T09:55:44.287+0000 7f0909ffb640 1 -- 172.21.15.71:0/1714974725 <== mon.0 v2:172.21.15.71:3300/0 1 ==== mon_map magic: 0 v1 ==== 229+0+0 (secure 0 0 0) 0x7f09100327b0 con 0x7f0914076b10
2024-09-10T09:55:45.035 INFO:teuthology.orchestra.run.smithi071.stdout:/usr/bin/ceph: stderr
2024-09-10T09:55:44.287+0000 7f0909ffb640 1 -- 172.21.15.71:0/1714974725 <== mon.0 v2:172.21.15.71:3300/0 2 ==== config(26 keys) v1 ==== 1070+0+0 (secure 0 0 0) 0x7f091003b8d0 con 0x7f0914076b10
2024-09-10T09:55:45.035 INFO:teuthology.orchestra.run.smithi071.stdout:/usr/bin/ceph: stderr
2024-09-10T09:55:44.287+0000 7f091ba31640 1 -- 172.21.15.71:0/1714974725 --> [v2:172.21.15.71:3300/0,v1:172.21.15.71:6789/0] -- mon_subscribe({mgrmap=0+}) v3 -- 0x7f0914100ae0 con 0x7f0914076b10
2024-09-10T09:55:45.036 INFO:teuthology.orchestra.run.smithi071.stdout:/usr/bin/ceph: stderr
2024-09-10T09:55:44.287+0000 7f0909ffb640 1 -- 172.21.15.71:0/1714974725 <== mon.0 v2:172.21.15.71:3300/0 3 ==== mon_map magic: 0 v1 ==== 229+0+0 (secure 0 0 0) 0x7f091003a6f0 con 0x7f0914076b10
2024-09-10T09:55:45.036 INFO:teuthology.orchestra.run.smithi071.stdout:/usr/bin/ceph: stderr
2024-09-10T09:55:44.288+0000 7f091ba31640 1 -- 172.21.15.71:0/1714974725 --> [v2:172.21.15.71:3300/0,v1:172.21.15.71:6789/0] -- mon_subscribe({osdmap=0}) v3 -- 0x7f0914100f50 con 0x7f0914076b10
2024-09-10T09:55:45.036 INFO:teuthology.orchestra.run.smithi071.stdout:/usr/bin/ceph: stderr
2024-09-10T09:55:44.288+0000 7f0909ffb640 1 -- 172.21.15.71:0/1714974725 <== mon.0 v2:172.21.15.71:3300/0 4 ==== mgrmap(e 11) v1 ==== 45414+0+0 (secure 0 0 0) 0x7f0910039040 con 0x7f0914076b10
2024-09-10T09:55:45.036 INFO:teuthology.orchestra.run.smithi071.stdout:/usr/bin/ceph: stderr
2024-09-10T09:55:44.289+0000 7f0909ffb640 1 --2- 172.21.15.71:0/1714974725 >> [v2:172.21.15.71:6800/404028021,v1:172.21.15.71:6801/404028021] conn(0x7f09000393d0 0x7f090003b880 unknown :-1 s=NONE pgs=0 cs=0 l=1 rev1=0 crypto rx=0 tx=0 comp rx=0 tx=0).connect
2024-09-10T09:55:45.036 INFO:teuthology.orchestra.run.smithi071.stdout:/usr/bin/ceph: stderr
2024-09-10T09:55:44.289+0000 7f0909ffb640 1 -- 172.21.15.71:0/1714974725 <== mon.0 v2:172.21.15.71:3300/0 5 ==== osd_map(3..3 src has 1..3) v4 ==== 1151+0+0 (secure 0 0 0) 0x7f091006cb60 con 0x7f0914076b10
2024-09-10T09:55:45.036 INFO:teuthology.orchestra.run.smithi071.stdout:/usr/bin/ceph: stderr
2024-09-10T09:55:44.289+0000 7f091ba31640 1 -- 172.21.15.71:0/1714974725 --> [v2:172.21.15.71:3300/0,v1:172.21.15.71:6789/0] -- mon_command({"prefix": "get_command_descriptions"} v 0) v1 -- 0x7f091404b720 con 0x7f0914076b10
2024-09-10T09:55:45.036 INFO:teuthology.orchestra.run.smithi071.stdout:/usr/bin/ceph: stderr
2024-09-10T09:55:44.289+0000 7f0918fcc640 1 --2- 172.21.15.71:0/1714974725 >> [v2:172.21.15.71:6800/404028021,v1:172.21.15.71:6801/404028021] conn(0x7f09000393d0 0x7f090003b880 unknown :-1 s=BANNER_CONNECTING pgs=0 cs=0 l=1 rev1=0 crypto rx=0 tx=0 comp rx=0 tx=0)._handle_peer_banner_payload supported=3 required=0
2024-09-10T09:55:45.036 INFO:teuthology.orchestra.run.smithi071.stdout:/usr/bin/ceph: stderr
2024-09-10T09:55:44.289+0000 7f0918fcc640 1 --2- 172.21.15.71:0/1714974725 >> [v2:172.21.15.71:6800/404028021,v1:172.21.15.71:6801/404028021] conn(0x7f09000393d0 0x7f090003b880 secure :-1 s=READY pgs=7 cs=0 l=1 rev1=1 crypto rx=0x7f0904006fd0 tx=0x7f0904006db0 comp rx=0 tx=0).ready entity=mgr.14160 client_cookie=0 server_cookie=0 in_seq=0 out_seq=0
2024-09-10T09:55:45.036 INFO:teuthology.orchestra.run.smithi071.stdout:/usr/bin/ceph: stderr
2024-09-10T09:55:44.293+0000 7f0909ffb640 1 -- 172.21.15.71:0/1714974725 <== mon.0 v2:172.21.15.71:3300/0 6 ==== mon_command_ack([{"prefix": "get_command_descriptions"}]=0 v0) v1 ==== 72+0+176781 (secure 0 0 0) 0x7f091003f020 con 0x7f0914076b10
2024-09-10T09:55:45.036 INFO:teuthology.orchestra.run.smithi071.stdout:/usr/bin/ceph: stderr
2024-09-10T09:55:44.461+0000 7f091ba31640 1 -- 172.21.15.71:0/1714974725 --> [v2:172.21.15.71:6800/404028021,v1:172.21.15.71:6801/404028021] -- mgr_command(tid 0: {"prefix": "dashboard create-self-signed-cert", "target": ["mon-mgr", ""]}) v1 -- 0x7f0914101450 con 0x7f09000393d0
2024-09-10T09:55:45.036 INFO:teuthology.orchestra.run.smithi071.stdout:/usr/bin/ceph: stderr
2024-09-10T09:55:44.484+0000 7f0909ffb640 1 -- 172.21.15.71:0/1714974725 <== mon.0 v2:172.21.15.71:3300/0 7 ==== mgrmap(e 12) v1 ==== 45520+0+0 (secure 0 0 0) 0x7f091004bd10 con 0x7f0914076b10
2024-09-10T09:55:45.036 INFO:teuthology.orchestra.run.smithi071.stdout:/usr/bin/ceph: stderr
2024-09-10T09:55:44.490+0000 7f0909ffb640 1 -- 172.21.15.71:0/1714974725 <== mgr.14160 v2:172.21.15.71:6800/404028021 1 ==== mgr_command_reply(tid 0: 0 ) v1 ==== 8+0+32 (secure 0 0 0) 0x7f0914101450 con 0x7f09000393d0
2024-09-10T09:55:45.036 INFO:teuthology.orchestra.run.smithi071.stdout:/usr/bin/ceph: stderr
2024-09-10T09:55:44.492+0000 7f091ba31640 1 -- 172.21.15.71:0/1714974725 >> [v2:172.21.15.71:6800/404028021,v1:172.21.15.71:6801/404028021] conn(0x7f09000393d0 msgr2=0x7f090003b880 secure :-1 s=STATE_CONNECTION_ESTABLISHED l=1).mark_down
2024-09-10T09:55:45.036 INFO:teuthology.orchestra.run.smithi071.stdout:/usr/bin/ceph: stderr
2024-09-10T09:55:44.492+0000 7f091ba31640 1 --2- 172.21.15.71:0/1714974725 >> [v2:172.21.15.71:6800/404028021,v1:172.21.15.71:6801/404028021] conn(0x7f09000393d0 0x7f090003b880 secure :-1 s=READY pgs=7 cs=0 l=1 rev1=1 crypto rx=0x7f0904006fd0 tx=0x7f0904006db0 comp rx=0 tx=0).stop
2024-09-10T09:55:45.037 INFO:teuthology.orchestra.run.smithi071.stdout:/usr/bin/ceph: stderr
2024-09-10T09:55:44.492+0000 7f091ba31640 1 -- 172.21.15.71:0/1714974725 >> [v2:172.21.15.71:3300/0,v1:172.21.15.71:6789/0] conn(0x7f0914076b10 msgr2=0x7f0914102510 secure :-1 s=STATE_CONNECTION_ESTABLISHED l=1).mark_down
2024-09-10T09:55:45.037 INFO:teuthology.orchestra.run.smithi071.stdout:/usr/bin/ceph: stderr
2024-09-10T09:55:44.492+0000 7f091ba31640 1 --2- 172.21.15.71:0/1714974725 >> [v2:172.21.15.71:3300/0,v1:172.21.15.71:6789/0] conn(0x7f0914076b10 0x7f0914102510 secure :-1 s=READY pgs=79 cs=0 l=1 rev1=1 crypto rx=0x7f0910009810 tx=0x7f09100091d0 comp rx=0 tx=0).stop
2024-09-10T09:55:45.037 INFO:teuthology.orchestra.run.smithi071.stdout:/usr/bin/ceph: stderr
2024-09-10T09:55:44.492+0000 7f091ba31640 1 -- 172.21.15.71:0/1714974725 shutdown_connections
2024-09-10T09:55:45.037 INFO:teuthology.orchestra.run.smithi071.stdout:/usr/bin/ceph: stderr
2024-09-10T09:55:44.492+0000 7f091ba31640 1 --2- 172.21.15.71:0/1714974725 >> [v2:172.21.15.71:6800/404028021,v1:172.21.15.71:6801/404028021] conn(0x7f09000393d0 0x7f090003b880 unknown :-1 s=CLOSED pgs=7 cs=0 l=1 rev1=1 crypto rx=0 tx=0 comp rx=0 tx=0).stop
2024-09-10T09:55:45.037 INFO:teuthology.orchestra.run.smithi071.stdout:/usr/bin/ceph: stderr
2024-09-10T09:55:44.492+0000 7f091ba31640 1 --2- 172.21.15.71:0/1714974725 >> [v2:172.21.15.71:3300/0,v1:172.21.15.71:6789/0] conn(0x7f0914076b10 0x7f0914102510 unknown :-1 s=CLOSED pgs=79 cs=0 l=1 rev1=1 crypto rx=0 tx=0 comp rx=0 tx=0).stop
2024-09-10T09:55:45.037 INFO:teuthology.orchestra.run.smithi071.stdout:/usr/bin/ceph: stderr
2024-09-10T09:55:44.492+0000 7f091ba31640 1 -- 172.21.15.71:0/1714974725 >> 172.21.15.71:0/1714974725 conn(0x7f09140fc6d0 msgr2=0x7f09140fd410 unknown :-1 s=STATE_NONE l=0).mark_down
2024-09-10T09:55:45.037 INFO:teuthology.orchestra.run.smithi071.stdout:/usr/bin/ceph: stderr
2024-09-10T09:55:44.493+0000 7f091ba31640 1 -- 172.21.15.71:0/1714974725 shutdown_connections
2024-09-10T09:55:45.037 INFO:teuthology.orchestra.run.smithi071.stdout:/usr/bin/ceph: stderr
2024-09-10T09:55:44.493+0000 7f091ba31640 1 -- 172.21.15.71:0/1714974725 wait complete.
2024-09-10T09:55:45.037 INFO:teuthology.orchestra.run.smithi071.stdout:Creating initial admin user...
2024-09-10T09:55:45.622 INFO:journalctl@ceph.mon.smithi071.smithi071.stdout:Sep 10 09:55:45 smithi071 ceph-mon[27559]: from='mgr.14160 172.21.15.71:0/3084956901' entity='mgr.smithi071.gtqytr'
2024-09-10T09:55:45.622 INFO:journalctl@ceph.mon.smithi071.smithi071.stdout:Sep 10 09:55:45 smithi071 ceph-mon[27559]: from='client.14172 -' entity='client.admin' cmd=[{"prefix": "dashboard create-self-signed-cert", "target": ["mon-mgr", ""]}]: dispatch
2024-09-10T09:55:45.622 INFO:journalctl@ceph.mon.smithi071.smithi071.stdout:Sep 10 09:55:45 smithi071 ceph-mon[27559]: mgrmap e12: smithi071.gtqytr(active, since 2s)
2024-09-10T09:55:45.622 INFO:journalctl@ceph.mon.smithi071.smithi071.stdout:Sep 10 09:55:45 smithi071 ceph-mon[27559]: from='mgr.14160 172.21.15.71:0/3084956901' entity='mgr.smithi071.gtqytr'
2024-09-10T09:55:45.622 INFO:journalctl@ceph.mon.smithi071.smithi071.stdout:Sep 10 09:55:45 smithi071 ceph-mon[27559]: from='mgr.14160 172.21.15.71:0/3084956901' entity='mgr.smithi071.gtqytr'
2024-09-10T09:55:46.972 INFO:teuthology.orchestra.run.smithi071.stdout:/usr/bin/ceph: stdout {"username": "admin", "password": "$2b$12$5a5R2RxOCzYOD4ftHH9NUuQJm53FDVkEy5VDjjFIh5elBM9HVd2U.", "roles": ["administrator"], "name": null, "email": null, "lastUpdate": 1725962145, "enabled": true, "pwdExpirationDate": null, "pwdUpdateRequired": true}
2024-09-10T09:55:46.973 INFO:teuthology.orchestra.run.smithi071.stdout:/usr/bin/ceph: stderr
2024-09-10T09:55:45.430+0000 7f4d0c4eb640 1 Processor -- start
2024-09-10T09:55:46.973 INFO:teuthology.orchestra.run.smithi071.stdout:/usr/bin/ceph: stderr
2024-09-10T09:55:45.431+0000 7f4d0c4eb640 1 -- start start
2024-09-10T09:55:46.973 INFO:teuthology.orchestra.run.smithi071.stdout:/usr/bin/ceph: stderr
2024-09-10T09:55:45.431+0000 7f4d0c4eb640 1 --2- >> [v2:172.21.15.71:3300/0,v1:172.21.15.71:6789/0] conn(0x7f4d04076b30 0x7f4d04104c70 unknown :-1 s=NONE pgs=0 cs=0 l=0 rev1=0 crypto rx=0 tx=0 comp rx=0 tx=0).connect
2024-09-10T09:55:46.973 INFO:teuthology.orchestra.run.smithi071.stdout:/usr/bin/ceph: stderr
2024-09-10T09:55:45.431+0000 7f4d0c4eb640 1 -- --> [v2:172.21.15.71:3300/0,v1:172.21.15.71:6789/0] -- mon_getmap magic: 0 v1 -- 0x7f4d04076f40 con 0x7f4d04076b30
2024-09-10T09:55:46.973 INFO:teuthology.orchestra.run.smithi071.stdout:/usr/bin/ceph: stderr
2024-09-10T09:55:45.431+0000 7f4d0a287640 1 --2- >> [v2:172.21.15.71:3300/0,v1:172.21.15.71:6789/0] conn(0x7f4d04076b30 0x7f4d04104c70 unknown :-1 s=BANNER_CONNECTING pgs=0 cs=0 l=0 rev1=0 crypto rx=0 tx=0 comp rx=0 tx=0)._handle_peer_banner_payload supported=3 required=0
2024-09-10T09:55:46.973 INFO:teuthology.orchestra.run.smithi071.stdout:/usr/bin/ceph: stderr
2024-09-10T09:55:45.431+0000 7f4d0a287640 1 --2- >> [v2:172.21.15.71:3300/0,v1:172.21.15.71:6789/0] conn(0x7f4d04076b30 0x7f4d04104c70 unknown :-1 s=HELLO_CONNECTING pgs=0 cs=0 l=0 rev1=1 crypto rx=0 tx=0 comp rx=0 tx=0).handle_hello peer v2:172.21.15.71:3300/0 says I am v2:172.21.15.71:35996/0 (socket says 172.21.15.71:35996)
2024-09-10T09:55:46.973 INFO:teuthology.orchestra.run.smithi071.stdout:/usr/bin/ceph: stderr
2024-09-10T09:55:45.431+0000 7f4d0a287640 1 -- 172.21.15.71:0/4093522215 learned_addr learned my addr 172.21.15.71:0/4093522215 (peer_addr_for_me v2:172.21.15.71:0/0)
2024-09-10T09:55:46.973 INFO:teuthology.orchestra.run.smithi071.stdout:/usr/bin/ceph: stderr
2024-09-10T09:55:45.432+0000 7f4d0a287640 1 -- 172.21.15.71:0/4093522215 --> [v2:172.21.15.71:3300/0,v1:172.21.15.71:6789/0] -- mon_subscribe({config=0+,monmap=0+}) v3 -- 0x7f4d041051b0 con 0x7f4d04076b30
2024-09-10T09:55:46.973 INFO:teuthology.orchestra.run.smithi071.stdout:/usr/bin/ceph: stderr
2024-09-10T09:55:45.432+0000 7f4d0a287640 1 --2- 172.21.15.71:0/4093522215 >> [v2:172.21.15.71:3300/0,v1:172.21.15.71:6789/0] conn(0x7f4d04076b30 0x7f4d04104c70 secure :-1 s=READY pgs=80 cs=0 l=1 rev1=1 crypto rx=0x7f4d00009840 tx=0x7f4d000091d0 comp rx=0 tx=0).ready entity=mon.0 client_cookie=bc344d702ac1c243 server_cookie=0 in_seq=0 out_seq=0
2024-09-10T09:55:46.973 INFO:teuthology.orchestra.run.smithi071.stdout:/usr/bin/ceph: stderr
2024-09-10T09:55:45.432+0000 7f4d09285640 1 -- 172.21.15.71:0/4093522215 <== mon.0 v2:172.21.15.71:3300/0 1 ==== mon_map magic: 0 v1 ==== 229+0+0 (secure 0 0 0) 0x7f4d00032440 con 0x7f4d04076b30
2024-09-10T09:55:46.973 INFO:teuthology.orchestra.run.smithi071.stdout:/usr/bin/ceph: stderr
2024-09-10T09:55:45.432+0000 7f4d09285640 1 -- 172.21.15.71:0/4093522215 <== mon.0 v2:172.21.15.71:3300/0 2 ==== config(26 keys) v1 ==== 1070+0+0 (secure 0 0 0) 0x7f4d00032a40 con 0x7f4d04076b30
2024-09-10T09:55:46.973 INFO:teuthology.orchestra.run.smithi071.stdout:/usr/bin/ceph: stderr
2024-09-10T09:55:45.433+0000 7f4d09285640 1 -- 172.21.15.71:0/4093522215 <== mon.0 v2:172.21.15.71:3300/0 3 ==== mon_map magic: 0 v1 ==== 229+0+0 (secure 0 0 0) 0x7f4d00031a70 con 0x7f4d04076b30
2024-09-10T09:55:46.973 INFO:teuthology.orchestra.run.smithi071.stdout:/usr/bin/ceph: stderr
2024-09-10T09:55:45.433+0000 7f4d0c4eb640 1 -- 172.21.15.71:0/4093522215 >> [v2:172.21.15.71:3300/0,v1:172.21.15.71:6789/0] conn(0x7f4d04076b30 msgr2=0x7f4d04104c70 secure :-1 s=STATE_CONNECTION_ESTABLISHED l=1).mark_down
2024-09-10T09:55:46.974 INFO:teuthology.orchestra.run.smithi071.stdout:/usr/bin/ceph: stderr
2024-09-10T09:55:45.433+0000 7f4d0c4eb640 1 --2- 172.21.15.71:0/4093522215 >> [v2:172.21.15.71:3300/0,v1:172.21.15.71:6789/0] conn(0x7f4d04076b30 0x7f4d04104c70 secure :-1 s=READY pgs=80 cs=0 l=1 rev1=1 crypto rx=0x7f4d00009840 tx=0x7f4d000091d0 comp rx=0 tx=0).stop
2024-09-10T09:55:46.974 INFO:teuthology.orchestra.run.smithi071.stdout:/usr/bin/ceph: stderr
2024-09-10T09:55:45.433+0000 7f4d0c4eb640 1 -- 172.21.15.71:0/4093522215 shutdown_connections
2024-09-10T09:55:46.974 INFO:teuthology.orchestra.run.smithi071.stdout:/usr/bin/ceph: stderr
2024-09-10T09:55:45.433+0000 7f4d0c4eb640 1 --2- 172.21.15.71:0/4093522215 >> [v2:172.21.15.71:3300/0,v1:172.21.15.71:6789/0] conn(0x7f4d04076b30 0x7f4d04104c70 unknown :-1 s=CLOSED pgs=80 cs=0 l=1 rev1=1 crypto rx=0 tx=0 comp rx=0 tx=0).stop
2024-09-10T09:55:46.974 INFO:teuthology.orchestra.run.smithi071.stdout:/usr/bin/ceph: stderr
2024-09-10T09:55:45.433+0000 7f4d0c4eb640 1 -- 172.21.15.71:0/4093522215 >> 172.21.15.71:0/4093522215 conn(0x7f4d040fc6e0 msgr2=0x7f4d040feb10 unknown :-1 s=STATE_NONE l=0).mark_down
2024-09-10T09:55:46.974 INFO:teuthology.orchestra.run.smithi071.stdout:/usr/bin/ceph: stderr
2024-09-10T09:55:45.433+0000 7f4d0c4eb640 1 -- 172.21.15.71:0/4093522215 shutdown_connections
2024-09-10T09:55:46.974 INFO:teuthology.orchestra.run.smithi071.stdout:/usr/bin/ceph: stderr
2024-09-10T09:55:45.433+0000 7f4d0c4eb640 1 -- 172.21.15.71:0/4093522215 wait complete.
2024-09-10T09:55:46.974 INFO:teuthology.orchestra.run.smithi071.stdout:/usr/bin/ceph: stderr
2024-09-10T09:55:45.434+0000 7f4d0c4eb640 1 Processor -- start
2024-09-10T09:55:46.974 INFO:teuthology.orchestra.run.smithi071.stdout:/usr/bin/ceph: stderr
2024-09-10T09:55:45.434+0000 7f4d0c4eb640 1 -- start start
2024-09-10T09:55:46.974 INFO:teuthology.orchestra.run.smithi071.stdout:/usr/bin/ceph: stderr
2024-09-10T09:55:45.434+0000 7f4d0c4eb640 1 --2- >> [v2:172.21.15.71:3300/0,v1:172.21.15.71:6789/0] conn(0x7f4d04076b30 0x7f4d04110e20 unknown :-1 s=NONE pgs=0 cs=0 l=1 rev1=0 crypto rx=0 tx=0 comp rx=0 tx=0).connect
2024-09-10T09:55:46.974 INFO:teuthology.orchestra.run.smithi071.stdout:/usr/bin/ceph: stderr
2024-09-10T09:55:45.434+0000 7f4d0c4eb640 1 -- --> [v2:172.21.15.71:3300/0,v1:172.21.15.71:6789/0] -- mon_getmap magic: 0 v1 -- 0x7f4d04111360 con 0x7f4d04076b30
2024-09-10T09:55:46.974 INFO:teuthology.orchestra.run.smithi071.stdout:/usr/bin/ceph: stderr
2024-09-10T09:55:45.434+0000 7f4d0a287640 1 --2- >> [v2:172.21.15.71:3300/0,v1:172.21.15.71:6789/0] conn(0x7f4d04076b30 0x7f4d04110e20 unknown :-1 s=BANNER_CONNECTING pgs=0 cs=0 l=1 rev1=0 crypto rx=0 tx=0 comp rx=0 tx=0)._handle_peer_banner_payload supported=3 required=0
2024-09-10T09:55:46.974 INFO:teuthology.orchestra.run.smithi071.stdout:/usr/bin/ceph: stderr
2024-09-10T09:55:45.434+0000 7f4d0a287640 1 --2- >> [v2:172.21.15.71:3300/0,v1:172.21.15.71:6789/0] conn(0x7f4d04076b30 0x7f4d04110e20 unknown :-1 s=HELLO_CONNECTING pgs=0 cs=0 l=1 rev1=1 crypto rx=0 tx=0 comp rx=0 tx=0).handle_hello peer v2:172.21.15.71:3300/0 says I am v2:172.21.15.71:36002/0 (socket says 172.21.15.71:36002)
