2024-09-10T10:06:34.152 INFO:teuthology.orchestra.run.smithi003.stdout:/usr/bin/ceph: stderr
2024-09-10T10:06:33.532+0000 7f580a476640 1 -- 172.21.15.3:0/1385337169 >> [v2:172.21.15.3:3300/0,v1:172.21.15.3:6789/0] conn(0x7f5804108650 msgr2=0x7f580410aa40 secure :-1 s=STATE_CONNECTION_ESTABLISHED l=1).mark_down
2024-09-10T10:06:34.152 INFO:teuthology.orchestra.run.smithi003.stdout:/usr/bin/ceph: stderr
2024-09-10T10:06:33.532+0000 7f580a476640 1 --2- 172.21.15.3:0/1385337169 >> [v2:172.21.15.3:3300/0,v1:172.21.15.3:6789/0] conn(0x7f5804108650 0x7f580410aa40 secure :-1 s=READY pgs=39 cs=0 l=1 rev1=1 crypto rx=0x7f57f4009820 tx=0x7f57f402a270 comp rx=0 tx=0).stop
2024-09-10T10:06:34.153 INFO:teuthology.orchestra.run.smithi003.stdout:/usr/bin/ceph: stderr
2024-09-10T10:06:33.533+0000 7f580a476640 1 -- 172.21.15.3:0/1385337169 shutdown_connections
2024-09-10T10:06:34.153 INFO:teuthology.orchestra.run.smithi003.stdout:/usr/bin/ceph: stderr
2024-09-10T10:06:33.533+0000 7f580a476640 1 --2- 172.21.15.3:0/1385337169 >> [v2:172.21.15.3:3300/0,v1:172.21.15.3:6789/0] conn(0x7f5804108650 0x7f580410aa40 unknown :-1 s=CLOSED pgs=39 cs=0 l=1 rev1=1 crypto rx=0 tx=0 comp rx=0 tx=0).stop
2024-09-10T10:06:34.153 INFO:teuthology.orchestra.run.smithi003.stdout:/usr/bin/ceph: stderr
2024-09-10T10:06:33.533+0000 7f580a476640 1 -- 172.21.15.3:0/1385337169 >> 172.21.15.3:0/1385337169 conn(0x7f58041021d0 msgr2=0x7f58041045f0 unknown :-1 s=STATE_NONE l=0).mark_down
2024-09-10T10:06:34.153 INFO:teuthology.orchestra.run.smithi003.stdout:/usr/bin/ceph: stderr
2024-09-10T10:06:33.533+0000 7f580a476640 1 -- 172.21.15.3:0/1385337169 shutdown_connections
2024-09-10T10:06:34.153 INFO:teuthology.orchestra.run.smithi003.stdout:/usr/bin/ceph: stderr
2024-09-10T10:06:33.533+0000 7f580a476640 1 -- 172.21.15.3:0/1385337169 wait complete.
2024-09-10T10:06:34.153 INFO:teuthology.orchestra.run.smithi003.stdout:/usr/bin/ceph: stderr
2024-09-10T10:06:33.533+0000 7f580a476640 1 Processor -- start
2024-09-10T10:06:34.153 INFO:teuthology.orchestra.run.smithi003.stdout:/usr/bin/ceph: stderr
2024-09-10T10:06:33.533+0000 7f580a476640 1 -- start start
2024-09-10T10:06:34.153 INFO:teuthology.orchestra.run.smithi003.stdout:/usr/bin/ceph: stderr
2024-09-10T10:06:33.534+0000 7f580a476640 1 --2- >> [v2:172.21.15.3:3300/0,v1:172.21.15.3:6789/0] conn(0x7f5804108650 0x7f580419bbd0 unknown :-1 s=NONE pgs=0 cs=0 l=1 rev1=0 crypto rx=0 tx=0 comp rx=0 tx=0).connect
2024-09-10T10:06:34.153 INFO:teuthology.orchestra.run.smithi003.stdout:/usr/bin/ceph: stderr
2024-09-10T10:06:33.534+0000 7f580a476640 1 -- --> [v2:172.21.15.3:3300/0,v1:172.21.15.3:6789/0] -- mon_getmap magic: 0 -- 0x7f580410bfc0 con 0x7f5804108650
2024-09-10T10:06:34.153 INFO:teuthology.orchestra.run.smithi003.stdout:/usr/bin/ceph: stderr
2024-09-10T10:06:33.534+0000 7f5803fff640 1 --2- >> [v2:172.21.15.3:3300/0,v1:172.21.15.3:6789/0] conn(0x7f5804108650 0x7f580419bbd0 unknown :-1 s=BANNER_CONNECTING pgs=0 cs=0 l=1 rev1=0 crypto rx=0 tx=0 comp rx=0 tx=0)._handle_peer_banner_payload supported=3 required=0
2024-09-10T10:06:34.153 INFO:teuthology.orchestra.run.smithi003.stdout:/usr/bin/ceph: stderr
2024-09-10T10:06:33.534+0000 7f5803fff640 1 --2- >> [v2:172.21.15.3:3300/0,v1:172.21.15.3:6789/0] conn(0x7f5804108650 0x7f580419bbd0 unknown :-1 s=HELLO_CONNECTING pgs=0 cs=0 l=1 rev1=1 crypto rx=0 tx=0 comp rx=0 tx=0).handle_hello peer v2:172.21.15.3:3300/0 says I am v2:172.21.15.3:60430/0 (socket says 172.21.15.3:60430)
2024-09-10T10:06:34.153 INFO:teuthology.orchestra.run.smithi003.stdout:/usr/bin/ceph: stderr
2024-09-10T10:06:33.534+0000 7f5803fff640 1 -- 172.21.15.3:0/3000825498 learned_addr learned my addr 172.21.15.3:0/3000825498 (peer_addr_for_me v2:172.21.15.3:0/0)
2024-09-10T10:06:34.153 INFO:teuthology.orchestra.run.smithi003.stdout:/usr/bin/ceph: stderr
2024-09-10T10:06:33.534+0000 7f5803fff640 1 -- 172.21.15.3:0/3000825498 --> [v2:172.21.15.3:3300/0,v1:172.21.15.3:6789/0] -- mon_subscribe({config=0+,monmap=0+}) -- 0x7f580419c110 con 0x7f5804108650
2024-09-10T10:06:34.154 INFO:teuthology.orchestra.run.smithi003.stdout:/usr/bin/ceph: stderr
2024-09-10T10:06:33.534+0000 7f5803fff640 1 --2- 172.21.15.3:0/3000825498 >> [v2:172.21.15.3:3300/0,v1:172.21.15.3:6789/0] conn(0x7f5804108650 0x7f580419bbd0 secure :-1 s=READY pgs=40 cs=0 l=1 rev1=1 crypto rx=0x7f57f4032d90 tx=0x7f57f4032dc0 comp rx=0 tx=0).ready entity=mon.0 client_cookie=0 server_cookie=0 in_seq=0 out_seq=0
2024-09-10T10:06:34.154 INFO:teuthology.orchestra.run.smithi003.stdout:/usr/bin/ceph: stderr
2024-09-10T10:06:33.534+0000 7f58017fa640 1 -- 172.21.15.3:0/3000825498 <== mon.0 v2:172.21.15.3:3300/0 1 ==== mon_map magic: 0 ==== 205+0+0 (secure 0 0 0) 0x7f57f4042070 con 0x7f5804108650
2024-09-10T10:06:34.154 INFO:teuthology.orchestra.run.smithi003.stdout:/usr/bin/ceph: stderr
2024-09-10T10:06:33.535+0000 7f58017fa640 1 -- 172.21.15.3:0/3000825498 <== mon.0 v2:172.21.15.3:3300/0 2 ==== config(29 keys) ==== 1178+0+0 (secure 0 0 0) 0x7f57f40325f0 con 0x7f5804108650
2024-09-10T10:06:34.154 INFO:teuthology.orchestra.run.smithi003.stdout:/usr/bin/ceph: stderr
2024-09-10T10:06:33.535+0000 7f580a476640 1 -- 172.21.15.3:0/3000825498 --> [v2:172.21.15.3:3300/0,v1:172.21.15.3:6789/0] -- mon_subscribe({mgrmap=0+}) -- 0x7f580419c3a0 con 0x7f5804108650
2024-09-10T10:06:34.154 INFO:teuthology.orchestra.run.smithi003.stdout:/usr/bin/ceph: stderr
2024-09-10T10:06:33.535+0000 7f58017fa640 1 -- 172.21.15.3:0/3000825498 <== mon.0 v2:172.21.15.3:3300/0 3 ==== mon_map magic: 0 ==== 205+0+0 (secure 0 0 0) 0x7f57f4037040 con 0x7f5804108650
2024-09-10T10:06:34.154 INFO:teuthology.orchestra.run.smithi003.stdout:/usr/bin/ceph: stderr
2024-09-10T10:06:33.535+0000 7f580a476640 1 -- 172.21.15.3:0/3000825498 --> [v2:172.21.15.3:3300/0,v1:172.21.15.3:6789/0] -- mon_subscribe({osdmap=0}) -- 0x7f580419f090 con 0x7f5804108650
2024-09-10T10:06:34.154 INFO:teuthology.orchestra.run.smithi003.stdout:/usr/bin/ceph: stderr
2024-09-10T10:06:33.535+0000 7f58017fa640 1 -- 172.21.15.3:0/3000825498 <== mon.0 v2:172.21.15.3:3300/0 4 ==== mgrmap(e 8) ==== 46287+0+0 (secure 0 0 0) 0x7f57f4045070 con 0x7f5804108650
2024-09-10T10:06:34.154 INFO:teuthology.orchestra.run.smithi003.stdout:/usr/bin/ceph: stderr
2024-09-10T10:06:33.536+0000 7f580a476640 1 -- 172.21.15.3:0/3000825498 --> [v2:172.21.15.3:3300/0,v1:172.21.15.3:6789/0] -- mon_command({"prefix": "get_command_descriptions"} v 0) -- 0x7f5804108ab0 con 0x7f5804108650
2024-09-10T10:06:34.154 INFO:teuthology.orchestra.run.smithi003.stdout:/usr/bin/ceph: stderr
2024-09-10T10:06:33.536+0000 7f58017fa640 1 --2- 172.21.15.3:0/3000825498 >> [v2:172.21.15.3:6800/3518967102,v1:172.21.15.3:6801/3518967102] conn(0x7f57ec038f70 0x7f57ec03b430 unknown :-1 s=NONE pgs=0 cs=0 l=1 rev1=0 crypto rx=0 tx=0 comp rx=0 tx=0).connect
2024-09-10T10:06:34.154 INFO:teuthology.orchestra.run.smithi003.stdout:/usr/bin/ceph: stderr
2024-09-10T10:06:33.536+0000 7f58017fa640 1 -- 172.21.15.3:0/3000825498 <== mon.0 v2:172.21.15.3:3300/0 5 ==== osd_map(2..2 src has 1..2) ==== 940+0+0 (secure 0 0 0) 0x7f57f406c060 con 0x7f5804108650
2024-09-10T10:06:34.154 INFO:teuthology.orchestra.run.smithi003.stdout:/usr/bin/ceph: stderr
2024-09-10T10:06:33.536+0000 7f58037fe640 1 --2- 172.21.15.3:0/3000825498 >> [v2:172.21.15.3:6800/3518967102,v1:172.21.15.3:6801/3518967102] conn(0x7f57ec038f70 0x7f57ec03b430 unknown :-1 s=BANNER_CONNECTING pgs=0 cs=0 l=1 rev1=0 crypto rx=0 tx=0 comp rx=0 tx=0)._handle_peer_banner_payload supported=3 required=0
2024-09-10T10:06:34.154 INFO:teuthology.orchestra.run.smithi003.stdout:/usr/bin/ceph: stderr
2024-09-10T10:06:33.536+0000 7f58037fe640 1 --2- 172.21.15.3:0/3000825498 >> [v2:172.21.15.3:6800/3518967102,v1:172.21.15.3:6801/3518967102] conn(0x7f57ec038f70 0x7f57ec03b430 secure :-1 s=READY pgs=10 cs=0 l=1 rev1=1 crypto rx=0x7f57f80098c0 tx=0x7f57f8006db0 comp rx=0 tx=0).ready entity=mgr.14116 client_cookie=0 server_cookie=0 in_seq=0 out_seq=0
2024-09-10T10:06:34.154 INFO:teuthology.orchestra.run.smithi003.stdout:/usr/bin/ceph: stderr
2024-09-10T10:06:33.541+0000 7f58017fa640 1 -- 172.21.15.3:0/3000825498 <== mon.0 v2:172.21.15.3:3300/0 6 ==== mon_command_ack([{"prefix": "get_command_descriptions"}]=0 v0) ==== 72+0+188821 (secure 0 0 0) 0x7f57f403cdc0 con 0x7f5804108650
2024-09-10T10:06:34.155 INFO:teuthology.orchestra.run.smithi003.stdout:/usr/bin/ceph: stderr
2024-09-10T10:06:33.717+0000 7f580a476640 1 -- 172.21.15.3:0/3000825498 --> [v2:172.21.15.3:6800/3518967102,v1:172.21.15.3:6801/3518967102] -- mgr_command(tid 0: {"prefix": "cephadm get-pub-key", "target": ["mon-mgr", ""]}) -- 0x7f58041034b0 con 0x7f57ec038f70
2024-09-10T10:06:34.155 INFO:teuthology.orchestra.run.smithi003.stdout:/usr/bin/ceph: stderr
2024-09-10T10:06:33.717+0000 7f58017fa640 1 -- 172.21.15.3:0/3000825498 <== mgr.14116 v2:172.21.15.3:6800/3518967102 1 ==== mgr_command_reply(tid 0: 0 ) ==== 8+0+595 (secure 0 0 0) 0x7f58041034b0 con 0x7f57ec038f70
2024-09-10T10:06:34.155 INFO:teuthology.orchestra.run.smithi003.stdout:/usr/bin/ceph: stderr
2024-09-10T10:06:33.721+0000 7f580a476640 1 -- 172.21.15.3:0/3000825498 >> [v2:172.21.15.3:6800/3518967102,v1:172.21.15.3:6801/3518967102] conn(0x7f57ec038f70 msgr2=0x7f57ec03b430 secure :-1 s=STATE_CONNECTION_ESTABLISHED l=1).mark_down
2024-09-10T10:06:34.155 INFO:teuthology.orchestra.run.smithi003.stdout:/usr/bin/ceph: stderr
2024-09-10T10:06:33.721+0000 7f580a476640 1 --2- 172.21.15.3:0/3000825498 >> [v2:172.21.15.3:6800/3518967102,v1:172.21.15.3:6801/3518967102] conn(0x7f57ec038f70 0x7f57ec03b430 secure :-1 s=READY pgs=10 cs=0 l=1 rev1=1 crypto rx=0x7f57f80098c0 tx=0x7f57f8006db0 comp rx=0 tx=0).stop
2024-09-10T10:06:34.155 INFO:teuthology.orchestra.run.smithi003.stdout:/usr/bin/ceph: stderr
2024-09-10T10:06:33.721+0000 7f580a476640 1 -- 172.21.15.3:0/3000825498 >> [v2:172.21.15.3:3300/0,v1:172.21.15.3:6789/0] conn(0x7f5804108650 msgr2=0x7f580419bbd0 secure :-1 s=STATE_CONNECTION_ESTABLISHED l=1).mark_down
2024-09-10T10:06:34.155 INFO:teuthology.orchestra.run.smithi003.stdout:/usr/bin/ceph: stderr
2024-09-10T10:06:33.721+0000 7f580a476640 1 --2- 172.21.15.3:0/3000825498 >> [v2:172.21.15.3:3300/0,v1:172.21.15.3:6789/0] conn(0x7f5804108650 0x7f580419bbd0 secure :-1 s=READY pgs=40 cs=0 l=1 rev1=1 crypto rx=0x7f57f4032d90 tx=0x7f57f4032dc0 comp rx=0 tx=0).stop
2024-09-10T10:06:34.155 INFO:teuthology.orchestra.run.smithi003.stdout:/usr/bin/ceph: stderr
2024-09-10T10:06:33.721+0000 7f580a476640 1 -- 172.21.15.3:0/3000825498 shutdown_connections
2024-09-10T10:06:34.155 INFO:teuthology.orchestra.run.smithi003.stdout:/usr/bin/ceph: stderr
2024-09-10T10:06:33.721+0000 7f580a476640 1 --2- 172.21.15.3:0/3000825498 >> [v2:172.21.15.3:6800/3518967102,v1:172.21.15.3:6801/3518967102] conn(0x7f57ec038f70 0x7f57ec03b430 unknown :-1 s=CLOSED pgs=10 cs=0 l=1 rev1=1 crypto rx=0 tx=0 comp rx=0 tx=0).stop
2024-09-10T10:06:34.155 INFO:teuthology.orchestra.run.smithi003.stdout:/usr/bin/ceph: stderr
2024-09-10T10:06:33.721+0000 7f580a476640 1 --2- 172.21.15.3:0/3000825498 >> [v2:172.21.15.3:3300/0,v1:172.21.15.3:6789/0] conn(0x7f5804108650 0x7f580419bbd0 unknown :-1 s=CLOSED pgs=40 cs=0 l=1 rev1=1 crypto rx=0 tx=0 comp rx=0 tx=0).stop
2024-09-10T10:06:34.155 INFO:teuthology.orchestra.run.smithi003.stdout:/usr/bin/ceph: stderr
2024-09-10T10:06:33.721+0000 7f580a476640 1 -- 172.21.15.3:0/3000825498 >> 172.21.15.3:0/3000825498 conn(0x7f58041021d0 msgr2=0x7f5804102da0 unknown :-1 s=STATE_NONE l=0).mark_down
2024-09-10T10:06:34.155 INFO:teuthology.orchestra.run.smithi003.stdout:/usr/bin/ceph: stderr
2024-09-10T10:06:33.721+0000 7f580a476640 1 -- 172.21.15.3:0/3000825498 shutdown_connections
2024-09-10T10:06:34.155 INFO:teuthology.orchestra.run.smithi003.stdout:/usr/bin/ceph: stderr
2024-09-10T10:06:33.721+0000 7f580a476640 1 -- 172.21.15.3:0/3000825498 wait complete.
2024-09-10T10:06:34.155 INFO:teuthology.orchestra.run.smithi003.stdout:Wrote public SSH key to /home/ubuntu/cephtest/ceph.pub
2024-09-10T10:06:34.155 INFO:teuthology.orchestra.run.smithi003.stdout:Adding key to root@localhost authorized_keys...
2024-09-10T10:06:34.156 INFO:teuthology.orchestra.run.smithi003.stdout:Adding host smithi003...
2024-09-10T10:06:34.716 INFO:journalctl@ceph.mon.a.smithi003.stdout:Sep 10 10:06:34 smithi003 ceph-mon[31153]: from='client.14134 -' entity='client.admin' cmd=[{"prefix": "cephadm get-pub-key", "target": ["mon-mgr", ""]}]: dispatch
2024-09-10T10:06:35.770 INFO:journalctl@ceph.mon.a.smithi003.stdout:Sep 10 10:06:35 smithi003 ceph-mon[31153]: from='client.14136 -' entity='client.admin' cmd=[{"prefix": "orch host add", "hostname": "smithi003", "addr": "172.21.15.3", "target": ["mon-mgr", ""]}]: dispatch
2024-09-10T10:06:36.986 INFO:journalctl@ceph.mon.a.smithi003.stdout:Sep 10 10:06:36 smithi003 ceph-mon[31153]: Deploying cephadm binary to smithi003
2024-09-10T10:06:39.195 INFO:teuthology.orchestra.run.smithi003.stdout:/usr/bin/ceph: stdout Added host 'smithi003' with addr '172.21.15.3'
2024-09-10T10:06:39.195 INFO:teuthology.orchestra.run.smithi003.stdout:/usr/bin/ceph: stderr
2024-09-10T10:06:34.527+0000 7fc4a3e3a640 1 Processor -- start
2024-09-10T10:06:39.196 INFO:teuthology.orchestra.run.smithi003.stdout:/usr/bin/ceph: stderr
2024-09-10T10:06:34.527+0000 7fc4a3e3a640 1 -- start start
2024-09-10T10:06:39.196 INFO:teuthology.orchestra.run.smithi003.stdout:/usr/bin/ceph: stderr
2024-09-10T10:06:34.527+0000 7fc4a3e3a640 1 --2- >> [v2:172.21.15.3:3300/0,v1:172.21.15.3:6789/0] conn(0x7fc49c107bd0 0x7fc49c107fd0 unknown :-1 s=NONE pgs=0 cs=0 l=0 rev1=0 crypto rx=0 tx=0 comp rx=0 tx=0).connect
2024-09-10T10:06:39.196 INFO:teuthology.orchestra.run.smithi003.stdout:/usr/bin/ceph: stderr
2024-09-10T10:06:34.527+0000 7fc4a3e3a640 1 -- --> [v2:172.21.15.3:3300/0,v1:172.21.15.3:6789/0] -- mon_getmap magic: 0 -- 0x7fc49c1085a0 con 0x7fc49c107bd0
2024-09-10T10:06:39.196 INFO:teuthology.orchestra.run.smithi003.stdout:/usr/bin/ceph: stderr
2024-09-10T10:06:34.527+0000 7fc4a1bd6640 1 --2- >> [v2:172.21.15.3:3300/0,v1:172.21.15.3:6789/0] conn(0x7fc49c107bd0 0x7fc49c107fd0 unknown :-1 s=BANNER_CONNECTING pgs=0 cs=0 l=0 rev1=0 crypto rx=0 tx=0 comp rx=0 tx=0)._handle_peer_banner_payload supported=3 required=0
2024-09-10T10:06:39.196 INFO:teuthology.orchestra.run.smithi003.stdout:/usr/bin/ceph: stderr
2024-09-10T10:06:34.527+0000 7fc4a1bd6640 1 --2- >> [v2:172.21.15.3:3300/0,v1:172.21.15.3:6789/0] conn(0x7fc49c107bd0 0x7fc49c107fd0 unknown :-1 s=HELLO_CONNECTING pgs=0 cs=0 l=0 rev1=1 crypto rx=0 tx=0 comp rx=0 tx=0).handle_hello peer v2:172.21.15.3:3300/0 says I am v2:172.21.15.3:60442/0 (socket says 172.21.15.3:60442)
2024-09-10T10:06:39.196 INFO:teuthology.orchestra.run.smithi003.stdout:/usr/bin/ceph: stderr
2024-09-10T10:06:34.527+0000 7fc4a1bd6640 1 -- 172.21.15.3:0/1322779061 learned_addr learned my addr 172.21.15.3:0/1322779061 (peer_addr_for_me v2:172.21.15.3:0/0)
2024-09-10T10:06:39.196 INFO:teuthology.orchestra.run.smithi003.stdout:/usr/bin/ceph: stderr
2024-09-10T10:06:34.528+0000 7fc4a1bd6640 1 -- 172.21.15.3:0/1322779061 --> [v2:172.21.15.3:3300/0,v1:172.21.15.3:6789/0] -- mon_subscribe({config=0+,monmap=0+}) -- 0x7fc49c108d30 con 0x7fc49c107bd0
2024-09-10T10:06:39.196 INFO:teuthology.orchestra.run.smithi003.stdout:/usr/bin/ceph: stderr
2024-09-10T10:06:34.528+0000 7fc4a1bd6640 1 --2- 172.21.15.3:0/1322779061 >> [v2:172.21.15.3:3300/0,v1:172.21.15.3:6789/0] conn(0x7fc49c107bd0 0x7fc49c107fd0 secure :-1 s=READY pgs=41 cs=0 l=1 rev1=1 crypto rx=0x7fc498009820 tx=0x7fc49802a270 comp rx=0 tx=0).ready entity=mon.0 client_cookie=13733d10178f2c3a server_cookie=0 in_seq=0 out_seq=0
2024-09-10T10:06:39.196 INFO:teuthology.orchestra.run.smithi003.stdout:/usr/bin/ceph: stderr
2024-09-10T10:06:34.529+0000 7fc4a0bd4640 1 -- 172.21.15.3:0/1322779061 <== mon.0 v2:172.21.15.3:3300/0 1 ==== mon_map magic: 0 ==== 205+0+0 (secure 0 0 0) 0x7fc498037070 con 0x7fc49c107bd0
2024-09-10T10:06:39.196 INFO:teuthology.orchestra.run.smithi003.stdout:/usr/bin/ceph: stderr
2024-09-10T10:06:34.529+0000 7fc4a0bd4640 1 -- 172.21.15.3:0/1322779061 <== mon.0 v2:172.21.15.3:3300/0 2 ==== config(29 keys) ==== 1178+0+0 (secure 0 0 0) 0x7fc498032940 con 0x7fc49c107bd0
2024-09-10T10:06:39.196 INFO:teuthology.orchestra.run.smithi003.stdout:/usr/bin/ceph: stderr
2024-09-10T10:06:34.529+0000 7fc4a0bd4640 1 -- 172.21.15.3:0/1322779061 <== mon.0 v2:172.21.15.3:3300/0 3 ==== mon_map magic: 0 ==== 205+0+0 (secure 0 0 0) 0x7fc4980309c0 con 0x7fc49c107bd0
2024-09-10T10:06:39.196 INFO:teuthology.orchestra.run.smithi003.stdout:/usr/bin/ceph: stderr
2024-09-10T10:06:34.529+0000 7fc4a3e3a640 1 -- 172.21.15.3:0/1322779061 >> [v2:172.21.15.3:3300/0,v1:172.21.15.3:6789/0] conn(0x7fc49c107bd0 msgr2=0x7fc49c107fd0 secure :-1 s=STATE_CONNECTION_ESTABLISHED l=1).mark_down
2024-09-10T10:06:39.197 INFO:teuthology.orchestra.run.smithi003.stdout:/usr/bin/ceph: stderr
2024-09-10T10:06:34.529+0000 7fc4a3e3a640 1 --2- 172.21.15.3:0/1322779061 >> [v2:172.21.15.3:3300/0,v1:172.21.15.3:6789/0] conn(0x7fc49c107bd0 0x7fc49c107fd0 secure :-1 s=READY pgs=41 cs=0 l=1 rev1=1 crypto rx=0x7fc498009820 tx=0x7fc49802a270 comp rx=0 tx=0).stop
2024-09-10T10:06:39.197 INFO:teuthology.orchestra.run.smithi003.stdout:/usr/bin/ceph: stderr
2024-09-10T10:06:34.529+0000 7fc4a3e3a640 1 -- 172.21.15.3:0/1322779061 shutdown_connections
2024-09-10T10:06:39.197 INFO:teuthology.orchestra.run.smithi003.stdout:/usr/bin/ceph: stderr
2024-09-10T10:06:34.529+0000 7fc4a3e3a640 1 --2- 172.21.15.3:0/1322779061 >> [v2:172.21.15.3:3300/0,v1:172.21.15.3:6789/0] conn(0x7fc49c107bd0 0x7fc49c107fd0 unknown :-1 s=CLOSED pgs=41 cs=0 l=1 rev1=1 crypto rx=0 tx=0 comp rx=0 tx=0).stop
2024-09-10T10:06:39.197 INFO:teuthology.orchestra.run.smithi003.stdout:/usr/bin/ceph: stderr
2024-09-10T10:06:34.529+0000 7fc4a3e3a640 1 -- 172.21.15.3:0/1322779061 >> 172.21.15.3:0/1322779061 conn(0x7fc49c1033c0 msgr2=0x7fc49c1057e0 unknown :-1 s=STATE_NONE l=0).mark_down
2024-09-10T10:06:39.197 INFO:teuthology.orchestra.run.smithi003.stdout:/usr/bin/ceph: stderr
2024-09-10T10:06:34.529+0000 7fc4a3e3a640 1 -- 172.21.15.3:0/1322779061 shutdown_connections
2024-09-10T10:06:39.197 INFO:teuthology.orchestra.run.smithi003.stdout:/usr/bin/ceph: stderr
2024-09-10T10:06:34.529+0000 7fc4a3e3a640 1 -- 172.21.15.3:0/1322779061 wait complete.
2024-09-10T10:06:39.197 INFO:teuthology.orchestra.run.smithi003.stdout:/usr/bin/ceph: stderr
2024-09-10T10:06:34.530+0000 7fc4a3e3a640 1 Processor -- start
2024-09-10T10:06:39.197 INFO:teuthology.orchestra.run.smithi003.stdout:/usr/bin/ceph: stderr
2024-09-10T10:06:34.530+0000 7fc4a3e3a640 1 -- start start
2024-09-10T10:06:39.197 INFO:teuthology.orchestra.run.smithi003.stdout:/usr/bin/ceph: stderr
2024-09-10T10:06:34.530+0000 7fc4a3e3a640 1 --2- >> [v2:172.21.15.3:3300/0,v1:172.21.15.3:6789/0] conn(0x7fc49c107bd0 0x7fc49c07db10 unknown :-1 s=NONE pgs=0 cs=0 l=1 rev1=0 crypto rx=0 tx=0 comp rx=0 tx=0).connect
2024-09-10T10:06:39.197 INFO:teuthology.orchestra.run.smithi003.stdout:/usr/bin/ceph: stderr
2024-09-10T10:06:34.530+0000 7fc4a3e3a640 1 -- --> [v2:172.21.15.3:3300/0,v1:172.21.15.3:6789/0] -- mon_getmap magic: 0 -- 0x7fc49c10c0e0 con 0x7fc49c107bd0
2024-09-10T10:06:39.197 INFO:teuthology.orchestra.run.smithi003.stdout:/usr/bin/ceph: stderr
2024-09-10T10:06:34.530+0000 7fc4a1bd6640 1 --2- >> [v2:172.21.15.3:3300/0,v1:172.21.15.3:6789/0] conn(0x7fc49c107bd0 0x7fc49c07db10 unknown :-1 s=BANNER_CONNECTING pgs=0 cs=0 l=1 rev1=0 crypto rx=0 tx=0 comp rx=0 tx=0)._handle_peer_banner_payload supported=3 required=0
2024-09-10T10:06:39.197 INFO:teuthology.orchestra.run.smithi003.stdout:/usr/bin/ceph: stderr
2024-09-10T10:06:34.530+0000 7fc4a1bd6640 1 --2- >> [v2:172.21.15.3:3300/0,v1:172.21.15.3:6789/0] conn(0x7fc49c107bd0 0x7fc49c07db10 unknown :-1 s=HELLO_CONNECTING pgs=0 cs=0 l=1 rev1=1 crypto rx=0 tx=0 comp rx=0 tx=0).handle_hello peer v2:172.21.15.3:3300/0 says I am v2:172.21.15.3:60454/0 (socket says 172.21.15.3:60454)
2024-09-10T10:06:39.198 INFO:teuthology.orchestra.run.smithi003.stdout:/usr/bin/ceph: stderr
2024-09-10T10:06:34.530+0000 7fc4a1bd6640 1 -- 172.21.15.3:0/2294667609 learned_addr learned my addr 172.21.15.3:0/2294667609 (peer_addr_for_me v2:172.21.15.3:0/0)
2024-09-10T10:06:39.198 INFO:teuthology.orchestra.run.smithi003.stdout:/usr/bin/ceph: stderr
2024-09-10T10:06:34.530+0000 7fc4a1bd6640 1 -- 172.21.15.3:0/2294667609 --> [v2:172.21.15.3:3300/0,v1:172.21.15.3:6789/0] -- mon_subscribe({config=0+,monmap=0+}) -- 0x7fc49c07e050 con 0x7fc49c107bd0
2024-09-10T10:06:39.198 INFO:teuthology.orchestra.run.smithi003.stdout:/usr/bin/ceph: stderr
2024-09-10T10:06:34.531+0000 7fc4a1bd6640 1 --2- 172.21.15.3:0/2294667609 >> [v2:172.21.15.3:3300/0,v1:172.21.15.3:6789/0] conn(0x7fc49c107bd0 0x7fc49c07db10 secure :-1 s=READY pgs=42 cs=0 l=1 rev1=1 crypto rx=0x7fc4980097f0 tx=0x7fc498032e60 comp rx=0 tx=0).ready entity=mon.0 client_cookie=0 server_cookie=0 in_seq=0 out_seq=0
2024-09-10T10:06:39.198 INFO:teuthology.orchestra.run.smithi003.stdout:/usr/bin/ceph: stderr
2024-09-10T10:06:34.531+0000 7fc492ffd640 1 -- 172.21.15.3:0/2294667609 <== mon.0 v2:172.21.15.3:3300/0 1 ==== mon_map magic: 0 ==== 205+0+0 (secure 0 0 0) 0x7fc498042070 con 0x7fc49c107bd0
2024-09-10T10:06:39.198 INFO:teuthology.orchestra.run.smithi003.stdout:/usr/bin/ceph: stderr
2024-09-10T10:06:34.531+0000 7fc492ffd640 1 -- 172.21.15.3:0/2294667609 <== mon.0 v2:172.21.15.3:3300/0 2 ==== config(29 keys) ==== 1178+0+0 (secure 0 0 0) 0x7fc4980325f0 con 0x7fc49c107bd0
2024-09-10T10:06:39.198 INFO:teuthology.orchestra.run.smithi003.stdout:/usr/bin/ceph: stderr
2024-09-10T10:06:34.531+0000 7fc4a3e3a640 1 -- 172.21.15.3:0/2294667609 --> [v2:172.21.15.3:3300/0,v1:172.21.15.3:6789/0] -- mon_subscribe({mgrmap=0+}) -- 0x7fc49c07c240 con 0x7fc49c107bd0
2024-09-10T10:06:39.198 INFO:teuthology.orchestra.run.smithi003.stdout:/usr/bin/ceph: stderr
2024-09-10T10:06:34.531+0000 7fc492ffd640 1 -- 172.21.15.3:0/2294667609 <== mon.0 v2:172.21.15.3:3300/0 3 ==== mon_map magic: 0 ==== 205+0+0 (secure 0 0 0) 0x7fc498037040 con 0x7fc49c107bd0
2024-09-10T10:06:39.198 INFO:teuthology.orchestra.run.smithi003.stdout:/usr/bin/ceph: stderr
2024-09-10T10:06:34.531+0000 7fc4a3e3a640 1 -- 172.21.15.3:0/2294667609 --> [v2:172.21.15.3:3300/0,v1:172.21.15.3:6789/0] -- mon_subscribe({osdmap=0}) -- 0x7fc49c07c780 con 0x7fc49c107bd0
2024-09-10T10:06:39.198 INFO:teuthology.orchestra.run.smithi003.stdout:/usr/bin/ceph: stderr
2024-09-10T10:06:34.532+0000 7fc492ffd640 1 -- 172.21.15.3:0/2294667609 <== mon.0 v2:172.21.15.3:3300/0 4 ==== mgrmap(e 8) ==== 46287+0+0 (secure 0 0 0) 0x7fc498045070 con 0x7fc49c107bd0
2024-09-10T10:06:39.198 INFO:teuthology.orchestra.run.smithi003.stdout:/usr/bin/ceph: stderr
2024-09-10T10:06:34.532+0000 7fc4a3e3a640 1 -- 172.21.15.3:0/2294667609 --> [v2:172.21.15.3:3300/0,v1:172.21.15.3:6789/0] -- mon_command({"prefix": "get_command_descriptions"} v 0) -- 0x7fc49c108050 con 0x7fc49c107bd0
2024-09-10T10:06:39.198 INFO:teuthology.orchestra.run.smithi003.stdout:/usr/bin/ceph: stderr
2024-09-10T10:06:34.532+0000 7fc492ffd640 1 --2- 172.21.15.3:0/2294667609 >> [v2:172.21.15.3:6800/3518967102,v1:172.21.15.3:6801/3518967102] conn(0x7fc488038fc0 0x7fc48803b480 unknown :-1 s=NONE pgs=0 cs=0 l=1 rev1=0 crypto rx=0 tx=0 comp rx=0 tx=0).connect
2024-09-10T10:06:39.198 INFO:teuthology.orchestra.run.smithi003.stdout:/usr/bin/ceph: stderr
2024-09-10T10:06:34.532+0000 7fc492ffd640 1 -- 172.21.15.3:0/2294667609 <== mon.0 v2:172.21.15.3:3300/0 5 ==== osd_map(2..2 src has 1..2) ==== 940+0+0 (secure 0 0 0) 0x7fc49806bee0 con 0x7fc49c107bd0
2024-09-10T10:06:39.199 INFO:teuthology.orchestra.run.smithi003.stdout:/usr/bin/ceph: stderr
2024-09-10T10:06:34.532+0000 7fc4a13d5640 1 --2- 172.21.15.3:0/2294667609 >> [v2:172.21.15.3:6800/3518967102,v1:172.21.15.3:6801/3518967102] conn(0x7fc488038fc0 0x7fc48803b480 unknown :-1 s=BANNER_CONNECTING pgs=0 cs=0 l=1 rev1=0 crypto rx=0 tx=0 comp rx=0 tx=0)._handle_peer_banner_payload supported=3 required=0
2024-09-10T10:06:39.199 INFO:teuthology.orchestra.run.smithi003.stdout:/usr/bin/ceph: stderr
2024-09-10T10:06:34.533+0000 7fc4a13d5640 1 --2- 172.21.15.3:0/2294667609 >> [v2:172.21.15.3:6800/3518967102,v1:172.21.15.3:6801/3518967102] conn(0x7fc488038fc0 0x7fc48803b480 secure :-1 s=READY pgs=11 cs=0 l=1 rev1=1 crypto rx=0x7fc48c0098c0 tx=0x7fc48c006db0 comp rx=0 tx=0).ready entity=mgr.14116 client_cookie=0 server_cookie=0 in_seq=0 out_seq=0
2024-09-10T10:06:39.199 INFO:teuthology.orchestra.run.smithi003.stdout:/usr/bin/ceph: stderr
2024-09-10T10:06:34.537+0000 7fc492ffd640 1 -- 172.21.15.3:0/2294667609 <== mon.0 v2:172.21.15.3:3300/0 6 ==== mon_command_ack([{"prefix": "get_command_descriptions"}]=0 v0) ==== 72+0+188821 (secure 0 0 0) 0x7fc4980328a0 con 0x7fc49c107bd0
2024-09-10T10:06:39.199 INFO:teuthology.orchestra.run.smithi003.stdout:/usr/bin/ceph: stderr
2024-09-10T10:06:34.715+0000 7fc4a3e3a640 1 -- 172.21.15.3:0/2294667609 --> [v2:172.21.15.3:6800/3518967102,v1:172.21.15.3:6801/3518967102] -- mgr_command(tid 0: {"prefix": "orch host add", "hostname": "smithi003", "addr": "172.21.15.3", "target": ["mon-mgr", ""]}) -- 0x7fc49c07cec0 con 0x7fc488038fc0
2024-09-10T10:06:39.199 INFO:teuthology.orchestra.run.smithi003.stdout:/usr/bin/ceph: stderr
2024-09-10T10:06:38.631+0000 7fc492ffd640 1 -- 172.21.15.3:0/2294667609 <== mgr.14116 v2:172.21.15.3:6800/3518967102 1 ==== mgr_command_reply(tid 0: 0 ) ==== 8+0+47 (secure 0 0 0) 0x7fc49c07cec0 con 0x7fc488038fc0
2024-09-10T10:06:39.199 INFO:teuthology.orchestra.run.smithi003.stdout:/usr/bin/ceph: stderr
2024-09-10T10:06:38.634+0000 7fc4a3e3a640 1 -- 172.21.15.3:0/2294667609 >> [v2:172.21.15.3:6800/3518967102,v1:172.21.15.3:6801/3518967102] conn(0x7fc488038fc0 msgr2=0x7fc48803b480 secure :-1 s=STATE_CONNECTION_ESTABLISHED l=1).mark_down
2024-09-10T10:06:39.199 INFO:teuthology.orchestra.run.smithi003.stdout:/usr/bin/ceph: stderr
2024-09-10T10:06:38.634+0000 7fc4a3e3a640 1 --2- 172.21.15.3:0/2294667609 >> [v2:172.21.15.3:6800/3518967102,v1:172.21.15.3:6801/3518967102] conn(0x7fc488038fc0 0x7fc48803b480 secure :-1 s=READY pgs=11 cs=0 l=1 rev1=1 crypto rx=0x7fc48c0098c0 tx=0x7fc48c006db0 comp rx=0 tx=0).stop
2024-09-10T10:06:39.199 INFO:teuthology.orchestra.run.smithi003.stdout:/usr/bin/ceph: stderr
2024-09-10T10:06:38.634+0000 7fc4a3e3a640 1 -- 172.21.15.3:0/2294667609 >> [v2:172.21.15.3:3300/0,v1:172.21.15.3:6789/0] conn(0x7fc49c107bd0 msgr2=0x7fc49c07db10 secure :-1 s=STATE_CONNECTION_ESTABLISHED l=1).mark_down
2024-09-10T10:06:39.199 INFO:teuthology.orchestra.run.smithi003.stdout:/usr/bin/ceph: stderr
2024-09-10T10:06:38.634+0000 7fc4a3e3a640 1 --2- 172.21.15.3:0/2294667609 >> [v2:172.21.15.3:3300/0,v1:172.21.15.3:6789/0] conn(0x7fc49c107bd0 0x7fc49c07db10 secure :-1 s=READY pgs=42 cs=0 l=1 rev1=1 crypto rx=0x7fc4980097f0 tx=0x7fc498032e60 comp rx=0 tx=0).stop
2024-09-10T10:06:39.199 INFO:teuthology.orchestra.run.smithi003.stdout:/usr/bin/ceph: stderr
2024-09-10T10:06:38.634+0000 7fc4a3e3a640 1 -- 172.21.15.3:0/2294667609 shutdown_connections
2024-09-10T10:06:39.199 INFO:teuthology.orchestra.run.smithi003.stdout:/usr/bin/ceph: stderr
2024-09-10T10:06:38.634+0000 7fc4a3e3a640 1 --2- 172.21.15.3:0/2294667609 >> [v2:172.21.15.3:6800/3518967102,v1:172.21.15.3:6801/3518967102] conn(0x7fc488038fc0 0x7fc48803b480 unknown :-1 s=CLOSED pgs=11 cs=0 l=1 rev1=1 crypto rx=0 tx=0 comp rx=0 tx=0).stop
2024-09-10T10:06:39.199 INFO:teuthology.orchestra.run.smithi003.stdout:/usr/bin/ceph: stderr
2024-09-10T10:06:38.634+0000 7fc4a3e3a640 1 --2- 172.21.15.3:0/2294667609 >> [v2:172.21.15.3:3300/0,v1:172.21.15.3:6789/0] conn(0x7fc49c107bd0 0x7fc49c07db10 unknown :-1 s=CLOSED pgs=42 cs=0 l=1 rev1=1 crypto rx=0 tx=0 comp rx=0 tx=0).stop
2024-09-10T10:06:39.199 INFO:teuthology.orchestra.run.smithi003.stdout:/usr/bin/ceph: stderr
2024-09-10T10:06:38.634+0000 7fc4a3e3a640 1 -- 172.21.15.3:0/2294667609 >> 172.21.15.3:0/2294667609 conn(0x7fc49c1033c0 msgr2=0x7fc49c103f40 unknown :-1 s=STATE_NONE l=0).mark_down
2024-09-10T10:06:39.200 INFO:teuthology.orchestra.run.smithi003.stdout:/usr/bin/ceph: stderr
2024-09-10T10:06:38.634+0000 7fc4a3e3a640 1 -- 172.21.15.3:0/2294667609 shutdown_connections
2024-09-10T10:06:39.200 INFO:teuthology.orchestra.run.smithi003.stdout:/usr/bin/ceph: stderr
2024-09-10T10:06:38.635+0000 7fc4a3e3a640 1 -- 172.21.15.3:0/2294667609 wait complete.
2024-09-10T10:06:39.200 INFO:teuthology.orchestra.run.smithi003.stdout:Deploying unmanaged mon service...
2024-09-10T10:06:39.867 INFO:journalctl@ceph.mon.a.smithi003.stdout:Sep 10 10:06:39 smithi003 ceph-mon[31153]: from='mgr.14116 172.21.15.3:0/2464377855' entity='mgr.x'
2024-09-10T10:06:39.867 INFO:journalctl@ceph.mon.a.smithi003.stdout:Sep 10 10:06:39 smithi003 ceph-mon[31153]: Added host smithi003
2024-09-10T10:06:39.867 INFO:journalctl@ceph.mon.a.smithi003.stdout:Sep 10 10:06:39 smithi003 ceph-mon[31153]: from='mgr.14116 172.21.15.3:0/2464377855' entity='mgr.x' cmd=[{"prefix": "config dump", "format": "json"}]: dispatch
2024-09-10T10:06:41.150 INFO:journalctl@ceph.mon.a.smithi003.stdout:Sep 10 10:06:40 smithi003 ceph-mon[31153]: from='client.14138 -' entity='client.admin' cmd=[{"prefix": "orch apply", "service_type": "mon", "unmanaged": true, "target": ["mon-mgr", ""]}]: dispatch
2024-09-10T10:06:41.150 INFO:journalctl@ceph.mon.a.smithi003.stdout:Sep 10 10:06:40 smithi003 ceph-mon[31153]: Saving service mon spec with placement count:5
2024-09-10T10:06:41.150 INFO:journalctl@ceph.mon.a.smithi003.stdout:Sep 10 10:06:40 smithi003 ceph-mon[31153]: from='mgr.14116 172.21.15.3:0/2464377855' entity='mgr.x'
2024-09-10T10:06:41.383 INFO:teuthology.orchestra.run.smithi003.stdout:/usr/bin/ceph: stdout Scheduled mon update...
2024-09-10T10:06:41.383 INFO:teuthology.orchestra.run.smithi003.stdout:/usr/bin/ceph: stderr
2024-09-10T10:06:39.646+0000 7f8f011f3640 1 Processor -- start
2024-09-10T10:06:41.383 INFO:teuthology.orchestra.run.smithi003.stdout:/usr/bin/ceph: stderr
2024-09-10T10:06:39.646+0000 7f8f011f3640 1 -- start start
2024-09-10T10:06:41.383 INFO:teuthology.orchestra.run.smithi003.stdout:/usr/bin/ceph: stderr
2024-09-10T10:06:39.646+0000 7f8f011f3640 1 --2- >> [v2:172.21.15.3:3300/0,v1:172.21.15.3:6789/0] conn(0x7f8efc108570 0x7f8efc10a960 unknown :-1 s=NONE pgs=0 cs=0 l=0 rev1=0 crypto rx=0 tx=0 comp rx=0 tx=0).connect
2024-09-10T10:06:41.383 INFO:teuthology.orchestra.run.smithi003.stdout:/usr/bin/ceph: stderr
2024-09-10T10:06:39.646+0000 7f8f011f3640 1 -- --> [v2:172.21.15.3:3300/0,v1:172.21.15.3:6789/0] -- mon_getmap magic: 0 -- 0x7f8efc07be50 con 0x7f8efc108570
2024-09-10T10:06:41.383 INFO:teuthology.orchestra.run.smithi003.stdout:/usr/bin/ceph: stderr
2024-09-10T10:06:39.646+0000 7f8efad9d640 1 --2- >> [v2:172.21.15.3:3300/0,v1:172.21.15.3:6789/0] conn(0x7f8efc108570 0x7f8efc10a960 unknown :-1 s=BANNER_CONNECTING pgs=0 cs=0 l=0 rev1=0 crypto rx=0 tx=0 comp rx=0 tx=0)._handle_peer_banner_payload supported=3 required=0
2024-09-10T10:06:41.384 INFO:teuthology.orchestra.run.smithi003.stdout:/usr/bin/ceph: stderr
2024-09-10T10:06:39.646+0000 7f8efad9d640 1 --2- >> [v2:172.21.15.3:3300/0,v1:172.21.15.3:6789/0] conn(0x7f8efc108570 0x7f8efc10a960 unknown :-1 s=HELLO_CONNECTING pgs=0 cs=0 l=0 rev1=1 crypto rx=0 tx=0 comp rx=0 tx=0).handle_hello peer v2:172.21.15.3:3300/0 says I am v2:172.21.15.3:60468/0 (socket says 172.21.15.3:60468)
2024-09-10T10:06:41.384 INFO:teuthology.orchestra.run.smithi003.stdout:/usr/bin/ceph: stderr
2024-09-10T10:06:39.646+0000 7f8efad9d640 1 -- 172.21.15.3:0/2175634793 learned_addr learned my addr 172.21.15.3:0/2175634793 (peer_addr_for_me v2:172.21.15.3:0/0)
2024-09-10T10:06:41.384 INFO:teuthology.orchestra.run.smithi003.stdout:/usr/bin/ceph: stderr
2024-09-10T10:06:39.646+0000 7f8efad9d640 1 -- 172.21.15.3:0/2175634793 --> [v2:172.21.15.3:3300/0,v1:172.21.15.3:6789/0] -- mon_subscribe({config=0+,monmap=0+}) -- 0x7f8efc10aea0 con 0x7f8efc108570
2024-09-10T10:06:41.384 INFO:teuthology.orchestra.run.smithi003.stdout:/usr/bin/ceph: stderr
2024-09-10T10:06:39.647+0000 7f8efad9d640 1 --2- 172.21.15.3:0/2175634793 >> [v2:172.21.15.3:3300/0,v1:172.21.15.3:6789/0] conn(0x7f8efc108570 0x7f8efc10a960 secure :-1 s=READY pgs=43 cs=0 l=1 rev1=1 crypto rx=0x7f8eec009820 tx=0x7f8eec02a270 comp rx=0 tx=0).ready entity=mon.0 client_cookie=d5b91fc702c9703d server_cookie=0 in_seq=0 out_seq=0
2024-09-10T10:06:41.384 INFO:teuthology.orchestra.run.smithi003.stdout:/usr/bin/ceph: stderr
2024-09-10T10:06:39.647+0000 7f8ef9d9b640 1 -- 172.21.15.3:0/2175634793 <== mon.0 v2:172.21.15.3:3300/0 1 ==== mon_map magic: 0 ==== 205+0+0 (secure 0 0 0) 0x7f8eec037070 con 0x7f8efc108570
2024-09-10T10:06:41.384 INFO:teuthology.orchestra.run.smithi003.stdout:/usr/bin/ceph: stderr
2024-09-10T10:06:39.647+0000 7f8ef9d9b640 1 -- 172.21.15.3:0/2175634793 <== mon.0 v2:172.21.15.3:3300/0 2 ==== config(29 keys) ==== 1178+0+0 (secure 0 0 0) 0x7f8eec032940 con 0x7f8efc108570
2024-09-10T10:06:41.384 INFO:teuthology.orchestra.run.smithi003.stdout:/usr/bin/ceph: stderr
2024-09-10T10:06:39.647+0000 7f8ef9d9b640 1 -- 172.21.15.3:0/2175634793 <== mon.0 v2:172.21.15.3:3300/0 3 ==== mon_map magic: 0 ==== 205+0+0 (secure 0 0 0) 0x7f8eec0309c0 con 0x7f8efc108570
2024-09-10T10:06:41.384 INFO:teuthology.orchestra.run.smithi003.stdout:/usr/bin/ceph: stderr
2024-09-10T10:06:39.648+0000 7f8f011f3640 1 -- 172.21.15.3:0/2175634793 >> [v2:172.21.15.3:3300/0,v1:172.21.15.3:6789/0] conn(0x7f8efc108570 msgr2=0x7f8efc10a960 secure :-1 s=STATE_CONNECTION_ESTABLISHED l=1).mark_down
2024-09-10T10:06:41.384 INFO:teuthology.orchestra.run.smithi003.stdout:/usr/bin/ceph: stderr
2024-09-10T10:06:39.648+0000 7f8f011f3640 1 --2- 172.21.15.3:0/2175634793 >> [v2:172.21.15.3:3300/0,v1:172.21.15.3:6789/0] conn(0x7f8efc108570 0x7f8efc10a960 secure :-1 s=READY pgs=43 cs=0 l=1 rev1=1 crypto rx=0x7f8eec009820 tx=0x7f8eec02a270 comp rx=0 tx=0).stop
2024-09-10T10:06:41.384 INFO:teuthology.orchestra.run.smithi003.stdout:/usr/bin/ceph: stderr
2024-09-10T10:06:39.648+0000 7f8f011f3640 1 -- 172.21.15.3:0/2175634793 shutdown_connections
2024-09-10T10:06:41.385 INFO:teuthology.orchestra.run.smithi003.stdout:/usr/bin/ceph: stderr
2024-09-10T10:06:39.648+0000 7f8f011f3640 1 --2- 172.21.15.3:0/2175634793 >> [v2:172.21.15.3:3300/0,v1:172.21.15.3:6789/0] conn(0x7f8efc108570 0x7f8efc10a960 unknown :-1 s=CLOSED pgs=43 cs=0 l=1 rev1=1 crypto rx=0 tx=0 comp rx=0 tx=0).stop
2024-09-10T10:06:41.385 INFO:teuthology.orchestra.run.smithi003.stdout:/usr/bin/ceph: stderr
2024-09-10T10:06:39.648+0000 7f8f011f3640 1 -- 172.21.15.3:0/2175634793 >> 172.21.15.3:0/2175634793 conn(0x7f8efc1021d0 msgr2=0x7f8efc1045f0 unknown :-1 s=STATE_NONE l=0).mark_down
2024-09-10T10:06:41.385 INFO:teuthology.orchestra.run.smithi003.stdout:/usr/bin/ceph: stderr
2024-09-10T10:06:39.648+0000 7f8f011f3640 1 -- 172.21.15.3:0/2175634793 shutdown_connections
2024-09-10T10:06:41.385 INFO:teuthology.orchestra.run.smithi003.stdout:/usr/bin/ceph: stderr
2024-09-10T10:06:39.648+0000 7f8f011f3640 1 -- 172.21.15.3:0/2175634793 wait complete.
2024-09-10T10:06:41.385 INFO:teuthology.orchestra.run.smithi003.stdout:/usr/bin/ceph: stderr
2024-09-10T10:06:39.649+0000 7f8f011f3640 1 Processor -- start
2024-09-10T10:06:41.385 INFO:teuthology.orchestra.run.smithi003.stdout:/usr/bin/ceph: stderr
2024-09-10T10:06:39.649+0000 7f8f011f3640 1 -- start start
2024-09-10T10:06:41.385 INFO:teuthology.orchestra.run.smithi003.stdout:/usr/bin/ceph: stderr
2024-09-10T10:06:39.649+0000 7f8f011f3640 1 --2- >> [v2:172.21.15.3:3300/0,v1:172.21.15.3:6789/0] conn(0x7f8efc108570 0x7f8efc19bc40 unknown :-1 s=NONE pgs=0 cs=0 l=1 rev1=0 crypto rx=0 tx=0 comp rx=0 tx=0).connect
2024-09-10T10:06:41.385 INFO:teuthology.orchestra.run.smithi003.stdout:/usr/bin/ceph: stderr
2024-09-10T10:06:39.649+0000 7f8f011f3640 1 -- --> [v2:172.21.15.3:3300/0,v1:172.21.15.3:6789/0] -- mon_getmap magic: 0 -- 0x7f8efc10c000 con 0x7f8efc108570
2024-09-10T10:06:41.386 INFO:teuthology.orchestra.run.smithi003.stdout:/usr/bin/ceph: stderr
2024-09-10T10:06:39.649+0000 7f8efad9d640 1 --2- >> [v2:172.21.15.3:3300/0,v1:172.21.15.3:6789/0] conn(0x7f8efc108570 0x7f8efc19bc40 unknown :-1 s=BANNER_CONNECTING pgs=0 cs=0 l=1 rev1=0 crypto rx=0 tx=0 comp rx=0 tx=0)._handle_peer_banner_payload supported=3 required=0
2024-09-10T10:06:41.386 INFO:teuthology.orchestra.run.smithi003.stdout:/usr/bin/ceph: stderr
2024-09-10T10:06:39.649+0000 7f8efad9d640 1 --2- >> [v2:172.21.15.3:3300/0,v1:172.21.15.3:6789/0] conn(0x7f8efc108570 0x7f8efc19bc40 unknown :-1 s=HELLO_CONNECTING pgs=0 cs=0 l=1 rev1=1 crypto rx=0 tx=0 comp rx=0 tx=0).handle_hello peer v2:172.21.15.3:3300/0 says I am v2:172.21.15.3:60470/0 (socket says 172.21.15.3:60470)
2024-09-10T10:06:41.386 INFO:teuthology.orchestra.run.smithi003.stdout:/usr/bin/ceph: stderr
2024-09-10T10:06:39.649+0000 7f8efad9d640 1 -- 172.21.15.3:0/498814884 learned_addr learned my addr 172.21.15.3:0/498814884 (peer_addr_for_me v2:172.21.15.3:0/0)
2024-09-10T10:06:41.386 INFO:teuthology.orchestra.run.smithi003.stdout:/usr/bin/ceph: stderr
2024-09-10T10:06:39.649+0000 7f8efad9d640 1 -- 172.21.15.3:0/498814884 --> [v2:172.21.15.3:3300/0,v1:172.21.15.3:6789/0] -- mon_subscribe({config=0+,monmap=0+}) -- 0x7f8efc19c180 con 0x7f8efc108570
2024-09-10T10:06:41.386 INFO:teuthology.orchestra.run.smithi003.stdout:/usr/bin/ceph: stderr
2024-09-10T10:06:39.650+0000 7f8efad9d640 1 --2- 172.21.15.3:0/498814884 >> [v2:172.21.15.3:3300/0,v1:172.21.15.3:6789/0] conn(0x7f8efc108570 0x7f8efc19bc40 secure :-1 s=READY pgs=44 cs=0 l=1 rev1=1 crypto rx=0x7f8eec009940 tx=0x7f8eec032e60 comp rx=0 tx=0).ready entity=mon.0 client_cookie=0 server_cookie=0 in_seq=0 out_seq=0
2024-09-10T10:06:41.386 INFO:teuthology.orchestra.run.smithi003.stdout:/usr/bin/ceph: stderr
2024-09-10T10:06:39.650+0000 7f8ee3fff640 1 -- 172.21.15.3:0/498814884 <== mon.0 v2:172.21.15.3:3300/0 1 ==== mon_map magic: 0 ==== 205+0+0 (secure 0 0 0) 0x7f8eec042070 con 0x7f8efc108570
2024-09-10T10:06:41.386 INFO:teuthology.orchestra.run.smithi003.stdout:/usr/bin/ceph: stderr
2024-09-10T10:06:39.650+0000 7f8ee3fff640 1 -- 172.21.15.3:0/498814884 <== mon.0 v2:172.21.15.3:3300/0 2 ==== config(29 keys) ==== 1178+0+0 (secure 0 0 0) 0x7f8eec0326b0 con 0x7f8efc108570
2024-09-10T10:06:41.386 INFO:teuthology.orchestra.run.smithi003.stdout:/usr/bin/ceph: stderr
2024-09-10T10:06:39.650+0000 7f8f011f3640 1 -- 172.21.15.3:0/498814884 --> [v2:172.21.15.3:3300/0,v1:172.21.15.3:6789/0] -- mon_subscribe({mgrmap=0+}) -- 0x7f8efc19c410 con 0x7f8efc108570
2024-09-10T10:06:41.386 INFO:teuthology.orchestra.run.smithi003.stdout:/usr/bin/ceph: stderr
2024-09-10T10:06:39.650+0000 7f8ee3fff640 1 -- 172.21.15.3:0/498814884 <== mon.0 v2:172.21.15.3:3300/0 3 ==== mon_map magic: 0 ==== 205+0+0 (secure 0 0 0) 0x7f8eec037040 con 0x7f8efc108570
2024-09-10T10:06:41.386 INFO:teuthology.orchestra.run.smithi003.stdout:/usr/bin/ceph: stderr
2024-09-10T10:06:39.650+0000 7f8f011f3640 1 -- 172.21.15.3:0/498814884 --> [v2:172.21.15.3:3300/0,v1:172.21.15.3:6789/0] -- mon_subscribe({osdmap=0}) -- 0x7f8efc19f100 con 0x7f8efc108570
2024-09-10T10:06:41.386 INFO:teuthology.orchestra.run.smithi003.stdout:/usr/bin/ceph: stderr
2024-09-10T10:06:39.651+0000 7f8ee3fff640 1 -- 172.21.15.3:0/498814884 <== mon.0 v2:172.21.15.3:3300/0 4 ==== mgrmap(e 8) ==== 46287+0+0 (secure 0 0 0) 0x7f8eec045070 con 0x7f8efc108570
2024-09-10T10:06:41.387 INFO:teuthology.orchestra.run.smithi003.stdout:/usr/bin/ceph: stderr
2024-09-10T10:06:39.651+0000 7f8ee3fff640 1 --2- 172.21.15.3:0/498814884 >> [v2:172.21.15.3:6800/3518967102,v1:172.21.15.3:6801/3518967102] conn(0x7f8ee4038fc0 0x7f8ee403b480 unknown :-1 s=NONE pgs=0 cs=0 l=1 rev1=0 crypto rx=0 tx=0 comp rx=0 tx=0).connect
2024-09-10T10:06:41.387 INFO:teuthology.orchestra.run.smithi003.stdout:/usr/bin/ceph: stderr
2024-09-10T10:06:39.651+0000 7f8f011f3640 1 -- 172.21.15.3:0/498814884 --> [v2:172.21.15.3:3300/0,v1:172.21.15.3:6789/0] -- mon_command({"prefix": "get_command_descriptions"} v 0) -- 0x7f8efc1089d0 con 0x7f8efc108570
2024-09-10T10:06:41.387 INFO:teuthology.orchestra.run.smithi003.stdout:/usr/bin/ceph: stderr
2024-09-10T10:06:39.651+0000 7f8ee3fff640 1 -- 172.21.15.3:0/498814884 <== mon.0 v2:172.21.15.3:3300/0 5 ==== osd_map(2..2 src has 1..2) ==== 940+0+0 (secure 0 0 0) 0x7f8eec06c050 con 0x7f8efc108570
2024-09-10T10:06:41.387 INFO:teuthology.orchestra.run.smithi003.stdout:/usr/bin/ceph: stderr
2024-09-10T10:06:39.651+0000 7f8efa59c640 1 --2- 172.21.15.3:0/498814884 >> [v2:172.21.15.3:6800/3518967102,v1:172.21.15.3:6801/3518967102] conn(0x7f8ee4038fc0 0x7f8ee403b480 unknown :-1 s=BANNER_CONNECTING pgs=0 cs=0 l=1 rev1=0 crypto rx=0 tx=0 comp rx=0 tx=0)._handle_peer_banner_payload supported=3 required=0
2024-09-10T10:06:41.387 INFO:teuthology.orchestra.run.smithi003.stdout:/usr/bin/ceph: stderr
2024-09-10T10:06:39.651+0000 7f8efa59c640 1 --2- 172.21.15.3:0/498814884 >> [v2:172.21.15.3:6800/3518967102,v1:172.21.15.3:6801/3518967102] conn(0x7f8ee4038fc0 0x7f8ee403b480 secure :-1 s=READY pgs=12 cs=0 l=1 rev1=1 crypto rx=0x7f8ef00098c0 tx=0x7f8ef0006db0 comp rx=0 tx=0).ready entity=mgr.14116 client_cookie=0 server_cookie=0 in_seq=0 out_seq=0
2024-09-10T10:06:41.387 INFO:teuthology.orchestra.run.smithi003.stdout:/usr/bin/ceph: stderr
2024-09-10T10:06:39.656+0000 7f8ee3fff640 1 -- 172.21.15.3:0/498814884 <== mon.0 v2:172.21.15.3:3300/0 6 ==== mon_command_ack([{"prefix": "get_command_descriptions"}]=0 v0) ==== 72+0+188821 (secure 0 0 0) 0x7f8eec03cd40 con 0x7f8efc108570
2024-09-10T10:06:41.387 INFO:teuthology.orchestra.run.smithi003.stdout:/usr/bin/ceph: stderr
2024-09-10T10:06:39.866+0000 7f8f011f3640 1 -- 172.21.15.3:0/498814884 --> [v2:172.21.15.3:6800/3518967102,v1:172.21.15.3:6801/3518967102] -- mgr_command(tid 0: {"prefix": "orch apply", "service_type": "mon", "unmanaged": true, "target": ["mon-mgr", ""]}) -- 0x7f8efc103520 con 0x7f8ee4038fc0
2024-09-10T10:06:41.388 INFO:teuthology.orchestra.run.smithi003.stdout:/usr/bin/ceph: stderr
2024-09-10T10:06:39.870+0000 7f8ee3fff640 1 -- 172.21.15.3:0/498814884 <== mgr.14116 v2:172.21.15.3:6800/3518967102 1 ==== mgr_command_reply(tid 0: 0 ) ==== 8+0+24 (secure 0 0 0) 0x7f8efc103520 con 0x7f8ee4038fc0
2024-09-10T10:06:41.388 INFO:teuthology.orchestra.run.smithi003.stdout:/usr/bin/ceph: stderr
2024-09-10T10:06:39.872+0000 7f8f011f3640 1 -- 172.21.15.3:0/498814884 >> [v2:172.21.15.3:6800/3518967102,v1:172.21.15.3:6801/3518967102] conn(0x7f8ee4038fc0 msgr2=0x7f8ee403b480 secure :-1 s=STATE_CONNECTION_ESTABLISHED l=1).mark_down
2024-09-10T10:06:41.388 INFO:teuthology.orchestra.run.smithi003.stdout:/usr/bin/ceph: stderr
2024-09-10T10:06:39.872+0000 7f8f011f3640 1 --2- 172.21.15.3:0/498814884 >> [v2:172.21.15.3:6800/3518967102,v1:172.21.15.3:6801/3518967102] conn(0x7f8ee4038fc0 0x7f8ee403b480 secure :-1 s=READY pgs=12 cs=0 l=1 rev1=1 crypto rx=0x7f8ef00098c0 tx=0x7f8ef0006db0 comp rx=0 tx=0).stop
2024-09-10T10:06:41.388 INFO:teuthology.orchestra.run.smithi003.stdout:/usr/bin/ceph: stderr
2024-09-10T10:06:39.872+0000 7f8f011f3640 1 -- 172.21.15.3:0/498814884 >> [v2:172.21.15.3:3300/0,v1:172.21.15.3:6789/0] conn(0x7f8efc108570 msgr2=0x7f8efc19bc40 secure :-1 s=STATE_CONNECTION_ESTABLISHED l=1).mark_down
2024-09-10T10:06:41.388 INFO:teuthology.orchestra.run.smithi003.stdout:/usr/bin/ceph: stderr
2024-09-10T10:06:39.872+0000 7f8f011f3640 1 --2- 172.21.15.3:0/498814884 >> [v2:172.21.15.3:3300/0,v1:172.21.15.3:6789/0] conn(0x7f8efc108570 0x7f8efc19bc40 secure :-1 s=READY pgs=44 cs=0 l=1 rev1=1 crypto rx=0x7f8eec009940 tx=0x7f8eec032e60 comp rx=0 tx=0).stop
2024-09-10T10:06:41.388 INFO:teuthology.orchestra.run.smithi003.stdout:/usr/bin/ceph: stderr
2024-09-10T10:06:39.872+0000 7f8f011f3640 1 -- 172.21.15.3:0/498814884 shutdown_connections
2024-09-10T10:06:41.388 INFO:teuthology.orchestra.run.smithi003.stdout:/usr/bin/ceph: stderr
2024-09-10T10:06:39.872+0000 7f8f011f3640 1 --2- 172.21.15.3:0/498814884 >> [v2:172.21.15.3:6800/3518967102,v1:172.21.15.3:6801/3518967102] conn(0x7f8ee4038fc0 0x7f8ee403b480 unknown :-1 s=CLOSED pgs=12 cs=0 l=1 rev1=1 crypto rx=0 tx=0 comp rx=0 tx=0).stop
2024-09-10T10:06:41.388 INFO:teuthology.orchestra.run.smithi003.stdout:/usr/bin/ceph: stderr
2024-09-10T10:06:39.872+0000 7f8f011f3640 1 --2- 172.21.15.3:0/498814884 >> [v2:172.21.15.3:3300/0,v1:172.21.15.3:6789/0] conn(0x7f8efc108570 0x7f8efc19bc40 unknown :-1 s=CLOSED pgs=44 cs=0 l=1 rev1=1 crypto rx=0 tx=0 comp rx=0 tx=0).stop
2024-09-10T10:06:41.388 INFO:teuthology.orchestra.run.smithi003.stdout:/usr/bin/ceph: stderr
2024-09-10T10:06:39.872+0000 7f8f011f3640 1 -- 172.21.15.3:0/498814884 >> 172.21.15.3:0/498814884 conn(0x7f8efc1021d0 msgr2=0x7f8efc102e10 unknown :-1 s=STATE_NONE l=0).mark_down
2024-09-10T10:06:41.388 INFO:teuthology.orchestra.run.smithi003.stdout:/usr/bin/ceph: stderr
2024-09-10T10:06:39.873+0000 7f8f011f3640 1 -- 172.21.15.3:0/498814884 shutdown_connections
2024-09-10T10:06:41.389 INFO:teuthology.orchestra.run.smithi003.stdout:/usr/bin/ceph: stderr
2024-09-10T10:06:39.873+0000 7f8f011f3640 1 -- 172.21.15.3:0/498814884 wait complete.
2024-09-10T10:06:41.389 INFO:teuthology.orchestra.run.smithi003.stdout:Deploying unmanaged mgr service...
2024-09-10T10:06:42.140 INFO:journalctl@ceph.mon.a.smithi003.stdout:Sep 10 10:06:42 smithi003 ceph-mon[31153]: from='mgr.14116 172.21.15.3:0/2464377855' entity='mgr.x'
2024-09-10T10:06:42.140 INFO:journalctl@ceph.mon.a.smithi003.stdout:Sep 10 10:06:42 smithi003 ceph-mon[31153]: from='mgr.14116 172.21.15.3:0/2464377855' entity='mgr.x'
2024-09-10T10:06:42.140 INFO:journalctl@ceph.mon.a.smithi003.stdout:Sep 10 10:06:42 smithi003 ceph-mon[31153]: from='mgr.14116 172.21.15.3:0/2464377855' entity='mgr.x'
2024-09-10T10:06:42.994 INFO:teuthology.orchestra.run.smithi003.stdout:/usr/bin/ceph: stdout Scheduled mgr update...
2024-09-10T10:06:42.994 INFO:teuthology.orchestra.run.smithi003.stdout:/usr/bin/ceph: stderr
2024-09-10T10:06:41.791+0000 7effc3a8e640 1 Processor -- start
2024-09-10T10:06:42.994 INFO:teuthology.orchestra.run.smithi003.stdout:/usr/bin/ceph: stderr
2024-09-10T10:06:41.791+0000 7effc3a8e640 1 -- start start
2024-09-10T10:06:42.994 INFO:teuthology.orchestra.run.smithi003.stdout:/usr/bin/ceph: stderr
2024-09-10T10:06:41.791+0000 7effc3a8e640 1 --2- >> [v2:172.21.15.3:3300/0,v1:172.21.15.3:6789/0] conn(0x7effbc108620 0x7effbc10aa10 unknown :-1 s=NONE pgs=0 cs=0 l=0 rev1=0 crypto rx=0 tx=0 comp rx=0 tx=0).connect
2024-09-10T10:06:42.994 INFO:teuthology.orchestra.run.smithi003.stdout:/usr/bin/ceph: stderr
2024-09-10T10:06:41.791+0000 7effc3a8e640 1 -- --> [v2:172.21.15.3:3300/0,v1:172.21.15.3:6789/0] -- mon_getmap magic: 0 -- 0x7effbc07bdf0 con 0x7effbc108620
2024-09-10T10:06:42.994 INFO:teuthology.orchestra.run.smithi003.stdout:/usr/bin/ceph: stderr
2024-09-10T10:06:41.792+0000 7effc182a640 1 --2- >> [v2:172.21.15.3:3300/0,v1:172.21.15.3:6789/0] conn(0x7effbc108620 0x7effbc10aa10 unknown :-1 s=BANNER_CONNECTING pgs=0 cs=0 l=0 rev1=0 crypto rx=0 tx=0 comp rx=0 tx=0)._handle_peer_banner_payload supported=3 required=0
2024-09-10T10:06:42.994 INFO:teuthology.orchestra.run.smithi003.stdout:/usr/bin/ceph: stderr
2024-09-10T10:06:41.792+0000 7effc182a640 1 --2- >> [v2:172.21.15.3:3300/0,v1:172.21.15.3:6789/0] conn(0x7effbc108620 0x7effbc10aa10 unknown :-1 s=HELLO_CONNECTING pgs=0 cs=0 l=0 rev1=1 crypto rx=0 tx=0 comp rx=0 tx=0).handle_hello peer v2:172.21.15.3:3300/0 says I am v2:172.21.15.3:60482/0 (socket says 172.21.15.3:60482)
2024-09-10T10:06:42.994 INFO:teuthology.orchestra.run.smithi003.stdout:/usr/bin/ceph: stderr
2024-09-10T10:06:41.792+0000 7effc182a640 1 -- 172.21.15.3:0/1198333849 learned_addr learned my addr 172.21.15.3:0/1198333849 (peer_addr_for_me v2:172.21.15.3:0/0)
2024-09-10T10:06:42.994 INFO:teuthology.orchestra.run.smithi003.stdout:/usr/bin/ceph: stderr
2024-09-10T10:06:41.792+0000 7effc182a640 1 -- 172.21.15.3:0/1198333849 --> [v2:172.21.15.3:3300/0,v1:172.21.15.3:6789/0] -- mon_subscribe({config=0+,monmap=0+}) -- 0x7effbc10af50 con 0x7effbc108620
2024-09-10T10:06:42.994 INFO:teuthology.orchestra.run.smithi003.stdout:/usr/bin/ceph: stderr
2024-09-10T10:06:41.793+0000 7effc182a640 1 --2- 172.21.15.3:0/1198333849 >> [v2:172.21.15.3:3300/0,v1:172.21.15.3:6789/0] conn(0x7effbc108620 0x7effbc10aa10 secure :-1 s=READY pgs=45 cs=0 l=1 rev1=1 crypto rx=0x7effb8009820 tx=0x7effb802a270 comp rx=0 tx=0).ready entity=mon.0 client_cookie=55e400cc80523f50 server_cookie=0 in_seq=0 out_seq=0
2024-09-10T10:06:42.995 INFO:teuthology.orchestra.run.smithi003.stdout:/usr/bin/ceph: stderr
2024-09-10T10:06:41.793+0000 7effc0828640 1 -- 172.21.15.3:0/1198333849 <== mon.0 v2:172.21.15.3:3300/0 1 ==== mon_map magic: 0 ==== 205+0+0 (secure 0 0 0) 0x7effb8037070 con 0x7effbc108620
2024-09-10T10:06:42.995 INFO:teuthology.orchestra.run.smithi003.stdout:/usr/bin/ceph: stderr
2024-09-10T10:06:41.793+0000 7effc0828640 1 -- 172.21.15.3:0/1198333849 <== mon.0 v2:172.21.15.3:3300/0 2 ==== config(29 keys) ==== 1209+0+0 (secure 0 0 0) 0x7effb8032960 con 0x7effbc108620
2024-09-10T10:06:42.995 INFO:teuthology.orchestra.run.smithi003.stdout:/usr/bin/ceph: stderr
2024-09-10T10:06:41.793+0000 7effc0828640 1 -- 172.21.15.3:0/1198333849 <== mon.0 v2:172.21.15.3:3300/0 3 ==== mon_map magic: 0 ==== 205+0+0 (secure 0 0 0) 0x7effb8030980 con 0x7effbc108620
2024-09-10T10:06:42.995 INFO:teuthology.orchestra.run.smithi003.stdout:/usr/bin/ceph: stderr
2024-09-10T10:06:41.794+0000 7effc3a8e640 1 -- 172.21.15.3:0/1198333849 >> [v2:172.21.15.3:3300/0,v1:172.21.15.3:6789/0] conn(0x7effbc108620 msgr2=0x7effbc10aa10 secure :-1 s=STATE_CONNECTION_ESTABLISHED l=1).mark_down
2024-09-10T10:06:42.995 INFO:teuthology.orchestra.run.smithi003.stdout:/usr/bin/ceph: stderr
2024-09-10T10:06:41.794+0000 7effc3a8e640 1 --2- 172.21.15.3:0/1198333849 >> [v2:172.21.15.3:3300/0,v1:172.21.15.3:6789/0] conn(0x7effbc108620 0x7effbc10aa10 secure :-1 s=READY pgs=45 cs=0 l=1 rev1=1 crypto rx=0x7effb8009820 tx=0x7effb802a270 comp rx=0 tx=0).stop
2024-09-10T10:06:42.995 INFO:teuthology.orchestra.run.smithi003.stdout:/usr/bin/ceph: stderr
