2024-09-10T10:27:19.960+0000 7f64093e9640 1 --2- 172.21.15.92:0/4279446825 >> [v2:172.21.15.92:3300/0,v1:172.21.15.92:6789/0] conn(0x7f64041080e0 0x7f640419b630 secure :-1 s=READY pgs=8 cs=0 l=1 rev1=1 crypto rx=0x7f63f4031000 tx=0x7f63f40326e0 comp rx=0 tx=0).stop
2024-09-10T10:27:20.596 INFO:teuthology.orchestra.run.smithi092.stdout:/usr/bin/ceph: stderr
2024-09-10T10:27:19.960+0000 7f64093e9640 1 -- 172.21.15.92:0/4279446825 shutdown_connections
2024-09-10T10:27:20.597 INFO:teuthology.orchestra.run.smithi092.stdout:/usr/bin/ceph: stderr
2024-09-10T10:27:19.960+0000 7f64093e9640 1 --2- 172.21.15.92:0/4279446825 >> [v2:172.21.15.92:3300/0,v1:172.21.15.92:6789/0] conn(0x7f64041080e0 0x7f640419b630 unknown :-1 s=CLOSED pgs=8 cs=0 l=1 rev1=1 crypto rx=0 tx=0 comp rx=0 tx=0).stop
2024-09-10T10:27:20.597 INFO:teuthology.orchestra.run.smithi092.stdout:/usr/bin/ceph: stderr
2024-09-10T10:27:19.960+0000 7f64093e9640 1 -- 172.21.15.92:0/4279446825 >> 172.21.15.92:0/4279446825 conn(0x7f6404101ca0 msgr2=0x7f6404102860 unknown :-1 s=STATE_NONE l=0).mark_down
2024-09-10T10:27:20.597 INFO:teuthology.orchestra.run.smithi092.stdout:/usr/bin/ceph: stderr
2024-09-10T10:27:19.960+0000 7f64093e9640 1 -- 172.21.15.92:0/4279446825 shutdown_connections
2024-09-10T10:27:20.597 INFO:teuthology.orchestra.run.smithi092.stdout:/usr/bin/ceph: stderr
2024-09-10T10:27:19.960+0000 7f64093e9640 1 -- 172.21.15.92:0/4279446825 wait complete.
2024-09-10T10:27:20.597 INFO:teuthology.orchestra.run.smithi092.stdout:mgr not available, waiting (2/15)...
2024-09-10T10:27:21.360 INFO:journalctl@ceph.mgr.x.smithi092.stdout:Sep 10 10:27:20 smithi092 ceph-0df4af84-6f5f-11ef-bcea-c7b262605968-mgr-x[31061]:
2024-09-10T10:27:20.951+0000 7f36241a5040 -1 mgr[py] Module telegraf has missing NOTIFY_TYPES member
2024-09-10T10:27:21.361 INFO:journalctl@ceph.mon.a.smithi092.stdout:Sep 10 10:27:21 smithi092 ceph-mon[30834]: Activating manager daemon x
2024-09-10T10:27:21.361 INFO:journalctl@ceph.mon.a.smithi092.stdout:Sep 10 10:27:21 smithi092 ceph-mon[30834]: mgrmap e2: x(active, starting, since 0.00319357s)
2024-09-10T10:27:21.361 INFO:journalctl@ceph.mon.a.smithi092.stdout:Sep 10 10:27:21 smithi092 ceph-mon[30834]: from='mgr.14100 172.21.15.92:0/2850958933' entity='mgr.x' cmd=[{"prefix": "mds metadata"}]: dispatch
2024-09-10T10:27:21.361 INFO:journalctl@ceph.mon.a.smithi092.stdout:Sep 10 10:27:21 smithi092 ceph-mon[30834]: from='mgr.14100 172.21.15.92:0/2850958933' entity='mgr.x' cmd=[{"prefix": "osd metadata"}]: dispatch
2024-09-10T10:27:21.361 INFO:journalctl@ceph.mon.a.smithi092.stdout:Sep 10 10:27:21 smithi092 ceph-mon[30834]: from='mgr.14100 172.21.15.92:0/2850958933' entity='mgr.x' cmd=[{"prefix": "mon metadata"}]: dispatch
2024-09-10T10:27:21.361 INFO:journalctl@ceph.mon.a.smithi092.stdout:Sep 10 10:27:21 smithi092 ceph-mon[30834]: from='mgr.14100 172.21.15.92:0/2850958933' entity='mgr.x' cmd=[{"prefix": "mon metadata", "id": "a"}]: dispatch
2024-09-10T10:27:21.361 INFO:journalctl@ceph.mon.a.smithi092.stdout:Sep 10 10:27:21 smithi092 ceph-mon[30834]: from='mgr.14100 172.21.15.92:0/2850958933' entity='mgr.x' cmd=[{"prefix": "mgr metadata", "who": "x", "id": "x"}]: dispatch
2024-09-10T10:27:21.361 INFO:journalctl@ceph.mon.a.smithi092.stdout:Sep 10 10:27:21 smithi092 ceph-mon[30834]: Manager daemon x is now available
2024-09-10T10:27:21.361 INFO:journalctl@ceph.mon.a.smithi092.stdout:Sep 10 10:27:21 smithi092 ceph-mon[30834]: from='mgr.14100 172.21.15.92:0/2850958933' entity='mgr.x' cmd=[{"prefix":"config rm","who":"mgr","name":"mgr/rbd_support/x/mirror_snapshot_schedule"}]: dispatch
2024-09-10T10:27:21.361 INFO:journalctl@ceph.mon.a.smithi092.stdout:Sep 10 10:27:21 smithi092 ceph-mon[30834]: from='mgr.14100 172.21.15.92:0/2850958933' entity='mgr.x' cmd=[{"prefix":"config rm","who":"mgr","name":"mgr/rbd_support/x/trash_purge_schedule"}]: dispatch
2024-09-10T10:27:21.361 INFO:journalctl@ceph.mon.a.smithi092.stdout:Sep 10 10:27:21 smithi092 ceph-mon[30834]: from='mgr.14100 172.21.15.92:0/2850958933' entity='mgr.x'
2024-09-10T10:27:21.362 INFO:journalctl@ceph.mon.a.smithi092.stdout:Sep 10 10:27:21 smithi092 ceph-mon[30834]: from='mgr.14100 172.21.15.92:0/2850958933' entity='mgr.x'
2024-09-10T10:27:21.362 INFO:journalctl@ceph.mon.a.smithi092.stdout:Sep 10 10:27:21 smithi092 ceph-mon[30834]: from='mgr.14100 172.21.15.92:0/2850958933' entity='mgr.x'
2024-09-10T10:27:23.012 INFO:journalctl@ceph.mon.a.smithi092.stdout:Sep 10 10:27:22 smithi092 ceph-mon[30834]: mgrmap e3: x(active, since 1.00713s)
2024-09-10T10:27:23.854 INFO:teuthology.orchestra.run.smithi092.stdout:/usr/bin/ceph: stdout
2024-09-10T10:27:23.854 INFO:teuthology.orchestra.run.smithi092.stdout:/usr/bin/ceph: stdout {
2024-09-10T10:27:23.854 INFO:teuthology.orchestra.run.smithi092.stdout:/usr/bin/ceph: stdout "fsid": "0df4af84-6f5f-11ef-bcea-c7b262605968",
2024-09-10T10:27:23.854 INFO:teuthology.orchestra.run.smithi092.stdout:/usr/bin/ceph: stdout "health": {
2024-09-10T10:27:23.854 INFO:teuthology.orchestra.run.smithi092.stdout:/usr/bin/ceph: stdout "status": "HEALTH_OK",
2024-09-10T10:27:23.854 INFO:teuthology.orchestra.run.smithi092.stdout:/usr/bin/ceph: stdout "checks": {},
2024-09-10T10:27:23.854 INFO:teuthology.orchestra.run.smithi092.stdout:/usr/bin/ceph: stdout "mutes": []
2024-09-10T10:27:23.854 INFO:teuthology.orchestra.run.smithi092.stdout:/usr/bin/ceph: stdout },
2024-09-10T10:27:23.854 INFO:teuthology.orchestra.run.smithi092.stdout:/usr/bin/ceph: stdout "election_epoch": 5,
2024-09-10T10:27:23.854 INFO:teuthology.orchestra.run.smithi092.stdout:/usr/bin/ceph: stdout "quorum": [
2024-09-10T10:27:23.854 INFO:teuthology.orchestra.run.smithi092.stdout:/usr/bin/ceph: stdout 0
2024-09-10T10:27:23.854 INFO:teuthology.orchestra.run.smithi092.stdout:/usr/bin/ceph: stdout ],
2024-09-10T10:27:23.854 INFO:teuthology.orchestra.run.smithi092.stdout:/usr/bin/ceph: stdout "quorum_names": [
2024-09-10T10:27:23.855 INFO:teuthology.orchestra.run.smithi092.stdout:/usr/bin/ceph: stdout "a"
2024-09-10T10:27:23.855 INFO:teuthology.orchestra.run.smithi092.stdout:/usr/bin/ceph: stdout ],
2024-09-10T10:27:23.855 INFO:teuthology.orchestra.run.smithi092.stdout:/usr/bin/ceph: stdout "quorum_age": 9,
2024-09-10T10:27:23.855 INFO:teuthology.orchestra.run.smithi092.stdout:/usr/bin/ceph: stdout "monmap": {
2024-09-10T10:27:23.855 INFO:teuthology.orchestra.run.smithi092.stdout:/usr/bin/ceph: stdout "epoch": 1,
2024-09-10T10:27:23.855 INFO:teuthology.orchestra.run.smithi092.stdout:/usr/bin/ceph: stdout "min_mon_release_name": "squid",
2024-09-10T10:27:23.855 INFO:teuthology.orchestra.run.smithi092.stdout:/usr/bin/ceph: stdout "num_mons": 1
2024-09-10T10:27:23.855 INFO:teuthology.orchestra.run.smithi092.stdout:/usr/bin/ceph: stdout },
2024-09-10T10:27:23.855 INFO:teuthology.orchestra.run.smithi092.stdout:/usr/bin/ceph: stdout "osdmap": {
2024-09-10T10:27:23.855 INFO:teuthology.orchestra.run.smithi092.stdout:/usr/bin/ceph: stdout "epoch": 1,
2024-09-10T10:27:23.855 INFO:teuthology.orchestra.run.smithi092.stdout:/usr/bin/ceph: stdout "num_osds": 0,
2024-09-10T10:27:23.855 INFO:teuthology.orchestra.run.smithi092.stdout:/usr/bin/ceph: stdout "num_up_osds": 0,
2024-09-10T10:27:23.855 INFO:teuthology.orchestra.run.smithi092.stdout:/usr/bin/ceph: stdout "osd_up_since": 0,
2024-09-10T10:27:23.863 INFO:teuthology.orchestra.run.smithi092.stdout:/usr/bin/ceph: stdout "num_in_osds": 0,
2024-09-10T10:27:23.863 INFO:teuthology.orchestra.run.smithi092.stdout:/usr/bin/ceph: stdout "osd_in_since": 0,
2024-09-10T10:27:23.863 INFO:teuthology.orchestra.run.smithi092.stdout:/usr/bin/ceph: stdout "num_remapped_pgs": 0
2024-09-10T10:27:23.863 INFO:teuthology.orchestra.run.smithi092.stdout:/usr/bin/ceph: stdout },
2024-09-10T10:27:23.863 INFO:teuthology.orchestra.run.smithi092.stdout:/usr/bin/ceph: stdout "pgmap": {
2024-09-10T10:27:23.863 INFO:teuthology.orchestra.run.smithi092.stdout:/usr/bin/ceph: stdout "pgs_by_state": [],
2024-09-10T10:27:23.864 INFO:teuthology.orchestra.run.smithi092.stdout:/usr/bin/ceph: stdout "num_pgs": 0,
2024-09-10T10:27:23.864 INFO:teuthology.orchestra.run.smithi092.stdout:/usr/bin/ceph: stdout "num_pools": 0,
2024-09-10T10:27:23.864 INFO:teuthology.orchestra.run.smithi092.stdout:/usr/bin/ceph: stdout "num_objects": 0,
2024-09-10T10:27:23.864 INFO:teuthology.orchestra.run.smithi092.stdout:/usr/bin/ceph: stdout "data_bytes": 0,
2024-09-10T10:27:23.864 INFO:teuthology.orchestra.run.smithi092.stdout:/usr/bin/ceph: stdout "bytes_used": 0,
2024-09-10T10:27:23.864 INFO:teuthology.orchestra.run.smithi092.stdout:/usr/bin/ceph: stdout "bytes_avail": 0,
2024-09-10T10:27:23.864 INFO:teuthology.orchestra.run.smithi092.stdout:/usr/bin/ceph: stdout "bytes_total": 0
2024-09-10T10:27:23.864 INFO:teuthology.orchestra.run.smithi092.stdout:/usr/bin/ceph: stdout },
2024-09-10T10:27:23.864 INFO:teuthology.orchestra.run.smithi092.stdout:/usr/bin/ceph: stdout "fsmap": {
2024-09-10T10:27:23.864 INFO:teuthology.orchestra.run.smithi092.stdout:/usr/bin/ceph: stdout "epoch": 1,
2024-09-10T10:27:23.864 INFO:teuthology.orchestra.run.smithi092.stdout:/usr/bin/ceph: stdout "btime": "2024-09-10T10:27:09:104157+0000",
2024-09-10T10:27:23.864 INFO:teuthology.orchestra.run.smithi092.stdout:/usr/bin/ceph: stdout "by_rank": [],
2024-09-10T10:27:23.864 INFO:teuthology.orchestra.run.smithi092.stdout:/usr/bin/ceph: stdout "up:standby": 0
2024-09-10T10:27:23.864 INFO:teuthology.orchestra.run.smithi092.stdout:/usr/bin/ceph: stdout },
2024-09-10T10:27:23.865 INFO:teuthology.orchestra.run.smithi092.stdout:/usr/bin/ceph: stdout "mgrmap": {
2024-09-10T10:27:23.865 INFO:teuthology.orchestra.run.smithi092.stdout:/usr/bin/ceph: stdout "available": true,
2024-09-10T10:27:23.865 INFO:teuthology.orchestra.run.smithi092.stdout:/usr/bin/ceph: stdout "num_standbys": 0,
2024-09-10T10:27:23.865 INFO:teuthology.orchestra.run.smithi092.stdout:/usr/bin/ceph: stdout "modules": [
2024-09-10T10:27:23.865 INFO:teuthology.orchestra.run.smithi092.stdout:/usr/bin/ceph: stdout "iostat",
2024-09-10T10:27:23.865 INFO:teuthology.orchestra.run.smithi092.stdout:/usr/bin/ceph: stdout "nfs",
2024-09-10T10:27:23.865 INFO:teuthology.orchestra.run.smithi092.stdout:/usr/bin/ceph: stdout "restful"
2024-09-10T10:27:23.865 INFO:teuthology.orchestra.run.smithi092.stdout:/usr/bin/ceph: stdout ],
2024-09-10T10:27:23.865 INFO:teuthology.orchestra.run.smithi092.stdout:/usr/bin/ceph: stdout "services": {}
2024-09-10T10:27:23.865 INFO:teuthology.orchestra.run.smithi092.stdout:/usr/bin/ceph: stdout },
2024-09-10T10:27:23.865 INFO:teuthology.orchestra.run.smithi092.stdout:/usr/bin/ceph: stdout "servicemap": {
2024-09-10T10:27:23.865 INFO:teuthology.orchestra.run.smithi092.stdout:/usr/bin/ceph: stdout "epoch": 1,
2024-09-10T10:27:23.865 INFO:teuthology.orchestra.run.smithi092.stdout:/usr/bin/ceph: stdout "modified": "2024-09-10T10:27:09.104796+0000",
2024-09-10T10:27:23.865 INFO:teuthology.orchestra.run.smithi092.stdout:/usr/bin/ceph: stdout "services": {}
2024-09-10T10:27:23.866 INFO:teuthology.orchestra.run.smithi092.stdout:/usr/bin/ceph: stdout },
2024-09-10T10:27:23.866 INFO:teuthology.orchestra.run.smithi092.stdout:/usr/bin/ceph: stdout "progress_events": {}
2024-09-10T10:27:23.866 INFO:teuthology.orchestra.run.smithi092.stdout:/usr/bin/ceph: stdout }
2024-09-10T10:27:23.866 INFO:teuthology.orchestra.run.smithi092.stdout:/usr/bin/ceph: stderr
2024-09-10T10:27:23.012+0000 7f6f2c443640 1 Processor -- start
2024-09-10T10:27:23.866 INFO:teuthology.orchestra.run.smithi092.stdout:/usr/bin/ceph: stderr
2024-09-10T10:27:23.012+0000 7f6f2c443640 1 -- start start
2024-09-10T10:27:23.866 INFO:teuthology.orchestra.run.smithi092.stdout:/usr/bin/ceph: stderr
2024-09-10T10:27:23.012+0000 7f6f2c443640 1 --2- >> [v2:172.21.15.92:3300/0,v1:172.21.15.92:6789/0] conn(0x7f6f24107620 0x7f6f24107a20 unknown :-1 s=NONE pgs=0 cs=0 l=0 rev1=0 crypto rx=0 tx=0 comp rx=0 tx=0).connect
2024-09-10T10:27:23.866 INFO:teuthology.orchestra.run.smithi092.stdout:/usr/bin/ceph: stderr
2024-09-10T10:27:23.012+0000 7f6f2c443640 1 -- --> [v2:172.21.15.92:3300/0,v1:172.21.15.92:6789/0] -- mon_getmap magic: 0 -- 0x7f6f24107ff0 con 0x7f6f24107620
2024-09-10T10:27:23.866 INFO:teuthology.orchestra.run.smithi092.stdout:/usr/bin/ceph: stderr
2024-09-10T10:27:23.013+0000 7f6f2a1df640 1 --2- >> [v2:172.21.15.92:3300/0,v1:172.21.15.92:6789/0] conn(0x7f6f24107620 0x7f6f24107a20 unknown :-1 s=BANNER_CONNECTING pgs=0 cs=0 l=0 rev1=0 crypto rx=0 tx=0 comp rx=0 tx=0)._handle_peer_banner_payload supported=3 required=0
2024-09-10T10:27:23.866 INFO:teuthology.orchestra.run.smithi092.stdout:/usr/bin/ceph: stderr
2024-09-10T10:27:23.013+0000 7f6f2a1df640 1 --2- >> [v2:172.21.15.92:3300/0,v1:172.21.15.92:6789/0] conn(0x7f6f24107620 0x7f6f24107a20 unknown :-1 s=HELLO_CONNECTING pgs=0 cs=0 l=0 rev1=1 crypto rx=0 tx=0 comp rx=0 tx=0).handle_hello peer v2:172.21.15.92:3300/0 says I am v2:172.21.15.92:59414/0 (socket says 172.21.15.92:59414)
2024-09-10T10:27:23.866 INFO:teuthology.orchestra.run.smithi092.stdout:/usr/bin/ceph: stderr
2024-09-10T10:27:23.013+0000 7f6f2a1df640 1 -- 172.21.15.92:0/2520596645 learned_addr learned my addr 172.21.15.92:0/2520596645 (peer_addr_for_me v2:172.21.15.92:0/0)
2024-09-10T10:27:23.866 INFO:teuthology.orchestra.run.smithi092.stdout:/usr/bin/ceph: stderr
2024-09-10T10:27:23.013+0000 7f6f2a1df640 1 -- 172.21.15.92:0/2520596645 --> [v2:172.21.15.92:3300/0,v1:172.21.15.92:6789/0] -- mon_subscribe({config=0+,monmap=0+}) -- 0x7f6f24108820 con 0x7f6f24107620
2024-09-10T10:27:23.866 INFO:teuthology.orchestra.run.smithi092.stdout:/usr/bin/ceph: stderr
2024-09-10T10:27:23.014+0000 7f6f2a1df640 1 --2- 172.21.15.92:0/2520596645 >> [v2:172.21.15.92:3300/0,v1:172.21.15.92:6789/0] conn(0x7f6f24107620 0x7f6f24107a20 secure :-1 s=READY pgs=16 cs=0 l=1 rev1=1 crypto rx=0x7f6f18009820 tx=0x7f6f1802a270 comp rx=0 tx=0).ready entity=mon.0 client_cookie=db37b09b5d7c10cd server_cookie=0 in_seq=0 out_seq=0
2024-09-10T10:27:23.866 INFO:teuthology.orchestra.run.smithi092.stdout:/usr/bin/ceph: stderr
2024-09-10T10:27:23.014+0000 7f6f291dd640 1 -- 172.21.15.92:0/2520596645 <== mon.0 v2:172.21.15.92:3300/0 1 ==== mon_map magic: 0 ==== 205+0+0 (secure 0 0 0) 0x7f6f18037070 con 0x7f6f24107620
2024-09-10T10:27:23.867 INFO:teuthology.orchestra.run.smithi092.stdout:/usr/bin/ceph: stderr
2024-09-10T10:27:23.014+0000 7f6f291dd640 1 -- 172.21.15.92:0/2520596645 <== mon.0 v2:172.21.15.92:3300/0 2 ==== config(27 keys) ==== 1109+0+0 (secure 0 0 0) 0x7f6f18032900 con 0x7f6f24107620
2024-09-10T10:27:23.867 INFO:teuthology.orchestra.run.smithi092.stdout:/usr/bin/ceph: stderr
2024-09-10T10:27:23.014+0000 7f6f291dd640 1 -- 172.21.15.92:0/2520596645 <== mon.0 v2:172.21.15.92:3300/0 3 ==== mon_map magic: 0 ==== 205+0+0 (secure 0 0 0) 0x7f6f18030850 con 0x7f6f24107620
2024-09-10T10:27:23.867 INFO:teuthology.orchestra.run.smithi092.stdout:/usr/bin/ceph: stderr
2024-09-10T10:27:23.014+0000 7f6f2c443640 1 -- 172.21.15.92:0/2520596645 >> [v2:172.21.15.92:3300/0,v1:172.21.15.92:6789/0] conn(0x7f6f24107620 msgr2=0x7f6f24107a20 secure :-1 s=STATE_CONNECTION_ESTABLISHED l=1).mark_down
2024-09-10T10:27:23.867 INFO:teuthology.orchestra.run.smithi092.stdout:/usr/bin/ceph: stderr
2024-09-10T10:27:23.014+0000 7f6f2c443640 1 --2- 172.21.15.92:0/2520596645 >> [v2:172.21.15.92:3300/0,v1:172.21.15.92:6789/0] conn(0x7f6f24107620 0x7f6f24107a20 secure :-1 s=READY pgs=16 cs=0 l=1 rev1=1 crypto rx=0x7f6f18009820 tx=0x7f6f1802a270 comp rx=0 tx=0).stop
2024-09-10T10:27:23.867 INFO:teuthology.orchestra.run.smithi092.stdout:/usr/bin/ceph: stderr
2024-09-10T10:27:23.015+0000 7f6f2c443640 1 -- 172.21.15.92:0/2520596645 shutdown_connections
2024-09-10T10:27:23.867 INFO:teuthology.orchestra.run.smithi092.stdout:/usr/bin/ceph: stderr
2024-09-10T10:27:23.015+0000 7f6f2c443640 1 --2- 172.21.15.92:0/2520596645 >> [v2:172.21.15.92:3300/0,v1:172.21.15.92:6789/0] conn(0x7f6f24107620 0x7f6f24107a20 unknown :-1 s=CLOSED pgs=16 cs=0 l=1 rev1=1 crypto rx=0 tx=0 comp rx=0 tx=0).stop
2024-09-10T10:27:23.867 INFO:teuthology.orchestra.run.smithi092.stdout:/usr/bin/ceph: stderr
2024-09-10T10:27:23.015+0000 7f6f2c443640 1 -- 172.21.15.92:0/2520596645 >> 172.21.15.92:0/2520596645 conn(0x7f6f24102db0 msgr2=0x7f6f241051f0 unknown :-1 s=STATE_NONE l=0).mark_down
2024-09-10T10:27:23.867 INFO:teuthology.orchestra.run.smithi092.stdout:/usr/bin/ceph: stderr
2024-09-10T10:27:23.015+0000 7f6f2c443640 1 -- 172.21.15.92:0/2520596645 shutdown_connections
2024-09-10T10:27:23.867 INFO:teuthology.orchestra.run.smithi092.stdout:/usr/bin/ceph: stderr
2024-09-10T10:27:23.015+0000 7f6f2c443640 1 -- 172.21.15.92:0/2520596645 wait complete.
2024-09-10T10:27:23.867 INFO:teuthology.orchestra.run.smithi092.stdout:/usr/bin/ceph: stderr
2024-09-10T10:27:23.015+0000 7f6f2c443640 1 Processor -- start
2024-09-10T10:27:23.867 INFO:teuthology.orchestra.run.smithi092.stdout:/usr/bin/ceph: stderr
2024-09-10T10:27:23.015+0000 7f6f2c443640 1 -- start start
2024-09-10T10:27:23.867 INFO:teuthology.orchestra.run.smithi092.stdout:/usr/bin/ceph: stderr
2024-09-10T10:27:23.015+0000 7f6f2c443640 1 --2- >> [v2:172.21.15.92:3300/0,v1:172.21.15.92:6789/0] conn(0x7f6f24107620 0x7f6f2419b650 unknown :-1 s=NONE pgs=0 cs=0 l=1 rev1=0 crypto rx=0 tx=0 comp rx=0 tx=0).connect
2024-09-10T10:27:23.867 INFO:teuthology.orchestra.run.smithi092.stdout:/usr/bin/ceph: stderr
2024-09-10T10:27:23.015+0000 7f6f2c443640 1 -- --> [v2:172.21.15.92:3300/0,v1:172.21.15.92:6789/0] -- mon_getmap magic: 0 -- 0x7f6f2410bbd0 con 0x7f6f24107620
2024-09-10T10:27:23.867 INFO:teuthology.orchestra.run.smithi092.stdout:/usr/bin/ceph: stderr
2024-09-10T10:27:23.016+0000 7f6f2a1df640 1 --2- >> [v2:172.21.15.92:3300/0,v1:172.21.15.92:6789/0] conn(0x7f6f24107620 0x7f6f2419b650 unknown :-1 s=BANNER_CONNECTING pgs=0 cs=0 l=1 rev1=0 crypto rx=0 tx=0 comp rx=0 tx=0)._handle_peer_banner_payload supported=3 required=0
2024-09-10T10:27:23.868 INFO:teuthology.orchestra.run.smithi092.stdout:/usr/bin/ceph: stderr
2024-09-10T10:27:23.016+0000 7f6f2a1df640 1 --2- >> [v2:172.21.15.92:3300/0,v1:172.21.15.92:6789/0] conn(0x7f6f24107620 0x7f6f2419b650 unknown :-1 s=HELLO_CONNECTING pgs=0 cs=0 l=1 rev1=1 crypto rx=0 tx=0 comp rx=0 tx=0).handle_hello peer v2:172.21.15.92:3300/0 says I am v2:172.21.15.92:59422/0 (socket says 172.21.15.92:59422)
2024-09-10T10:27:23.868 INFO:teuthology.orchestra.run.smithi092.stdout:/usr/bin/ceph: stderr
2024-09-10T10:27:23.016+0000 7f6f2a1df640 1 -- 172.21.15.92:0/1149575612 learned_addr learned my addr 172.21.15.92:0/1149575612 (peer_addr_for_me v2:172.21.15.92:0/0)
2024-09-10T10:27:23.868 INFO:teuthology.orchestra.run.smithi092.stdout:/usr/bin/ceph: stderr
2024-09-10T10:27:23.016+0000 7f6f2a1df640 1 -- 172.21.15.92:0/1149575612 --> [v2:172.21.15.92:3300/0,v1:172.21.15.92:6789/0] -- mon_subscribe({config=0+,monmap=0+}) -- 0x7f6f2419bb90 con 0x7f6f24107620
2024-09-10T10:27:23.868 INFO:teuthology.orchestra.run.smithi092.stdout:/usr/bin/ceph: stderr
2024-09-10T10:27:23.016+0000 7f6f2a1df640 1 --2- 172.21.15.92:0/1149575612 >> [v2:172.21.15.92:3300/0,v1:172.21.15.92:6789/0] conn(0x7f6f24107620 0x7f6f2419b650 secure :-1 s=READY pgs=17 cs=0 l=1 rev1=1 crypto rx=0x7f6f18009940 tx=0x7f6f180326e0 comp rx=0 tx=0).ready entity=mon.0 client_cookie=0 server_cookie=0 in_seq=0 out_seq=0
2024-09-10T10:27:23.868 INFO:teuthology.orchestra.run.smithi092.stdout:/usr/bin/ceph: stderr
2024-09-10T10:27:23.016+0000 7f6f177fe640 1 -- 172.21.15.92:0/1149575612 <== mon.0 v2:172.21.15.92:3300/0 1 ==== mon_map magic: 0 ==== 205+0+0 (secure 0 0 0) 0x7f6f18042070 con 0x7f6f24107620
2024-09-10T10:27:23.868 INFO:teuthology.orchestra.run.smithi092.stdout:/usr/bin/ceph: stderr
2024-09-10T10:27:23.016+0000 7f6f177fe640 1 -- 172.21.15.92:0/1149575612 <== mon.0 v2:172.21.15.92:3300/0 2 ==== config(27 keys) ==== 1109+0+0 (secure 0 0 0) 0x7f6f18032be0 con 0x7f6f24107620
2024-09-10T10:27:23.868 INFO:teuthology.orchestra.run.smithi092.stdout:/usr/bin/ceph: stderr
2024-09-10T10:27:23.016+0000 7f6f2c443640 1 -- 172.21.15.92:0/1149575612 --> [v2:172.21.15.92:3300/0,v1:172.21.15.92:6789/0] -- mon_subscribe({mgrmap=0+}) -- 0x7f6f2419be20 con 0x7f6f24107620
2024-09-10T10:27:23.868 INFO:teuthology.orchestra.run.smithi092.stdout:/usr/bin/ceph: stderr
2024-09-10T10:27:23.016+0000 7f6f177fe640 1 -- 172.21.15.92:0/1149575612 <== mon.0 v2:172.21.15.92:3300/0 3 ==== mon_map magic: 0 ==== 205+0+0 (secure 0 0 0) 0x7f6f18037040 con 0x7f6f24107620
2024-09-10T10:27:23.868 INFO:teuthology.orchestra.run.smithi092.stdout:/usr/bin/ceph: stderr
2024-09-10T10:27:23.016+0000 7f6f2c443640 1 -- 172.21.15.92:0/1149575612 --> [v2:172.21.15.92:3300/0,v1:172.21.15.92:6789/0] -- mon_subscribe({osdmap=0}) -- 0x7f6f2419eb10 con 0x7f6f24107620
2024-09-10T10:27:23.868 INFO:teuthology.orchestra.run.smithi092.stdout:/usr/bin/ceph: stderr
2024-09-10T10:27:23.017+0000 7f6f177fe640 1 -- 172.21.15.92:0/1149575612 <== mon.0 v2:172.21.15.92:3300/0 4 ==== mgrmap(e 4) ==== 46276+0+0 (secure 0 0 0) 0x7f6f18045070 con 0x7f6f24107620
2024-09-10T10:27:23.868 INFO:teuthology.orchestra.run.smithi092.stdout:/usr/bin/ceph: stderr
2024-09-10T10:27:23.017+0000 7f6f177fe640 1 --2- 172.21.15.92:0/1149575612 >> [v2:172.21.15.92:6800/2836317933,v1:172.21.15.92:6801/2836317933] conn(0x7f6f10038f20 0x7f6f1003b3e0 unknown :-1 s=NONE pgs=0 cs=0 l=1 rev1=0 crypto rx=0 tx=0 comp rx=0 tx=0).connect
2024-09-10T10:27:23.868 INFO:teuthology.orchestra.run.smithi092.stdout:/usr/bin/ceph: stderr
2024-09-10T10:27:23.017+0000 7f6f177fe640 1 -- 172.21.15.92:0/1149575612 <== mon.0 v2:172.21.15.92:3300/0 5 ==== osd_map(1..1 src has 1..1) ==== 725+0+0 (secure 0 0 0) 0x7f6f1806c1c0 con 0x7f6f24107620
2024-09-10T10:27:23.868 INFO:teuthology.orchestra.run.smithi092.stdout:/usr/bin/ceph: stderr
2024-09-10T10:27:23.017+0000 7f6f299de640 1 --2- 172.21.15.92:0/1149575612 >> [v2:172.21.15.92:6800/2836317933,v1:172.21.15.92:6801/2836317933] conn(0x7f6f10038f20 0x7f6f1003b3e0 unknown :-1 s=BANNER_CONNECTING pgs=0 cs=0 l=1 rev1=0 crypto rx=0 tx=0 comp rx=0 tx=0)._handle_peer_banner_payload supported=3 required=0
2024-09-10T10:27:23.868 INFO:teuthology.orchestra.run.smithi092.stdout:/usr/bin/ceph: stderr
2024-09-10T10:27:23.017+0000 7f6f2c443640 1 -- 172.21.15.92:0/1149575612 --> [v2:172.21.15.92:3300/0,v1:172.21.15.92:6789/0] -- mon_command({"prefix": "get_command_descriptions"} v 0) -- 0x7f6f2410bd50 con 0x7f6f24107620
2024-09-10T10:27:23.869 INFO:teuthology.orchestra.run.smithi092.stdout:/usr/bin/ceph: stderr
2024-09-10T10:27:23.018+0000 7f6f299de640 1 --2- 172.21.15.92:0/1149575612 >> [v2:172.21.15.92:6800/2836317933,v1:172.21.15.92:6801/2836317933] conn(0x7f6f10038f20 0x7f6f1003b3e0 secure :-1 s=READY pgs=6 cs=0 l=1 rev1=1 crypto rx=0x7f6f200098c0 tx=0x7f6f20006db0 comp rx=0 tx=0).ready entity=mgr.14100 client_cookie=0 server_cookie=0 in_seq=0 out_seq=0
2024-09-10T10:27:23.869 INFO:teuthology.orchestra.run.smithi092.stdout:/usr/bin/ceph: stderr
2024-09-10T10:27:23.023+0000 7f6f177fe640 1 -- 172.21.15.92:0/1149575612 <== mon.0 v2:172.21.15.92:3300/0 6 ==== mon_command_ack([{"prefix": "get_command_descriptions"}]=0 v0) ==== 72+0+188821 (secure 0 0 0) 0x7f6f18032e00 con 0x7f6f24107620
2024-09-10T10:27:23.869 INFO:teuthology.orchestra.run.smithi092.stdout:/usr/bin/ceph: stderr
2024-09-10T10:27:23.250+0000 7f6f2c443640 1 -- 172.21.15.92:0/1149575612 --> [v2:172.21.15.92:3300/0,v1:172.21.15.92:6789/0] -- mon_command({"prefix": "status", "format": "json-pretty"} v 0) -- 0x7f6f2407c5b0 con 0x7f6f24107620
2024-09-10T10:27:23.869 INFO:teuthology.orchestra.run.smithi092.stdout:/usr/bin/ceph: stderr
2024-09-10T10:27:23.251+0000 7f6f177fe640 1 -- 172.21.15.92:0/1149575612 <== mon.0 v2:172.21.15.92:3300/0 7 ==== mon_command_ack([{"prefix": "status", "format": "json-pretty"}]=0 v0) ==== 79+0+1290 (secure 0 0 0) 0x7f6f1806bbe0 con 0x7f6f24107620
2024-09-10T10:27:23.869 INFO:teuthology.orchestra.run.smithi092.stdout:/usr/bin/ceph: stderr
2024-09-10T10:27:23.254+0000 7f6f2c443640 1 -- 172.21.15.92:0/1149575612 >> [v2:172.21.15.92:6800/2836317933,v1:172.21.15.92:6801/2836317933] conn(0x7f6f10038f20 msgr2=0x7f6f1003b3e0 secure :-1 s=STATE_CONNECTION_ESTABLISHED l=1).mark_down
2024-09-10T10:27:23.869 INFO:teuthology.orchestra.run.smithi092.stdout:/usr/bin/ceph: stderr
2024-09-10T10:27:23.254+0000 7f6f2c443640 1 --2- 172.21.15.92:0/1149575612 >> [v2:172.21.15.92:6800/2836317933,v1:172.21.15.92:6801/2836317933] conn(0x7f6f10038f20 0x7f6f1003b3e0 secure :-1 s=READY pgs=6 cs=0 l=1 rev1=1 crypto rx=0x7f6f200098c0 tx=0x7f6f20006db0 comp rx=0 tx=0).stop
2024-09-10T10:27:23.869 INFO:teuthology.orchestra.run.smithi092.stdout:/usr/bin/ceph: stderr
2024-09-10T10:27:23.254+0000 7f6f2c443640 1 -- 172.21.15.92:0/1149575612 >> [v2:172.21.15.92:3300/0,v1:172.21.15.92:6789/0] conn(0x7f6f24107620 msgr2=0x7f6f2419b650 secure :-1 s=STATE_CONNECTION_ESTABLISHED l=1).mark_down
2024-09-10T10:27:23.869 INFO:teuthology.orchestra.run.smithi092.stdout:/usr/bin/ceph: stderr
2024-09-10T10:27:23.254+0000 7f6f2c443640 1 --2- 172.21.15.92:0/1149575612 >> [v2:172.21.15.92:3300/0,v1:172.21.15.92:6789/0] conn(0x7f6f24107620 0x7f6f2419b650 secure :-1 s=READY pgs=17 cs=0 l=1 rev1=1 crypto rx=0x7f6f18009940 tx=0x7f6f180326e0 comp rx=0 tx=0).stop
2024-09-10T10:27:23.869 INFO:teuthology.orchestra.run.smithi092.stdout:/usr/bin/ceph: stderr
2024-09-10T10:27:23.254+0000 7f6f2c443640 1 -- 172.21.15.92:0/1149575612 shutdown_connections
2024-09-10T10:27:23.869 INFO:teuthology.orchestra.run.smithi092.stdout:/usr/bin/ceph: stderr
2024-09-10T10:27:23.254+0000 7f6f2c443640 1 --2- 172.21.15.92:0/1149575612 >> [v2:172.21.15.92:6800/2836317933,v1:172.21.15.92:6801/2836317933] conn(0x7f6f10038f20 0x7f6f1003b3e0 unknown :-1 s=CLOSED pgs=6 cs=0 l=1 rev1=1 crypto rx=0 tx=0 comp rx=0 tx=0).stop
2024-09-10T10:27:23.869 INFO:teuthology.orchestra.run.smithi092.stdout:/usr/bin/ceph: stderr
2024-09-10T10:27:23.254+0000 7f6f2c443640 1 --2- 172.21.15.92:0/1149575612 >> [v2:172.21.15.92:3300/0,v1:172.21.15.92:6789/0] conn(0x7f6f24107620 0x7f6f2419b650 unknown :-1 s=CLOSED pgs=17 cs=0 l=1 rev1=1 crypto rx=0 tx=0 comp rx=0 tx=0).stop
2024-09-10T10:27:23.869 INFO:teuthology.orchestra.run.smithi092.stdout:/usr/bin/ceph: stderr
2024-09-10T10:27:23.254+0000 7f6f2c443640 1 -- 172.21.15.92:0/1149575612 >> 172.21.15.92:0/1149575612 conn(0x7f6f24102db0 msgr2=0x7f6f24103960 unknown :-1 s=STATE_NONE l=0).mark_down
2024-09-10T10:27:23.869 INFO:teuthology.orchestra.run.smithi092.stdout:/usr/bin/ceph: stderr
2024-09-10T10:27:23.254+0000 7f6f2c443640 1 -- 172.21.15.92:0/1149575612 shutdown_connections
2024-09-10T10:27:23.869 INFO:teuthology.orchestra.run.smithi092.stdout:/usr/bin/ceph: stderr
2024-09-10T10:27:23.254+0000 7f6f2c443640 1 -- 172.21.15.92:0/1149575612 wait complete.
2024-09-10T10:27:23.870 INFO:teuthology.orchestra.run.smithi092.stdout:mgr is available
2024-09-10T10:27:23.976 INFO:journalctl@ceph.mon.a.smithi092.stdout:Sep 10 10:27:23 smithi092 ceph-mon[30834]: mgrmap e4: x(active, since 2s)
2024-09-10T10:27:23.976 INFO:journalctl@ceph.mon.a.smithi092.stdout:Sep 10 10:27:23 smithi092 ceph-mon[30834]: from='client.? 172.21.15.92:0/1149575612' entity='client.admin' cmd=[{"prefix": "status", "format": "json-pretty"}]: dispatch
2024-09-10T10:27:24.989 INFO:journalctl@ceph.mon.a.smithi092.stdout:Sep 10 10:27:24 smithi092 ceph-mon[30834]: from='client.? 172.21.15.92:0/669671987' entity='client.admin' cmd=[{"prefix": "config assimilate-conf"}]: dispatch
2024-09-10T10:27:24.999 INFO:teuthology.orchestra.run.smithi092.stdout:/usr/bin/ceph: stdout
2024-09-10T10:27:24.999 INFO:teuthology.orchestra.run.smithi092.stdout:/usr/bin/ceph: stdout [global]
2024-09-10T10:27:24.999 INFO:teuthology.orchestra.run.smithi092.stdout:/usr/bin/ceph: stdout fsid = 0df4af84-6f5f-11ef-bcea-c7b262605968
2024-09-10T10:27:24.999 INFO:teuthology.orchestra.run.smithi092.stdout:/usr/bin/ceph: stdout mon_host = [v2:172.21.15.92:3300,v1:172.21.15.92:6789]
2024-09-10T10:27:24.999 INFO:teuthology.orchestra.run.smithi092.stdout:/usr/bin/ceph: stdout mon_osd_allow_pg_remap = true
2024-09-10T10:27:24.999 INFO:teuthology.orchestra.run.smithi092.stdout:/usr/bin/ceph: stdout mon_osd_allow_primary_affinity = true
2024-09-10T10:27:24.999 INFO:teuthology.orchestra.run.smithi092.stdout:/usr/bin/ceph: stdout mon_warn_on_no_sortbitwise = false
2024-09-10T10:27:24.999 INFO:teuthology.orchestra.run.smithi092.stdout:/usr/bin/ceph: stdout osd_crush_chooseleaf_type = 0
2024-09-10T10:27:24.999 INFO:teuthology.orchestra.run.smithi092.stdout:/usr/bin/ceph: stdout
2024-09-10T10:27:24.999 INFO:teuthology.orchestra.run.smithi092.stdout:/usr/bin/ceph: stdout [mgr]
2024-09-10T10:27:24.999 INFO:teuthology.orchestra.run.smithi092.stdout:/usr/bin/ceph: stdout mgr/telemetry/nag = false
2024-09-10T10:27:25.000 INFO:teuthology.orchestra.run.smithi092.stdout:/usr/bin/ceph: stdout
2024-09-10T10:27:25.000 INFO:teuthology.orchestra.run.smithi092.stdout:/usr/bin/ceph: stdout [osd]
2024-09-10T10:27:25.000 INFO:teuthology.orchestra.run.smithi092.stdout:/usr/bin/ceph: stdout mon_osd_backfillfull_ratio = 0.85
2024-09-10T10:27:25.000 INFO:teuthology.orchestra.run.smithi092.stdout:/usr/bin/ceph: stdout mon_osd_full_ratio = 0.9
2024-09-10T10:27:25.000 INFO:teuthology.orchestra.run.smithi092.stdout:/usr/bin/ceph: stdout mon_osd_nearfull_ratio = 0.8
2024-09-10T10:27:25.000 INFO:teuthology.orchestra.run.smithi092.stdout:/usr/bin/ceph: stdout osd_map_max_advance = 10
2024-09-10T10:27:25.000 INFO:teuthology.orchestra.run.smithi092.stdout:/usr/bin/ceph: stdout osd_sloppy_crc = true
2024-09-10T10:27:25.000 INFO:teuthology.orchestra.run.smithi092.stdout:/usr/bin/ceph: stderr
2024-09-10T10:27:24.252+0000 7f6a6e8df640 1 Processor -- start
2024-09-10T10:27:25.000 INFO:teuthology.orchestra.run.smithi092.stdout:/usr/bin/ceph: stderr
2024-09-10T10:27:24.253+0000 7f6a6e8df640 1 -- start start
2024-09-10T10:27:25.000 INFO:teuthology.orchestra.run.smithi092.stdout:/usr/bin/ceph: stderr
2024-09-10T10:27:24.253+0000 7f6a6e8df640 1 --2- >> [v2:172.21.15.92:3300/0,v1:172.21.15.92:6789/0] conn(0x7f6a68106510 0x7f6a68106910 unknown :-1 s=NONE pgs=0 cs=0 l=0 rev1=0 crypto rx=0 tx=0 comp rx=0 tx=0).connect
2024-09-10T10:27:25.000 INFO:teuthology.orchestra.run.smithi092.stdout:/usr/bin/ceph: stderr
2024-09-10T10:27:24.253+0000 7f6a6e8df640 1 -- --> [v2:172.21.15.92:3300/0,v1:172.21.15.92:6789/0] -- mon_getmap magic: 0 -- 0x7f6a68106ee0 con 0x7f6a68106510
2024-09-10T10:27:25.000 INFO:teuthology.orchestra.run.smithi092.stdout:/usr/bin/ceph: stderr
2024-09-10T10:27:24.253+0000 7f6a67fff640 1 --2- >> [v2:172.21.15.92:3300/0,v1:172.21.15.92:6789/0] conn(0x7f6a68106510 0x7f6a68106910 unknown :-1 s=BANNER_CONNECTING pgs=0 cs=0 l=0 rev1=0 crypto rx=0 tx=0 comp rx=0 tx=0)._handle_peer_banner_payload supported=3 required=0
2024-09-10T10:27:25.000 INFO:teuthology.orchestra.run.smithi092.stdout:/usr/bin/ceph: stderr
2024-09-10T10:27:24.253+0000 7f6a67fff640 1 --2- >> [v2:172.21.15.92:3300/0,v1:172.21.15.92:6789/0] conn(0x7f6a68106510 0x7f6a68106910 unknown :-1 s=HELLO_CONNECTING pgs=0 cs=0 l=0 rev1=1 crypto rx=0 tx=0 comp rx=0 tx=0).handle_hello peer v2:172.21.15.92:3300/0 says I am v2:172.21.15.92:59426/0 (socket says 172.21.15.92:59426)
2024-09-10T10:27:25.001 INFO:teuthology.orchestra.run.smithi092.stdout:/usr/bin/ceph: stderr
2024-09-10T10:27:24.253+0000 7f6a67fff640 1 -- 172.21.15.92:0/1439979382 learned_addr learned my addr 172.21.15.92:0/1439979382 (peer_addr_for_me v2:172.21.15.92:0/0)
2024-09-10T10:27:25.001 INFO:teuthology.orchestra.run.smithi092.stdout:/usr/bin/ceph: stderr
2024-09-10T10:27:24.253+0000 7f6a67fff640 1 -- 172.21.15.92:0/1439979382 --> [v2:172.21.15.92:3300/0,v1:172.21.15.92:6789/0] -- mon_subscribe({config=0+,monmap=0+}) -- 0x7f6a681076c0 con 0x7f6a68106510
2024-09-10T10:27:25.001 INFO:teuthology.orchestra.run.smithi092.stdout:/usr/bin/ceph: stderr
2024-09-10T10:27:24.254+0000 7f6a67fff640 1 --2- 172.21.15.92:0/1439979382 >> [v2:172.21.15.92:3300/0,v1:172.21.15.92:6789/0] conn(0x7f6a68106510 0x7f6a68106910 secure :-1 s=READY pgs=18 cs=0 l=1 rev1=1 crypto rx=0x7f6a58009820 tx=0x7f6a5802a270 comp rx=0 tx=0).ready entity=mon.0 client_cookie=fd0e46bdf45782a1 server_cookie=0 in_seq=0 out_seq=0
2024-09-10T10:27:25.001 INFO:teuthology.orchestra.run.smithi092.stdout:/usr/bin/ceph: stderr
2024-09-10T10:27:24.254+0000 7f6a677fe640 1 -- 172.21.15.92:0/1439979382 <== mon.0 v2:172.21.15.92:3300/0 1 ==== mon_map magic: 0 ==== 205+0+0 (secure 0 0 0) 0x7f6a58037070 con 0x7f6a68106510
2024-09-10T10:27:25.001 INFO:teuthology.orchestra.run.smithi092.stdout:/usr/bin/ceph: stderr
2024-09-10T10:27:24.254+0000 7f6a677fe640 1 -- 172.21.15.92:0/1439979382 <== mon.0 v2:172.21.15.92:3300/0 2 ==== config(27 keys) ==== 1109+0+0 (secure 0 0 0) 0x7f6a58032900 con 0x7f6a68106510
2024-09-10T10:27:25.001 INFO:teuthology.orchestra.run.smithi092.stdout:/usr/bin/ceph: stderr
2024-09-10T10:27:24.254+0000 7f6a677fe640 1 -- 172.21.15.92:0/1439979382 <== mon.0 v2:172.21.15.92:3300/0 3 ==== mon_map magic: 0 ==== 205+0+0 (secure 0 0 0) 0x7f6a58030850 con 0x7f6a68106510
2024-09-10T10:27:25.001 INFO:teuthology.orchestra.run.smithi092.stdout:/usr/bin/ceph: stderr
2024-09-10T10:27:24.255+0000 7f6a6e8df640 1 -- 172.21.15.92:0/1439979382 >> [v2:172.21.15.92:3300/0,v1:172.21.15.92:6789/0] conn(0x7f6a68106510 msgr2=0x7f6a68106910 secure :-1 s=STATE_CONNECTION_ESTABLISHED l=1).mark_down
2024-09-10T10:27:25.001 INFO:teuthology.orchestra.run.smithi092.stdout:/usr/bin/ceph: stderr
2024-09-10T10:27:24.255+0000 7f6a6e8df640 1 --2- 172.21.15.92:0/1439979382 >> [v2:172.21.15.92:3300/0,v1:172.21.15.92:6789/0] conn(0x7f6a68106510 0x7f6a68106910 secure :-1 s=READY pgs=18 cs=0 l=1 rev1=1 crypto rx=0x7f6a58009820 tx=0x7f6a5802a270 comp rx=0 tx=0).stop
2024-09-10T10:27:25.001 INFO:teuthology.orchestra.run.smithi092.stdout:/usr/bin/ceph: stderr
2024-09-10T10:27:24.255+0000 7f6a6e8df640 1 -- 172.21.15.92:0/1439979382 shutdown_connections
2024-09-10T10:27:25.001 INFO:teuthology.orchestra.run.smithi092.stdout:/usr/bin/ceph: stderr
2024-09-10T10:27:24.255+0000 7f6a6e8df640 1 --2- 172.21.15.92:0/1439979382 >> [v2:172.21.15.92:3300/0,v1:172.21.15.92:6789/0] conn(0x7f6a68106510 0x7f6a68106910 unknown :-1 s=CLOSED pgs=18 cs=0 l=1 rev1=1 crypto rx=0 tx=0 comp rx=0 tx=0).stop
2024-09-10T10:27:25.001 INFO:teuthology.orchestra.run.smithi092.stdout:/usr/bin/ceph: stderr
2024-09-10T10:27:24.255+0000 7f6a6e8df640 1 -- 172.21.15.92:0/1439979382 >> 172.21.15.92:0/1439979382 conn(0x7f6a68101ca0 msgr2=0x7f6a681040e0 unknown :-1 s=STATE_NONE l=0).mark_down
2024-09-10T10:27:25.001 INFO:teuthology.orchestra.run.smithi092.stdout:/usr/bin/ceph: stderr
2024-09-10T10:27:24.255+0000 7f6a6e8df640 1 -- 172.21.15.92:0/1439979382 shutdown_connections
2024-09-10T10:27:25.002 INFO:teuthology.orchestra.run.smithi092.stdout:/usr/bin/ceph: stderr
2024-09-10T10:27:24.255+0000 7f6a6e8df640 1 -- 172.21.15.92:0/1439979382 wait complete.
2024-09-10T10:27:25.002 INFO:teuthology.orchestra.run.smithi092.stdout:/usr/bin/ceph: stderr
2024-09-10T10:27:24.255+0000 7f6a6e8df640 1 Processor -- start
2024-09-10T10:27:25.002 INFO:teuthology.orchestra.run.smithi092.stdout:/usr/bin/ceph: stderr
2024-09-10T10:27:24.255+0000 7f6a6e8df640 1 -- start start
2024-09-10T10:27:25.002 INFO:teuthology.orchestra.run.smithi092.stdout:/usr/bin/ceph: stderr
2024-09-10T10:27:24.256+0000 7f6a6e8df640 1 --2- >> [v2:172.21.15.92:3300/0,v1:172.21.15.92:6789/0] conn(0x7f6a68106510 0x7f6a6807ba20 unknown :-1 s=NONE pgs=0 cs=0 l=1 rev1=0 crypto rx=0 tx=0 comp rx=0 tx=0).connect
2024-09-10T10:27:25.002 INFO:teuthology.orchestra.run.smithi092.stdout:/usr/bin/ceph: stderr
2024-09-10T10:27:24.256+0000 7f6a6e8df640 1 -- --> [v2:172.21.15.92:3300/0,v1:172.21.15.92:6789/0] -- mon_getmap magic: 0 -- 0x7f6a6810aa70 con 0x7f6a68106510
2024-09-10T10:27:25.002 INFO:teuthology.orchestra.run.smithi092.stdout:/usr/bin/ceph: stderr
2024-09-10T10:27:24.256+0000 7f6a67fff640 1 --2- >> [v2:172.21.15.92:3300/0,v1:172.21.15.92:6789/0] conn(0x7f6a68106510 0x7f6a6807ba20 unknown :-1 s=BANNER_CONNECTING pgs=0 cs=0 l=1 rev1=0 crypto rx=0 tx=0 comp rx=0 tx=0)._handle_peer_banner_payload supported=3 required=0
2024-09-10T10:27:25.002 INFO:teuthology.orchestra.run.smithi092.stdout:/usr/bin/ceph: stderr
2024-09-10T10:27:24.256+0000 7f6a67fff640 1 --2- >> [v2:172.21.15.92:3300/0,v1:172.21.15.92:6789/0] conn(0x7f6a68106510 0x7f6a6807ba20 unknown :-1 s=HELLO_CONNECTING pgs=0 cs=0 l=1 rev1=1 crypto rx=0 tx=0 comp rx=0 tx=0).handle_hello peer v2:172.21.15.92:3300/0 says I am v2:172.21.15.92:59442/0 (socket says 172.21.15.92:59442)
2024-09-10T10:27:25.002 INFO:teuthology.orchestra.run.smithi092.stdout:/usr/bin/ceph: stderr
2024-09-10T10:27:24.256+0000 7f6a67fff640 1 -- 172.21.15.92:0/669671987 learned_addr learned my addr 172.21.15.92:0/669671987 (peer_addr_for_me v2:172.21.15.92:0/0)
2024-09-10T10:27:25.002 INFO:teuthology.orchestra.run.smithi092.stdout:/usr/bin/ceph: stderr
2024-09-10T10:27:24.256+0000 7f6a67fff640 1 -- 172.21.15.92:0/669671987 --> [v2:172.21.15.92:3300/0,v1:172.21.15.92:6789/0] -- mon_subscribe({config=0+,monmap=0+}) -- 0x7f6a6819e3b0 con 0x7f6a68106510
2024-09-10T10:27:25.002 INFO:teuthology.orchestra.run.smithi092.stdout:/usr/bin/ceph: stderr
2024-09-10T10:27:24.256+0000 7f6a67fff640 1 --2- 172.21.15.92:0/669671987 >> [v2:172.21.15.92:3300/0,v1:172.21.15.92:6789/0] conn(0x7f6a68106510 0x7f6a6807ba20 secure :-1 s=READY pgs=19 cs=0 l=1 rev1=1 crypto rx=0x7f6a58009940 tx=0x7f6a580326e0 comp rx=0 tx=0).ready entity=mon.0 client_cookie=0 server_cookie=0 in_seq=0 out_seq=0
2024-09-10T10:27:25.002 INFO:teuthology.orchestra.run.smithi092.stdout:/usr/bin/ceph: stderr
2024-09-10T10:27:24.256+0000 7f6a65ffb640 1 -- 172.21.15.92:0/669671987 <== mon.0 v2:172.21.15.92:3300/0 1 ==== mon_map magic: 0 ==== 205+0+0 (secure 0 0 0) 0x7f6a58042070 con 0x7f6a68106510
2024-09-10T10:27:25.002 INFO:teuthology.orchestra.run.smithi092.stdout:/usr/bin/ceph: stderr
2024-09-10T10:27:24.256+0000 7f6a65ffb640 1 -- 172.21.15.92:0/669671987 <== mon.0 v2:172.21.15.92:3300/0 2 ==== config(27 keys) ==== 1109+0+0 (secure 0 0 0) 0x7f6a58032be0 con 0x7f6a68106510
2024-09-10T10:27:25.002 INFO:teuthology.orchestra.run.smithi092.stdout:/usr/bin/ceph: stderr
2024-09-10T10:27:24.256+0000 7f6a65ffb640 1 -- 172.21.15.92:0/669671987 <== mon.0 v2:172.21.15.92:3300/0 3 ==== mon_map magic: 0 ==== 205+0+0 (secure 0 0 0) 0x7f6a58037040 con 0x7f6a68106510
2024-09-10T10:27:25.002 INFO:teuthology.orchestra.run.smithi092.stdout:/usr/bin/ceph: stderr
2024-09-10T10:27:24.256+0000 7f6a6e8df640 1 -- 172.21.15.92:0/669671987 --> [v2:172.21.15.92:3300/0,v1:172.21.15.92:6789/0] -- mon_subscribe({mgrmap=0+}) -- 0x7f6a6819e580 con 0x7f6a68106510
2024-09-10T10:27:25.003 INFO:teuthology.orchestra.run.smithi092.stdout:/usr/bin/ceph: stderr
2024-09-10T10:27:24.256+0000 7f6a6e8df640 1 -- 172.21.15.92:0/669671987 --> [v2:172.21.15.92:3300/0,v1:172.21.15.92:6789/0] -- mon_subscribe({osdmap=0}) -- 0x7f6a6819e920 con 0x7f6a68106510
2024-09-10T10:27:25.003 INFO:teuthology.orchestra.run.smithi092.stdout:/usr/bin/ceph: stderr
2024-09-10T10:27:24.257+0000 7f6a65ffb640 1 -- 172.21.15.92:0/669671987 <== mon.0 v2:172.21.15.92:3300/0 4 ==== mgrmap(e 4) ==== 46276+0+0 (secure 0 0 0) 0x7f6a58045070 con 0x7f6a68106510
2024-09-10T10:27:25.003 INFO:teuthology.orchestra.run.smithi092.stdout:/usr/bin/ceph: stderr
2024-09-10T10:27:24.257+0000 7f6a65ffb640 1 --2- 172.21.15.92:0/669671987 >> [v2:172.21.15.92:6800/2836317933,v1:172.21.15.92:6801/2836317933] conn(0x7f6a54038f20 0x7f6a5403b3e0 unknown :-1 s=NONE pgs=0 cs=0 l=1 rev1=0 crypto rx=0 tx=0 comp rx=0 tx=0).connect
2024-09-10T10:27:25.003 INFO:teuthology.orchestra.run.smithi092.stdout:/usr/bin/ceph: stderr
2024-09-10T10:27:24.257+0000 7f6a65ffb640 1 -- 172.21.15.92:0/669671987 <== mon.0 v2:172.21.15.92:3300/0 5 ==== osd_map(1..1 src has 1..1) ==== 725+0+0 (secure 0 0 0) 0x7f6a5806be70 con 0x7f6a68106510
2024-09-10T10:27:25.003 INFO:teuthology.orchestra.run.smithi092.stdout:/usr/bin/ceph: stderr
2024-09-10T10:27:24.257+0000 7f6a6e8df640 1 -- 172.21.15.92:0/669671987 --> [v2:172.21.15.92:3300/0,v1:172.21.15.92:6789/0] -- mon_command({"prefix": "get_command_descriptions"} v 0) -- 0x7f6a68106990 con 0x7f6a68106510
2024-09-10T10:27:25.003 INFO:teuthology.orchestra.run.smithi092.stdout:/usr/bin/ceph: stderr
2024-09-10T10:27:24.257+0000 7f6a5ffff640 1 --2- 172.21.15.92:0/669671987 >> [v2:172.21.15.92:6800/2836317933,v1:172.21.15.92:6801/2836317933] conn(0x7f6a54038f20 0x7f6a5403b3e0 unknown :-1 s=BANNER_CONNECTING pgs=0 cs=0 l=1 rev1=0 crypto rx=0 tx=0 comp rx=0 tx=0)._handle_peer_banner_payload supported=3 required=0
2024-09-10T10:27:25.003 INFO:teuthology.orchestra.run.smithi092.stdout:/usr/bin/ceph: stderr
2024-09-10T10:27:24.258+0000 7f6a5ffff640 1 --2- 172.21.15.92:0/669671987 >> [v2:172.21.15.92:6800/2836317933,v1:172.21.15.92:6801/2836317933] conn(0x7f6a54038f20 0x7f6a5403b3e0 secure :-1 s=READY pgs=7 cs=0 l=1 rev1=1 crypto rx=0x7f6a500098c0 tx=0x7f6a50006db0 comp rx=0 tx=0).ready entity=mgr.14100 client_cookie=0 server_cookie=0 in_seq=0 out_seq=0
2024-09-10T10:27:25.003 INFO:teuthology.orchestra.run.smithi092.stdout:/usr/bin/ceph: stderr
2024-09-10T10:27:24.263+0000 7f6a65ffb640 1 -- 172.21.15.92:0/669671987 <== mon.0 v2:172.21.15.92:3300/0 6 ==== mon_command_ack([{"prefix": "get_command_descriptions"}]=0 v0) ==== 72+0+188821 (secure 0 0 0) 0x7f6a5804b170 con 0x7f6a68106510
2024-09-10T10:27:25.003 INFO:teuthology.orchestra.run.smithi092.stdout:/usr/bin/ceph: stderr
2024-09-10T10:27:24.429+0000 7f6a6e8df640 1 -- 172.21.15.92:0/669671987 --> [v2:172.21.15.92:3300/0,v1:172.21.15.92:6789/0] -- mon_command({"prefix": "config assimilate-conf"} v 0) -- 0x7f6a6819ee40 con 0x7f6a68106510
2024-09-10T10:27:25.003 INFO:teuthology.orchestra.run.smithi092.stdout:/usr/bin/ceph: stderr
2024-09-10T10:27:24.429+0000 7f6a65ffb640 1 -- 172.21.15.92:0/669671987 <== mon.0 v2:172.21.15.92:3300/0 7 ==== mon_command_ack([{"prefix": "config assimilate-conf"}]=0 v3) ==== 70+0+429 (secure 0 0 0) 0x7f6a58032d90 con 0x7f6a68106510
2024-09-10T10:27:25.003 INFO:teuthology.orchestra.run.smithi092.stdout:/usr/bin/ceph: stderr
2024-09-10T10:27:24.431+0000 7f6a6e8df640 1 -- 172.21.15.92:0/669671987 >> [v2:172.21.15.92:6800/2836317933,v1:172.21.15.92:6801/2836317933] conn(0x7f6a54038f20 msgr2=0x7f6a5403b3e0 secure :-1 s=STATE_CONNECTION_ESTABLISHED l=1).mark_down
2024-09-10T10:27:25.003 INFO:teuthology.orchestra.run.smithi092.stdout:/usr/bin/ceph: stderr
2024-09-10T10:27:24.431+0000 7f6a6e8df640 1 --2- 172.21.15.92:0/669671987 >> [v2:172.21.15.92:6800/2836317933,v1:172.21.15.92:6801/2836317933] conn(0x7f6a54038f20 0x7f6a5403b3e0 secure :-1 s=READY pgs=7 cs=0 l=1 rev1=1 crypto rx=0x7f6a500098c0 tx=0x7f6a50006db0 comp rx=0 tx=0).stop
2024-09-10T10:27:25.003 INFO:teuthology.orchestra.run.smithi092.stdout:/usr/bin/ceph: stderr
2024-09-10T10:27:24.431+0000 7f6a6e8df640 1 -- 172.21.15.92:0/669671987 >> [v2:172.21.15.92:3300/0,v1:172.21.15.92:6789/0] conn(0x7f6a68106510 msgr2=0x7f6a6807ba20 secure :-1 s=STATE_CONNECTION_ESTABLISHED l=1).mark_down
2024-09-10T10:27:25.004 INFO:teuthology.orchestra.run.smithi092.stdout:/usr/bin/ceph: stderr
2024-09-10T10:27:24.431+0000 7f6a6e8df640 1 --2- 172.21.15.92:0/669671987 >> [v2:172.21.15.92:3300/0,v1:172.21.15.92:6789/0] conn(0x7f6a68106510 0x7f6a6807ba20 secure :-1 s=READY pgs=19 cs=0 l=1 rev1=1 crypto rx=0x7f6a58009940 tx=0x7f6a580326e0 comp rx=0 tx=0).stop
2024-09-10T10:27:25.004 INFO:teuthology.orchestra.run.smithi092.stdout:/usr/bin/ceph: stderr
2024-09-10T10:27:24.432+0000 7f6a6e8df640 1 -- 172.21.15.92:0/669671987 shutdown_connections
2024-09-10T10:27:25.004 INFO:teuthology.orchestra.run.smithi092.stdout:/usr/bin/ceph: stderr
2024-09-10T10:27:24.432+0000 7f6a6e8df640 1 --2- 172.21.15.92:0/669671987 >> [v2:172.21.15.92:6800/2836317933,v1:172.21.15.92:6801/2836317933] conn(0x7f6a54038f20 0x7f6a5403b3e0 unknown :-1 s=CLOSED pgs=7 cs=0 l=1 rev1=1 crypto rx=0 tx=0 comp rx=0 tx=0).stop
2024-09-10T10:27:25.004 INFO:teuthology.orchestra.run.smithi092.stdout:/usr/bin/ceph: stderr
2024-09-10T10:27:24.432+0000 7f6a6e8df640 1 --2- 172.21.15.92:0/669671987 >> [v2:172.21.15.92:3300/0,v1:172.21.15.92:6789/0] conn(0x7f6a68106510 0x7f6a6807ba20 unknown :-1 s=CLOSED pgs=19 cs=0 l=1 rev1=1 crypto rx=0 tx=0 comp rx=0 tx=0).stop
2024-09-10T10:27:25.004 INFO:teuthology.orchestra.run.smithi092.stdout:/usr/bin/ceph: stderr
2024-09-10T10:27:24.432+0000 7f6a6e8df640 1 -- 172.21.15.92:0/669671987 >> 172.21.15.92:0/669671987 conn(0x7f6a68101ca0 msgr2=0x7f6a68102830 unknown :-1 s=STATE_NONE l=0).mark_down
2024-09-10T10:27:25.004 INFO:teuthology.orchestra.run.smithi092.stdout:/usr/bin/ceph: stderr
2024-09-10T10:27:24.432+0000 7f6a6e8df640 1 -- 172.21.15.92:0/669671987 shutdown_connections
2024-09-10T10:27:25.004 INFO:teuthology.orchestra.run.smithi092.stdout:/usr/bin/ceph: stderr
2024-09-10T10:27:24.432+0000 7f6a6e8df640 1 -- 172.21.15.92:0/669671987 wait complete.
2024-09-10T10:27:25.004 INFO:teuthology.orchestra.run.smithi092.stdout:Enabling cephadm module...
2024-09-10T10:27:26.303 INFO:journalctl@ceph.mon.a.smithi092.stdout:Sep 10 10:27:25 smithi092 ceph-mon[30834]: from='client.? 172.21.15.92:0/3773470209' entity='client.admin' cmd=[{"prefix": "mgr module enable", "module": "cephadm"}]: dispatch
2024-09-10T10:27:26.303 INFO:journalctl@ceph.mgr.x.smithi092.stdout:Sep 10 10:27:26 smithi092 ceph-0df4af84-6f5f-11ef-bcea-c7b262605968-mgr-x[31061]: ignoring --setuser ceph since I am not root
2024-09-10T10:27:26.303 INFO:journalctl@ceph.mgr.x.smithi092.stdout:Sep 10 10:27:26 smithi092 ceph-0df4af84-6f5f-11ef-bcea-c7b262605968-mgr-x[31061]: ignoring --setgroup ceph since I am not root
2024-09-10T10:27:26.303 INFO:journalctl@ceph.mgr.x.smithi092.stdout:Sep 10 10:27:26 smithi092 ceph-0df4af84-6f5f-11ef-bcea-c7b262605968-mgr-x[31061]:
2024-09-10T10:27:26.098+0000 7fa71fa9d040 -1 mgr[py] Module osd_perf_query has missing NOTIFY_TYPES member
2024-09-10T10:27:26.303 INFO:journalctl@ceph.mgr.x.smithi092.stdout:Sep 10 10:27:26 smithi092 ceph-0df4af84-6f5f-11ef-bcea-c7b262605968-mgr-x[31061]:
2024-09-10T10:27:26.154+0000 7fa71fa9d040 -1 mgr[py] Module osd_support has missing NOTIFY_TYPES member
2024-09-10T10:27:26.303 INFO:journalctl@ceph.mgr.x.smithi092.stdout:Sep 10 10:27:26 smithi092 ceph-0df4af84-6f5f-11ef-bcea-c7b262605968-mgr-x[31061]:
2024-09-10T10:27:26.301+0000 7fa71fa9d040 -1 mgr[py] Module diskprediction_local has missing NOTIFY_TYPES member
2024-09-10T10:27:26.610 INFO:journalctl@ceph.mgr.x.smithi092.stdout:Sep 10 10:27:26 smithi092 ceph-0df4af84-6f5f-11ef-bcea-c7b262605968-mgr-x[31061]:
2024-09-10T10:27:26.370+0000 7fa71fa9d040 -1 mgr[py] Module crash has missing NOTIFY_TYPES member
2024-09-10T10:27:26.610 INFO:journalctl@ceph.mgr.x.smithi092.stdout:Sep 10 10:27:26 smithi092 ceph-0df4af84-6f5f-11ef-bcea-c7b262605968-mgr-x[31061]:
2024-09-10T10:27:26.517+0000 7fa71fa9d040 -1 mgr[py] Module test_orchestrator has missing NOTIFY_TYPES member
2024-09-10T10:27:26.619 INFO:teuthology.orchestra.run.smithi092.stdout:/usr/bin/ceph: stderr
2024-09-10T10:27:25.388+0000 7ff1ae3c3640 1 Processor -- start
2024-09-10T10:27:26.619 INFO:teuthology.orchestra.run.smithi092.stdout:/usr/bin/ceph: stderr
2024-09-10T10:27:25.388+0000 7ff1ae3c3640 1 -- start start
2024-09-10T10:27:26.619 INFO:teuthology.orchestra.run.smithi092.stdout:/usr/bin/ceph: stderr
2024-09-10T10:27:25.388+0000 7ff1ae3c3640 1 --2- >> [v2:172.21.15.92:3300/0,v1:172.21.15.92:6789/0] conn(0x7ff1a8107620 0x7ff1a8107a20 unknown :-1 s=NONE pgs=0 cs=0 l=0 rev1=0 crypto rx=0 tx=0 comp rx=0 tx=0).connect
2024-09-10T10:27:26.619 INFO:teuthology.orchestra.run.smithi092.stdout:/usr/bin/ceph: stderr
2024-09-10T10:27:25.388+0000 7ff1ae3c3640 1 -- --> [v2:172.21.15.92:3300/0,v1:172.21.15.92:6789/0] -- mon_getmap magic: 0 -- 0x7ff1a8107ff0 con 0x7ff1a8107620
2024-09-10T10:27:26.620 INFO:teuthology.orchestra.run.smithi092.stdout:/usr/bin/ceph: stderr
2024-09-10T10:27:25.388+0000 7ff1a7fff640 1 --2- >> [v2:172.21.15.92:3300/0,v1:172.21.15.92:6789/0] conn(0x7ff1a8107620 0x7ff1a8107a20 unknown :-1 s=BANNER_CONNECTING pgs=0 cs=0 l=0 rev1=0 crypto rx=0 tx=0 comp rx=0 tx=0)._handle_peer_banner_payload supported=3 required=0
2024-09-10T10:27:26.620 INFO:teuthology.orchestra.run.smithi092.stdout:/usr/bin/ceph: stderr
2024-09-10T10:27:25.388+0000 7ff1a7fff640 1 --2- >> [v2:172.21.15.92:3300/0,v1:172.21.15.92:6789/0] conn(0x7ff1a8107620 0x7ff1a8107a20 unknown :-1 s=HELLO_CONNECTING pgs=0 cs=0 l=0 rev1=1 crypto rx=0 tx=0 comp rx=0 tx=0).handle_hello peer v2:172.21.15.92:3300/0 says I am v2:172.21.15.92:59448/0 (socket says 172.21.15.92:59448)
2024-09-10T10:27:26.620 INFO:teuthology.orchestra.run.smithi092.stdout:/usr/bin/ceph: stderr
2024-09-10T10:27:25.388+0000 7ff1a7fff640 1 -- 172.21.15.92:0/3064730994 learned_addr learned my addr 172.21.15.92:0/3064730994 (peer_addr_for_me v2:172.21.15.92:0/0)
2024-09-10T10:27:26.620 INFO:teuthology.orchestra.run.smithi092.stdout:/usr/bin/ceph: stderr
2024-09-10T10:27:25.388+0000 7ff1a7fff640 1 -- 172.21.15.92:0/3064730994 --> [v2:172.21.15.92:3300/0,v1:172.21.15.92:6789/0] -- mon_subscribe({config=0+,monmap=0+}) -- 0x7ff1a8108820 con 0x7ff1a8107620
2024-09-10T10:27:26.620 INFO:teuthology.orchestra.run.smithi092.stdout:/usr/bin/ceph: stderr
2024-09-10T10:27:25.389+0000 7ff1a7fff640 1 --2- 172.21.15.92:0/3064730994 >> [v2:172.21.15.92:3300/0,v1:172.21.15.92:6789/0] conn(0x7ff1a8107620 0x7ff1a8107a20 secure :-1 s=READY pgs=20 cs=0 l=1 rev1=1 crypto rx=0x7ff198009820 tx=0x7ff19802a270 comp rx=0 tx=0).ready entity=mon.0 client_cookie=8e90ac60be09932c server_cookie=0 in_seq=0 out_seq=0
2024-09-10T10:27:26.620 INFO:teuthology.orchestra.run.smithi092.stdout:/usr/bin/ceph: stderr
2024-09-10T10:27:25.389+0000 7ff1a6ffd640 1 -- 172.21.15.92:0/3064730994 <== mon.0 v2:172.21.15.92:3300/0 1 ==== mon_map magic: 0 ==== 205+0+0 (secure 0 0 0) 0x7ff198037070 con 0x7ff1a8107620
2024-09-10T10:27:26.620 INFO:teuthology.orchestra.run.smithi092.stdout:/usr/bin/ceph: stderr
