2024-09-10T10:27:45.519+0000 7f1d58197640 1 --2- 172.21.15.92:0/3096329335 >> [v2:172.21.15.92:3300/0,v1:172.21.15.92:6789/0] conn(0x7f1d50107620 0x7f1d5019b690 secure :-1 s=READY pgs=50 cs=0 l=1 rev1=1 crypto rx=0x7f1d4c0097f0 tx=0x7f1d4c0327b0 comp rx=0 tx=0).stop
2024-09-10T10:27:46.741 INFO:teuthology.orchestra.run.smithi092.stdout:/usr/bin/ceph: stderr
2024-09-10T10:27:45.519+0000 7f1d58197640 1 -- 172.21.15.92:0/3096329335 shutdown_connections
2024-09-10T10:27:46.741 INFO:teuthology.orchestra.run.smithi092.stdout:/usr/bin/ceph: stderr
2024-09-10T10:27:45.519+0000 7f1d58197640 1 --2- 172.21.15.92:0/3096329335 >> [v2:172.21.15.92:6800/1855060807,v1:172.21.15.92:6801/1855060807] conn(0x7f1d3c038f70 0x7f1d3c03b430 unknown :-1 s=CLOSED pgs=14 cs=0 l=1 rev1=1 crypto rx=0 tx=0 comp rx=0 tx=0).stop
2024-09-10T10:27:46.741 INFO:teuthology.orchestra.run.smithi092.stdout:/usr/bin/ceph: stderr
2024-09-10T10:27:45.519+0000 7f1d58197640 1 --2- 172.21.15.92:0/3096329335 >> [v2:172.21.15.92:3300/0,v1:172.21.15.92:6789/0] conn(0x7f1d50107620 0x7f1d5019b690 unknown :-1 s=CLOSED pgs=50 cs=0 l=1 rev1=1 crypto rx=0 tx=0 comp rx=0 tx=0).stop
2024-09-10T10:27:46.741 INFO:teuthology.orchestra.run.smithi092.stdout:/usr/bin/ceph: stderr
2024-09-10T10:27:45.519+0000 7f1d58197640 1 -- 172.21.15.92:0/3096329335 >> 172.21.15.92:0/3096329335 conn(0x7f1d50102db0 msgr2=0x7f1d50103a10 unknown :-1 s=STATE_NONE l=0).mark_down
2024-09-10T10:27:46.741 INFO:teuthology.orchestra.run.smithi092.stdout:/usr/bin/ceph: stderr
2024-09-10T10:27:45.519+0000 7f1d58197640 1 -- 172.21.15.92:0/3096329335 shutdown_connections
2024-09-10T10:27:46.741 INFO:teuthology.orchestra.run.smithi092.stdout:/usr/bin/ceph: stderr
2024-09-10T10:27:45.520+0000 7f1d58197640 1 -- 172.21.15.92:0/3096329335 wait complete.
2024-09-10T10:27:47.336 INFO:journalctl@ceph.mon.a.smithi092.stdout:Sep 10 10:27:47 smithi092 ceph-mon[30834]: from='mgr.14118 172.21.15.92:0/1637523901' entity='mgr.x'
2024-09-10T10:27:47.977 INFO:teuthology.orchestra.run.smithi092.stdout:/usr/bin/ceph: stderr
2024-09-10T10:27:47.134+0000 7f840e72f640 1 Processor -- start
2024-09-10T10:27:47.977 INFO:teuthology.orchestra.run.smithi092.stdout:/usr/bin/ceph: stderr
2024-09-10T10:27:47.134+0000 7f840e72f640 1 -- start start
2024-09-10T10:27:47.977 INFO:teuthology.orchestra.run.smithi092.stdout:/usr/bin/ceph: stderr
2024-09-10T10:27:47.135+0000 7f840e72f640 1 --2- >> [v2:172.21.15.92:3300/0,v1:172.21.15.92:6789/0] conn(0x7f8408106510 0x7f8408106910 unknown :-1 s=NONE pgs=0 cs=0 l=0 rev1=0 crypto rx=0 tx=0 comp rx=0 tx=0).connect
2024-09-10T10:27:47.977 INFO:teuthology.orchestra.run.smithi092.stdout:/usr/bin/ceph: stderr
2024-09-10T10:27:47.135+0000 7f840e72f640 1 -- --> [v2:172.21.15.92:3300/0,v1:172.21.15.92:6789/0] -- mon_getmap magic: 0 -- 0x7f8408106ee0 con 0x7f8408106510
2024-09-10T10:27:47.977 INFO:teuthology.orchestra.run.smithi092.stdout:/usr/bin/ceph: stderr
2024-09-10T10:27:47.135+0000 7f8407fff640 1 --2- >> [v2:172.21.15.92:3300/0,v1:172.21.15.92:6789/0] conn(0x7f8408106510 0x7f8408106910 unknown :-1 s=BANNER_CONNECTING pgs=0 cs=0 l=0 rev1=0 crypto rx=0 tx=0 comp rx=0 tx=0)._handle_peer_banner_payload supported=3 required=0
2024-09-10T10:27:47.977 INFO:teuthology.orchestra.run.smithi092.stdout:/usr/bin/ceph: stderr
2024-09-10T10:27:47.135+0000 7f8407fff640 1 --2- >> [v2:172.21.15.92:3300/0,v1:172.21.15.92:6789/0] conn(0x7f8408106510 0x7f8408106910 unknown :-1 s=HELLO_CONNECTING pgs=0 cs=0 l=0 rev1=1 crypto rx=0 tx=0 comp rx=0 tx=0).handle_hello peer v2:172.21.15.92:3300/0 says I am v2:172.21.15.92:41166/0 (socket says 172.21.15.92:41166)
2024-09-10T10:27:47.978 INFO:teuthology.orchestra.run.smithi092.stdout:/usr/bin/ceph: stderr
2024-09-10T10:27:47.135+0000 7f8407fff640 1 -- 172.21.15.92:0/3415749798 learned_addr learned my addr 172.21.15.92:0/3415749798 (peer_addr_for_me v2:172.21.15.92:0/0)
2024-09-10T10:27:47.978 INFO:teuthology.orchestra.run.smithi092.stdout:/usr/bin/ceph: stderr
2024-09-10T10:27:47.135+0000 7f8407fff640 1 -- 172.21.15.92:0/3415749798 --> [v2:172.21.15.92:3300/0,v1:172.21.15.92:6789/0] -- mon_subscribe({config=0+,monmap=0+}) -- 0x7f84081076c0 con 0x7f8408106510
2024-09-10T10:27:47.978 INFO:teuthology.orchestra.run.smithi092.stdout:/usr/bin/ceph: stderr
2024-09-10T10:27:47.136+0000 7f8407fff640 1 --2- 172.21.15.92:0/3415749798 >> [v2:172.21.15.92:3300/0,v1:172.21.15.92:6789/0] conn(0x7f8408106510 0x7f8408106910 secure :-1 s=READY pgs=51 cs=0 l=1 rev1=1 crypto rx=0x7f83f8009820 tx=0x7f83f802a270 comp rx=0 tx=0).ready entity=mon.0 client_cookie=3dc1454c4054f042 server_cookie=0 in_seq=0 out_seq=0
2024-09-10T10:27:47.978 INFO:teuthology.orchestra.run.smithi092.stdout:/usr/bin/ceph: stderr
2024-09-10T10:27:47.136+0000 7f84077fe640 1 -- 172.21.15.92:0/3415749798 <== mon.0 v2:172.21.15.92:3300/0 1 ==== mon_map magic: 0 ==== 205+0+0 (secure 0 0 0) 0x7f83f8037070 con 0x7f8408106510
2024-09-10T10:27:47.978 INFO:teuthology.orchestra.run.smithi092.stdout:/usr/bin/ceph: stderr
2024-09-10T10:27:47.136+0000 7f84077fe640 1 -- 172.21.15.92:0/3415749798 <== mon.0 v2:172.21.15.92:3300/0 2 ==== config(27 keys) ==== 1140+0+0 (secure 0 0 0) 0x7f83f8032920 con 0x7f8408106510
2024-09-10T10:27:47.978 INFO:teuthology.orchestra.run.smithi092.stdout:/usr/bin/ceph: stderr
2024-09-10T10:27:47.136+0000 7f84077fe640 1 -- 172.21.15.92:0/3415749798 <== mon.0 v2:172.21.15.92:3300/0 3 ==== mon_map magic: 0 ==== 205+0+0 (secure 0 0 0) 0x7f83f8030810 con 0x7f8408106510
2024-09-10T10:27:47.978 INFO:teuthology.orchestra.run.smithi092.stdout:/usr/bin/ceph: stderr
2024-09-10T10:27:47.137+0000 7f840e72f640 1 -- 172.21.15.92:0/3415749798 >> [v2:172.21.15.92:3300/0,v1:172.21.15.92:6789/0] conn(0x7f8408106510 msgr2=0x7f8408106910 secure :-1 s=STATE_CONNECTION_ESTABLISHED l=1).mark_down
2024-09-10T10:27:47.978 INFO:teuthology.orchestra.run.smithi092.stdout:/usr/bin/ceph: stderr
2024-09-10T10:27:47.137+0000 7f840e72f640 1 --2- 172.21.15.92:0/3415749798 >> [v2:172.21.15.92:3300/0,v1:172.21.15.92:6789/0] conn(0x7f8408106510 0x7f8408106910 secure :-1 s=READY pgs=51 cs=0 l=1 rev1=1 crypto rx=0x7f83f8009820 tx=0x7f83f802a270 comp rx=0 tx=0).stop
2024-09-10T10:27:47.978 INFO:teuthology.orchestra.run.smithi092.stdout:/usr/bin/ceph: stderr
2024-09-10T10:27:47.137+0000 7f840e72f640 1 -- 172.21.15.92:0/3415749798 shutdown_connections
2024-09-10T10:27:47.978 INFO:teuthology.orchestra.run.smithi092.stdout:/usr/bin/ceph: stderr
2024-09-10T10:27:47.137+0000 7f840e72f640 1 --2- 172.21.15.92:0/3415749798 >> [v2:172.21.15.92:3300/0,v1:172.21.15.92:6789/0] conn(0x7f8408106510 0x7f8408106910 unknown :-1 s=CLOSED pgs=51 cs=0 l=1 rev1=1 crypto rx=0 tx=0 comp rx=0 tx=0).stop
2024-09-10T10:27:47.978 INFO:teuthology.orchestra.run.smithi092.stdout:/usr/bin/ceph: stderr
2024-09-10T10:27:47.137+0000 7f840e72f640 1 -- 172.21.15.92:0/3415749798 >> 172.21.15.92:0/3415749798 conn(0x7f8408101ca0 msgr2=0x7f84081040e0 unknown :-1 s=STATE_NONE l=0).mark_down
2024-09-10T10:27:47.978 INFO:teuthology.orchestra.run.smithi092.stdout:/usr/bin/ceph: stderr
2024-09-10T10:27:47.137+0000 7f840e72f640 1 -- 172.21.15.92:0/3415749798 shutdown_connections
2024-09-10T10:27:47.978 INFO:teuthology.orchestra.run.smithi092.stdout:/usr/bin/ceph: stderr
2024-09-10T10:27:47.137+0000 7f840e72f640 1 -- 172.21.15.92:0/3415749798 wait complete.
2024-09-10T10:27:47.979 INFO:teuthology.orchestra.run.smithi092.stdout:/usr/bin/ceph: stderr
2024-09-10T10:27:47.137+0000 7f840e72f640 1 Processor -- start
2024-09-10T10:27:47.979 INFO:teuthology.orchestra.run.smithi092.stdout:/usr/bin/ceph: stderr
2024-09-10T10:27:47.137+0000 7f840e72f640 1 -- start start
2024-09-10T10:27:47.979 INFO:teuthology.orchestra.run.smithi092.stdout:/usr/bin/ceph: stderr
2024-09-10T10:27:47.137+0000 7f840e72f640 1 --2- >> [v2:172.21.15.92:3300/0,v1:172.21.15.92:6789/0] conn(0x7f8408106510 0x7f840819b650 unknown :-1 s=NONE pgs=0 cs=0 l=1 rev1=0 crypto rx=0 tx=0 comp rx=0 tx=0).connect
2024-09-10T10:27:47.979 INFO:teuthology.orchestra.run.smithi092.stdout:/usr/bin/ceph: stderr
2024-09-10T10:27:47.137+0000 7f840e72f640 1 -- --> [v2:172.21.15.92:3300/0,v1:172.21.15.92:6789/0] -- mon_getmap magic: 0 -- 0x7f840810aa70 con 0x7f8408106510
2024-09-10T10:27:47.979 INFO:teuthology.orchestra.run.smithi092.stdout:/usr/bin/ceph: stderr
2024-09-10T10:27:47.137+0000 7f8407fff640 1 --2- >> [v2:172.21.15.92:3300/0,v1:172.21.15.92:6789/0] conn(0x7f8408106510 0x7f840819b650 unknown :-1 s=BANNER_CONNECTING pgs=0 cs=0 l=1 rev1=0 crypto rx=0 tx=0 comp rx=0 tx=0)._handle_peer_banner_payload supported=3 required=0
2024-09-10T10:27:47.979 INFO:teuthology.orchestra.run.smithi092.stdout:/usr/bin/ceph: stderr
2024-09-10T10:27:47.137+0000 7f8407fff640 1 --2- >> [v2:172.21.15.92:3300/0,v1:172.21.15.92:6789/0] conn(0x7f8408106510 0x7f840819b650 unknown :-1 s=HELLO_CONNECTING pgs=0 cs=0 l=1 rev1=1 crypto rx=0 tx=0 comp rx=0 tx=0).handle_hello peer v2:172.21.15.92:3300/0 says I am v2:172.21.15.92:41170/0 (socket says 172.21.15.92:41170)
2024-09-10T10:27:47.979 INFO:teuthology.orchestra.run.smithi092.stdout:/usr/bin/ceph: stderr
2024-09-10T10:27:47.137+0000 7f8407fff640 1 -- 172.21.15.92:0/1245812180 learned_addr learned my addr 172.21.15.92:0/1245812180 (peer_addr_for_me v2:172.21.15.92:0/0)
2024-09-10T10:27:47.979 INFO:teuthology.orchestra.run.smithi092.stdout:/usr/bin/ceph: stderr
2024-09-10T10:27:47.138+0000 7f8407fff640 1 -- 172.21.15.92:0/1245812180 --> [v2:172.21.15.92:3300/0,v1:172.21.15.92:6789/0] -- mon_subscribe({config=0+,monmap=0+}) -- 0x7f840819bb90 con 0x7f8408106510
2024-09-10T10:27:47.979 INFO:teuthology.orchestra.run.smithi092.stdout:/usr/bin/ceph: stderr
2024-09-10T10:27:47.138+0000 7f8407fff640 1 --2- 172.21.15.92:0/1245812180 >> [v2:172.21.15.92:3300/0,v1:172.21.15.92:6789/0] conn(0x7f8408106510 0x7f840819b650 secure :-1 s=READY pgs=52 cs=0 l=1 rev1=1 crypto rx=0x7f83f80097f0 tx=0x7f83f80327b0 comp rx=0 tx=0).ready entity=mon.0 client_cookie=0 server_cookie=0 in_seq=0 out_seq=0
2024-09-10T10:27:47.979 INFO:teuthology.orchestra.run.smithi092.stdout:/usr/bin/ceph: stderr
2024-09-10T10:27:47.138+0000 7f8405ffb640 1 -- 172.21.15.92:0/1245812180 <== mon.0 v2:172.21.15.92:3300/0 1 ==== mon_map magic: 0 ==== 205+0+0 (secure 0 0 0) 0x7f83f8037040 con 0x7f8408106510
2024-09-10T10:27:47.979 INFO:teuthology.orchestra.run.smithi092.stdout:/usr/bin/ceph: stderr
2024-09-10T10:27:47.138+0000 7f8405ffb640 1 -- 172.21.15.92:0/1245812180 <== mon.0 v2:172.21.15.92:3300/0 2 ==== config(27 keys) ==== 1140+0+0 (secure 0 0 0) 0x7f83f8030c40 con 0x7f8408106510
2024-09-10T10:27:47.979 INFO:teuthology.orchestra.run.smithi092.stdout:/usr/bin/ceph: stderr
2024-09-10T10:27:47.138+0000 7f840e72f640 1 -- 172.21.15.92:0/1245812180 --> [v2:172.21.15.92:3300/0,v1:172.21.15.92:6789/0] -- mon_subscribe({mgrmap=0+}) -- 0x7f840819be20 con 0x7f8408106510
2024-09-10T10:27:47.979 INFO:teuthology.orchestra.run.smithi092.stdout:/usr/bin/ceph: stderr
2024-09-10T10:27:47.138+0000 7f8405ffb640 1 -- 172.21.15.92:0/1245812180 <== mon.0 v2:172.21.15.92:3300/0 3 ==== mon_map magic: 0 ==== 205+0+0 (secure 0 0 0) 0x7f83f803a5b0 con 0x7f8408106510
2024-09-10T10:27:47.979 INFO:teuthology.orchestra.run.smithi092.stdout:/usr/bin/ceph: stderr
2024-09-10T10:27:47.138+0000 7f840e72f640 1 -- 172.21.15.92:0/1245812180 --> [v2:172.21.15.92:3300/0,v1:172.21.15.92:6789/0] -- mon_subscribe({osdmap=0}) -- 0x7f840819eb10 con 0x7f8408106510
2024-09-10T10:27:47.979 INFO:teuthology.orchestra.run.smithi092.stdout:/usr/bin/ceph: stderr
2024-09-10T10:27:47.139+0000 7f840e72f640 1 -- 172.21.15.92:0/1245812180 --> [v2:172.21.15.92:3300/0,v1:172.21.15.92:6789/0] -- mon_command({"prefix": "get_command_descriptions"} v 0) -- 0x7f840810abf0 con 0x7f8408106510
2024-09-10T10:27:47.980 INFO:teuthology.orchestra.run.smithi092.stdout:/usr/bin/ceph: stderr
2024-09-10T10:27:47.139+0000 7f8405ffb640 1 -- 172.21.15.92:0/1245812180 <== mon.0 v2:172.21.15.92:3300/0 4 ==== mgrmap(e 8) ==== 46287+0+0 (secure 0 0 0) 0x7f83f803a7a0 con 0x7f8408106510
2024-09-10T10:27:47.980 INFO:teuthology.orchestra.run.smithi092.stdout:/usr/bin/ceph: stderr
2024-09-10T10:27:47.139+0000 7f8405ffb640 1 --2- 172.21.15.92:0/1245812180 >> [v2:172.21.15.92:6800/1855060807,v1:172.21.15.92:6801/1855060807] conn(0x7f83f4038fc0 0x7f83f403b480 unknown :-1 s=NONE pgs=0 cs=0 l=1 rev1=0 crypto rx=0 tx=0 comp rx=0 tx=0).connect
2024-09-10T10:27:47.980 INFO:teuthology.orchestra.run.smithi092.stdout:/usr/bin/ceph: stderr
2024-09-10T10:27:47.139+0000 7f8405ffb640 1 -- 172.21.15.92:0/1245812180 <== mon.0 v2:172.21.15.92:3300/0 5 ==== osd_map(2..2 src has 1..2) ==== 940+0+0 (secure 0 0 0) 0x7f83f806c390 con 0x7f8408106510
2024-09-10T10:27:47.980 INFO:teuthology.orchestra.run.smithi092.stdout:/usr/bin/ceph: stderr
2024-09-10T10:27:47.139+0000 7f83fffff640 1 --2- 172.21.15.92:0/1245812180 >> [v2:172.21.15.92:6800/1855060807,v1:172.21.15.92:6801/1855060807] conn(0x7f83f4038fc0 0x7f83f403b480 unknown :-1 s=BANNER_CONNECTING pgs=0 cs=0 l=1 rev1=0 crypto rx=0 tx=0 comp rx=0 tx=0)._handle_peer_banner_payload supported=3 required=0
2024-09-10T10:27:47.980 INFO:teuthology.orchestra.run.smithi092.stdout:/usr/bin/ceph: stderr
2024-09-10T10:27:47.140+0000 7f83fffff640 1 --2- 172.21.15.92:0/1245812180 >> [v2:172.21.15.92:6800/1855060807,v1:172.21.15.92:6801/1855060807] conn(0x7f83f4038fc0 0x7f83f403b480 secure :-1 s=READY pgs=15 cs=0 l=1 rev1=1 crypto rx=0x7f83f00098c0 tx=0x7f83f0006db0 comp rx=0 tx=0).ready entity=mgr.14118 client_cookie=0 server_cookie=0 in_seq=0 out_seq=0
2024-09-10T10:27:47.980 INFO:teuthology.orchestra.run.smithi092.stdout:/usr/bin/ceph: stderr
2024-09-10T10:27:47.144+0000 7f8405ffb640 1 -- 172.21.15.92:0/1245812180 <== mon.0 v2:172.21.15.92:3300/0 6 ==== mon_command_ack([{"prefix": "get_command_descriptions"}]=0 v0) ==== 72+0+188821 (secure 0 0 0) 0x7f83f80371e0 con 0x7f8408106510
2024-09-10T10:27:47.980 INFO:teuthology.orchestra.run.smithi092.stdout:/usr/bin/ceph: stderr
2024-09-10T10:27:47.335+0000 7f840e72f640 1 -- 172.21.15.92:0/1245812180 --> [v2:172.21.15.92:3300/0,v1:172.21.15.92:6789/0] -- mon_command([{prefix=config set, name=mgr/dashboard/ssl_server_port}] v 0) -- 0x7f840802da20 con 0x7f8408106510
2024-09-10T10:27:47.980 INFO:teuthology.orchestra.run.smithi092.stdout:/usr/bin/ceph: stderr
2024-09-10T10:27:47.339+0000 7f8405ffb640 1 -- 172.21.15.92:0/1245812180 <== mon.0 v2:172.21.15.92:3300/0 7 ==== mon_command_ack([{prefix=config set, name=mgr/dashboard/ssl_server_port}]=0 v8)=0 v8) ==== 130+0+0 (secure 0 0 0) 0x7f83f803b3f0 con 0x7f8408106510
2024-09-10T10:27:47.980 INFO:teuthology.orchestra.run.smithi092.stdout:/usr/bin/ceph: stderr
2024-09-10T10:27:47.341+0000 7f840e72f640 1 -- 172.21.15.92:0/1245812180 >> [v2:172.21.15.92:6800/1855060807,v1:172.21.15.92:6801/1855060807] conn(0x7f83f4038fc0 msgr2=0x7f83f403b480 secure :-1 s=STATE_CONNECTION_ESTABLISHED l=1).mark_down
2024-09-10T10:27:47.980 INFO:teuthology.orchestra.run.smithi092.stdout:/usr/bin/ceph: stderr
2024-09-10T10:27:47.341+0000 7f840e72f640 1 --2- 172.21.15.92:0/1245812180 >> [v2:172.21.15.92:6800/1855060807,v1:172.21.15.92:6801/1855060807] conn(0x7f83f4038fc0 0x7f83f403b480 secure :-1 s=READY pgs=15 cs=0 l=1 rev1=1 crypto rx=0x7f83f00098c0 tx=0x7f83f0006db0 comp rx=0 tx=0).stop
2024-09-10T10:27:47.980 INFO:teuthology.orchestra.run.smithi092.stdout:/usr/bin/ceph: stderr
2024-09-10T10:27:47.341+0000 7f840e72f640 1 -- 172.21.15.92:0/1245812180 >> [v2:172.21.15.92:3300/0,v1:172.21.15.92:6789/0] conn(0x7f8408106510 msgr2=0x7f840819b650 secure :-1 s=STATE_CONNECTION_ESTABLISHED l=1).mark_down
2024-09-10T10:27:47.980 INFO:teuthology.orchestra.run.smithi092.stdout:/usr/bin/ceph: stderr
2024-09-10T10:27:47.341+0000 7f840e72f640 1 --2- 172.21.15.92:0/1245812180 >> [v2:172.21.15.92:3300/0,v1:172.21.15.92:6789/0] conn(0x7f8408106510 0x7f840819b650 secure :-1 s=READY pgs=52 cs=0 l=1 rev1=1 crypto rx=0x7f83f80097f0 tx=0x7f83f80327b0 comp rx=0 tx=0).stop
2024-09-10T10:27:47.981 INFO:teuthology.orchestra.run.smithi092.stdout:/usr/bin/ceph: stderr
2024-09-10T10:27:47.341+0000 7f840e72f640 1 -- 172.21.15.92:0/1245812180 shutdown_connections
2024-09-10T10:27:47.981 INFO:teuthology.orchestra.run.smithi092.stdout:/usr/bin/ceph: stderr
2024-09-10T10:27:47.341+0000 7f840e72f640 1 --2- 172.21.15.92:0/1245812180 >> [v2:172.21.15.92:6800/1855060807,v1:172.21.15.92:6801/1855060807] conn(0x7f83f4038fc0 0x7f83f403b480 unknown :-1 s=CLOSED pgs=15 cs=0 l=1 rev1=1 crypto rx=0 tx=0 comp rx=0 tx=0).stop
2024-09-10T10:27:47.981 INFO:teuthology.orchestra.run.smithi092.stdout:/usr/bin/ceph: stderr
2024-09-10T10:27:47.341+0000 7f840e72f640 1 --2- 172.21.15.92:0/1245812180 >> [v2:172.21.15.92:3300/0,v1:172.21.15.92:6789/0] conn(0x7f8408106510 0x7f840819b650 unknown :-1 s=CLOSED pgs=52 cs=0 l=1 rev1=1 crypto rx=0 tx=0 comp rx=0 tx=0).stop
2024-09-10T10:27:47.981 INFO:teuthology.orchestra.run.smithi092.stdout:/usr/bin/ceph: stderr
2024-09-10T10:27:47.341+0000 7f840e72f640 1 -- 172.21.15.92:0/1245812180 >> 172.21.15.92:0/1245812180 conn(0x7f8408101ca0 msgr2=0x7f8408102c20 unknown :-1 s=STATE_NONE l=0).mark_down
2024-09-10T10:27:47.981 INFO:teuthology.orchestra.run.smithi092.stdout:/usr/bin/ceph: stderr
2024-09-10T10:27:47.342+0000 7f840e72f640 1 -- 172.21.15.92:0/1245812180 shutdown_connections
2024-09-10T10:27:47.981 INFO:teuthology.orchestra.run.smithi092.stdout:/usr/bin/ceph: stderr
2024-09-10T10:27:47.342+0000 7f840e72f640 1 -- 172.21.15.92:0/1245812180 wait complete.
2024-09-10T10:27:47.981 INFO:teuthology.orchestra.run.smithi092.stdout:Enabling the dashboard module...
2024-09-10T10:27:48.290 INFO:journalctl@ceph.mon.a.smithi092.stdout:Sep 10 10:27:48 smithi092 ceph-mon[30834]: from='mgr.14118 172.21.15.92:0/1637523901' entity='mgr.x'
2024-09-10T10:27:48.290 INFO:journalctl@ceph.mon.a.smithi092.stdout:Sep 10 10:27:48 smithi092 ceph-mon[30834]: from='client.? 172.21.15.92:0/1245812180' entity='client.admin'
2024-09-10T10:27:49.546 INFO:journalctl@ceph.mon.a.smithi092.stdout:Sep 10 10:27:49 smithi092 ceph-mon[30834]: from='client.? 172.21.15.92:0/2786576202' entity='client.admin' cmd=[{"prefix": "mgr module enable", "module": "dashboard"}]: dispatch
2024-09-10T10:27:49.546 INFO:journalctl@ceph.mgr.x.smithi092.stdout:Sep 10 10:27:49 smithi092 ceph-0df4af84-6f5f-11ef-bcea-c7b262605968-mgr-x[31061]: ignoring --setuser ceph since I am not root
2024-09-10T10:27:49.546 INFO:journalctl@ceph.mgr.x.smithi092.stdout:Sep 10 10:27:49 smithi092 ceph-0df4af84-6f5f-11ef-bcea-c7b262605968-mgr-x[31061]: ignoring --setgroup ceph since I am not root
2024-09-10T10:27:49.546 INFO:journalctl@ceph.mgr.x.smithi092.stdout:Sep 10 10:27:49 smithi092 ceph-0df4af84-6f5f-11ef-bcea-c7b262605968-mgr-x[31061]:
2024-09-10T10:27:49.344+0000 7fd2a713f040 -1 mgr[py] Module osd_perf_query has missing NOTIFY_TYPES member
2024-09-10T10:27:49.546 INFO:journalctl@ceph.mgr.x.smithi092.stdout:Sep 10 10:27:49 smithi092 ceph-0df4af84-6f5f-11ef-bcea-c7b262605968-mgr-x[31061]:
2024-09-10T10:27:49.401+0000 7fd2a713f040 -1 mgr[py] Module osd_support has missing NOTIFY_TYPES member
2024-09-10T10:27:49.860 INFO:journalctl@ceph.mgr.x.smithi092.stdout:Sep 10 10:27:49 smithi092 ceph-0df4af84-6f5f-11ef-bcea-c7b262605968-mgr-x[31061]:
2024-09-10T10:27:49.551+0000 7fd2a713f040 -1 mgr[py] Module diskprediction_local has missing NOTIFY_TYPES member
2024-09-10T10:27:49.860 INFO:journalctl@ceph.mgr.x.smithi092.stdout:Sep 10 10:27:49 smithi092 ceph-0df4af84-6f5f-11ef-bcea-c7b262605968-mgr-x[31061]:
2024-09-10T10:27:49.619+0000 7fd2a713f040 -1 mgr[py] Module crash has missing NOTIFY_TYPES member
2024-09-10T10:27:49.860 INFO:journalctl@ceph.mgr.x.smithi092.stdout:Sep 10 10:27:49 smithi092 ceph-0df4af84-6f5f-11ef-bcea-c7b262605968-mgr-x[31061]:
2024-09-10T10:27:49.765+0000 7fd2a713f040 -1 mgr[py] Module test_orchestrator has missing NOTIFY_TYPES member
2024-09-10T10:27:50.174 INFO:journalctl@ceph.mgr.x.smithi092.stdout:Sep 10 10:27:49 smithi092 ceph-0df4af84-6f5f-11ef-bcea-c7b262605968-mgr-x[31061]:
2024-09-10T10:27:49.908+0000 7fd2a713f040 -1 mgr[py] Module snap_schedule has missing NOTIFY_TYPES member
2024-09-10T10:27:50.181 INFO:teuthology.orchestra.run.smithi092.stdout:/usr/bin/ceph: stderr
2024-09-10T10:27:48.368+0000 7fb2b2a19640 1 Processor -- start
2024-09-10T10:27:50.181 INFO:teuthology.orchestra.run.smithi092.stdout:/usr/bin/ceph: stderr
2024-09-10T10:27:48.369+0000 7fb2b2a19640 1 -- start start
2024-09-10T10:27:50.181 INFO:teuthology.orchestra.run.smithi092.stdout:/usr/bin/ceph: stderr
2024-09-10T10:27:48.369+0000 7fb2b2a19640 1 --2- >> [v2:172.21.15.92:3300/0,v1:172.21.15.92:6789/0] conn(0x7fb2ac108040 0x7fb2ac10a430 unknown :-1 s=NONE pgs=0 cs=0 l=0 rev1=0 crypto rx=0 tx=0 comp rx=0 tx=0).connect
2024-09-10T10:27:50.181 INFO:teuthology.orchestra.run.smithi092.stdout:/usr/bin/ceph: stderr
2024-09-10T10:27:48.369+0000 7fb2b2a19640 1 -- --> [v2:172.21.15.92:3300/0,v1:172.21.15.92:6789/0] -- mon_getmap magic: 0 -- 0x7fb2ac07be80 con 0x7fb2ac108040
2024-09-10T10:27:50.181 INFO:teuthology.orchestra.run.smithi092.stdout:/usr/bin/ceph: stderr
2024-09-10T10:27:48.369+0000 7fb2abfff640 1 --2- >> [v2:172.21.15.92:3300/0,v1:172.21.15.92:6789/0] conn(0x7fb2ac108040 0x7fb2ac10a430 unknown :-1 s=BANNER_CONNECTING pgs=0 cs=0 l=0 rev1=0 crypto rx=0 tx=0 comp rx=0 tx=0)._handle_peer_banner_payload supported=3 required=0
2024-09-10T10:27:50.181 INFO:teuthology.orchestra.run.smithi092.stdout:/usr/bin/ceph: stderr
2024-09-10T10:27:48.369+0000 7fb2abfff640 1 --2- >> [v2:172.21.15.92:3300/0,v1:172.21.15.92:6789/0] conn(0x7fb2ac108040 0x7fb2ac10a430 unknown :-1 s=HELLO_CONNECTING pgs=0 cs=0 l=0 rev1=1 crypto rx=0 tx=0 comp rx=0 tx=0).handle_hello peer v2:172.21.15.92:3300/0 says I am v2:172.21.15.92:41172/0 (socket says 172.21.15.92:41172)
2024-09-10T10:27:50.182 INFO:teuthology.orchestra.run.smithi092.stdout:/usr/bin/ceph: stderr
2024-09-10T10:27:48.369+0000 7fb2abfff640 1 -- 172.21.15.92:0/61452779 learned_addr learned my addr 172.21.15.92:0/61452779 (peer_addr_for_me v2:172.21.15.92:0/0)
2024-09-10T10:27:50.182 INFO:teuthology.orchestra.run.smithi092.stdout:/usr/bin/ceph: stderr
2024-09-10T10:27:48.369+0000 7fb2abfff640 1 -- 172.21.15.92:0/61452779 --> [v2:172.21.15.92:3300/0,v1:172.21.15.92:6789/0] -- mon_subscribe({config=0+,monmap=0+}) -- 0x7fb2ac10a970 con 0x7fb2ac108040
2024-09-10T10:27:50.182 INFO:teuthology.orchestra.run.smithi092.stdout:/usr/bin/ceph: stderr
2024-09-10T10:27:48.370+0000 7fb2abfff640 1 --2- 172.21.15.92:0/61452779 >> [v2:172.21.15.92:3300/0,v1:172.21.15.92:6789/0] conn(0x7fb2ac108040 0x7fb2ac10a430 secure :-1 s=READY pgs=53 cs=0 l=1 rev1=1 crypto rx=0x7fb29c009820 tx=0x7fb29c02a270 comp rx=0 tx=0).ready entity=mon.0 client_cookie=2ac10f79a6ba54c6 server_cookie=0 in_seq=0 out_seq=0
2024-09-10T10:27:50.182 INFO:teuthology.orchestra.run.smithi092.stdout:/usr/bin/ceph: stderr
2024-09-10T10:27:48.370+0000 7fb2ab7fe640 1 -- 172.21.15.92:0/61452779 <== mon.0 v2:172.21.15.92:3300/0 1 ==== mon_map magic: 0 ==== 205+0+0 (secure 0 0 0) 0x7fb29c037070 con 0x7fb2ac108040
2024-09-10T10:27:50.182 INFO:teuthology.orchestra.run.smithi092.stdout:/usr/bin/ceph: stderr
2024-09-10T10:27:48.370+0000 7fb2ab7fe640 1 -- 172.21.15.92:0/61452779 <== mon.0 v2:172.21.15.92:3300/0 2 ==== config(27 keys) ==== 1140+0+0 (secure 0 0 0) 0x7fb29c032920 con 0x7fb2ac108040
2024-09-10T10:27:50.182 INFO:teuthology.orchestra.run.smithi092.stdout:/usr/bin/ceph: stderr
2024-09-10T10:27:48.370+0000 7fb2ab7fe640 1 -- 172.21.15.92:0/61452779 <== mon.0 v2:172.21.15.92:3300/0 3 ==== mon_map magic: 0 ==== 205+0+0 (secure 0 0 0) 0x7fb29c030810 con 0x7fb2ac108040
2024-09-10T10:27:50.182 INFO:teuthology.orchestra.run.smithi092.stdout:/usr/bin/ceph: stderr
2024-09-10T10:27:48.371+0000 7fb2b2a19640 1 -- 172.21.15.92:0/61452779 >> [v2:172.21.15.92:3300/0,v1:172.21.15.92:6789/0] conn(0x7fb2ac108040 msgr2=0x7fb2ac10a430 secure :-1 s=STATE_CONNECTION_ESTABLISHED l=1).mark_down
2024-09-10T10:27:50.182 INFO:teuthology.orchestra.run.smithi092.stdout:/usr/bin/ceph: stderr
2024-09-10T10:27:48.371+0000 7fb2b2a19640 1 --2- 172.21.15.92:0/61452779 >> [v2:172.21.15.92:3300/0,v1:172.21.15.92:6789/0] conn(0x7fb2ac108040 0x7fb2ac10a430 secure :-1 s=READY pgs=53 cs=0 l=1 rev1=1 crypto rx=0x7fb29c009820 tx=0x7fb29c02a270 comp rx=0 tx=0).stop
2024-09-10T10:27:50.182 INFO:teuthology.orchestra.run.smithi092.stdout:/usr/bin/ceph: stderr
2024-09-10T10:27:48.371+0000 7fb2b2a19640 1 -- 172.21.15.92:0/61452779 shutdown_connections
2024-09-10T10:27:50.182 INFO:teuthology.orchestra.run.smithi092.stdout:/usr/bin/ceph: stderr
2024-09-10T10:27:48.371+0000 7fb2b2a19640 1 --2- 172.21.15.92:0/61452779 >> [v2:172.21.15.92:3300/0,v1:172.21.15.92:6789/0] conn(0x7fb2ac108040 0x7fb2ac10a430 unknown :-1 s=CLOSED pgs=53 cs=0 l=1 rev1=1 crypto rx=0 tx=0 comp rx=0 tx=0).stop
2024-09-10T10:27:50.182 INFO:teuthology.orchestra.run.smithi092.stdout:/usr/bin/ceph: stderr
2024-09-10T10:27:48.371+0000 7fb2b2a19640 1 -- 172.21.15.92:0/61452779 >> 172.21.15.92:0/61452779 conn(0x7fb2ac101d00 msgr2=0x7fb2ac104120 unknown :-1 s=STATE_NONE l=0).mark_down
2024-09-10T10:27:50.182 INFO:teuthology.orchestra.run.smithi092.stdout:/usr/bin/ceph: stderr
2024-09-10T10:27:48.371+0000 7fb2b2a19640 1 -- 172.21.15.92:0/61452779 shutdown_connections
2024-09-10T10:27:50.182 INFO:teuthology.orchestra.run.smithi092.stdout:/usr/bin/ceph: stderr
2024-09-10T10:27:48.371+0000 7fb2b2a19640 1 -- 172.21.15.92:0/61452779 wait complete.
2024-09-10T10:27:50.183 INFO:teuthology.orchestra.run.smithi092.stdout:/usr/bin/ceph: stderr
2024-09-10T10:27:48.372+0000 7fb2b2a19640 1 Processor -- start
2024-09-10T10:27:50.183 INFO:teuthology.orchestra.run.smithi092.stdout:/usr/bin/ceph: stderr
2024-09-10T10:27:48.372+0000 7fb2b2a19640 1 -- start start
2024-09-10T10:27:50.183 INFO:teuthology.orchestra.run.smithi092.stdout:/usr/bin/ceph: stderr
2024-09-10T10:27:48.372+0000 7fb2b2a19640 1 --2- >> [v2:172.21.15.92:3300/0,v1:172.21.15.92:6789/0] conn(0x7fb2ac108040 0x7fb2ac19b5f0 unknown :-1 s=NONE pgs=0 cs=0 l=1 rev1=0 crypto rx=0 tx=0 comp rx=0 tx=0).connect
2024-09-10T10:27:50.183 INFO:teuthology.orchestra.run.smithi092.stdout:/usr/bin/ceph: stderr
2024-09-10T10:27:48.372+0000 7fb2b2a19640 1 -- --> [v2:172.21.15.92:3300/0,v1:172.21.15.92:6789/0] -- mon_getmap magic: 0 -- 0x7fb2ac10ba50 con 0x7fb2ac108040
2024-09-10T10:27:50.183 INFO:teuthology.orchestra.run.smithi092.stdout:/usr/bin/ceph: stderr
2024-09-10T10:27:48.372+0000 7fb2abfff640 1 --2- >> [v2:172.21.15.92:3300/0,v1:172.21.15.92:6789/0] conn(0x7fb2ac108040 0x7fb2ac19b5f0 unknown :-1 s=BANNER_CONNECTING pgs=0 cs=0 l=1 rev1=0 crypto rx=0 tx=0 comp rx=0 tx=0)._handle_peer_banner_payload supported=3 required=0
2024-09-10T10:27:50.183 INFO:teuthology.orchestra.run.smithi092.stdout:/usr/bin/ceph: stderr
2024-09-10T10:27:48.372+0000 7fb2abfff640 1 --2- >> [v2:172.21.15.92:3300/0,v1:172.21.15.92:6789/0] conn(0x7fb2ac108040 0x7fb2ac19b5f0 unknown :-1 s=HELLO_CONNECTING pgs=0 cs=0 l=1 rev1=1 crypto rx=0 tx=0 comp rx=0 tx=0).handle_hello peer v2:172.21.15.92:3300/0 says I am v2:172.21.15.92:41188/0 (socket says 172.21.15.92:41188)
2024-09-10T10:27:50.183 INFO:teuthology.orchestra.run.smithi092.stdout:/usr/bin/ceph: stderr
2024-09-10T10:27:48.372+0000 7fb2abfff640 1 -- 172.21.15.92:0/2786576202 learned_addr learned my addr 172.21.15.92:0/2786576202 (peer_addr_for_me v2:172.21.15.92:0/0)
2024-09-10T10:27:50.183 INFO:teuthology.orchestra.run.smithi092.stdout:/usr/bin/ceph: stderr
2024-09-10T10:27:48.372+0000 7fb2abfff640 1 -- 172.21.15.92:0/2786576202 --> [v2:172.21.15.92:3300/0,v1:172.21.15.92:6789/0] -- mon_subscribe({config=0+,monmap=0+}) -- 0x7fb2ac19bb30 con 0x7fb2ac108040
2024-09-10T10:27:50.183 INFO:teuthology.orchestra.run.smithi092.stdout:/usr/bin/ceph: stderr
2024-09-10T10:27:48.372+0000 7fb2abfff640 1 --2- 172.21.15.92:0/2786576202 >> [v2:172.21.15.92:3300/0,v1:172.21.15.92:6789/0] conn(0x7fb2ac108040 0x7fb2ac19b5f0 secure :-1 s=READY pgs=54 cs=0 l=1 rev1=1 crypto rx=0x7fb29c0097f0 tx=0x7fb29c0327b0 comp rx=0 tx=0).ready entity=mon.0 client_cookie=0 server_cookie=0 in_seq=0 out_seq=0
2024-09-10T10:27:50.183 INFO:teuthology.orchestra.run.smithi092.stdout:/usr/bin/ceph: stderr
2024-09-10T10:27:48.373+0000 7fb2a9ffb640 1 -- 172.21.15.92:0/2786576202 <== mon.0 v2:172.21.15.92:3300/0 1 ==== mon_map magic: 0 ==== 205+0+0 (secure 0 0 0) 0x7fb29c037040 con 0x7fb2ac108040
2024-09-10T10:27:50.183 INFO:teuthology.orchestra.run.smithi092.stdout:/usr/bin/ceph: stderr
2024-09-10T10:27:48.373+0000 7fb2a9ffb640 1 -- 172.21.15.92:0/2786576202 <== mon.0 v2:172.21.15.92:3300/0 2 ==== config(27 keys) ==== 1140+0+0 (secure 0 0 0) 0x7fb29c030cc0 con 0x7fb2ac108040
2024-09-10T10:27:50.183 INFO:teuthology.orchestra.run.smithi092.stdout:/usr/bin/ceph: stderr
2024-09-10T10:27:48.373+0000 7fb2a9ffb640 1 -- 172.21.15.92:0/2786576202 <== mon.0 v2:172.21.15.92:3300/0 3 ==== mon_map magic: 0 ==== 205+0+0 (secure 0 0 0) 0x7fb29c03a6b0 con 0x7fb2ac108040
2024-09-10T10:27:50.183 INFO:teuthology.orchestra.run.smithi092.stdout:/usr/bin/ceph: stderr
2024-09-10T10:27:48.373+0000 7fb2b2a19640 1 -- 172.21.15.92:0/2786576202 --> [v2:172.21.15.92:3300/0,v1:172.21.15.92:6789/0] -- mon_subscribe({mgrmap=0+}) -- 0x7fb2ac19bdc0 con 0x7fb2ac108040
2024-09-10T10:27:50.184 INFO:teuthology.orchestra.run.smithi092.stdout:/usr/bin/ceph: stderr
2024-09-10T10:27:48.373+0000 7fb2b2a19640 1 -- 172.21.15.92:0/2786576202 --> [v2:172.21.15.92:3300/0,v1:172.21.15.92:6789/0] -- mon_subscribe({osdmap=0}) -- 0x7fb2ac19eab0 con 0x7fb2ac108040
2024-09-10T10:27:50.184 INFO:teuthology.orchestra.run.smithi092.stdout:/usr/bin/ceph: stderr
2024-09-10T10:27:48.373+0000 7fb2a9ffb640 1 -- 172.21.15.92:0/2786576202 <== mon.0 v2:172.21.15.92:3300/0 4 ==== mgrmap(e 8) ==== 46287+0+0 (secure 0 0 0) 0x7fb29c03a850 con 0x7fb2ac108040
2024-09-10T10:27:50.184 INFO:teuthology.orchestra.run.smithi092.stdout:/usr/bin/ceph: stderr
2024-09-10T10:27:48.374+0000 7fb2a9ffb640 1 --2- 172.21.15.92:0/2786576202 >> [v2:172.21.15.92:6800/1855060807,v1:172.21.15.92:6801/1855060807] conn(0x7fb298038fc0 0x7fb29803b480 unknown :-1 s=NONE pgs=0 cs=0 l=1 rev1=0 crypto rx=0 tx=0 comp rx=0 tx=0).connect
2024-09-10T10:27:50.184 INFO:teuthology.orchestra.run.smithi092.stdout:/usr/bin/ceph: stderr
2024-09-10T10:27:48.374+0000 7fb2a9ffb640 1 -- 172.21.15.92:0/2786576202 <== mon.0 v2:172.21.15.92:3300/0 5 ==== osd_map(2..2 src has 1..2) ==== 940+0+0 (secure 0 0 0) 0x7fb29c06c4c0 con 0x7fb2ac108040
2024-09-10T10:27:50.184 INFO:teuthology.orchestra.run.smithi092.stdout:/usr/bin/ceph: stderr
2024-09-10T10:27:48.374+0000 7fb2b2a19640 1 -- 172.21.15.92:0/2786576202 --> [v2:172.21.15.92:3300/0,v1:172.21.15.92:6789/0] -- mon_command({"prefix": "get_command_descriptions"} v 0) -- 0x7fb2ac1084a0 con 0x7fb2ac108040
2024-09-10T10:27:50.184 INFO:teuthology.orchestra.run.smithi092.stdout:/usr/bin/ceph: stderr
2024-09-10T10:27:48.374+0000 7fb2a3fff640 1 --2- 172.21.15.92:0/2786576202 >> [v2:172.21.15.92:6800/1855060807,v1:172.21.15.92:6801/1855060807] conn(0x7fb298038fc0 0x7fb29803b480 unknown :-1 s=BANNER_CONNECTING pgs=0 cs=0 l=1 rev1=0 crypto rx=0 tx=0 comp rx=0 tx=0)._handle_peer_banner_payload supported=3 required=0
2024-09-10T10:27:50.184 INFO:teuthology.orchestra.run.smithi092.stdout:/usr/bin/ceph: stderr
2024-09-10T10:27:48.374+0000 7fb2a3fff640 1 --2- 172.21.15.92:0/2786576202 >> [v2:172.21.15.92:6800/1855060807,v1:172.21.15.92:6801/1855060807] conn(0x7fb298038fc0 0x7fb29803b480 secure :-1 s=READY pgs=16 cs=0 l=1 rev1=1 crypto rx=0x7fb2940098c0 tx=0x7fb294006db0 comp rx=0 tx=0).ready entity=mgr.14118 client_cookie=0 server_cookie=0 in_seq=0 out_seq=0
2024-09-10T10:27:50.184 INFO:teuthology.orchestra.run.smithi092.stdout:/usr/bin/ceph: stderr
2024-09-10T10:27:48.379+0000 7fb2a9ffb640 1 -- 172.21.15.92:0/2786576202 <== mon.0 v2:172.21.15.92:3300/0 6 ==== mon_command_ack([{"prefix": "get_command_descriptions"}]=0 v0) ==== 72+0+188821 (secure 0 0 0) 0x7fb29c02fd60 con 0x7fb2ac108040
2024-09-10T10:27:50.184 INFO:teuthology.orchestra.run.smithi092.stdout:/usr/bin/ceph: stderr
2024-09-10T10:27:48.616+0000 7fb2b2a19640 1 -- 172.21.15.92:0/2786576202 --> [v2:172.21.15.92:3300/0,v1:172.21.15.92:6789/0] -- mon_command({"prefix": "mgr module enable", "module": "dashboard"} v 0) -- 0x7fb2ac19ef70 con 0x7fb2ac108040
2024-09-10T10:27:50.184 INFO:teuthology.orchestra.run.smithi092.stdout:/usr/bin/ceph: stderr
2024-09-10T10:27:49.195+0000 7fb2a9ffb640 1 -- 172.21.15.92:0/2786576202 <== mon.0 v2:172.21.15.92:3300/0 7 ==== mon_command_ack([{"prefix": "mgr module enable", "module": "dashboard"}]=0 v9) ==== 88+0+0 (secure 0 0 0) 0x7fb29c044920 con 0x7fb2ac108040
2024-09-10T10:27:50.184 INFO:teuthology.orchestra.run.smithi092.stdout:/usr/bin/ceph: stderr
2024-09-10T10:27:49.197+0000 7fb2a9ffb640 1 -- 172.21.15.92:0/2786576202 <== mon.0 v2:172.21.15.92:3300/0 8 ==== mgrmap(e 9) ==== 46300+0+0 (secure 0 0 0) 0x7fb29c044400 con 0x7fb2ac108040
2024-09-10T10:27:50.184 INFO:teuthology.orchestra.run.smithi092.stdout:/usr/bin/ceph: stderr
2024-09-10T10:27:49.198+0000 7fb2b2a19640 1 -- 172.21.15.92:0/2786576202 >> [v2:172.21.15.92:6800/1855060807,v1:172.21.15.92:6801/1855060807] conn(0x7fb298038fc0 msgr2=0x7fb29803b480 secure :-1 s=STATE_CONNECTION_ESTABLISHED l=1).mark_down
2024-09-10T10:27:50.185 INFO:teuthology.orchestra.run.smithi092.stdout:/usr/bin/ceph: stderr
2024-09-10T10:27:49.198+0000 7fb2b2a19640 1 --2- 172.21.15.92:0/2786576202 >> [v2:172.21.15.92:6800/1855060807,v1:172.21.15.92:6801/1855060807] conn(0x7fb298038fc0 0x7fb29803b480 secure :-1 s=READY pgs=16 cs=0 l=1 rev1=1 crypto rx=0x7fb2940098c0 tx=0x7fb294006db0 comp rx=0 tx=0).stop
2024-09-10T10:27:50.185 INFO:teuthology.orchestra.run.smithi092.stdout:/usr/bin/ceph: stderr
2024-09-10T10:27:49.198+0000 7fb2b2a19640 1 -- 172.21.15.92:0/2786576202 >> [v2:172.21.15.92:3300/0,v1:172.21.15.92:6789/0] conn(0x7fb2ac108040 msgr2=0x7fb2ac19b5f0 secure :-1 s=STATE_CONNECTION_ESTABLISHED l=1).mark_down
2024-09-10T10:27:50.185 INFO:teuthology.orchestra.run.smithi092.stdout:/usr/bin/ceph: stderr
2024-09-10T10:27:49.198+0000 7fb2b2a19640 1 --2- 172.21.15.92:0/2786576202 >> [v2:172.21.15.92:3300/0,v1:172.21.15.92:6789/0] conn(0x7fb2ac108040 0x7fb2ac19b5f0 secure :-1 s=READY pgs=54 cs=0 l=1 rev1=1 crypto rx=0x7fb29c0097f0 tx=0x7fb29c0327b0 comp rx=0 tx=0).stop
2024-09-10T10:27:50.185 INFO:teuthology.orchestra.run.smithi092.stdout:/usr/bin/ceph: stderr
2024-09-10T10:27:49.198+0000 7fb2b2a19640 1 -- 172.21.15.92:0/2786576202 shutdown_connections
2024-09-10T10:27:50.185 INFO:teuthology.orchestra.run.smithi092.stdout:/usr/bin/ceph: stderr
2024-09-10T10:27:49.198+0000 7fb2b2a19640 1 --2- 172.21.15.92:0/2786576202 >> [v2:172.21.15.92:6800/1855060807,v1:172.21.15.92:6801/1855060807] conn(0x7fb298038fc0 0x7fb29803b480 unknown :-1 s=CLOSED pgs=16 cs=0 l=1 rev1=1 crypto rx=0 tx=0 comp rx=0 tx=0).stop
2024-09-10T10:27:50.185 INFO:teuthology.orchestra.run.smithi092.stdout:/usr/bin/ceph: stderr
2024-09-10T10:27:49.198+0000 7fb2b2a19640 1 --2- 172.21.15.92:0/2786576202 >> [v2:172.21.15.92:3300/0,v1:172.21.15.92:6789/0] conn(0x7fb2ac108040 0x7fb2ac19b5f0 unknown :-1 s=CLOSED pgs=54 cs=0 l=1 rev1=1 crypto rx=0 tx=0 comp rx=0 tx=0).stop
2024-09-10T10:27:50.185 INFO:teuthology.orchestra.run.smithi092.stdout:/usr/bin/ceph: stderr
2024-09-10T10:27:49.198+0000 7fb2b2a19640 1 -- 172.21.15.92:0/2786576202 >> 172.21.15.92:0/2786576202 conn(0x7fb2ac101d00 msgr2=0x7fb2ac1028e0 unknown :-1 s=STATE_NONE l=0).mark_down
2024-09-10T10:27:50.185 INFO:teuthology.orchestra.run.smithi092.stdout:/usr/bin/ceph: stderr
2024-09-10T10:27:49.198+0000 7fb2b2a19640 1 -- 172.21.15.92:0/2786576202 shutdown_connections
2024-09-10T10:27:50.185 INFO:teuthology.orchestra.run.smithi092.stdout:/usr/bin/ceph: stderr
2024-09-10T10:27:49.198+0000 7fb2b2a19640 1 -- 172.21.15.92:0/2786576202 wait complete.
2024-09-10T10:27:50.425 INFO:journalctl@ceph.mon.a.smithi092.stdout:Sep 10 10:27:50 smithi092 ceph-mon[30834]: from='client.? 172.21.15.92:0/2786576202' entity='client.admin' cmd='[{"prefix": "mgr module enable", "module": "dashboard"}]': finished
2024-09-10T10:27:50.426 INFO:journalctl@ceph.mon.a.smithi092.stdout:Sep 10 10:27:50 smithi092 ceph-mon[30834]: mgrmap e9: x(active, since 18s)
2024-09-10T10:27:50.426 INFO:journalctl@ceph.mgr.x.smithi092.stdout:Sep 10 10:27:50 smithi092 ceph-0df4af84-6f5f-11ef-bcea-c7b262605968-mgr-x[31061]:
2024-09-10T10:27:50.225+0000 7fd2a713f040 -1 mgr[py] Module prometheus has missing NOTIFY_TYPES member
2024-09-10T10:27:50.426 INFO:journalctl@ceph.mgr.x.smithi092.stdout:Sep 10 10:27:50 smithi092 ceph-0df4af84-6f5f-11ef-bcea-c7b262605968-mgr-x[31061]:
2024-09-10T10:27:50.285+0000 7fd2a713f040 -1 mgr[py] Module selftest has missing NOTIFY_TYPES member
2024-09-10T10:27:50.804 INFO:journalctl@ceph.mgr.x.smithi092.stdout:Sep 10 10:27:50 smithi092 ceph-0df4af84-6f5f-11ef-bcea-c7b262605968-mgr-x[31061]:
2024-09-10T10:27:50.475+0000 7fd2a713f040 -1 mgr[py] Module volumes has missing NOTIFY_TYPES member
2024-09-10T10:27:51.360 INFO:journalctl@ceph.mon.a.smithi092.stdout:Sep 10 10:27:51 smithi092 ceph-mon[30834]: from='client.? 172.21.15.92:0/3027334402' entity='client.admin' cmd=[{"prefix": "mgr stat"}]: dispatch
2024-09-10T10:27:51.397 INFO:teuthology.orchestra.run.smithi092.stdout:/usr/bin/ceph: stdout {
2024-09-10T10:27:51.397 INFO:teuthology.orchestra.run.smithi092.stdout:/usr/bin/ceph: stdout "epoch": 9,
2024-09-10T10:27:51.397 INFO:teuthology.orchestra.run.smithi092.stdout:/usr/bin/ceph: stdout "available": true,
2024-09-10T10:27:51.397 INFO:teuthology.orchestra.run.smithi092.stdout:/usr/bin/ceph: stdout "active_name": "x",
2024-09-10T10:27:51.397 INFO:teuthology.orchestra.run.smithi092.stdout:/usr/bin/ceph: stdout "num_standby": 0
2024-09-10T10:27:51.397 INFO:teuthology.orchestra.run.smithi092.stdout:/usr/bin/ceph: stdout }
2024-09-10T10:27:51.398 INFO:teuthology.orchestra.run.smithi092.stdout:/usr/bin/ceph: stderr
2024-09-10T10:27:50.596+0000 7f5e4738d640 1 Processor -- start
2024-09-10T10:27:51.398 INFO:teuthology.orchestra.run.smithi092.stdout:/usr/bin/ceph: stderr
2024-09-10T10:27:50.596+0000 7f5e4738d640 1 -- start start
2024-09-10T10:27:51.398 INFO:teuthology.orchestra.run.smithi092.stdout:/usr/bin/ceph: stderr
2024-09-10T10:27:50.596+0000 7f5e4738d640 1 --2- >> [v2:172.21.15.92:3300/0,v1:172.21.15.92:6789/0] conn(0x7f5e40107630 0x7f5e40107a30 unknown :-1 s=NONE pgs=0 cs=0 l=0 rev1=0 crypto rx=0 tx=0 comp rx=0 tx=0).connect
2024-09-10T10:27:51.398 INFO:teuthology.orchestra.run.smithi092.stdout:/usr/bin/ceph: stderr
2024-09-10T10:27:50.596+0000 7f5e4738d640 1 -- --> [v2:172.21.15.92:3300/0,v1:172.21.15.92:6789/0] -- mon_getmap magic: 0 -- 0x7f5e40108000 con 0x7f5e40107630
2024-09-10T10:27:51.398 INFO:teuthology.orchestra.run.smithi092.stdout:/usr/bin/ceph: stderr
2024-09-10T10:27:50.596+0000 7f5e45129640 1 --2- >> [v2:172.21.15.92:3300/0,v1:172.21.15.92:6789/0] conn(0x7f5e40107630 0x7f5e40107a30 unknown :-1 s=BANNER_CONNECTING pgs=0 cs=0 l=0 rev1=0 crypto rx=0 tx=0 comp rx=0 tx=0)._handle_peer_banner_payload supported=3 required=0
2024-09-10T10:27:51.398 INFO:teuthology.orchestra.run.smithi092.stdout:/usr/bin/ceph: stderr
2024-09-10T10:27:50.596+0000 7f5e45129640 1 --2- >> [v2:172.21.15.92:3300/0,v1:172.21.15.92:6789/0] conn(0x7f5e40107630 0x7f5e40107a30 unknown :-1 s=HELLO_CONNECTING pgs=0 cs=0 l=0 rev1=1 crypto rx=0 tx=0 comp rx=0 tx=0).handle_hello peer v2:172.21.15.92:3300/0 says I am v2:172.21.15.92:41200/0 (socket says 172.21.15.92:41200)
2024-09-10T10:27:51.398 INFO:teuthology.orchestra.run.smithi092.stdout:/usr/bin/ceph: stderr
2024-09-10T10:27:50.596+0000 7f5e45129640 1 -- 172.21.15.92:0/1603611501 learned_addr learned my addr 172.21.15.92:0/1603611501 (peer_addr_for_me v2:172.21.15.92:0/0)
2024-09-10T10:27:51.398 INFO:teuthology.orchestra.run.smithi092.stdout:/usr/bin/ceph: stderr
2024-09-10T10:27:50.597+0000 7f5e45129640 1 -- 172.21.15.92:0/1603611501 --> [v2:172.21.15.92:3300/0,v1:172.21.15.92:6789/0] -- mon_subscribe({config=0+,monmap=0+}) -- 0x7f5e401087e0 con 0x7f5e40107630
2024-09-10T10:27:51.398 INFO:teuthology.orchestra.run.smithi092.stdout:/usr/bin/ceph: stderr
2024-09-10T10:27:50.597+0000 7f5e45129640 1 --2- 172.21.15.92:0/1603611501 >> [v2:172.21.15.92:3300/0,v1:172.21.15.92:6789/0] conn(0x7f5e40107630 0x7f5e40107a30 secure :-1 s=READY pgs=57 cs=0 l=1 rev1=1 crypto rx=0x7f5e3c009820 tx=0x7f5e3c02a270 comp rx=0 tx=0).ready entity=mon.0 client_cookie=ccfd766274dc02bb server_cookie=0 in_seq=0 out_seq=0
2024-09-10T10:27:51.398 INFO:teuthology.orchestra.run.smithi092.stdout:/usr/bin/ceph: stderr
2024-09-10T10:27:50.598+0000 7f5e37fff640 1 -- 172.21.15.92:0/1603611501 <== mon.0 v2:172.21.15.92:3300/0 1 ==== mon_map magic: 0 ==== 205+0+0 (secure 0 0 0) 0x7f5e3c037070 con 0x7f5e40107630
2024-09-10T10:27:51.398 INFO:teuthology.orchestra.run.smithi092.stdout:/usr/bin/ceph: stderr
2024-09-10T10:27:50.598+0000 7f5e37fff640 1 -- 172.21.15.92:0/1603611501 <== mon.0 v2:172.21.15.92:3300/0 2 ==== config(27 keys) ==== 1140+0+0 (secure 0 0 0) 0x7f5e3c032920 con 0x7f5e40107630
2024-09-10T10:27:51.398 INFO:teuthology.orchestra.run.smithi092.stdout:/usr/bin/ceph: stderr
2024-09-10T10:27:50.598+0000 7f5e37fff640 1 -- 172.21.15.92:0/1603611501 <== mon.0 v2:172.21.15.92:3300/0 3 ==== mon_map magic: 0 ==== 205+0+0 (secure 0 0 0) 0x7f5e3c030810 con 0x7f5e40107630
2024-09-10T10:27:51.398 INFO:teuthology.orchestra.run.smithi092.stdout:/usr/bin/ceph: stderr
2024-09-10T10:27:50.598+0000 7f5e4738d640 1 -- 172.21.15.92:0/1603611501 >> [v2:172.21.15.92:3300/0,v1:172.21.15.92:6789/0] conn(0x7f5e40107630 msgr2=0x7f5e40107a30 secure :-1 s=STATE_CONNECTION_ESTABLISHED l=1).mark_down
2024-09-10T10:27:51.399 INFO:teuthology.orchestra.run.smithi092.stdout:/usr/bin/ceph: stderr
2024-09-10T10:27:50.598+0000 7f5e4738d640 1 --2- 172.21.15.92:0/1603611501 >> [v2:172.21.15.92:3300/0,v1:172.21.15.92:6789/0] conn(0x7f5e40107630 0x7f5e40107a30 secure :-1 s=READY pgs=57 cs=0 l=1 rev1=1 crypto rx=0x7f5e3c009820 tx=0x7f5e3c02a270 comp rx=0 tx=0).stop
2024-09-10T10:27:51.399 INFO:teuthology.orchestra.run.smithi092.stdout:/usr/bin/ceph: stderr
2024-09-10T10:27:50.598+0000 7f5e4738d640 1 -- 172.21.15.92:0/1603611501 shutdown_connections
2024-09-10T10:27:51.399 INFO:teuthology.orchestra.run.smithi092.stdout:/usr/bin/ceph: stderr
2024-09-10T10:27:50.598+0000 7f5e4738d640 1 --2- 172.21.15.92:0/1603611501 >> [v2:172.21.15.92:3300/0,v1:172.21.15.92:6789/0] conn(0x7f5e40107630 0x7f5e40107a30 unknown :-1 s=CLOSED pgs=57 cs=0 l=1 rev1=1 crypto rx=0 tx=0 comp rx=0 tx=0).stop
2024-09-10T10:27:51.399 INFO:teuthology.orchestra.run.smithi092.stdout:/usr/bin/ceph: stderr
2024-09-10T10:27:50.598+0000 7f5e4738d640 1 -- 172.21.15.92:0/1603611501 >> 172.21.15.92:0/1603611501 conn(0x7f5e40102da0 msgr2=0x7f5e40105200 unknown :-1 s=STATE_NONE l=0).mark_down
2024-09-10T10:27:51.399 INFO:teuthology.orchestra.run.smithi092.stdout:/usr/bin/ceph: stderr
2024-09-10T10:27:50.598+0000 7f5e4738d640 1 -- 172.21.15.92:0/1603611501 shutdown_connections
2024-09-10T10:27:51.399 INFO:teuthology.orchestra.run.smithi092.stdout:/usr/bin/ceph: stderr
2024-09-10T10:27:50.598+0000 7f5e4738d640 1 -- 172.21.15.92:0/1603611501 wait complete.
2024-09-10T10:27:51.399 INFO:teuthology.orchestra.run.smithi092.stdout:/usr/bin/ceph: stderr
2024-09-10T10:27:50.599+0000 7f5e4738d640 1 Processor -- start
2024-09-10T10:27:51.399 INFO:teuthology.orchestra.run.smithi092.stdout:/usr/bin/ceph: stderr
2024-09-10T10:27:50.599+0000 7f5e4738d640 1 -- start start
2024-09-10T10:27:51.399 INFO:teuthology.orchestra.run.smithi092.stdout:/usr/bin/ceph: stderr
2024-09-10T10:27:50.599+0000 7f5e4738d640 1 --2- >> [v2:172.21.15.92:3300/0,v1:172.21.15.92:6789/0] conn(0x7f5e40107630 0x7f5e4019b650 unknown :-1 s=NONE pgs=0 cs=0 l=1 rev1=0 crypto rx=0 tx=0 comp rx=0 tx=0).connect
2024-09-10T10:27:51.399 INFO:teuthology.orchestra.run.smithi092.stdout:/usr/bin/ceph: stderr
2024-09-10T10:27:50.599+0000 7f5e4738d640 1 -- --> [v2:172.21.15.92:3300/0,v1:172.21.15.92:6789/0] -- mon_getmap magic: 0 -- 0x7f5e4010bb90 con 0x7f5e40107630
2024-09-10T10:27:51.399 INFO:teuthology.orchestra.run.smithi092.stdout:/usr/bin/ceph: stderr
2024-09-10T10:27:50.599+0000 7f5e45129640 1 --2- >> [v2:172.21.15.92:3300/0,v1:172.21.15.92:6789/0] conn(0x7f5e40107630 0x7f5e4019b650 unknown :-1 s=BANNER_CONNECTING pgs=0 cs=0 l=1 rev1=0 crypto rx=0 tx=0 comp rx=0 tx=0)._handle_peer_banner_payload supported=3 required=0
2024-09-10T10:27:51.399 INFO:teuthology.orchestra.run.smithi092.stdout:/usr/bin/ceph: stderr
2024-09-10T10:27:50.599+0000 7f5e45129640 1 --2- >> [v2:172.21.15.92:3300/0,v1:172.21.15.92:6789/0] conn(0x7f5e40107630 0x7f5e4019b650 unknown :-1 s=HELLO_CONNECTING pgs=0 cs=0 l=1 rev1=1 crypto rx=0 tx=0 comp rx=0 tx=0).handle_hello peer v2:172.21.15.92:3300/0 says I am v2:172.21.15.92:41204/0 (socket says 172.21.15.92:41204)
2024-09-10T10:27:51.399 INFO:teuthology.orchestra.run.smithi092.stdout:/usr/bin/ceph: stderr
2024-09-10T10:27:50.599+0000 7f5e45129640 1 -- 172.21.15.92:0/3027334402 learned_addr learned my addr 172.21.15.92:0/3027334402 (peer_addr_for_me v2:172.21.15.92:0/0)
2024-09-10T10:27:51.399 INFO:teuthology.orchestra.run.smithi092.stdout:/usr/bin/ceph: stderr
2024-09-10T10:27:50.600+0000 7f5e45129640 1 -- 172.21.15.92:0/3027334402 --> [v2:172.21.15.92:3300/0,v1:172.21.15.92:6789/0] -- mon_subscribe({config=0+,monmap=0+}) -- 0x7f5e4019bb90 con 0x7f5e40107630
2024-09-10T10:27:51.400 INFO:teuthology.orchestra.run.smithi092.stdout:/usr/bin/ceph: stderr
2024-09-10T10:27:50.600+0000 7f5e45129640 1 --2- 172.21.15.92:0/3027334402 >> [v2:172.21.15.92:3300/0,v1:172.21.15.92:6789/0] conn(0x7f5e40107630 0x7f5e4019b650 secure :-1 s=READY pgs=58 cs=0 l=1 rev1=1 crypto rx=0x7f5e3c030560 tx=0x7f5e3c032670 comp rx=0 tx=0).ready entity=mon.0 client_cookie=0 server_cookie=0 in_seq=0 out_seq=0
2024-09-10T10:27:51.400 INFO:teuthology.orchestra.run.smithi092.stdout:/usr/bin/ceph: stderr
2024-09-10T10:27:50.600+0000 7f5e367fc640 1 -- 172.21.15.92:0/3027334402 <== mon.0 v2:172.21.15.92:3300/0 1 ==== mon_map magic: 0 ==== 205+0+0 (secure 0 0 0) 0x7f5e3c037040 con 0x7f5e40107630
2024-09-10T10:27:51.400 INFO:teuthology.orchestra.run.smithi092.stdout:/usr/bin/ceph: stderr
2024-09-10T10:27:50.600+0000 7f5e4738d640 1 -- 172.21.15.92:0/3027334402 --> [v2:172.21.15.92:3300/0,v1:172.21.15.92:6789/0] -- mon_subscribe({mgrmap=0+}) -- 0x7f5e4019be20 con 0x7f5e40107630
2024-09-10T10:27:51.400 INFO:teuthology.orchestra.run.smithi092.stdout:/usr/bin/ceph: stderr
2024-09-10T10:27:50.600+0000 7f5e367fc640 1 -- 172.21.15.92:0/3027334402 <== mon.0 v2:172.21.15.92:3300/0 2 ==== config(27 keys) ==== 1140+0+0 (secure 0 0 0) 0x7f5e3c040070 con 0x7f5e40107630
2024-09-10T10:27:51.400 INFO:teuthology.orchestra.run.smithi092.stdout:/usr/bin/ceph: stderr
2024-09-10T10:27:50.600+0000 7f5e367fc640 1 -- 172.21.15.92:0/3027334402 <== mon.0 v2:172.21.15.92:3300/0 3 ==== mon_map magic: 0 ==== 205+0+0 (secure 0 0 0) 0x7f5e3c03a6d0 con 0x7f5e40107630
2024-09-10T10:27:51.400 INFO:teuthology.orchestra.run.smithi092.stdout:/usr/bin/ceph: stderr
2024-09-10T10:27:50.600+0000 7f5e4738d640 1 -- 172.21.15.92:0/3027334402 --> [v2:172.21.15.92:3300/0,v1:172.21.15.92:6789/0] -- mon_subscribe({osdmap=0}) -- 0x7f5e4019eb10 con 0x7f5e40107630
2024-09-10T10:27:51.400 INFO:teuthology.orchestra.run.smithi092.stdout:/usr/bin/ceph: stderr
2024-09-10T10:27:50.601+0000 7f5e367fc640 1 -- 172.21.15.92:0/3027334402 <== mon.0 v2:172.21.15.92:3300/0 4 ==== mgrmap(e 9) ==== 46300+0+0 (secure 0 0 0) 0x7f5e3c03a940 con 0x7f5e40107630
2024-09-10T10:27:51.400 INFO:teuthology.orchestra.run.smithi092.stdout:/usr/bin/ceph: stderr
2024-09-10T10:27:50.601+0000 7f5e4738d640 1 -- 172.21.15.92:0/3027334402 --> [v2:172.21.15.92:3300/0,v1:172.21.15.92:6789/0] -- mon_command({"prefix": "get_command_descriptions"} v 0) -- 0x7f5e4010bd10 con 0x7f5e40107630
2024-09-10T10:27:51.400 INFO:teuthology.orchestra.run.smithi092.stdout:/usr/bin/ceph: stderr
2024-09-10T10:27:50.601+0000 7f5e367fc640 1 --2- 172.21.15.92:0/3027334402 >> [v2:172.21.15.92:6800/1855060807,v1:172.21.15.92:6801/1855060807] conn(0x7f5e2c038fc0 0x7f5e2c03b480 unknown :-1 s=NONE pgs=0 cs=0 l=1 rev1=0 crypto rx=0 tx=0 comp rx=0 tx=0).connect
2024-09-10T10:27:51.400 INFO:teuthology.orchestra.run.smithi092.stdout:/usr/bin/ceph: stderr
2024-09-10T10:27:50.601+0000 7f5e367fc640 1 -- 172.21.15.92:0/3027334402 <== mon.0 v2:172.21.15.92:3300/0 5 ==== osd_map(2..2 src has 1..2) ==== 940+0+0 (secure 0 0 0) 0x7f5e3c06c590 con 0x7f5e40107630
2024-09-10T10:27:51.400 INFO:teuthology.orchestra.run.smithi092.stdout:/usr/bin/ceph: stderr
2024-09-10T10:27:50.601+0000 7f5e44928640 1 -- 172.21.15.92:0/3027334402 >> [v2:172.21.15.92:6800/1855060807,v1:172.21.15.92:6801/1855060807] conn(0x7f5e2c038fc0 msgr2=0x7f5e2c03b480 unknown :-1 s=STATE_CONNECTING_RE l=1).process reconnect failed to v2:172.21.15.92:6800/1855060807
2024-09-10T10:27:51.400 INFO:teuthology.orchestra.run.smithi092.stdout:/usr/bin/ceph: stderr
2024-09-10T10:27:50.601+0000 7f5e44928640 1 --2- 172.21.15.92:0/3027334402 >> [v2:172.21.15.92:6800/1855060807,v1:172.21.15.92:6801/1855060807] conn(0x7f5e2c038fc0 0x7f5e2c03b480 unknown :-1 s=START_CONNECT pgs=0 cs=0 l=1 rev1=0 crypto rx=0 tx=0 comp rx=0 tx=0)._fault waiting 0.200000
2024-09-10T10:27:51.400 INFO:teuthology.orchestra.run.smithi092.stdout:/usr/bin/ceph: stderr
2024-09-10T10:27:50.606+0000 7f5e367fc640 1 -- 172.21.15.92:0/3027334402 <== mon.0 v2:172.21.15.92:3300/0 6 ==== mon_command_ack([{"prefix": "get_command_descriptions"}]=0 v0) ==== 72+0+188821 (secure 0 0 0) 0x7f5e3c041270 con 0x7f5e40107630
2024-09-10T10:27:51.401 INFO:teuthology.orchestra.run.smithi092.stdout:/usr/bin/ceph: stderr
2024-09-10T10:27:50.802+0000 7f5e44928640 1 -- 172.21.15.92:0/3027334402 >> [v2:172.21.15.92:6800/1855060807,v1:172.21.15.92:6801/1855060807] conn(0x7f5e2c038fc0 msgr2=0x7f5e2c03b480 unknown :-1 s=STATE_CONNECTING_RE l=1).process reconnect failed to v2:172.21.15.92:6800/1855060807
2024-09-10T10:27:51.401 INFO:teuthology.orchestra.run.smithi092.stdout:/usr/bin/ceph: stderr
