2024-09-10T10:27:57.134 INFO:teuthology.orchestra.run.smithi092.stdout:/usr/bin/ceph: stderr
2024-09-10T10:27:56.503+0000 7ff845b11640 1 -- 172.21.15.92:0/1725342254 >> [v2:172.21.15.92:3300/0,v1:172.21.15.92:6789/0] conn(0x7ff8401080d0 msgr2=0x7ff840107950 secure :-1 s=STATE_CONNECTION_ESTABLISHED l=1).mark_down
2024-09-10T10:27:57.134 INFO:teuthology.orchestra.run.smithi092.stdout:/usr/bin/ceph: stderr
2024-09-10T10:27:56.503+0000 7ff845b11640 1 --2- 172.21.15.92:0/1725342254 >> [v2:172.21.15.92:3300/0,v1:172.21.15.92:6789/0] conn(0x7ff8401080d0 0x7ff840107950 secure :-1 s=READY pgs=69 cs=0 l=1 rev1=1 crypto rx=0x7ff830030420 tx=0x7ff830032670 comp rx=0 tx=0).stop
2024-09-10T10:27:57.134 INFO:teuthology.orchestra.run.smithi092.stdout:/usr/bin/ceph: stderr
2024-09-10T10:27:56.503+0000 7ff845b11640 1 -- 172.21.15.92:0/1725342254 shutdown_connections
2024-09-10T10:27:57.134 INFO:teuthology.orchestra.run.smithi092.stdout:/usr/bin/ceph: stderr
2024-09-10T10:27:56.503+0000 7ff845b11640 1 --2- 172.21.15.92:0/1725342254 >> [v2:172.21.15.92:6800/2834815615,v1:172.21.15.92:6801/2834815615] conn(0x7ff828039020 0x7ff82803b4e0 unknown :-1 s=CLOSED pgs=7 cs=0 l=1 rev1=1 crypto rx=0 tx=0 comp rx=0 tx=0).stop
2024-09-10T10:27:57.134 INFO:teuthology.orchestra.run.smithi092.stdout:/usr/bin/ceph: stderr
2024-09-10T10:27:56.503+0000 7ff845b11640 1 --2- 172.21.15.92:0/1725342254 >> [v2:172.21.15.92:3300/0,v1:172.21.15.92:6789/0] conn(0x7ff8401080d0 0x7ff840107950 unknown :-1 s=CLOSED pgs=69 cs=0 l=1 rev1=1 crypto rx=0 tx=0 comp rx=0 tx=0).stop
2024-09-10T10:27:57.134 INFO:teuthology.orchestra.run.smithi092.stdout:/usr/bin/ceph: stderr
2024-09-10T10:27:56.503+0000 7ff845b11640 1 -- 172.21.15.92:0/1725342254 >> 172.21.15.92:0/1725342254 conn(0x7ff840101cb0 msgr2=0x7ff840102870 unknown :-1 s=STATE_NONE l=0).mark_down
2024-09-10T10:27:57.134 INFO:teuthology.orchestra.run.smithi092.stdout:/usr/bin/ceph: stderr
2024-09-10T10:27:56.504+0000 7ff845b11640 1 -- 172.21.15.92:0/1725342254 shutdown_connections
2024-09-10T10:27:57.134 INFO:teuthology.orchestra.run.smithi092.stdout:/usr/bin/ceph: stderr
2024-09-10T10:27:56.504+0000 7ff845b11640 1 -- 172.21.15.92:0/1725342254 wait complete.
2024-09-10T10:27:57.134 INFO:teuthology.orchestra.run.smithi092.stdout:Creating initial admin user...
2024-09-10T10:27:57.250 INFO:journalctl@ceph.mon.a.smithi092.stdout:Sep 10 10:27:57 smithi092 ceph-mon[30834]: [10/Sep/2024:10:27:55] ENGINE Bus STARTING
2024-09-10T10:27:57.250 INFO:journalctl@ceph.mon.a.smithi092.stdout:Sep 10 10:27:57 smithi092 ceph-mon[30834]: [10/Sep/2024:10:27:55] ENGINE Serving on https://172.21.15.92:7150
2024-09-10T10:27:57.250 INFO:journalctl@ceph.mon.a.smithi092.stdout:Sep 10 10:27:57 smithi092 ceph-mon[30834]: [10/Sep/2024:10:27:55] ENGINE Error in HTTPServer.serve
2024-09-10T10:27:57.250 INFO:journalctl@ceph.mon.a.smithi092.stdout: Traceback (most recent call last):
2024-09-10T10:27:57.251 INFO:journalctl@ceph.mon.a.smithi092.stdout: File "/lib/python3.9/site-packages/cheroot/server.py", line 1823, in serve
2024-09-10T10:27:57.251 INFO:journalctl@ceph.mon.a.smithi092.stdout: self._connections.run(self.expiration_interval)
2024-09-10T10:27:57.251 INFO:journalctl@ceph.mon.a.smithi092.stdout: File "/lib/python3.9/site-packages/cheroot/connections.py", line 203, in run
2024-09-10T10:27:57.251 INFO:journalctl@ceph.mon.a.smithi092.stdout: self._run(expiration_interval)
2024-09-10T10:27:57.251 INFO:journalctl@ceph.mon.a.smithi092.stdout: File "/lib/python3.9/site-packages/cheroot/connections.py", line 246, in _run
2024-09-10T10:27:57.251 INFO:journalctl@ceph.mon.a.smithi092.stdout: new_conn = self._from_server_socket(self.server.socket)
2024-09-10T10:27:57.251 INFO:journalctl@ceph.mon.a.smithi092.stdout: File "/lib/python3.9/site-packages/cheroot/connections.py", line 300, in _from_server_socket
2024-09-10T10:27:57.251 INFO:journalctl@ceph.mon.a.smithi092.stdout: s, ssl_env = self.server.ssl_adapter.wrap(s)
2024-09-10T10:27:57.251 INFO:journalctl@ceph.mon.a.smithi092.stdout: File "/lib/python3.9/site-packages/cheroot/ssl/builtin.py", line 277, in wrap
2024-09-10T10:27:57.251 INFO:journalctl@ceph.mon.a.smithi092.stdout: s = self.context.wrap_socket(
2024-09-10T10:27:57.251 INFO:journalctl@ceph.mon.a.smithi092.stdout: File "/lib64/python3.9/ssl.py", line 501, in wrap_socket
2024-09-10T10:27:57.251 INFO:journalctl@ceph.mon.a.smithi092.stdout: return self.sslsocket_class._create(
2024-09-10T10:27:57.251 INFO:journalctl@ceph.mon.a.smithi092.stdout: File "/lib64/python3.9/ssl.py", line 1074, in _create
2024-09-10T10:27:57.251 INFO:journalctl@ceph.mon.a.smithi092.stdout: self.do_handshake()
2024-09-10T10:27:57.252 INFO:journalctl@ceph.mon.a.smithi092.stdout: File "/lib64/python3.9/ssl.py", line 1343, in do_handshake
2024-09-10T10:27:57.252 INFO:journalctl@ceph.mon.a.smithi092.stdout: self._sslobj.do_handshake()
2024-09-10T10:27:57.252 INFO:journalctl@ceph.mon.a.smithi092.stdout: ssl.SSLZeroReturnError: TLS/SSL connection has been closed (EOF) (_ssl.c:1133)
2024-09-10T10:27:57.252 INFO:journalctl@ceph.mon.a.smithi092.stdout:Sep 10 10:27:57 smithi092 ceph-mon[30834]: [10/Sep/2024:10:27:55] ENGINE Serving on http://172.21.15.92:8765
2024-09-10T10:27:57.252 INFO:journalctl@ceph.mon.a.smithi092.stdout:Sep 10 10:27:57 smithi092 ceph-mon[30834]: [10/Sep/2024:10:27:55] ENGINE Bus STARTED
2024-09-10T10:27:57.252 INFO:journalctl@ceph.mon.a.smithi092.stdout:Sep 10 10:27:57 smithi092 ceph-mon[30834]: mgrmap e12: x(active, since 2s)
2024-09-10T10:27:57.252 INFO:journalctl@ceph.mon.a.smithi092.stdout:Sep 10 10:27:57 smithi092 ceph-mon[30834]: from='mgr.14150 172.21.15.92:0/3249856143' entity='mgr.x'
2024-09-10T10:27:57.252 INFO:journalctl@ceph.mon.a.smithi092.stdout:Sep 10 10:27:57 smithi092 ceph-mon[30834]: from='mgr.14150 172.21.15.92:0/3249856143' entity='mgr.x'
2024-09-10T10:27:57.252 INFO:journalctl@ceph.mon.a.smithi092.stdout:Sep 10 10:27:57 smithi092 ceph-mon[30834]: from='mgr.14150 172.21.15.92:0/3249856143' entity='mgr.x'
2024-09-10T10:27:58.360 INFO:journalctl@ceph.mon.a.smithi092.stdout:Sep 10 10:27:58 smithi092 ceph-mon[30834]: from='client.14162 -' entity='client.admin' cmd=[{"prefix": "dashboard create-self-signed-cert", "target": ["mon-mgr", ""]}]: dispatch
2024-09-10T10:27:58.360 INFO:journalctl@ceph.mon.a.smithi092.stdout:Sep 10 10:27:58 smithi092 ceph-mon[30834]: from='mgr.14150 172.21.15.92:0/3249856143' entity='mgr.x'
2024-09-10T10:27:58.360 INFO:journalctl@ceph.mon.a.smithi092.stdout:Sep 10 10:27:58 smithi092 ceph-mon[30834]: from='mgr.14150 172.21.15.92:0/3249856143' entity='mgr.x'
2024-09-10T10:27:59.175 INFO:teuthology.orchestra.run.smithi092.stdout:/usr/bin/ceph: stdout {"username": "admin", "password": "$2b$12$UhkzqrXvOTGnSUyCd0B6aOGPya1a3p4KLM4UsSvQjnk4K8EEfTHHO", "roles": ["administrator"], "name": null, "email": null, "lastUpdate": 1725964078, "enabled": true, "pwdExpirationDate": null, "pwdUpdateRequired": true}
2024-09-10T10:27:59.176 INFO:teuthology.orchestra.run.smithi092.stdout:/usr/bin/ceph: stderr
2024-09-10T10:27:57.609+0000 7fd755582640 1 Processor -- start
2024-09-10T10:27:59.176 INFO:teuthology.orchestra.run.smithi092.stdout:/usr/bin/ceph: stderr
2024-09-10T10:27:57.609+0000 7fd755582640 1 -- start start
2024-09-10T10:27:59.176 INFO:teuthology.orchestra.run.smithi092.stdout:/usr/bin/ceph: stderr
2024-09-10T10:27:57.609+0000 7fd755582640 1 --2- >> [v2:172.21.15.92:3300/0,v1:172.21.15.92:6789/0] conn(0x7fd750107b70 0x7fd750107f70 unknown :-1 s=NONE pgs=0 cs=0 l=0 rev1=0 crypto rx=0 tx=0 comp rx=0 tx=0).connect
2024-09-10T10:27:59.176 INFO:teuthology.orchestra.run.smithi092.stdout:/usr/bin/ceph: stderr
2024-09-10T10:27:57.609+0000 7fd755582640 1 -- --> [v2:172.21.15.92:3300/0,v1:172.21.15.92:6789/0] -- mon_getmap magic: 0 -- 0x7fd750108540 con 0x7fd750107b70
2024-09-10T10:27:59.176 INFO:teuthology.orchestra.run.smithi092.stdout:/usr/bin/ceph: stderr
2024-09-10T10:27:57.610+0000 7fd74effd640 1 --2- >> [v2:172.21.15.92:3300/0,v1:172.21.15.92:6789/0] conn(0x7fd750107b70 0x7fd750107f70 unknown :-1 s=BANNER_CONNECTING pgs=0 cs=0 l=0 rev1=0 crypto rx=0 tx=0 comp rx=0 tx=0)._handle_peer_banner_payload supported=3 required=0
2024-09-10T10:27:59.176 INFO:teuthology.orchestra.run.smithi092.stdout:/usr/bin/ceph: stderr
2024-09-10T10:27:57.610+0000 7fd74effd640 1 --2- >> [v2:172.21.15.92:3300/0,v1:172.21.15.92:6789/0] conn(0x7fd750107b70 0x7fd750107f70 unknown :-1 s=HELLO_CONNECTING pgs=0 cs=0 l=0 rev1=1 crypto rx=0 tx=0 comp rx=0 tx=0).handle_hello peer v2:172.21.15.92:3300/0 says I am v2:172.21.15.92:34082/0 (socket says 172.21.15.92:34082)
2024-09-10T10:27:59.176 INFO:teuthology.orchestra.run.smithi092.stdout:/usr/bin/ceph: stderr
2024-09-10T10:27:57.610+0000 7fd74effd640 1 -- 172.21.15.92:0/861421463 learned_addr learned my addr 172.21.15.92:0/861421463 (peer_addr_for_me v2:172.21.15.92:0/0)
2024-09-10T10:27:59.176 INFO:teuthology.orchestra.run.smithi092.stdout:/usr/bin/ceph: stderr
2024-09-10T10:27:57.610+0000 7fd74effd640 1 -- 172.21.15.92:0/861421463 --> [v2:172.21.15.92:3300/0,v1:172.21.15.92:6789/0] -- mon_subscribe({config=0+,monmap=0+}) -- 0x7fd750106740 con 0x7fd750107b70
2024-09-10T10:27:59.176 INFO:teuthology.orchestra.run.smithi092.stdout:/usr/bin/ceph: stderr
2024-09-10T10:27:57.611+0000 7fd74effd640 1 --2- 172.21.15.92:0/861421463 >> [v2:172.21.15.92:3300/0,v1:172.21.15.92:6789/0] conn(0x7fd750107b70 0x7fd750107f70 secure :-1 s=READY pgs=70 cs=0 l=1 rev1=1 crypto rx=0x7fd740009820 tx=0x7fd74002a270 comp rx=0 tx=0).ready entity=mon.0 client_cookie=68bb7cd33713c1aa server_cookie=0 in_seq=0 out_seq=0
2024-09-10T10:27:59.176 INFO:teuthology.orchestra.run.smithi092.stdout:/usr/bin/ceph: stderr
2024-09-10T10:27:57.611+0000 7fd74dffb640 1 -- 172.21.15.92:0/861421463 <== mon.0 v2:172.21.15.92:3300/0 1 ==== mon_map magic: 0 ==== 205+0+0 (secure 0 0 0) 0x7fd740037070 con 0x7fd750107b70
2024-09-10T10:27:59.176 INFO:teuthology.orchestra.run.smithi092.stdout:/usr/bin/ceph: stderr
2024-09-10T10:27:57.611+0000 7fd74dffb640 1 -- 172.21.15.92:0/861421463 <== mon.0 v2:172.21.15.92:3300/0 2 ==== config(27 keys) ==== 1140+0+0 (secure 0 0 0) 0x7fd740032920 con 0x7fd750107b70
2024-09-10T10:27:59.177 INFO:teuthology.orchestra.run.smithi092.stdout:/usr/bin/ceph: stderr
2024-09-10T10:27:57.611+0000 7fd74dffb640 1 -- 172.21.15.92:0/861421463 <== mon.0 v2:172.21.15.92:3300/0 3 ==== mon_map magic: 0 ==== 205+0+0 (secure 0 0 0) 0x7fd740030810 con 0x7fd750107b70
2024-09-10T10:27:59.177 INFO:teuthology.orchestra.run.smithi092.stdout:/usr/bin/ceph: stderr
2024-09-10T10:27:57.611+0000 7fd755582640 1 -- 172.21.15.92:0/861421463 >> [v2:172.21.15.92:3300/0,v1:172.21.15.92:6789/0] conn(0x7fd750107b70 msgr2=0x7fd750107f70 secure :-1 s=STATE_CONNECTION_ESTABLISHED l=1).mark_down
2024-09-10T10:27:59.177 INFO:teuthology.orchestra.run.smithi092.stdout:/usr/bin/ceph: stderr
2024-09-10T10:27:57.611+0000 7fd755582640 1 --2- 172.21.15.92:0/861421463 >> [v2:172.21.15.92:3300/0,v1:172.21.15.92:6789/0] conn(0x7fd750107b70 0x7fd750107f70 secure :-1 s=READY pgs=70 cs=0 l=1 rev1=1 crypto rx=0x7fd740009820 tx=0x7fd74002a270 comp rx=0 tx=0).stop
2024-09-10T10:27:59.177 INFO:teuthology.orchestra.run.smithi092.stdout:/usr/bin/ceph: stderr
2024-09-10T10:27:57.611+0000 7fd755582640 1 -- 172.21.15.92:0/861421463 shutdown_connections
2024-09-10T10:27:59.177 INFO:teuthology.orchestra.run.smithi092.stdout:/usr/bin/ceph: stderr
2024-09-10T10:27:57.611+0000 7fd755582640 1 --2- 172.21.15.92:0/861421463 >> [v2:172.21.15.92:3300/0,v1:172.21.15.92:6789/0] conn(0x7fd750107b70 0x7fd750107f70 unknown :-1 s=CLOSED pgs=70 cs=0 l=1 rev1=1 crypto rx=0 tx=0 comp rx=0 tx=0).stop
2024-09-10T10:27:59.177 INFO:teuthology.orchestra.run.smithi092.stdout:/usr/bin/ceph: stderr
2024-09-10T10:27:57.611+0000 7fd755582640 1 -- 172.21.15.92:0/861421463 >> 172.21.15.92:0/861421463 conn(0x7fd750101440 msgr2=0x7fd750103860 unknown :-1 s=STATE_NONE l=0).mark_down
2024-09-10T10:27:59.177 INFO:teuthology.orchestra.run.smithi092.stdout:/usr/bin/ceph: stderr
2024-09-10T10:27:57.611+0000 7fd755582640 1 -- 172.21.15.92:0/861421463 shutdown_connections
2024-09-10T10:27:59.177 INFO:teuthology.orchestra.run.smithi092.stdout:/usr/bin/ceph: stderr
2024-09-10T10:27:57.611+0000 7fd755582640 1 -- 172.21.15.92:0/861421463 wait complete.
2024-09-10T10:27:59.177 INFO:teuthology.orchestra.run.smithi092.stdout:/usr/bin/ceph: stderr
2024-09-10T10:27:57.612+0000 7fd755582640 1 Processor -- start
2024-09-10T10:27:59.177 INFO:teuthology.orchestra.run.smithi092.stdout:/usr/bin/ceph: stderr
2024-09-10T10:27:57.612+0000 7fd755582640 1 -- start start
2024-09-10T10:27:59.177 INFO:teuthology.orchestra.run.smithi092.stdout:/usr/bin/ceph: stderr
2024-09-10T10:27:57.612+0000 7fd755582640 1 --2- >> [v2:172.21.15.92:3300/0,v1:172.21.15.92:6789/0] conn(0x7fd750107b70 0x7fd7501917f0 unknown :-1 s=NONE pgs=0 cs=0 l=1 rev1=0 crypto rx=0 tx=0 comp rx=0 tx=0).connect
2024-09-10T10:27:59.177 INFO:teuthology.orchestra.run.smithi092.stdout:/usr/bin/ceph: stderr
2024-09-10T10:27:57.612+0000 7fd755582640 1 -- --> [v2:172.21.15.92:3300/0,v1:172.21.15.92:6789/0] -- mon_getmap magic: 0 -- 0x7fd75010ab00 con 0x7fd750107b70
2024-09-10T10:27:59.178 INFO:teuthology.orchestra.run.smithi092.stdout:/usr/bin/ceph: stderr
2024-09-10T10:27:57.612+0000 7fd74effd640 1 --2- >> [v2:172.21.15.92:3300/0,v1:172.21.15.92:6789/0] conn(0x7fd750107b70 0x7fd7501917f0 unknown :-1 s=BANNER_CONNECTING pgs=0 cs=0 l=1 rev1=0 crypto rx=0 tx=0 comp rx=0 tx=0)._handle_peer_banner_payload supported=3 required=0
2024-09-10T10:27:59.178 INFO:teuthology.orchestra.run.smithi092.stdout:/usr/bin/ceph: stderr
2024-09-10T10:27:57.612+0000 7fd74effd640 1 --2- >> [v2:172.21.15.92:3300/0,v1:172.21.15.92:6789/0] conn(0x7fd750107b70 0x7fd7501917f0 unknown :-1 s=HELLO_CONNECTING pgs=0 cs=0 l=1 rev1=1 crypto rx=0 tx=0 comp rx=0 tx=0).handle_hello peer v2:172.21.15.92:3300/0 says I am v2:172.21.15.92:34086/0 (socket says 172.21.15.92:34086)
2024-09-10T10:27:59.178 INFO:teuthology.orchestra.run.smithi092.stdout:/usr/bin/ceph: stderr
2024-09-10T10:27:57.612+0000 7fd74effd640 1 -- 172.21.15.92:0/1111016527 learned_addr learned my addr 172.21.15.92:0/1111016527 (peer_addr_for_me v2:172.21.15.92:0/0)
2024-09-10T10:27:59.178 INFO:teuthology.orchestra.run.smithi092.stdout:/usr/bin/ceph: stderr
2024-09-10T10:27:57.613+0000 7fd74effd640 1 -- 172.21.15.92:0/1111016527 --> [v2:172.21.15.92:3300/0,v1:172.21.15.92:6789/0] -- mon_subscribe({config=0+,monmap=0+}) -- 0x7fd750191d30 con 0x7fd750107b70
2024-09-10T10:27:59.178 INFO:teuthology.orchestra.run.smithi092.stdout:/usr/bin/ceph: stderr
2024-09-10T10:27:57.613+0000 7fd74effd640 1 --2- 172.21.15.92:0/1111016527 >> [v2:172.21.15.92:3300/0,v1:172.21.15.92:6789/0] conn(0x7fd750107b70 0x7fd7501917f0 secure :-1 s=READY pgs=71 cs=0 l=1 rev1=1 crypto rx=0x7fd740030380 tx=0x7fd740032670 comp rx=0 tx=0).ready entity=mon.0 client_cookie=0 server_cookie=0 in_seq=0 out_seq=0
2024-09-10T10:27:59.178 INFO:teuthology.orchestra.run.smithi092.stdout:/usr/bin/ceph: stderr
2024-09-10T10:27:57.613+0000 7fd737fff640 1 -- 172.21.15.92:0/1111016527 <== mon.0 v2:172.21.15.92:3300/0 1 ==== mon_map magic: 0 ==== 205+0+0 (secure 0 0 0) 0x7fd740037040 con 0x7fd750107b70
2024-09-10T10:27:59.178 INFO:teuthology.orchestra.run.smithi092.stdout:/usr/bin/ceph: stderr
2024-09-10T10:27:57.613+0000 7fd755582640 1 -- 172.21.15.92:0/1111016527 --> [v2:172.21.15.92:3300/0,v1:172.21.15.92:6789/0] -- mon_subscribe({mgrmap=0+}) -- 0x7fd75018ff20 con 0x7fd750107b70
2024-09-10T10:27:59.178 INFO:teuthology.orchestra.run.smithi092.stdout:/usr/bin/ceph: stderr
2024-09-10T10:27:57.613+0000 7fd737fff640 1 -- 172.21.15.92:0/1111016527 <== mon.0 v2:172.21.15.92:3300/0 2 ==== config(27 keys) ==== 1140+0+0 (secure 0 0 0) 0x7fd740040070 con 0x7fd750107b70
2024-09-10T10:27:59.178 INFO:teuthology.orchestra.run.smithi092.stdout:/usr/bin/ceph: stderr
2024-09-10T10:27:57.613+0000 7fd737fff640 1 -- 172.21.15.92:0/1111016527 <== mon.0 v2:172.21.15.92:3300/0 3 ==== mon_map magic: 0 ==== 205+0+0 (secure 0 0 0) 0x7fd74003a6d0 con 0x7fd750107b70
2024-09-10T10:27:59.178 INFO:teuthology.orchestra.run.smithi092.stdout:/usr/bin/ceph: stderr
2024-09-10T10:27:57.613+0000 7fd755582640 1 -- 172.21.15.92:0/1111016527 --> [v2:172.21.15.92:3300/0,v1:172.21.15.92:6789/0] -- mon_subscribe({osdmap=0}) -- 0x7fd750190460 con 0x7fd750107b70
2024-09-10T10:27:59.178 INFO:teuthology.orchestra.run.smithi092.stdout:/usr/bin/ceph: stderr
2024-09-10T10:27:57.614+0000 7fd737fff640 1 -- 172.21.15.92:0/1111016527 <== mon.0 v2:172.21.15.92:3300/0 4 ==== mgrmap(e 12) ==== 46300+0+0 (secure 0 0 0) 0x7fd74003a9d0 con 0x7fd750107b70
2024-09-10T10:27:59.178 INFO:teuthology.orchestra.run.smithi092.stdout:/usr/bin/ceph: stderr
2024-09-10T10:27:57.614+0000 7fd737fff640 1 --2- 172.21.15.92:0/1111016527 >> [v2:172.21.15.92:6800/2834815615,v1:172.21.15.92:6801/2834815615] conn(0x7fd738038fc0 0x7fd73803b480 unknown :-1 s=NONE pgs=0 cs=0 l=1 rev1=0 crypto rx=0 tx=0 comp rx=0 tx=0).connect
2024-09-10T10:27:59.178 INFO:teuthology.orchestra.run.smithi092.stdout:/usr/bin/ceph: stderr
2024-09-10T10:27:57.614+0000 7fd755582640 1 -- 172.21.15.92:0/1111016527 --> [v2:172.21.15.92:3300/0,v1:172.21.15.92:6789/0] -- mon_command({"prefix": "get_command_descriptions"} v 0) -- 0x7fd750107ff0 con 0x7fd750107b70
2024-09-10T10:27:59.179 INFO:teuthology.orchestra.run.smithi092.stdout:/usr/bin/ceph: stderr
2024-09-10T10:27:57.614+0000 7fd737fff640 1 -- 172.21.15.92:0/1111016527 <== mon.0 v2:172.21.15.92:3300/0 5 ==== osd_map(3..3 src has 1..3) ==== 1155+0+0 (secure 0 0 0) 0x7fd74006c800 con 0x7fd750107b70
2024-09-10T10:27:59.179 INFO:teuthology.orchestra.run.smithi092.stdout:/usr/bin/ceph: stderr
2024-09-10T10:27:57.614+0000 7fd74e7fc640 1 --2- 172.21.15.92:0/1111016527 >> [v2:172.21.15.92:6800/2834815615,v1:172.21.15.92:6801/2834815615] conn(0x7fd738038fc0 0x7fd73803b480 unknown :-1 s=BANNER_CONNECTING pgs=0 cs=0 l=1 rev1=0 crypto rx=0 tx=0 comp rx=0 tx=0)._handle_peer_banner_payload supported=3 required=0
2024-09-10T10:27:59.179 INFO:teuthology.orchestra.run.smithi092.stdout:/usr/bin/ceph: stderr
2024-09-10T10:27:57.614+0000 7fd74e7fc640 1 --2- 172.21.15.92:0/1111016527 >> [v2:172.21.15.92:6800/2834815615,v1:172.21.15.92:6801/2834815615] conn(0x7fd738038fc0 0x7fd73803b480 secure :-1 s=READY pgs=8 cs=0 l=1 rev1=1 crypto rx=0x7fd7440098c0 tx=0x7fd744006db0 comp rx=0 tx=0).ready entity=mgr.14150 client_cookie=0 server_cookie=0 in_seq=0 out_seq=0
2024-09-10T10:27:59.179 INFO:teuthology.orchestra.run.smithi092.stdout:/usr/bin/ceph: stderr
2024-09-10T10:27:57.619+0000 7fd737fff640 1 -- 172.21.15.92:0/1111016527 <== mon.0 v2:172.21.15.92:3300/0 6 ==== mon_command_ack([{"prefix": "get_command_descriptions"}]=0 v0) ==== 72+0+188821 (secure 0 0 0) 0x7fd740044c70 con 0x7fd750107b70
2024-09-10T10:27:59.179 INFO:teuthology.orchestra.run.smithi092.stdout:/usr/bin/ceph: stderr
2024-09-10T10:27:57.813+0000 7fd755582640 1 -- 172.21.15.92:0/1111016527 --> [v2:172.21.15.92:6800/2834815615,v1:172.21.15.92:6801/2834815615] -- mgr_command(tid 0: {"prefix": "dashboard ac-user-create", "username": "admin", "rolename": "administrator", "force_password": true, "pwd_update_required": true, "target": ["mon-mgr", ""]}) -- 0x7fd750195530 con 0x7fd738038fc0
2024-09-10T10:27:59.179 INFO:teuthology.orchestra.run.smithi092.stdout:/usr/bin/ceph: stderr
2024-09-10T10:27:58.038+0000 7fd737fff640 1 -- 172.21.15.92:0/1111016527 <== mgr.14150 v2:172.21.15.92:6800/2834815615 1 ==== mgr_command_reply(tid 0: 0 ) ==== 8+0+252 (secure 0 0 0) 0x7fd750195530 con 0x7fd738038fc0
2024-09-10T10:27:59.179 INFO:teuthology.orchestra.run.smithi092.stdout:/usr/bin/ceph: stderr
2024-09-10T10:27:58.040+0000 7fd755582640 1 -- 172.21.15.92:0/1111016527 >> [v2:172.21.15.92:6800/2834815615,v1:172.21.15.92:6801/2834815615] conn(0x7fd738038fc0 msgr2=0x7fd73803b480 secure :-1 s=STATE_CONNECTION_ESTABLISHED l=1).mark_down
2024-09-10T10:27:59.179 INFO:teuthology.orchestra.run.smithi092.stdout:/usr/bin/ceph: stderr
2024-09-10T10:27:58.040+0000 7fd755582640 1 --2- 172.21.15.92:0/1111016527 >> [v2:172.21.15.92:6800/2834815615,v1:172.21.15.92:6801/2834815615] conn(0x7fd738038fc0 0x7fd73803b480 secure :-1 s=READY pgs=8 cs=0 l=1 rev1=1 crypto rx=0x7fd7440098c0 tx=0x7fd744006db0 comp rx=0 tx=0).stop
2024-09-10T10:27:59.179 INFO:teuthology.orchestra.run.smithi092.stdout:/usr/bin/ceph: stderr
2024-09-10T10:27:58.040+0000 7fd755582640 1 -- 172.21.15.92:0/1111016527 >> [v2:172.21.15.92:3300/0,v1:172.21.15.92:6789/0] conn(0x7fd750107b70 msgr2=0x7fd7501917f0 secure :-1 s=STATE_CONNECTION_ESTABLISHED l=1).mark_down
2024-09-10T10:27:59.179 INFO:teuthology.orchestra.run.smithi092.stdout:/usr/bin/ceph: stderr
2024-09-10T10:27:58.040+0000 7fd755582640 1 --2- 172.21.15.92:0/1111016527 >> [v2:172.21.15.92:3300/0,v1:172.21.15.92:6789/0] conn(0x7fd750107b70 0x7fd7501917f0 secure :-1 s=READY pgs=71 cs=0 l=1 rev1=1 crypto rx=0x7fd740030380 tx=0x7fd740032670 comp rx=0 tx=0).stop
2024-09-10T10:27:59.179 INFO:teuthology.orchestra.run.smithi092.stdout:/usr/bin/ceph: stderr
2024-09-10T10:27:58.041+0000 7fd755582640 1 -- 172.21.15.92:0/1111016527 shutdown_connections
2024-09-10T10:27:59.179 INFO:teuthology.orchestra.run.smithi092.stdout:/usr/bin/ceph: stderr
2024-09-10T10:27:58.041+0000 7fd755582640 1 --2- 172.21.15.92:0/1111016527 >> [v2:172.21.15.92:6800/2834815615,v1:172.21.15.92:6801/2834815615] conn(0x7fd738038fc0 0x7fd73803b480 unknown :-1 s=CLOSED pgs=8 cs=0 l=1 rev1=1 crypto rx=0 tx=0 comp rx=0 tx=0).stop
2024-09-10T10:27:59.179 INFO:teuthology.orchestra.run.smithi092.stdout:/usr/bin/ceph: stderr
2024-09-10T10:27:58.041+0000 7fd755582640 1 --2- 172.21.15.92:0/1111016527 >> [v2:172.21.15.92:3300/0,v1:172.21.15.92:6789/0] conn(0x7fd750107b70 0x7fd7501917f0 unknown :-1 s=CLOSED pgs=71 cs=0 l=1 rev1=1 crypto rx=0 tx=0 comp rx=0 tx=0).stop
2024-09-10T10:27:59.180 INFO:teuthology.orchestra.run.smithi092.stdout:/usr/bin/ceph: stderr
2024-09-10T10:27:58.041+0000 7fd755582640 1 -- 172.21.15.92:0/1111016527 >> 172.21.15.92:0/1111016527 conn(0x7fd750101440 msgr2=0x7fd750102340 unknown :-1 s=STATE_NONE l=0).mark_down
2024-09-10T10:27:59.180 INFO:teuthology.orchestra.run.smithi092.stdout:/usr/bin/ceph: stderr
2024-09-10T10:27:58.041+0000 7fd755582640 1 -- 172.21.15.92:0/1111016527 shutdown_connections
2024-09-10T10:27:59.180 INFO:teuthology.orchestra.run.smithi092.stdout:/usr/bin/ceph: stderr
2024-09-10T10:27:58.041+0000 7fd755582640 1 -- 172.21.15.92:0/1111016527 wait complete.
2024-09-10T10:27:59.180 INFO:teuthology.orchestra.run.smithi092.stdout:Fetching dashboard port number...
2024-09-10T10:27:59.437 INFO:journalctl@ceph.mon.a.smithi092.stdout:Sep 10 10:27:59 smithi092 ceph-mon[30834]: from='client.14164 -' entity='client.admin' cmd=[{"prefix": "dashboard ac-user-create", "username": "admin", "rolename": "administrator", "force_password": true, "pwd_update_required": true, "target": ["mon-mgr", ""]}]: dispatch
2024-09-10T10:28:00.360 INFO:journalctl@ceph.mon.a.smithi092.stdout:Sep 10 10:28:00 smithi092 ceph-mon[30834]: from='client.? 172.21.15.92:0/837274668' entity='client.admin' cmd=[{"prefix": "config get", "who": "mgr", "key": "mgr/dashboard/ssl_server_port"}]: dispatch
2024-09-10T10:28:00.369 INFO:teuthology.orchestra.run.smithi092.stdout:/usr/bin/ceph: stdout 8443
2024-09-10T10:28:00.373 INFO:teuthology.orchestra.run.smithi092.stdout:/usr/bin/ceph: stderr
2024-09-10T10:27:59.606+0000 7fa1af913640 1 Processor -- start
2024-09-10T10:28:00.373 INFO:teuthology.orchestra.run.smithi092.stdout:/usr/bin/ceph: stderr
2024-09-10T10:27:59.607+0000 7fa1af913640 1 -- start start
2024-09-10T10:28:00.373 INFO:teuthology.orchestra.run.smithi092.stdout:/usr/bin/ceph: stderr
2024-09-10T10:27:59.607+0000 7fa1af913640 1 --2- >> [v2:172.21.15.92:3300/0,v1:172.21.15.92:6789/0] conn(0x7fa1a8107620 0x7fa1a8107a20 unknown :-1 s=NONE pgs=0 cs=0 l=0 rev1=0 crypto rx=0 tx=0 comp rx=0 tx=0).connect
2024-09-10T10:28:00.374 INFO:teuthology.orchestra.run.smithi092.stdout:/usr/bin/ceph: stderr
2024-09-10T10:27:59.607+0000 7fa1af913640 1 -- --> [v2:172.21.15.92:3300/0,v1:172.21.15.92:6789/0] -- mon_getmap magic: 0 -- 0x7fa1a8107ff0 con 0x7fa1a8107620
2024-09-10T10:28:00.374 INFO:teuthology.orchestra.run.smithi092.stdout:/usr/bin/ceph: stderr
2024-09-10T10:27:59.607+0000 7fa1ad6af640 1 --2- >> [v2:172.21.15.92:3300/0,v1:172.21.15.92:6789/0] conn(0x7fa1a8107620 0x7fa1a8107a20 unknown :-1 s=BANNER_CONNECTING pgs=0 cs=0 l=0 rev1=0 crypto rx=0 tx=0 comp rx=0 tx=0)._handle_peer_banner_payload supported=3 required=0
2024-09-10T10:28:00.374 INFO:teuthology.orchestra.run.smithi092.stdout:/usr/bin/ceph: stderr
2024-09-10T10:27:59.607+0000 7fa1ad6af640 1 --2- >> [v2:172.21.15.92:3300/0,v1:172.21.15.92:6789/0] conn(0x7fa1a8107620 0x7fa1a8107a20 unknown :-1 s=HELLO_CONNECTING pgs=0 cs=0 l=0 rev1=1 crypto rx=0 tx=0 comp rx=0 tx=0).handle_hello peer v2:172.21.15.92:3300/0 says I am v2:172.21.15.92:34096/0 (socket says 172.21.15.92:34096)
2024-09-10T10:28:00.374 INFO:teuthology.orchestra.run.smithi092.stdout:/usr/bin/ceph: stderr
2024-09-10T10:27:59.607+0000 7fa1ad6af640 1 -- 172.21.15.92:0/1631410593 learned_addr learned my addr 172.21.15.92:0/1631410593 (peer_addr_for_me v2:172.21.15.92:0/0)
2024-09-10T10:28:00.374 INFO:teuthology.orchestra.run.smithi092.stdout:/usr/bin/ceph: stderr
2024-09-10T10:27:59.607+0000 7fa1ad6af640 1 -- 172.21.15.92:0/1631410593 --> [v2:172.21.15.92:3300/0,v1:172.21.15.92:6789/0] -- mon_subscribe({config=0+,monmap=0+}) -- 0x7fa1a8108820 con 0x7fa1a8107620
2024-09-10T10:28:00.374 INFO:teuthology.orchestra.run.smithi092.stdout:/usr/bin/ceph: stderr
2024-09-10T10:27:59.608+0000 7fa1ad6af640 1 --2- 172.21.15.92:0/1631410593 >> [v2:172.21.15.92:3300/0,v1:172.21.15.92:6789/0] conn(0x7fa1a8107620 0x7fa1a8107a20 secure :-1 s=READY pgs=72 cs=0 l=1 rev1=1 crypto rx=0x7fa1a4009820 tx=0x7fa1a402a270 comp rx=0 tx=0).ready entity=mon.0 client_cookie=e0d9a3ef5dd068dc server_cookie=0 in_seq=0 out_seq=0
2024-09-10T10:28:00.374 INFO:teuthology.orchestra.run.smithi092.stdout:/usr/bin/ceph: stderr
2024-09-10T10:27:59.608+0000 7fa19ffff640 1 -- 172.21.15.92:0/1631410593 <== mon.0 v2:172.21.15.92:3300/0 1 ==== mon_map magic: 0 ==== 205+0+0 (secure 0 0 0) 0x7fa1a4037070 con 0x7fa1a8107620
2024-09-10T10:28:00.374 INFO:teuthology.orchestra.run.smithi092.stdout:/usr/bin/ceph: stderr
2024-09-10T10:27:59.608+0000 7fa19ffff640 1 -- 172.21.15.92:0/1631410593 <== mon.0 v2:172.21.15.92:3300/0 2 ==== config(27 keys) ==== 1140+0+0 (secure 0 0 0) 0x7fa1a4032920 con 0x7fa1a8107620
2024-09-10T10:28:00.374 INFO:teuthology.orchestra.run.smithi092.stdout:/usr/bin/ceph: stderr
2024-09-10T10:27:59.608+0000 7fa19ffff640 1 -- 172.21.15.92:0/1631410593 <== mon.0 v2:172.21.15.92:3300/0 3 ==== mon_map magic: 0 ==== 205+0+0 (secure 0 0 0) 0x7fa1a4030810 con 0x7fa1a8107620
2024-09-10T10:28:00.374 INFO:teuthology.orchestra.run.smithi092.stdout:/usr/bin/ceph: stderr
2024-09-10T10:27:59.609+0000 7fa1af913640 1 -- 172.21.15.92:0/1631410593 >> [v2:172.21.15.92:3300/0,v1:172.21.15.92:6789/0] conn(0x7fa1a8107620 msgr2=0x7fa1a8107a20 secure :-1 s=STATE_CONNECTION_ESTABLISHED l=1).mark_down
2024-09-10T10:28:00.374 INFO:teuthology.orchestra.run.smithi092.stdout:/usr/bin/ceph: stderr
2024-09-10T10:27:59.609+0000 7fa1af913640 1 --2- 172.21.15.92:0/1631410593 >> [v2:172.21.15.92:3300/0,v1:172.21.15.92:6789/0] conn(0x7fa1a8107620 0x7fa1a8107a20 secure :-1 s=READY pgs=72 cs=0 l=1 rev1=1 crypto rx=0x7fa1a4009820 tx=0x7fa1a402a270 comp rx=0 tx=0).stop
2024-09-10T10:28:00.374 INFO:teuthology.orchestra.run.smithi092.stdout:/usr/bin/ceph: stderr
2024-09-10T10:27:59.609+0000 7fa1af913640 1 -- 172.21.15.92:0/1631410593 shutdown_connections
2024-09-10T10:28:00.375 INFO:teuthology.orchestra.run.smithi092.stdout:/usr/bin/ceph: stderr
2024-09-10T10:27:59.609+0000 7fa1af913640 1 --2- 172.21.15.92:0/1631410593 >> [v2:172.21.15.92:3300/0,v1:172.21.15.92:6789/0] conn(0x7fa1a8107620 0x7fa1a8107a20 unknown :-1 s=CLOSED pgs=72 cs=0 l=1 rev1=1 crypto rx=0 tx=0 comp rx=0 tx=0).stop
2024-09-10T10:28:00.375 INFO:teuthology.orchestra.run.smithi092.stdout:/usr/bin/ceph: stderr
2024-09-10T10:27:59.609+0000 7fa1af913640 1 -- 172.21.15.92:0/1631410593 >> 172.21.15.92:0/1631410593 conn(0x7fa1a8102db0 msgr2=0x7fa1a81051f0 unknown :-1 s=STATE_NONE l=0).mark_down
2024-09-10T10:28:00.375 INFO:teuthology.orchestra.run.smithi092.stdout:/usr/bin/ceph: stderr
2024-09-10T10:27:59.609+0000 7fa1af913640 1 -- 172.21.15.92:0/1631410593 shutdown_connections
2024-09-10T10:28:00.375 INFO:teuthology.orchestra.run.smithi092.stdout:/usr/bin/ceph: stderr
2024-09-10T10:27:59.609+0000 7fa1af913640 1 -- 172.21.15.92:0/1631410593 wait complete.
2024-09-10T10:28:00.375 INFO:teuthology.orchestra.run.smithi092.stdout:/usr/bin/ceph: stderr
2024-09-10T10:27:59.609+0000 7fa1af913640 1 Processor -- start
2024-09-10T10:28:00.375 INFO:teuthology.orchestra.run.smithi092.stdout:/usr/bin/ceph: stderr
2024-09-10T10:27:59.609+0000 7fa1af913640 1 -- start start
2024-09-10T10:28:00.375 INFO:teuthology.orchestra.run.smithi092.stdout:/usr/bin/ceph: stderr
2024-09-10T10:27:59.609+0000 7fa1af913640 1 --2- >> [v2:172.21.15.92:3300/0,v1:172.21.15.92:6789/0] conn(0x7fa1a8107620 0x7fa1a819b6c0 unknown :-1 s=NONE pgs=0 cs=0 l=1 rev1=0 crypto rx=0 tx=0 comp rx=0 tx=0).connect
2024-09-10T10:28:00.375 INFO:teuthology.orchestra.run.smithi092.stdout:/usr/bin/ceph: stderr
2024-09-10T10:27:59.609+0000 7fa1af913640 1 -- --> [v2:172.21.15.92:3300/0,v1:172.21.15.92:6789/0] -- mon_getmap magic: 0 -- 0x7fa1a810bbd0 con 0x7fa1a8107620
2024-09-10T10:28:00.375 INFO:teuthology.orchestra.run.smithi092.stdout:/usr/bin/ceph: stderr
2024-09-10T10:27:59.610+0000 7fa1ad6af640 1 --2- >> [v2:172.21.15.92:3300/0,v1:172.21.15.92:6789/0] conn(0x7fa1a8107620 0x7fa1a819b6c0 unknown :-1 s=BANNER_CONNECTING pgs=0 cs=0 l=1 rev1=0 crypto rx=0 tx=0 comp rx=0 tx=0)._handle_peer_banner_payload supported=3 required=0
2024-09-10T10:28:00.375 INFO:teuthology.orchestra.run.smithi092.stdout:/usr/bin/ceph: stderr
2024-09-10T10:27:59.610+0000 7fa1ad6af640 1 --2- >> [v2:172.21.15.92:3300/0,v1:172.21.15.92:6789/0] conn(0x7fa1a8107620 0x7fa1a819b6c0 unknown :-1 s=HELLO_CONNECTING pgs=0 cs=0 l=1 rev1=1 crypto rx=0 tx=0 comp rx=0 tx=0).handle_hello peer v2:172.21.15.92:3300/0 says I am v2:172.21.15.92:34104/0 (socket says 172.21.15.92:34104)
2024-09-10T10:28:00.375 INFO:teuthology.orchestra.run.smithi092.stdout:/usr/bin/ceph: stderr
2024-09-10T10:27:59.610+0000 7fa1ad6af640 1 -- 172.21.15.92:0/837274668 learned_addr learned my addr 172.21.15.92:0/837274668 (peer_addr_for_me v2:172.21.15.92:0/0)
2024-09-10T10:28:00.376 INFO:teuthology.orchestra.run.smithi092.stdout:/usr/bin/ceph: stderr
2024-09-10T10:27:59.610+0000 7fa1ad6af640 1 -- 172.21.15.92:0/837274668 --> [v2:172.21.15.92:3300/0,v1:172.21.15.92:6789/0] -- mon_subscribe({config=0+,monmap=0+}) -- 0x7fa1a819bc00 con 0x7fa1a8107620
2024-09-10T10:28:00.376 INFO:teuthology.orchestra.run.smithi092.stdout:/usr/bin/ceph: stderr
2024-09-10T10:27:59.610+0000 7fa1ad6af640 1 --2- 172.21.15.92:0/837274668 >> [v2:172.21.15.92:3300/0,v1:172.21.15.92:6789/0] conn(0x7fa1a8107620 0x7fa1a819b6c0 secure :-1 s=READY pgs=73 cs=0 l=1 rev1=1 crypto rx=0x7fa1a4030560 tx=0x7fa1a4032670 comp rx=0 tx=0).ready entity=mon.0 client_cookie=0 server_cookie=0 in_seq=0 out_seq=0
2024-09-10T10:28:00.376 INFO:teuthology.orchestra.run.smithi092.stdout:/usr/bin/ceph: stderr
2024-09-10T10:27:59.610+0000 7fa19e7fc640 1 -- 172.21.15.92:0/837274668 <== mon.0 v2:172.21.15.92:3300/0 1 ==== mon_map magic: 0 ==== 205+0+0 (secure 0 0 0) 0x7fa1a4037040 con 0x7fa1a8107620
2024-09-10T10:28:00.376 INFO:teuthology.orchestra.run.smithi092.stdout:/usr/bin/ceph: stderr
2024-09-10T10:27:59.610+0000 7fa19e7fc640 1 -- 172.21.15.92:0/837274668 <== mon.0 v2:172.21.15.92:3300/0 2 ==== config(27 keys) ==== 1140+0+0 (secure 0 0 0) 0x7fa1a4040070 con 0x7fa1a8107620
2024-09-10T10:28:00.376 INFO:teuthology.orchestra.run.smithi092.stdout:/usr/bin/ceph: stderr
2024-09-10T10:27:59.610+0000 7fa1af913640 1 -- 172.21.15.92:0/837274668 --> [v2:172.21.15.92:3300/0,v1:172.21.15.92:6789/0] -- mon_subscribe({mgrmap=0+}) -- 0x7fa1a819be90 con 0x7fa1a8107620
2024-09-10T10:28:00.376 INFO:teuthology.orchestra.run.smithi092.stdout:/usr/bin/ceph: stderr
2024-09-10T10:27:59.610+0000 7fa19e7fc640 1 -- 172.21.15.92:0/837274668 <== mon.0 v2:172.21.15.92:3300/0 3 ==== mon_map magic: 0 ==== 205+0+0 (secure 0 0 0) 0x7fa1a403a6d0 con 0x7fa1a8107620
2024-09-10T10:28:00.376 INFO:teuthology.orchestra.run.smithi092.stdout:/usr/bin/ceph: stderr
2024-09-10T10:27:59.610+0000 7fa1af913640 1 -- 172.21.15.92:0/837274668 --> [v2:172.21.15.92:3300/0,v1:172.21.15.92:6789/0] -- mon_subscribe({osdmap=0}) -- 0x7fa1a819eb80 con 0x7fa1a8107620
2024-09-10T10:28:00.376 INFO:teuthology.orchestra.run.smithi092.stdout:/usr/bin/ceph: stderr
2024-09-10T10:27:59.611+0000 7fa19e7fc640 1 -- 172.21.15.92:0/837274668 <== mon.0 v2:172.21.15.92:3300/0 4 ==== mgrmap(e 12) ==== 46300+0+0 (secure 0 0 0) 0x7fa1a403a940 con 0x7fa1a8107620
2024-09-10T10:28:00.376 INFO:teuthology.orchestra.run.smithi092.stdout:/usr/bin/ceph: stderr
2024-09-10T10:27:59.611+0000 7fa19e7fc640 1 --2- 172.21.15.92:0/837274668 >> [v2:172.21.15.92:6800/2834815615,v1:172.21.15.92:6801/2834815615] conn(0x7fa194038fc0 0x7fa19403b480 unknown :-1 s=NONE pgs=0 cs=0 l=1 rev1=0 crypto rx=0 tx=0 comp rx=0 tx=0).connect
2024-09-10T10:28:00.376 INFO:teuthology.orchestra.run.smithi092.stdout:/usr/bin/ceph: stderr
2024-09-10T10:27:59.611+0000 7fa1af913640 1 -- 172.21.15.92:0/837274668 --> [v2:172.21.15.92:3300/0,v1:172.21.15.92:6789/0] -- mon_command({"prefix": "get_command_descriptions"} v 0) -- 0x7fa1a810bd50 con 0x7fa1a8107620
2024-09-10T10:28:00.376 INFO:teuthology.orchestra.run.smithi092.stdout:/usr/bin/ceph: stderr
2024-09-10T10:27:59.611+0000 7fa19e7fc640 1 -- 172.21.15.92:0/837274668 <== mon.0 v2:172.21.15.92:3300/0 5 ==== osd_map(3..3 src has 1..3) ==== 1155+0+0 (secure 0 0 0) 0x7fa1a406c800 con 0x7fa1a8107620
2024-09-10T10:28:00.376 INFO:teuthology.orchestra.run.smithi092.stdout:/usr/bin/ceph: stderr
2024-09-10T10:27:59.611+0000 7fa1aceae640 1 --2- 172.21.15.92:0/837274668 >> [v2:172.21.15.92:6800/2834815615,v1:172.21.15.92:6801/2834815615] conn(0x7fa194038fc0 0x7fa19403b480 unknown :-1 s=BANNER_CONNECTING pgs=0 cs=0 l=1 rev1=0 crypto rx=0 tx=0 comp rx=0 tx=0)._handle_peer_banner_payload supported=3 required=0
2024-09-10T10:28:00.376 INFO:teuthology.orchestra.run.smithi092.stdout:/usr/bin/ceph: stderr
2024-09-10T10:27:59.612+0000 7fa1aceae640 1 --2- 172.21.15.92:0/837274668 >> [v2:172.21.15.92:6800/2834815615,v1:172.21.15.92:6801/2834815615] conn(0x7fa194038fc0 0x7fa19403b480 secure :-1 s=READY pgs=9 cs=0 l=1 rev1=1 crypto rx=0x7fa1980098c0 tx=0x7fa198006db0 comp rx=0 tx=0).ready entity=mgr.14150 client_cookie=0 server_cookie=0 in_seq=0 out_seq=0
2024-09-10T10:28:00.377 INFO:teuthology.orchestra.run.smithi092.stdout:/usr/bin/ceph: stderr
2024-09-10T10:27:59.616+0000 7fa19e7fc640 1 -- 172.21.15.92:0/837274668 <== mon.0 v2:172.21.15.92:3300/0 6 ==== mon_command_ack([{"prefix": "get_command_descriptions"}]=0 v0) ==== 72+0+188821 (secure 0 0 0) 0x7fa1a4044c70 con 0x7fa1a8107620
2024-09-10T10:28:00.377 INFO:teuthology.orchestra.run.smithi092.stdout:/usr/bin/ceph: stderr
2024-09-10T10:27:59.781+0000 7fa1af913640 1 -- 172.21.15.92:0/837274668 --> [v2:172.21.15.92:3300/0,v1:172.21.15.92:6789/0] -- mon_command({"prefix": "config get", "who": "mgr", "key": "mgr/dashboard/ssl_server_port"} v 0) -- 0x7fa1a819ed50 con 0x7fa1a8107620
2024-09-10T10:28:00.377 INFO:teuthology.orchestra.run.smithi092.stdout:/usr/bin/ceph: stderr
2024-09-10T10:27:59.781+0000 7fa19e7fc640 1 -- 172.21.15.92:0/837274668 <== mon.0 v2:172.21.15.92:3300/0 7 ==== mon_command_ack([{"prefix": "config get", "who": "mgr", "key": "mgr/dashboard/ssl_server_port"}]=0 v8) ==== 112+0+5 (secure 0 0 0) 0x7fa1a4040cc0 con 0x7fa1a8107620
2024-09-10T10:28:00.377 INFO:teuthology.orchestra.run.smithi092.stdout:/usr/bin/ceph: stderr
2024-09-10T10:27:59.783+0000 7fa1af913640 1 -- 172.21.15.92:0/837274668 >> [v2:172.21.15.92:6800/2834815615,v1:172.21.15.92:6801/2834815615] conn(0x7fa194038fc0 msgr2=0x7fa19403b480 secure :-1 s=STATE_CONNECTION_ESTABLISHED l=1).mark_down
2024-09-10T10:28:00.377 INFO:teuthology.orchestra.run.smithi092.stdout:/usr/bin/ceph: stderr
2024-09-10T10:27:59.783+0000 7fa1af913640 1 --2- 172.21.15.92:0/837274668 >> [v2:172.21.15.92:6800/2834815615,v1:172.21.15.92:6801/2834815615] conn(0x7fa194038fc0 0x7fa19403b480 secure :-1 s=READY pgs=9 cs=0 l=1 rev1=1 crypto rx=0x7fa1980098c0 tx=0x7fa198006db0 comp rx=0 tx=0).stop
2024-09-10T10:28:00.377 INFO:teuthology.orchestra.run.smithi092.stdout:/usr/bin/ceph: stderr
2024-09-10T10:27:59.783+0000 7fa1af913640 1 -- 172.21.15.92:0/837274668 >> [v2:172.21.15.92:3300/0,v1:172.21.15.92:6789/0] conn(0x7fa1a8107620 msgr2=0x7fa1a819b6c0 secure :-1 s=STATE_CONNECTION_ESTABLISHED l=1).mark_down
2024-09-10T10:28:00.377 INFO:teuthology.orchestra.run.smithi092.stdout:/usr/bin/ceph: stderr
2024-09-10T10:27:59.783+0000 7fa1af913640 1 --2- 172.21.15.92:0/837274668 >> [v2:172.21.15.92:3300/0,v1:172.21.15.92:6789/0] conn(0x7fa1a8107620 0x7fa1a819b6c0 secure :-1 s=READY pgs=73 cs=0 l=1 rev1=1 crypto rx=0x7fa1a4030560 tx=0x7fa1a4032670 comp rx=0 tx=0).stop
2024-09-10T10:28:00.377 INFO:teuthology.orchestra.run.smithi092.stdout:/usr/bin/ceph: stderr
2024-09-10T10:27:59.783+0000 7fa1af913640 1 -- 172.21.15.92:0/837274668 shutdown_connections
2024-09-10T10:28:00.377 INFO:teuthology.orchestra.run.smithi092.stdout:/usr/bin/ceph: stderr
2024-09-10T10:27:59.784+0000 7fa1af913640 1 --2- 172.21.15.92:0/837274668 >> [v2:172.21.15.92:6800/2834815615,v1:172.21.15.92:6801/2834815615] conn(0x7fa194038fc0 0x7fa19403b480 unknown :-1 s=CLOSED pgs=9 cs=0 l=1 rev1=1 crypto rx=0 tx=0 comp rx=0 tx=0).stop
2024-09-10T10:28:00.377 INFO:teuthology.orchestra.run.smithi092.stdout:/usr/bin/ceph: stderr
2024-09-10T10:27:59.784+0000 7fa1af913640 1 --2- 172.21.15.92:0/837274668 >> [v2:172.21.15.92:3300/0,v1:172.21.15.92:6789/0] conn(0x7fa1a8107620 0x7fa1a819b6c0 unknown :-1 s=CLOSED pgs=73 cs=0 l=1 rev1=1 crypto rx=0 tx=0 comp rx=0 tx=0).stop
2024-09-10T10:28:00.377 INFO:teuthology.orchestra.run.smithi092.stdout:/usr/bin/ceph: stderr
2024-09-10T10:27:59.784+0000 7fa1af913640 1 -- 172.21.15.92:0/837274668 >> 172.21.15.92:0/837274668 conn(0x7fa1a8102db0 msgr2=0x7fa1a8103980 unknown :-1 s=STATE_NONE l=0).mark_down
2024-09-10T10:28:00.377 INFO:teuthology.orchestra.run.smithi092.stdout:/usr/bin/ceph: stderr
2024-09-10T10:27:59.784+0000 7fa1af913640 1 -- 172.21.15.92:0/837274668 shutdown_connections
2024-09-10T10:28:00.377 INFO:teuthology.orchestra.run.smithi092.stdout:/usr/bin/ceph: stderr
2024-09-10T10:27:59.784+0000 7fa1af913640 1 -- 172.21.15.92:0/837274668 wait complete.
2024-09-10T10:28:00.380 INFO:teuthology.orchestra.run.smithi092.stdout:Non-zero exit code 1 from systemctl is-enabled firewalld.service
2024-09-10T10:28:00.381 INFO:teuthology.orchestra.run.smithi092.stdout:systemctl: stdout disabled
2024-09-10T10:28:00.388 INFO:teuthology.orchestra.run.smithi092.stdout:Non-zero exit code 3 from systemctl is-active firewalld.service
2024-09-10T10:28:00.388 INFO:teuthology.orchestra.run.smithi092.stdout:systemctl: stdout inactive
2024-09-10T10:28:00.388 INFO:teuthology.orchestra.run.smithi092.stdout:firewalld.service is not enabled
2024-09-10T10:28:00.388 INFO:teuthology.orchestra.run.smithi092.stdout:Not possible to open ports <[8443]>. firewalld.service is not available
2024-09-10T10:28:00.390 INFO:teuthology.orchestra.run.smithi092.stdout:Ceph Dashboard is now available at:
2024-09-10T10:28:00.390 INFO:teuthology.orchestra.run.smithi092.stdout:
2024-09-10T10:28:00.390 INFO:teuthology.orchestra.run.smithi092.stdout: URL: https://smithi092.front.sepia.ceph.com:8443/
2024-09-10T10:28:00.390 INFO:teuthology.orchestra.run.smithi092.stdout: User: admin
2024-09-10T10:28:00.390 INFO:teuthology.orchestra.run.smithi092.stdout: Password: wxfnmyi0qo
2024-09-10T10:28:00.390 INFO:teuthology.orchestra.run.smithi092.stdout:
2024-09-10T10:28:00.390 INFO:teuthology.orchestra.run.smithi092.stdout:Saving cluster configuration to /var/lib/ceph/0df4af84-6f5f-11ef-bcea-c7b262605968/config directory
2024-09-10T10:28:01.322 INFO:journalctl@ceph.mon.a.smithi092.stdout:Sep 10 10:28:01 smithi092 ceph-mon[30834]: mgrmap e13: x(active, since 6s)
2024-09-10T10:28:01.322 INFO:journalctl@ceph.mon.a.smithi092.stdout:Sep 10 10:28:01 smithi092 ceph-mon[30834]: from='client.? 172.21.15.92:0/816295703' entity='client.admin'
2024-09-10T10:28:01.588 INFO:teuthology.orchestra.run.smithi092.stdout:/usr/bin/ceph: stderr
2024-09-10T10:28:00.754+0000 7f0de15a6640 1 Processor -- start
2024-09-10T10:28:01.589 INFO:teuthology.orchestra.run.smithi092.stdout:/usr/bin/ceph: stderr
2024-09-10T10:28:00.754+0000 7f0de15a6640 1 -- start start
2024-09-10T10:28:01.589 INFO:teuthology.orchestra.run.smithi092.stdout:/usr/bin/ceph: stderr
2024-09-10T10:28:00.754+0000 7f0de15a6640 1 --2- >> [v2:172.21.15.92:3300/0,v1:172.21.15.92:6789/0] conn(0x7f0ddc106510 0x7f0ddc106910 unknown :-1 s=NONE pgs=0 cs=0 l=0 rev1=0 crypto rx=0 tx=0 comp rx=0 tx=0).connect
2024-09-10T10:28:01.589 INFO:teuthology.orchestra.run.smithi092.stdout:/usr/bin/ceph: stderr
2024-09-10T10:28:00.754+0000 7f0de15a6640 1 -- --> [v2:172.21.15.92:3300/0,v1:172.21.15.92:6789/0] -- mon_getmap magic: 0 -- 0x7f0ddc106ee0 con 0x7f0ddc106510
2024-09-10T10:28:01.589 INFO:teuthology.orchestra.run.smithi092.stdout:/usr/bin/ceph: stderr
2024-09-10T10:28:00.754+0000 7f0ddaffd640 1 --2- >> [v2:172.21.15.92:3300/0,v1:172.21.15.92:6789/0] conn(0x7f0ddc106510 0x7f0ddc106910 unknown :-1 s=BANNER_CONNECTING pgs=0 cs=0 l=0 rev1=0 crypto rx=0 tx=0 comp rx=0 tx=0)._handle_peer_banner_payload supported=3 required=0
2024-09-10T10:28:01.589 INFO:teuthology.orchestra.run.smithi092.stdout:/usr/bin/ceph: stderr
2024-09-10T10:28:00.755+0000 7f0ddaffd640 1 --2- >> [v2:172.21.15.92:3300/0,v1:172.21.15.92:6789/0] conn(0x7f0ddc106510 0x7f0ddc106910 unknown :-1 s=HELLO_CONNECTING pgs=0 cs=0 l=0 rev1=1 crypto rx=0 tx=0 comp rx=0 tx=0).handle_hello peer v2:172.21.15.92:3300/0 says I am v2:172.21.15.92:34110/0 (socket says 172.21.15.92:34110)
2024-09-10T10:28:01.589 INFO:teuthology.orchestra.run.smithi092.stdout:/usr/bin/ceph: stderr
2024-09-10T10:28:00.755+0000 7f0ddaffd640 1 -- 172.21.15.92:0/507184527 learned_addr learned my addr 172.21.15.92:0/507184527 (peer_addr_for_me v2:172.21.15.92:0/0)
2024-09-10T10:28:01.589 INFO:teuthology.orchestra.run.smithi092.stdout:/usr/bin/ceph: stderr
2024-09-10T10:28:00.755+0000 7f0ddaffd640 1 -- 172.21.15.92:0/507184527 --> [v2:172.21.15.92:3300/0,v1:172.21.15.92:6789/0] -- mon_subscribe({config=0+,monmap=0+}) -- 0x7f0ddc1076c0 con 0x7f0ddc106510
2024-09-10T10:28:01.589 INFO:teuthology.orchestra.run.smithi092.stdout:/usr/bin/ceph: stderr
2024-09-10T10:28:00.755+0000 7f0ddaffd640 1 --2- 172.21.15.92:0/507184527 >> [v2:172.21.15.92:3300/0,v1:172.21.15.92:6789/0] conn(0x7f0ddc106510 0x7f0ddc106910 secure :-1 s=READY pgs=74 cs=0 l=1 rev1=1 crypto rx=0x7f0dcc009820 tx=0x7f0dcc02a270 comp rx=0 tx=0).ready entity=mon.0 client_cookie=d2abab2fbe3c7476 server_cookie=0 in_seq=0 out_seq=0
2024-09-10T10:28:01.589 INFO:teuthology.orchestra.run.smithi092.stdout:/usr/bin/ceph: stderr
2024-09-10T10:28:00.756+0000 7f0dda7fc640 1 -- 172.21.15.92:0/507184527 <== mon.0 v2:172.21.15.92:3300/0 1 ==== mon_map magic: 0 ==== 205+0+0 (secure 0 0 0) 0x7f0dcc037070 con 0x7f0ddc106510
2024-09-10T10:28:01.589 INFO:teuthology.orchestra.run.smithi092.stdout:/usr/bin/ceph: stderr
2024-09-10T10:28:00.756+0000 7f0dda7fc640 1 -- 172.21.15.92:0/507184527 <== mon.0 v2:172.21.15.92:3300/0 2 ==== config(27 keys) ==== 1140+0+0 (secure 0 0 0) 0x7f0dcc032920 con 0x7f0ddc106510
2024-09-10T10:28:01.589 INFO:teuthology.orchestra.run.smithi092.stdout:/usr/bin/ceph: stderr
2024-09-10T10:28:00.756+0000 7f0dda7fc640 1 -- 172.21.15.92:0/507184527 <== mon.0 v2:172.21.15.92:3300/0 3 ==== mon_map magic: 0 ==== 205+0+0 (secure 0 0 0) 0x7f0dcc030810 con 0x7f0ddc106510
2024-09-10T10:28:01.589 INFO:teuthology.orchestra.run.smithi092.stdout:/usr/bin/ceph: stderr
2024-09-10T10:28:00.756+0000 7f0de15a6640 1 -- 172.21.15.92:0/507184527 >> [v2:172.21.15.92:3300/0,v1:172.21.15.92:6789/0] conn(0x7f0ddc106510 msgr2=0x7f0ddc106910 secure :-1 s=STATE_CONNECTION_ESTABLISHED l=1).mark_down
2024-09-10T10:28:01.590 INFO:teuthology.orchestra.run.smithi092.stdout:/usr/bin/ceph: stderr
2024-09-10T10:28:00.756+0000 7f0de15a6640 1 --2- 172.21.15.92:0/507184527 >> [v2:172.21.15.92:3300/0,v1:172.21.15.92:6789/0] conn(0x7f0ddc106510 0x7f0ddc106910 secure :-1 s=READY pgs=74 cs=0 l=1 rev1=1 crypto rx=0x7f0dcc009820 tx=0x7f0dcc02a270 comp rx=0 tx=0).stop
2024-09-10T10:28:01.590 INFO:teuthology.orchestra.run.smithi092.stdout:/usr/bin/ceph: stderr
2024-09-10T10:28:00.756+0000 7f0de15a6640 1 -- 172.21.15.92:0/507184527 shutdown_connections
2024-09-10T10:28:01.590 INFO:teuthology.orchestra.run.smithi092.stdout:/usr/bin/ceph: stderr
2024-09-10T10:28:00.756+0000 7f0de15a6640 1 --2- 172.21.15.92:0/507184527 >> [v2:172.21.15.92:3300/0,v1:172.21.15.92:6789/0] conn(0x7f0ddc106510 0x7f0ddc106910 unknown :-1 s=CLOSED pgs=74 cs=0 l=1 rev1=1 crypto rx=0 tx=0 comp rx=0 tx=0).stop
2024-09-10T10:28:01.590 INFO:teuthology.orchestra.run.smithi092.stdout:/usr/bin/ceph: stderr
2024-09-10T10:28:00.756+0000 7f0de15a6640 1 -- 172.21.15.92:0/507184527 >> 172.21.15.92:0/507184527 conn(0x7f0ddc101ca0 msgr2=0x7f0ddc1040e0 unknown :-1 s=STATE_NONE l=0).mark_down
2024-09-10T10:28:01.590 INFO:teuthology.orchestra.run.smithi092.stdout:/usr/bin/ceph: stderr
2024-09-10T10:28:00.756+0000 7f0de15a6640 1 -- 172.21.15.92:0/507184527 shutdown_connections
2024-09-10T10:28:01.590 INFO:teuthology.orchestra.run.smithi092.stdout:/usr/bin/ceph: stderr
2024-09-10T10:28:00.756+0000 7f0de15a6640 1 -- 172.21.15.92:0/507184527 wait complete.
2024-09-10T10:28:01.590 INFO:teuthology.orchestra.run.smithi092.stdout:/usr/bin/ceph: stderr
2024-09-10T10:28:00.757+0000 7f0de15a6640 1 Processor -- start
2024-09-10T10:28:01.590 INFO:teuthology.orchestra.run.smithi092.stdout:/usr/bin/ceph: stderr
2024-09-10T10:28:00.757+0000 7f0de15a6640 1 -- start start
2024-09-10T10:28:01.590 INFO:teuthology.orchestra.run.smithi092.stdout:/usr/bin/ceph: stderr
2024-09-10T10:28:00.757+0000 7f0de15a6640 1 --2- >> [v2:172.21.15.92:3300/0,v1:172.21.15.92:6789/0] conn(0x7f0ddc106510 0x7f0ddc19a530 unknown :-1 s=NONE pgs=0 cs=0 l=1 rev1=0 crypto rx=0 tx=0 comp rx=0 tx=0).connect
2024-09-10T10:28:01.590 INFO:teuthology.orchestra.run.smithi092.stdout:/usr/bin/ceph: stderr
2024-09-10T10:28:00.757+0000 7f0de15a6640 1 -- --> [v2:172.21.15.92:3300/0,v1:172.21.15.92:6789/0] -- mon_getmap magic: 0 -- 0x7f0ddc10aa70 con 0x7f0ddc106510
2024-09-10T10:28:01.590 INFO:teuthology.orchestra.run.smithi092.stdout:/usr/bin/ceph: stderr
2024-09-10T10:28:00.757+0000 7f0ddaffd640 1 --2- >> [v2:172.21.15.92:3300/0,v1:172.21.15.92:6789/0] conn(0x7f0ddc106510 0x7f0ddc19a530 unknown :-1 s=BANNER_CONNECTING pgs=0 cs=0 l=1 rev1=0 crypto rx=0 tx=0 comp rx=0 tx=0)._handle_peer_banner_payload supported=3 required=0
2024-09-10T10:28:01.590 INFO:teuthology.orchestra.run.smithi092.stdout:/usr/bin/ceph: stderr
2024-09-10T10:28:00.757+0000 7f0ddaffd640 1 --2- >> [v2:172.21.15.92:3300/0,v1:172.21.15.92:6789/0] conn(0x7f0ddc106510 0x7f0ddc19a530 unknown :-1 s=HELLO_CONNECTING pgs=0 cs=0 l=1 rev1=1 crypto rx=0 tx=0 comp rx=0 tx=0).handle_hello peer v2:172.21.15.92:3300/0 says I am v2:172.21.15.92:34124/0 (socket says 172.21.15.92:34124)
2024-09-10T10:28:01.590 INFO:teuthology.orchestra.run.smithi092.stdout:/usr/bin/ceph: stderr
2024-09-10T10:28:00.757+0000 7f0ddaffd640 1 -- 172.21.15.92:0/816295703 learned_addr learned my addr 172.21.15.92:0/816295703 (peer_addr_for_me v2:172.21.15.92:0/0)
2024-09-10T10:28:01.591 INFO:teuthology.orchestra.run.smithi092.stdout:/usr/bin/ceph: stderr
2024-09-10T10:28:00.757+0000 7f0ddaffd640 1 -- 172.21.15.92:0/816295703 --> [v2:172.21.15.92:3300/0,v1:172.21.15.92:6789/0] -- mon_subscribe({config=0+,monmap=0+}) -- 0x7f0ddc19aa70 con 0x7f0ddc106510
2024-09-10T10:28:01.591 INFO:teuthology.orchestra.run.smithi092.stdout:/usr/bin/ceph: stderr
2024-09-10T10:28:00.758+0000 7f0ddaffd640 1 --2- 172.21.15.92:0/816295703 >> [v2:172.21.15.92:3300/0,v1:172.21.15.92:6789/0] conn(0x7f0ddc106510 0x7f0ddc19a530 secure :-1 s=READY pgs=75 cs=0 l=1 rev1=1 crypto rx=0x7f0dcc030560 tx=0x7f0dcc032670 comp rx=0 tx=0).ready entity=mon.0 client_cookie=0 server_cookie=0 in_seq=0 out_seq=0
2024-09-10T10:28:01.591 INFO:teuthology.orchestra.run.smithi092.stdout:/usr/bin/ceph: stderr
2024-09-10T10:28:00.758+0000 7f0dd8ff9640 1 -- 172.21.15.92:0/816295703 <== mon.0 v2:172.21.15.92:3300/0 1 ==== mon_map magic: 0 ==== 205+0+0 (secure 0 0 0) 0x7f0dcc037040 con 0x7f0ddc106510
2024-09-10T10:28:01.591 INFO:teuthology.orchestra.run.smithi092.stdout:/usr/bin/ceph: stderr
2024-09-10T10:28:00.758+0000 7f0dd8ff9640 1 -- 172.21.15.92:0/816295703 <== mon.0 v2:172.21.15.92:3300/0 2 ==== config(27 keys) ==== 1140+0+0 (secure 0 0 0) 0x7f0dcc040070 con 0x7f0ddc106510
2024-09-10T10:28:01.591 INFO:teuthology.orchestra.run.smithi092.stdout:/usr/bin/ceph: stderr
2024-09-10T10:28:00.758+0000 7f0dd8ff9640 1 -- 172.21.15.92:0/816295703 <== mon.0 v2:172.21.15.92:3300/0 3 ==== mon_map magic: 0 ==== 205+0+0 (secure 0 0 0) 0x7f0dcc03a6d0 con 0x7f0ddc106510
2024-09-10T10:28:01.591 INFO:teuthology.orchestra.run.smithi092.stdout:/usr/bin/ceph: stderr
2024-09-10T10:28:00.758+0000 7f0de15a6640 1 -- 172.21.15.92:0/816295703 --> [v2:172.21.15.92:3300/0,v1:172.21.15.92:6789/0] -- mon_subscribe({mgrmap=0+}) -- 0x7f0ddc19ad00 con 0x7f0ddc106510
2024-09-10T10:28:01.591 INFO:teuthology.orchestra.run.smithi092.stdout:/usr/bin/ceph: stderr
2024-09-10T10:28:00.758+0000 7f0de15a6640 1 -- 172.21.15.92:0/816295703 --> [v2:172.21.15.92:3300/0,v1:172.21.15.92:6789/0] -- mon_subscribe({osdmap=0}) -- 0x7f0ddc19d9f0 con 0x7f0ddc106510
2024-09-10T10:28:01.591 INFO:teuthology.orchestra.run.smithi092.stdout:/usr/bin/ceph: stderr
