2024-09-10T10:35:55.172 INFO:teuthology.orchestra.run.smithi143.stdout:/usr/bin/ceph: stderr
2024-09-10T10:35:53.597+0000 7ffaccb5c640 1 -- start start
2024-09-10T10:35:55.172 INFO:teuthology.orchestra.run.smithi143.stdout:/usr/bin/ceph: stderr
2024-09-10T10:35:53.597+0000 7ffaccb5c640 1 --2- >> [v2:172.21.15.143:3300/0,v1:172.21.15.143:6789/0] conn(0x7ffac8106410 0x7ffac819b4b0 unknown :-1 s=NONE pgs=0 cs=0 l=1 rev1=0 crypto rx=0 tx=0 comp rx=0 tx=0).connect
2024-09-10T10:35:55.172 INFO:teuthology.orchestra.run.smithi143.stdout:/usr/bin/ceph: stderr
2024-09-10T10:35:53.597+0000 7ffaccb5c640 1 -- --> [v2:172.21.15.143:3300/0,v1:172.21.15.143:6789/0] -- mon_getmap magic: 0 -- 0x7ffac810a9c0 con 0x7ffac8106410
2024-09-10T10:35:55.172 INFO:teuthology.orchestra.run.smithi143.stdout:/usr/bin/ceph: stderr
2024-09-10T10:35:53.598+0000 7ffac659c640 1 --2- >> [v2:172.21.15.143:3300/0,v1:172.21.15.143:6789/0] conn(0x7ffac8106410 0x7ffac819b4b0 unknown :-1 s=BANNER_CONNECTING pgs=0 cs=0 l=1 rev1=0 crypto rx=0 tx=0 comp rx=0 tx=0)._handle_peer_banner_payload supported=3 required=0
2024-09-10T10:35:55.172 INFO:teuthology.orchestra.run.smithi143.stdout:/usr/bin/ceph: stderr
2024-09-10T10:35:53.598+0000 7ffac659c640 1 --2- >> [v2:172.21.15.143:3300/0,v1:172.21.15.143:6789/0] conn(0x7ffac8106410 0x7ffac819b4b0 unknown :-1 s=HELLO_CONNECTING pgs=0 cs=0 l=1 rev1=1 crypto rx=0 tx=0 comp rx=0 tx=0).handle_hello peer v2:172.21.15.143:3300/0 says I am v2:172.21.15.143:33204/0 (socket says 172.21.15.143:33204)
2024-09-10T10:35:55.172 INFO:teuthology.orchestra.run.smithi143.stdout:/usr/bin/ceph: stderr
2024-09-10T10:35:53.598+0000 7ffac659c640 1 -- 172.21.15.143:0/2567486695 learned_addr learned my addr 172.21.15.143:0/2567486695 (peer_addr_for_me v2:172.21.15.143:0/0)
2024-09-10T10:35:55.172 INFO:teuthology.orchestra.run.smithi143.stdout:/usr/bin/ceph: stderr
2024-09-10T10:35:53.598+0000 7ffac659c640 1 -- 172.21.15.143:0/2567486695 --> [v2:172.21.15.143:3300/0,v1:172.21.15.143:6789/0] -- mon_subscribe({config=0+,monmap=0+}) -- 0x7ffac819b9f0 con 0x7ffac8106410
2024-09-10T10:35:55.172 INFO:teuthology.orchestra.run.smithi143.stdout:/usr/bin/ceph: stderr
2024-09-10T10:35:53.598+0000 7ffac659c640 1 --2- 172.21.15.143:0/2567486695 >> [v2:172.21.15.143:3300/0,v1:172.21.15.143:6789/0] conn(0x7ffac8106410 0x7ffac819b4b0 secure :-1 s=READY pgs=54 cs=0 l=1 rev1=1 crypto rx=0x7ffab8009940 tx=0x7ffab8030cc0 comp rx=0 tx=0).ready entity=mon.0 client_cookie=0 server_cookie=0 in_seq=0 out_seq=0
2024-09-10T10:35:55.172 INFO:teuthology.orchestra.run.smithi143.stdout:/usr/bin/ceph: stderr
2024-09-10T10:35:53.598+0000 7ffabf7fe640 1 -- 172.21.15.143:0/2567486695 <== mon.0 v2:172.21.15.143:3300/0 1 ==== mon_map magic: 0 ==== 205+0+0 (secure 0 0 0) 0x7ffab8042070 con 0x7ffac8106410
2024-09-10T10:35:55.172 INFO:teuthology.orchestra.run.smithi143.stdout:/usr/bin/ceph: stderr
2024-09-10T10:35:53.598+0000 7ffabf7fe640 1 -- 172.21.15.143:0/2567486695 <== mon.0 v2:172.21.15.143:3300/0 2 ==== config(26 keys) ==== 1102+0+0 (secure 0 0 0) 0x7ffab8030e30 con 0x7ffac8106410
2024-09-10T10:35:55.172 INFO:teuthology.orchestra.run.smithi143.stdout:/usr/bin/ceph: stderr
2024-09-10T10:35:53.598+0000 7ffaccb5c640 1 -- 172.21.15.143:0/2567486695 --> [v2:172.21.15.143:3300/0,v1:172.21.15.143:6789/0] -- mon_subscribe({mgrmap=0+}) -- 0x7ffac819bc80 con 0x7ffac8106410
2024-09-10T10:35:55.173 INFO:teuthology.orchestra.run.smithi143.stdout:/usr/bin/ceph: stderr
2024-09-10T10:35:53.598+0000 7ffabf7fe640 1 -- 172.21.15.143:0/2567486695 <== mon.0 v2:172.21.15.143:3300/0 3 ==== mon_map magic: 0 ==== 205+0+0 (secure 0 0 0) 0x7ffab8037040 con 0x7ffac8106410
2024-09-10T10:35:55.173 INFO:teuthology.orchestra.run.smithi143.stdout:/usr/bin/ceph: stderr
2024-09-10T10:35:53.598+0000 7ffaccb5c640 1 -- 172.21.15.143:0/2567486695 --> [v2:172.21.15.143:3300/0,v1:172.21.15.143:6789/0] -- mon_subscribe({osdmap=0}) -- 0x7ffac819e970 con 0x7ffac8106410
2024-09-10T10:35:55.173 INFO:teuthology.orchestra.run.smithi143.stdout:/usr/bin/ceph: stderr
2024-09-10T10:35:53.599+0000 7ffabf7fe640 1 -- 172.21.15.143:0/2567486695 <== mon.0 v2:172.21.15.143:3300/0 4 ==== mgrmap(e 8) ==== 46287+0+0 (secure 0 0 0) 0x7ffab8045070 con 0x7ffac8106410
2024-09-10T10:35:55.173 INFO:teuthology.orchestra.run.smithi143.stdout:/usr/bin/ceph: stderr
2024-09-10T10:35:53.599+0000 7ffabf7fe640 1 --2- 172.21.15.143:0/2567486695 >> [v2:172.21.15.143:6800/1050213403,v1:172.21.15.143:6801/1050213403] conn(0x7ffab4038f70 0x7ffab403b430 unknown :-1 s=NONE pgs=0 cs=0 l=1 rev1=0 crypto rx=0 tx=0 comp rx=0 tx=0).connect
2024-09-10T10:35:55.173 INFO:teuthology.orchestra.run.smithi143.stdout:/usr/bin/ceph: stderr
2024-09-10T10:35:53.599+0000 7ffaccb5c640 1 -- 172.21.15.143:0/2567486695 --> [v2:172.21.15.143:3300/0,v1:172.21.15.143:6789/0] -- mon_command({"prefix": "get_command_descriptions"} v 0) -- 0x7ffac810ab40 con 0x7ffac8106410
2024-09-10T10:35:55.173 INFO:teuthology.orchestra.run.smithi143.stdout:/usr/bin/ceph: stderr
2024-09-10T10:35:53.599+0000 7ffabf7fe640 1 -- 172.21.15.143:0/2567486695 <== mon.0 v2:172.21.15.143:3300/0 5 ==== osd_map(2..2 src has 1..2) ==== 940+0+0 (secure 0 0 0) 0x7ffab806c170 con 0x7ffac8106410
2024-09-10T10:35:55.173 INFO:teuthology.orchestra.run.smithi143.stdout:/usr/bin/ceph: stderr
2024-09-10T10:35:53.599+0000 7ffabffff640 1 --2- 172.21.15.143:0/2567486695 >> [v2:172.21.15.143:6800/1050213403,v1:172.21.15.143:6801/1050213403] conn(0x7ffab4038f70 0x7ffab403b430 unknown :-1 s=BANNER_CONNECTING pgs=0 cs=0 l=1 rev1=0 crypto rx=0 tx=0 comp rx=0 tx=0)._handle_peer_banner_payload supported=3 required=0
2024-09-10T10:35:55.173 INFO:teuthology.orchestra.run.smithi143.stdout:/usr/bin/ceph: stderr
2024-09-10T10:35:53.600+0000 7ffabffff640 1 --2- 172.21.15.143:0/2567486695 >> [v2:172.21.15.143:6800/1050213403,v1:172.21.15.143:6801/1050213403] conn(0x7ffab4038f70 0x7ffab403b430 secure :-1 s=READY pgs=17 cs=0 l=1 rev1=1 crypto rx=0x7ffab00098c0 tx=0x7ffab0006db0 comp rx=0 tx=0).ready entity=mgr.14118 client_cookie=0 server_cookie=0 in_seq=0 out_seq=0
2024-09-10T10:35:55.173 INFO:teuthology.orchestra.run.smithi143.stdout:/usr/bin/ceph: stderr
2024-09-10T10:35:53.604+0000 7ffabf7fe640 1 -- 172.21.15.143:0/2567486695 <== mon.0 v2:172.21.15.143:3300/0 6 ==== mon_command_ack([{"prefix": "get_command_descriptions"}]=0 v0) ==== 72+0+188821 (secure 0 0 0) 0x7ffab803be10 con 0x7ffac8106410
2024-09-10T10:35:55.173 INFO:teuthology.orchestra.run.smithi143.stdout:/usr/bin/ceph: stderr
2024-09-10T10:35:53.817+0000 7ffaccb5c640 1 -- 172.21.15.143:0/2567486695 --> [v2:172.21.15.143:3300/0,v1:172.21.15.143:6789/0] -- mon_command({"prefix": "mgr module enable", "module": "dashboard"} v 0) -- 0x7ffac819eb40 con 0x7ffac8106410
2024-09-10T10:35:55.173 INFO:teuthology.orchestra.run.smithi143.stdout:/usr/bin/ceph: stderr
2024-09-10T10:35:54.433+0000 7ffabf7fe640 1 -- 172.21.15.143:0/2567486695 <== mon.0 v2:172.21.15.143:3300/0 7 ==== mon_command_ack([{"prefix": "mgr module enable", "module": "dashboard"}]=0 v9) ==== 88+0+0 (secure 0 0 0) 0x7ffab806b790 con 0x7ffac8106410
2024-09-10T10:35:55.173 INFO:teuthology.orchestra.run.smithi143.stdout:/usr/bin/ceph: stderr
2024-09-10T10:35:54.435+0000 7ffabf7fe640 1 -- 172.21.15.143:0/2567486695 <== mon.0 v2:172.21.15.143:3300/0 8 ==== mgrmap(e 9) ==== 46300+0+0 (secure 0 0 0) 0x7ffab803c650 con 0x7ffac8106410
2024-09-10T10:35:55.173 INFO:teuthology.orchestra.run.smithi143.stdout:/usr/bin/ceph: stderr
2024-09-10T10:35:54.436+0000 7ffaccb5c640 1 -- 172.21.15.143:0/2567486695 >> [v2:172.21.15.143:6800/1050213403,v1:172.21.15.143:6801/1050213403] conn(0x7ffab4038f70 msgr2=0x7ffab403b430 secure :-1 s=STATE_CONNECTION_ESTABLISHED l=1).mark_down
2024-09-10T10:35:55.174 INFO:teuthology.orchestra.run.smithi143.stdout:/usr/bin/ceph: stderr
2024-09-10T10:35:54.436+0000 7ffaccb5c640 1 --2- 172.21.15.143:0/2567486695 >> [v2:172.21.15.143:6800/1050213403,v1:172.21.15.143:6801/1050213403] conn(0x7ffab4038f70 0x7ffab403b430 secure :-1 s=READY pgs=17 cs=0 l=1 rev1=1 crypto rx=0x7ffab00098c0 tx=0x7ffab0006db0 comp rx=0 tx=0).stop
2024-09-10T10:35:55.174 INFO:teuthology.orchestra.run.smithi143.stdout:/usr/bin/ceph: stderr
2024-09-10T10:35:54.436+0000 7ffaccb5c640 1 -- 172.21.15.143:0/2567486695 >> [v2:172.21.15.143:3300/0,v1:172.21.15.143:6789/0] conn(0x7ffac8106410 msgr2=0x7ffac819b4b0 secure :-1 s=STATE_CONNECTION_ESTABLISHED l=1).mark_down
2024-09-10T10:35:55.174 INFO:teuthology.orchestra.run.smithi143.stdout:/usr/bin/ceph: stderr
2024-09-10T10:35:54.436+0000 7ffaccb5c640 1 --2- 172.21.15.143:0/2567486695 >> [v2:172.21.15.143:3300/0,v1:172.21.15.143:6789/0] conn(0x7ffac8106410 0x7ffac819b4b0 secure :-1 s=READY pgs=54 cs=0 l=1 rev1=1 crypto rx=0x7ffab8009940 tx=0x7ffab8030cc0 comp rx=0 tx=0).stop
2024-09-10T10:35:55.174 INFO:teuthology.orchestra.run.smithi143.stdout:/usr/bin/ceph: stderr
2024-09-10T10:35:54.436+0000 7ffaccb5c640 1 -- 172.21.15.143:0/2567486695 shutdown_connections
2024-09-10T10:35:55.174 INFO:teuthology.orchestra.run.smithi143.stdout:/usr/bin/ceph: stderr
2024-09-10T10:35:54.436+0000 7ffaccb5c640 1 --2- 172.21.15.143:0/2567486695 >> [v2:172.21.15.143:6800/1050213403,v1:172.21.15.143:6801/1050213403] conn(0x7ffab4038f70 0x7ffab403b430 unknown :-1 s=CLOSED pgs=17 cs=0 l=1 rev1=1 crypto rx=0 tx=0 comp rx=0 tx=0).stop
2024-09-10T10:35:55.174 INFO:teuthology.orchestra.run.smithi143.stdout:/usr/bin/ceph: stderr
2024-09-10T10:35:54.436+0000 7ffaccb5c640 1 --2- 172.21.15.143:0/2567486695 >> [v2:172.21.15.143:3300/0,v1:172.21.15.143:6789/0] conn(0x7ffac8106410 0x7ffac819b4b0 unknown :-1 s=CLOSED pgs=54 cs=0 l=1 rev1=1 crypto rx=0 tx=0 comp rx=0 tx=0).stop
2024-09-10T10:35:55.174 INFO:teuthology.orchestra.run.smithi143.stdout:/usr/bin/ceph: stderr
2024-09-10T10:35:54.436+0000 7ffaccb5c640 1 -- 172.21.15.143:0/2567486695 >> 172.21.15.143:0/2567486695 conn(0x7ffac8101bc0 msgr2=0x7ffac81026c0 unknown :-1 s=STATE_NONE l=0).mark_down
2024-09-10T10:35:55.174 INFO:teuthology.orchestra.run.smithi143.stdout:/usr/bin/ceph: stderr
2024-09-10T10:35:54.436+0000 7ffaccb5c640 1 -- 172.21.15.143:0/2567486695 shutdown_connections
2024-09-10T10:35:55.174 INFO:teuthology.orchestra.run.smithi143.stdout:/usr/bin/ceph: stderr
2024-09-10T10:35:54.436+0000 7ffaccb5c640 1 -- 172.21.15.143:0/2567486695 wait complete.
2024-09-10T10:35:55.435 INFO:journalctl@ceph.mgr.x.smithi143.stdout:Sep 10 10:35:55 smithi143 ceph-34212b78-6f60-11ef-bcea-c7b262605968-mgr-x[31285]:
2024-09-10T10:35:55.150+0000 7f546ad90040 -1 mgr[py] Module snap_schedule has missing NOTIFY_TYPES member
2024-09-10T10:35:55.732 INFO:journalctl@ceph.mon.a.smithi143.stdout:Sep 10 10:35:55 smithi143 ceph-mon[31057]: from='client.? 172.21.15.143:0/2567486695' entity='client.admin' cmd='[{"prefix": "mgr module enable", "module": "dashboard"}]': finished
2024-09-10T10:35:55.732 INFO:journalctl@ceph.mon.a.smithi143.stdout:Sep 10 10:35:55 smithi143 ceph-mon[31057]: mgrmap e9: x(active, since 21s)
2024-09-10T10:35:55.732 INFO:journalctl@ceph.mgr.x.smithi143.stdout:Sep 10 10:35:55 smithi143 ceph-34212b78-6f60-11ef-bcea-c7b262605968-mgr-x[31285]:
2024-09-10T10:35:55.474+0000 7f546ad90040 -1 mgr[py] Module prometheus has missing NOTIFY_TYPES member
2024-09-10T10:35:55.732 INFO:journalctl@ceph.mgr.x.smithi143.stdout:Sep 10 10:35:55 smithi143 ceph-34212b78-6f60-11ef-bcea-c7b262605968-mgr-x[31285]:
2024-09-10T10:35:55.538+0000 7f546ad90040 -1 mgr[py] Module selftest has missing NOTIFY_TYPES member
2024-09-10T10:35:55.732 INFO:journalctl@ceph.mgr.x.smithi143.stdout:Sep 10 10:35:55 smithi143 ceph-34212b78-6f60-11ef-bcea-c7b262605968-mgr-x[31285]:
2024-09-10T10:35:55.730+0000 7f546ad90040 -1 mgr[py] Module volumes has missing NOTIFY_TYPES member
2024-09-10T10:35:56.345 INFO:teuthology.orchestra.run.smithi143.stdout:/usr/bin/ceph: stdout {
2024-09-10T10:35:56.345 INFO:teuthology.orchestra.run.smithi143.stdout:/usr/bin/ceph: stdout "epoch": 9,
2024-09-10T10:35:56.346 INFO:teuthology.orchestra.run.smithi143.stdout:/usr/bin/ceph: stdout "available": true,
2024-09-10T10:35:56.346 INFO:teuthology.orchestra.run.smithi143.stdout:/usr/bin/ceph: stdout "active_name": "x",
2024-09-10T10:35:56.346 INFO:teuthology.orchestra.run.smithi143.stdout:/usr/bin/ceph: stdout "num_standby": 0
2024-09-10T10:35:56.346 INFO:teuthology.orchestra.run.smithi143.stdout:/usr/bin/ceph: stdout }
2024-09-10T10:35:56.346 INFO:teuthology.orchestra.run.smithi143.stdout:/usr/bin/ceph: stderr
2024-09-10T10:35:55.543+0000 7f465e48d640 1 Processor -- start
2024-09-10T10:35:56.346 INFO:teuthology.orchestra.run.smithi143.stdout:/usr/bin/ceph: stderr
2024-09-10T10:35:55.543+0000 7f465e48d640 1 -- start start
2024-09-10T10:35:56.346 INFO:teuthology.orchestra.run.smithi143.stdout:/usr/bin/ceph: stderr
2024-09-10T10:35:55.543+0000 7f465e48d640 1 --2- >> [v2:172.21.15.143:3300/0,v1:172.21.15.143:6789/0] conn(0x7f4658106410 0x7f4658106810 unknown :-1 s=NONE pgs=0 cs=0 l=0 rev1=0 crypto rx=0 tx=0 comp rx=0 tx=0).connect
2024-09-10T10:35:56.346 INFO:teuthology.orchestra.run.smithi143.stdout:/usr/bin/ceph: stderr
2024-09-10T10:35:55.543+0000 7f465e48d640 1 -- --> [v2:172.21.15.143:3300/0,v1:172.21.15.143:6789/0] -- mon_getmap magic: 0 -- 0x7f4658106de0 con 0x7f4658106410
2024-09-10T10:35:56.346 INFO:teuthology.orchestra.run.smithi143.stdout:/usr/bin/ceph: stderr
2024-09-10T10:35:55.544+0000 7f4657fff640 1 --2- >> [v2:172.21.15.143:3300/0,v1:172.21.15.143:6789/0] conn(0x7f4658106410 0x7f4658106810 unknown :-1 s=BANNER_CONNECTING pgs=0 cs=0 l=0 rev1=0 crypto rx=0 tx=0 comp rx=0 tx=0)._handle_peer_banner_payload supported=3 required=0
2024-09-10T10:35:56.346 INFO:teuthology.orchestra.run.smithi143.stdout:/usr/bin/ceph: stderr
2024-09-10T10:35:55.544+0000 7f4657fff640 1 --2- >> [v2:172.21.15.143:3300/0,v1:172.21.15.143:6789/0] conn(0x7f4658106410 0x7f4658106810 unknown :-1 s=HELLO_CONNECTING pgs=0 cs=0 l=0 rev1=1 crypto rx=0 tx=0 comp rx=0 tx=0).handle_hello peer v2:172.21.15.143:3300/0 says I am v2:172.21.15.143:33232/0 (socket says 172.21.15.143:33232)
2024-09-10T10:35:56.346 INFO:teuthology.orchestra.run.smithi143.stdout:/usr/bin/ceph: stderr
2024-09-10T10:35:55.544+0000 7f4657fff640 1 -- 172.21.15.143:0/499810691 learned_addr learned my addr 172.21.15.143:0/499810691 (peer_addr_for_me v2:172.21.15.143:0/0)
2024-09-10T10:35:56.347 INFO:teuthology.orchestra.run.smithi143.stdout:/usr/bin/ceph: stderr
2024-09-10T10:35:55.544+0000 7f4657fff640 1 -- 172.21.15.143:0/499810691 --> [v2:172.21.15.143:3300/0,v1:172.21.15.143:6789/0] -- mon_subscribe({config=0+,monmap=0+}) -- 0x7f4658107610 con 0x7f4658106410
2024-09-10T10:35:56.347 INFO:teuthology.orchestra.run.smithi143.stdout:/usr/bin/ceph: stderr
2024-09-10T10:35:55.545+0000 7f4657fff640 1 --2- 172.21.15.143:0/499810691 >> [v2:172.21.15.143:3300/0,v1:172.21.15.143:6789/0] conn(0x7f4658106410 0x7f4658106810 secure :-1 s=READY pgs=57 cs=0 l=1 rev1=1 crypto rx=0x7f4648009820 tx=0x7f464802a270 comp rx=0 tx=0).ready entity=mon.0 client_cookie=98fba22afcbb49e5 server_cookie=0 in_seq=0 out_seq=0
2024-09-10T10:35:56.347 INFO:teuthology.orchestra.run.smithi143.stdout:/usr/bin/ceph: stderr
2024-09-10T10:35:55.545+0000 7f4656ffd640 1 -- 172.21.15.143:0/499810691 <== mon.0 v2:172.21.15.143:3300/0 1 ==== mon_map magic: 0 ==== 205+0+0 (secure 0 0 0) 0x7f4648037070 con 0x7f4658106410
2024-09-10T10:35:56.347 INFO:teuthology.orchestra.run.smithi143.stdout:/usr/bin/ceph: stderr
2024-09-10T10:35:55.545+0000 7f4656ffd640 1 -- 172.21.15.143:0/499810691 <== mon.0 v2:172.21.15.143:3300/0 2 ==== config(26 keys) ==== 1102+0+0 (secure 0 0 0) 0x7f46480328f0 con 0x7f4658106410
2024-09-10T10:35:56.347 INFO:teuthology.orchestra.run.smithi143.stdout:/usr/bin/ceph: stderr
2024-09-10T10:35:55.545+0000 7f4656ffd640 1 -- 172.21.15.143:0/499810691 <== mon.0 v2:172.21.15.143:3300/0 3 ==== mon_map magic: 0 ==== 205+0+0 (secure 0 0 0) 0x7f4648030740 con 0x7f4658106410
2024-09-10T10:35:56.347 INFO:teuthology.orchestra.run.smithi143.stdout:/usr/bin/ceph: stderr
2024-09-10T10:35:55.545+0000 7f465e48d640 1 -- 172.21.15.143:0/499810691 >> [v2:172.21.15.143:3300/0,v1:172.21.15.143:6789/0] conn(0x7f4658106410 msgr2=0x7f4658106810 secure :-1 s=STATE_CONNECTION_ESTABLISHED l=1).mark_down
2024-09-10T10:35:56.347 INFO:teuthology.orchestra.run.smithi143.stdout:/usr/bin/ceph: stderr
2024-09-10T10:35:55.545+0000 7f465e48d640 1 --2- 172.21.15.143:0/499810691 >> [v2:172.21.15.143:3300/0,v1:172.21.15.143:6789/0] conn(0x7f4658106410 0x7f4658106810 secure :-1 s=READY pgs=57 cs=0 l=1 rev1=1 crypto rx=0x7f4648009820 tx=0x7f464802a270 comp rx=0 tx=0).stop
2024-09-10T10:35:56.347 INFO:teuthology.orchestra.run.smithi143.stdout:/usr/bin/ceph: stderr
2024-09-10T10:35:55.545+0000 7f465e48d640 1 -- 172.21.15.143:0/499810691 shutdown_connections
2024-09-10T10:35:56.347 INFO:teuthology.orchestra.run.smithi143.stdout:/usr/bin/ceph: stderr
2024-09-10T10:35:55.545+0000 7f465e48d640 1 --2- 172.21.15.143:0/499810691 >> [v2:172.21.15.143:3300/0,v1:172.21.15.143:6789/0] conn(0x7f4658106410 0x7f4658106810 unknown :-1 s=CLOSED pgs=57 cs=0 l=1 rev1=1 crypto rx=0 tx=0 comp rx=0 tx=0).stop
2024-09-10T10:35:56.347 INFO:teuthology.orchestra.run.smithi143.stdout:/usr/bin/ceph: stderr
2024-09-10T10:35:55.545+0000 7f465e48d640 1 -- 172.21.15.143:0/499810691 >> 172.21.15.143:0/499810691 conn(0x7f4658101bc0 msgr2=0x7f4658103fe0 unknown :-1 s=STATE_NONE l=0).mark_down
2024-09-10T10:35:56.347 INFO:teuthology.orchestra.run.smithi143.stdout:/usr/bin/ceph: stderr
2024-09-10T10:35:55.546+0000 7f465e48d640 1 -- 172.21.15.143:0/499810691 shutdown_connections
2024-09-10T10:35:56.348 INFO:teuthology.orchestra.run.smithi143.stdout:/usr/bin/ceph: stderr
2024-09-10T10:35:55.546+0000 7f465e48d640 1 -- 172.21.15.143:0/499810691 wait complete.
2024-09-10T10:35:56.348 INFO:teuthology.orchestra.run.smithi143.stdout:/usr/bin/ceph: stderr
2024-09-10T10:35:55.546+0000 7f465e48d640 1 Processor -- start
2024-09-10T10:35:56.348 INFO:teuthology.orchestra.run.smithi143.stdout:/usr/bin/ceph: stderr
2024-09-10T10:35:55.546+0000 7f465e48d640 1 -- start start
2024-09-10T10:35:56.348 INFO:teuthology.orchestra.run.smithi143.stdout:/usr/bin/ceph: stderr
2024-09-10T10:35:55.546+0000 7f465e48d640 1 --2- >> [v2:172.21.15.143:3300/0,v1:172.21.15.143:6789/0] conn(0x7f4658106410 0x7f465819a3b0 unknown :-1 s=NONE pgs=0 cs=0 l=1 rev1=0 crypto rx=0 tx=0 comp rx=0 tx=0).connect
2024-09-10T10:35:56.348 INFO:teuthology.orchestra.run.smithi143.stdout:/usr/bin/ceph: stderr
2024-09-10T10:35:55.546+0000 7f465e48d640 1 -- --> [v2:172.21.15.143:3300/0,v1:172.21.15.143:6789/0] -- mon_getmap magic: 0 -- 0x7f465810a9c0 con 0x7f4658106410
2024-09-10T10:35:56.348 INFO:teuthology.orchestra.run.smithi143.stdout:/usr/bin/ceph: stderr
2024-09-10T10:35:55.547+0000 7f4657fff640 1 --2- >> [v2:172.21.15.143:3300/0,v1:172.21.15.143:6789/0] conn(0x7f4658106410 0x7f465819a3b0 unknown :-1 s=BANNER_CONNECTING pgs=0 cs=0 l=1 rev1=0 crypto rx=0 tx=0 comp rx=0 tx=0)._handle_peer_banner_payload supported=3 required=0
2024-09-10T10:35:56.348 INFO:teuthology.orchestra.run.smithi143.stdout:/usr/bin/ceph: stderr
2024-09-10T10:35:55.547+0000 7f4657fff640 1 --2- >> [v2:172.21.15.143:3300/0,v1:172.21.15.143:6789/0] conn(0x7f4658106410 0x7f465819a3b0 unknown :-1 s=HELLO_CONNECTING pgs=0 cs=0 l=1 rev1=1 crypto rx=0 tx=0 comp rx=0 tx=0).handle_hello peer v2:172.21.15.143:3300/0 says I am v2:172.21.15.143:33234/0 (socket says 172.21.15.143:33234)
2024-09-10T10:35:56.348 INFO:teuthology.orchestra.run.smithi143.stdout:/usr/bin/ceph: stderr
2024-09-10T10:35:55.547+0000 7f4657fff640 1 -- 172.21.15.143:0/738233350 learned_addr learned my addr 172.21.15.143:0/738233350 (peer_addr_for_me v2:172.21.15.143:0/0)
2024-09-10T10:35:56.348 INFO:teuthology.orchestra.run.smithi143.stdout:/usr/bin/ceph: stderr
2024-09-10T10:35:55.547+0000 7f4657fff640 1 -- 172.21.15.143:0/738233350 --> [v2:172.21.15.143:3300/0,v1:172.21.15.143:6789/0] -- mon_subscribe({config=0+,monmap=0+}) -- 0x7f465819a8f0 con 0x7f4658106410
2024-09-10T10:35:56.348 INFO:teuthology.orchestra.run.smithi143.stdout:/usr/bin/ceph: stderr
2024-09-10T10:35:55.547+0000 7f4657fff640 1 --2- 172.21.15.143:0/738233350 >> [v2:172.21.15.143:3300/0,v1:172.21.15.143:6789/0] conn(0x7f4658106410 0x7f465819a3b0 secure :-1 s=READY pgs=58 cs=0 l=1 rev1=1 crypto rx=0x7f4648009940 tx=0x7f4648030cc0 comp rx=0 tx=0).ready entity=mon.0 client_cookie=0 server_cookie=0 in_seq=0 out_seq=0
2024-09-10T10:35:56.348 INFO:teuthology.orchestra.run.smithi143.stdout:/usr/bin/ceph: stderr
2024-09-10T10:35:55.547+0000 7f46557fa640 1 -- 172.21.15.143:0/738233350 <== mon.0 v2:172.21.15.143:3300/0 1 ==== mon_map magic: 0 ==== 205+0+0 (secure 0 0 0) 0x7f4648042070 con 0x7f4658106410
2024-09-10T10:35:56.349 INFO:teuthology.orchestra.run.smithi143.stdout:/usr/bin/ceph: stderr
2024-09-10T10:35:55.547+0000 7f46557fa640 1 -- 172.21.15.143:0/738233350 <== mon.0 v2:172.21.15.143:3300/0 2 ==== config(26 keys) ==== 1102+0+0 (secure 0 0 0) 0x7f4648030e30 con 0x7f4658106410
2024-09-10T10:35:56.349 INFO:teuthology.orchestra.run.smithi143.stdout:/usr/bin/ceph: stderr
2024-09-10T10:35:55.547+0000 7f46557fa640 1 -- 172.21.15.143:0/738233350 <== mon.0 v2:172.21.15.143:3300/0 3 ==== mon_map magic: 0 ==== 205+0+0 (secure 0 0 0) 0x7f4648037040 con 0x7f4658106410
2024-09-10T10:35:56.349 INFO:teuthology.orchestra.run.smithi143.stdout:/usr/bin/ceph: stderr
2024-09-10T10:35:55.547+0000 7f465e48d640 1 -- 172.21.15.143:0/738233350 --> [v2:172.21.15.143:3300/0,v1:172.21.15.143:6789/0] -- mon_subscribe({mgrmap=0+}) -- 0x7f465819ab80 con 0x7f4658106410
2024-09-10T10:35:56.349 INFO:teuthology.orchestra.run.smithi143.stdout:/usr/bin/ceph: stderr
2024-09-10T10:35:55.547+0000 7f465e48d640 1 -- 172.21.15.143:0/738233350 --> [v2:172.21.15.143:3300/0,v1:172.21.15.143:6789/0] -- mon_subscribe({osdmap=0}) -- 0x7f465819d870 con 0x7f4658106410
2024-09-10T10:35:56.349 INFO:teuthology.orchestra.run.smithi143.stdout:/usr/bin/ceph: stderr
2024-09-10T10:35:55.548+0000 7f46557fa640 1 -- 172.21.15.143:0/738233350 <== mon.0 v2:172.21.15.143:3300/0 4 ==== mgrmap(e 9) ==== 46300+0+0 (secure 0 0 0) 0x7f4648045070 con 0x7f4658106410
2024-09-10T10:35:56.349 INFO:teuthology.orchestra.run.smithi143.stdout:/usr/bin/ceph: stderr
2024-09-10T10:35:55.548+0000 7f465e48d640 1 -- 172.21.15.143:0/738233350 --> [v2:172.21.15.143:3300/0,v1:172.21.15.143:6789/0] -- mon_command({"prefix": "get_command_descriptions"} v 0) -- 0x7f465810ab40 con 0x7f4658106410
2024-09-10T10:35:56.349 INFO:teuthology.orchestra.run.smithi143.stdout:/usr/bin/ceph: stderr
2024-09-10T10:35:55.549+0000 7f46557fa640 1 --2- 172.21.15.143:0/738233350 >> [v2:172.21.15.143:6800/1050213403,v1:172.21.15.143:6801/1050213403] conn(0x7f4644038fc0 0x7f464403b480 unknown :-1 s=NONE pgs=0 cs=0 l=1 rev1=0 crypto rx=0 tx=0 comp rx=0 tx=0).connect
2024-09-10T10:35:56.349 INFO:teuthology.orchestra.run.smithi143.stdout:/usr/bin/ceph: stderr
2024-09-10T10:35:55.549+0000 7f46577fe640 1 -- 172.21.15.143:0/738233350 >> [v2:172.21.15.143:6800/1050213403,v1:172.21.15.143:6801/1050213403] conn(0x7f4644038fc0 msgr2=0x7f464403b480 unknown :-1 s=STATE_CONNECTING_RE l=1).process reconnect failed to v2:172.21.15.143:6800/1050213403
2024-09-10T10:35:56.349 INFO:teuthology.orchestra.run.smithi143.stdout:/usr/bin/ceph: stderr
2024-09-10T10:35:55.549+0000 7f46557fa640 1 -- 172.21.15.143:0/738233350 <== mon.0 v2:172.21.15.143:3300/0 5 ==== osd_map(2..2 src has 1..2) ==== 940+0+0 (secure 0 0 0) 0x7f464806c1a0 con 0x7f4658106410
2024-09-10T10:35:56.349 INFO:teuthology.orchestra.run.smithi143.stdout:/usr/bin/ceph: stderr
2024-09-10T10:35:55.549+0000 7f46577fe640 1 --2- 172.21.15.143:0/738233350 >> [v2:172.21.15.143:6800/1050213403,v1:172.21.15.143:6801/1050213403] conn(0x7f4644038fc0 0x7f464403b480 unknown :-1 s=START_CONNECT pgs=0 cs=0 l=1 rev1=0 crypto rx=0 tx=0 comp rx=0 tx=0)._fault waiting 0.200000
2024-09-10T10:35:56.349 INFO:teuthology.orchestra.run.smithi143.stdout:/usr/bin/ceph: stderr
2024-09-10T10:35:55.553+0000 7f46557fa640 1 -- 172.21.15.143:0/738233350 <== mon.0 v2:172.21.15.143:3300/0 6 ==== mon_command_ack([{"prefix": "get_command_descriptions"}]=0 v0) ==== 72+0+188821 (secure 0 0 0) 0x7f4648045360 con 0x7f4658106410
2024-09-10T10:35:56.349 INFO:teuthology.orchestra.run.smithi143.stdout:/usr/bin/ceph: stderr
2024-09-10T10:35:55.750+0000 7f46577fe640 1 -- 172.21.15.143:0/738233350 >> [v2:172.21.15.143:6800/1050213403,v1:172.21.15.143:6801/1050213403] conn(0x7f4644038fc0 msgr2=0x7f464403b480 unknown :-1 s=STATE_CONNECTING_RE l=1).process reconnect failed to v2:172.21.15.143:6800/1050213403
2024-09-10T10:35:56.350 INFO:teuthology.orchestra.run.smithi143.stdout:/usr/bin/ceph: stderr
2024-09-10T10:35:55.750+0000 7f46577fe640 1 --2- 172.21.15.143:0/738233350 >> [v2:172.21.15.143:6800/1050213403,v1:172.21.15.143:6801/1050213403] conn(0x7f4644038fc0 0x7f464403b480 unknown :-1 s=START_CONNECT pgs=0 cs=0 l=1 rev1=0 crypto rx=0 tx=0 comp rx=0 tx=0)._fault waiting 0.400000
2024-09-10T10:35:56.350 INFO:teuthology.orchestra.run.smithi143.stdout:/usr/bin/ceph: stderr
2024-09-10T10:35:55.774+0000 7f465e48d640 1 -- 172.21.15.143:0/738233350 --> [v2:172.21.15.143:3300/0,v1:172.21.15.143:6789/0] -- mon_command({"prefix": "mgr stat"} v 0) -- 0x7f465819da40 con 0x7f4658106410
2024-09-10T10:35:56.350 INFO:teuthology.orchestra.run.smithi143.stdout:/usr/bin/ceph: stderr
2024-09-10T10:35:55.774+0000 7f46557fa640 1 -- 172.21.15.143:0/738233350 <== mon.0 v2:172.21.15.143:3300/0 7 ==== mon_command_ack([{"prefix": "mgr stat"}]=0 v9) ==== 56+0+88 (secure 0 0 0) 0x7f464803be10 con 0x7f4658106410
2024-09-10T10:35:56.350 INFO:teuthology.orchestra.run.smithi143.stdout:/usr/bin/ceph: stderr
2024-09-10T10:35:55.777+0000 7f465e48d640 1 -- 172.21.15.143:0/738233350 >> [v2:172.21.15.143:6800/1050213403,v1:172.21.15.143:6801/1050213403] conn(0x7f4644038fc0 msgr2=0x7f464403b480 unknown :-1 s=STATE_CONNECTING l=1).mark_down
2024-09-10T10:35:56.350 INFO:teuthology.orchestra.run.smithi143.stdout:/usr/bin/ceph: stderr
2024-09-10T10:35:55.777+0000 7f465e48d640 1 --2- 172.21.15.143:0/738233350 >> [v2:172.21.15.143:6800/1050213403,v1:172.21.15.143:6801/1050213403] conn(0x7f4644038fc0 0x7f464403b480 unknown :-1 s=START_CONNECT pgs=0 cs=0 l=1 rev1=0 crypto rx=0 tx=0 comp rx=0 tx=0).stop
2024-09-10T10:35:56.350 INFO:teuthology.orchestra.run.smithi143.stdout:/usr/bin/ceph: stderr
2024-09-10T10:35:55.777+0000 7f465e48d640 1 -- 172.21.15.143:0/738233350 >> [v2:172.21.15.143:3300/0,v1:172.21.15.143:6789/0] conn(0x7f4658106410 msgr2=0x7f465819a3b0 secure :-1 s=STATE_CONNECTION_ESTABLISHED l=1).mark_down
2024-09-10T10:35:56.350 INFO:teuthology.orchestra.run.smithi143.stdout:/usr/bin/ceph: stderr
2024-09-10T10:35:55.777+0000 7f465e48d640 1 --2- 172.21.15.143:0/738233350 >> [v2:172.21.15.143:3300/0,v1:172.21.15.143:6789/0] conn(0x7f4658106410 0x7f465819a3b0 secure :-1 s=READY pgs=58 cs=0 l=1 rev1=1 crypto rx=0x7f4648009940 tx=0x7f4648030cc0 comp rx=0 tx=0).stop
2024-09-10T10:35:56.350 INFO:teuthology.orchestra.run.smithi143.stdout:/usr/bin/ceph: stderr
2024-09-10T10:35:55.777+0000 7f465e48d640 1 -- 172.21.15.143:0/738233350 shutdown_connections
2024-09-10T10:35:56.350 INFO:teuthology.orchestra.run.smithi143.stdout:/usr/bin/ceph: stderr
2024-09-10T10:35:55.777+0000 7f465e48d640 1 --2- 172.21.15.143:0/738233350 >> [v2:172.21.15.143:6800/1050213403,v1:172.21.15.143:6801/1050213403] conn(0x7f4644038fc0 0x7f464403b480 unknown :-1 s=CLOSED pgs=0 cs=0 l=1 rev1=0 crypto rx=0 tx=0 comp rx=0 tx=0).stop
2024-09-10T10:35:56.350 INFO:teuthology.orchestra.run.smithi143.stdout:/usr/bin/ceph: stderr
2024-09-10T10:35:55.777+0000 7f465e48d640 1 --2- 172.21.15.143:0/738233350 >> [v2:172.21.15.143:3300/0,v1:172.21.15.143:6789/0] conn(0x7f4658106410 0x7f465819a3b0 unknown :-1 s=CLOSED pgs=58 cs=0 l=1 rev1=1 crypto rx=0 tx=0 comp rx=0 tx=0).stop
2024-09-10T10:35:56.350 INFO:teuthology.orchestra.run.smithi143.stdout:/usr/bin/ceph: stderr
2024-09-10T10:35:55.777+0000 7f465e48d640 1 -- 172.21.15.143:0/738233350 >> 172.21.15.143:0/738233350 conn(0x7f4658101bc0 msgr2=0x7f46581026c0 unknown :-1 s=STATE_NONE l=0).mark_down
2024-09-10T10:35:56.351 INFO:teuthology.orchestra.run.smithi143.stdout:/usr/bin/ceph: stderr
2024-09-10T10:35:55.777+0000 7f465e48d640 1 -- 172.21.15.143:0/738233350 shutdown_connections
2024-09-10T10:35:56.351 INFO:teuthology.orchestra.run.smithi143.stdout:/usr/bin/ceph: stderr
2024-09-10T10:35:55.777+0000 7f465e48d640 1 -- 172.21.15.143:0/738233350 wait complete.
2024-09-10T10:35:56.351 INFO:teuthology.orchestra.run.smithi143.stdout:Waiting for the mgr to restart...
2024-09-10T10:35:56.351 INFO:teuthology.orchestra.run.smithi143.stdout:Waiting for mgr epoch 9...
2024-09-10T10:35:56.713 INFO:journalctl@ceph.mon.a.smithi143.stdout:Sep 10 10:35:56 smithi143 ceph-mon[31057]: from='client.? 172.21.15.143:0/738233350' entity='client.admin' cmd=[{"prefix": "mgr stat"}]: dispatch
2024-09-10T10:35:56.713 INFO:journalctl@ceph.mgr.x.smithi143.stdout:Sep 10 10:35:56 smithi143 ceph-34212b78-6f60-11ef-bcea-c7b262605968-mgr-x[31285]:
2024-09-10T10:35:56.641+0000 7f546ad90040 -1 mgr[py] Module telemetry has missing NOTIFY_TYPES member
2024-09-10T10:35:56.713 INFO:journalctl@ceph.mgr.x.smithi143.stdout:Sep 10 10:35:56 smithi143 ceph-34212b78-6f60-11ef-bcea-c7b262605968-mgr-x[31285]:
2024-09-10T10:35:56.712+0000 7f546ad90040 -1 mgr[py] Module balancer has missing NOTIFY_TYPES member
2024-09-10T10:35:57.679 INFO:journalctl@ceph.mgr.x.smithi143.stdout:Sep 10 10:35:57 smithi143 ceph-34212b78-6f60-11ef-bcea-c7b262605968-mgr-x[31285]:
2024-09-10T10:35:57.422+0000 7f546ad90040 -1 mgr[py] Module rook has missing NOTIFY_TYPES member
2024-09-10T10:35:57.679 INFO:journalctl@ceph.mgr.x.smithi143.stdout:Sep 10 10:35:57 smithi143 ceph-34212b78-6f60-11ef-bcea-c7b262605968-mgr-x[31285]:
2024-09-10T10:35:57.537+0000 7f546ad90040 -1 mgr[py] Module iostat has missing NOTIFY_TYPES member
2024-09-10T10:35:57.958 INFO:journalctl@ceph.mgr.x.smithi143.stdout:Sep 10 10:35:57 smithi143 ceph-34212b78-6f60-11ef-bcea-c7b262605968-mgr-x[31285]:
2024-09-10T10:35:57.677+0000 7f546ad90040 -1 mgr[py] Module orchestrator has missing NOTIFY_TYPES member
2024-09-10T10:35:57.958 INFO:journalctl@ceph.mgr.x.smithi143.stdout:Sep 10 10:35:57 smithi143 ceph-34212b78-6f60-11ef-bcea-c7b262605968-mgr-x[31285]:
2024-09-10T10:35:57.739+0000 7f546ad90040 -1 mgr[py] Module devicehealth has missing NOTIFY_TYPES member
2024-09-10T10:35:57.958 INFO:journalctl@ceph.mgr.x.smithi143.stdout:Sep 10 10:35:57 smithi143 ceph-34212b78-6f60-11ef-bcea-c7b262605968-mgr-x[31285]:
2024-09-10T10:35:57.889+0000 7f546ad90040 -1 mgr[py] Module rgw has missing NOTIFY_TYPES member
2024-09-10T10:35:57.958 INFO:journalctl@ceph.mgr.x.smithi143.stdout:Sep 10 10:35:57 smithi143 ceph-34212b78-6f60-11ef-bcea-c7b262605968-mgr-x[31285]:
2024-09-10T10:35:57.957+0000 7f546ad90040 -1 mgr[py] Module alerts has missing NOTIFY_TYPES member
2024-09-10T10:35:58.241 INFO:journalctl@ceph.mgr.x.smithi143.stdout:Sep 10 10:35:58 smithi143 ceph-34212b78-6f60-11ef-bcea-c7b262605968-mgr-x[31285]:
2024-09-10T10:35:58.017+0000 7f546ad90040 -1 mgr[py] Module progress has missing NOTIFY_TYPES member
2024-09-10T10:35:58.241 INFO:journalctl@ceph.mgr.x.smithi143.stdout:Sep 10 10:35:58 smithi143 ceph-34212b78-6f60-11ef-bcea-c7b262605968-mgr-x[31285]:
2024-09-10T10:35:58.175+0000 7f546ad90040 -1 mgr[py] Module nfs has missing NOTIFY_TYPES member
2024-09-10T10:35:58.508 INFO:journalctl@ceph.mgr.x.smithi143.stdout:Sep 10 10:35:58 smithi143 ceph-34212b78-6f60-11ef-bcea-c7b262605968-mgr-x[31285]:
2024-09-10T10:35:58.239+0000 7f546ad90040 -1 mgr[py] Module status has missing NOTIFY_TYPES member
2024-09-10T10:35:58.508 INFO:journalctl@ceph.mgr.x.smithi143.stdout:Sep 10 10:35:58 smithi143 ceph-34212b78-6f60-11ef-bcea-c7b262605968-mgr-x[31285]:
2024-09-10T10:35:58.310+0000 7f546ad90040 -1 mgr[py] Module pg_autoscaler has missing NOTIFY_TYPES member
2024-09-10T10:35:58.508 INFO:journalctl@ceph.mgr.x.smithi143.stdout:Sep 10 10:35:58 smithi143 ceph-34212b78-6f60-11ef-bcea-c7b262605968-mgr-x[31285]:
2024-09-10T10:35:58.396+0000 7f546ad90040 -1 mgr[py] Module rbd_support has missing NOTIFY_TYPES member
2024-09-10T10:35:58.508 INFO:journalctl@ceph.mgr.x.smithi143.stdout:Sep 10 10:35:58 smithi143 ceph-34212b78-6f60-11ef-bcea-c7b262605968-mgr-x[31285]:
2024-09-10T10:35:58.458+0000 7f546ad90040 -1 mgr[py] Module influx has missing NOTIFY_TYPES member
2024-09-10T10:35:58.801 INFO:journalctl@ceph.mgr.x.smithi143.stdout:Sep 10 10:35:58 smithi143 ceph-34212b78-6f60-11ef-bcea-c7b262605968-mgr-x[31285]:
2024-09-10T10:35:58.521+0000 7f546ad90040 -1 mgr[py] Module zabbix has missing NOTIFY_TYPES member
2024-09-10T10:35:59.801 INFO:journalctl@ceph.mgr.x.smithi143.stdout:Sep 10 10:35:59 smithi143 ceph-34212b78-6f60-11ef-bcea-c7b262605968-mgr-x[31285]:
2024-09-10T10:35:59.336+0000 7f546ad90040 -1 mgr[py] Module telegraf has missing NOTIFY_TYPES member
2024-09-10T10:35:59.801 INFO:journalctl@ceph.mon.a.smithi143.stdout:Sep 10 10:35:59 smithi143 ceph-mon[31057]: Active manager daemon x restarted
2024-09-10T10:35:59.801 INFO:journalctl@ceph.mon.a.smithi143.stdout:Sep 10 10:35:59 smithi143 ceph-mon[31057]: Activating manager daemon x
2024-09-10T10:35:59.801 INFO:journalctl@ceph.mon.a.smithi143.stdout:Sep 10 10:35:59 smithi143 ceph-mon[31057]: osdmap e3: 0 total, 0 up, 0 in
2024-09-10T10:35:59.801 INFO:journalctl@ceph.mon.a.smithi143.stdout:Sep 10 10:35:59 smithi143 ceph-mon[31057]: mgrmap e10: x(active, starting, since 0.00345141s)
2024-09-10T10:35:59.801 INFO:journalctl@ceph.mon.a.smithi143.stdout:Sep 10 10:35:59 smithi143 ceph-mon[31057]: from='mgr.14150 172.21.15.143:0/2054631927' entity='mgr.x' cmd=[{"prefix": "mon metadata", "id": "a"}]: dispatch
2024-09-10T10:35:59.801 INFO:journalctl@ceph.mon.a.smithi143.stdout:Sep 10 10:35:59 smithi143 ceph-mon[31057]: from='mgr.14150 172.21.15.143:0/2054631927' entity='mgr.x' cmd=[{"prefix": "mgr metadata", "who": "x", "id": "x"}]: dispatch
2024-09-10T10:35:59.801 INFO:journalctl@ceph.mon.a.smithi143.stdout:Sep 10 10:35:59 smithi143 ceph-mon[31057]: from='mgr.14150 172.21.15.143:0/2054631927' entity='mgr.x' cmd=[{"prefix": "mds metadata"}]: dispatch
2024-09-10T10:35:59.801 INFO:journalctl@ceph.mon.a.smithi143.stdout:Sep 10 10:35:59 smithi143 ceph-mon[31057]: from='mgr.14150 172.21.15.143:0/2054631927' entity='mgr.x' cmd=[{"prefix": "osd metadata"}]: dispatch
2024-09-10T10:35:59.802 INFO:journalctl@ceph.mon.a.smithi143.stdout:Sep 10 10:35:59 smithi143 ceph-mon[31057]: from='mgr.14150 172.21.15.143:0/2054631927' entity='mgr.x' cmd=[{"prefix": "mon metadata"}]: dispatch
2024-09-10T10:35:59.802 INFO:journalctl@ceph.mon.a.smithi143.stdout:Sep 10 10:35:59 smithi143 ceph-mon[31057]: Manager daemon x is now available
2024-09-10T10:35:59.802 INFO:journalctl@ceph.mon.a.smithi143.stdout:Sep 10 10:35:59 smithi143 ceph-mon[31057]: from='mgr.14150 172.21.15.143:0/2054631927' entity='mgr.x' cmd=[{"prefix": "config dump", "format": "json"}]: dispatch
2024-09-10T10:35:59.802 INFO:journalctl@ceph.mon.a.smithi143.stdout:Sep 10 10:35:59 smithi143 ceph-mon[31057]: from='mgr.14150 172.21.15.143:0/2054631927' entity='mgr.x' cmd=[{"prefix":"config rm","who":"mgr","name":"mgr/rbd_support/x/mirror_snapshot_schedule"}]: dispatch
2024-09-10T10:35:59.802 INFO:journalctl@ceph.mon.a.smithi143.stdout:Sep 10 10:35:59 smithi143 ceph-mon[31057]: from='mgr.14150 172.21.15.143:0/2054631927' entity='mgr.x' cmd=[{"prefix":"config rm","who":"mgr","name":"mgr/rbd_support/x/trash_purge_schedule"}]: dispatch
2024-09-10T10:36:01.190 INFO:teuthology.orchestra.run.smithi143.stdout:/usr/bin/ceph: stdout {
2024-09-10T10:36:01.190 INFO:teuthology.orchestra.run.smithi143.stdout:/usr/bin/ceph: stdout "mgrmap_epoch": 11,
2024-09-10T10:36:01.191 INFO:teuthology.orchestra.run.smithi143.stdout:/usr/bin/ceph: stdout "initialized": true
2024-09-10T10:36:01.191 INFO:teuthology.orchestra.run.smithi143.stdout:/usr/bin/ceph: stdout }
2024-09-10T10:36:01.191 INFO:teuthology.orchestra.run.smithi143.stdout:/usr/bin/ceph: stderr
2024-09-10T10:35:56.734+0000 7fa0ff2e0640 1 Processor -- start
2024-09-10T10:36:01.191 INFO:teuthology.orchestra.run.smithi143.stdout:/usr/bin/ceph: stderr
2024-09-10T10:35:56.735+0000 7fa0ff2e0640 1 -- start start
2024-09-10T10:36:01.191 INFO:teuthology.orchestra.run.smithi143.stdout:/usr/bin/ceph: stderr
2024-09-10T10:35:56.735+0000 7fa0ff2e0640 1 --2- >> [v2:172.21.15.143:3300/0,v1:172.21.15.143:6789/0] conn(0x7fa0f81063f0 0x7fa0f81067f0 unknown :-1 s=NONE pgs=0 cs=0 l=0 rev1=0 crypto rx=0 tx=0 comp rx=0 tx=0).connect
2024-09-10T10:36:01.191 INFO:teuthology.orchestra.run.smithi143.stdout:/usr/bin/ceph: stderr
2024-09-10T10:35:56.735+0000 7fa0ff2e0640 1 -- --> [v2:172.21.15.143:3300/0,v1:172.21.15.143:6789/0] -- mon_getmap magic: 0 -- 0x7fa0f8106dc0 con 0x7fa0f81063f0
2024-09-10T10:36:01.191 INFO:teuthology.orchestra.run.smithi143.stdout:/usr/bin/ceph: stderr
2024-09-10T10:35:56.735+0000 7fa0fd07c640 1 --2- >> [v2:172.21.15.143:3300/0,v1:172.21.15.143:6789/0] conn(0x7fa0f81063f0 0x7fa0f81067f0 unknown :-1 s=BANNER_CONNECTING pgs=0 cs=0 l=0 rev1=0 crypto rx=0 tx=0 comp rx=0 tx=0)._handle_peer_banner_payload supported=3 required=0
2024-09-10T10:36:01.191 INFO:teuthology.orchestra.run.smithi143.stdout:/usr/bin/ceph: stderr
2024-09-10T10:35:56.735+0000 7fa0fd07c640 1 --2- >> [v2:172.21.15.143:3300/0,v1:172.21.15.143:6789/0] conn(0x7fa0f81063f0 0x7fa0f81067f0 unknown :-1 s=HELLO_CONNECTING pgs=0 cs=0 l=0 rev1=1 crypto rx=0 tx=0 comp rx=0 tx=0).handle_hello peer v2:172.21.15.143:3300/0 says I am v2:172.21.15.143:40734/0 (socket says 172.21.15.143:40734)
2024-09-10T10:36:01.191 INFO:teuthology.orchestra.run.smithi143.stdout:/usr/bin/ceph: stderr
2024-09-10T10:35:56.735+0000 7fa0fd07c640 1 -- 172.21.15.143:0/910631355 learned_addr learned my addr 172.21.15.143:0/910631355 (peer_addr_for_me v2:172.21.15.143:0/0)
2024-09-10T10:36:01.191 INFO:teuthology.orchestra.run.smithi143.stdout:/usr/bin/ceph: stderr
2024-09-10T10:35:56.735+0000 7fa0fd07c640 1 -- 172.21.15.143:0/910631355 --> [v2:172.21.15.143:3300/0,v1:172.21.15.143:6789/0] -- mon_subscribe({config=0+,monmap=0+}) -- 0x7fa0f81075f0 con 0x7fa0f81063f0
2024-09-10T10:36:01.191 INFO:teuthology.orchestra.run.smithi143.stdout:/usr/bin/ceph: stderr
2024-09-10T10:35:56.736+0000 7fa0fd07c640 1 --2- 172.21.15.143:0/910631355 >> [v2:172.21.15.143:3300/0,v1:172.21.15.143:6789/0] conn(0x7fa0f81063f0 0x7fa0f81067f0 secure :-1 s=READY pgs=59 cs=0 l=1 rev1=1 crypto rx=0x7fa0f400bac0 tx=0x7fa0f402c920 comp rx=0 tx=0).ready entity=mon.0 client_cookie=f713c6a98a63f912 server_cookie=0 in_seq=0 out_seq=0
2024-09-10T10:36:01.191 INFO:teuthology.orchestra.run.smithi143.stdout:/usr/bin/ceph: stderr
2024-09-10T10:35:56.736+0000 7fa0effff640 1 -- 172.21.15.143:0/910631355 <== mon.0 v2:172.21.15.143:3300/0 1 ==== mon_map magic: 0 ==== 205+0+0 (secure 0 0 0) 0x7fa0f40326d0 con 0x7fa0f81063f0
2024-09-10T10:36:01.191 INFO:teuthology.orchestra.run.smithi143.stdout:/usr/bin/ceph: stderr
2024-09-10T10:35:56.736+0000 7fa0effff640 1 -- 172.21.15.143:0/910631355 <== mon.0 v2:172.21.15.143:3300/0 2 ==== config(26 keys) ==== 1102+0+0 (secure 0 0 0) 0x7fa0f4038070 con 0x7fa0f81063f0
2024-09-10T10:36:01.192 INFO:teuthology.orchestra.run.smithi143.stdout:/usr/bin/ceph: stderr
2024-09-10T10:35:56.736+0000 7fa0effff640 1 -- 172.21.15.143:0/910631355 <== mon.0 v2:172.21.15.143:3300/0 3 ==== mon_map magic: 0 ==== 205+0+0 (secure 0 0 0) 0x7fa0f4033c40 con 0x7fa0f81063f0
2024-09-10T10:36:01.192 INFO:teuthology.orchestra.run.smithi143.stdout:/usr/bin/ceph: stderr
2024-09-10T10:35:56.737+0000 7fa0ff2e0640 1 -- 172.21.15.143:0/910631355 >> [v2:172.21.15.143:3300/0,v1:172.21.15.143:6789/0] conn(0x7fa0f81063f0 msgr2=0x7fa0f81067f0 secure :-1 s=STATE_CONNECTION_ESTABLISHED l=1).mark_down
2024-09-10T10:36:01.192 INFO:teuthology.orchestra.run.smithi143.stdout:/usr/bin/ceph: stderr
2024-09-10T10:35:56.737+0000 7fa0ff2e0640 1 --2- 172.21.15.143:0/910631355 >> [v2:172.21.15.143:3300/0,v1:172.21.15.143:6789/0] conn(0x7fa0f81063f0 0x7fa0f81067f0 secure :-1 s=READY pgs=59 cs=0 l=1 rev1=1 crypto rx=0x7fa0f400bac0 tx=0x7fa0f402c920 comp rx=0 tx=0).stop
2024-09-10T10:36:01.192 INFO:teuthology.orchestra.run.smithi143.stdout:/usr/bin/ceph: stderr
2024-09-10T10:35:56.737+0000 7fa0ff2e0640 1 -- 172.21.15.143:0/910631355 shutdown_connections
2024-09-10T10:36:01.192 INFO:teuthology.orchestra.run.smithi143.stdout:/usr/bin/ceph: stderr
2024-09-10T10:35:56.737+0000 7fa0ff2e0640 1 --2- 172.21.15.143:0/910631355 >> [v2:172.21.15.143:3300/0,v1:172.21.15.143:6789/0] conn(0x7fa0f81063f0 0x7fa0f81067f0 unknown :-1 s=CLOSED pgs=59 cs=0 l=1 rev1=1 crypto rx=0 tx=0 comp rx=0 tx=0).stop
2024-09-10T10:36:01.192 INFO:teuthology.orchestra.run.smithi143.stdout:/usr/bin/ceph: stderr
2024-09-10T10:35:56.737+0000 7fa0ff2e0640 1 -- 172.21.15.143:0/910631355 >> 172.21.15.143:0/910631355 conn(0x7fa0f8101ba0 msgr2=0x7fa0f8103fc0 unknown :-1 s=STATE_NONE l=0).mark_down
2024-09-10T10:36:01.192 INFO:teuthology.orchestra.run.smithi143.stdout:/usr/bin/ceph: stderr
2024-09-10T10:35:56.737+0000 7fa0ff2e0640 1 -- 172.21.15.143:0/910631355 shutdown_connections
2024-09-10T10:36:01.192 INFO:teuthology.orchestra.run.smithi143.stdout:/usr/bin/ceph: stderr
2024-09-10T10:35:56.737+0000 7fa0ff2e0640 1 -- 172.21.15.143:0/910631355 wait complete.
2024-09-10T10:36:01.192 INFO:teuthology.orchestra.run.smithi143.stdout:/usr/bin/ceph: stderr
2024-09-10T10:35:56.738+0000 7fa0ff2e0640 1 Processor -- start
2024-09-10T10:36:01.192 INFO:teuthology.orchestra.run.smithi143.stdout:/usr/bin/ceph: stderr
2024-09-10T10:35:56.738+0000 7fa0ff2e0640 1 -- start start
2024-09-10T10:36:01.192 INFO:teuthology.orchestra.run.smithi143.stdout:/usr/bin/ceph: stderr
2024-09-10T10:35:56.738+0000 7fa0ff2e0640 1 --2- >> [v2:172.21.15.143:3300/0,v1:172.21.15.143:6789/0] conn(0x7fa0f81063f0 0x7fa0f81992f0 unknown :-1 s=NONE pgs=0 cs=0 l=1 rev1=0 crypto rx=0 tx=0 comp rx=0 tx=0).connect
2024-09-10T10:36:01.192 INFO:teuthology.orchestra.run.smithi143.stdout:/usr/bin/ceph: stderr
2024-09-10T10:35:56.738+0000 7fa0ff2e0640 1 -- --> [v2:172.21.15.143:3300/0,v1:172.21.15.143:6789/0] -- mon_getmap magic: 0 -- 0x7fa0f807b130 con 0x7fa0f81063f0
2024-09-10T10:36:01.193 INFO:teuthology.orchestra.run.smithi143.stdout:/usr/bin/ceph: stderr
2024-09-10T10:35:56.738+0000 7fa0fd07c640 1 --2- >> [v2:172.21.15.143:3300/0,v1:172.21.15.143:6789/0] conn(0x7fa0f81063f0 0x7fa0f81992f0 unknown :-1 s=BANNER_CONNECTING pgs=0 cs=0 l=1 rev1=0 crypto rx=0 tx=0 comp rx=0 tx=0)._handle_peer_banner_payload supported=3 required=0
2024-09-10T10:36:01.193 INFO:teuthology.orchestra.run.smithi143.stdout:/usr/bin/ceph: stderr
2024-09-10T10:35:56.738+0000 7fa0fd07c640 1 --2- >> [v2:172.21.15.143:3300/0,v1:172.21.15.143:6789/0] conn(0x7fa0f81063f0 0x7fa0f81992f0 unknown :-1 s=HELLO_CONNECTING pgs=0 cs=0 l=1 rev1=1 crypto rx=0 tx=0 comp rx=0 tx=0).handle_hello peer v2:172.21.15.143:3300/0 says I am v2:172.21.15.143:40746/0 (socket says 172.21.15.143:40746)
2024-09-10T10:36:01.193 INFO:teuthology.orchestra.run.smithi143.stdout:/usr/bin/ceph: stderr
2024-09-10T10:35:56.738+0000 7fa0fd07c640 1 -- 172.21.15.143:0/3950557017 learned_addr learned my addr 172.21.15.143:0/3950557017 (peer_addr_for_me v2:172.21.15.143:0/0)
2024-09-10T10:36:01.193 INFO:teuthology.orchestra.run.smithi143.stdout:/usr/bin/ceph: stderr
2024-09-10T10:35:56.738+0000 7fa0fd07c640 1 -- 172.21.15.143:0/3950557017 --> [v2:172.21.15.143:3300/0,v1:172.21.15.143:6789/0] -- mon_subscribe({config=0+,monmap=0+}) -- 0x7fa0f8199830 con 0x7fa0f81063f0
2024-09-10T10:36:01.193 INFO:teuthology.orchestra.run.smithi143.stdout:/usr/bin/ceph: stderr
2024-09-10T10:35:56.738+0000 7fa0fd07c640 1 --2- 172.21.15.143:0/3950557017 >> [v2:172.21.15.143:3300/0,v1:172.21.15.143:6789/0] conn(0x7fa0f81063f0 0x7fa0f81992f0 secure :-1 s=READY pgs=60 cs=0 l=1 rev1=1 crypto rx=0x7fa0f400b2c0 tx=0x7fa0f40327d0 comp rx=0 tx=0).ready entity=mon.0 client_cookie=0 server_cookie=0 in_seq=0 out_seq=0
2024-09-10T10:36:01.193 INFO:teuthology.orchestra.run.smithi143.stdout:/usr/bin/ceph: stderr
2024-09-10T10:35:56.739+0000 7fa0ee7fc640 1 -- 172.21.15.143:0/3950557017 <== mon.0 v2:172.21.15.143:3300/0 1 ==== mon_map magic: 0 ==== 205+0+0 (secure 0 0 0) 0x7fa0f4042070 con 0x7fa0f81063f0
2024-09-10T10:36:01.193 INFO:teuthology.orchestra.run.smithi143.stdout:/usr/bin/ceph: stderr
2024-09-10T10:35:56.739+0000 7fa0ff2e0640 1 -- 172.21.15.143:0/3950557017 --> [v2:172.21.15.143:3300/0,v1:172.21.15.143:6789/0] -- mon_subscribe({mgrmap=0+}) -- 0x7fa0f8199ac0 con 0x7fa0f81063f0
2024-09-10T10:36:01.193 INFO:teuthology.orchestra.run.smithi143.stdout:/usr/bin/ceph: stderr
2024-09-10T10:35:56.739+0000 7fa0ff2e0640 1 -- 172.21.15.143:0/3950557017 --> [v2:172.21.15.143:3300/0,v1:172.21.15.143:6789/0] -- mon_subscribe({osdmap=0}) -- 0x7fa0f819c7b0 con 0x7fa0f81063f0
2024-09-10T10:36:01.193 INFO:teuthology.orchestra.run.smithi143.stdout:/usr/bin/ceph: stderr
2024-09-10T10:35:56.739+0000 7fa0ee7fc640 1 -- 172.21.15.143:0/3950557017 <== mon.0 v2:172.21.15.143:3300/0 2 ==== config(26 keys) ==== 1102+0+0 (secure 0 0 0) 0x7fa0f4032d20 con 0x7fa0f81063f0
2024-09-10T10:36:01.193 INFO:teuthology.orchestra.run.smithi143.stdout:/usr/bin/ceph: stderr
2024-09-10T10:35:56.739+0000 7fa0ee7fc640 1 -- 172.21.15.143:0/3950557017 <== mon.0 v2:172.21.15.143:3300/0 3 ==== mon_map magic: 0 ==== 205+0+0 (secure 0 0 0) 0x7fa0f403c3f0 con 0x7fa0f81063f0
2024-09-10T10:36:01.193 INFO:teuthology.orchestra.run.smithi143.stdout:/usr/bin/ceph: stderr
2024-09-10T10:35:56.740+0000 7fa0ee7fc640 1 -- 172.21.15.143:0/3950557017 <== mon.0 v2:172.21.15.143:3300/0 4 ==== mgrmap(e 9) ==== 46300+0+0 (secure 0 0 0) 0x7fa0f403c590 con 0x7fa0f81063f0
2024-09-10T10:36:01.193 INFO:teuthology.orchestra.run.smithi143.stdout:/usr/bin/ceph: stderr
2024-09-10T10:35:56.740+0000 7fa0ee7fc640 1 --2- 172.21.15.143:0/3950557017 >> [v2:172.21.15.143:6800/1050213403,v1:172.21.15.143:6801/1050213403] conn(0x7fa0e4038fc0 0x7fa0e403b480 unknown :-1 s=NONE pgs=0 cs=0 l=1 rev1=0 crypto rx=0 tx=0 comp rx=0 tx=0).connect
2024-09-10T10:36:01.193 INFO:teuthology.orchestra.run.smithi143.stdout:/usr/bin/ceph: stderr
2024-09-10T10:35:56.740+0000 7fa0ee7fc640 1 -- 172.21.15.143:0/3950557017 --> [v2:172.21.15.143:6800/1050213403,v1:172.21.15.143:6801/1050213403] -- command(tid 0: {"prefix": "get_command_descriptions"}) -- 0x7fa0e403bb90 con 0x7fa0e4038fc0
2024-09-10T10:36:01.194 INFO:teuthology.orchestra.run.smithi143.stdout:/usr/bin/ceph: stderr
2024-09-10T10:35:56.740+0000 7fa0ee7fc640 1 -- 172.21.15.143:0/3950557017 <== mon.0 v2:172.21.15.143:3300/0 5 ==== osd_map(2..2 src has 1..2) ==== 940+0+0 (secure 0 0 0) 0x7fa0f4030050 con 0x7fa0f81063f0
2024-09-10T10:36:01.194 INFO:teuthology.orchestra.run.smithi143.stdout:/usr/bin/ceph: stderr
2024-09-10T10:35:56.740+0000 7fa0fc87b640 1 -- 172.21.15.143:0/3950557017 >> [v2:172.21.15.143:6800/1050213403,v1:172.21.15.143:6801/1050213403] conn(0x7fa0e4038fc0 msgr2=0x7fa0e403b480 unknown :-1 s=STATE_CONNECTING_RE l=1).process reconnect failed to v2:172.21.15.143:6800/1050213403
2024-09-10T10:36:01.194 INFO:teuthology.orchestra.run.smithi143.stdout:/usr/bin/ceph: stderr
2024-09-10T10:35:56.740+0000 7fa0fc87b640 1 --2- 172.21.15.143:0/3950557017 >> [v2:172.21.15.143:6800/1050213403,v1:172.21.15.143:6801/1050213403] conn(0x7fa0e4038fc0 0x7fa0e403b480 unknown :-1 s=START_CONNECT pgs=0 cs=0 l=1 rev1=0 crypto rx=0 tx=0 comp rx=0 tx=0)._fault waiting 0.200000
2024-09-10T10:36:01.194 INFO:teuthology.orchestra.run.smithi143.stdout:/usr/bin/ceph: stderr
2024-09-10T10:35:56.941+0000 7fa0fc87b640 1 -- 172.21.15.143:0/3950557017 >> [v2:172.21.15.143:6800/1050213403,v1:172.21.15.143:6801/1050213403] conn(0x7fa0e4038fc0 msgr2=0x7fa0e403b480 unknown :-1 s=STATE_CONNECTING_RE l=1).process reconnect failed to v2:172.21.15.143:6800/1050213403
2024-09-10T10:36:01.194 INFO:teuthology.orchestra.run.smithi143.stdout:/usr/bin/ceph: stderr
2024-09-10T10:35:56.941+0000 7fa0fc87b640 1 --2- 172.21.15.143:0/3950557017 >> [v2:172.21.15.143:6800/1050213403,v1:172.21.15.143:6801/1050213403] conn(0x7fa0e4038fc0 0x7fa0e403b480 unknown :-1 s=START_CONNECT pgs=0 cs=0 l=1 rev1=0 crypto rx=0 tx=0 comp rx=0 tx=0)._fault waiting 0.400000
2024-09-10T10:36:01.194 INFO:teuthology.orchestra.run.smithi143.stdout:/usr/bin/ceph: stderr
2024-09-10T10:35:57.342+0000 7fa0fc87b640 1 -- 172.21.15.143:0/3950557017 >> [v2:172.21.15.143:6800/1050213403,v1:172.21.15.143:6801/1050213403] conn(0x7fa0e4038fc0 msgr2=0x7fa0e403b480 unknown :-1 s=STATE_CONNECTING_RE l=1).process reconnect failed to v2:172.21.15.143:6800/1050213403
2024-09-10T10:36:01.194 INFO:teuthology.orchestra.run.smithi143.stdout:/usr/bin/ceph: stderr
2024-09-10T10:35:57.342+0000 7fa0fc87b640 1 --2- 172.21.15.143:0/3950557017 >> [v2:172.21.15.143:6800/1050213403,v1:172.21.15.143:6801/1050213403] conn(0x7fa0e4038fc0 0x7fa0e403b480 unknown :-1 s=START_CONNECT pgs=0 cs=0 l=1 rev1=0 crypto rx=0 tx=0 comp rx=0 tx=0)._fault waiting 0.800000
2024-09-10T10:36:01.194 INFO:teuthology.orchestra.run.smithi143.stdout:/usr/bin/ceph: stderr
2024-09-10T10:35:58.143+0000 7fa0fc87b640 1 -- 172.21.15.143:0/3950557017 >> [v2:172.21.15.143:6800/1050213403,v1:172.21.15.143:6801/1050213403] conn(0x7fa0e4038fc0 msgr2=0x7fa0e403b480 unknown :-1 s=STATE_CONNECTING_RE l=1).process reconnect failed to v2:172.21.15.143:6800/1050213403
2024-09-10T10:36:01.194 INFO:teuthology.orchestra.run.smithi143.stdout:/usr/bin/ceph: stderr
2024-09-10T10:35:58.143+0000 7fa0fc87b640 1 --2- 172.21.15.143:0/3950557017 >> [v2:172.21.15.143:6800/1050213403,v1:172.21.15.143:6801/1050213403] conn(0x7fa0e4038fc0 0x7fa0e403b480 unknown :-1 s=START_CONNECT pgs=0 cs=0 l=1 rev1=0 crypto rx=0 tx=0 comp rx=0 tx=0)._fault waiting 1.600000
2024-09-10T10:36:01.194 INFO:teuthology.orchestra.run.smithi143.stdout:/usr/bin/ceph: stderr
2024-09-10T10:35:59.340+0000 7fa0ee7fc640 1 -- 172.21.15.143:0/3950557017 <== mon.0 v2:172.21.15.143:3300/0 6 ==== mgrmap(e 10) ==== 46067+0+0 (secure 0 0 0) 0x7fa0f406da90 con 0x7fa0f81063f0
2024-09-10T10:36:01.194 INFO:teuthology.orchestra.run.smithi143.stdout:/usr/bin/ceph: stderr
