2024-09-10T10:52:41.792 INFO:teuthology.orchestra.run.smithi059.stdout:/usr/bin/ceph: stderr
2024-09-10T10:52:41.223+0000 7fbe94c06640 1 -- 172.21.15.59:0/296732426 wait complete.
2024-09-10T10:52:41.793 INFO:teuthology.orchestra.run.smithi059.stdout:Creating initial admin user...
2024-09-10T10:52:42.081 INFO:journalctl@ceph.mon.a.smithi059.stdout:Sep 10 10:52:41 smithi059 ceph-mon[30978]: [10/Sep/2024:10:52:40] ENGINE Serving on https://172.21.15.59:7150
2024-09-10T10:52:42.082 INFO:journalctl@ceph.mon.a.smithi059.stdout:Sep 10 10:52:41 smithi059 ceph-mon[30978]: [10/Sep/2024:10:52:40] ENGINE Bus STARTED
2024-09-10T10:52:42.082 INFO:journalctl@ceph.mon.a.smithi059.stdout:Sep 10 10:52:41 smithi059 ceph-mon[30978]: [10/Sep/2024:10:52:40] ENGINE Error in HTTPServer.serve
2024-09-10T10:52:42.082 INFO:journalctl@ceph.mon.a.smithi059.stdout: Traceback (most recent call last):
2024-09-10T10:52:42.082 INFO:journalctl@ceph.mon.a.smithi059.stdout: File "/lib/python3.9/site-packages/cheroot/server.py", line 1823, in serve
2024-09-10T10:52:42.082 INFO:journalctl@ceph.mon.a.smithi059.stdout: self._connections.run(self.expiration_interval)
2024-09-10T10:52:42.082 INFO:journalctl@ceph.mon.a.smithi059.stdout: File "/lib/python3.9/site-packages/cheroot/connections.py", line 203, in run
2024-09-10T10:52:42.082 INFO:journalctl@ceph.mon.a.smithi059.stdout: self._run(expiration_interval)
2024-09-10T10:52:42.082 INFO:journalctl@ceph.mon.a.smithi059.stdout: File "/lib/python3.9/site-packages/cheroot/connections.py", line 246, in _run
2024-09-10T10:52:42.082 INFO:journalctl@ceph.mon.a.smithi059.stdout: new_conn = self._from_server_socket(self.server.socket)
2024-09-10T10:52:42.082 INFO:journalctl@ceph.mon.a.smithi059.stdout: File "/lib/python3.9/site-packages/cheroot/connections.py", line 300, in _from_server_socket
2024-09-10T10:52:42.082 INFO:journalctl@ceph.mon.a.smithi059.stdout: s, ssl_env = self.server.ssl_adapter.wrap(s)
2024-09-10T10:52:42.083 INFO:journalctl@ceph.mon.a.smithi059.stdout: File "/lib/python3.9/site-packages/cheroot/ssl/builtin.py", line 277, in wrap
2024-09-10T10:52:42.083 INFO:journalctl@ceph.mon.a.smithi059.stdout: s = self.context.wrap_socket(
2024-09-10T10:52:42.083 INFO:journalctl@ceph.mon.a.smithi059.stdout: File "/lib64/python3.9/ssl.py", line 501, in wrap_socket
2024-09-10T10:52:42.083 INFO:journalctl@ceph.mon.a.smithi059.stdout: return self.sslsocket_class._create(
2024-09-10T10:52:42.083 INFO:journalctl@ceph.mon.a.smithi059.stdout: File "/lib64/python3.9/ssl.py", line 1074, in _create
2024-09-10T10:52:42.083 INFO:journalctl@ceph.mon.a.smithi059.stdout: self.do_handshake()
2024-09-10T10:52:42.083 INFO:journalctl@ceph.mon.a.smithi059.stdout: File "/lib64/python3.9/ssl.py", line 1343, in do_handshake
2024-09-10T10:52:42.083 INFO:journalctl@ceph.mon.a.smithi059.stdout: self._sslobj.do_handshake()
2024-09-10T10:52:42.083 INFO:journalctl@ceph.mon.a.smithi059.stdout: ssl.SSLZeroReturnError: TLS/SSL connection has been closed (EOF) (_ssl.c:1133)
2024-09-10T10:52:42.083 INFO:journalctl@ceph.mon.a.smithi059.stdout:Sep 10 10:52:41 smithi059 ceph-mon[30978]: mgrmap e12: x(active, since 2s)
2024-09-10T10:52:42.083 INFO:journalctl@ceph.mon.a.smithi059.stdout:Sep 10 10:52:41 smithi059 ceph-mon[30978]: from='mgr.14150 172.21.15.59:0/1062113586' entity='mgr.x'
2024-09-10T10:52:42.083 INFO:journalctl@ceph.mon.a.smithi059.stdout:Sep 10 10:52:41 smithi059 ceph-mon[30978]: from='client.14162 -' entity='client.admin' cmd=[{"prefix": "dashboard create-self-signed-cert", "target": ["mon-mgr", ""]}]: dispatch
2024-09-10T10:52:42.084 INFO:journalctl@ceph.mon.a.smithi059.stdout:Sep 10 10:52:41 smithi059 ceph-mon[30978]: from='mgr.14150 172.21.15.59:0/1062113586' entity='mgr.x'
2024-09-10T10:52:42.084 INFO:journalctl@ceph.mon.a.smithi059.stdout:Sep 10 10:52:41 smithi059 ceph-mon[30978]: from='mgr.14150 172.21.15.59:0/1062113586' entity='mgr.x'
2024-09-10T10:52:43.322 INFO:journalctl@ceph.mon.a.smithi059.stdout:Sep 10 10:52:42 smithi059 ceph-mon[30978]: from='client.14164 -' entity='client.admin' cmd=[{"prefix": "dashboard ac-user-create", "username": "admin", "rolename": "administrator", "force_password": true, "pwd_update_required": true, "target": ["mon-mgr", ""]}]: dispatch
2024-09-10T10:52:43.322 INFO:journalctl@ceph.mon.a.smithi059.stdout:Sep 10 10:52:42 smithi059 ceph-mon[30978]: from='mgr.14150 172.21.15.59:0/1062113586' entity='mgr.x'
2024-09-10T10:52:43.330 INFO:teuthology.orchestra.run.smithi059.stdout:/usr/bin/ceph: stdout {"username": "admin", "password": "$2b$12$CKDLxDPkMTa6JFUxOxEsdueeiRgCnCe4OE15HGaSu8B51lBvFK8IW", "roles": ["administrator"], "name": null, "email": null, "lastUpdate": 1725965562, "enabled": true, "pwdExpirationDate": null, "pwdUpdateRequired": true}
2024-09-10T10:52:43.330 INFO:teuthology.orchestra.run.smithi059.stdout:/usr/bin/ceph: stderr
2024-09-10T10:52:42.165+0000 7fb047688640 1 Processor -- start
2024-09-10T10:52:43.330 INFO:teuthology.orchestra.run.smithi059.stdout:/usr/bin/ceph: stderr
2024-09-10T10:52:42.165+0000 7fb047688640 1 -- start start
2024-09-10T10:52:43.331 INFO:teuthology.orchestra.run.smithi059.stdout:/usr/bin/ceph: stderr
2024-09-10T10:52:42.165+0000 7fb047688640 1 --2- >> [v2:172.21.15.59:3300/0,v1:172.21.15.59:6789/0] conn(0x7fb0401081d0 0x7fb04010a5c0 unknown :-1 s=NONE pgs=0 cs=0 l=0 rev1=0 crypto rx=0 tx=0 comp rx=0 tx=0).connect
2024-09-10T10:52:43.331 INFO:teuthology.orchestra.run.smithi059.stdout:/usr/bin/ceph: stderr
2024-09-10T10:52:42.165+0000 7fb047688640 1 -- --> [v2:172.21.15.59:3300/0,v1:172.21.15.59:6789/0] -- mon_getmap magic: 0 -- 0x7fb04007c710 con 0x7fb0401081d0
2024-09-10T10:52:43.331 INFO:teuthology.orchestra.run.smithi059.stdout:/usr/bin/ceph: stderr
2024-09-10T10:52:42.166+0000 7fb045424640 1 --2- >> [v2:172.21.15.59:3300/0,v1:172.21.15.59:6789/0] conn(0x7fb0401081d0 0x7fb04010a5c0 unknown :-1 s=BANNER_CONNECTING pgs=0 cs=0 l=0 rev1=0 crypto rx=0 tx=0 comp rx=0 tx=0)._handle_peer_banner_payload supported=3 required=0
2024-09-10T10:52:43.331 INFO:teuthology.orchestra.run.smithi059.stdout:/usr/bin/ceph: stderr
2024-09-10T10:52:42.166+0000 7fb045424640 1 --2- >> [v2:172.21.15.59:3300/0,v1:172.21.15.59:6789/0] conn(0x7fb0401081d0 0x7fb04010a5c0 unknown :-1 s=HELLO_CONNECTING pgs=0 cs=0 l=0 rev1=1 crypto rx=0 tx=0 comp rx=0 tx=0).handle_hello peer v2:172.21.15.59:3300/0 says I am v2:172.21.15.59:60326/0 (socket says 172.21.15.59:60326)
2024-09-10T10:52:43.331 INFO:teuthology.orchestra.run.smithi059.stdout:/usr/bin/ceph: stderr
2024-09-10T10:52:42.166+0000 7fb045424640 1 -- 172.21.15.59:0/624119513 learned_addr learned my addr 172.21.15.59:0/624119513 (peer_addr_for_me v2:172.21.15.59:0/0)
2024-09-10T10:52:43.331 INFO:teuthology.orchestra.run.smithi059.stdout:/usr/bin/ceph: stderr
2024-09-10T10:52:42.166+0000 7fb045424640 1 -- 172.21.15.59:0/624119513 --> [v2:172.21.15.59:3300/0,v1:172.21.15.59:6789/0] -- mon_subscribe({config=0+,monmap=0+}) -- 0x7fb04010ab00 con 0x7fb0401081d0
2024-09-10T10:52:43.331 INFO:teuthology.orchestra.run.smithi059.stdout:/usr/bin/ceph: stderr
2024-09-10T10:52:42.167+0000 7fb045424640 1 --2- 172.21.15.59:0/624119513 >> [v2:172.21.15.59:3300/0,v1:172.21.15.59:6789/0] conn(0x7fb0401081d0 0x7fb04010a5c0 secure :-1 s=READY pgs=70 cs=0 l=1 rev1=1 crypto rx=0x7fb03c009820 tx=0x7fb03c02a270 comp rx=0 tx=0).ready entity=mon.0 client_cookie=d492da93985013ac server_cookie=0 in_seq=0 out_seq=0
2024-09-10T10:52:43.331 INFO:teuthology.orchestra.run.smithi059.stdout:/usr/bin/ceph: stderr
2024-09-10T10:52:42.167+0000 7fb037fff640 1 -- 172.21.15.59:0/624119513 <== mon.0 v2:172.21.15.59:3300/0 1 ==== mon_map magic: 0 ==== 205+0+0 (secure 0 0 0) 0x7fb03c037070 con 0x7fb0401081d0
2024-09-10T10:52:43.331 INFO:teuthology.orchestra.run.smithi059.stdout:/usr/bin/ceph: stderr
2024-09-10T10:52:42.167+0000 7fb037fff640 1 -- 172.21.15.59:0/624119513 <== mon.0 v2:172.21.15.59:3300/0 2 ==== config(27 keys) ==== 1140+0+0 (secure 0 0 0) 0x7fb03c032920 con 0x7fb0401081d0
2024-09-10T10:52:43.331 INFO:teuthology.orchestra.run.smithi059.stdout:/usr/bin/ceph: stderr
2024-09-10T10:52:42.167+0000 7fb037fff640 1 -- 172.21.15.59:0/624119513 <== mon.0 v2:172.21.15.59:3300/0 3 ==== mon_map magic: 0 ==== 205+0+0 (secure 0 0 0) 0x7fb03c030810 con 0x7fb0401081d0
2024-09-10T10:52:43.331 INFO:teuthology.orchestra.run.smithi059.stdout:/usr/bin/ceph: stderr
2024-09-10T10:52:42.168+0000 7fb047688640 1 -- 172.21.15.59:0/624119513 >> [v2:172.21.15.59:3300/0,v1:172.21.15.59:6789/0] conn(0x7fb0401081d0 msgr2=0x7fb04010a5c0 secure :-1 s=STATE_CONNECTION_ESTABLISHED l=1).mark_down
2024-09-10T10:52:43.331 INFO:teuthology.orchestra.run.smithi059.stdout:/usr/bin/ceph: stderr
2024-09-10T10:52:42.168+0000 7fb047688640 1 --2- 172.21.15.59:0/624119513 >> [v2:172.21.15.59:3300/0,v1:172.21.15.59:6789/0] conn(0x7fb0401081d0 0x7fb04010a5c0 secure :-1 s=READY pgs=70 cs=0 l=1 rev1=1 crypto rx=0x7fb03c009820 tx=0x7fb03c02a270 comp rx=0 tx=0).stop
2024-09-10T10:52:43.332 INFO:teuthology.orchestra.run.smithi059.stdout:/usr/bin/ceph: stderr
2024-09-10T10:52:42.168+0000 7fb047688640 1 -- 172.21.15.59:0/624119513 shutdown_connections
2024-09-10T10:52:43.332 INFO:teuthology.orchestra.run.smithi059.stdout:/usr/bin/ceph: stderr
2024-09-10T10:52:42.168+0000 7fb047688640 1 --2- 172.21.15.59:0/624119513 >> [v2:172.21.15.59:3300/0,v1:172.21.15.59:6789/0] conn(0x7fb0401081d0 0x7fb04010a5c0 unknown :-1 s=CLOSED pgs=70 cs=0 l=1 rev1=1 crypto rx=0 tx=0 comp rx=0 tx=0).stop
2024-09-10T10:52:43.332 INFO:teuthology.orchestra.run.smithi059.stdout:/usr/bin/ceph: stderr
2024-09-10T10:52:42.168+0000 7fb047688640 1 -- 172.21.15.59:0/624119513 >> 172.21.15.59:0/624119513 conn(0x7fb040101e50 msgr2=0x7fb040104270 unknown :-1 s=STATE_NONE l=0).mark_down
2024-09-10T10:52:43.332 INFO:teuthology.orchestra.run.smithi059.stdout:/usr/bin/ceph: stderr
2024-09-10T10:52:42.168+0000 7fb047688640 1 -- 172.21.15.59:0/624119513 shutdown_connections
2024-09-10T10:52:43.332 INFO:teuthology.orchestra.run.smithi059.stdout:/usr/bin/ceph: stderr
2024-09-10T10:52:42.168+0000 7fb047688640 1 -- 172.21.15.59:0/624119513 wait complete.
2024-09-10T10:52:43.332 INFO:teuthology.orchestra.run.smithi059.stdout:/usr/bin/ceph: stderr
2024-09-10T10:52:42.169+0000 7fb047688640 1 Processor -- start
2024-09-10T10:52:43.332 INFO:teuthology.orchestra.run.smithi059.stdout:/usr/bin/ceph: stderr
2024-09-10T10:52:42.169+0000 7fb047688640 1 -- start start
2024-09-10T10:52:43.332 INFO:teuthology.orchestra.run.smithi059.stdout:/usr/bin/ceph: stderr
2024-09-10T10:52:42.169+0000 7fb047688640 1 --2- >> [v2:172.21.15.59:3300/0,v1:172.21.15.59:6789/0] conn(0x7fb0401081d0 0x7fb040107a50 unknown :-1 s=NONE pgs=0 cs=0 l=1 rev1=0 crypto rx=0 tx=0 comp rx=0 tx=0).connect
2024-09-10T10:52:43.332 INFO:teuthology.orchestra.run.smithi059.stdout:/usr/bin/ceph: stderr
2024-09-10T10:52:42.169+0000 7fb047688640 1 -- --> [v2:172.21.15.59:3300/0,v1:172.21.15.59:6789/0] -- mon_getmap magic: 0 -- 0x7fb04010bbe0 con 0x7fb0401081d0
2024-09-10T10:52:43.332 INFO:teuthology.orchestra.run.smithi059.stdout:/usr/bin/ceph: stderr
2024-09-10T10:52:42.169+0000 7fb045424640 1 --2- >> [v2:172.21.15.59:3300/0,v1:172.21.15.59:6789/0] conn(0x7fb0401081d0 0x7fb040107a50 unknown :-1 s=BANNER_CONNECTING pgs=0 cs=0 l=1 rev1=0 crypto rx=0 tx=0 comp rx=0 tx=0)._handle_peer_banner_payload supported=3 required=0
2024-09-10T10:52:43.332 INFO:teuthology.orchestra.run.smithi059.stdout:/usr/bin/ceph: stderr
2024-09-10T10:52:42.169+0000 7fb045424640 1 --2- >> [v2:172.21.15.59:3300/0,v1:172.21.15.59:6789/0] conn(0x7fb0401081d0 0x7fb040107a50 unknown :-1 s=HELLO_CONNECTING pgs=0 cs=0 l=1 rev1=1 crypto rx=0 tx=0 comp rx=0 tx=0).handle_hello peer v2:172.21.15.59:3300/0 says I am v2:172.21.15.59:60336/0 (socket says 172.21.15.59:60336)
2024-09-10T10:52:43.333 INFO:teuthology.orchestra.run.smithi059.stdout:/usr/bin/ceph: stderr
2024-09-10T10:52:42.169+0000 7fb045424640 1 -- 172.21.15.59:0/2523165086 learned_addr learned my addr 172.21.15.59:0/2523165086 (peer_addr_for_me v2:172.21.15.59:0/0)
2024-09-10T10:52:43.333 INFO:teuthology.orchestra.run.smithi059.stdout:/usr/bin/ceph: stderr
2024-09-10T10:52:42.169+0000 7fb045424640 1 -- 172.21.15.59:0/2523165086 --> [v2:172.21.15.59:3300/0,v1:172.21.15.59:6789/0] -- mon_subscribe({config=0+,monmap=0+}) -- 0x7fb040107f90 con 0x7fb0401081d0
2024-09-10T10:52:43.333 INFO:teuthology.orchestra.run.smithi059.stdout:/usr/bin/ceph: stderr
2024-09-10T10:52:42.169+0000 7fb045424640 1 --2- 172.21.15.59:0/2523165086 >> [v2:172.21.15.59:3300/0,v1:172.21.15.59:6789/0] conn(0x7fb0401081d0 0x7fb040107a50 secure :-1 s=READY pgs=71 cs=0 l=1 rev1=1 crypto rx=0x7fb03c030380 tx=0x7fb03c032670 comp rx=0 tx=0).ready entity=mon.0 client_cookie=0 server_cookie=0 in_seq=0 out_seq=0
2024-09-10T10:52:43.333 INFO:teuthology.orchestra.run.smithi059.stdout:/usr/bin/ceph: stderr
2024-09-10T10:52:42.170+0000 7fb0367fc640 1 -- 172.21.15.59:0/2523165086 <== mon.0 v2:172.21.15.59:3300/0 1 ==== mon_map magic: 0 ==== 205+0+0 (secure 0 0 0) 0x7fb03c037040 con 0x7fb0401081d0
2024-09-10T10:52:43.333 INFO:teuthology.orchestra.run.smithi059.stdout:/usr/bin/ceph: stderr
2024-09-10T10:52:42.170+0000 7fb0367fc640 1 -- 172.21.15.59:0/2523165086 <== mon.0 v2:172.21.15.59:3300/0 2 ==== config(27 keys) ==== 1140+0+0 (secure 0 0 0) 0x7fb03c040070 con 0x7fb0401081d0
2024-09-10T10:52:43.333 INFO:teuthology.orchestra.run.smithi059.stdout:/usr/bin/ceph: stderr
2024-09-10T10:52:42.170+0000 7fb047688640 1 -- 172.21.15.59:0/2523165086 --> [v2:172.21.15.59:3300/0,v1:172.21.15.59:6789/0] -- mon_subscribe({mgrmap=0+}) -- 0x7fb040106180 con 0x7fb0401081d0
2024-09-10T10:52:43.333 INFO:teuthology.orchestra.run.smithi059.stdout:/usr/bin/ceph: stderr
2024-09-10T10:52:42.170+0000 7fb0367fc640 1 -- 172.21.15.59:0/2523165086 <== mon.0 v2:172.21.15.59:3300/0 3 ==== mon_map magic: 0 ==== 205+0+0 (secure 0 0 0) 0x7fb03c03a7b0 con 0x7fb0401081d0
2024-09-10T10:52:43.333 INFO:teuthology.orchestra.run.smithi059.stdout:/usr/bin/ceph: stderr
2024-09-10T10:52:42.170+0000 7fb047688640 1 -- 172.21.15.59:0/2523165086 --> [v2:172.21.15.59:3300/0,v1:172.21.15.59:6789/0] -- mon_subscribe({osdmap=0}) -- 0x7fb0401066c0 con 0x7fb0401081d0
2024-09-10T10:52:43.333 INFO:teuthology.orchestra.run.smithi059.stdout:/usr/bin/ceph: stderr
2024-09-10T10:52:42.171+0000 7fb0367fc640 1 -- 172.21.15.59:0/2523165086 <== mon.0 v2:172.21.15.59:3300/0 4 ==== mgrmap(e 12) ==== 46300+0+0 (secure 0 0 0) 0x7fb03c03a9e0 con 0x7fb0401081d0
2024-09-10T10:52:43.333 INFO:teuthology.orchestra.run.smithi059.stdout:/usr/bin/ceph: stderr
2024-09-10T10:52:42.171+0000 7fb0367fc640 1 --2- 172.21.15.59:0/2523165086 >> [v2:172.21.15.59:6800/3145930564,v1:172.21.15.59:6801/3145930564] conn(0x7fb02c039020 0x7fb02c03b4e0 unknown :-1 s=NONE pgs=0 cs=0 l=1 rev1=0 crypto rx=0 tx=0 comp rx=0 tx=0).connect
2024-09-10T10:52:43.334 INFO:teuthology.orchestra.run.smithi059.stdout:/usr/bin/ceph: stderr
2024-09-10T10:52:42.171+0000 7fb0367fc640 1 -- 172.21.15.59:0/2523165086 <== mon.0 v2:172.21.15.59:3300/0 5 ==== osd_map(3..3 src has 1..3) ==== 1155+0+0 (secure 0 0 0) 0x7fb03c03b910 con 0x7fb0401081d0
2024-09-10T10:52:43.334 INFO:teuthology.orchestra.run.smithi059.stdout:/usr/bin/ceph: stderr
2024-09-10T10:52:42.171+0000 7fb044c23640 1 --2- 172.21.15.59:0/2523165086 >> [v2:172.21.15.59:6800/3145930564,v1:172.21.15.59:6801/3145930564] conn(0x7fb02c039020 0x7fb02c03b4e0 unknown :-1 s=BANNER_CONNECTING pgs=0 cs=0 l=1 rev1=0 crypto rx=0 tx=0 comp rx=0 tx=0)._handle_peer_banner_payload supported=3 required=0
2024-09-10T10:52:43.334 INFO:teuthology.orchestra.run.smithi059.stdout:/usr/bin/ceph: stderr
2024-09-10T10:52:42.171+0000 7fb047688640 1 -- 172.21.15.59:0/2523165086 --> [v2:172.21.15.59:3300/0,v1:172.21.15.59:6789/0] -- mon_command({"prefix": "get_command_descriptions"} v 0) -- 0x7fb040108630 con 0x7fb0401081d0
2024-09-10T10:52:43.334 INFO:teuthology.orchestra.run.smithi059.stdout:/usr/bin/ceph: stderr
2024-09-10T10:52:42.171+0000 7fb044c23640 1 --2- 172.21.15.59:0/2523165086 >> [v2:172.21.15.59:6800/3145930564,v1:172.21.15.59:6801/3145930564] conn(0x7fb02c039020 0x7fb02c03b4e0 secure :-1 s=READY pgs=8 cs=0 l=1 rev1=1 crypto rx=0x7fb0300098c0 tx=0x7fb030006db0 comp rx=0 tx=0).ready entity=mgr.14150 client_cookie=0 server_cookie=0 in_seq=0 out_seq=0
2024-09-10T10:52:43.334 INFO:teuthology.orchestra.run.smithi059.stdout:/usr/bin/ceph: stderr
2024-09-10T10:52:42.177+0000 7fb0367fc640 1 -- 172.21.15.59:0/2523165086 <== mon.0 v2:172.21.15.59:3300/0 6 ==== mon_command_ack([{"prefix": "get_command_descriptions"}]=0 v0) ==== 72+0+188821 (secure 0 0 0) 0x7fb03c041270 con 0x7fb0401081d0
2024-09-10T10:52:43.334 INFO:teuthology.orchestra.run.smithi059.stdout:/usr/bin/ceph: stderr
2024-09-10T10:52:42.390+0000 7fb047688640 1 -- 172.21.15.59:0/2523165086 --> [v2:172.21.15.59:6800/3145930564,v1:172.21.15.59:6801/3145930564] -- mgr_command(tid 0: {"prefix": "dashboard ac-user-create", "username": "admin", "rolename": "administrator", "force_password": true, "pwd_update_required": true, "target": ["mon-mgr", ""]}) -- 0x7fb040106d40 con 0x7fb02c039020
2024-09-10T10:52:43.334 INFO:teuthology.orchestra.run.smithi059.stdout:/usr/bin/ceph: stderr
2024-09-10T10:52:42.639+0000 7fb0367fc640 1 -- 172.21.15.59:0/2523165086 <== mgr.14150 v2:172.21.15.59:6800/3145930564 1 ==== mgr_command_reply(tid 0: 0 ) ==== 8+0+252 (secure 0 0 0) 0x7fb040106d40 con 0x7fb02c039020
2024-09-10T10:52:43.334 INFO:teuthology.orchestra.run.smithi059.stdout:/usr/bin/ceph: stderr
2024-09-10T10:52:42.641+0000 7fb047688640 1 -- 172.21.15.59:0/2523165086 >> [v2:172.21.15.59:6800/3145930564,v1:172.21.15.59:6801/3145930564] conn(0x7fb02c039020 msgr2=0x7fb02c03b4e0 secure :-1 s=STATE_CONNECTION_ESTABLISHED l=1).mark_down
2024-09-10T10:52:43.334 INFO:teuthology.orchestra.run.smithi059.stdout:/usr/bin/ceph: stderr
2024-09-10T10:52:42.641+0000 7fb047688640 1 --2- 172.21.15.59:0/2523165086 >> [v2:172.21.15.59:6800/3145930564,v1:172.21.15.59:6801/3145930564] conn(0x7fb02c039020 0x7fb02c03b4e0 secure :-1 s=READY pgs=8 cs=0 l=1 rev1=1 crypto rx=0x7fb0300098c0 tx=0x7fb030006db0 comp rx=0 tx=0).stop
2024-09-10T10:52:43.334 INFO:teuthology.orchestra.run.smithi059.stdout:/usr/bin/ceph: stderr
2024-09-10T10:52:42.641+0000 7fb047688640 1 -- 172.21.15.59:0/2523165086 >> [v2:172.21.15.59:3300/0,v1:172.21.15.59:6789/0] conn(0x7fb0401081d0 msgr2=0x7fb040107a50 secure :-1 s=STATE_CONNECTION_ESTABLISHED l=1).mark_down
2024-09-10T10:52:43.335 INFO:teuthology.orchestra.run.smithi059.stdout:/usr/bin/ceph: stderr
2024-09-10T10:52:42.641+0000 7fb047688640 1 --2- 172.21.15.59:0/2523165086 >> [v2:172.21.15.59:3300/0,v1:172.21.15.59:6789/0] conn(0x7fb0401081d0 0x7fb040107a50 secure :-1 s=READY pgs=71 cs=0 l=1 rev1=1 crypto rx=0x7fb03c030380 tx=0x7fb03c032670 comp rx=0 tx=0).stop
2024-09-10T10:52:43.335 INFO:teuthology.orchestra.run.smithi059.stdout:/usr/bin/ceph: stderr
2024-09-10T10:52:42.641+0000 7fb047688640 1 -- 172.21.15.59:0/2523165086 shutdown_connections
2024-09-10T10:52:43.335 INFO:teuthology.orchestra.run.smithi059.stdout:/usr/bin/ceph: stderr
2024-09-10T10:52:42.641+0000 7fb047688640 1 --2- 172.21.15.59:0/2523165086 >> [v2:172.21.15.59:6800/3145930564,v1:172.21.15.59:6801/3145930564] conn(0x7fb02c039020 0x7fb02c03b4e0 unknown :-1 s=CLOSED pgs=8 cs=0 l=1 rev1=1 crypto rx=0 tx=0 comp rx=0 tx=0).stop
2024-09-10T10:52:43.335 INFO:teuthology.orchestra.run.smithi059.stdout:/usr/bin/ceph: stderr
2024-09-10T10:52:42.641+0000 7fb047688640 1 --2- 172.21.15.59:0/2523165086 >> [v2:172.21.15.59:3300/0,v1:172.21.15.59:6789/0] conn(0x7fb0401081d0 0x7fb040107a50 unknown :-1 s=CLOSED pgs=71 cs=0 l=1 rev1=1 crypto rx=0 tx=0 comp rx=0 tx=0).stop
2024-09-10T10:52:43.335 INFO:teuthology.orchestra.run.smithi059.stdout:/usr/bin/ceph: stderr
2024-09-10T10:52:42.641+0000 7fb047688640 1 -- 172.21.15.59:0/2523165086 >> 172.21.15.59:0/2523165086 conn(0x7fb040101e50 msgr2=0x7fb040102a40 unknown :-1 s=STATE_NONE l=0).mark_down
2024-09-10T10:52:43.335 INFO:teuthology.orchestra.run.smithi059.stdout:/usr/bin/ceph: stderr
2024-09-10T10:52:42.641+0000 7fb047688640 1 -- 172.21.15.59:0/2523165086 shutdown_connections
2024-09-10T10:52:43.335 INFO:teuthology.orchestra.run.smithi059.stdout:/usr/bin/ceph: stderr
2024-09-10T10:52:42.641+0000 7fb047688640 1 -- 172.21.15.59:0/2523165086 wait complete.
2024-09-10T10:52:43.335 INFO:teuthology.orchestra.run.smithi059.stdout:Fetching dashboard port number...
2024-09-10T10:52:44.219 INFO:journalctl@ceph.mon.a.smithi059.stdout:Sep 10 10:52:43 smithi059 ceph-mon[30978]: from='client.? 172.21.15.59:0/995507992' entity='client.admin' cmd=[{"prefix": "config get", "who": "mgr", "key": "mgr/dashboard/ssl_server_port"}]: dispatch
2024-09-10T10:52:44.831 INFO:teuthology.orchestra.run.smithi059.stdout:/usr/bin/ceph: stdout 8443
2024-09-10T10:52:44.831 INFO:teuthology.orchestra.run.smithi059.stdout:/usr/bin/ceph: stderr
2024-09-10T10:52:43.745+0000 7f3168416640 1 Processor -- start
2024-09-10T10:52:44.831 INFO:teuthology.orchestra.run.smithi059.stdout:/usr/bin/ceph: stderr
2024-09-10T10:52:43.745+0000 7f3168416640 1 -- start start
2024-09-10T10:52:44.831 INFO:teuthology.orchestra.run.smithi059.stdout:/usr/bin/ceph: stderr
2024-09-10T10:52:43.745+0000 7f3168416640 1 --2- >> [v2:172.21.15.59:3300/0,v1:172.21.15.59:6789/0] conn(0x7f3160108170 0x7f316010a560 unknown :-1 s=NONE pgs=0 cs=0 l=0 rev1=0 crypto rx=0 tx=0 comp rx=0 tx=0).connect
2024-09-10T10:52:44.831 INFO:teuthology.orchestra.run.smithi059.stdout:/usr/bin/ceph: stderr
2024-09-10T10:52:43.745+0000 7f3168416640 1 -- --> [v2:172.21.15.59:3300/0,v1:172.21.15.59:6789/0] -- mon_getmap magic: 0 -- 0x7f316007be80 con 0x7f3160108170
2024-09-10T10:52:44.831 INFO:teuthology.orchestra.run.smithi059.stdout:/usr/bin/ceph: stderr
2024-09-10T10:52:43.746+0000 7f31661b2640 1 --2- >> [v2:172.21.15.59:3300/0,v1:172.21.15.59:6789/0] conn(0x7f3160108170 0x7f316010a560 unknown :-1 s=BANNER_CONNECTING pgs=0 cs=0 l=0 rev1=0 crypto rx=0 tx=0 comp rx=0 tx=0)._handle_peer_banner_payload supported=3 required=0
2024-09-10T10:52:44.832 INFO:teuthology.orchestra.run.smithi059.stdout:/usr/bin/ceph: stderr
2024-09-10T10:52:43.746+0000 7f31661b2640 1 --2- >> [v2:172.21.15.59:3300/0,v1:172.21.15.59:6789/0] conn(0x7f3160108170 0x7f316010a560 unknown :-1 s=HELLO_CONNECTING pgs=0 cs=0 l=0 rev1=1 crypto rx=0 tx=0 comp rx=0 tx=0).handle_hello peer v2:172.21.15.59:3300/0 says I am v2:172.21.15.59:60344/0 (socket says 172.21.15.59:60344)
2024-09-10T10:52:44.832 INFO:teuthology.orchestra.run.smithi059.stdout:/usr/bin/ceph: stderr
2024-09-10T10:52:43.746+0000 7f31661b2640 1 -- 172.21.15.59:0/3905928648 learned_addr learned my addr 172.21.15.59:0/3905928648 (peer_addr_for_me v2:172.21.15.59:0/0)
2024-09-10T10:52:44.832 INFO:teuthology.orchestra.run.smithi059.stdout:/usr/bin/ceph: stderr
2024-09-10T10:52:43.746+0000 7f31661b2640 1 -- 172.21.15.59:0/3905928648 --> [v2:172.21.15.59:3300/0,v1:172.21.15.59:6789/0] -- mon_subscribe({config=0+,monmap=0+}) -- 0x7f316010aaa0 con 0x7f3160108170
2024-09-10T10:52:44.832 INFO:teuthology.orchestra.run.smithi059.stdout:/usr/bin/ceph: stderr
2024-09-10T10:52:43.747+0000 7f31661b2640 1 --2- 172.21.15.59:0/3905928648 >> [v2:172.21.15.59:3300/0,v1:172.21.15.59:6789/0] conn(0x7f3160108170 0x7f316010a560 secure :-1 s=READY pgs=72 cs=0 l=1 rev1=1 crypto rx=0x7f315c009820 tx=0x7f315c02a270 comp rx=0 tx=0).ready entity=mon.0 client_cookie=2947775280b862fd server_cookie=0 in_seq=0 out_seq=0
2024-09-10T10:52:44.832 INFO:teuthology.orchestra.run.smithi059.stdout:/usr/bin/ceph: stderr
2024-09-10T10:52:43.747+0000 7f31651b0640 1 -- 172.21.15.59:0/3905928648 <== mon.0 v2:172.21.15.59:3300/0 1 ==== mon_map magic: 0 ==== 205+0+0 (secure 0 0 0) 0x7f315c037070 con 0x7f3160108170
2024-09-10T10:52:44.832 INFO:teuthology.orchestra.run.smithi059.stdout:/usr/bin/ceph: stderr
2024-09-10T10:52:43.747+0000 7f31651b0640 1 -- 172.21.15.59:0/3905928648 <== mon.0 v2:172.21.15.59:3300/0 2 ==== config(27 keys) ==== 1140+0+0 (secure 0 0 0) 0x7f315c032920 con 0x7f3160108170
2024-09-10T10:52:44.832 INFO:teuthology.orchestra.run.smithi059.stdout:/usr/bin/ceph: stderr
2024-09-10T10:52:43.747+0000 7f31651b0640 1 -- 172.21.15.59:0/3905928648 <== mon.0 v2:172.21.15.59:3300/0 3 ==== mon_map magic: 0 ==== 205+0+0 (secure 0 0 0) 0x7f315c030810 con 0x7f3160108170
2024-09-10T10:52:44.832 INFO:teuthology.orchestra.run.smithi059.stdout:/usr/bin/ceph: stderr
2024-09-10T10:52:43.748+0000 7f3168416640 1 -- 172.21.15.59:0/3905928648 >> [v2:172.21.15.59:3300/0,v1:172.21.15.59:6789/0] conn(0x7f3160108170 msgr2=0x7f316010a560 secure :-1 s=STATE_CONNECTION_ESTABLISHED l=1).mark_down
2024-09-10T10:52:44.832 INFO:teuthology.orchestra.run.smithi059.stdout:/usr/bin/ceph: stderr
2024-09-10T10:52:43.748+0000 7f3168416640 1 --2- 172.21.15.59:0/3905928648 >> [v2:172.21.15.59:3300/0,v1:172.21.15.59:6789/0] conn(0x7f3160108170 0x7f316010a560 secure :-1 s=READY pgs=72 cs=0 l=1 rev1=1 crypto rx=0x7f315c009820 tx=0x7f315c02a270 comp rx=0 tx=0).stop
2024-09-10T10:52:44.832 INFO:teuthology.orchestra.run.smithi059.stdout:/usr/bin/ceph: stderr
2024-09-10T10:52:43.748+0000 7f3168416640 1 -- 172.21.15.59:0/3905928648 shutdown_connections
2024-09-10T10:52:44.832 INFO:teuthology.orchestra.run.smithi059.stdout:/usr/bin/ceph: stderr
2024-09-10T10:52:43.748+0000 7f3168416640 1 --2- 172.21.15.59:0/3905928648 >> [v2:172.21.15.59:3300/0,v1:172.21.15.59:6789/0] conn(0x7f3160108170 0x7f316010a560 unknown :-1 s=CLOSED pgs=72 cs=0 l=1 rev1=1 crypto rx=0 tx=0 comp rx=0 tx=0).stop
2024-09-10T10:52:44.833 INFO:teuthology.orchestra.run.smithi059.stdout:/usr/bin/ceph: stderr
2024-09-10T10:52:43.748+0000 7f3168416640 1 -- 172.21.15.59:0/3905928648 >> 172.21.15.59:0/3905928648 conn(0x7f3160101db0 msgr2=0x7f31601041d0 unknown :-1 s=STATE_NONE l=0).mark_down
2024-09-10T10:52:44.833 INFO:teuthology.orchestra.run.smithi059.stdout:/usr/bin/ceph: stderr
2024-09-10T10:52:43.748+0000 7f3168416640 1 -- 172.21.15.59:0/3905928648 shutdown_connections
2024-09-10T10:52:44.833 INFO:teuthology.orchestra.run.smithi059.stdout:/usr/bin/ceph: stderr
2024-09-10T10:52:43.748+0000 7f3168416640 1 -- 172.21.15.59:0/3905928648 wait complete.
2024-09-10T10:52:44.833 INFO:teuthology.orchestra.run.smithi059.stdout:/usr/bin/ceph: stderr
2024-09-10T10:52:43.748+0000 7f3168416640 1 Processor -- start
2024-09-10T10:52:44.833 INFO:teuthology.orchestra.run.smithi059.stdout:/usr/bin/ceph: stderr
2024-09-10T10:52:43.748+0000 7f3168416640 1 -- start start
2024-09-10T10:52:44.833 INFO:teuthology.orchestra.run.smithi059.stdout:/usr/bin/ceph: stderr
2024-09-10T10:52:43.749+0000 7f3168416640 1 --2- >> [v2:172.21.15.59:3300/0,v1:172.21.15.59:6789/0] conn(0x7f3160108170 0x7f31601079f0 unknown :-1 s=NONE pgs=0 cs=0 l=1 rev1=0 crypto rx=0 tx=0 comp rx=0 tx=0).connect
2024-09-10T10:52:44.833 INFO:teuthology.orchestra.run.smithi059.stdout:/usr/bin/ceph: stderr
2024-09-10T10:52:43.749+0000 7f3168416640 1 -- --> [v2:172.21.15.59:3300/0,v1:172.21.15.59:6789/0] -- mon_getmap magic: 0 -- 0x7f316010bb80 con 0x7f3160108170
2024-09-10T10:52:44.833 INFO:teuthology.orchestra.run.smithi059.stdout:/usr/bin/ceph: stderr
2024-09-10T10:52:43.749+0000 7f31661b2640 1 --2- >> [v2:172.21.15.59:3300/0,v1:172.21.15.59:6789/0] conn(0x7f3160108170 0x7f31601079f0 unknown :-1 s=BANNER_CONNECTING pgs=0 cs=0 l=1 rev1=0 crypto rx=0 tx=0 comp rx=0 tx=0)._handle_peer_banner_payload supported=3 required=0
2024-09-10T10:52:44.833 INFO:teuthology.orchestra.run.smithi059.stdout:/usr/bin/ceph: stderr
2024-09-10T10:52:43.749+0000 7f31661b2640 1 --2- >> [v2:172.21.15.59:3300/0,v1:172.21.15.59:6789/0] conn(0x7f3160108170 0x7f31601079f0 unknown :-1 s=HELLO_CONNECTING pgs=0 cs=0 l=1 rev1=1 crypto rx=0 tx=0 comp rx=0 tx=0).handle_hello peer v2:172.21.15.59:3300/0 says I am v2:172.21.15.59:60350/0 (socket says 172.21.15.59:60350)
2024-09-10T10:52:44.833 INFO:teuthology.orchestra.run.smithi059.stdout:/usr/bin/ceph: stderr
2024-09-10T10:52:43.749+0000 7f31661b2640 1 -- 172.21.15.59:0/995507992 learned_addr learned my addr 172.21.15.59:0/995507992 (peer_addr_for_me v2:172.21.15.59:0/0)
2024-09-10T10:52:44.833 INFO:teuthology.orchestra.run.smithi059.stdout:/usr/bin/ceph: stderr
2024-09-10T10:52:43.749+0000 7f31661b2640 1 -- 172.21.15.59:0/995507992 --> [v2:172.21.15.59:3300/0,v1:172.21.15.59:6789/0] -- mon_subscribe({config=0+,monmap=0+}) -- 0x7f3160107f30 con 0x7f3160108170
2024-09-10T10:52:44.834 INFO:teuthology.orchestra.run.smithi059.stdout:/usr/bin/ceph: stderr
2024-09-10T10:52:43.749+0000 7f31661b2640 1 --2- 172.21.15.59:0/995507992 >> [v2:172.21.15.59:3300/0,v1:172.21.15.59:6789/0] conn(0x7f3160108170 0x7f31601079f0 secure :-1 s=READY pgs=73 cs=0 l=1 rev1=1 crypto rx=0x7f315c0097f0 tx=0x7f315c0327b0 comp rx=0 tx=0).ready entity=mon.0 client_cookie=0 server_cookie=0 in_seq=0 out_seq=0
2024-09-10T10:52:44.834 INFO:teuthology.orchestra.run.smithi059.stdout:/usr/bin/ceph: stderr
2024-09-10T10:52:43.749+0000 7f31537fe640 1 -- 172.21.15.59:0/995507992 <== mon.0 v2:172.21.15.59:3300/0 1 ==== mon_map magic: 0 ==== 205+0+0 (secure 0 0 0) 0x7f315c037040 con 0x7f3160108170
2024-09-10T10:52:44.834 INFO:teuthology.orchestra.run.smithi059.stdout:/usr/bin/ceph: stderr
2024-09-10T10:52:43.749+0000 7f31537fe640 1 -- 172.21.15.59:0/995507992 <== mon.0 v2:172.21.15.59:3300/0 2 ==== config(27 keys) ==== 1140+0+0 (secure 0 0 0) 0x7f315c030c40 con 0x7f3160108170
2024-09-10T10:52:44.834 INFO:teuthology.orchestra.run.smithi059.stdout:/usr/bin/ceph: stderr
2024-09-10T10:52:43.749+0000 7f3168416640 1 -- 172.21.15.59:0/995507992 --> [v2:172.21.15.59:3300/0,v1:172.21.15.59:6789/0] -- mon_subscribe({mgrmap=0+}) -- 0x7f3160106120 con 0x7f3160108170
2024-09-10T10:52:44.834 INFO:teuthology.orchestra.run.smithi059.stdout:/usr/bin/ceph: stderr
2024-09-10T10:52:43.750+0000 7f31537fe640 1 -- 172.21.15.59:0/995507992 <== mon.0 v2:172.21.15.59:3300/0 3 ==== mon_map magic: 0 ==== 205+0+0 (secure 0 0 0) 0x7f315c03a5d0 con 0x7f3160108170
2024-09-10T10:52:44.834 INFO:teuthology.orchestra.run.smithi059.stdout:/usr/bin/ceph: stderr
2024-09-10T10:52:43.750+0000 7f3168416640 1 -- 172.21.15.59:0/995507992 --> [v2:172.21.15.59:3300/0,v1:172.21.15.59:6789/0] -- mon_subscribe({osdmap=0}) -- 0x7f3160106660 con 0x7f3160108170
2024-09-10T10:52:44.834 INFO:teuthology.orchestra.run.smithi059.stdout:/usr/bin/ceph: stderr
2024-09-10T10:52:43.751+0000 7f31537fe640 1 -- 172.21.15.59:0/995507992 <== mon.0 v2:172.21.15.59:3300/0 4 ==== mgrmap(e 12) ==== 46300+0+0 (secure 0 0 0) 0x7f315c03a830 con 0x7f3160108170
2024-09-10T10:52:44.834 INFO:teuthology.orchestra.run.smithi059.stdout:/usr/bin/ceph: stderr
2024-09-10T10:52:43.751+0000 7f3168416640 1 -- 172.21.15.59:0/995507992 --> [v2:172.21.15.59:3300/0,v1:172.21.15.59:6789/0] -- mon_command({"prefix": "get_command_descriptions"} v 0) -- 0x7f31601085d0 con 0x7f3160108170
2024-09-10T10:52:44.834 INFO:teuthology.orchestra.run.smithi059.stdout:/usr/bin/ceph: stderr
2024-09-10T10:52:43.751+0000 7f31537fe640 1 --2- 172.21.15.59:0/995507992 >> [v2:172.21.15.59:6800/3145930564,v1:172.21.15.59:6801/3145930564] conn(0x7f314c038fc0 0x7f314c03b480 unknown :-1 s=NONE pgs=0 cs=0 l=1 rev1=0 crypto rx=0 tx=0 comp rx=0 tx=0).connect
2024-09-10T10:52:44.834 INFO:teuthology.orchestra.run.smithi059.stdout:/usr/bin/ceph: stderr
2024-09-10T10:52:43.751+0000 7f31537fe640 1 -- 172.21.15.59:0/995507992 <== mon.0 v2:172.21.15.59:3300/0 5 ==== osd_map(3..3 src has 1..3) ==== 1155+0+0 (secure 0 0 0) 0x7f315c06c6f0 con 0x7f3160108170
2024-09-10T10:52:44.834 INFO:teuthology.orchestra.run.smithi059.stdout:/usr/bin/ceph: stderr
2024-09-10T10:52:43.751+0000 7f31659b1640 1 --2- 172.21.15.59:0/995507992 >> [v2:172.21.15.59:6800/3145930564,v1:172.21.15.59:6801/3145930564] conn(0x7f314c038fc0 0x7f314c03b480 unknown :-1 s=BANNER_CONNECTING pgs=0 cs=0 l=1 rev1=0 crypto rx=0 tx=0 comp rx=0 tx=0)._handle_peer_banner_payload supported=3 required=0
2024-09-10T10:52:44.834 INFO:teuthology.orchestra.run.smithi059.stdout:/usr/bin/ceph: stderr
2024-09-10T10:52:43.752+0000 7f31659b1640 1 --2- 172.21.15.59:0/995507992 >> [v2:172.21.15.59:6800/3145930564,v1:172.21.15.59:6801/3145930564] conn(0x7f314c038fc0 0x7f314c03b480 secure :-1 s=READY pgs=9 cs=0 l=1 rev1=1 crypto rx=0x7f31540098c0 tx=0x7f3154006db0 comp rx=0 tx=0).ready entity=mgr.14150 client_cookie=0 server_cookie=0 in_seq=0 out_seq=0
2024-09-10T10:52:44.835 INFO:teuthology.orchestra.run.smithi059.stdout:/usr/bin/ceph: stderr
2024-09-10T10:52:43.756+0000 7f31537fe640 1 -- 172.21.15.59:0/995507992 <== mon.0 v2:172.21.15.59:3300/0 6 ==== mon_command_ack([{"prefix": "get_command_descriptions"}]=0 v0) ==== 72+0+188821 (secure 0 0 0) 0x7f315c0392f0 con 0x7f3160108170
2024-09-10T10:52:44.835 INFO:teuthology.orchestra.run.smithi059.stdout:/usr/bin/ceph: stderr
2024-09-10T10:52:43.935+0000 7f3168416640 1 -- 172.21.15.59:0/995507992 --> [v2:172.21.15.59:3300/0,v1:172.21.15.59:6789/0] -- mon_command({"prefix": "config get", "who": "mgr", "key": "mgr/dashboard/ssl_server_port"} v 0) -- 0x7f3160106e00 con 0x7f3160108170
2024-09-10T10:52:44.835 INFO:teuthology.orchestra.run.smithi059.stdout:/usr/bin/ceph: stderr
2024-09-10T10:52:43.936+0000 7f31537fe640 1 -- 172.21.15.59:0/995507992 <== mon.0 v2:172.21.15.59:3300/0 7 ==== mon_command_ack([{"prefix": "config get", "who": "mgr", "key": "mgr/dashboard/ssl_server_port"}]=0 v8) ==== 112+0+5 (secure 0 0 0) 0x7f315c03b9d0 con 0x7f3160108170
2024-09-10T10:52:44.835 INFO:teuthology.orchestra.run.smithi059.stdout:/usr/bin/ceph: stderr
2024-09-10T10:52:43.938+0000 7f3168416640 1 -- 172.21.15.59:0/995507992 >> [v2:172.21.15.59:6800/3145930564,v1:172.21.15.59:6801/3145930564] conn(0x7f314c038fc0 msgr2=0x7f314c03b480 secure :-1 s=STATE_CONNECTION_ESTABLISHED l=1).mark_down
2024-09-10T10:52:44.835 INFO:teuthology.orchestra.run.smithi059.stdout:/usr/bin/ceph: stderr
2024-09-10T10:52:43.938+0000 7f3168416640 1 --2- 172.21.15.59:0/995507992 >> [v2:172.21.15.59:6800/3145930564,v1:172.21.15.59:6801/3145930564] conn(0x7f314c038fc0 0x7f314c03b480 secure :-1 s=READY pgs=9 cs=0 l=1 rev1=1 crypto rx=0x7f31540098c0 tx=0x7f3154006db0 comp rx=0 tx=0).stop
2024-09-10T10:52:44.835 INFO:teuthology.orchestra.run.smithi059.stdout:/usr/bin/ceph: stderr
2024-09-10T10:52:43.938+0000 7f3168416640 1 -- 172.21.15.59:0/995507992 >> [v2:172.21.15.59:3300/0,v1:172.21.15.59:6789/0] conn(0x7f3160108170 msgr2=0x7f31601079f0 secure :-1 s=STATE_CONNECTION_ESTABLISHED l=1).mark_down
2024-09-10T10:52:44.835 INFO:teuthology.orchestra.run.smithi059.stdout:/usr/bin/ceph: stderr
2024-09-10T10:52:43.938+0000 7f3168416640 1 --2- 172.21.15.59:0/995507992 >> [v2:172.21.15.59:3300/0,v1:172.21.15.59:6789/0] conn(0x7f3160108170 0x7f31601079f0 secure :-1 s=READY pgs=73 cs=0 l=1 rev1=1 crypto rx=0x7f315c0097f0 tx=0x7f315c0327b0 comp rx=0 tx=0).stop
2024-09-10T10:52:44.835 INFO:teuthology.orchestra.run.smithi059.stdout:/usr/bin/ceph: stderr
2024-09-10T10:52:43.938+0000 7f3168416640 1 -- 172.21.15.59:0/995507992 shutdown_connections
2024-09-10T10:52:44.835 INFO:teuthology.orchestra.run.smithi059.stdout:/usr/bin/ceph: stderr
2024-09-10T10:52:43.938+0000 7f3168416640 1 --2- 172.21.15.59:0/995507992 >> [v2:172.21.15.59:6800/3145930564,v1:172.21.15.59:6801/3145930564] conn(0x7f314c038fc0 0x7f314c03b480 unknown :-1 s=CLOSED pgs=9 cs=0 l=1 rev1=1 crypto rx=0 tx=0 comp rx=0 tx=0).stop
2024-09-10T10:52:44.835 INFO:teuthology.orchestra.run.smithi059.stdout:/usr/bin/ceph: stderr
2024-09-10T10:52:43.938+0000 7f3168416640 1 --2- 172.21.15.59:0/995507992 >> [v2:172.21.15.59:3300/0,v1:172.21.15.59:6789/0] conn(0x7f3160108170 0x7f31601079f0 unknown :-1 s=CLOSED pgs=73 cs=0 l=1 rev1=1 crypto rx=0 tx=0 comp rx=0 tx=0).stop
2024-09-10T10:52:44.835 INFO:teuthology.orchestra.run.smithi059.stdout:/usr/bin/ceph: stderr
2024-09-10T10:52:43.938+0000 7f3168416640 1 -- 172.21.15.59:0/995507992 >> 172.21.15.59:0/995507992 conn(0x7f3160101db0 msgr2=0x7f3160102960 unknown :-1 s=STATE_NONE l=0).mark_down
2024-09-10T10:52:44.836 INFO:teuthology.orchestra.run.smithi059.stdout:/usr/bin/ceph: stderr
2024-09-10T10:52:43.938+0000 7f3168416640 1 -- 172.21.15.59:0/995507992 shutdown_connections
2024-09-10T10:52:44.836 INFO:teuthology.orchestra.run.smithi059.stdout:/usr/bin/ceph: stderr
2024-09-10T10:52:43.938+0000 7f3168416640 1 -- 172.21.15.59:0/995507992 wait complete.
2024-09-10T10:52:44.841 INFO:teuthology.orchestra.run.smithi059.stdout:Non-zero exit code 1 from systemctl is-enabled firewalld.service
2024-09-10T10:52:44.842 INFO:teuthology.orchestra.run.smithi059.stdout:systemctl: stdout disabled
2024-09-10T10:52:44.850 INFO:teuthology.orchestra.run.smithi059.stdout:Non-zero exit code 3 from systemctl is-active firewalld.service
2024-09-10T10:52:44.850 INFO:teuthology.orchestra.run.smithi059.stdout:systemctl: stdout inactive
2024-09-10T10:52:44.850 INFO:teuthology.orchestra.run.smithi059.stdout:firewalld.service is not enabled
2024-09-10T10:52:44.850 INFO:teuthology.orchestra.run.smithi059.stdout:Not possible to open ports <[8443]>. firewalld.service is not available
2024-09-10T10:52:44.853 INFO:teuthology.orchestra.run.smithi059.stdout:Ceph Dashboard is now available at:
2024-09-10T10:52:44.853 INFO:teuthology.orchestra.run.smithi059.stdout:
2024-09-10T10:52:44.853 INFO:teuthology.orchestra.run.smithi059.stdout: URL: https://smithi059.front.sepia.ceph.com:8443/
2024-09-10T10:52:44.853 INFO:teuthology.orchestra.run.smithi059.stdout: User: admin
2024-09-10T10:52:44.853 INFO:teuthology.orchestra.run.smithi059.stdout: Password: 8i668o6zgx
2024-09-10T10:52:44.853 INFO:teuthology.orchestra.run.smithi059.stdout:
2024-09-10T10:52:44.853 INFO:teuthology.orchestra.run.smithi059.stdout:Saving cluster configuration to /var/lib/ceph/86a09b02-6f62-11ef-bcea-c7b262605968/config directory
2024-09-10T10:52:46.138 INFO:journalctl@ceph.mon.a.smithi059.stdout:Sep 10 10:52:45 smithi059 ceph-mon[30978]: mgrmap e13: x(active, since 6s)
2024-09-10T10:52:46.138 INFO:journalctl@ceph.mon.a.smithi059.stdout:Sep 10 10:52:45 smithi059 ceph-mon[30978]: from='client.? 172.21.15.59:0/4144148278' entity='client.admin'
2024-09-10T10:52:46.153 INFO:teuthology.orchestra.run.smithi059.stdout:/usr/bin/ceph: stderr
2024-09-10T10:52:45.264+0000 7f262b7a4640 1 Processor -- start
2024-09-10T10:52:46.154 INFO:teuthology.orchestra.run.smithi059.stdout:/usr/bin/ceph: stderr
2024-09-10T10:52:45.264+0000 7f262b7a4640 1 -- start start
2024-09-10T10:52:46.154 INFO:teuthology.orchestra.run.smithi059.stdout:/usr/bin/ceph: stderr
2024-09-10T10:52:45.264+0000 7f262b7a4640 1 --2- >> [v2:172.21.15.59:3300/0,v1:172.21.15.59:6789/0] conn(0x7f2624107790 0x7f2624107b90 unknown :-1 s=NONE pgs=0 cs=0 l=0 rev1=0 crypto rx=0 tx=0 comp rx=0 tx=0).connect
2024-09-10T10:52:46.154 INFO:teuthology.orchestra.run.smithi059.stdout:/usr/bin/ceph: stderr
2024-09-10T10:52:45.264+0000 7f262b7a4640 1 -- --> [v2:172.21.15.59:3300/0,v1:172.21.15.59:6789/0] -- mon_getmap magic: 0 -- 0x7f2624108160 con 0x7f2624107790
2024-09-10T10:52:46.154 INFO:teuthology.orchestra.run.smithi059.stdout:/usr/bin/ceph: stderr
2024-09-10T10:52:45.264+0000 7f2629540640 1 --2- >> [v2:172.21.15.59:3300/0,v1:172.21.15.59:6789/0] conn(0x7f2624107790 0x7f2624107b90 unknown :-1 s=BANNER_CONNECTING pgs=0 cs=0 l=0 rev1=0 crypto rx=0 tx=0 comp rx=0 tx=0)._handle_peer_banner_payload supported=3 required=0
2024-09-10T10:52:46.154 INFO:teuthology.orchestra.run.smithi059.stdout:/usr/bin/ceph: stderr
2024-09-10T10:52:45.265+0000 7f2629540640 1 --2- >> [v2:172.21.15.59:3300/0,v1:172.21.15.59:6789/0] conn(0x7f2624107790 0x7f2624107b90 unknown :-1 s=HELLO_CONNECTING pgs=0 cs=0 l=0 rev1=1 crypto rx=0 tx=0 comp rx=0 tx=0).handle_hello peer v2:172.21.15.59:3300/0 says I am v2:172.21.15.59:60366/0 (socket says 172.21.15.59:60366)
2024-09-10T10:52:46.154 INFO:teuthology.orchestra.run.smithi059.stdout:/usr/bin/ceph: stderr
2024-09-10T10:52:45.265+0000 7f2629540640 1 -- 172.21.15.59:0/4111298450 learned_addr learned my addr 172.21.15.59:0/4111298450 (peer_addr_for_me v2:172.21.15.59:0/0)
2024-09-10T10:52:46.154 INFO:teuthology.orchestra.run.smithi059.stdout:/usr/bin/ceph: stderr
2024-09-10T10:52:45.265+0000 7f2629540640 1 -- 172.21.15.59:0/4111298450 --> [v2:172.21.15.59:3300/0,v1:172.21.15.59:6789/0] -- mon_subscribe({config=0+,monmap=0+}) -- 0x7f2624108940 con 0x7f2624107790
2024-09-10T10:52:46.154 INFO:teuthology.orchestra.run.smithi059.stdout:/usr/bin/ceph: stderr
2024-09-10T10:52:45.265+0000 7f2629540640 1 --2- 172.21.15.59:0/4111298450 >> [v2:172.21.15.59:3300/0,v1:172.21.15.59:6789/0] conn(0x7f2624107790 0x7f2624107b90 secure :-1 s=READY pgs=74 cs=0 l=1 rev1=1 crypto rx=0x7f2620009820 tx=0x7f262002a270 comp rx=0 tx=0).ready entity=mon.0 client_cookie=dbec4f567eeba494 server_cookie=0 in_seq=0 out_seq=0
2024-09-10T10:52:46.154 INFO:teuthology.orchestra.run.smithi059.stdout:/usr/bin/ceph: stderr
2024-09-10T10:52:45.266+0000 7f261bfff640 1 -- 172.21.15.59:0/4111298450 <== mon.0 v2:172.21.15.59:3300/0 1 ==== mon_map magic: 0 ==== 205+0+0 (secure 0 0 0) 0x7f2620037070 con 0x7f2624107790
2024-09-10T10:52:46.154 INFO:teuthology.orchestra.run.smithi059.stdout:/usr/bin/ceph: stderr
2024-09-10T10:52:45.266+0000 7f261bfff640 1 -- 172.21.15.59:0/4111298450 <== mon.0 v2:172.21.15.59:3300/0 2 ==== config(27 keys) ==== 1140+0+0 (secure 0 0 0) 0x7f2620032920 con 0x7f2624107790
2024-09-10T10:52:46.154 INFO:teuthology.orchestra.run.smithi059.stdout:/usr/bin/ceph: stderr
2024-09-10T10:52:45.266+0000 7f261bfff640 1 -- 172.21.15.59:0/4111298450 <== mon.0 v2:172.21.15.59:3300/0 3 ==== mon_map magic: 0 ==== 205+0+0 (secure 0 0 0) 0x7f2620030810 con 0x7f2624107790
2024-09-10T10:52:46.155 INFO:teuthology.orchestra.run.smithi059.stdout:/usr/bin/ceph: stderr
2024-09-10T10:52:45.266+0000 7f262b7a4640 1 -- 172.21.15.59:0/4111298450 >> [v2:172.21.15.59:3300/0,v1:172.21.15.59:6789/0] conn(0x7f2624107790 msgr2=0x7f2624107b90 secure :-1 s=STATE_CONNECTION_ESTABLISHED l=1).mark_down
2024-09-10T10:52:46.155 INFO:teuthology.orchestra.run.smithi059.stdout:/usr/bin/ceph: stderr
2024-09-10T10:52:45.266+0000 7f262b7a4640 1 --2- 172.21.15.59:0/4111298450 >> [v2:172.21.15.59:3300/0,v1:172.21.15.59:6789/0] conn(0x7f2624107790 0x7f2624107b90 secure :-1 s=READY pgs=74 cs=0 l=1 rev1=1 crypto rx=0x7f2620009820 tx=0x7f262002a270 comp rx=0 tx=0).stop
2024-09-10T10:52:46.155 INFO:teuthology.orchestra.run.smithi059.stdout:/usr/bin/ceph: stderr
2024-09-10T10:52:45.266+0000 7f262b7a4640 1 -- 172.21.15.59:0/4111298450 shutdown_connections
2024-09-10T10:52:46.155 INFO:teuthology.orchestra.run.smithi059.stdout:/usr/bin/ceph: stderr
2024-09-10T10:52:45.266+0000 7f262b7a4640 1 --2- 172.21.15.59:0/4111298450 >> [v2:172.21.15.59:3300/0,v1:172.21.15.59:6789/0] conn(0x7f2624107790 0x7f2624107b90 unknown :-1 s=CLOSED pgs=74 cs=0 l=1 rev1=1 crypto rx=0 tx=0 comp rx=0 tx=0).stop
2024-09-10T10:52:46.155 INFO:teuthology.orchestra.run.smithi059.stdout:/usr/bin/ceph: stderr
2024-09-10T10:52:45.266+0000 7f262b7a4640 1 -- 172.21.15.59:0/4111298450 >> 172.21.15.59:0/4111298450 conn(0x7f2624102fa0 msgr2=0x7f26241053c0 unknown :-1 s=STATE_NONE l=0).mark_down
2024-09-10T10:52:46.155 INFO:teuthology.orchestra.run.smithi059.stdout:/usr/bin/ceph: stderr
2024-09-10T10:52:45.266+0000 7f262b7a4640 1 -- 172.21.15.59:0/4111298450 shutdown_connections
2024-09-10T10:52:46.155 INFO:teuthology.orchestra.run.smithi059.stdout:/usr/bin/ceph: stderr
2024-09-10T10:52:45.267+0000 7f262b7a4640 1 -- 172.21.15.59:0/4111298450 wait complete.
2024-09-10T10:52:46.155 INFO:teuthology.orchestra.run.smithi059.stdout:/usr/bin/ceph: stderr
2024-09-10T10:52:45.267+0000 7f262b7a4640 1 Processor -- start
2024-09-10T10:52:46.155 INFO:teuthology.orchestra.run.smithi059.stdout:/usr/bin/ceph: stderr
2024-09-10T10:52:45.267+0000 7f262b7a4640 1 -- start start
2024-09-10T10:52:46.155 INFO:teuthology.orchestra.run.smithi059.stdout:/usr/bin/ceph: stderr
2024-09-10T10:52:45.267+0000 7f262b7a4640 1 --2- >> [v2:172.21.15.59:3300/0,v1:172.21.15.59:6789/0] conn(0x7f2624107790 0x7f262419b760 unknown :-1 s=NONE pgs=0 cs=0 l=1 rev1=0 crypto rx=0 tx=0 comp rx=0 tx=0).connect
2024-09-10T10:52:46.155 INFO:teuthology.orchestra.run.smithi059.stdout:/usr/bin/ceph: stderr
2024-09-10T10:52:45.267+0000 7f262b7a4640 1 -- --> [v2:172.21.15.59:3300/0,v1:172.21.15.59:6789/0] -- mon_getmap magic: 0 -- 0x7f262410bcf0 con 0x7f2624107790
2024-09-10T10:52:46.156 INFO:teuthology.orchestra.run.smithi059.stdout:/usr/bin/ceph: stderr
2024-09-10T10:52:45.267+0000 7f2629540640 1 --2- >> [v2:172.21.15.59:3300/0,v1:172.21.15.59:6789/0] conn(0x7f2624107790 0x7f262419b760 unknown :-1 s=BANNER_CONNECTING pgs=0 cs=0 l=1 rev1=0 crypto rx=0 tx=0 comp rx=0 tx=0)._handle_peer_banner_payload supported=3 required=0
2024-09-10T10:52:46.156 INFO:teuthology.orchestra.run.smithi059.stdout:/usr/bin/ceph: stderr
2024-09-10T10:52:45.268+0000 7f2629540640 1 --2- >> [v2:172.21.15.59:3300/0,v1:172.21.15.59:6789/0] conn(0x7f2624107790 0x7f262419b760 unknown :-1 s=HELLO_CONNECTING pgs=0 cs=0 l=1 rev1=1 crypto rx=0 tx=0 comp rx=0 tx=0).handle_hello peer v2:172.21.15.59:3300/0 says I am v2:172.21.15.59:60374/0 (socket says 172.21.15.59:60374)
2024-09-10T10:52:46.156 INFO:teuthology.orchestra.run.smithi059.stdout:/usr/bin/ceph: stderr
2024-09-10T10:52:45.268+0000 7f2629540640 1 -- 172.21.15.59:0/4144148278 learned_addr learned my addr 172.21.15.59:0/4144148278 (peer_addr_for_me v2:172.21.15.59:0/0)
2024-09-10T10:52:46.156 INFO:teuthology.orchestra.run.smithi059.stdout:/usr/bin/ceph: stderr
2024-09-10T10:52:45.268+0000 7f2629540640 1 -- 172.21.15.59:0/4144148278 --> [v2:172.21.15.59:3300/0,v1:172.21.15.59:6789/0] -- mon_subscribe({config=0+,monmap=0+}) -- 0x7f262419bca0 con 0x7f2624107790
2024-09-10T10:52:46.156 INFO:teuthology.orchestra.run.smithi059.stdout:/usr/bin/ceph: stderr
2024-09-10T10:52:45.268+0000 7f2629540640 1 --2- 172.21.15.59:0/4144148278 >> [v2:172.21.15.59:3300/0,v1:172.21.15.59:6789/0] conn(0x7f2624107790 0x7f262419b760 secure :-1 s=READY pgs=75 cs=0 l=1 rev1=1 crypto rx=0x7f2620030560 tx=0x7f2620032670 comp rx=0 tx=0).ready entity=mon.0 client_cookie=0 server_cookie=0 in_seq=0 out_seq=0
2024-09-10T10:52:46.156 INFO:teuthology.orchestra.run.smithi059.stdout:/usr/bin/ceph: stderr
2024-09-10T10:52:45.268+0000 7f261a7fc640 1 -- 172.21.15.59:0/4144148278 <== mon.0 v2:172.21.15.59:3300/0 1 ==== mon_map magic: 0 ==== 205+0+0 (secure 0 0 0) 0x7f2620037040 con 0x7f2624107790
2024-09-10T10:52:46.156 INFO:teuthology.orchestra.run.smithi059.stdout:/usr/bin/ceph: stderr
2024-09-10T10:52:45.268+0000 7f261a7fc640 1 -- 172.21.15.59:0/4144148278 <== mon.0 v2:172.21.15.59:3300/0 2 ==== config(27 keys) ==== 1140+0+0 (secure 0 0 0) 0x7f2620040070 con 0x7f2624107790
2024-09-10T10:52:46.156 INFO:teuthology.orchestra.run.smithi059.stdout:/usr/bin/ceph: stderr
2024-09-10T10:52:45.268+0000 7f262b7a4640 1 -- 172.21.15.59:0/4144148278 --> [v2:172.21.15.59:3300/0,v1:172.21.15.59:6789/0] -- mon_subscribe({mgrmap=0+}) -- 0x7f262419bf30 con 0x7f2624107790
2024-09-10T10:52:46.156 INFO:teuthology.orchestra.run.smithi059.stdout:/usr/bin/ceph: stderr
2024-09-10T10:52:45.268+0000 7f261a7fc640 1 -- 172.21.15.59:0/4144148278 <== mon.0 v2:172.21.15.59:3300/0 3 ==== mon_map magic: 0 ==== 205+0+0 (secure 0 0 0) 0x7f262003a740 con 0x7f2624107790
2024-09-10T10:52:46.156 INFO:teuthology.orchestra.run.smithi059.stdout:/usr/bin/ceph: stderr
2024-09-10T10:52:45.268+0000 7f262b7a4640 1 -- 172.21.15.59:0/4144148278 --> [v2:172.21.15.59:3300/0,v1:172.21.15.59:6789/0] -- mon_subscribe({osdmap=0}) -- 0x7f262419ec20 con 0x7f2624107790
2024-09-10T10:52:46.156 INFO:teuthology.orchestra.run.smithi059.stdout:/usr/bin/ceph: stderr
2024-09-10T10:52:45.269+0000 7f261a7fc640 1 -- 172.21.15.59:0/4144148278 <== mon.0 v2:172.21.15.59:3300/0 4 ==== mgrmap(e 13) ==== 46343+0+0 (secure 0 0 0) 0x7f262003b420 con 0x7f2624107790
2024-09-10T10:52:46.156 INFO:teuthology.orchestra.run.smithi059.stdout:/usr/bin/ceph: stderr
2024-09-10T10:52:45.269+0000 7f261a7fc640 1 --2- 172.21.15.59:0/4144148278 >> [v2:172.21.15.59:6800/3145930564,v1:172.21.15.59:6801/3145930564] conn(0x7f26100390c0 0x7f261003b580 unknown :-1 s=NONE pgs=0 cs=0 l=1 rev1=0 crypto rx=0 tx=0 comp rx=0 tx=0).connect
2024-09-10T10:52:46.156 INFO:teuthology.orchestra.run.smithi059.stdout:/usr/bin/ceph: stderr
2024-09-10T10:52:45.269+0000 7f262b7a4640 1 -- 172.21.15.59:0/4144148278 --> [v2:172.21.15.59:3300/0,v1:172.21.15.59:6789/0] -- mon_command({"prefix": "get_command_descriptions"} v 0) -- 0x7f262410be70 con 0x7f2624107790
2024-09-10T10:52:46.157 INFO:teuthology.orchestra.run.smithi059.stdout:/usr/bin/ceph: stderr
2024-09-10T10:52:45.269+0000 7f261a7fc640 1 -- 172.21.15.59:0/4144148278 <== mon.0 v2:172.21.15.59:3300/0 5 ==== osd_map(3..3 src has 1..3) ==== 1155+0+0 (secure 0 0 0) 0x7f262006c710 con 0x7f2624107790
2024-09-10T10:52:46.157 INFO:teuthology.orchestra.run.smithi059.stdout:/usr/bin/ceph: stderr
2024-09-10T10:52:45.269+0000 7f2628d3f640 1 --2- 172.21.15.59:0/4144148278 >> [v2:172.21.15.59:6800/3145930564,v1:172.21.15.59:6801/3145930564] conn(0x7f26100390c0 0x7f261003b580 unknown :-1 s=BANNER_CONNECTING pgs=0 cs=0 l=1 rev1=0 crypto rx=0 tx=0 comp rx=0 tx=0)._handle_peer_banner_payload supported=3 required=0
2024-09-10T10:52:46.157 INFO:teuthology.orchestra.run.smithi059.stdout:/usr/bin/ceph: stderr
2024-09-10T10:52:45.270+0000 7f2628d3f640 1 --2- 172.21.15.59:0/4144148278 >> [v2:172.21.15.59:6800/3145930564,v1:172.21.15.59:6801/3145930564] conn(0x7f26100390c0 0x7f261003b580 secure :-1 s=READY pgs=10 cs=0 l=1 rev1=1 crypto rx=0x7f26140098c0 tx=0x7f2614006db0 comp rx=0 tx=0).ready entity=mgr.14150 client_cookie=0 server_cookie=0 in_seq=0 out_seq=0
2024-09-10T10:52:46.157 INFO:teuthology.orchestra.run.smithi059.stdout:/usr/bin/ceph: stderr
2024-09-10T10:52:45.274+0000 7f261a7fc640 1 -- 172.21.15.59:0/4144148278 <== mon.0 v2:172.21.15.59:3300/0 6 ==== mon_command_ack([{"prefix": "get_command_descriptions"}]=0 v0) ==== 72+0+188821 (secure 0 0 0) 0x7f2620043360 con 0x7f2624107790
2024-09-10T10:52:46.157 INFO:teuthology.orchestra.run.smithi059.stdout:/usr/bin/ceph: stderr
