2024-09-10T10:52:26.930 INFO:teuthology.orchestra.run.smithi059.stdout:/usr/bin/ceph: stderr
2024-09-10T10:52:26.398+0000 7f1a75324640 1 -- 172.21.15.59:0/4284717645 >> 172.21.15.59:0/4284717645 conn(0x7f1a70102fd0 msgr2=0x7f1a70103b30 unknown :-1 s=STATE_NONE l=0).mark_down
2024-09-10T10:52:26.930 INFO:teuthology.orchestra.run.smithi059.stdout:/usr/bin/ceph: stderr
2024-09-10T10:52:26.398+0000 7f1a75324640 1 -- 172.21.15.59:0/4284717645 shutdown_connections
2024-09-10T10:52:26.930 INFO:teuthology.orchestra.run.smithi059.stdout:/usr/bin/ceph: stderr
2024-09-10T10:52:26.398+0000 7f1a75324640 1 -- 172.21.15.59:0/4284717645 wait complete.
2024-09-10T10:52:26.930 INFO:teuthology.orchestra.run.smithi059.stdout:Deploying unmanaged mon service...
2024-09-10T10:52:27.638 INFO:journalctl@ceph.mon.a.smithi059.stdout:Sep 10 10:52:27 smithi059 ceph-mon[30978]: from='mgr.14118 172.21.15.59:0/2245881429' entity='mgr.x'
2024-09-10T10:52:27.638 INFO:journalctl@ceph.mon.a.smithi059.stdout:Sep 10 10:52:27 smithi059 ceph-mon[30978]: Added host smithi059
2024-09-10T10:52:27.638 INFO:journalctl@ceph.mon.a.smithi059.stdout:Sep 10 10:52:27 smithi059 ceph-mon[30978]: from='mgr.14118 172.21.15.59:0/2245881429' entity='mgr.x' cmd=[{"prefix": "config dump", "format": "json"}]: dispatch
2024-09-10T10:52:28.351 INFO:teuthology.orchestra.run.smithi059.stdout:/usr/bin/ceph: stdout Scheduled mon update...
2024-09-10T10:52:28.352 INFO:teuthology.orchestra.run.smithi059.stdout:/usr/bin/ceph: stderr
2024-09-10T10:52:27.321+0000 7fb651413640 1 Processor -- start
2024-09-10T10:52:28.352 INFO:teuthology.orchestra.run.smithi059.stdout:/usr/bin/ceph: stderr
2024-09-10T10:52:27.321+0000 7fb651413640 1 -- start start
2024-09-10T10:52:28.352 INFO:teuthology.orchestra.run.smithi059.stdout:/usr/bin/ceph: stderr
2024-09-10T10:52:27.321+0000 7fb651413640 1 --2- >> [v2:172.21.15.59:3300/0,v1:172.21.15.59:6789/0] conn(0x7fb64c1077a0 0x7fb64c107ba0 unknown :-1 s=NONE pgs=0 cs=0 l=0 rev1=0 crypto rx=0 tx=0 comp rx=0 tx=0).connect
2024-09-10T10:52:28.352 INFO:teuthology.orchestra.run.smithi059.stdout:/usr/bin/ceph: stderr
2024-09-10T10:52:27.321+0000 7fb651413640 1 -- --> [v2:172.21.15.59:3300/0,v1:172.21.15.59:6789/0] -- mon_getmap magic: 0 -- 0x7fb64c108170 con 0x7fb64c1077a0
2024-09-10T10:52:28.352 INFO:teuthology.orchestra.run.smithi059.stdout:/usr/bin/ceph: stderr
2024-09-10T10:52:27.321+0000 7fb64affd640 1 --2- >> [v2:172.21.15.59:3300/0,v1:172.21.15.59:6789/0] conn(0x7fb64c1077a0 0x7fb64c107ba0 unknown :-1 s=BANNER_CONNECTING pgs=0 cs=0 l=0 rev1=0 crypto rx=0 tx=0 comp rx=0 tx=0)._handle_peer_banner_payload supported=3 required=0
2024-09-10T10:52:28.352 INFO:teuthology.orchestra.run.smithi059.stdout:/usr/bin/ceph: stderr
2024-09-10T10:52:27.321+0000 7fb64affd640 1 --2- >> [v2:172.21.15.59:3300/0,v1:172.21.15.59:6789/0] conn(0x7fb64c1077a0 0x7fb64c107ba0 unknown :-1 s=HELLO_CONNECTING pgs=0 cs=0 l=0 rev1=1 crypto rx=0 tx=0 comp rx=0 tx=0).handle_hello peer v2:172.21.15.59:3300/0 says I am v2:172.21.15.59:49402/0 (socket says 172.21.15.59:49402)
2024-09-10T10:52:28.352 INFO:teuthology.orchestra.run.smithi059.stdout:/usr/bin/ceph: stderr
2024-09-10T10:52:27.321+0000 7fb64affd640 1 -- 172.21.15.59:0/2668264461 learned_addr learned my addr 172.21.15.59:0/2668264461 (peer_addr_for_me v2:172.21.15.59:0/0)
2024-09-10T10:52:28.352 INFO:teuthology.orchestra.run.smithi059.stdout:/usr/bin/ceph: stderr
2024-09-10T10:52:27.321+0000 7fb64affd640 1 -- 172.21.15.59:0/2668264461 --> [v2:172.21.15.59:3300/0,v1:172.21.15.59:6789/0] -- mon_subscribe({config=0+,monmap=0+}) -- 0x7fb64c108950 con 0x7fb64c1077a0
2024-09-10T10:52:28.352 INFO:teuthology.orchestra.run.smithi059.stdout:/usr/bin/ceph: stderr
2024-09-10T10:52:27.322+0000 7fb64affd640 1 --2- 172.21.15.59:0/2668264461 >> [v2:172.21.15.59:3300/0,v1:172.21.15.59:6789/0] conn(0x7fb64c1077a0 0x7fb64c107ba0 secure :-1 s=READY pgs=45 cs=0 l=1 rev1=1 crypto rx=0x7fb63c009820 tx=0x7fb63c02a270 comp rx=0 tx=0).ready entity=mon.0 client_cookie=c6fdf05a77692644 server_cookie=0 in_seq=0 out_seq=0
2024-09-10T10:52:28.352 INFO:teuthology.orchestra.run.smithi059.stdout:/usr/bin/ceph: stderr
2024-09-10T10:52:27.323+0000 7fb649ffb640 1 -- 172.21.15.59:0/2668264461 <== mon.0 v2:172.21.15.59:3300/0 1 ==== mon_map magic: 0 ==== 205+0+0 (secure 0 0 0) 0x7fb63c037070 con 0x7fb64c1077a0
2024-09-10T10:52:28.352 INFO:teuthology.orchestra.run.smithi059.stdout:/usr/bin/ceph: stderr
2024-09-10T10:52:27.323+0000 7fb649ffb640 1 -- 172.21.15.59:0/2668264461 <== mon.0 v2:172.21.15.59:3300/0 2 ==== config(27 keys) ==== 1109+0+0 (secure 0 0 0) 0x7fb63c032900 con 0x7fb64c1077a0
2024-09-10T10:52:28.352 INFO:teuthology.orchestra.run.smithi059.stdout:/usr/bin/ceph: stderr
2024-09-10T10:52:27.323+0000 7fb649ffb640 1 -- 172.21.15.59:0/2668264461 <== mon.0 v2:172.21.15.59:3300/0 3 ==== mon_map magic: 0 ==== 205+0+0 (secure 0 0 0) 0x7fb63c030850 con 0x7fb64c1077a0
2024-09-10T10:52:28.353 INFO:teuthology.orchestra.run.smithi059.stdout:/usr/bin/ceph: stderr
2024-09-10T10:52:27.323+0000 7fb651413640 1 -- 172.21.15.59:0/2668264461 >> [v2:172.21.15.59:3300/0,v1:172.21.15.59:6789/0] conn(0x7fb64c1077a0 msgr2=0x7fb64c107ba0 secure :-1 s=STATE_CONNECTION_ESTABLISHED l=1).mark_down
2024-09-10T10:52:28.353 INFO:teuthology.orchestra.run.smithi059.stdout:/usr/bin/ceph: stderr
2024-09-10T10:52:27.323+0000 7fb651413640 1 --2- 172.21.15.59:0/2668264461 >> [v2:172.21.15.59:3300/0,v1:172.21.15.59:6789/0] conn(0x7fb64c1077a0 0x7fb64c107ba0 secure :-1 s=READY pgs=45 cs=0 l=1 rev1=1 crypto rx=0x7fb63c009820 tx=0x7fb63c02a270 comp rx=0 tx=0).stop
2024-09-10T10:52:28.353 INFO:teuthology.orchestra.run.smithi059.stdout:/usr/bin/ceph: stderr
2024-09-10T10:52:27.323+0000 7fb651413640 1 -- 172.21.15.59:0/2668264461 shutdown_connections
2024-09-10T10:52:28.353 INFO:teuthology.orchestra.run.smithi059.stdout:/usr/bin/ceph: stderr
2024-09-10T10:52:27.323+0000 7fb651413640 1 --2- 172.21.15.59:0/2668264461 >> [v2:172.21.15.59:3300/0,v1:172.21.15.59:6789/0] conn(0x7fb64c1077a0 0x7fb64c107ba0 unknown :-1 s=CLOSED pgs=45 cs=0 l=1 rev1=1 crypto rx=0 tx=0 comp rx=0 tx=0).stop
2024-09-10T10:52:28.353 INFO:teuthology.orchestra.run.smithi059.stdout:/usr/bin/ceph: stderr
2024-09-10T10:52:27.323+0000 7fb651413640 1 -- 172.21.15.59:0/2668264461 >> 172.21.15.59:0/2668264461 conn(0x7fb64c102fd0 msgr2=0x7fb64c1053f0 unknown :-1 s=STATE_NONE l=0).mark_down
2024-09-10T10:52:28.353 INFO:teuthology.orchestra.run.smithi059.stdout:/usr/bin/ceph: stderr
2024-09-10T10:52:27.323+0000 7fb651413640 1 -- 172.21.15.59:0/2668264461 shutdown_connections
2024-09-10T10:52:28.353 INFO:teuthology.orchestra.run.smithi059.stdout:/usr/bin/ceph: stderr
2024-09-10T10:52:27.323+0000 7fb651413640 1 -- 172.21.15.59:0/2668264461 wait complete.
2024-09-10T10:52:28.353 INFO:teuthology.orchestra.run.smithi059.stdout:/usr/bin/ceph: stderr
2024-09-10T10:52:27.324+0000 7fb651413640 1 Processor -- start
2024-09-10T10:52:28.353 INFO:teuthology.orchestra.run.smithi059.stdout:/usr/bin/ceph: stderr
2024-09-10T10:52:27.324+0000 7fb651413640 1 -- start start
2024-09-10T10:52:28.353 INFO:teuthology.orchestra.run.smithi059.stdout:/usr/bin/ceph: stderr
2024-09-10T10:52:27.324+0000 7fb651413640 1 --2- >> [v2:172.21.15.59:3300/0,v1:172.21.15.59:6789/0] conn(0x7fb64c1077a0 0x7fb64c07e3d0 unknown :-1 s=NONE pgs=0 cs=0 l=1 rev1=0 crypto rx=0 tx=0 comp rx=0 tx=0).connect
2024-09-10T10:52:28.353 INFO:teuthology.orchestra.run.smithi059.stdout:/usr/bin/ceph: stderr
2024-09-10T10:52:27.324+0000 7fb651413640 1 -- --> [v2:172.21.15.59:3300/0,v1:172.21.15.59:6789/0] -- mon_getmap magic: 0 -- 0x7fb64c10bd00 con 0x7fb64c1077a0
2024-09-10T10:52:28.353 INFO:teuthology.orchestra.run.smithi059.stdout:/usr/bin/ceph: stderr
2024-09-10T10:52:27.324+0000 7fb64affd640 1 --2- >> [v2:172.21.15.59:3300/0,v1:172.21.15.59:6789/0] conn(0x7fb64c1077a0 0x7fb64c07e3d0 unknown :-1 s=BANNER_CONNECTING pgs=0 cs=0 l=1 rev1=0 crypto rx=0 tx=0 comp rx=0 tx=0)._handle_peer_banner_payload supported=3 required=0
2024-09-10T10:52:28.353 INFO:teuthology.orchestra.run.smithi059.stdout:/usr/bin/ceph: stderr
2024-09-10T10:52:27.324+0000 7fb64affd640 1 --2- >> [v2:172.21.15.59:3300/0,v1:172.21.15.59:6789/0] conn(0x7fb64c1077a0 0x7fb64c07e3d0 unknown :-1 s=HELLO_CONNECTING pgs=0 cs=0 l=1 rev1=1 crypto rx=0 tx=0 comp rx=0 tx=0).handle_hello peer v2:172.21.15.59:3300/0 says I am v2:172.21.15.59:49404/0 (socket says 172.21.15.59:49404)
2024-09-10T10:52:28.354 INFO:teuthology.orchestra.run.smithi059.stdout:/usr/bin/ceph: stderr
2024-09-10T10:52:27.324+0000 7fb64affd640 1 -- 172.21.15.59:0/953059963 learned_addr learned my addr 172.21.15.59:0/953059963 (peer_addr_for_me v2:172.21.15.59:0/0)
2024-09-10T10:52:28.354 INFO:teuthology.orchestra.run.smithi059.stdout:/usr/bin/ceph: stderr
2024-09-10T10:52:27.325+0000 7fb64affd640 1 -- 172.21.15.59:0/953059963 --> [v2:172.21.15.59:3300/0,v1:172.21.15.59:6789/0] -- mon_subscribe({config=0+,monmap=0+}) -- 0x7fb64c07e910 con 0x7fb64c1077a0
2024-09-10T10:52:28.354 INFO:teuthology.orchestra.run.smithi059.stdout:/usr/bin/ceph: stderr
2024-09-10T10:52:27.325+0000 7fb64affd640 1 --2- 172.21.15.59:0/953059963 >> [v2:172.21.15.59:3300/0,v1:172.21.15.59:6789/0] conn(0x7fb64c1077a0 0x7fb64c07e3d0 secure :-1 s=READY pgs=46 cs=0 l=1 rev1=1 crypto rx=0x7fb63c0097f0 tx=0x7fb63c030d80 comp rx=0 tx=0).ready entity=mon.0 client_cookie=0 server_cookie=0 in_seq=0 out_seq=0
2024-09-10T10:52:28.354 INFO:teuthology.orchestra.run.smithi059.stdout:/usr/bin/ceph: stderr
2024-09-10T10:52:27.325+0000 7fb633fff640 1 -- 172.21.15.59:0/953059963 <== mon.0 v2:172.21.15.59:3300/0 1 ==== mon_map magic: 0 ==== 205+0+0 (secure 0 0 0) 0x7fb63c037040 con 0x7fb64c1077a0
2024-09-10T10:52:28.354 INFO:teuthology.orchestra.run.smithi059.stdout:/usr/bin/ceph: stderr
2024-09-10T10:52:27.325+0000 7fb633fff640 1 -- 172.21.15.59:0/953059963 <== mon.0 v2:172.21.15.59:3300/0 2 ==== config(27 keys) ==== 1109+0+0 (secure 0 0 0) 0x7fb63c040070 con 0x7fb64c1077a0
2024-09-10T10:52:28.354 INFO:teuthology.orchestra.run.smithi059.stdout:/usr/bin/ceph: stderr
2024-09-10T10:52:27.325+0000 7fb651413640 1 -- 172.21.15.59:0/953059963 --> [v2:172.21.15.59:3300/0,v1:172.21.15.59:6789/0] -- mon_subscribe({mgrmap=0+}) -- 0x7fb64c07cb00 con 0x7fb64c1077a0
2024-09-10T10:52:28.354 INFO:teuthology.orchestra.run.smithi059.stdout:/usr/bin/ceph: stderr
2024-09-10T10:52:27.325+0000 7fb633fff640 1 -- 172.21.15.59:0/953059963 <== mon.0 v2:172.21.15.59:3300/0 3 ==== mon_map magic: 0 ==== 205+0+0 (secure 0 0 0) 0x7fb63c03a390 con 0x7fb64c1077a0
2024-09-10T10:52:28.354 INFO:teuthology.orchestra.run.smithi059.stdout:/usr/bin/ceph: stderr
2024-09-10T10:52:27.325+0000 7fb651413640 1 -- 172.21.15.59:0/953059963 --> [v2:172.21.15.59:3300/0,v1:172.21.15.59:6789/0] -- mon_subscribe({osdmap=0}) -- 0x7fb64c07cfe0 con 0x7fb64c1077a0
2024-09-10T10:52:28.354 INFO:teuthology.orchestra.run.smithi059.stdout:/usr/bin/ceph: stderr
2024-09-10T10:52:27.326+0000 7fb633fff640 1 -- 172.21.15.59:0/953059963 <== mon.0 v2:172.21.15.59:3300/0 4 ==== mgrmap(e 8) ==== 46287+0+0 (secure 0 0 0) 0x7fb63c03a630 con 0x7fb64c1077a0
2024-09-10T10:52:28.354 INFO:teuthology.orchestra.run.smithi059.stdout:/usr/bin/ceph: stderr
2024-09-10T10:52:27.326+0000 7fb651413640 1 -- 172.21.15.59:0/953059963 --> [v2:172.21.15.59:3300/0,v1:172.21.15.59:6789/0] -- mon_command({"prefix": "get_command_descriptions"} v 0) -- 0x7fb64c10be80 con 0x7fb64c1077a0
2024-09-10T10:52:28.354 INFO:teuthology.orchestra.run.smithi059.stdout:/usr/bin/ceph: stderr
2024-09-10T10:52:27.326+0000 7fb633fff640 1 --2- 172.21.15.59:0/953059963 >> [v2:172.21.15.59:6800/3293737690,v1:172.21.15.59:6801/3293737690] conn(0x7fb634038f70 0x7fb63403b430 unknown :-1 s=NONE pgs=0 cs=0 l=1 rev1=0 crypto rx=0 tx=0 comp rx=0 tx=0).connect
2024-09-10T10:52:28.354 INFO:teuthology.orchestra.run.smithi059.stdout:/usr/bin/ceph: stderr
2024-09-10T10:52:27.326+0000 7fb633fff640 1 -- 172.21.15.59:0/953059963 <== mon.0 v2:172.21.15.59:3300/0 5 ==== osd_map(2..2 src has 1..2) ==== 940+0+0 (secure 0 0 0) 0x7fb63c06c810 con 0x7fb64c1077a0
2024-09-10T10:52:28.354 INFO:teuthology.orchestra.run.smithi059.stdout:/usr/bin/ceph: stderr
2024-09-10T10:52:27.326+0000 7fb64a7fc640 1 --2- 172.21.15.59:0/953059963 >> [v2:172.21.15.59:6800/3293737690,v1:172.21.15.59:6801/3293737690] conn(0x7fb634038f70 0x7fb63403b430 unknown :-1 s=BANNER_CONNECTING pgs=0 cs=0 l=1 rev1=0 crypto rx=0 tx=0 comp rx=0 tx=0)._handle_peer_banner_payload supported=3 required=0
2024-09-10T10:52:28.354 INFO:teuthology.orchestra.run.smithi059.stdout:/usr/bin/ceph: stderr
2024-09-10T10:52:27.327+0000 7fb64a7fc640 1 --2- 172.21.15.59:0/953059963 >> [v2:172.21.15.59:6800/3293737690,v1:172.21.15.59:6801/3293737690] conn(0x7fb634038f70 0x7fb63403b430 secure :-1 s=READY pgs=12 cs=0 l=1 rev1=1 crypto rx=0x7fb6400098c0 tx=0x7fb640006db0 comp rx=0 tx=0).ready entity=mgr.14118 client_cookie=0 server_cookie=0 in_seq=0 out_seq=0
2024-09-10T10:52:28.355 INFO:teuthology.orchestra.run.smithi059.stdout:/usr/bin/ceph: stderr
2024-09-10T10:52:27.331+0000 7fb633fff640 1 -- 172.21.15.59:0/953059963 <== mon.0 v2:172.21.15.59:3300/0 6 ==== mon_command_ack([{"prefix": "get_command_descriptions"}]=0 v0) ==== 72+0+188821 (secure 0 0 0) 0x7fb63c04a200 con 0x7fb64c1077a0
2024-09-10T10:52:28.355 INFO:teuthology.orchestra.run.smithi059.stdout:/usr/bin/ceph: stderr
2024-09-10T10:52:27.534+0000 7fb651413640 1 -- 172.21.15.59:0/953059963 --> [v2:172.21.15.59:6800/3293737690,v1:172.21.15.59:6801/3293737690] -- mgr_command(tid 0: {"prefix": "orch apply", "service_type": "mon", "unmanaged": true, "target": ["mon-mgr", ""]}) -- 0x7fb64c07d890 con 0x7fb634038f70
2024-09-10T10:52:28.355 INFO:teuthology.orchestra.run.smithi059.stdout:/usr/bin/ceph: stderr
2024-09-10T10:52:27.538+0000 7fb633fff640 1 -- 172.21.15.59:0/953059963 <== mgr.14118 v2:172.21.15.59:6800/3293737690 1 ==== mgr_command_reply(tid 0: 0 ) ==== 8+0+24 (secure 0 0 0) 0x7fb64c07d890 con 0x7fb634038f70
2024-09-10T10:52:28.355 INFO:teuthology.orchestra.run.smithi059.stdout:/usr/bin/ceph: stderr
2024-09-10T10:52:27.541+0000 7fb651413640 1 -- 172.21.15.59:0/953059963 >> [v2:172.21.15.59:6800/3293737690,v1:172.21.15.59:6801/3293737690] conn(0x7fb634038f70 msgr2=0x7fb63403b430 secure :-1 s=STATE_CONNECTION_ESTABLISHED l=1).mark_down
2024-09-10T10:52:28.355 INFO:teuthology.orchestra.run.smithi059.stdout:/usr/bin/ceph: stderr
2024-09-10T10:52:27.541+0000 7fb651413640 1 --2- 172.21.15.59:0/953059963 >> [v2:172.21.15.59:6800/3293737690,v1:172.21.15.59:6801/3293737690] conn(0x7fb634038f70 0x7fb63403b430 secure :-1 s=READY pgs=12 cs=0 l=1 rev1=1 crypto rx=0x7fb6400098c0 tx=0x7fb640006db0 comp rx=0 tx=0).stop
2024-09-10T10:52:28.355 INFO:teuthology.orchestra.run.smithi059.stdout:/usr/bin/ceph: stderr
2024-09-10T10:52:27.541+0000 7fb651413640 1 -- 172.21.15.59:0/953059963 >> [v2:172.21.15.59:3300/0,v1:172.21.15.59:6789/0] conn(0x7fb64c1077a0 msgr2=0x7fb64c07e3d0 secure :-1 s=STATE_CONNECTION_ESTABLISHED l=1).mark_down
2024-09-10T10:52:28.355 INFO:teuthology.orchestra.run.smithi059.stdout:/usr/bin/ceph: stderr
2024-09-10T10:52:27.541+0000 7fb651413640 1 --2- 172.21.15.59:0/953059963 >> [v2:172.21.15.59:3300/0,v1:172.21.15.59:6789/0] conn(0x7fb64c1077a0 0x7fb64c07e3d0 secure :-1 s=READY pgs=46 cs=0 l=1 rev1=1 crypto rx=0x7fb63c0097f0 tx=0x7fb63c030d80 comp rx=0 tx=0).stop
2024-09-10T10:52:28.355 INFO:teuthology.orchestra.run.smithi059.stdout:/usr/bin/ceph: stderr
2024-09-10T10:52:27.541+0000 7fb651413640 1 -- 172.21.15.59:0/953059963 shutdown_connections
2024-09-10T10:52:28.355 INFO:teuthology.orchestra.run.smithi059.stdout:/usr/bin/ceph: stderr
2024-09-10T10:52:27.541+0000 7fb651413640 1 --2- 172.21.15.59:0/953059963 >> [v2:172.21.15.59:6800/3293737690,v1:172.21.15.59:6801/3293737690] conn(0x7fb634038f70 0x7fb63403b430 unknown :-1 s=CLOSED pgs=12 cs=0 l=1 rev1=1 crypto rx=0 tx=0 comp rx=0 tx=0).stop
2024-09-10T10:52:28.355 INFO:teuthology.orchestra.run.smithi059.stdout:/usr/bin/ceph: stderr
2024-09-10T10:52:27.541+0000 7fb651413640 1 --2- 172.21.15.59:0/953059963 >> [v2:172.21.15.59:3300/0,v1:172.21.15.59:6789/0] conn(0x7fb64c1077a0 0x7fb64c07e3d0 unknown :-1 s=CLOSED pgs=46 cs=0 l=1 rev1=1 crypto rx=0 tx=0 comp rx=0 tx=0).stop
2024-09-10T10:52:28.355 INFO:teuthology.orchestra.run.smithi059.stdout:/usr/bin/ceph: stderr
2024-09-10T10:52:27.541+0000 7fb651413640 1 -- 172.21.15.59:0/953059963 >> 172.21.15.59:0/953059963 conn(0x7fb64c102fd0 msgr2=0x7fb64c103b70 unknown :-1 s=STATE_NONE l=0).mark_down
2024-09-10T10:52:28.355 INFO:teuthology.orchestra.run.smithi059.stdout:/usr/bin/ceph: stderr
2024-09-10T10:52:27.541+0000 7fb651413640 1 -- 172.21.15.59:0/953059963 shutdown_connections
2024-09-10T10:52:28.355 INFO:teuthology.orchestra.run.smithi059.stdout:/usr/bin/ceph: stderr
2024-09-10T10:52:27.541+0000 7fb651413640 1 -- 172.21.15.59:0/953059963 wait complete.
2024-09-10T10:52:28.355 INFO:teuthology.orchestra.run.smithi059.stdout:Deploying unmanaged mgr service...
2024-09-10T10:52:28.638 INFO:journalctl@ceph.mon.a.smithi059.stdout:Sep 10 10:52:28 smithi059 ceph-mon[30978]: from='client.14140 -' entity='client.admin' cmd=[{"prefix": "orch apply", "service_type": "mon", "unmanaged": true, "target": ["mon-mgr", ""]}]: dispatch
2024-09-10T10:52:28.638 INFO:journalctl@ceph.mon.a.smithi059.stdout:Sep 10 10:52:28 smithi059 ceph-mon[30978]: Saving service mon spec with placement count:5
2024-09-10T10:52:28.638 INFO:journalctl@ceph.mon.a.smithi059.stdout:Sep 10 10:52:28 smithi059 ceph-mon[30978]: from='mgr.14118 172.21.15.59:0/2245881429' entity='mgr.x'
2024-09-10T10:52:29.571 INFO:teuthology.orchestra.run.smithi059.stdout:/usr/bin/ceph: stdout Scheduled mgr update...
2024-09-10T10:52:29.571 INFO:teuthology.orchestra.run.smithi059.stdout:/usr/bin/ceph: stderr
2024-09-10T10:52:28.751+0000 7f3807d0f640 1 Processor -- start
2024-09-10T10:52:29.571 INFO:teuthology.orchestra.run.smithi059.stdout:/usr/bin/ceph: stderr
2024-09-10T10:52:28.751+0000 7f3807d0f640 1 -- start start
2024-09-10T10:52:29.571 INFO:teuthology.orchestra.run.smithi059.stdout:/usr/bin/ceph: stderr
2024-09-10T10:52:28.751+0000 7f3807d0f640 1 --2- >> [v2:172.21.15.59:3300/0,v1:172.21.15.59:6789/0] conn(0x7f38001077a0 0x7f3800107ba0 unknown :-1 s=NONE pgs=0 cs=0 l=0 rev1=0 crypto rx=0 tx=0 comp rx=0 tx=0).connect
2024-09-10T10:52:29.571 INFO:teuthology.orchestra.run.smithi059.stdout:/usr/bin/ceph: stderr
2024-09-10T10:52:28.751+0000 7f3807d0f640 1 -- --> [v2:172.21.15.59:3300/0,v1:172.21.15.59:6789/0] -- mon_getmap magic: 0 -- 0x7f3800108170 con 0x7f38001077a0
2024-09-10T10:52:29.571 INFO:teuthology.orchestra.run.smithi059.stdout:/usr/bin/ceph: stderr
2024-09-10T10:52:28.751+0000 7f3805aab640 1 --2- >> [v2:172.21.15.59:3300/0,v1:172.21.15.59:6789/0] conn(0x7f38001077a0 0x7f3800107ba0 unknown :-1 s=BANNER_CONNECTING pgs=0 cs=0 l=0 rev1=0 crypto rx=0 tx=0 comp rx=0 tx=0)._handle_peer_banner_payload supported=3 required=0
2024-09-10T10:52:29.571 INFO:teuthology.orchestra.run.smithi059.stdout:/usr/bin/ceph: stderr
2024-09-10T10:52:28.751+0000 7f3805aab640 1 --2- >> [v2:172.21.15.59:3300/0,v1:172.21.15.59:6789/0] conn(0x7f38001077a0 0x7f3800107ba0 unknown :-1 s=HELLO_CONNECTING pgs=0 cs=0 l=0 rev1=1 crypto rx=0 tx=0 comp rx=0 tx=0).handle_hello peer v2:172.21.15.59:3300/0 says I am v2:172.21.15.59:49414/0 (socket says 172.21.15.59:49414)
2024-09-10T10:52:29.572 INFO:teuthology.orchestra.run.smithi059.stdout:/usr/bin/ceph: stderr
2024-09-10T10:52:28.751+0000 7f3805aab640 1 -- 172.21.15.59:0/1680695145 learned_addr learned my addr 172.21.15.59:0/1680695145 (peer_addr_for_me v2:172.21.15.59:0/0)
2024-09-10T10:52:29.572 INFO:teuthology.orchestra.run.smithi059.stdout:/usr/bin/ceph: stderr
2024-09-10T10:52:28.752+0000 7f3805aab640 1 -- 172.21.15.59:0/1680695145 --> [v2:172.21.15.59:3300/0,v1:172.21.15.59:6789/0] -- mon_subscribe({config=0+,monmap=0+}) -- 0x7f3800108950 con 0x7f38001077a0
2024-09-10T10:52:29.572 INFO:teuthology.orchestra.run.smithi059.stdout:/usr/bin/ceph: stderr
2024-09-10T10:52:28.752+0000 7f3805aab640 1 --2- 172.21.15.59:0/1680695145 >> [v2:172.21.15.59:3300/0,v1:172.21.15.59:6789/0] conn(0x7f38001077a0 0x7f3800107ba0 secure :-1 s=READY pgs=47 cs=0 l=1 rev1=1 crypto rx=0x7f37fc009820 tx=0x7f37fc02a270 comp rx=0 tx=0).ready entity=mon.0 client_cookie=7a04863315fca925 server_cookie=0 in_seq=0 out_seq=0
2024-09-10T10:52:29.572 INFO:teuthology.orchestra.run.smithi059.stdout:/usr/bin/ceph: stderr
2024-09-10T10:52:28.753+0000 7f3804aa9640 1 -- 172.21.15.59:0/1680695145 <== mon.0 v2:172.21.15.59:3300/0 1 ==== mon_map magic: 0 ==== 205+0+0 (secure 0 0 0) 0x7f37fc037070 con 0x7f38001077a0
2024-09-10T10:52:29.572 INFO:teuthology.orchestra.run.smithi059.stdout:/usr/bin/ceph: stderr
2024-09-10T10:52:28.753+0000 7f3804aa9640 1 -- 172.21.15.59:0/1680695145 <== mon.0 v2:172.21.15.59:3300/0 2 ==== config(27 keys) ==== 1109+0+0 (secure 0 0 0) 0x7f37fc032900 con 0x7f38001077a0
2024-09-10T10:52:29.572 INFO:teuthology.orchestra.run.smithi059.stdout:/usr/bin/ceph: stderr
2024-09-10T10:52:28.753+0000 7f3804aa9640 1 -- 172.21.15.59:0/1680695145 <== mon.0 v2:172.21.15.59:3300/0 3 ==== mon_map magic: 0 ==== 205+0+0 (secure 0 0 0) 0x7f37fc030850 con 0x7f38001077a0
2024-09-10T10:52:29.572 INFO:teuthology.orchestra.run.smithi059.stdout:/usr/bin/ceph: stderr
2024-09-10T10:52:28.753+0000 7f3807d0f640 1 -- 172.21.15.59:0/1680695145 >> [v2:172.21.15.59:3300/0,v1:172.21.15.59:6789/0] conn(0x7f38001077a0 msgr2=0x7f3800107ba0 secure :-1 s=STATE_CONNECTION_ESTABLISHED l=1).mark_down
2024-09-10T10:52:29.572 INFO:teuthology.orchestra.run.smithi059.stdout:/usr/bin/ceph: stderr
2024-09-10T10:52:28.753+0000 7f3807d0f640 1 --2- 172.21.15.59:0/1680695145 >> [v2:172.21.15.59:3300/0,v1:172.21.15.59:6789/0] conn(0x7f38001077a0 0x7f3800107ba0 secure :-1 s=READY pgs=47 cs=0 l=1 rev1=1 crypto rx=0x7f37fc009820 tx=0x7f37fc02a270 comp rx=0 tx=0).stop
2024-09-10T10:52:29.572 INFO:teuthology.orchestra.run.smithi059.stdout:/usr/bin/ceph: stderr
2024-09-10T10:52:28.753+0000 7f3807d0f640 1 -- 172.21.15.59:0/1680695145 shutdown_connections
2024-09-10T10:52:29.572 INFO:teuthology.orchestra.run.smithi059.stdout:/usr/bin/ceph: stderr
2024-09-10T10:52:28.753+0000 7f3807d0f640 1 --2- 172.21.15.59:0/1680695145 >> [v2:172.21.15.59:3300/0,v1:172.21.15.59:6789/0] conn(0x7f38001077a0 0x7f3800107ba0 unknown :-1 s=CLOSED pgs=47 cs=0 l=1 rev1=1 crypto rx=0 tx=0 comp rx=0 tx=0).stop
2024-09-10T10:52:29.572 INFO:teuthology.orchestra.run.smithi059.stdout:/usr/bin/ceph: stderr
2024-09-10T10:52:28.753+0000 7f3807d0f640 1 -- 172.21.15.59:0/1680695145 >> 172.21.15.59:0/1680695145 conn(0x7f3800102fd0 msgr2=0x7f38001053f0 unknown :-1 s=STATE_NONE l=0).mark_down
2024-09-10T10:52:29.572 INFO:teuthology.orchestra.run.smithi059.stdout:/usr/bin/ceph: stderr
2024-09-10T10:52:28.753+0000 7f3807d0f640 1 -- 172.21.15.59:0/1680695145 shutdown_connections
2024-09-10T10:52:29.572 INFO:teuthology.orchestra.run.smithi059.stdout:/usr/bin/ceph: stderr
2024-09-10T10:52:28.753+0000 7f3807d0f640 1 -- 172.21.15.59:0/1680695145 wait complete.
2024-09-10T10:52:29.573 INFO:teuthology.orchestra.run.smithi059.stdout:/usr/bin/ceph: stderr
2024-09-10T10:52:28.754+0000 7f3807d0f640 1 Processor -- start
2024-09-10T10:52:29.573 INFO:teuthology.orchestra.run.smithi059.stdout:/usr/bin/ceph: stderr
2024-09-10T10:52:28.754+0000 7f3807d0f640 1 -- start start
2024-09-10T10:52:29.573 INFO:teuthology.orchestra.run.smithi059.stdout:/usr/bin/ceph: stderr
2024-09-10T10:52:28.754+0000 7f3807d0f640 1 --2- >> [v2:172.21.15.59:3300/0,v1:172.21.15.59:6789/0] conn(0x7f38001077a0 0x7f380019d940 unknown :-1 s=NONE pgs=0 cs=0 l=1 rev1=0 crypto rx=0 tx=0 comp rx=0 tx=0).connect
2024-09-10T10:52:29.573 INFO:teuthology.orchestra.run.smithi059.stdout:/usr/bin/ceph: stderr
2024-09-10T10:52:28.754+0000 7f3807d0f640 1 -- --> [v2:172.21.15.59:3300/0,v1:172.21.15.59:6789/0] -- mon_getmap magic: 0 -- 0x7f380010bd00 con 0x7f38001077a0
2024-09-10T10:52:29.573 INFO:teuthology.orchestra.run.smithi059.stdout:/usr/bin/ceph: stderr
2024-09-10T10:52:28.754+0000 7f3805aab640 1 --2- >> [v2:172.21.15.59:3300/0,v1:172.21.15.59:6789/0] conn(0x7f38001077a0 0x7f380019d940 unknown :-1 s=BANNER_CONNECTING pgs=0 cs=0 l=1 rev1=0 crypto rx=0 tx=0 comp rx=0 tx=0)._handle_peer_banner_payload supported=3 required=0
2024-09-10T10:52:29.573 INFO:teuthology.orchestra.run.smithi059.stdout:/usr/bin/ceph: stderr
2024-09-10T10:52:28.754+0000 7f3805aab640 1 --2- >> [v2:172.21.15.59:3300/0,v1:172.21.15.59:6789/0] conn(0x7f38001077a0 0x7f380019d940 unknown :-1 s=HELLO_CONNECTING pgs=0 cs=0 l=1 rev1=1 crypto rx=0 tx=0 comp rx=0 tx=0).handle_hello peer v2:172.21.15.59:3300/0 says I am v2:172.21.15.59:49420/0 (socket says 172.21.15.59:49420)
2024-09-10T10:52:29.573 INFO:teuthology.orchestra.run.smithi059.stdout:/usr/bin/ceph: stderr
2024-09-10T10:52:28.754+0000 7f3805aab640 1 -- 172.21.15.59:0/3726729092 learned_addr learned my addr 172.21.15.59:0/3726729092 (peer_addr_for_me v2:172.21.15.59:0/0)
2024-09-10T10:52:29.573 INFO:teuthology.orchestra.run.smithi059.stdout:/usr/bin/ceph: stderr
2024-09-10T10:52:28.755+0000 7f3805aab640 1 -- 172.21.15.59:0/3726729092 --> [v2:172.21.15.59:3300/0,v1:172.21.15.59:6789/0] -- mon_subscribe({config=0+,monmap=0+}) -- 0x7f380019de80 con 0x7f38001077a0
2024-09-10T10:52:29.574 INFO:teuthology.orchestra.run.smithi059.stdout:/usr/bin/ceph: stderr
2024-09-10T10:52:28.755+0000 7f3805aab640 1 --2- 172.21.15.59:0/3726729092 >> [v2:172.21.15.59:3300/0,v1:172.21.15.59:6789/0] conn(0x7f38001077a0 0x7f380019d940 secure :-1 s=READY pgs=48 cs=0 l=1 rev1=1 crypto rx=0x7f37fc0097f0 tx=0x7f37fc030d80 comp rx=0 tx=0).ready entity=mon.0 client_cookie=0 server_cookie=0 in_seq=0 out_seq=0
2024-09-10T10:52:29.574 INFO:teuthology.orchestra.run.smithi059.stdout:/usr/bin/ceph: stderr
2024-09-10T10:52:28.755+0000 7f37f6ffd640 1 -- 172.21.15.59:0/3726729092 <== mon.0 v2:172.21.15.59:3300/0 1 ==== mon_map magic: 0 ==== 205+0+0 (secure 0 0 0) 0x7f37fc037040 con 0x7f38001077a0
2024-09-10T10:52:29.574 INFO:teuthology.orchestra.run.smithi059.stdout:/usr/bin/ceph: stderr
2024-09-10T10:52:28.755+0000 7f37f6ffd640 1 -- 172.21.15.59:0/3726729092 <== mon.0 v2:172.21.15.59:3300/0 2 ==== config(27 keys) ==== 1109+0+0 (secure 0 0 0) 0x7f37fc040070 con 0x7f38001077a0
2024-09-10T10:52:29.574 INFO:teuthology.orchestra.run.smithi059.stdout:/usr/bin/ceph: stderr
2024-09-10T10:52:28.755+0000 7f3807d0f640 1 -- 172.21.15.59:0/3726729092 --> [v2:172.21.15.59:3300/0,v1:172.21.15.59:6789/0] -- mon_subscribe({mgrmap=0+}) -- 0x7f380019e110 con 0x7f38001077a0
2024-09-10T10:52:29.574 INFO:teuthology.orchestra.run.smithi059.stdout:/usr/bin/ceph: stderr
2024-09-10T10:52:28.755+0000 7f37f6ffd640 1 -- 172.21.15.59:0/3726729092 <== mon.0 v2:172.21.15.59:3300/0 3 ==== mon_map magic: 0 ==== 205+0+0 (secure 0 0 0) 0x7f37fc03a390 con 0x7f38001077a0
2024-09-10T10:52:29.574 INFO:teuthology.orchestra.run.smithi059.stdout:/usr/bin/ceph: stderr
2024-09-10T10:52:28.755+0000 7f3807d0f640 1 -- 172.21.15.59:0/3726729092 --> [v2:172.21.15.59:3300/0,v1:172.21.15.59:6789/0] -- mon_subscribe({osdmap=0}) -- 0x7f38001a0e00 con 0x7f38001077a0
2024-09-10T10:52:29.574 INFO:teuthology.orchestra.run.smithi059.stdout:/usr/bin/ceph: stderr
2024-09-10T10:52:28.756+0000 7f37f6ffd640 1 -- 172.21.15.59:0/3726729092 <== mon.0 v2:172.21.15.59:3300/0 4 ==== mgrmap(e 8) ==== 46287+0+0 (secure 0 0 0) 0x7f37fc032900 con 0x7f38001077a0
2024-09-10T10:52:29.574 INFO:teuthology.orchestra.run.smithi059.stdout:/usr/bin/ceph: stderr
2024-09-10T10:52:28.756+0000 7f37f6ffd640 1 --2- 172.21.15.59:0/3726729092 >> [v2:172.21.15.59:6800/3293737690,v1:172.21.15.59:6801/3293737690] conn(0x7f37ec038fc0 0x7f37ec03b480 unknown :-1 s=NONE pgs=0 cs=0 l=1 rev1=0 crypto rx=0 tx=0 comp rx=0 tx=0).connect
2024-09-10T10:52:29.574 INFO:teuthology.orchestra.run.smithi059.stdout:/usr/bin/ceph: stderr
2024-09-10T10:52:28.756+0000 7f3807d0f640 1 -- 172.21.15.59:0/3726729092 --> [v2:172.21.15.59:3300/0,v1:172.21.15.59:6789/0] -- mon_command({"prefix": "get_command_descriptions"} v 0) -- 0x7f3800107c20 con 0x7f38001077a0
2024-09-10T10:52:29.574 INFO:teuthology.orchestra.run.smithi059.stdout:/usr/bin/ceph: stderr
2024-09-10T10:52:28.756+0000 7f37f6ffd640 1 -- 172.21.15.59:0/3726729092 <== mon.0 v2:172.21.15.59:3300/0 5 ==== osd_map(2..2 src has 1..2) ==== 940+0+0 (secure 0 0 0) 0x7f37fc06c400 con 0x7f38001077a0
2024-09-10T10:52:29.574 INFO:teuthology.orchestra.run.smithi059.stdout:/usr/bin/ceph: stderr
2024-09-10T10:52:28.756+0000 7f38052aa640 1 --2- 172.21.15.59:0/3726729092 >> [v2:172.21.15.59:6800/3293737690,v1:172.21.15.59:6801/3293737690] conn(0x7f37ec038fc0 0x7f37ec03b480 unknown :-1 s=BANNER_CONNECTING pgs=0 cs=0 l=1 rev1=0 crypto rx=0 tx=0 comp rx=0 tx=0)._handle_peer_banner_payload supported=3 required=0
2024-09-10T10:52:29.574 INFO:teuthology.orchestra.run.smithi059.stdout:/usr/bin/ceph: stderr
2024-09-10T10:52:28.757+0000 7f38052aa640 1 --2- 172.21.15.59:0/3726729092 >> [v2:172.21.15.59:6800/3293737690,v1:172.21.15.59:6801/3293737690] conn(0x7f37ec038fc0 0x7f37ec03b480 secure :-1 s=READY pgs=13 cs=0 l=1 rev1=1 crypto rx=0x7f37f00098c0 tx=0x7f37f0006db0 comp rx=0 tx=0).ready entity=mgr.14118 client_cookie=0 server_cookie=0 in_seq=0 out_seq=0
2024-09-10T10:52:29.575 INFO:teuthology.orchestra.run.smithi059.stdout:/usr/bin/ceph: stderr
2024-09-10T10:52:28.761+0000 7f37f6ffd640 1 -- 172.21.15.59:0/3726729092 <== mon.0 v2:172.21.15.59:3300/0 6 ==== mon_command_ack([{"prefix": "get_command_descriptions"}]=0 v0) ==== 72+0+188821 (secure 0 0 0) 0x7f37fc06b5b0 con 0x7f38001077a0
2024-09-10T10:52:29.575 INFO:teuthology.orchestra.run.smithi059.stdout:/usr/bin/ceph: stderr
2024-09-10T10:52:28.954+0000 7f3807d0f640 1 -- 172.21.15.59:0/3726729092 --> [v2:172.21.15.59:6800/3293737690,v1:172.21.15.59:6801/3293737690] -- mgr_command(tid 0: {"prefix": "orch apply", "service_type": "mgr", "unmanaged": true, "target": ["mon-mgr", ""]}) -- 0x7f38001041f0 con 0x7f37ec038fc0
2024-09-10T10:52:29.575 INFO:teuthology.orchestra.run.smithi059.stdout:/usr/bin/ceph: stderr
2024-09-10T10:52:28.958+0000 7f37f6ffd640 1 -- 172.21.15.59:0/3726729092 <== mgr.14118 v2:172.21.15.59:6800/3293737690 1 ==== mgr_command_reply(tid 0: 0 ) ==== 8+0+24 (secure 0 0 0) 0x7f38001041f0 con 0x7f37ec038fc0
2024-09-10T10:52:29.575 INFO:teuthology.orchestra.run.smithi059.stdout:/usr/bin/ceph: stderr
2024-09-10T10:52:28.960+0000 7f3807d0f640 1 -- 172.21.15.59:0/3726729092 >> [v2:172.21.15.59:6800/3293737690,v1:172.21.15.59:6801/3293737690] conn(0x7f37ec038fc0 msgr2=0x7f37ec03b480 secure :-1 s=STATE_CONNECTION_ESTABLISHED l=1).mark_down
2024-09-10T10:52:29.575 INFO:teuthology.orchestra.run.smithi059.stdout:/usr/bin/ceph: stderr
2024-09-10T10:52:28.960+0000 7f3807d0f640 1 --2- 172.21.15.59:0/3726729092 >> [v2:172.21.15.59:6800/3293737690,v1:172.21.15.59:6801/3293737690] conn(0x7f37ec038fc0 0x7f37ec03b480 secure :-1 s=READY pgs=13 cs=0 l=1 rev1=1 crypto rx=0x7f37f00098c0 tx=0x7f37f0006db0 comp rx=0 tx=0).stop
2024-09-10T10:52:29.575 INFO:teuthology.orchestra.run.smithi059.stdout:/usr/bin/ceph: stderr
2024-09-10T10:52:28.960+0000 7f3807d0f640 1 -- 172.21.15.59:0/3726729092 >> [v2:172.21.15.59:3300/0,v1:172.21.15.59:6789/0] conn(0x7f38001077a0 msgr2=0x7f380019d940 secure :-1 s=STATE_CONNECTION_ESTABLISHED l=1).mark_down
2024-09-10T10:52:29.575 INFO:teuthology.orchestra.run.smithi059.stdout:/usr/bin/ceph: stderr
2024-09-10T10:52:28.960+0000 7f3807d0f640 1 --2- 172.21.15.59:0/3726729092 >> [v2:172.21.15.59:3300/0,v1:172.21.15.59:6789/0] conn(0x7f38001077a0 0x7f380019d940 secure :-1 s=READY pgs=48 cs=0 l=1 rev1=1 crypto rx=0x7f37fc0097f0 tx=0x7f37fc030d80 comp rx=0 tx=0).stop
2024-09-10T10:52:29.575 INFO:teuthology.orchestra.run.smithi059.stdout:/usr/bin/ceph: stderr
2024-09-10T10:52:28.960+0000 7f3807d0f640 1 -- 172.21.15.59:0/3726729092 shutdown_connections
2024-09-10T10:52:29.575 INFO:teuthology.orchestra.run.smithi059.stdout:/usr/bin/ceph: stderr
2024-09-10T10:52:28.960+0000 7f3807d0f640 1 --2- 172.21.15.59:0/3726729092 >> [v2:172.21.15.59:6800/3293737690,v1:172.21.15.59:6801/3293737690] conn(0x7f37ec038fc0 0x7f37ec03b480 unknown :-1 s=CLOSED pgs=13 cs=0 l=1 rev1=1 crypto rx=0 tx=0 comp rx=0 tx=0).stop
2024-09-10T10:52:29.575 INFO:teuthology.orchestra.run.smithi059.stdout:/usr/bin/ceph: stderr
2024-09-10T10:52:28.960+0000 7f3807d0f640 1 --2- 172.21.15.59:0/3726729092 >> [v2:172.21.15.59:3300/0,v1:172.21.15.59:6789/0] conn(0x7f38001077a0 0x7f380019d940 unknown :-1 s=CLOSED pgs=48 cs=0 l=1 rev1=1 crypto rx=0 tx=0 comp rx=0 tx=0).stop
2024-09-10T10:52:29.575 INFO:teuthology.orchestra.run.smithi059.stdout:/usr/bin/ceph: stderr
2024-09-10T10:52:28.960+0000 7f3807d0f640 1 -- 172.21.15.59:0/3726729092 >> 172.21.15.59:0/3726729092 conn(0x7f3800102fd0 msgr2=0x7f3800103ae0 unknown :-1 s=STATE_NONE l=0).mark_down
2024-09-10T10:52:29.575 INFO:teuthology.orchestra.run.smithi059.stdout:/usr/bin/ceph: stderr
2024-09-10T10:52:28.961+0000 7f3807d0f640 1 -- 172.21.15.59:0/3726729092 shutdown_connections
2024-09-10T10:52:29.575 INFO:teuthology.orchestra.run.smithi059.stdout:/usr/bin/ceph: stderr
2024-09-10T10:52:28.961+0000 7f3807d0f640 1 -- 172.21.15.59:0/3726729092 wait complete.
2024-09-10T10:52:30.138 INFO:journalctl@ceph.mon.a.smithi059.stdout:Sep 10 10:52:29 smithi059 ceph-mon[30978]: from='client.14142 -' entity='client.admin' cmd=[{"prefix": "orch apply", "service_type": "mgr", "unmanaged": true, "target": ["mon-mgr", ""]}]: dispatch
2024-09-10T10:52:30.138 INFO:journalctl@ceph.mon.a.smithi059.stdout:Sep 10 10:52:29 smithi059 ceph-mon[30978]: Saving service mgr spec with placement count:2
2024-09-10T10:52:30.138 INFO:journalctl@ceph.mon.a.smithi059.stdout:Sep 10 10:52:29 smithi059 ceph-mon[30978]: from='mgr.14118 172.21.15.59:0/2245881429' entity='mgr.x'
2024-09-10T10:52:30.936 INFO:teuthology.orchestra.run.smithi059.stdout:/usr/bin/ceph: stderr
2024-09-10T10:52:30.026+0000 7f5610d68640 1 Processor -- start
2024-09-10T10:52:30.936 INFO:teuthology.orchestra.run.smithi059.stdout:/usr/bin/ceph: stderr
2024-09-10T10:52:30.026+0000 7f5610d68640 1 -- start start
2024-09-10T10:52:30.936 INFO:teuthology.orchestra.run.smithi059.stdout:/usr/bin/ceph: stderr
2024-09-10T10:52:30.027+0000 7f5610d68640 1 --2- >> [v2:172.21.15.59:3300/0,v1:172.21.15.59:6789/0] conn(0x7f560c1077a0 0x7f560c107ba0 unknown :-1 s=NONE pgs=0 cs=0 l=0 rev1=0 crypto rx=0 tx=0 comp rx=0 tx=0).connect
2024-09-10T10:52:30.936 INFO:teuthology.orchestra.run.smithi059.stdout:/usr/bin/ceph: stderr
2024-09-10T10:52:30.027+0000 7f5610d68640 1 -- --> [v2:172.21.15.59:3300/0,v1:172.21.15.59:6789/0] -- mon_getmap magic: 0 -- 0x7f560c108170 con 0x7f560c1077a0
2024-09-10T10:52:30.937 INFO:teuthology.orchestra.run.smithi059.stdout:/usr/bin/ceph: stderr
2024-09-10T10:52:30.027+0000 7f560a59c640 1 --2- >> [v2:172.21.15.59:3300/0,v1:172.21.15.59:6789/0] conn(0x7f560c1077a0 0x7f560c107ba0 unknown :-1 s=BANNER_CONNECTING pgs=0 cs=0 l=0 rev1=0 crypto rx=0 tx=0 comp rx=0 tx=0)._handle_peer_banner_payload supported=3 required=0
2024-09-10T10:52:30.937 INFO:teuthology.orchestra.run.smithi059.stdout:/usr/bin/ceph: stderr
2024-09-10T10:52:30.027+0000 7f560a59c640 1 --2- >> [v2:172.21.15.59:3300/0,v1:172.21.15.59:6789/0] conn(0x7f560c1077a0 0x7f560c107ba0 unknown :-1 s=HELLO_CONNECTING pgs=0 cs=0 l=0 rev1=1 crypto rx=0 tx=0 comp rx=0 tx=0).handle_hello peer v2:172.21.15.59:3300/0 says I am v2:172.21.15.59:49424/0 (socket says 172.21.15.59:49424)
2024-09-10T10:52:30.937 INFO:teuthology.orchestra.run.smithi059.stdout:/usr/bin/ceph: stderr
2024-09-10T10:52:30.027+0000 7f560a59c640 1 -- 172.21.15.59:0/2620286049 learned_addr learned my addr 172.21.15.59:0/2620286049 (peer_addr_for_me v2:172.21.15.59:0/0)
2024-09-10T10:52:30.937 INFO:teuthology.orchestra.run.smithi059.stdout:/usr/bin/ceph: stderr
2024-09-10T10:52:30.027+0000 7f560a59c640 1 -- 172.21.15.59:0/2620286049 --> [v2:172.21.15.59:3300/0,v1:172.21.15.59:6789/0] -- mon_subscribe({config=0+,monmap=0+}) -- 0x7f560c108950 con 0x7f560c1077a0
2024-09-10T10:52:30.937 INFO:teuthology.orchestra.run.smithi059.stdout:/usr/bin/ceph: stderr
2024-09-10T10:52:30.028+0000 7f560a59c640 1 --2- 172.21.15.59:0/2620286049 >> [v2:172.21.15.59:3300/0,v1:172.21.15.59:6789/0] conn(0x7f560c1077a0 0x7f560c107ba0 secure :-1 s=READY pgs=49 cs=0 l=1 rev1=1 crypto rx=0x7f55fc009820 tx=0x7f55fc02a270 comp rx=0 tx=0).ready entity=mon.0 client_cookie=a7bcd69e1e6b9ceb server_cookie=0 in_seq=0 out_seq=0
2024-09-10T10:52:30.937 INFO:teuthology.orchestra.run.smithi059.stdout:/usr/bin/ceph: stderr
2024-09-10T10:52:30.028+0000 7f560959a640 1 -- 172.21.15.59:0/2620286049 <== mon.0 v2:172.21.15.59:3300/0 1 ==== mon_map magic: 0 ==== 205+0+0 (secure 0 0 0) 0x7f55fc037070 con 0x7f560c1077a0
2024-09-10T10:52:30.937 INFO:teuthology.orchestra.run.smithi059.stdout:/usr/bin/ceph: stderr
2024-09-10T10:52:30.028+0000 7f560959a640 1 -- 172.21.15.59:0/2620286049 <== mon.0 v2:172.21.15.59:3300/0 2 ==== config(27 keys) ==== 1109+0+0 (secure 0 0 0) 0x7f55fc032900 con 0x7f560c1077a0
2024-09-10T10:52:30.937 INFO:teuthology.orchestra.run.smithi059.stdout:/usr/bin/ceph: stderr
2024-09-10T10:52:30.028+0000 7f560959a640 1 -- 172.21.15.59:0/2620286049 <== mon.0 v2:172.21.15.59:3300/0 3 ==== mon_map magic: 0 ==== 205+0+0 (secure 0 0 0) 0x7f55fc030850 con 0x7f560c1077a0
2024-09-10T10:52:30.937 INFO:teuthology.orchestra.run.smithi059.stdout:/usr/bin/ceph: stderr
2024-09-10T10:52:30.029+0000 7f5610d68640 1 -- 172.21.15.59:0/2620286049 >> [v2:172.21.15.59:3300/0,v1:172.21.15.59:6789/0] conn(0x7f560c1077a0 msgr2=0x7f560c107ba0 secure :-1 s=STATE_CONNECTION_ESTABLISHED l=1).mark_down
2024-09-10T10:52:30.937 INFO:teuthology.orchestra.run.smithi059.stdout:/usr/bin/ceph: stderr
2024-09-10T10:52:30.029+0000 7f5610d68640 1 --2- 172.21.15.59:0/2620286049 >> [v2:172.21.15.59:3300/0,v1:172.21.15.59:6789/0] conn(0x7f560c1077a0 0x7f560c107ba0 secure :-1 s=READY pgs=49 cs=0 l=1 rev1=1 crypto rx=0x7f55fc009820 tx=0x7f55fc02a270 comp rx=0 tx=0).stop
2024-09-10T10:52:30.937 INFO:teuthology.orchestra.run.smithi059.stdout:/usr/bin/ceph: stderr
2024-09-10T10:52:30.029+0000 7f5610d68640 1 -- 172.21.15.59:0/2620286049 shutdown_connections
2024-09-10T10:52:30.937 INFO:teuthology.orchestra.run.smithi059.stdout:/usr/bin/ceph: stderr
2024-09-10T10:52:30.029+0000 7f5610d68640 1 --2- 172.21.15.59:0/2620286049 >> [v2:172.21.15.59:3300/0,v1:172.21.15.59:6789/0] conn(0x7f560c1077a0 0x7f560c107ba0 unknown :-1 s=CLOSED pgs=49 cs=0 l=1 rev1=1 crypto rx=0 tx=0 comp rx=0 tx=0).stop
2024-09-10T10:52:30.937 INFO:teuthology.orchestra.run.smithi059.stdout:/usr/bin/ceph: stderr
2024-09-10T10:52:30.029+0000 7f5610d68640 1 -- 172.21.15.59:0/2620286049 >> 172.21.15.59:0/2620286049 conn(0x7f560c102fd0 msgr2=0x7f560c1053f0 unknown :-1 s=STATE_NONE l=0).mark_down
2024-09-10T10:52:30.938 INFO:teuthology.orchestra.run.smithi059.stdout:/usr/bin/ceph: stderr
2024-09-10T10:52:30.029+0000 7f5610d68640 1 -- 172.21.15.59:0/2620286049 shutdown_connections
2024-09-10T10:52:30.938 INFO:teuthology.orchestra.run.smithi059.stdout:/usr/bin/ceph: stderr
2024-09-10T10:52:30.029+0000 7f5610d68640 1 -- 172.21.15.59:0/2620286049 wait complete.
2024-09-10T10:52:30.938 INFO:teuthology.orchestra.run.smithi059.stdout:/usr/bin/ceph: stderr
2024-09-10T10:52:30.029+0000 7f5610d68640 1 Processor -- start
2024-09-10T10:52:30.938 INFO:teuthology.orchestra.run.smithi059.stdout:/usr/bin/ceph: stderr
2024-09-10T10:52:30.030+0000 7f5610d68640 1 -- start start
2024-09-10T10:52:30.938 INFO:teuthology.orchestra.run.smithi059.stdout:/usr/bin/ceph: stderr
2024-09-10T10:52:30.030+0000 7f5610d68640 1 --2- >> [v2:172.21.15.59:3300/0,v1:172.21.15.59:6789/0] conn(0x7f560c1077a0 0x7f560c19b740 unknown :-1 s=NONE pgs=0 cs=0 l=1 rev1=0 crypto rx=0 tx=0 comp rx=0 tx=0).connect
2024-09-10T10:52:30.938 INFO:teuthology.orchestra.run.smithi059.stdout:/usr/bin/ceph: stderr
2024-09-10T10:52:30.030+0000 7f5610d68640 1 -- --> [v2:172.21.15.59:3300/0,v1:172.21.15.59:6789/0] -- mon_getmap magic: 0 -- 0x7f560c10bd00 con 0x7f560c1077a0
2024-09-10T10:52:30.938 INFO:teuthology.orchestra.run.smithi059.stdout:/usr/bin/ceph: stderr
2024-09-10T10:52:30.030+0000 7f560a59c640 1 --2- >> [v2:172.21.15.59:3300/0,v1:172.21.15.59:6789/0] conn(0x7f560c1077a0 0x7f560c19b740 unknown :-1 s=BANNER_CONNECTING pgs=0 cs=0 l=1 rev1=0 crypto rx=0 tx=0 comp rx=0 tx=0)._handle_peer_banner_payload supported=3 required=0
2024-09-10T10:52:30.938 INFO:teuthology.orchestra.run.smithi059.stdout:/usr/bin/ceph: stderr
2024-09-10T10:52:30.030+0000 7f560a59c640 1 --2- >> [v2:172.21.15.59:3300/0,v1:172.21.15.59:6789/0] conn(0x7f560c1077a0 0x7f560c19b740 unknown :-1 s=HELLO_CONNECTING pgs=0 cs=0 l=1 rev1=1 crypto rx=0 tx=0 comp rx=0 tx=0).handle_hello peer v2:172.21.15.59:3300/0 says I am v2:172.21.15.59:49440/0 (socket says 172.21.15.59:49440)
2024-09-10T10:52:30.938 INFO:teuthology.orchestra.run.smithi059.stdout:/usr/bin/ceph: stderr
2024-09-10T10:52:30.030+0000 7f560a59c640 1 -- 172.21.15.59:0/3692213986 learned_addr learned my addr 172.21.15.59:0/3692213986 (peer_addr_for_me v2:172.21.15.59:0/0)
2024-09-10T10:52:30.938 INFO:teuthology.orchestra.run.smithi059.stdout:/usr/bin/ceph: stderr
2024-09-10T10:52:30.030+0000 7f560a59c640 1 -- 172.21.15.59:0/3692213986 --> [v2:172.21.15.59:3300/0,v1:172.21.15.59:6789/0] -- mon_subscribe({config=0+,monmap=0+}) -- 0x7f560c19bc80 con 0x7f560c1077a0
2024-09-10T10:52:30.938 INFO:teuthology.orchestra.run.smithi059.stdout:/usr/bin/ceph: stderr
2024-09-10T10:52:30.030+0000 7f560a59c640 1 --2- 172.21.15.59:0/3692213986 >> [v2:172.21.15.59:3300/0,v1:172.21.15.59:6789/0] conn(0x7f560c1077a0 0x7f560c19b740 secure :-1 s=READY pgs=50 cs=0 l=1 rev1=1 crypto rx=0x7f55fc009940 tx=0x7f55fc032ce0 comp rx=0 tx=0).ready entity=mon.0 client_cookie=0 server_cookie=0 in_seq=0 out_seq=0
2024-09-10T10:52:30.938 INFO:teuthology.orchestra.run.smithi059.stdout:/usr/bin/ceph: stderr
2024-09-10T10:52:30.031+0000 7f55fb7fe640 1 -- 172.21.15.59:0/3692213986 <== mon.0 v2:172.21.15.59:3300/0 1 ==== mon_map magic: 0 ==== 205+0+0 (secure 0 0 0) 0x7f55fc042070 con 0x7f560c1077a0
2024-09-10T10:52:30.938 INFO:teuthology.orchestra.run.smithi059.stdout:/usr/bin/ceph: stderr
2024-09-10T10:52:30.031+0000 7f55fb7fe640 1 -- 172.21.15.59:0/3692213986 <== mon.0 v2:172.21.15.59:3300/0 2 ==== config(27 keys) ==== 1109+0+0 (secure 0 0 0) 0x7f55fc0308c0 con 0x7f560c1077a0
2024-09-10T10:52:30.939 INFO:teuthology.orchestra.run.smithi059.stdout:/usr/bin/ceph: stderr
2024-09-10T10:52:30.031+0000 7f5610d68640 1 -- 172.21.15.59:0/3692213986 --> [v2:172.21.15.59:3300/0,v1:172.21.15.59:6789/0] -- mon_subscribe({mgrmap=0+}) -- 0x7f560c19bf10 con 0x7f560c1077a0
2024-09-10T10:52:30.939 INFO:teuthology.orchestra.run.smithi059.stdout:/usr/bin/ceph: stderr
2024-09-10T10:52:30.031+0000 7f55fb7fe640 1 -- 172.21.15.59:0/3692213986 <== mon.0 v2:172.21.15.59:3300/0 3 ==== mon_map magic: 0 ==== 205+0+0 (secure 0 0 0) 0x7f55fc037040 con 0x7f560c1077a0
2024-09-10T10:52:30.939 INFO:teuthology.orchestra.run.smithi059.stdout:/usr/bin/ceph: stderr
2024-09-10T10:52:30.031+0000 7f5610d68640 1 -- 172.21.15.59:0/3692213986 --> [v2:172.21.15.59:3300/0,v1:172.21.15.59:6789/0] -- mon_subscribe({osdmap=0}) -- 0x7f560c19ec00 con 0x7f560c1077a0
2024-09-10T10:52:30.939 INFO:teuthology.orchestra.run.smithi059.stdout:/usr/bin/ceph: stderr
2024-09-10T10:52:30.031+0000 7f55fb7fe640 1 -- 172.21.15.59:0/3692213986 <== mon.0 v2:172.21.15.59:3300/0 4 ==== mgrmap(e 8) ==== 46287+0+0 (secure 0 0 0) 0x7f55fc045070 con 0x7f560c1077a0
2024-09-10T10:52:30.939 INFO:teuthology.orchestra.run.smithi059.stdout:/usr/bin/ceph: stderr
2024-09-10T10:52:30.032+0000 7f55fb7fe640 1 --2- 172.21.15.59:0/3692213986 >> [v2:172.21.15.59:6800/3293737690,v1:172.21.15.59:6801/3293737690] conn(0x7f55f4038fc0 0x7f55f403b480 unknown :-1 s=NONE pgs=0 cs=0 l=1 rev1=0 crypto rx=0 tx=0 comp rx=0 tx=0).connect
2024-09-10T10:52:30.939 INFO:teuthology.orchestra.run.smithi059.stdout:/usr/bin/ceph: stderr
2024-09-10T10:52:30.032+0000 7f55fb7fe640 1 -- 172.21.15.59:0/3692213986 <== mon.0 v2:172.21.15.59:3300/0 5 ==== osd_map(2..2 src has 1..2) ==== 940+0+0 (secure 0 0 0) 0x7f55fc06c360 con 0x7f560c1077a0
2024-09-10T10:52:30.939 INFO:teuthology.orchestra.run.smithi059.stdout:/usr/bin/ceph: stderr
2024-09-10T10:52:30.032+0000 7f5609d9b640 1 --2- 172.21.15.59:0/3692213986 >> [v2:172.21.15.59:6800/3293737690,v1:172.21.15.59:6801/3293737690] conn(0x7f55f4038fc0 0x7f55f403b480 unknown :-1 s=BANNER_CONNECTING pgs=0 cs=0 l=1 rev1=0 crypto rx=0 tx=0 comp rx=0 tx=0)._handle_peer_banner_payload supported=3 required=0
2024-09-10T10:52:30.939 INFO:teuthology.orchestra.run.smithi059.stdout:/usr/bin/ceph: stderr
2024-09-10T10:52:30.032+0000 7f5610d68640 1 -- 172.21.15.59:0/3692213986 --> [v2:172.21.15.59:3300/0,v1:172.21.15.59:6789/0] -- mon_command({"prefix": "get_command_descriptions"} v 0) -- 0x7f560c10be80 con 0x7f560c1077a0
2024-09-10T10:52:30.939 INFO:teuthology.orchestra.run.smithi059.stdout:/usr/bin/ceph: stderr
2024-09-10T10:52:30.032+0000 7f5609d9b640 1 --2- 172.21.15.59:0/3692213986 >> [v2:172.21.15.59:6800/3293737690,v1:172.21.15.59:6801/3293737690] conn(0x7f55f4038fc0 0x7f55f403b480 secure :-1 s=READY pgs=14 cs=0 l=1 rev1=1 crypto rx=0x7f56000098c0 tx=0x7f5600006db0 comp rx=0 tx=0).ready entity=mgr.14118 client_cookie=0 server_cookie=0 in_seq=0 out_seq=0
2024-09-10T10:52:30.939 INFO:teuthology.orchestra.run.smithi059.stdout:/usr/bin/ceph: stderr
2024-09-10T10:52:30.037+0000 7f55fb7fe640 1 -- 172.21.15.59:0/3692213986 <== mon.0 v2:172.21.15.59:3300/0 6 ==== mon_command_ack([{"prefix": "get_command_descriptions"}]=0 v0) ==== 72+0+188821 (secure 0 0 0) 0x7f55fc03add0 con 0x7f560c1077a0
2024-09-10T10:52:30.939 INFO:teuthology.orchestra.run.smithi059.stdout:/usr/bin/ceph: stderr
2024-09-10T10:52:30.212+0000 7f5610d68640 1 -- 172.21.15.59:0/3692213986 --> [v2:172.21.15.59:3300/0,v1:172.21.15.59:6789/0] -- mon_command([{prefix=config set, name=mgr/cephadm/container_init}] v 0) -- 0x7f560c19f150 con 0x7f560c1077a0
2024-09-10T10:52:30.939 INFO:teuthology.orchestra.run.smithi059.stdout:/usr/bin/ceph: stderr
2024-09-10T10:52:30.217+0000 7f55fb7fe640 1 -- 172.21.15.59:0/3692213986 <== mon.0 v2:172.21.15.59:3300/0 7 ==== mon_command_ack([{prefix=config set, name=mgr/cephadm/container_init}]=0 v6)=0 v6) ==== 142+0+0 (secure 0 0 0) 0x7f55fc045520 con 0x7f560c1077a0
2024-09-10T10:52:30.939 INFO:teuthology.orchestra.run.smithi059.stdout:/usr/bin/ceph: stderr
2024-09-10T10:52:30.221+0000 7f5610d68640 1 -- 172.21.15.59:0/3692213986 >> [v2:172.21.15.59:6800/3293737690,v1:172.21.15.59:6801/3293737690] conn(0x7f55f4038fc0 msgr2=0x7f55f403b480 secure :-1 s=STATE_CONNECTION_ESTABLISHED l=1).mark_down
2024-09-10T10:52:30.940 INFO:teuthology.orchestra.run.smithi059.stdout:/usr/bin/ceph: stderr
2024-09-10T10:52:30.221+0000 7f5610d68640 1 --2- 172.21.15.59:0/3692213986 >> [v2:172.21.15.59:6800/3293737690,v1:172.21.15.59:6801/3293737690] conn(0x7f55f4038fc0 0x7f55f403b480 secure :-1 s=READY pgs=14 cs=0 l=1 rev1=1 crypto rx=0x7f56000098c0 tx=0x7f5600006db0 comp rx=0 tx=0).stop
2024-09-10T10:52:30.940 INFO:teuthology.orchestra.run.smithi059.stdout:/usr/bin/ceph: stderr
2024-09-10T10:52:30.221+0000 7f5610d68640 1 -- 172.21.15.59:0/3692213986 >> [v2:172.21.15.59:3300/0,v1:172.21.15.59:6789/0] conn(0x7f560c1077a0 msgr2=0x7f560c19b740 secure :-1 s=STATE_CONNECTION_ESTABLISHED l=1).mark_down
2024-09-10T10:52:30.940 INFO:teuthology.orchestra.run.smithi059.stdout:/usr/bin/ceph: stderr
2024-09-10T10:52:30.221+0000 7f5610d68640 1 --2- 172.21.15.59:0/3692213986 >> [v2:172.21.15.59:3300/0,v1:172.21.15.59:6789/0] conn(0x7f560c1077a0 0x7f560c19b740 secure :-1 s=READY pgs=50 cs=0 l=1 rev1=1 crypto rx=0x7f55fc009940 tx=0x7f55fc032ce0 comp rx=0 tx=0).stop
2024-09-10T10:52:30.940 INFO:teuthology.orchestra.run.smithi059.stdout:/usr/bin/ceph: stderr
2024-09-10T10:52:30.221+0000 7f5610d68640 1 -- 172.21.15.59:0/3692213986 shutdown_connections
2024-09-10T10:52:30.940 INFO:teuthology.orchestra.run.smithi059.stdout:/usr/bin/ceph: stderr
2024-09-10T10:52:30.221+0000 7f5610d68640 1 --2- 172.21.15.59:0/3692213986 >> [v2:172.21.15.59:6800/3293737690,v1:172.21.15.59:6801/3293737690] conn(0x7f55f4038fc0 0x7f55f403b480 unknown :-1 s=CLOSED pgs=14 cs=0 l=1 rev1=1 crypto rx=0 tx=0 comp rx=0 tx=0).stop
2024-09-10T10:52:30.940 INFO:teuthology.orchestra.run.smithi059.stdout:/usr/bin/ceph: stderr
2024-09-10T10:52:30.221+0000 7f5610d68640 1 --2- 172.21.15.59:0/3692213986 >> [v2:172.21.15.59:3300/0,v1:172.21.15.59:6789/0] conn(0x7f560c1077a0 0x7f560c19b740 unknown :-1 s=CLOSED pgs=50 cs=0 l=1 rev1=1 crypto rx=0 tx=0 comp rx=0 tx=0).stop
2024-09-10T10:52:30.940 INFO:teuthology.orchestra.run.smithi059.stdout:/usr/bin/ceph: stderr
2024-09-10T10:52:30.221+0000 7f5610d68640 1 -- 172.21.15.59:0/3692213986 >> 172.21.15.59:0/3692213986 conn(0x7f560c102fd0 msgr2=0x7f560c103b30 unknown :-1 s=STATE_NONE l=0).mark_down
2024-09-10T10:52:30.940 INFO:teuthology.orchestra.run.smithi059.stdout:/usr/bin/ceph: stderr
2024-09-10T10:52:30.221+0000 7f5610d68640 1 -- 172.21.15.59:0/3692213986 shutdown_connections
2024-09-10T10:52:30.940 INFO:teuthology.orchestra.run.smithi059.stdout:/usr/bin/ceph: stderr
2024-09-10T10:52:30.221+0000 7f5610d68640 1 -- 172.21.15.59:0/3692213986 wait complete.
2024-09-10T10:52:31.330 INFO:journalctl@ceph.mon.a.smithi059.stdout:Sep 10 10:52:31 smithi059 ceph-mon[30978]: from='client.? 172.21.15.59:0/3692213986' entity='client.admin'
2024-09-10T10:52:32.319 INFO:teuthology.orchestra.run.smithi059.stdout:/usr/bin/ceph: stderr
2024-09-10T10:52:31.336+0000 7efff6ed3640 1 Processor -- start
2024-09-10T10:52:32.319 INFO:teuthology.orchestra.run.smithi059.stdout:/usr/bin/ceph: stderr
2024-09-10T10:52:31.336+0000 7efff6ed3640 1 -- start start
2024-09-10T10:52:32.319 INFO:teuthology.orchestra.run.smithi059.stdout:/usr/bin/ceph: stderr
2024-09-10T10:52:31.337+0000 7efff6ed3640 1 --2- >> [v2:172.21.15.59:3300/0,v1:172.21.15.59:6789/0] conn(0x7efff01077a0 0x7efff0107ba0 unknown :-1 s=NONE pgs=0 cs=0 l=0 rev1=0 crypto rx=0 tx=0 comp rx=0 tx=0).connect
