2024-09-10T10:52:13.344+0000 7f5148f1c640 1 -- 172.21.15.59:0/1685788468 >> [v2:172.21.15.59:6800/3094540037,v1:172.21.15.59:6801/3094540037] conn(0x7f5130038fc0 msgr2=0x7f513003b480 unknown :-1 s=STATE_CONNECTING_RE l=1).process reconnect failed to v2:172.21.15.59:6800/3094540037
2024-09-10T10:52:17.134 INFO:teuthology.orchestra.run.smithi059.stdout:/usr/bin/ceph: stderr
2024-09-10T10:52:13.344+0000 7f5148f1c640 1 --2- 172.21.15.59:0/1685788468 >> [v2:172.21.15.59:6800/3094540037,v1:172.21.15.59:6801/3094540037] conn(0x7f5130038fc0 0x7f513003b480 unknown :-1 s=START_CONNECT pgs=0 cs=0 l=1 rev1=0 crypto rx=0 tx=0 comp rx=0 tx=0)._fault waiting 0.800000
2024-09-10T10:52:17.134 INFO:teuthology.orchestra.run.smithi059.stdout:/usr/bin/ceph: stderr
2024-09-10T10:52:14.145+0000 7f5148f1c640 1 -- 172.21.15.59:0/1685788468 >> [v2:172.21.15.59:6800/3094540037,v1:172.21.15.59:6801/3094540037] conn(0x7f5130038fc0 msgr2=0x7f513003b480 unknown :-1 s=STATE_CONNECTING_RE l=1).process reconnect failed to v2:172.21.15.59:6800/3094540037
2024-09-10T10:52:17.134 INFO:teuthology.orchestra.run.smithi059.stdout:/usr/bin/ceph: stderr
2024-09-10T10:52:14.145+0000 7f5148f1c640 1 --2- 172.21.15.59:0/1685788468 >> [v2:172.21.15.59:6800/3094540037,v1:172.21.15.59:6801/3094540037] conn(0x7f5130038fc0 0x7f513003b480 unknown :-1 s=START_CONNECT pgs=0 cs=0 l=1 rev1=0 crypto rx=0 tx=0 comp rx=0 tx=0)._fault waiting 1.600000
2024-09-10T10:52:17.135 INFO:teuthology.orchestra.run.smithi059.stdout:/usr/bin/ceph: stderr
2024-09-10T10:52:15.555+0000 7f513a7fc640 1 -- 172.21.15.59:0/1685788468 <== mon.0 v2:172.21.15.59:3300/0 6 ==== mgrmap(e 6) ==== 46054+0+0 (secure 0 0 0) 0x7f514006a9b0 con 0x7f5144108230
2024-09-10T10:52:17.135 INFO:teuthology.orchestra.run.smithi059.stdout:/usr/bin/ceph: stderr
2024-09-10T10:52:15.555+0000 7f513a7fc640 1 -- 172.21.15.59:0/1685788468 >> [v2:172.21.15.59:6800/3094540037,v1:172.21.15.59:6801/3094540037] conn(0x7f5130038fc0 msgr2=0x7f513003b480 unknown :-1 s=STATE_CONNECTING l=1).mark_down
2024-09-10T10:52:17.135 INFO:teuthology.orchestra.run.smithi059.stdout:/usr/bin/ceph: stderr
2024-09-10T10:52:15.555+0000 7f513a7fc640 1 --2- 172.21.15.59:0/1685788468 >> [v2:172.21.15.59:6800/3094540037,v1:172.21.15.59:6801/3094540037] conn(0x7f5130038fc0 0x7f513003b480 unknown :-1 s=START_CONNECT pgs=0 cs=0 l=1 rev1=0 crypto rx=0 tx=0 comp rx=0 tx=0).stop
2024-09-10T10:52:17.135 INFO:teuthology.orchestra.run.smithi059.stdout:/usr/bin/ceph: stderr
2024-09-10T10:52:16.556+0000 7f513a7fc640 1 -- 172.21.15.59:0/1685788468 <== mon.0 v2:172.21.15.59:3300/0 7 ==== mgrmap(e 7) ==== 46181+0+0 (secure 0 0 0) 0x7f51400313a0 con 0x7f5144108230
2024-09-10T10:52:17.135 INFO:teuthology.orchestra.run.smithi059.stdout:/usr/bin/ceph: stderr
2024-09-10T10:52:16.556+0000 7f513a7fc640 1 --2- 172.21.15.59:0/1685788468 >> [v2:172.21.15.59:6800/3293737690,v1:172.21.15.59:6801/3293737690] conn(0x7f513003c8f0 0x7f513003ece0 unknown :-1 s=NONE pgs=0 cs=0 l=1 rev1=0 crypto rx=0 tx=0 comp rx=0 tx=0).connect
2024-09-10T10:52:17.135 INFO:teuthology.orchestra.run.smithi059.stdout:/usr/bin/ceph: stderr
2024-09-10T10:52:16.556+0000 7f513a7fc640 1 -- 172.21.15.59:0/1685788468 --> [v2:172.21.15.59:6800/3293737690,v1:172.21.15.59:6801/3293737690] -- command(tid 0: {"prefix": "get_command_descriptions"}) -- 0x7f5140040e50 con 0x7f513003c8f0
2024-09-10T10:52:17.135 INFO:teuthology.orchestra.run.smithi059.stdout:/usr/bin/ceph: stderr
2024-09-10T10:52:16.556+0000 7f5148f1c640 1 --2- 172.21.15.59:0/1685788468 >> [v2:172.21.15.59:6800/3293737690,v1:172.21.15.59:6801/3293737690] conn(0x7f513003c8f0 0x7f513003ece0 unknown :-1 s=BANNER_CONNECTING pgs=0 cs=0 l=1 rev1=0 crypto rx=0 tx=0 comp rx=0 tx=0)._handle_peer_banner_payload supported=3 required=0
2024-09-10T10:52:17.135 INFO:teuthology.orchestra.run.smithi059.stdout:/usr/bin/ceph: stderr
2024-09-10T10:52:16.557+0000 7f5148f1c640 1 --2- 172.21.15.59:0/1685788468 >> [v2:172.21.15.59:6800/3293737690,v1:172.21.15.59:6801/3293737690] conn(0x7f513003c8f0 0x7f513003ece0 secure :-1 s=READY pgs=1 cs=0 l=1 rev1=1 crypto rx=0x7f5134003980 tx=0x7f51340092b0 comp rx=0 tx=0).ready entity=mgr.14118 client_cookie=0 server_cookie=0 in_seq=0 out_seq=0
2024-09-10T10:52:17.135 INFO:teuthology.orchestra.run.smithi059.stdout:/usr/bin/ceph: stderr
2024-09-10T10:52:16.558+0000 7f513a7fc640 1 -- 172.21.15.59:0/1685788468 <== mgr.14118 v2:172.21.15.59:6800/3293737690 1 ==== command_reply(tid 0: 0 ) ==== 8+0+9564 (secure 0 0 0) 0x7f5140040e50 con 0x7f513003c8f0
2024-09-10T10:52:17.135 INFO:teuthology.orchestra.run.smithi059.stdout:/usr/bin/ceph: stderr
2024-09-10T10:52:16.565+0000 7f514b981640 1 -- 172.21.15.59:0/1685788468 --> [v2:172.21.15.59:6800/3293737690,v1:172.21.15.59:6801/3293737690] -- command(tid 1: {"prefix": "mgr_status"}) -- 0x7f5144108690 con 0x7f513003c8f0
2024-09-10T10:52:17.135 INFO:teuthology.orchestra.run.smithi059.stdout:/usr/bin/ceph: stderr
2024-09-10T10:52:16.565+0000 7f513a7fc640 1 -- 172.21.15.59:0/1685788468 <== mgr.14118 v2:172.21.15.59:6800/3293737690 2 ==== command_reply(tid 1: 0 ) ==== 8+0+51 (secure 0 0 0) 0x7f5144108690 con 0x7f513003c8f0
2024-09-10T10:52:17.135 INFO:teuthology.orchestra.run.smithi059.stdout:/usr/bin/ceph: stderr
2024-09-10T10:52:16.566+0000 7f514b981640 1 -- 172.21.15.59:0/1685788468 >> [v2:172.21.15.59:6800/3293737690,v1:172.21.15.59:6801/3293737690] conn(0x7f513003c8f0 msgr2=0x7f513003ece0 secure :-1 s=STATE_CONNECTION_ESTABLISHED l=1).mark_down
2024-09-10T10:52:17.135 INFO:teuthology.orchestra.run.smithi059.stdout:/usr/bin/ceph: stderr
2024-09-10T10:52:16.566+0000 7f514b981640 1 --2- 172.21.15.59:0/1685788468 >> [v2:172.21.15.59:6800/3293737690,v1:172.21.15.59:6801/3293737690] conn(0x7f513003c8f0 0x7f513003ece0 secure :-1 s=READY pgs=1 cs=0 l=1 rev1=1 crypto rx=0x7f5134003980 tx=0x7f51340092b0 comp rx=0 tx=0).stop
2024-09-10T10:52:17.136 INFO:teuthology.orchestra.run.smithi059.stdout:/usr/bin/ceph: stderr
2024-09-10T10:52:16.566+0000 7f514b981640 1 -- 172.21.15.59:0/1685788468 >> [v2:172.21.15.59:3300/0,v1:172.21.15.59:6789/0] conn(0x7f5144108230 msgr2=0x7f514419b760 secure :-1 s=STATE_CONNECTION_ESTABLISHED l=1).mark_down
2024-09-10T10:52:17.136 INFO:teuthology.orchestra.run.smithi059.stdout:/usr/bin/ceph: stderr
2024-09-10T10:52:16.566+0000 7f514b981640 1 --2- 172.21.15.59:0/1685788468 >> [v2:172.21.15.59:3300/0,v1:172.21.15.59:6789/0] conn(0x7f5144108230 0x7f514419b760 secure :-1 s=READY pgs=27 cs=0 l=1 rev1=1 crypto rx=0x7f51400097f0 tx=0x7f5140030ec0 comp rx=0 tx=0).stop
2024-09-10T10:52:17.136 INFO:teuthology.orchestra.run.smithi059.stdout:/usr/bin/ceph: stderr
2024-09-10T10:52:16.566+0000 7f514b981640 1 -- 172.21.15.59:0/1685788468 shutdown_connections
2024-09-10T10:52:17.136 INFO:teuthology.orchestra.run.smithi059.stdout:/usr/bin/ceph: stderr
2024-09-10T10:52:16.566+0000 7f514b981640 1 --2- 172.21.15.59:0/1685788468 >> [v2:172.21.15.59:6800/3293737690,v1:172.21.15.59:6801/3293737690] conn(0x7f513003c8f0 0x7f513003ece0 unknown :-1 s=CLOSED pgs=1 cs=0 l=1 rev1=1 crypto rx=0 tx=0 comp rx=0 tx=0).stop
2024-09-10T10:52:17.136 INFO:teuthology.orchestra.run.smithi059.stdout:/usr/bin/ceph: stderr
2024-09-10T10:52:16.566+0000 7f514b981640 1 --2- 172.21.15.59:0/1685788468 >> [v2:172.21.15.59:6800/3094540037,v1:172.21.15.59:6801/3094540037] conn(0x7f5130038fc0 0x7f513003b480 unknown :-1 s=CLOSED pgs=0 cs=0 l=1 rev1=0 crypto rx=0 tx=0 comp rx=0 tx=0).stop
2024-09-10T10:52:17.136 INFO:teuthology.orchestra.run.smithi059.stdout:/usr/bin/ceph: stderr
2024-09-10T10:52:16.566+0000 7f514b981640 1 --2- 172.21.15.59:0/1685788468 >> [v2:172.21.15.59:3300/0,v1:172.21.15.59:6789/0] conn(0x7f5144108230 0x7f514419b760 unknown :-1 s=CLOSED pgs=27 cs=0 l=1 rev1=1 crypto rx=0 tx=0 comp rx=0 tx=0).stop
2024-09-10T10:52:17.136 INFO:teuthology.orchestra.run.smithi059.stdout:/usr/bin/ceph: stderr
2024-09-10T10:52:16.566+0000 7f514b981640 1 -- 172.21.15.59:0/1685788468 >> 172.21.15.59:0/1685788468 conn(0x7f5144101db0 msgr2=0x7f5144102a00 unknown :-1 s=STATE_NONE l=0).mark_down
2024-09-10T10:52:17.136 INFO:teuthology.orchestra.run.smithi059.stdout:/usr/bin/ceph: stderr
2024-09-10T10:52:16.566+0000 7f514b981640 1 -- 172.21.15.59:0/1685788468 shutdown_connections
2024-09-10T10:52:17.136 INFO:teuthology.orchestra.run.smithi059.stdout:/usr/bin/ceph: stderr
2024-09-10T10:52:16.566+0000 7f514b981640 1 -- 172.21.15.59:0/1685788468 wait complete.
2024-09-10T10:52:17.136 INFO:teuthology.orchestra.run.smithi059.stdout:mgr epoch 5 is available
2024-09-10T10:52:17.136 INFO:teuthology.orchestra.run.smithi059.stdout:Setting orchestrator backend to cephadm...
2024-09-10T10:52:18.249 INFO:teuthology.orchestra.run.smithi059.stdout:/usr/bin/ceph: stderr
2024-09-10T10:52:17.509+0000 7f0ff39dd640 1 Processor -- start
2024-09-10T10:52:18.249 INFO:teuthology.orchestra.run.smithi059.stdout:/usr/bin/ceph: stderr
2024-09-10T10:52:17.509+0000 7f0ff39dd640 1 -- start start
2024-09-10T10:52:18.249 INFO:teuthology.orchestra.run.smithi059.stdout:/usr/bin/ceph: stderr
2024-09-10T10:52:17.509+0000 7f0ff39dd640 1 --2- >> [v2:172.21.15.59:3300/0,v1:172.21.15.59:6789/0] conn(0x7f0fec108170 0x7f0fec10a560 unknown :-1 s=NONE pgs=0 cs=0 l=0 rev1=0 crypto rx=0 tx=0 comp rx=0 tx=0).connect
2024-09-10T10:52:18.249 INFO:teuthology.orchestra.run.smithi059.stdout:/usr/bin/ceph: stderr
2024-09-10T10:52:17.509+0000 7f0ff39dd640 1 -- --> [v2:172.21.15.59:3300/0,v1:172.21.15.59:6789/0] -- mon_getmap magic: 0 -- 0x7f0fec07be80 con 0x7f0fec108170
2024-09-10T10:52:18.250 INFO:teuthology.orchestra.run.smithi059.stdout:/usr/bin/ceph: stderr
2024-09-10T10:52:17.509+0000 7f0ff1779640 1 --2- >> [v2:172.21.15.59:3300/0,v1:172.21.15.59:6789/0] conn(0x7f0fec108170 0x7f0fec10a560 unknown :-1 s=BANNER_CONNECTING pgs=0 cs=0 l=0 rev1=0 crypto rx=0 tx=0 comp rx=0 tx=0)._handle_peer_banner_payload supported=3 required=0
2024-09-10T10:52:18.250 INFO:teuthology.orchestra.run.smithi059.stdout:/usr/bin/ceph: stderr
2024-09-10T10:52:17.509+0000 7f0ff1779640 1 --2- >> [v2:172.21.15.59:3300/0,v1:172.21.15.59:6789/0] conn(0x7f0fec108170 0x7f0fec10a560 unknown :-1 s=HELLO_CONNECTING pgs=0 cs=0 l=0 rev1=1 crypto rx=0 tx=0 comp rx=0 tx=0).handle_hello peer v2:172.21.15.59:3300/0 says I am v2:172.21.15.59:49848/0 (socket says 172.21.15.59:49848)
2024-09-10T10:52:18.250 INFO:teuthology.orchestra.run.smithi059.stdout:/usr/bin/ceph: stderr
2024-09-10T10:52:17.509+0000 7f0ff1779640 1 -- 172.21.15.59:0/3210388862 learned_addr learned my addr 172.21.15.59:0/3210388862 (peer_addr_for_me v2:172.21.15.59:0/0)
2024-09-10T10:52:18.250 INFO:teuthology.orchestra.run.smithi059.stdout:/usr/bin/ceph: stderr
2024-09-10T10:52:17.510+0000 7f0ff1779640 1 -- 172.21.15.59:0/3210388862 --> [v2:172.21.15.59:3300/0,v1:172.21.15.59:6789/0] -- mon_subscribe({config=0+,monmap=0+}) -- 0x7f0fec10aaa0 con 0x7f0fec108170
2024-09-10T10:52:18.250 INFO:teuthology.orchestra.run.smithi059.stdout:/usr/bin/ceph: stderr
2024-09-10T10:52:17.510+0000 7f0ff1779640 1 --2- 172.21.15.59:0/3210388862 >> [v2:172.21.15.59:3300/0,v1:172.21.15.59:6789/0] conn(0x7f0fec108170 0x7f0fec10a560 secure :-1 s=READY pgs=35 cs=0 l=1 rev1=1 crypto rx=0x7f0fe8009820 tx=0x7f0fe802a270 comp rx=0 tx=0).ready entity=mon.0 client_cookie=f1e310051cdbcce server_cookie=0 in_seq=0 out_seq=0
2024-09-10T10:52:18.250 INFO:teuthology.orchestra.run.smithi059.stdout:/usr/bin/ceph: stderr
2024-09-10T10:52:17.510+0000 7f0fe3fff640 1 -- 172.21.15.59:0/3210388862 <== mon.0 v2:172.21.15.59:3300/0 1 ==== mon_map magic: 0 ==== 205+0+0 (secure 0 0 0) 0x7f0fe8037070 con 0x7f0fec108170
2024-09-10T10:52:18.250 INFO:teuthology.orchestra.run.smithi059.stdout:/usr/bin/ceph: stderr
2024-09-10T10:52:17.510+0000 7f0fe3fff640 1 -- 172.21.15.59:0/3210388862 <== mon.0 v2:172.21.15.59:3300/0 2 ==== config(27 keys) ==== 1109+0+0 (secure 0 0 0) 0x7f0fe8032900 con 0x7f0fec108170
2024-09-10T10:52:18.250 INFO:teuthology.orchestra.run.smithi059.stdout:/usr/bin/ceph: stderr
2024-09-10T10:52:17.510+0000 7f0fe3fff640 1 -- 172.21.15.59:0/3210388862 <== mon.0 v2:172.21.15.59:3300/0 3 ==== mon_map magic: 0 ==== 205+0+0 (secure 0 0 0) 0x7f0fe8030850 con 0x7f0fec108170
2024-09-10T10:52:18.250 INFO:teuthology.orchestra.run.smithi059.stdout:/usr/bin/ceph: stderr
2024-09-10T10:52:17.511+0000 7f0ff39dd640 1 -- 172.21.15.59:0/3210388862 >> [v2:172.21.15.59:3300/0,v1:172.21.15.59:6789/0] conn(0x7f0fec108170 msgr2=0x7f0fec10a560 secure :-1 s=STATE_CONNECTION_ESTABLISHED l=1).mark_down
2024-09-10T10:52:18.250 INFO:teuthology.orchestra.run.smithi059.stdout:/usr/bin/ceph: stderr
2024-09-10T10:52:17.511+0000 7f0ff39dd640 1 --2- 172.21.15.59:0/3210388862 >> [v2:172.21.15.59:3300/0,v1:172.21.15.59:6789/0] conn(0x7f0fec108170 0x7f0fec10a560 secure :-1 s=READY pgs=35 cs=0 l=1 rev1=1 crypto rx=0x7f0fe8009820 tx=0x7f0fe802a270 comp rx=0 tx=0).stop
2024-09-10T10:52:18.250 INFO:teuthology.orchestra.run.smithi059.stdout:/usr/bin/ceph: stderr
2024-09-10T10:52:17.511+0000 7f0ff39dd640 1 -- 172.21.15.59:0/3210388862 shutdown_connections
2024-09-10T10:52:18.250 INFO:teuthology.orchestra.run.smithi059.stdout:/usr/bin/ceph: stderr
2024-09-10T10:52:17.511+0000 7f0ff39dd640 1 --2- 172.21.15.59:0/3210388862 >> [v2:172.21.15.59:3300/0,v1:172.21.15.59:6789/0] conn(0x7f0fec108170 0x7f0fec10a560 unknown :-1 s=CLOSED pgs=35 cs=0 l=1 rev1=1 crypto rx=0 tx=0 comp rx=0 tx=0).stop
2024-09-10T10:52:18.250 INFO:teuthology.orchestra.run.smithi059.stdout:/usr/bin/ceph: stderr
2024-09-10T10:52:17.511+0000 7f0ff39dd640 1 -- 172.21.15.59:0/3210388862 >> 172.21.15.59:0/3210388862 conn(0x7f0fec101db0 msgr2=0x7f0fec1041d0 unknown :-1 s=STATE_NONE l=0).mark_down
2024-09-10T10:52:18.251 INFO:teuthology.orchestra.run.smithi059.stdout:/usr/bin/ceph: stderr
2024-09-10T10:52:17.511+0000 7f0ff39dd640 1 -- 172.21.15.59:0/3210388862 shutdown_connections
2024-09-10T10:52:18.251 INFO:teuthology.orchestra.run.smithi059.stdout:/usr/bin/ceph: stderr
2024-09-10T10:52:17.511+0000 7f0ff39dd640 1 -- 172.21.15.59:0/3210388862 wait complete.
2024-09-10T10:52:18.251 INFO:teuthology.orchestra.run.smithi059.stdout:/usr/bin/ceph: stderr
2024-09-10T10:52:17.512+0000 7f0ff39dd640 1 Processor -- start
2024-09-10T10:52:18.251 INFO:teuthology.orchestra.run.smithi059.stdout:/usr/bin/ceph: stderr
2024-09-10T10:52:17.512+0000 7f0ff39dd640 1 -- start start
2024-09-10T10:52:18.251 INFO:teuthology.orchestra.run.smithi059.stdout:/usr/bin/ceph: stderr
2024-09-10T10:52:17.512+0000 7f0ff39dd640 1 --2- >> [v2:172.21.15.59:3300/0,v1:172.21.15.59:6789/0] conn(0x7f0fec108170 0x7f0fec1079f0 unknown :-1 s=NONE pgs=0 cs=0 l=1 rev1=0 crypto rx=0 tx=0 comp rx=0 tx=0).connect
2024-09-10T10:52:18.251 INFO:teuthology.orchestra.run.smithi059.stdout:/usr/bin/ceph: stderr
2024-09-10T10:52:17.512+0000 7f0ff39dd640 1 -- --> [v2:172.21.15.59:3300/0,v1:172.21.15.59:6789/0] -- mon_getmap magic: 0 -- 0x7f0fec10bb40 con 0x7f0fec108170
2024-09-10T10:52:18.251 INFO:teuthology.orchestra.run.smithi059.stdout:/usr/bin/ceph: stderr
2024-09-10T10:52:17.512+0000 7f0ff1779640 1 --2- >> [v2:172.21.15.59:3300/0,v1:172.21.15.59:6789/0] conn(0x7f0fec108170 0x7f0fec1079f0 unknown :-1 s=BANNER_CONNECTING pgs=0 cs=0 l=1 rev1=0 crypto rx=0 tx=0 comp rx=0 tx=0)._handle_peer_banner_payload supported=3 required=0
2024-09-10T10:52:18.251 INFO:teuthology.orchestra.run.smithi059.stdout:/usr/bin/ceph: stderr
2024-09-10T10:52:17.512+0000 7f0ff1779640 1 --2- >> [v2:172.21.15.59:3300/0,v1:172.21.15.59:6789/0] conn(0x7f0fec108170 0x7f0fec1079f0 unknown :-1 s=HELLO_CONNECTING pgs=0 cs=0 l=1 rev1=1 crypto rx=0 tx=0 comp rx=0 tx=0).handle_hello peer v2:172.21.15.59:3300/0 says I am v2:172.21.15.59:49852/0 (socket says 172.21.15.59:49852)
2024-09-10T10:52:18.251 INFO:teuthology.orchestra.run.smithi059.stdout:/usr/bin/ceph: stderr
2024-09-10T10:52:17.512+0000 7f0ff1779640 1 -- 172.21.15.59:0/233595179 learned_addr learned my addr 172.21.15.59:0/233595179 (peer_addr_for_me v2:172.21.15.59:0/0)
2024-09-10T10:52:18.251 INFO:teuthology.orchestra.run.smithi059.stdout:/usr/bin/ceph: stderr
2024-09-10T10:52:17.513+0000 7f0ff1779640 1 -- 172.21.15.59:0/233595179 --> [v2:172.21.15.59:3300/0,v1:172.21.15.59:6789/0] -- mon_subscribe({config=0+,monmap=0+}) -- 0x7f0fec107f30 con 0x7f0fec108170
2024-09-10T10:52:18.251 INFO:teuthology.orchestra.run.smithi059.stdout:/usr/bin/ceph: stderr
2024-09-10T10:52:17.513+0000 7f0ff1779640 1 --2- 172.21.15.59:0/233595179 >> [v2:172.21.15.59:3300/0,v1:172.21.15.59:6789/0] conn(0x7f0fec108170 0x7f0fec1079f0 secure :-1 s=READY pgs=36 cs=0 l=1 rev1=1 crypto rx=0x7f0fe80097f0 tx=0x7f0fe8030ec0 comp rx=0 tx=0).ready entity=mon.0 client_cookie=0 server_cookie=0 in_seq=0 out_seq=0
2024-09-10T10:52:18.251 INFO:teuthology.orchestra.run.smithi059.stdout:/usr/bin/ceph: stderr
2024-09-10T10:52:17.513+0000 7f0fe27fc640 1 -- 172.21.15.59:0/233595179 <== mon.0 v2:172.21.15.59:3300/0 1 ==== mon_map magic: 0 ==== 205+0+0 (secure 0 0 0) 0x7f0fe8042070 con 0x7f0fec108170
2024-09-10T10:52:18.252 INFO:teuthology.orchestra.run.smithi059.stdout:/usr/bin/ceph: stderr
2024-09-10T10:52:17.513+0000 7f0fe27fc640 1 -- 172.21.15.59:0/233595179 <== mon.0 v2:172.21.15.59:3300/0 2 ==== config(27 keys) ==== 1109+0+0 (secure 0 0 0) 0x7f0fe8032ca0 con 0x7f0fec108170
2024-09-10T10:52:18.252 INFO:teuthology.orchestra.run.smithi059.stdout:/usr/bin/ceph: stderr
2024-09-10T10:52:17.513+0000 7f0ff39dd640 1 -- 172.21.15.59:0/233595179 --> [v2:172.21.15.59:3300/0,v1:172.21.15.59:6789/0] -- mon_subscribe({mgrmap=0+}) -- 0x7f0fec106120 con 0x7f0fec108170
2024-09-10T10:52:18.252 INFO:teuthology.orchestra.run.smithi059.stdout:/usr/bin/ceph: stderr
2024-09-10T10:52:17.513+0000 7f0fe27fc640 1 -- 172.21.15.59:0/233595179 <== mon.0 v2:172.21.15.59:3300/0 3 ==== mon_map magic: 0 ==== 205+0+0 (secure 0 0 0) 0x7f0fe8037040 con 0x7f0fec108170
2024-09-10T10:52:18.252 INFO:teuthology.orchestra.run.smithi059.stdout:/usr/bin/ceph: stderr
2024-09-10T10:52:17.513+0000 7f0ff39dd640 1 -- 172.21.15.59:0/233595179 --> [v2:172.21.15.59:3300/0,v1:172.21.15.59:6789/0] -- mon_subscribe({osdmap=0}) -- 0x7f0fec106660 con 0x7f0fec108170
2024-09-10T10:52:18.252 INFO:teuthology.orchestra.run.smithi059.stdout:/usr/bin/ceph: stderr
2024-09-10T10:52:17.514+0000 7f0fe27fc640 1 -- 172.21.15.59:0/233595179 <== mon.0 v2:172.21.15.59:3300/0 4 ==== mgrmap(e 7) ==== 46181+0+0 (secure 0 0 0) 0x7f0fe8045070 con 0x7f0fec108170
2024-09-10T10:52:18.252 INFO:teuthology.orchestra.run.smithi059.stdout:/usr/bin/ceph: stderr
2024-09-10T10:52:17.514+0000 7f0fe27fc640 1 --2- 172.21.15.59:0/233595179 >> [v2:172.21.15.59:6800/3293737690,v1:172.21.15.59:6801/3293737690] conn(0x7f0fd8038e60 0x7f0fd803b320 unknown :-1 s=NONE pgs=0 cs=0 l=1 rev1=0 crypto rx=0 tx=0 comp rx=0 tx=0).connect
2024-09-10T10:52:18.252 INFO:teuthology.orchestra.run.smithi059.stdout:/usr/bin/ceph: stderr
2024-09-10T10:52:17.514+0000 7f0ff39dd640 1 -- 172.21.15.59:0/233595179 --> [v2:172.21.15.59:3300/0,v1:172.21.15.59:6789/0] -- mon_command({"prefix": "get_command_descriptions"} v 0) -- 0x7f0fec1085d0 con 0x7f0fec108170
2024-09-10T10:52:18.252 INFO:teuthology.orchestra.run.smithi059.stdout:/usr/bin/ceph: stderr
2024-09-10T10:52:17.514+0000 7f0fe27fc640 1 -- 172.21.15.59:0/233595179 <== mon.0 v2:172.21.15.59:3300/0 5 ==== osd_map(2..2 src has 1..2) ==== 940+0+0 (secure 0 0 0) 0x7f0fe806bee0 con 0x7f0fec108170
2024-09-10T10:52:18.252 INFO:teuthology.orchestra.run.smithi059.stdout:/usr/bin/ceph: stderr
2024-09-10T10:52:17.514+0000 7f0ff0f78640 1 --2- 172.21.15.59:0/233595179 >> [v2:172.21.15.59:6800/3293737690,v1:172.21.15.59:6801/3293737690] conn(0x7f0fd8038e60 0x7f0fd803b320 unknown :-1 s=BANNER_CONNECTING pgs=0 cs=0 l=1 rev1=0 crypto rx=0 tx=0 comp rx=0 tx=0)._handle_peer_banner_payload supported=3 required=0
2024-09-10T10:52:18.252 INFO:teuthology.orchestra.run.smithi059.stdout:/usr/bin/ceph: stderr
2024-09-10T10:52:17.515+0000 7f0ff0f78640 1 --2- 172.21.15.59:0/233595179 >> [v2:172.21.15.59:6800/3293737690,v1:172.21.15.59:6801/3293737690] conn(0x7f0fd8038e60 0x7f0fd803b320 secure :-1 s=READY pgs=7 cs=0 l=1 rev1=1 crypto rx=0x7f0fdc0098c0 tx=0x7f0fdc006db0 comp rx=0 tx=0).ready entity=mgr.14118 client_cookie=0 server_cookie=0 in_seq=0 out_seq=0
2024-09-10T10:52:18.252 INFO:teuthology.orchestra.run.smithi059.stdout:/usr/bin/ceph: stderr
2024-09-10T10:52:17.519+0000 7f0fe27fc640 1 -- 172.21.15.59:0/233595179 <== mon.0 v2:172.21.15.59:3300/0 6 ==== mon_command_ack([{"prefix": "get_command_descriptions"}]=0 v0) ==== 72+0+188821 (secure 0 0 0) 0x7f0fe8045520 con 0x7f0fec108170
2024-09-10T10:52:18.252 INFO:teuthology.orchestra.run.smithi059.stdout:/usr/bin/ceph: stderr
2024-09-10T10:52:17.710+0000 7f0ff39dd640 1 -- 172.21.15.59:0/233595179 --> [v2:172.21.15.59:6800/3293737690,v1:172.21.15.59:6801/3293737690] -- mgr_command(tid 0: {"prefix": "orch set backend", "module_name": "cephadm", "target": ["mon-mgr", ""]}) -- 0x7f0fec106fb0 con 0x7f0fd8038e60
2024-09-10T10:52:18.253 INFO:teuthology.orchestra.run.smithi059.stdout:/usr/bin/ceph: stderr
2024-09-10T10:52:17.715+0000 7f0fe27fc640 1 -- 172.21.15.59:0/233595179 <== mgr.14118 v2:172.21.15.59:6800/3293737690 1 ==== mgr_command_reply(tid 0: 0 ) ==== 8+0+0 (secure 0 0 0) 0x7f0fec106fb0 con 0x7f0fd8038e60
2024-09-10T10:52:18.253 INFO:teuthology.orchestra.run.smithi059.stdout:/usr/bin/ceph: stderr
2024-09-10T10:52:17.718+0000 7f0ff39dd640 1 -- 172.21.15.59:0/233595179 >> [v2:172.21.15.59:6800/3293737690,v1:172.21.15.59:6801/3293737690] conn(0x7f0fd8038e60 msgr2=0x7f0fd803b320 secure :-1 s=STATE_CONNECTION_ESTABLISHED l=1).mark_down
2024-09-10T10:52:18.253 INFO:teuthology.orchestra.run.smithi059.stdout:/usr/bin/ceph: stderr
2024-09-10T10:52:17.718+0000 7f0ff39dd640 1 --2- 172.21.15.59:0/233595179 >> [v2:172.21.15.59:6800/3293737690,v1:172.21.15.59:6801/3293737690] conn(0x7f0fd8038e60 0x7f0fd803b320 secure :-1 s=READY pgs=7 cs=0 l=1 rev1=1 crypto rx=0x7f0fdc0098c0 tx=0x7f0fdc006db0 comp rx=0 tx=0).stop
2024-09-10T10:52:18.253 INFO:teuthology.orchestra.run.smithi059.stdout:/usr/bin/ceph: stderr
2024-09-10T10:52:17.718+0000 7f0ff39dd640 1 -- 172.21.15.59:0/233595179 >> [v2:172.21.15.59:3300/0,v1:172.21.15.59:6789/0] conn(0x7f0fec108170 msgr2=0x7f0fec1079f0 secure :-1 s=STATE_CONNECTION_ESTABLISHED l=1).mark_down
2024-09-10T10:52:18.253 INFO:teuthology.orchestra.run.smithi059.stdout:/usr/bin/ceph: stderr
2024-09-10T10:52:17.718+0000 7f0ff39dd640 1 --2- 172.21.15.59:0/233595179 >> [v2:172.21.15.59:3300/0,v1:172.21.15.59:6789/0] conn(0x7f0fec108170 0x7f0fec1079f0 secure :-1 s=READY pgs=36 cs=0 l=1 rev1=1 crypto rx=0x7f0fe80097f0 tx=0x7f0fe8030ec0 comp rx=0 tx=0).stop
2024-09-10T10:52:18.253 INFO:teuthology.orchestra.run.smithi059.stdout:/usr/bin/ceph: stderr
2024-09-10T10:52:17.718+0000 7f0ff39dd640 1 -- 172.21.15.59:0/233595179 shutdown_connections
2024-09-10T10:52:18.253 INFO:teuthology.orchestra.run.smithi059.stdout:/usr/bin/ceph: stderr
2024-09-10T10:52:17.718+0000 7f0ff39dd640 1 --2- 172.21.15.59:0/233595179 >> [v2:172.21.15.59:6800/3293737690,v1:172.21.15.59:6801/3293737690] conn(0x7f0fd8038e60 0x7f0fd803b320 unknown :-1 s=CLOSED pgs=7 cs=0 l=1 rev1=1 crypto rx=0 tx=0 comp rx=0 tx=0).stop
2024-09-10T10:52:18.253 INFO:teuthology.orchestra.run.smithi059.stdout:/usr/bin/ceph: stderr
2024-09-10T10:52:17.718+0000 7f0ff39dd640 1 --2- 172.21.15.59:0/233595179 >> [v2:172.21.15.59:3300/0,v1:172.21.15.59:6789/0] conn(0x7f0fec108170 0x7f0fec1079f0 unknown :-1 s=CLOSED pgs=36 cs=0 l=1 rev1=1 crypto rx=0 tx=0 comp rx=0 tx=0).stop
2024-09-10T10:52:18.253 INFO:teuthology.orchestra.run.smithi059.stdout:/usr/bin/ceph: stderr
2024-09-10T10:52:17.718+0000 7f0ff39dd640 1 -- 172.21.15.59:0/233595179 >> 172.21.15.59:0/233595179 conn(0x7f0fec101db0 msgr2=0x7f0fec102960 unknown :-1 s=STATE_NONE l=0).mark_down
2024-09-10T10:52:18.253 INFO:teuthology.orchestra.run.smithi059.stdout:/usr/bin/ceph: stderr
2024-09-10T10:52:17.718+0000 7f0ff39dd640 1 -- 172.21.15.59:0/233595179 shutdown_connections
2024-09-10T10:52:18.253 INFO:teuthology.orchestra.run.smithi059.stdout:/usr/bin/ceph: stderr
2024-09-10T10:52:17.718+0000 7f0ff39dd640 1 -- 172.21.15.59:0/233595179 wait complete.
2024-09-10T10:52:18.351 INFO:journalctl@ceph.mon.a.smithi059.stdout:Sep 10 10:52:18 smithi059 ceph-mon[30978]: from='client.14122 -' entity='client.admin' cmd=[{"prefix": "get_command_descriptions"}]: dispatch
2024-09-10T10:52:18.351 INFO:journalctl@ceph.mon.a.smithi059.stdout:Sep 10 10:52:18 smithi059 ceph-mon[30978]: from='client.14122 -' entity='client.admin' cmd=[{"prefix": "mgr_status"}]: dispatch
2024-09-10T10:52:18.351 INFO:journalctl@ceph.mon.a.smithi059.stdout:Sep 10 10:52:18 smithi059 ceph-mon[30978]: from='mgr.14118 172.21.15.59:0/2245881429' entity='mgr.x'
2024-09-10T10:52:18.351 INFO:journalctl@ceph.mon.a.smithi059.stdout:Sep 10 10:52:18 smithi059 ceph-mon[30978]: from='mgr.14118 172.21.15.59:0/2245881429' entity='mgr.x'
2024-09-10T10:52:18.351 INFO:journalctl@ceph.mon.a.smithi059.stdout:Sep 10 10:52:18 smithi059 ceph-mon[30978]: from='mgr.14118 172.21.15.59:0/2245881429' entity='mgr.x'
2024-09-10T10:52:18.351 INFO:journalctl@ceph.mon.a.smithi059.stdout:Sep 10 10:52:18 smithi059 ceph-mon[30978]: from='mgr.14118 172.21.15.59:0/2245881429' entity='mgr.x' cmd=[{"prefix": "config dump", "format": "json"}]: dispatch
2024-09-10T10:52:18.612 INFO:journalctl@ceph.mgr.x.smithi059.stdout:Sep 10 10:52:18 smithi059 ceph-86a09b02-6f62-11ef-bcea-c7b262605968-mgr-x[31203]:
2024-09-10T10:52:18.436+0000 7ffa872a5640 -1 log_channel(cephadm) log [ERR] : [10/Sep/2024:10:52:18] ENGINE Error in HTTPServer.serve
2024-09-10T10:52:18.612 INFO:journalctl@ceph.mgr.x.smithi059.stdout:Sep 10 10:52:18 smithi059 ceph-86a09b02-6f62-11ef-bcea-c7b262605968-mgr-x[31203]: Traceback (most recent call last):
2024-09-10T10:52:18.612 INFO:journalctl@ceph.mgr.x.smithi059.stdout:Sep 10 10:52:18 smithi059 ceph-86a09b02-6f62-11ef-bcea-c7b262605968-mgr-x[31203]: File "/lib/python3.9/site-packages/cheroot/server.py", line 1823, in serve
2024-09-10T10:52:18.612 INFO:journalctl@ceph.mgr.x.smithi059.stdout:Sep 10 10:52:18 smithi059 ceph-86a09b02-6f62-11ef-bcea-c7b262605968-mgr-x[31203]: self._connections.run(self.expiration_interval)
2024-09-10T10:52:18.612 INFO:journalctl@ceph.mgr.x.smithi059.stdout:Sep 10 10:52:18 smithi059 ceph-86a09b02-6f62-11ef-bcea-c7b262605968-mgr-x[31203]: File "/lib/python3.9/site-packages/cheroot/connections.py", line 203, in run
2024-09-10T10:52:18.612 INFO:journalctl@ceph.mgr.x.smithi059.stdout:Sep 10 10:52:18 smithi059 ceph-86a09b02-6f62-11ef-bcea-c7b262605968-mgr-x[31203]: self._run(expiration_interval)
2024-09-10T10:52:18.612 INFO:journalctl@ceph.mgr.x.smithi059.stdout:Sep 10 10:52:18 smithi059 ceph-86a09b02-6f62-11ef-bcea-c7b262605968-mgr-x[31203]: File "/lib/python3.9/site-packages/cheroot/connections.py", line 246, in _run
2024-09-10T10:52:18.612 INFO:journalctl@ceph.mgr.x.smithi059.stdout:Sep 10 10:52:18 smithi059 ceph-86a09b02-6f62-11ef-bcea-c7b262605968-mgr-x[31203]: new_conn = self._from_server_socket(self.server.socket)
2024-09-10T10:52:18.613 INFO:journalctl@ceph.mgr.x.smithi059.stdout:Sep 10 10:52:18 smithi059 ceph-86a09b02-6f62-11ef-bcea-c7b262605968-mgr-x[31203]: File "/lib/python3.9/site-packages/cheroot/connections.py", line 300, in _from_server_socket
2024-09-10T10:52:18.613 INFO:journalctl@ceph.mgr.x.smithi059.stdout:Sep 10 10:52:18 smithi059 ceph-86a09b02-6f62-11ef-bcea-c7b262605968-mgr-x[31203]: s, ssl_env = self.server.ssl_adapter.wrap(s)
2024-09-10T10:52:18.613 INFO:journalctl@ceph.mgr.x.smithi059.stdout:Sep 10 10:52:18 smithi059 ceph-86a09b02-6f62-11ef-bcea-c7b262605968-mgr-x[31203]: File "/lib/python3.9/site-packages/cheroot/ssl/builtin.py", line 277, in wrap
2024-09-10T10:52:18.613 INFO:journalctl@ceph.mgr.x.smithi059.stdout:Sep 10 10:52:18 smithi059 ceph-86a09b02-6f62-11ef-bcea-c7b262605968-mgr-x[31203]: s = self.context.wrap_socket(
2024-09-10T10:52:18.613 INFO:journalctl@ceph.mgr.x.smithi059.stdout:Sep 10 10:52:18 smithi059 ceph-86a09b02-6f62-11ef-bcea-c7b262605968-mgr-x[31203]: File "/lib64/python3.9/ssl.py", line 501, in wrap_socket
2024-09-10T10:52:18.613 INFO:journalctl@ceph.mgr.x.smithi059.stdout:Sep 10 10:52:18 smithi059 ceph-86a09b02-6f62-11ef-bcea-c7b262605968-mgr-x[31203]: return self.sslsocket_class._create(
2024-09-10T10:52:18.613 INFO:journalctl@ceph.mgr.x.smithi059.stdout:Sep 10 10:52:18 smithi059 ceph-86a09b02-6f62-11ef-bcea-c7b262605968-mgr-x[31203]: File "/lib64/python3.9/ssl.py", line 1074, in _create
2024-09-10T10:52:18.613 INFO:journalctl@ceph.mgr.x.smithi059.stdout:Sep 10 10:52:18 smithi059 ceph-86a09b02-6f62-11ef-bcea-c7b262605968-mgr-x[31203]: self.do_handshake()
2024-09-10T10:52:18.613 INFO:journalctl@ceph.mgr.x.smithi059.stdout:Sep 10 10:52:18 smithi059 ceph-86a09b02-6f62-11ef-bcea-c7b262605968-mgr-x[31203]: File "/lib64/python3.9/ssl.py", line 1343, in do_handshake
2024-09-10T10:52:18.613 INFO:journalctl@ceph.mgr.x.smithi059.stdout:Sep 10 10:52:18 smithi059 ceph-86a09b02-6f62-11ef-bcea-c7b262605968-mgr-x[31203]: self._sslobj.do_handshake()
2024-09-10T10:52:18.613 INFO:journalctl@ceph.mgr.x.smithi059.stdout:Sep 10 10:52:18 smithi059 ceph-86a09b02-6f62-11ef-bcea-c7b262605968-mgr-x[31203]: ssl.SSLZeroReturnError: TLS/SSL connection has been closed (EOF) (_ssl.c:1133)
2024-09-10T10:52:18.613 INFO:journalctl@ceph.mgr.x.smithi059.stdout:Sep 10 10:52:18 smithi059 ceph-86a09b02-6f62-11ef-bcea-c7b262605968-mgr-x[31203]:
2024-09-10T10:52:19.388 INFO:journalctl@ceph.mon.a.smithi059.stdout:Sep 10 10:52:19 smithi059 ceph-mon[30978]: from='client.14130 -' entity='client.admin' cmd=[{"prefix": "orch set backend", "module_name": "cephadm", "target": ["mon-mgr", ""]}]: dispatch
2024-09-10T10:52:19.388 INFO:journalctl@ceph.mon.a.smithi059.stdout:Sep 10 10:52:19 smithi059 ceph-mon[30978]: mgrmap e8: x(active, since 2s)
2024-09-10T10:52:19.389 INFO:journalctl@ceph.mon.a.smithi059.stdout:Sep 10 10:52:19 smithi059 ceph-mon[30978]: [10/Sep/2024:10:52:18] ENGINE Bus STARTING
2024-09-10T10:52:19.389 INFO:journalctl@ceph.mon.a.smithi059.stdout:Sep 10 10:52:19 smithi059 ceph-mon[30978]: [10/Sep/2024:10:52:18] ENGINE Serving on http://172.21.15.59:8765
2024-09-10T10:52:19.389 INFO:journalctl@ceph.mon.a.smithi059.stdout:Sep 10 10:52:19 smithi059 ceph-mon[30978]: [10/Sep/2024:10:52:18] ENGINE Serving on https://172.21.15.59:7150
2024-09-10T10:52:19.389 INFO:journalctl@ceph.mon.a.smithi059.stdout:Sep 10 10:52:19 smithi059 ceph-mon[30978]: [10/Sep/2024:10:52:18] ENGINE Bus STARTED
2024-09-10T10:52:19.389 INFO:journalctl@ceph.mon.a.smithi059.stdout:Sep 10 10:52:19 smithi059 ceph-mon[30978]: from='mgr.14118 172.21.15.59:0/2245881429' entity='mgr.x' cmd=[{"prefix": "config dump", "format": "json"}]: dispatch
2024-09-10T10:52:19.389 INFO:journalctl@ceph.mon.a.smithi059.stdout:Sep 10 10:52:19 smithi059 ceph-mon[30978]: [10/Sep/2024:10:52:18] ENGINE Error in HTTPServer.serve
2024-09-10T10:52:19.389 INFO:journalctl@ceph.mon.a.smithi059.stdout: Traceback (most recent call last):
2024-09-10T10:52:19.389 INFO:journalctl@ceph.mon.a.smithi059.stdout: File "/lib/python3.9/site-packages/cheroot/server.py", line 1823, in serve
2024-09-10T10:52:19.389 INFO:journalctl@ceph.mon.a.smithi059.stdout: self._connections.run(self.expiration_interval)
2024-09-10T10:52:19.389 INFO:journalctl@ceph.mon.a.smithi059.stdout: File "/lib/python3.9/site-packages/cheroot/connections.py", line 203, in run
2024-09-10T10:52:19.390 INFO:journalctl@ceph.mon.a.smithi059.stdout: self._run(expiration_interval)
2024-09-10T10:52:19.390 INFO:journalctl@ceph.mon.a.smithi059.stdout: File "/lib/python3.9/site-packages/cheroot/connections.py", line 246, in _run
2024-09-10T10:52:19.390 INFO:journalctl@ceph.mon.a.smithi059.stdout: new_conn = self._from_server_socket(self.server.socket)
2024-09-10T10:52:19.390 INFO:journalctl@ceph.mon.a.smithi059.stdout: File "/lib/python3.9/site-packages/cheroot/connections.py", line 300, in _from_server_socket
2024-09-10T10:52:19.390 INFO:journalctl@ceph.mon.a.smithi059.stdout: s, ssl_env = self.server.ssl_adapter.wrap(s)
2024-09-10T10:52:19.390 INFO:journalctl@ceph.mon.a.smithi059.stdout: File "/lib/python3.9/site-packages/cheroot/ssl/builtin.py", line 277, in wrap
2024-09-10T10:52:19.390 INFO:journalctl@ceph.mon.a.smithi059.stdout: s = self.context.wrap_socket(
2024-09-10T10:52:19.390 INFO:journalctl@ceph.mon.a.smithi059.stdout: File "/lib64/python3.9/ssl.py", line 501, in wrap_socket
2024-09-10T10:52:19.390 INFO:journalctl@ceph.mon.a.smithi059.stdout: return self.sslsocket_class._create(
2024-09-10T10:52:19.390 INFO:journalctl@ceph.mon.a.smithi059.stdout: File "/lib64/python3.9/ssl.py", line 1074, in _create
2024-09-10T10:52:19.390 INFO:journalctl@ceph.mon.a.smithi059.stdout: self.do_handshake()
2024-09-10T10:52:19.390 INFO:journalctl@ceph.mon.a.smithi059.stdout: File "/lib64/python3.9/ssl.py", line 1343, in do_handshake
2024-09-10T10:52:19.391 INFO:journalctl@ceph.mon.a.smithi059.stdout: self._sslobj.do_handshake()
2024-09-10T10:52:19.391 INFO:journalctl@ceph.mon.a.smithi059.stdout: ssl.SSLZeroReturnError: TLS/SSL connection has been closed (EOF) (_ssl.c:1133)
2024-09-10T10:52:19.416 INFO:teuthology.orchestra.run.smithi059.stdout:/usr/bin/ceph: stdout value unchanged
2024-09-10T10:52:19.416 INFO:teuthology.orchestra.run.smithi059.stdout:/usr/bin/ceph: stderr
2024-09-10T10:52:18.614+0000 7fa09b121640 1 Processor -- start
2024-09-10T10:52:19.416 INFO:teuthology.orchestra.run.smithi059.stdout:/usr/bin/ceph: stderr
2024-09-10T10:52:18.614+0000 7fa09b121640 1 -- start start
2024-09-10T10:52:19.416 INFO:teuthology.orchestra.run.smithi059.stdout:/usr/bin/ceph: stderr
2024-09-10T10:52:18.614+0000 7fa09b121640 1 --2- >> [v2:172.21.15.59:3300/0,v1:172.21.15.59:6789/0] conn(0x7fa0941077a0 0x7fa094107ba0 unknown :-1 s=NONE pgs=0 cs=0 l=0 rev1=0 crypto rx=0 tx=0 comp rx=0 tx=0).connect
2024-09-10T10:52:19.416 INFO:teuthology.orchestra.run.smithi059.stdout:/usr/bin/ceph: stderr
2024-09-10T10:52:18.614+0000 7fa09b121640 1 -- --> [v2:172.21.15.59:3300/0,v1:172.21.15.59:6789/0] -- mon_getmap magic: 0 -- 0x7fa094108170 con 0x7fa0941077a0
2024-09-10T10:52:19.416 INFO:teuthology.orchestra.run.smithi059.stdout:/usr/bin/ceph: stderr
2024-09-10T10:52:18.614+0000 7fa098ebd640 1 --2- >> [v2:172.21.15.59:3300/0,v1:172.21.15.59:6789/0] conn(0x7fa0941077a0 0x7fa094107ba0 unknown :-1 s=BANNER_CONNECTING pgs=0 cs=0 l=0 rev1=0 crypto rx=0 tx=0 comp rx=0 tx=0)._handle_peer_banner_payload supported=3 required=0
2024-09-10T10:52:19.416 INFO:teuthology.orchestra.run.smithi059.stdout:/usr/bin/ceph: stderr
2024-09-10T10:52:18.615+0000 7fa098ebd640 1 --2- >> [v2:172.21.15.59:3300/0,v1:172.21.15.59:6789/0] conn(0x7fa0941077a0 0x7fa094107ba0 unknown :-1 s=HELLO_CONNECTING pgs=0 cs=0 l=0 rev1=1 crypto rx=0 tx=0 comp rx=0 tx=0).handle_hello peer v2:172.21.15.59:3300/0 says I am v2:172.21.15.59:49856/0 (socket says 172.21.15.59:49856)
2024-09-10T10:52:19.416 INFO:teuthology.orchestra.run.smithi059.stdout:/usr/bin/ceph: stderr
2024-09-10T10:52:18.615+0000 7fa098ebd640 1 -- 172.21.15.59:0/2137022163 learned_addr learned my addr 172.21.15.59:0/2137022163 (peer_addr_for_me v2:172.21.15.59:0/0)
2024-09-10T10:52:19.416 INFO:teuthology.orchestra.run.smithi059.stdout:/usr/bin/ceph: stderr
2024-09-10T10:52:18.615+0000 7fa098ebd640 1 -- 172.21.15.59:0/2137022163 --> [v2:172.21.15.59:3300/0,v1:172.21.15.59:6789/0] -- mon_subscribe({config=0+,monmap=0+}) -- 0x7fa094108950 con 0x7fa0941077a0
2024-09-10T10:52:19.416 INFO:teuthology.orchestra.run.smithi059.stdout:/usr/bin/ceph: stderr
2024-09-10T10:52:18.615+0000 7fa098ebd640 1 --2- 172.21.15.59:0/2137022163 >> [v2:172.21.15.59:3300/0,v1:172.21.15.59:6789/0] conn(0x7fa0941077a0 0x7fa094107ba0 secure :-1 s=READY pgs=37 cs=0 l=1 rev1=1 crypto rx=0x7fa084009820 tx=0x7fa08402a270 comp rx=0 tx=0).ready entity=mon.0 client_cookie=b9cf5e1053166e0e server_cookie=0 in_seq=0 out_seq=0
2024-09-10T10:52:19.417 INFO:teuthology.orchestra.run.smithi059.stdout:/usr/bin/ceph: stderr
2024-09-10T10:52:18.616+0000 7fa0937fe640 1 -- 172.21.15.59:0/2137022163 <== mon.0 v2:172.21.15.59:3300/0 1 ==== mon_map magic: 0 ==== 205+0+0 (secure 0 0 0) 0x7fa084037070 con 0x7fa0941077a0
2024-09-10T10:52:19.417 INFO:teuthology.orchestra.run.smithi059.stdout:/usr/bin/ceph: stderr
2024-09-10T10:52:18.616+0000 7fa0937fe640 1 -- 172.21.15.59:0/2137022163 <== mon.0 v2:172.21.15.59:3300/0 2 ==== config(27 keys) ==== 1109+0+0 (secure 0 0 0) 0x7fa084032900 con 0x7fa0941077a0
2024-09-10T10:52:19.417 INFO:teuthology.orchestra.run.smithi059.stdout:/usr/bin/ceph: stderr
2024-09-10T10:52:18.616+0000 7fa0937fe640 1 -- 172.21.15.59:0/2137022163 <== mon.0 v2:172.21.15.59:3300/0 3 ==== mon_map magic: 0 ==== 205+0+0 (secure 0 0 0) 0x7fa084030850 con 0x7fa0941077a0
2024-09-10T10:52:19.417 INFO:teuthology.orchestra.run.smithi059.stdout:/usr/bin/ceph: stderr
2024-09-10T10:52:18.616+0000 7fa09b121640 1 -- 172.21.15.59:0/2137022163 >> [v2:172.21.15.59:3300/0,v1:172.21.15.59:6789/0] conn(0x7fa0941077a0 msgr2=0x7fa094107ba0 secure :-1 s=STATE_CONNECTION_ESTABLISHED l=1).mark_down
2024-09-10T10:52:19.417 INFO:teuthology.orchestra.run.smithi059.stdout:/usr/bin/ceph: stderr
2024-09-10T10:52:18.616+0000 7fa09b121640 1 --2- 172.21.15.59:0/2137022163 >> [v2:172.21.15.59:3300/0,v1:172.21.15.59:6789/0] conn(0x7fa0941077a0 0x7fa094107ba0 secure :-1 s=READY pgs=37 cs=0 l=1 rev1=1 crypto rx=0x7fa084009820 tx=0x7fa08402a270 comp rx=0 tx=0).stop
2024-09-10T10:52:19.417 INFO:teuthology.orchestra.run.smithi059.stdout:/usr/bin/ceph: stderr
2024-09-10T10:52:18.616+0000 7fa09b121640 1 -- 172.21.15.59:0/2137022163 shutdown_connections
2024-09-10T10:52:19.417 INFO:teuthology.orchestra.run.smithi059.stdout:/usr/bin/ceph: stderr
2024-09-10T10:52:18.616+0000 7fa09b121640 1 --2- 172.21.15.59:0/2137022163 >> [v2:172.21.15.59:3300/0,v1:172.21.15.59:6789/0] conn(0x7fa0941077a0 0x7fa094107ba0 unknown :-1 s=CLOSED pgs=37 cs=0 l=1 rev1=1 crypto rx=0 tx=0 comp rx=0 tx=0).stop
2024-09-10T10:52:19.417 INFO:teuthology.orchestra.run.smithi059.stdout:/usr/bin/ceph: stderr
2024-09-10T10:52:18.616+0000 7fa09b121640 1 -- 172.21.15.59:0/2137022163 >> 172.21.15.59:0/2137022163 conn(0x7fa094102fd0 msgr2=0x7fa0941053f0 unknown :-1 s=STATE_NONE l=0).mark_down
2024-09-10T10:52:19.417 INFO:teuthology.orchestra.run.smithi059.stdout:/usr/bin/ceph: stderr
2024-09-10T10:52:18.616+0000 7fa09b121640 1 -- 172.21.15.59:0/2137022163 shutdown_connections
2024-09-10T10:52:19.417 INFO:teuthology.orchestra.run.smithi059.stdout:/usr/bin/ceph: stderr
2024-09-10T10:52:18.616+0000 7fa09b121640 1 -- 172.21.15.59:0/2137022163 wait complete.
2024-09-10T10:52:19.418 INFO:teuthology.orchestra.run.smithi059.stdout:/usr/bin/ceph: stderr
2024-09-10T10:52:18.617+0000 7fa09b121640 1 Processor -- start
2024-09-10T10:52:19.418 INFO:teuthology.orchestra.run.smithi059.stdout:/usr/bin/ceph: stderr
2024-09-10T10:52:18.617+0000 7fa09b121640 1 -- start start
2024-09-10T10:52:19.418 INFO:teuthology.orchestra.run.smithi059.stdout:/usr/bin/ceph: stderr
2024-09-10T10:52:18.617+0000 7fa09b121640 1 --2- >> [v2:172.21.15.59:3300/0,v1:172.21.15.59:6789/0] conn(0x7fa0941077a0 0x7fa09407e3d0 unknown :-1 s=NONE pgs=0 cs=0 l=1 rev1=0 crypto rx=0 tx=0 comp rx=0 tx=0).connect
2024-09-10T10:52:19.418 INFO:teuthology.orchestra.run.smithi059.stdout:/usr/bin/ceph: stderr
2024-09-10T10:52:18.617+0000 7fa09b121640 1 -- --> [v2:172.21.15.59:3300/0,v1:172.21.15.59:6789/0] -- mon_getmap magic: 0 -- 0x7fa09410bd00 con 0x7fa0941077a0
2024-09-10T10:52:19.418 INFO:teuthology.orchestra.run.smithi059.stdout:/usr/bin/ceph: stderr
2024-09-10T10:52:18.617+0000 7fa098ebd640 1 --2- >> [v2:172.21.15.59:3300/0,v1:172.21.15.59:6789/0] conn(0x7fa0941077a0 0x7fa09407e3d0 unknown :-1 s=BANNER_CONNECTING pgs=0 cs=0 l=1 rev1=0 crypto rx=0 tx=0 comp rx=0 tx=0)._handle_peer_banner_payload supported=3 required=0
2024-09-10T10:52:19.418 INFO:teuthology.orchestra.run.smithi059.stdout:/usr/bin/ceph: stderr
2024-09-10T10:52:18.617+0000 7fa098ebd640 1 --2- >> [v2:172.21.15.59:3300/0,v1:172.21.15.59:6789/0] conn(0x7fa0941077a0 0x7fa09407e3d0 unknown :-1 s=HELLO_CONNECTING pgs=0 cs=0 l=1 rev1=1 crypto rx=0 tx=0 comp rx=0 tx=0).handle_hello peer v2:172.21.15.59:3300/0 says I am v2:172.21.15.59:49860/0 (socket says 172.21.15.59:49860)
2024-09-10T10:52:19.418 INFO:teuthology.orchestra.run.smithi059.stdout:/usr/bin/ceph: stderr
2024-09-10T10:52:18.617+0000 7fa098ebd640 1 -- 172.21.15.59:0/450217330 learned_addr learned my addr 172.21.15.59:0/450217330 (peer_addr_for_me v2:172.21.15.59:0/0)
2024-09-10T10:52:19.418 INFO:teuthology.orchestra.run.smithi059.stdout:/usr/bin/ceph: stderr
2024-09-10T10:52:18.617+0000 7fa098ebd640 1 -- 172.21.15.59:0/450217330 --> [v2:172.21.15.59:3300/0,v1:172.21.15.59:6789/0] -- mon_subscribe({config=0+,monmap=0+}) -- 0x7fa09407e910 con 0x7fa0941077a0
2024-09-10T10:52:19.418 INFO:teuthology.orchestra.run.smithi059.stdout:/usr/bin/ceph: stderr
2024-09-10T10:52:18.618+0000 7fa098ebd640 1 --2- 172.21.15.59:0/450217330 >> [v2:172.21.15.59:3300/0,v1:172.21.15.59:6789/0] conn(0x7fa0941077a0 0x7fa09407e3d0 secure :-1 s=READY pgs=38 cs=0 l=1 rev1=1 crypto rx=0x7fa0840097f0 tx=0x7fa084030d80 comp rx=0 tx=0).ready entity=mon.0 client_cookie=0 server_cookie=0 in_seq=0 out_seq=0
2024-09-10T10:52:19.418 INFO:teuthology.orchestra.run.smithi059.stdout:/usr/bin/ceph: stderr
2024-09-10T10:52:18.618+0000 7fa091ffb640 1 -- 172.21.15.59:0/450217330 <== mon.0 v2:172.21.15.59:3300/0 1 ==== mon_map magic: 0 ==== 205+0+0 (secure 0 0 0) 0x7fa084037040 con 0x7fa0941077a0
2024-09-10T10:52:19.418 INFO:teuthology.orchestra.run.smithi059.stdout:/usr/bin/ceph: stderr
2024-09-10T10:52:18.618+0000 7fa091ffb640 1 -- 172.21.15.59:0/450217330 <== mon.0 v2:172.21.15.59:3300/0 2 ==== config(27 keys) ==== 1109+0+0 (secure 0 0 0) 0x7fa084040070 con 0x7fa0941077a0
2024-09-10T10:52:19.419 INFO:teuthology.orchestra.run.smithi059.stdout:/usr/bin/ceph: stderr
2024-09-10T10:52:18.618+0000 7fa09b121640 1 -- 172.21.15.59:0/450217330 --> [v2:172.21.15.59:3300/0,v1:172.21.15.59:6789/0] -- mon_subscribe({mgrmap=0+}) -- 0x7fa09407cb00 con 0x7fa0941077a0
2024-09-10T10:52:19.419 INFO:teuthology.orchestra.run.smithi059.stdout:/usr/bin/ceph: stderr
2024-09-10T10:52:18.618+0000 7fa091ffb640 1 -- 172.21.15.59:0/450217330 <== mon.0 v2:172.21.15.59:3300/0 3 ==== mon_map magic: 0 ==== 205+0+0 (secure 0 0 0) 0x7fa08403a390 con 0x7fa0941077a0
2024-09-10T10:52:19.419 INFO:teuthology.orchestra.run.smithi059.stdout:/usr/bin/ceph: stderr
2024-09-10T10:52:18.618+0000 7fa09b121640 1 -- 172.21.15.59:0/450217330 --> [v2:172.21.15.59:3300/0,v1:172.21.15.59:6789/0] -- mon_subscribe({osdmap=0}) -- 0x7fa09407cfe0 con 0x7fa0941077a0
2024-09-10T10:52:19.419 INFO:teuthology.orchestra.run.smithi059.stdout:/usr/bin/ceph: stderr
2024-09-10T10:52:18.619+0000 7fa091ffb640 1 -- 172.21.15.59:0/450217330 <== mon.0 v2:172.21.15.59:3300/0 4 ==== mgrmap(e 8) ==== 46287+0+0 (secure 0 0 0) 0x7fa08403a630 con 0x7fa0941077a0
2024-09-10T10:52:19.420 INFO:teuthology.orchestra.run.smithi059.stdout:/usr/bin/ceph: stderr
2024-09-10T10:52:18.619+0000 7fa09b121640 1 -- 172.21.15.59:0/450217330 --> [v2:172.21.15.59:3300/0,v1:172.21.15.59:6789/0] -- mon_command({"prefix": "get_command_descriptions"} v 0) -- 0x7fa09410be80 con 0x7fa0941077a0
2024-09-10T10:52:19.420 INFO:teuthology.orchestra.run.smithi059.stdout:/usr/bin/ceph: stderr
2024-09-10T10:52:18.619+0000 7fa091ffb640 1 --2- 172.21.15.59:0/450217330 >> [v2:172.21.15.59:6800/3293737690,v1:172.21.15.59:6801/3293737690] conn(0x7fa080038f70 0x7fa08003b430 unknown :-1 s=NONE pgs=0 cs=0 l=1 rev1=0 crypto rx=0 tx=0 comp rx=0 tx=0).connect
2024-09-10T10:52:19.420 INFO:teuthology.orchestra.run.smithi059.stdout:/usr/bin/ceph: stderr
2024-09-10T10:52:18.619+0000 7fa091ffb640 1 -- 172.21.15.59:0/450217330 <== mon.0 v2:172.21.15.59:3300/0 5 ==== osd_map(2..2 src has 1..2) ==== 940+0+0 (secure 0 0 0) 0x7fa08406c600 con 0x7fa0941077a0
2024-09-10T10:52:19.420 INFO:teuthology.orchestra.run.smithi059.stdout:/usr/bin/ceph: stderr
2024-09-10T10:52:18.619+0000 7fa093fff640 1 --2- 172.21.15.59:0/450217330 >> [v2:172.21.15.59:6800/3293737690,v1:172.21.15.59:6801/3293737690] conn(0x7fa080038f70 0x7fa08003b430 unknown :-1 s=BANNER_CONNECTING pgs=0 cs=0 l=1 rev1=0 crypto rx=0 tx=0 comp rx=0 tx=0)._handle_peer_banner_payload supported=3 required=0
2024-09-10T10:52:19.420 INFO:teuthology.orchestra.run.smithi059.stdout:/usr/bin/ceph: stderr
2024-09-10T10:52:18.620+0000 7fa093fff640 1 --2- 172.21.15.59:0/450217330 >> [v2:172.21.15.59:6800/3293737690,v1:172.21.15.59:6801/3293737690] conn(0x7fa080038f70 0x7fa08003b430 secure :-1 s=READY pgs=8 cs=0 l=1 rev1=1 crypto rx=0x7fa07c00ad30 tx=0x7fa07c0093f0 comp rx=0 tx=0).ready entity=mgr.14118 client_cookie=0 server_cookie=0 in_seq=0 out_seq=0
2024-09-10T10:52:19.420 INFO:teuthology.orchestra.run.smithi059.stdout:/usr/bin/ceph: stderr
2024-09-10T10:52:18.624+0000 7fa091ffb640 1 -- 172.21.15.59:0/450217330 <== mon.0 v2:172.21.15.59:3300/0 6 ==== mon_command_ack([{"prefix": "get_command_descriptions"}]=0 v0) ==== 72+0+188821 (secure 0 0 0) 0x7fa084045460 con 0x7fa0941077a0
2024-09-10T10:52:19.420 INFO:teuthology.orchestra.run.smithi059.stdout:/usr/bin/ceph: stderr
2024-09-10T10:52:18.803+0000 7fa09b121640 1 -- 172.21.15.59:0/450217330 --> [v2:172.21.15.59:6800/3293737690,v1:172.21.15.59:6801/3293737690] -- mgr_command(tid 0: {"prefix": "cephadm set-user", "user": "root", "target": ["mon-mgr", ""]}) -- 0x7fa09407d890 con 0x7fa080038f70
2024-09-10T10:52:19.420 INFO:teuthology.orchestra.run.smithi059.stdout:/usr/bin/ceph: stderr
2024-09-10T10:52:18.803+0000 7fa091ffb640 1 -- 172.21.15.59:0/450217330 <== mgr.14118 v2:172.21.15.59:6800/3293737690 1 ==== mgr_command_reply(tid 0: 0 ) ==== 8+0+16 (secure 0 0 0) 0x7fa09407d890 con 0x7fa080038f70
2024-09-10T10:52:19.420 INFO:teuthology.orchestra.run.smithi059.stdout:/usr/bin/ceph: stderr
2024-09-10T10:52:18.806+0000 7fa09b121640 1 -- 172.21.15.59:0/450217330 >> [v2:172.21.15.59:6800/3293737690,v1:172.21.15.59:6801/3293737690] conn(0x7fa080038f70 msgr2=0x7fa08003b430 secure :-1 s=STATE_CONNECTION_ESTABLISHED l=1).mark_down
2024-09-10T10:52:19.420 INFO:teuthology.orchestra.run.smithi059.stdout:/usr/bin/ceph: stderr
2024-09-10T10:52:18.806+0000 7fa09b121640 1 --2- 172.21.15.59:0/450217330 >> [v2:172.21.15.59:6800/3293737690,v1:172.21.15.59:6801/3293737690] conn(0x7fa080038f70 0x7fa08003b430 secure :-1 s=READY pgs=8 cs=0 l=1 rev1=1 crypto rx=0x7fa07c00ad30 tx=0x7fa07c0093f0 comp rx=0 tx=0).stop
2024-09-10T10:52:19.420 INFO:teuthology.orchestra.run.smithi059.stdout:/usr/bin/ceph: stderr
2024-09-10T10:52:18.806+0000 7fa09b121640 1 -- 172.21.15.59:0/450217330 >> [v2:172.21.15.59:3300/0,v1:172.21.15.59:6789/0] conn(0x7fa0941077a0 msgr2=0x7fa09407e3d0 secure :-1 s=STATE_CONNECTION_ESTABLISHED l=1).mark_down
2024-09-10T10:52:19.421 INFO:teuthology.orchestra.run.smithi059.stdout:/usr/bin/ceph: stderr
2024-09-10T10:52:18.806+0000 7fa09b121640 1 --2- 172.21.15.59:0/450217330 >> [v2:172.21.15.59:3300/0,v1:172.21.15.59:6789/0] conn(0x7fa0941077a0 0x7fa09407e3d0 secure :-1 s=READY pgs=38 cs=0 l=1 rev1=1 crypto rx=0x7fa0840097f0 tx=0x7fa084030d80 comp rx=0 tx=0).stop
2024-09-10T10:52:19.421 INFO:teuthology.orchestra.run.smithi059.stdout:/usr/bin/ceph: stderr
2024-09-10T10:52:18.806+0000 7fa09b121640 1 -- 172.21.15.59:0/450217330 shutdown_connections
2024-09-10T10:52:19.421 INFO:teuthology.orchestra.run.smithi059.stdout:/usr/bin/ceph: stderr
2024-09-10T10:52:18.806+0000 7fa09b121640 1 --2- 172.21.15.59:0/450217330 >> [v2:172.21.15.59:6800/3293737690,v1:172.21.15.59:6801/3293737690] conn(0x7fa080038f70 0x7fa08003b430 unknown :-1 s=CLOSED pgs=8 cs=0 l=1 rev1=1 crypto rx=0 tx=0 comp rx=0 tx=0).stop
2024-09-10T10:52:19.421 INFO:teuthology.orchestra.run.smithi059.stdout:/usr/bin/ceph: stderr
2024-09-10T10:52:18.806+0000 7fa09b121640 1 --2- 172.21.15.59:0/450217330 >> [v2:172.21.15.59:3300/0,v1:172.21.15.59:6789/0] conn(0x7fa0941077a0 0x7fa09407e3d0 unknown :-1 s=CLOSED pgs=38 cs=0 l=1 rev1=1 crypto rx=0 tx=0 comp rx=0 tx=0).stop
2024-09-10T10:52:19.421 INFO:teuthology.orchestra.run.smithi059.stdout:/usr/bin/ceph: stderr
2024-09-10T10:52:18.806+0000 7fa09b121640 1 -- 172.21.15.59:0/450217330 >> 172.21.15.59:0/450217330 conn(0x7fa094102fd0 msgr2=0x7fa094103b10 unknown :-1 s=STATE_NONE l=0).mark_down
2024-09-10T10:52:19.421 INFO:teuthology.orchestra.run.smithi059.stdout:/usr/bin/ceph: stderr
2024-09-10T10:52:18.806+0000 7fa09b121640 1 -- 172.21.15.59:0/450217330 shutdown_connections
2024-09-10T10:52:19.421 INFO:teuthology.orchestra.run.smithi059.stdout:/usr/bin/ceph: stderr
2024-09-10T10:52:18.806+0000 7fa09b121640 1 -- 172.21.15.59:0/450217330 wait complete.
2024-09-10T10:52:19.421 INFO:teuthology.orchestra.run.smithi059.stdout:Generating ssh key...
2024-09-10T10:52:20.388 INFO:journalctl@ceph.mon.a.smithi059.stdout:Sep 10 10:52:20 smithi059 ceph-mon[30978]: from='client.14132 -' entity='client.admin' cmd=[{"prefix": "cephadm set-user", "user": "root", "target": ["mon-mgr", ""]}]: dispatch
2024-09-10T10:52:20.388 INFO:journalctl@ceph.mgr.x.smithi059.stdout:Sep 10 10:52:20 smithi059 ceph-86a09b02-6f62-11ef-bcea-c7b262605968-mgr-x[31203]: Generating public/private rsa key pair.
2024-09-10T10:52:20.389 INFO:journalctl@ceph.mgr.x.smithi059.stdout:Sep 10 10:52:20 smithi059 ceph-86a09b02-6f62-11ef-bcea-c7b262605968-mgr-x[31203]: Your identification has been saved in /tmp/tmp5woa_42a/key
2024-09-10T10:52:20.389 INFO:journalctl@ceph.mgr.x.smithi059.stdout:Sep 10 10:52:20 smithi059 ceph-86a09b02-6f62-11ef-bcea-c7b262605968-mgr-x[31203]: Your public key has been saved in /tmp/tmp5woa_42a/key.pub
2024-09-10T10:52:20.389 INFO:journalctl@ceph.mgr.x.smithi059.stdout:Sep 10 10:52:20 smithi059 ceph-86a09b02-6f62-11ef-bcea-c7b262605968-mgr-x[31203]: The key fingerprint is:
2024-09-10T10:52:20.389 INFO:journalctl@ceph.mgr.x.smithi059.stdout:Sep 10 10:52:20 smithi059 ceph-86a09b02-6f62-11ef-bcea-c7b262605968-mgr-x[31203]: SHA256:YGAXluWLGgFTG3qIzj2FFOwVInFhe6hHkBMau8xgLo0 ceph-86a09b02-6f62-11ef-bcea-c7b262605968
2024-09-10T10:52:20.389 INFO:journalctl@ceph.mgr.x.smithi059.stdout:Sep 10 10:52:20 smithi059 ceph-86a09b02-6f62-11ef-bcea-c7b262605968-mgr-x[31203]: The key's randomart image is:
