2024-09-10T11:03:53.829 INFO:teuthology.orchestra.run.smithi045.stdout:/usr/bin/ceph: stderr
2024-09-10T11:03:52.906+0000 7fdfa2800640 1 --2- 172.21.15.45:0/2194372259 >> [v2:172.21.15.45:6800/2762382315,v1:172.21.15.45:6801/2762382315] conn(0x7fdf84039020 0x7fdf8403b4e0 secure :-1 s=READY pgs=8 cs=0 l=1 rev1=1 crypto rx=0x7fdf880098c0 tx=0x7fdf88006db0 comp rx=0 tx=0).stop
2024-09-10T11:03:53.830 INFO:teuthology.orchestra.run.smithi045.stdout:/usr/bin/ceph: stderr
2024-09-10T11:03:52.906+0000 7fdfa2800640 1 -- 172.21.15.45:0/2194372259 >> [v2:172.21.15.45:3300/0,v1:172.21.15.45:6789/0] conn(0x7fdf9c107760 msgr2=0x7fdf9c19d960 secure :-1 s=STATE_CONNECTION_ESTABLISHED l=1).mark_down
2024-09-10T11:03:53.830 INFO:teuthology.orchestra.run.smithi045.stdout:/usr/bin/ceph: stderr
2024-09-10T11:03:52.906+0000 7fdfa2800640 1 --2- 172.21.15.45:0/2194372259 >> [v2:172.21.15.45:3300/0,v1:172.21.15.45:6789/0] conn(0x7fdf9c107760 0x7fdf9c19d960 secure :-1 s=READY pgs=71 cs=0 l=1 rev1=1 crypto rx=0x7fdf90032e80 tx=0x7fdf90032eb0 comp rx=0 tx=0).stop
2024-09-10T11:03:53.830 INFO:teuthology.orchestra.run.smithi045.stdout:/usr/bin/ceph: stderr
2024-09-10T11:03:52.906+0000 7fdfa2800640 1 -- 172.21.15.45:0/2194372259 shutdown_connections
2024-09-10T11:03:53.830 INFO:teuthology.orchestra.run.smithi045.stdout:/usr/bin/ceph: stderr
2024-09-10T11:03:52.906+0000 7fdfa2800640 1 --2- 172.21.15.45:0/2194372259 >> [v2:172.21.15.45:6800/2762382315,v1:172.21.15.45:6801/2762382315] conn(0x7fdf84039020 0x7fdf8403b4e0 unknown :-1 s=CLOSED pgs=8 cs=0 l=1 rev1=1 crypto rx=0 tx=0 comp rx=0 tx=0).stop
2024-09-10T11:03:53.830 INFO:teuthology.orchestra.run.smithi045.stdout:/usr/bin/ceph: stderr
2024-09-10T11:03:52.906+0000 7fdfa2800640 1 --2- 172.21.15.45:0/2194372259 >> [v2:172.21.15.45:3300/0,v1:172.21.15.45:6789/0] conn(0x7fdf9c107760 0x7fdf9c19d960 unknown :-1 s=CLOSED pgs=71 cs=0 l=1 rev1=1 crypto rx=0 tx=0 comp rx=0 tx=0).stop
2024-09-10T11:03:53.830 INFO:teuthology.orchestra.run.smithi045.stdout:/usr/bin/ceph: stderr
2024-09-10T11:03:52.906+0000 7fdfa2800640 1 -- 172.21.15.45:0/2194372259 >> 172.21.15.45:0/2194372259 conn(0x7fdf9c102f50 msgr2=0x7fdf9c103a20 unknown :-1 s=STATE_NONE l=0).mark_down
2024-09-10T11:03:53.830 INFO:teuthology.orchestra.run.smithi045.stdout:/usr/bin/ceph: stderr
2024-09-10T11:03:52.907+0000 7fdfa2800640 1 -- 172.21.15.45:0/2194372259 shutdown_connections
2024-09-10T11:03:53.830 INFO:teuthology.orchestra.run.smithi045.stdout:/usr/bin/ceph: stderr
2024-09-10T11:03:52.907+0000 7fdfa2800640 1 -- 172.21.15.45:0/2194372259 wait complete.
2024-09-10T11:03:53.830 INFO:teuthology.orchestra.run.smithi045.stdout:Fetching dashboard port number...
2024-09-10T11:03:54.091 INFO:journalctl@ceph.mon.a.smithi045.stdout:Sep 10 11:03:54 smithi045 ceph-mon[30395]: from='client.14164 -' entity='client.admin' cmd=[{"prefix": "dashboard ac-user-create", "username": "admin", "rolename": "administrator", "force_password": true, "pwd_update_required": true, "target": ["mon-mgr", ""]}]: dispatch
2024-09-10T11:03:55.264 INFO:journalctl@ceph.mon.a.smithi045.stdout:Sep 10 11:03:55 smithi045 ceph-mon[30395]: from='client.? 172.21.15.45:0/241710631' entity='client.admin' cmd=[{"prefix": "config get", "who": "mgr", "key": "mgr/dashboard/ssl_server_port"}]: dispatch
2024-09-10T11:03:55.566 INFO:teuthology.orchestra.run.smithi045.stdout:/usr/bin/ceph: stdout 8443
2024-09-10T11:03:55.567 INFO:teuthology.orchestra.run.smithi045.stdout:/usr/bin/ceph: stderr
2024-09-10T11:03:54.730+0000 7f1d0b400640 1 Processor -- start
2024-09-10T11:03:55.567 INFO:teuthology.orchestra.run.smithi045.stdout:/usr/bin/ceph: stderr
2024-09-10T11:03:54.730+0000 7f1d0b400640 1 -- start start
2024-09-10T11:03:55.567 INFO:teuthology.orchestra.run.smithi045.stdout:/usr/bin/ceph: stderr
2024-09-10T11:03:54.731+0000 7f1d0b400640 1 --2- >> [v2:172.21.15.45:3300/0,v1:172.21.15.45:6789/0] conn(0x7f1d0407dd70 0x7f1d0407c2e0 unknown :-1 s=NONE pgs=0 cs=0 l=0 rev1=0 crypto rx=0 tx=0 comp rx=0 tx=0).connect
2024-09-10T11:03:55.567 INFO:teuthology.orchestra.run.smithi045.stdout:/usr/bin/ceph: stderr
2024-09-10T11:03:54.731+0000 7f1d0b400640 1 -- --> [v2:172.21.15.45:3300/0,v1:172.21.15.45:6789/0] -- mon_getmap magic: 0 -- 0x7f1d0407e170 con 0x7f1d0407dd70
2024-09-10T11:03:55.567 INFO:teuthology.orchestra.run.smithi045.stdout:/usr/bin/ceph: stderr
2024-09-10T11:03:54.731+0000 7f1d08a00640 1 --2- >> [v2:172.21.15.45:3300/0,v1:172.21.15.45:6789/0] conn(0x7f1d0407dd70 0x7f1d0407c2e0 unknown :-1 s=BANNER_CONNECTING pgs=0 cs=0 l=0 rev1=0 crypto rx=0 tx=0 comp rx=0 tx=0)._handle_peer_banner_payload supported=3 required=0
2024-09-10T11:03:55.567 INFO:teuthology.orchestra.run.smithi045.stdout:/usr/bin/ceph: stderr
2024-09-10T11:03:54.731+0000 7f1d08a00640 1 --2- >> [v2:172.21.15.45:3300/0,v1:172.21.15.45:6789/0] conn(0x7f1d0407dd70 0x7f1d0407c2e0 unknown :-1 s=HELLO_CONNECTING pgs=0 cs=0 l=0 rev1=1 crypto rx=0 tx=0 comp rx=0 tx=0).handle_hello peer v2:172.21.15.45:3300/0 says I am v2:172.21.15.45:42384/0 (socket says 172.21.15.45:42384)
2024-09-10T11:03:55.567 INFO:teuthology.orchestra.run.smithi045.stdout:/usr/bin/ceph: stderr
2024-09-10T11:03:54.731+0000 7f1d08a00640 1 -- 172.21.15.45:0/2428643917 learned_addr learned my addr 172.21.15.45:0/2428643917 (peer_addr_for_me v2:172.21.15.45:0/0)
2024-09-10T11:03:55.567 INFO:teuthology.orchestra.run.smithi045.stdout:/usr/bin/ceph: stderr
2024-09-10T11:03:54.731+0000 7f1d08a00640 1 -- 172.21.15.45:0/2428643917 --> [v2:172.21.15.45:3300/0,v1:172.21.15.45:6789/0] -- mon_subscribe({config=0+,monmap=0+}) -- 0x7f1d0407c820 con 0x7f1d0407dd70
2024-09-10T11:03:55.567 INFO:teuthology.orchestra.run.smithi045.stdout:/usr/bin/ceph: stderr
2024-09-10T11:03:54.732+0000 7f1d08a00640 1 --2- 172.21.15.45:0/2428643917 >> [v2:172.21.15.45:3300/0,v1:172.21.15.45:6789/0] conn(0x7f1d0407dd70 0x7f1d0407c2e0 secure :-1 s=READY pgs=72 cs=0 l=1 rev1=1 crypto rx=0x7f1cf8009820 tx=0x7f1cf802a270 comp rx=0 tx=0).ready entity=mon.0 client_cookie=b6923ca29b4f76ef server_cookie=0 in_seq=0 out_seq=0
2024-09-10T11:03:55.567 INFO:teuthology.orchestra.run.smithi045.stdout:/usr/bin/ceph: stderr
2024-09-10T11:03:54.733+0000 7f1d03400640 1 -- 172.21.15.45:0/2428643917 <== mon.0 v2:172.21.15.45:3300/0 1 ==== mon_map magic: 0 ==== 205+0+0 (secure 0 0 0) 0x7f1cf8037070 con 0x7f1d0407dd70
2024-09-10T11:03:55.568 INFO:teuthology.orchestra.run.smithi045.stdout:/usr/bin/ceph: stderr
2024-09-10T11:03:54.733+0000 7f1d03400640 1 -- 172.21.15.45:0/2428643917 <== mon.0 v2:172.21.15.45:3300/0 2 ==== config(29 keys) ==== 1209+0+0 (secure 0 0 0) 0x7f1cf8032960 con 0x7f1d0407dd70
2024-09-10T11:03:55.568 INFO:teuthology.orchestra.run.smithi045.stdout:/usr/bin/ceph: stderr
2024-09-10T11:03:54.733+0000 7f1d03400640 1 -- 172.21.15.45:0/2428643917 <== mon.0 v2:172.21.15.45:3300/0 3 ==== mon_map magic: 0 ==== 205+0+0 (secure 0 0 0) 0x7f1cf8030980 con 0x7f1d0407dd70
2024-09-10T11:03:55.568 INFO:teuthology.orchestra.run.smithi045.stdout:/usr/bin/ceph: stderr
2024-09-10T11:03:54.733+0000 7f1d0b400640 1 -- 172.21.15.45:0/2428643917 >> [v2:172.21.15.45:3300/0,v1:172.21.15.45:6789/0] conn(0x7f1d0407dd70 msgr2=0x7f1d0407c2e0 secure :-1 s=STATE_CONNECTION_ESTABLISHED l=1).mark_down
2024-09-10T11:03:55.568 INFO:teuthology.orchestra.run.smithi045.stdout:/usr/bin/ceph: stderr
2024-09-10T11:03:54.733+0000 7f1d0b400640 1 --2- 172.21.15.45:0/2428643917 >> [v2:172.21.15.45:3300/0,v1:172.21.15.45:6789/0] conn(0x7f1d0407dd70 0x7f1d0407c2e0 secure :-1 s=READY pgs=72 cs=0 l=1 rev1=1 crypto rx=0x7f1cf8009820 tx=0x7f1cf802a270 comp rx=0 tx=0).stop
2024-09-10T11:03:55.568 INFO:teuthology.orchestra.run.smithi045.stdout:/usr/bin/ceph: stderr
2024-09-10T11:03:54.734+0000 7f1d0b400640 1 -- 172.21.15.45:0/2428643917 shutdown_connections
2024-09-10T11:03:55.568 INFO:teuthology.orchestra.run.smithi045.stdout:/usr/bin/ceph: stderr
2024-09-10T11:03:54.734+0000 7f1d0b400640 1 --2- 172.21.15.45:0/2428643917 >> [v2:172.21.15.45:3300/0,v1:172.21.15.45:6789/0] conn(0x7f1d0407dd70 0x7f1d0407c2e0 unknown :-1 s=CLOSED pgs=72 cs=0 l=1 rev1=1 crypto rx=0 tx=0 comp rx=0 tx=0).stop
2024-09-10T11:03:55.568 INFO:teuthology.orchestra.run.smithi045.stdout:/usr/bin/ceph: stderr
2024-09-10T11:03:54.734+0000 7f1d0b400640 1 -- 172.21.15.45:0/2428643917 >> 172.21.15.45:0/2428643917 conn(0x7f1d04103190 msgr2=0x7f1d041055b0 unknown :-1 s=STATE_NONE l=0).mark_down
2024-09-10T11:03:55.568 INFO:teuthology.orchestra.run.smithi045.stdout:/usr/bin/ceph: stderr
2024-09-10T11:03:54.734+0000 7f1d0b400640 1 -- 172.21.15.45:0/2428643917 shutdown_connections
2024-09-10T11:03:55.568 INFO:teuthology.orchestra.run.smithi045.stdout:/usr/bin/ceph: stderr
2024-09-10T11:03:54.734+0000 7f1d0b400640 1 -- 172.21.15.45:0/2428643917 wait complete.
2024-09-10T11:03:55.568 INFO:teuthology.orchestra.run.smithi045.stdout:/usr/bin/ceph: stderr
2024-09-10T11:03:54.734+0000 7f1d0b400640 1 Processor -- start
2024-09-10T11:03:55.568 INFO:teuthology.orchestra.run.smithi045.stdout:/usr/bin/ceph: stderr
2024-09-10T11:03:54.735+0000 7f1d0b400640 1 -- start start
2024-09-10T11:03:55.569 INFO:teuthology.orchestra.run.smithi045.stdout:/usr/bin/ceph: stderr
2024-09-10T11:03:54.735+0000 7f1d0b400640 1 --2- >> [v2:172.21.15.45:3300/0,v1:172.21.15.45:6789/0] conn(0x7f1d0407dd70 0x7f1d0419db50 unknown :-1 s=NONE pgs=0 cs=0 l=1 rev1=0 crypto rx=0 tx=0 comp rx=0 tx=0).connect
2024-09-10T11:03:55.569 INFO:teuthology.orchestra.run.smithi045.stdout:/usr/bin/ceph: stderr
2024-09-10T11:03:54.735+0000 7f1d0b400640 1 -- --> [v2:172.21.15.45:3300/0,v1:172.21.15.45:6789/0] -- mon_getmap magic: 0 -- 0x7f1d0410df40 con 0x7f1d0407dd70
2024-09-10T11:03:55.569 INFO:teuthology.orchestra.run.smithi045.stdout:/usr/bin/ceph: stderr
2024-09-10T11:03:54.735+0000 7f1d08a00640 1 --2- >> [v2:172.21.15.45:3300/0,v1:172.21.15.45:6789/0] conn(0x7f1d0407dd70 0x7f1d0419db50 unknown :-1 s=BANNER_CONNECTING pgs=0 cs=0 l=1 rev1=0 crypto rx=0 tx=0 comp rx=0 tx=0)._handle_peer_banner_payload supported=3 required=0
2024-09-10T11:03:55.569 INFO:teuthology.orchestra.run.smithi045.stdout:/usr/bin/ceph: stderr
2024-09-10T11:03:54.735+0000 7f1d08a00640 1 --2- >> [v2:172.21.15.45:3300/0,v1:172.21.15.45:6789/0] conn(0x7f1d0407dd70 0x7f1d0419db50 unknown :-1 s=HELLO_CONNECTING pgs=0 cs=0 l=1 rev1=1 crypto rx=0 tx=0 comp rx=0 tx=0).handle_hello peer v2:172.21.15.45:3300/0 says I am v2:172.21.15.45:42396/0 (socket says 172.21.15.45:42396)
2024-09-10T11:03:55.569 INFO:teuthology.orchestra.run.smithi045.stdout:/usr/bin/ceph: stderr
2024-09-10T11:03:54.735+0000 7f1d08a00640 1 -- 172.21.15.45:0/241710631 learned_addr learned my addr 172.21.15.45:0/241710631 (peer_addr_for_me v2:172.21.15.45:0/0)
2024-09-10T11:03:55.569 INFO:teuthology.orchestra.run.smithi045.stdout:/usr/bin/ceph: stderr
2024-09-10T11:03:54.735+0000 7f1d08a00640 1 -- 172.21.15.45:0/241710631 --> [v2:172.21.15.45:3300/0,v1:172.21.15.45:6789/0] -- mon_subscribe({config=0+,monmap=0+}) -- 0x7f1d0419e090 con 0x7f1d0407dd70
2024-09-10T11:03:55.569 INFO:teuthology.orchestra.run.smithi045.stdout:/usr/bin/ceph: stderr
2024-09-10T11:03:54.736+0000 7f1d08a00640 1 --2- 172.21.15.45:0/241710631 >> [v2:172.21.15.45:3300/0,v1:172.21.15.45:6789/0] conn(0x7f1d0407dd70 0x7f1d0419db50 secure :-1 s=READY pgs=73 cs=0 l=1 rev1=1 crypto rx=0x7f1cf8032e80 tx=0x7f1cf8032eb0 comp rx=0 tx=0).ready entity=mon.0 client_cookie=0 server_cookie=0 in_seq=0 out_seq=0
2024-09-10T11:03:55.569 INFO:teuthology.orchestra.run.smithi045.stdout:/usr/bin/ceph: stderr
2024-09-10T11:03:54.736+0000 7f1d01600640 1 -- 172.21.15.45:0/241710631 <== mon.0 v2:172.21.15.45:3300/0 1 ==== mon_map magic: 0 ==== 205+0+0 (secure 0 0 0) 0x7f1cf8042070 con 0x7f1d0407dd70
2024-09-10T11:03:55.569 INFO:teuthology.orchestra.run.smithi045.stdout:/usr/bin/ceph: stderr
2024-09-10T11:03:54.736+0000 7f1d01600640 1 -- 172.21.15.45:0/241710631 <== mon.0 v2:172.21.15.45:3300/0 2 ==== config(29 keys) ==== 1209+0+0 (secure 0 0 0) 0x7f1cf80326c0 con 0x7f1d0407dd70
2024-09-10T11:03:55.569 INFO:teuthology.orchestra.run.smithi045.stdout:/usr/bin/ceph: stderr
2024-09-10T11:03:54.736+0000 7f1d01600640 1 -- 172.21.15.45:0/241710631 <== mon.0 v2:172.21.15.45:3300/0 3 ==== mon_map magic: 0 ==== 205+0+0 (secure 0 0 0) 0x7f1cf8037040 con 0x7f1d0407dd70
2024-09-10T11:03:55.569 INFO:teuthology.orchestra.run.smithi045.stdout:/usr/bin/ceph: stderr
2024-09-10T11:03:54.736+0000 7f1d0b400640 1 -- 172.21.15.45:0/241710631 --> [v2:172.21.15.45:3300/0,v1:172.21.15.45:6789/0] -- mon_subscribe({mgrmap=0+}) -- 0x7f1d0419e320 con 0x7f1d0407dd70
2024-09-10T11:03:55.570 INFO:teuthology.orchestra.run.smithi045.stdout:/usr/bin/ceph: stderr
2024-09-10T11:03:54.736+0000 7f1d0b400640 1 -- 172.21.15.45:0/241710631 --> [v2:172.21.15.45:3300/0,v1:172.21.15.45:6789/0] -- mon_subscribe({osdmap=0}) -- 0x7f1d041a1010 con 0x7f1d0407dd70
2024-09-10T11:03:55.570 INFO:teuthology.orchestra.run.smithi045.stdout:/usr/bin/ceph: stderr
2024-09-10T11:03:54.737+0000 7f1d01600640 1 -- 172.21.15.45:0/241710631 <== mon.0 v2:172.21.15.45:3300/0 4 ==== mgrmap(e 12) ==== 46300+0+0 (secure 0 0 0) 0x7f1cf8045070 con 0x7f1d0407dd70
2024-09-10T11:03:55.570 INFO:teuthology.orchestra.run.smithi045.stdout:/usr/bin/ceph: stderr
2024-09-10T11:03:54.737+0000 7f1d0b400640 1 -- 172.21.15.45:0/241710631 --> [v2:172.21.15.45:3300/0,v1:172.21.15.45:6789/0] -- mon_command({"prefix": "get_command_descriptions"} v 0) -- 0x7f1d0407c2e0 con 0x7f1d0407dd70
2024-09-10T11:03:55.570 INFO:teuthology.orchestra.run.smithi045.stdout:/usr/bin/ceph: stderr
2024-09-10T11:03:54.738+0000 7f1d01600640 1 --2- 172.21.15.45:0/241710631 >> [v2:172.21.15.45:6800/2762382315,v1:172.21.15.45:6801/2762382315] conn(0x7f1cec039020 0x7f1cec03b4e0 unknown :-1 s=NONE pgs=0 cs=0 l=1 rev1=0 crypto rx=0 tx=0 comp rx=0 tx=0).connect
2024-09-10T11:03:55.570 INFO:teuthology.orchestra.run.smithi045.stdout:/usr/bin/ceph: stderr
2024-09-10T11:03:54.738+0000 7f1d01600640 1 -- 172.21.15.45:0/241710631 <== mon.0 v2:172.21.15.45:3300/0 5 ==== osd_map(3..3 src has 1..3) ==== 1155+0+0 (secure 0 0 0) 0x7f1cf806c210 con 0x7f1d0407dd70
2024-09-10T11:03:55.570 INFO:teuthology.orchestra.run.smithi045.stdout:/usr/bin/ceph: stderr
2024-09-10T11:03:54.738+0000 7f1d03e00640 1 --2- 172.21.15.45:0/241710631 >> [v2:172.21.15.45:6800/2762382315,v1:172.21.15.45:6801/2762382315] conn(0x7f1cec039020 0x7f1cec03b4e0 unknown :-1 s=BANNER_CONNECTING pgs=0 cs=0 l=1 rev1=0 crypto rx=0 tx=0 comp rx=0 tx=0)._handle_peer_banner_payload supported=3 required=0
2024-09-10T11:03:55.570 INFO:teuthology.orchestra.run.smithi045.stdout:/usr/bin/ceph: stderr
2024-09-10T11:03:54.738+0000 7f1d03e00640 1 --2- 172.21.15.45:0/241710631 >> [v2:172.21.15.45:6800/2762382315,v1:172.21.15.45:6801/2762382315] conn(0x7f1cec039020 0x7f1cec03b4e0 secure :-1 s=READY pgs=9 cs=0 l=1 rev1=1 crypto rx=0x7f1cf00098c0 tx=0x7f1cf0006db0 comp rx=0 tx=0).ready entity=mgr.14150 client_cookie=0 server_cookie=0 in_seq=0 out_seq=0
2024-09-10T11:03:55.570 INFO:teuthology.orchestra.run.smithi045.stdout:/usr/bin/ceph: stderr
2024-09-10T11:03:54.742+0000 7f1d01600640 1 -- 172.21.15.45:0/241710631 <== mon.0 v2:172.21.15.45:3300/0 6 ==== mon_command_ack([{"prefix": "get_command_descriptions"}]=0 v0) ==== 72+0+188821 (secure 0 0 0) 0x7f1cf804b170 con 0x7f1d0407dd70
2024-09-10T11:03:55.570 INFO:teuthology.orchestra.run.smithi045.stdout:/usr/bin/ceph: stderr
2024-09-10T11:03:54.927+0000 7f1d0b400640 1 -- 172.21.15.45:0/241710631 --> [v2:172.21.15.45:3300/0,v1:172.21.15.45:6789/0] -- mon_command({"prefix": "config get", "who": "mgr", "key": "mgr/dashboard/ssl_server_port"} v 0) -- 0x7f1d041a11e0 con 0x7f1d0407dd70
2024-09-10T11:03:55.570 INFO:teuthology.orchestra.run.smithi045.stdout:/usr/bin/ceph: stderr
2024-09-10T11:03:54.928+0000 7f1d01600640 1 -- 172.21.15.45:0/241710631 <== mon.0 v2:172.21.15.45:3300/0 7 ==== mon_command_ack([{"prefix": "config get", "who": "mgr", "key": "mgr/dashboard/ssl_server_port"}]=0 v8) ==== 112+0+5 (secure 0 0 0) 0x7f1cf803dd50 con 0x7f1d0407dd70
2024-09-10T11:03:55.571 INFO:teuthology.orchestra.run.smithi045.stdout:/usr/bin/ceph: stderr
2024-09-10T11:03:54.930+0000 7f1d0b400640 1 -- 172.21.15.45:0/241710631 >> [v2:172.21.15.45:6800/2762382315,v1:172.21.15.45:6801/2762382315] conn(0x7f1cec039020 msgr2=0x7f1cec03b4e0 secure :-1 s=STATE_CONNECTION_ESTABLISHED l=1).mark_down
2024-09-10T11:03:55.571 INFO:teuthology.orchestra.run.smithi045.stdout:/usr/bin/ceph: stderr
2024-09-10T11:03:54.930+0000 7f1d0b400640 1 --2- 172.21.15.45:0/241710631 >> [v2:172.21.15.45:6800/2762382315,v1:172.21.15.45:6801/2762382315] conn(0x7f1cec039020 0x7f1cec03b4e0 secure :-1 s=READY pgs=9 cs=0 l=1 rev1=1 crypto rx=0x7f1cf00098c0 tx=0x7f1cf0006db0 comp rx=0 tx=0).stop
2024-09-10T11:03:55.571 INFO:teuthology.orchestra.run.smithi045.stdout:/usr/bin/ceph: stderr
2024-09-10T11:03:54.930+0000 7f1d0b400640 1 -- 172.21.15.45:0/241710631 >> [v2:172.21.15.45:3300/0,v1:172.21.15.45:6789/0] conn(0x7f1d0407dd70 msgr2=0x7f1d0419db50 secure :-1 s=STATE_CONNECTION_ESTABLISHED l=1).mark_down
2024-09-10T11:03:55.571 INFO:teuthology.orchestra.run.smithi045.stdout:/usr/bin/ceph: stderr
2024-09-10T11:03:54.930+0000 7f1d0b400640 1 --2- 172.21.15.45:0/241710631 >> [v2:172.21.15.45:3300/0,v1:172.21.15.45:6789/0] conn(0x7f1d0407dd70 0x7f1d0419db50 secure :-1 s=READY pgs=73 cs=0 l=1 rev1=1 crypto rx=0x7f1cf8032e80 tx=0x7f1cf8032eb0 comp rx=0 tx=0).stop
2024-09-10T11:03:55.571 INFO:teuthology.orchestra.run.smithi045.stdout:/usr/bin/ceph: stderr
2024-09-10T11:03:54.930+0000 7f1d0b400640 1 -- 172.21.15.45:0/241710631 shutdown_connections
2024-09-10T11:03:55.571 INFO:teuthology.orchestra.run.smithi045.stdout:/usr/bin/ceph: stderr
2024-09-10T11:03:54.930+0000 7f1d0b400640 1 --2- 172.21.15.45:0/241710631 >> [v2:172.21.15.45:6800/2762382315,v1:172.21.15.45:6801/2762382315] conn(0x7f1cec039020 0x7f1cec03b4e0 unknown :-1 s=CLOSED pgs=9 cs=0 l=1 rev1=1 crypto rx=0 tx=0 comp rx=0 tx=0).stop
2024-09-10T11:03:55.571 INFO:teuthology.orchestra.run.smithi045.stdout:/usr/bin/ceph: stderr
2024-09-10T11:03:54.930+0000 7f1d0b400640 1 --2- 172.21.15.45:0/241710631 >> [v2:172.21.15.45:3300/0,v1:172.21.15.45:6789/0] conn(0x7f1d0407dd70 0x7f1d0419db50 unknown :-1 s=CLOSED pgs=73 cs=0 l=1 rev1=1 crypto rx=0 tx=0 comp rx=0 tx=0).stop
2024-09-10T11:03:55.571 INFO:teuthology.orchestra.run.smithi045.stdout:/usr/bin/ceph: stderr
2024-09-10T11:03:54.930+0000 7f1d0b400640 1 -- 172.21.15.45:0/241710631 >> 172.21.15.45:0/241710631 conn(0x7f1d04103190 msgr2=0x7f1d04103d00 unknown :-1 s=STATE_NONE l=0).mark_down
2024-09-10T11:03:55.571 INFO:teuthology.orchestra.run.smithi045.stdout:/usr/bin/ceph: stderr
2024-09-10T11:03:54.931+0000 7f1d0b400640 1 -- 172.21.15.45:0/241710631 shutdown_connections
2024-09-10T11:03:55.571 INFO:teuthology.orchestra.run.smithi045.stdout:/usr/bin/ceph: stderr
2024-09-10T11:03:54.931+0000 7f1d0b400640 1 -- 172.21.15.45:0/241710631 wait complete.
2024-09-10T11:03:55.582 INFO:teuthology.orchestra.run.smithi045.stdout:Non-zero exit code 1 from systemctl is-enabled firewalld.service
2024-09-10T11:03:55.582 INFO:teuthology.orchestra.run.smithi045.stdout:systemctl: stdout disabled
2024-09-10T11:03:55.596 INFO:teuthology.orchestra.run.smithi045.stdout:Non-zero exit code 3 from systemctl is-active firewalld.service
2024-09-10T11:03:55.596 INFO:teuthology.orchestra.run.smithi045.stdout:systemctl: stdout inactive
2024-09-10T11:03:55.596 INFO:teuthology.orchestra.run.smithi045.stdout:firewalld.service is not enabled
2024-09-10T11:03:55.596 INFO:teuthology.orchestra.run.smithi045.stdout:Not possible to open ports <[8443]>. firewalld.service is not available
2024-09-10T11:03:55.598 INFO:teuthology.orchestra.run.smithi045.stdout:Ceph Dashboard is now available at:
2024-09-10T11:03:55.598 INFO:teuthology.orchestra.run.smithi045.stdout:
2024-09-10T11:03:55.598 INFO:teuthology.orchestra.run.smithi045.stdout: URL: https://smithi045.front.sepia.ceph.com:8443/
2024-09-10T11:03:55.598 INFO:teuthology.orchestra.run.smithi045.stdout: User: admin
2024-09-10T11:03:55.598 INFO:teuthology.orchestra.run.smithi045.stdout: Password: 4u1z2n4gbg
2024-09-10T11:03:55.599 INFO:teuthology.orchestra.run.smithi045.stdout:
2024-09-10T11:03:55.599 INFO:teuthology.orchestra.run.smithi045.stdout:Saving cluster configuration to /var/lib/ceph/1811b840-6f64-11ef-bcea-c7b262605968/config directory
2024-09-10T11:03:56.146 INFO:journalctl@ceph.mon.a.smithi045.stdout:Sep 10 11:03:56 smithi045 ceph-mon[30395]: mgrmap e13: x(active, since 6s)
2024-09-10T11:03:57.041 INFO:teuthology.orchestra.run.smithi045.stdout:/usr/bin/ceph: stderr
2024-09-10T11:03:56.076+0000 7f2dd4a00640 1 Processor -- start
2024-09-10T11:03:57.041 INFO:teuthology.orchestra.run.smithi045.stdout:/usr/bin/ceph: stderr
2024-09-10T11:03:56.076+0000 7f2dd4a00640 1 -- start start
2024-09-10T11:03:57.041 INFO:teuthology.orchestra.run.smithi045.stdout:/usr/bin/ceph: stderr
2024-09-10T11:03:56.076+0000 7f2dd4a00640 1 --2- >> [v2:172.21.15.45:3300/0,v1:172.21.15.45:6789/0] conn(0x7f2dd007dd50 0x7f2dd007c2c0 unknown :-1 s=NONE pgs=0 cs=0 l=0 rev1=0 crypto rx=0 tx=0 comp rx=0 tx=0).connect
2024-09-10T11:03:57.042 INFO:teuthology.orchestra.run.smithi045.stdout:/usr/bin/ceph: stderr
2024-09-10T11:03:56.076+0000 7f2dd4a00640 1 -- --> [v2:172.21.15.45:3300/0,v1:172.21.15.45:6789/0] -- mon_getmap magic: 0 -- 0x7f2dd007e150 con 0x7f2dd007dd50
2024-09-10T11:03:57.042 INFO:teuthology.orchestra.run.smithi045.stdout:/usr/bin/ceph: stderr
2024-09-10T11:03:56.076+0000 7f2dce800640 1 --2- >> [v2:172.21.15.45:3300/0,v1:172.21.15.45:6789/0] conn(0x7f2dd007dd50 0x7f2dd007c2c0 unknown :-1 s=BANNER_CONNECTING pgs=0 cs=0 l=0 rev1=0 crypto rx=0 tx=0 comp rx=0 tx=0)._handle_peer_banner_payload supported=3 required=0
2024-09-10T11:03:57.042 INFO:teuthology.orchestra.run.smithi045.stdout:/usr/bin/ceph: stderr
2024-09-10T11:03:56.077+0000 7f2dce800640 1 --2- >> [v2:172.21.15.45:3300/0,v1:172.21.15.45:6789/0] conn(0x7f2dd007dd50 0x7f2dd007c2c0 unknown :-1 s=HELLO_CONNECTING pgs=0 cs=0 l=0 rev1=1 crypto rx=0 tx=0 comp rx=0 tx=0).handle_hello peer v2:172.21.15.45:3300/0 says I am v2:172.21.15.45:55572/0 (socket says 172.21.15.45:55572)
2024-09-10T11:03:57.042 INFO:teuthology.orchestra.run.smithi045.stdout:/usr/bin/ceph: stderr
2024-09-10T11:03:56.077+0000 7f2dce800640 1 -- 172.21.15.45:0/1348510175 learned_addr learned my addr 172.21.15.45:0/1348510175 (peer_addr_for_me v2:172.21.15.45:0/0)
2024-09-10T11:03:57.042 INFO:teuthology.orchestra.run.smithi045.stdout:/usr/bin/ceph: stderr
2024-09-10T11:03:56.077+0000 7f2dce800640 1 -- 172.21.15.45:0/1348510175 --> [v2:172.21.15.45:3300/0,v1:172.21.15.45:6789/0] -- mon_subscribe({config=0+,monmap=0+}) -- 0x7f2dd007c800 con 0x7f2dd007dd50
2024-09-10T11:03:57.042 INFO:teuthology.orchestra.run.smithi045.stdout:/usr/bin/ceph: stderr
2024-09-10T11:03:56.078+0000 7f2dce800640 1 --2- 172.21.15.45:0/1348510175 >> [v2:172.21.15.45:3300/0,v1:172.21.15.45:6789/0] conn(0x7f2dd007dd50 0x7f2dd007c2c0 secure :-1 s=READY pgs=74 cs=0 l=1 rev1=1 crypto rx=0x7f2dc0009820 tx=0x7f2dc002a270 comp rx=0 tx=0).ready entity=mon.0 client_cookie=2f9c4f8abfe5e09 server_cookie=0 in_seq=0 out_seq=0
2024-09-10T11:03:57.042 INFO:teuthology.orchestra.run.smithi045.stdout:/usr/bin/ceph: stderr
2024-09-10T11:03:56.078+0000 7f2dcde00640 1 -- 172.21.15.45:0/1348510175 <== mon.0 v2:172.21.15.45:3300/0 1 ==== mon_map magic: 0 ==== 205+0+0 (secure 0 0 0) 0x7f2dc0037070 con 0x7f2dd007dd50
2024-09-10T11:03:57.042 INFO:teuthology.orchestra.run.smithi045.stdout:/usr/bin/ceph: stderr
2024-09-10T11:03:56.078+0000 7f2dcde00640 1 -- 172.21.15.45:0/1348510175 <== mon.0 v2:172.21.15.45:3300/0 2 ==== config(29 keys) ==== 1209+0+0 (secure 0 0 0) 0x7f2dc0032960 con 0x7f2dd007dd50
2024-09-10T11:03:57.042 INFO:teuthology.orchestra.run.smithi045.stdout:/usr/bin/ceph: stderr
2024-09-10T11:03:56.078+0000 7f2dcde00640 1 -- 172.21.15.45:0/1348510175 <== mon.0 v2:172.21.15.45:3300/0 3 ==== mon_map magic: 0 ==== 205+0+0 (secure 0 0 0) 0x7f2dc0030980 con 0x7f2dd007dd50
2024-09-10T11:03:57.042 INFO:teuthology.orchestra.run.smithi045.stdout:/usr/bin/ceph: stderr
2024-09-10T11:03:56.079+0000 7f2dd4a00640 1 -- 172.21.15.45:0/1348510175 >> [v2:172.21.15.45:3300/0,v1:172.21.15.45:6789/0] conn(0x7f2dd007dd50 msgr2=0x7f2dd007c2c0 secure :-1 s=STATE_CONNECTION_ESTABLISHED l=1).mark_down
2024-09-10T11:03:57.043 INFO:teuthology.orchestra.run.smithi045.stdout:/usr/bin/ceph: stderr
2024-09-10T11:03:56.079+0000 7f2dd4a00640 1 --2- 172.21.15.45:0/1348510175 >> [v2:172.21.15.45:3300/0,v1:172.21.15.45:6789/0] conn(0x7f2dd007dd50 0x7f2dd007c2c0 secure :-1 s=READY pgs=74 cs=0 l=1 rev1=1 crypto rx=0x7f2dc0009820 tx=0x7f2dc002a270 comp rx=0 tx=0).stop
2024-09-10T11:03:57.043 INFO:teuthology.orchestra.run.smithi045.stdout:/usr/bin/ceph: stderr
2024-09-10T11:03:56.079+0000 7f2dd4a00640 1 -- 172.21.15.45:0/1348510175 shutdown_connections
2024-09-10T11:03:57.043 INFO:teuthology.orchestra.run.smithi045.stdout:/usr/bin/ceph: stderr
2024-09-10T11:03:56.079+0000 7f2dd4a00640 1 --2- 172.21.15.45:0/1348510175 >> [v2:172.21.15.45:3300/0,v1:172.21.15.45:6789/0] conn(0x7f2dd007dd50 0x7f2dd007c2c0 unknown :-1 s=CLOSED pgs=74 cs=0 l=1 rev1=1 crypto rx=0 tx=0 comp rx=0 tx=0).stop
2024-09-10T11:03:57.043 INFO:teuthology.orchestra.run.smithi045.stdout:/usr/bin/ceph: stderr
2024-09-10T11:03:56.079+0000 7f2dd4a00640 1 -- 172.21.15.45:0/1348510175 >> 172.21.15.45:0/1348510175 conn(0x7f2dd0102f50 msgr2=0x7f2dd01053d0 unknown :-1 s=STATE_NONE l=0).mark_down
2024-09-10T11:03:57.043 INFO:teuthology.orchestra.run.smithi045.stdout:/usr/bin/ceph: stderr
2024-09-10T11:03:56.079+0000 7f2dd4a00640 1 -- 172.21.15.45:0/1348510175 shutdown_connections
2024-09-10T11:03:57.043 INFO:teuthology.orchestra.run.smithi045.stdout:/usr/bin/ceph: stderr
2024-09-10T11:03:56.079+0000 7f2dd4a00640 1 -- 172.21.15.45:0/1348510175 wait complete.
2024-09-10T11:03:57.043 INFO:teuthology.orchestra.run.smithi045.stdout:/usr/bin/ceph: stderr
2024-09-10T11:03:56.080+0000 7f2dd4a00640 1 Processor -- start
2024-09-10T11:03:57.043 INFO:teuthology.orchestra.run.smithi045.stdout:/usr/bin/ceph: stderr
2024-09-10T11:03:56.080+0000 7f2dd4a00640 1 -- start start
2024-09-10T11:03:57.043 INFO:teuthology.orchestra.run.smithi045.stdout:/usr/bin/ceph: stderr
2024-09-10T11:03:56.080+0000 7f2dd4a00640 1 --2- >> [v2:172.21.15.45:3300/0,v1:172.21.15.45:6789/0] conn(0x7f2dd007dd50 0x7f2dd019d970 unknown :-1 s=NONE pgs=0 cs=0 l=1 rev1=0 crypto rx=0 tx=0 comp rx=0 tx=0).connect
2024-09-10T11:03:57.043 INFO:teuthology.orchestra.run.smithi045.stdout:/usr/bin/ceph: stderr
2024-09-10T11:03:56.080+0000 7f2dd4a00640 1 -- --> [v2:172.21.15.45:3300/0,v1:172.21.15.45:6789/0] -- mon_getmap magic: 0 -- 0x7f2dd010dd80 con 0x7f2dd007dd50
2024-09-10T11:03:57.043 INFO:teuthology.orchestra.run.smithi045.stdout:/usr/bin/ceph: stderr
2024-09-10T11:03:56.080+0000 7f2dce800640 1 --2- >> [v2:172.21.15.45:3300/0,v1:172.21.15.45:6789/0] conn(0x7f2dd007dd50 0x7f2dd019d970 unknown :-1 s=BANNER_CONNECTING pgs=0 cs=0 l=1 rev1=0 crypto rx=0 tx=0 comp rx=0 tx=0)._handle_peer_banner_payload supported=3 required=0
2024-09-10T11:03:57.043 INFO:teuthology.orchestra.run.smithi045.stdout:/usr/bin/ceph: stderr
2024-09-10T11:03:56.080+0000 7f2dce800640 1 --2- >> [v2:172.21.15.45:3300/0,v1:172.21.15.45:6789/0] conn(0x7f2dd007dd50 0x7f2dd019d970 unknown :-1 s=HELLO_CONNECTING pgs=0 cs=0 l=1 rev1=1 crypto rx=0 tx=0 comp rx=0 tx=0).handle_hello peer v2:172.21.15.45:3300/0 says I am v2:172.21.15.45:55580/0 (socket says 172.21.15.45:55580)
2024-09-10T11:03:57.044 INFO:teuthology.orchestra.run.smithi045.stdout:/usr/bin/ceph: stderr
2024-09-10T11:03:56.080+0000 7f2dce800640 1 -- 172.21.15.45:0/1997322595 learned_addr learned my addr 172.21.15.45:0/1997322595 (peer_addr_for_me v2:172.21.15.45:0/0)
2024-09-10T11:03:57.044 INFO:teuthology.orchestra.run.smithi045.stdout:/usr/bin/ceph: stderr
2024-09-10T11:03:56.081+0000 7f2dce800640 1 -- 172.21.15.45:0/1997322595 --> [v2:172.21.15.45:3300/0,v1:172.21.15.45:6789/0] -- mon_subscribe({config=0+,monmap=0+}) -- 0x7f2dd019deb0 con 0x7f2dd007dd50
2024-09-10T11:03:57.044 INFO:teuthology.orchestra.run.smithi045.stdout:/usr/bin/ceph: stderr
2024-09-10T11:03:56.081+0000 7f2dce800640 1 --2- 172.21.15.45:0/1997322595 >> [v2:172.21.15.45:3300/0,v1:172.21.15.45:6789/0] conn(0x7f2dd007dd50 0x7f2dd019d970 secure :-1 s=READY pgs=75 cs=0 l=1 rev1=1 crypto rx=0x7f2dc0032e80 tx=0x7f2dc0032eb0 comp rx=0 tx=0).ready entity=mon.0 client_cookie=0 server_cookie=0 in_seq=0 out_seq=0
2024-09-10T11:03:57.044 INFO:teuthology.orchestra.run.smithi045.stdout:/usr/bin/ceph: stderr
2024-09-10T11:03:56.081+0000 7f2dc7400640 1 -- 172.21.15.45:0/1997322595 <== mon.0 v2:172.21.15.45:3300/0 1 ==== mon_map magic: 0 ==== 205+0+0 (secure 0 0 0) 0x7f2dc0042070 con 0x7f2dd007dd50
2024-09-10T11:03:57.044 INFO:teuthology.orchestra.run.smithi045.stdout:/usr/bin/ceph: stderr
2024-09-10T11:03:56.081+0000 7f2dc7400640 1 -- 172.21.15.45:0/1997322595 <== mon.0 v2:172.21.15.45:3300/0 2 ==== config(29 keys) ==== 1209+0+0 (secure 0 0 0) 0x7f2dc00326c0 con 0x7f2dd007dd50
2024-09-10T11:03:57.044 INFO:teuthology.orchestra.run.smithi045.stdout:/usr/bin/ceph: stderr
2024-09-10T11:03:56.081+0000 7f2dd4a00640 1 -- 172.21.15.45:0/1997322595 --> [v2:172.21.15.45:3300/0,v1:172.21.15.45:6789/0] -- mon_subscribe({mgrmap=0+}) -- 0x7f2dd019e140 con 0x7f2dd007dd50
2024-09-10T11:03:57.044 INFO:teuthology.orchestra.run.smithi045.stdout:/usr/bin/ceph: stderr
2024-09-10T11:03:56.081+0000 7f2dc7400640 1 -- 172.21.15.45:0/1997322595 <== mon.0 v2:172.21.15.45:3300/0 3 ==== mon_map magic: 0 ==== 205+0+0 (secure 0 0 0) 0x7f2dc0037040 con 0x7f2dd007dd50
2024-09-10T11:03:57.045 INFO:teuthology.orchestra.run.smithi045.stdout:/usr/bin/ceph: stderr
2024-09-10T11:03:56.081+0000 7f2dd4a00640 1 -- 172.21.15.45:0/1997322595 --> [v2:172.21.15.45:3300/0,v1:172.21.15.45:6789/0] -- mon_subscribe({osdmap=0}) -- 0x7f2dd01a0e30 con 0x7f2dd007dd50
2024-09-10T11:03:57.045 INFO:teuthology.orchestra.run.smithi045.stdout:/usr/bin/ceph: stderr
2024-09-10T11:03:56.082+0000 7f2dc7400640 1 -- 172.21.15.45:0/1997322595 <== mon.0 v2:172.21.15.45:3300/0 4 ==== mgrmap(e 13) ==== 46343+0+0 (secure 0 0 0) 0x7f2dc0045070 con 0x7f2dd007dd50
2024-09-10T11:03:57.045 INFO:teuthology.orchestra.run.smithi045.stdout:/usr/bin/ceph: stderr
2024-09-10T11:03:56.082+0000 7f2dd4a00640 1 -- 172.21.15.45:0/1997322595 --> [v2:172.21.15.45:3300/0,v1:172.21.15.45:6789/0] -- mon_command({"prefix": "get_command_descriptions"} v 0) -- 0x7f2dd007c2c0 con 0x7f2dd007dd50
2024-09-10T11:03:57.045 INFO:teuthology.orchestra.run.smithi045.stdout:/usr/bin/ceph: stderr
2024-09-10T11:03:56.083+0000 7f2dc7400640 1 --2- 172.21.15.45:0/1997322595 >> [v2:172.21.15.45:6800/2762382315,v1:172.21.15.45:6801/2762382315] conn(0x7f2db4039060 0x7f2db403b520 unknown :-1 s=NONE pgs=0 cs=0 l=1 rev1=0 crypto rx=0 tx=0 comp rx=0 tx=0).connect
2024-09-10T11:03:57.045 INFO:teuthology.orchestra.run.smithi045.stdout:/usr/bin/ceph: stderr
2024-09-10T11:03:56.083+0000 7f2dc7400640 1 -- 172.21.15.45:0/1997322595 <== mon.0 v2:172.21.15.45:3300/0 5 ==== osd_map(3..3 src has 1..3) ==== 1155+0+0 (secure 0 0 0) 0x7f2dc006c370 con 0x7f2dd007dd50
2024-09-10T11:03:57.045 INFO:teuthology.orchestra.run.smithi045.stdout:/usr/bin/ceph: stderr
2024-09-10T11:03:56.083+0000 7f2dc7e00640 1 --2- 172.21.15.45:0/1997322595 >> [v2:172.21.15.45:6800/2762382315,v1:172.21.15.45:6801/2762382315] conn(0x7f2db4039060 0x7f2db403b520 unknown :-1 s=BANNER_CONNECTING pgs=0 cs=0 l=1 rev1=0 crypto rx=0 tx=0 comp rx=0 tx=0)._handle_peer_banner_payload supported=3 required=0
2024-09-10T11:03:57.045 INFO:teuthology.orchestra.run.smithi045.stdout:/usr/bin/ceph: stderr
2024-09-10T11:03:56.084+0000 7f2dc7e00640 1 --2- 172.21.15.45:0/1997322595 >> [v2:172.21.15.45:6800/2762382315,v1:172.21.15.45:6801/2762382315] conn(0x7f2db4039060 0x7f2db403b520 secure :-1 s=READY pgs=10 cs=0 l=1 rev1=1 crypto rx=0x7f2db80098c0 tx=0x7f2db8006db0 comp rx=0 tx=0).ready entity=mgr.14150 client_cookie=0 server_cookie=0 in_seq=0 out_seq=0
2024-09-10T11:03:57.045 INFO:teuthology.orchestra.run.smithi045.stdout:/usr/bin/ceph: stderr
2024-09-10T11:03:56.088+0000 7f2dc7400640 1 -- 172.21.15.45:0/1997322595 <== mon.0 v2:172.21.15.45:3300/0 6 ==== mon_command_ack([{"prefix": "get_command_descriptions"}]=0 v0) ==== 72+0+188821 (secure 0 0 0) 0x7f2dc003b330 con 0x7f2dd007dd50
2024-09-10T11:03:57.045 INFO:teuthology.orchestra.run.smithi045.stdout:/usr/bin/ceph: stderr
2024-09-10T11:03:56.373+0000 7f2dd4a00640 1 -- 172.21.15.45:0/1997322595 --> [v2:172.21.15.45:3300/0,v1:172.21.15.45:6789/0] -- mon_command([{prefix=config-key set, key=mgr/dashboard/cluster/status}] v 0) -- 0x7f2dd01a1000 con 0x7f2dd007dd50
2024-09-10T11:03:57.045 INFO:teuthology.orchestra.run.smithi045.stdout:/usr/bin/ceph: stderr
2024-09-10T11:03:56.376+0000 7f2dc7400640 1 -- 172.21.15.45:0/1997322595 <== mon.0 v2:172.21.15.45:3300/0 7 ==== mon_command_ack([{prefix=config-key set, key=mgr/dashboard/cluster/status}]=0 set mgr/dashboard/cluster/status v28)=0 set mgr/dashboard/cluster/status v28) ==== 153+0+0 (secure 0 0 0) 0x7f2dc003c9a0 con 0x7f2dd007dd50
2024-09-10T11:03:57.045 INFO:teuthology.orchestra.run.smithi045.stdout:/usr/bin/ceph: stderr set mgr/dashboard/cluster/status
2024-09-10T11:03:57.045 INFO:teuthology.orchestra.run.smithi045.stdout:/usr/bin/ceph: stderr
2024-09-10T11:03:56.378+0000 7f2dd4a00640 1 -- 172.21.15.45:0/1997322595 >> [v2:172.21.15.45:6800/2762382315,v1:172.21.15.45:6801/2762382315] conn(0x7f2db4039060 msgr2=0x7f2db403b520 secure :-1 s=STATE_CONNECTION_ESTABLISHED l=1).mark_down
2024-09-10T11:03:57.045 INFO:teuthology.orchestra.run.smithi045.stdout:/usr/bin/ceph: stderr
2024-09-10T11:03:56.378+0000 7f2dd4a00640 1 --2- 172.21.15.45:0/1997322595 >> [v2:172.21.15.45:6800/2762382315,v1:172.21.15.45:6801/2762382315] conn(0x7f2db4039060 0x7f2db403b520 secure :-1 s=READY pgs=10 cs=0 l=1 rev1=1 crypto rx=0x7f2db80098c0 tx=0x7f2db8006db0 comp rx=0 tx=0).stop
2024-09-10T11:03:57.046 INFO:teuthology.orchestra.run.smithi045.stdout:/usr/bin/ceph: stderr
2024-09-10T11:03:56.378+0000 7f2dd4a00640 1 -- 172.21.15.45:0/1997322595 >> [v2:172.21.15.45:3300/0,v1:172.21.15.45:6789/0] conn(0x7f2dd007dd50 msgr2=0x7f2dd019d970 secure :-1 s=STATE_CONNECTION_ESTABLISHED l=1).mark_down
2024-09-10T11:03:57.046 INFO:teuthology.orchestra.run.smithi045.stdout:/usr/bin/ceph: stderr
2024-09-10T11:03:56.378+0000 7f2dd4a00640 1 --2- 172.21.15.45:0/1997322595 >> [v2:172.21.15.45:3300/0,v1:172.21.15.45:6789/0] conn(0x7f2dd007dd50 0x7f2dd019d970 secure :-1 s=READY pgs=75 cs=0 l=1 rev1=1 crypto rx=0x7f2dc0032e80 tx=0x7f2dc0032eb0 comp rx=0 tx=0).stop
2024-09-10T11:03:57.046 INFO:teuthology.orchestra.run.smithi045.stdout:/usr/bin/ceph: stderr
2024-09-10T11:03:56.378+0000 7f2dd4a00640 1 -- 172.21.15.45:0/1997322595 shutdown_connections
2024-09-10T11:03:57.046 INFO:teuthology.orchestra.run.smithi045.stdout:/usr/bin/ceph: stderr
2024-09-10T11:03:56.378+0000 7f2dd4a00640 1 --2- 172.21.15.45:0/1997322595 >> [v2:172.21.15.45:6800/2762382315,v1:172.21.15.45:6801/2762382315] conn(0x7f2db4039060 0x7f2db403b520 unknown :-1 s=CLOSED pgs=10 cs=0 l=1 rev1=1 crypto rx=0 tx=0 comp rx=0 tx=0).stop
2024-09-10T11:03:57.046 INFO:teuthology.orchestra.run.smithi045.stdout:/usr/bin/ceph: stderr
2024-09-10T11:03:56.378+0000 7f2dd4a00640 1 --2- 172.21.15.45:0/1997322595 >> [v2:172.21.15.45:3300/0,v1:172.21.15.45:6789/0] conn(0x7f2dd007dd50 0x7f2dd019d970 unknown :-1 s=CLOSED pgs=75 cs=0 l=1 rev1=1 crypto rx=0 tx=0 comp rx=0 tx=0).stop
2024-09-10T11:03:57.046 INFO:teuthology.orchestra.run.smithi045.stdout:/usr/bin/ceph: stderr
2024-09-10T11:03:56.378+0000 7f2dd4a00640 1 -- 172.21.15.45:0/1997322595 >> 172.21.15.45:0/1997322595 conn(0x7f2dd0102f50 msgr2=0x7f2dd0103b20 unknown :-1 s=STATE_NONE l=0).mark_down
2024-09-10T11:03:57.046 INFO:teuthology.orchestra.run.smithi045.stdout:/usr/bin/ceph: stderr
2024-09-10T11:03:56.378+0000 7f2dd4a00640 1 -- 172.21.15.45:0/1997322595 shutdown_connections
2024-09-10T11:03:57.046 INFO:teuthology.orchestra.run.smithi045.stdout:/usr/bin/ceph: stderr
2024-09-10T11:03:56.378+0000 7f2dd4a00640 1 -- 172.21.15.45:0/1997322595 wait complete.
2024-09-10T11:03:57.046 INFO:teuthology.orchestra.run.smithi045.stdout:You can access the Ceph CLI as following in case of multi-cluster or non-default config:
2024-09-10T11:03:57.046 INFO:teuthology.orchestra.run.smithi045.stdout:
2024-09-10T11:03:57.046 INFO:teuthology.orchestra.run.smithi045.stdout: sudo /home/ubuntu/cephtest/cephadm shell --fsid 1811b840-6f64-11ef-bcea-c7b262605968 -c /etc/ceph/ceph.conf -k /etc/ceph/ceph.client.admin.keyring
2024-09-10T11:03:57.046 INFO:teuthology.orchestra.run.smithi045.stdout:
2024-09-10T11:03:57.046 INFO:teuthology.orchestra.run.smithi045.stdout:Or, if you are only running a single cluster on this host:
2024-09-10T11:03:57.046 INFO:teuthology.orchestra.run.smithi045.stdout:
2024-09-10T11:03:57.047 INFO:teuthology.orchestra.run.smithi045.stdout: sudo /home/ubuntu/cephtest/cephadm shell
2024-09-10T11:03:57.047 INFO:teuthology.orchestra.run.smithi045.stdout:
2024-09-10T11:03:57.047 INFO:teuthology.orchestra.run.smithi045.stdout:Please consider enabling telemetry to help improve Ceph:
2024-09-10T11:03:57.047 INFO:teuthology.orchestra.run.smithi045.stdout:
2024-09-10T11:03:57.047 INFO:teuthology.orchestra.run.smithi045.stdout: ceph telemetry on
2024-09-10T11:03:57.047 INFO:teuthology.orchestra.run.smithi045.stdout:
2024-09-10T11:03:57.047 INFO:teuthology.orchestra.run.smithi045.stdout:For more information see:
2024-09-10T11:03:57.047 INFO:teuthology.orchestra.run.smithi045.stdout:
2024-09-10T11:03:57.047 INFO:teuthology.orchestra.run.smithi045.stdout: https://docs.ceph.com/en/latest/mgr/telemetry/
2024-09-10T11:03:57.047 INFO:teuthology.orchestra.run.smithi045.stdout:
2024-09-10T11:03:57.047 INFO:teuthology.orchestra.run.smithi045.stdout:Bootstrap complete.
2024-09-10T11:03:57.095 INFO:tasks.cephadm:Fetching config...
2024-09-10T11:03:57.096 DEBUG:teuthology.orchestra.run.smithi045:> set -ex
2024-09-10T11:03:57.096 DEBUG:teuthology.orchestra.run.smithi045:> dd if=/etc/ceph/ceph.conf of=/dev/stdout
2024-09-10T11:03:57.131 INFO:tasks.cephadm:Fetching client.admin keyring...
2024-09-10T11:03:57.131 DEBUG:teuthology.orchestra.run.smithi045:> set -ex
2024-09-10T11:03:57.132 DEBUG:teuthology.orchestra.run.smithi045:> dd if=/etc/ceph/ceph.client.admin.keyring of=/dev/stdout
2024-09-10T11:03:57.209 INFO:tasks.cephadm:Fetching mon keyring...
2024-09-10T11:03:57.209 DEBUG:teuthology.orchestra.run.smithi045:> set -ex
2024-09-10T11:03:57.209 DEBUG:teuthology.orchestra.run.smithi045:> sudo dd if=/var/lib/ceph/1811b840-6f64-11ef-bcea-c7b262605968/mon.a/keyring of=/dev/stdout
2024-09-10T11:03:57.307 INFO:tasks.cephadm:Fetching pub ssh key...
2024-09-10T11:03:57.307 DEBUG:teuthology.orchestra.run.smithi045:> set -ex
2024-09-10T11:03:57.307 DEBUG:teuthology.orchestra.run.smithi045:> dd if=/home/ubuntu/cephtest/ceph.pub of=/dev/stdout
2024-09-10T11:03:57.384 INFO:tasks.cephadm:Installing pub ssh key for root users...
2024-09-10T11:03:57.384 DEBUG:teuthology.orchestra.run.smithi045:> sudo install -d -m 0700 /root/.ssh && echo 'ssh-rsa AAAAB3NzaC1yc2EAAAADAQABAAABgQDGpA0KVLnx640ULVl4F+g/EzJpvdo3FcH4jrJ/P4M/AITyvecsmWyODo653M4NfYIs4lreWguFU8gXxYDekl8LemVTMMJMr23+Q1vQyeHRnrr+IP6q8ykuK62TH0UOnyoTVlLYlDiaWUucWCvRqEY6qbAohZjCik0Lv6tn+eys5tU8vaSNBNsOFOwLwo9PBHb0TL1otcUSv6Jq5lwv9PPRf10Ui70OffrUra3QSTNE/i6MY9Ghym1BhJgnO1ySNSj95jPiNjB8Ja/sOd5rYSMZcFWfjAwfomJ3E6sXIQJ2FCXJ6TNoCZ/sW+ZiI17UN+4klwmRQ2b/GnBB8P4AM02xuAT6HIryzKCT5zmdjaEqQz2d8y+sta8MDt5z8VMRhLWL7FlJG3DvOO0pwAfBaFuyv3vdug7kEyzuBTJyLYCmhzlfLeT2NLmqta4sM4s0GBK38IGI/aX9m5gd8z4O2PpSGuIB0L+8N216W0+bfAR54Wa8J+0eAUT8WKDF15bNn6E= ceph-1811b840-6f64-11ef-bcea-c7b262605968' | sudo tee -a /root/.ssh/authorized_keys && sudo chmod 0600 /root/.ssh/authorized_keys
2024-09-10T11:03:57.514 INFO:teuthology.orchestra.run.smithi045.stdout:ssh-rsa AAAAB3NzaC1yc2EAAAADAQABAAABgQDGpA0KVLnx640ULVl4F+g/EzJpvdo3FcH4jrJ/P4M/AITyvecsmWyODo653M4NfYIs4lreWguFU8gXxYDekl8LemVTMMJMr23+Q1vQyeHRnrr+IP6q8ykuK62TH0UOnyoTVlLYlDiaWUucWCvRqEY6qbAohZjCik0Lv6tn+eys5tU8vaSNBNsOFOwLwo9PBHb0TL1otcUSv6Jq5lwv9PPRf10Ui70OffrUra3QSTNE/i6MY9Ghym1BhJgnO1ySNSj95jPiNjB8Ja/sOd5rYSMZcFWfjAwfomJ3E6sXIQJ2FCXJ6TNoCZ/sW+ZiI17UN+4klwmRQ2b/GnBB8P4AM02xuAT6HIryzKCT5zmdjaEqQz2d8y+sta8MDt5z8VMRhLWL7FlJG3DvOO0pwAfBaFuyv3vdug7kEyzuBTJyLYCmhzlfLeT2NLmqta4sM4s0GBK38IGI/aX9m5gd8z4O2PpSGuIB0L+8N216W0+bfAR54Wa8J+0eAUT8WKDF15bNn6E= ceph-1811b840-6f64-11ef-bcea-c7b262605968
2024-09-10T11:03:57.539 DEBUG:teuthology.orchestra.run.smithi047:> sudo install -d -m 0700 /root/.ssh && echo 'ssh-rsa AAAAB3NzaC1yc2EAAAADAQABAAABgQDGpA0KVLnx640ULVl4F+g/EzJpvdo3FcH4jrJ/P4M/AITyvecsmWyODo653M4NfYIs4lreWguFU8gXxYDekl8LemVTMMJMr23+Q1vQyeHRnrr+IP6q8ykuK62TH0UOnyoTVlLYlDiaWUucWCvRqEY6qbAohZjCik0Lv6tn+eys5tU8vaSNBNsOFOwLwo9PBHb0TL1otcUSv6Jq5lwv9PPRf10Ui70OffrUra3QSTNE/i6MY9Ghym1BhJgnO1ySNSj95jPiNjB8Ja/sOd5rYSMZcFWfjAwfomJ3E6sXIQJ2FCXJ6TNoCZ/sW+ZiI17UN+4klwmRQ2b/GnBB8P4AM02xuAT6HIryzKCT5zmdjaEqQz2d8y+sta8MDt5z8VMRhLWL7FlJG3DvOO0pwAfBaFuyv3vdug7kEyzuBTJyLYCmhzlfLeT2NLmqta4sM4s0GBK38IGI/aX9m5gd8z4O2PpSGuIB0L+8N216W0+bfAR54Wa8J+0eAUT8WKDF15bNn6E= ceph-1811b840-6f64-11ef-bcea-c7b262605968' | sudo tee -a /root/.ssh/authorized_keys && sudo chmod 0600 /root/.ssh/authorized_keys
2024-09-10T11:03:57.580 INFO:teuthology.orchestra.run.smithi047.stdout:ssh-rsa AAAAB3NzaC1yc2EAAAADAQABAAABgQDGpA0KVLnx640ULVl4F+g/EzJpvdo3FcH4jrJ/P4M/AITyvecsmWyODo653M4NfYIs4lreWguFU8gXxYDekl8LemVTMMJMr23+Q1vQyeHRnrr+IP6q8ykuK62TH0UOnyoTVlLYlDiaWUucWCvRqEY6qbAohZjCik0Lv6tn+eys5tU8vaSNBNsOFOwLwo9PBHb0TL1otcUSv6Jq5lwv9PPRf10Ui70OffrUra3QSTNE/i6MY9Ghym1BhJgnO1ySNSj95jPiNjB8Ja/sOd5rYSMZcFWfjAwfomJ3E6sXIQJ2FCXJ6TNoCZ/sW+ZiI17UN+4klwmRQ2b/GnBB8P4AM02xuAT6HIryzKCT5zmdjaEqQz2d8y+sta8MDt5z8VMRhLWL7FlJG3DvOO0pwAfBaFuyv3vdug7kEyzuBTJyLYCmhzlfLeT2NLmqta4sM4s0GBK38IGI/aX9m5gd8z4O2PpSGuIB0L+8N216W0+bfAR54Wa8J+0eAUT8WKDF15bNn6E= ceph-1811b840-6f64-11ef-bcea-c7b262605968
2024-09-10T11:03:57.593 DEBUG:teuthology.orchestra.run.smithi162:> sudo install -d -m 0700 /root/.ssh && echo 'ssh-rsa AAAAB3NzaC1yc2EAAAADAQABAAABgQDGpA0KVLnx640ULVl4F+g/EzJpvdo3FcH4jrJ/P4M/AITyvecsmWyODo653M4NfYIs4lreWguFU8gXxYDekl8LemVTMMJMr23+Q1vQyeHRnrr+IP6q8ykuK62TH0UOnyoTVlLYlDiaWUucWCvRqEY6qbAohZjCik0Lv6tn+eys5tU8vaSNBNsOFOwLwo9PBHb0TL1otcUSv6Jq5lwv9PPRf10Ui70OffrUra3QSTNE/i6MY9Ghym1BhJgnO1ySNSj95jPiNjB8Ja/sOd5rYSMZcFWfjAwfomJ3E6sXIQJ2FCXJ6TNoCZ/sW+ZiI17UN+4klwmRQ2b/GnBB8P4AM02xuAT6HIryzKCT5zmdjaEqQz2d8y+sta8MDt5z8VMRhLWL7FlJG3DvOO0pwAfBaFuyv3vdug7kEyzuBTJyLYCmhzlfLeT2NLmqta4sM4s0GBK38IGI/aX9m5gd8z4O2PpSGuIB0L+8N216W0+bfAR54Wa8J+0eAUT8WKDF15bNn6E= ceph-1811b840-6f64-11ef-bcea-c7b262605968' | sudo tee -a /root/.ssh/authorized_keys && sudo chmod 0600 /root/.ssh/authorized_keys
2024-09-10T11:03:57.598 INFO:journalctl@ceph.mon.a.smithi045.stdout:Sep 10 11:03:57 smithi045 ceph-mon[30395]: from='client.? 172.21.15.45:0/1997322595' entity='client.admin'
2024-09-10T11:03:57.635 INFO:teuthology.orchestra.run.smithi162.stdout:ssh-rsa AAAAB3NzaC1yc2EAAAADAQABAAABgQDGpA0KVLnx640ULVl4F+g/EzJpvdo3FcH4jrJ/P4M/AITyvecsmWyODo653M4NfYIs4lreWguFU8gXxYDekl8LemVTMMJMr23+Q1vQyeHRnrr+IP6q8ykuK62TH0UOnyoTVlLYlDiaWUucWCvRqEY6qbAohZjCik0Lv6tn+eys5tU8vaSNBNsOFOwLwo9PBHb0TL1otcUSv6Jq5lwv9PPRf10Ui70OffrUra3QSTNE/i6MY9Ghym1BhJgnO1ySNSj95jPiNjB8Ja/sOd5rYSMZcFWfjAwfomJ3E6sXIQJ2FCXJ6TNoCZ/sW+ZiI17UN+4klwmRQ2b/GnBB8P4AM02xuAT6HIryzKCT5zmdjaEqQz2d8y+sta8MDt5z8VMRhLWL7FlJG3DvOO0pwAfBaFuyv3vdug7kEyzuBTJyLYCmhzlfLeT2NLmqta4sM4s0GBK38IGI/aX9m5gd8z4O2PpSGuIB0L+8N216W0+bfAR54Wa8J+0eAUT8WKDF15bNn6E= ceph-1811b840-6f64-11ef-bcea-c7b262605968
2024-09-10T11:03:57.647 DEBUG:teuthology.orchestra.run.smithi045:> sudo /home/ubuntu/cephtest/cephadm --image quay-quay-quay.apps.os.sepia.ceph.com/ceph-ci/ceph:1cf819b7212a6048e92fc78c4eff963344f6d56b shell -c /etc/ceph/ceph.conf -k /etc/ceph/ceph.client.admin.keyring --fsid 1811b840-6f64-11ef-bcea-c7b262605968 -- ceph config set mgr mgr/cephadm/allow_ptrace true
2024-09-10T11:03:58.020 INFO:teuthology.orchestra.run.smithi045.stderr:Inferring config /var/lib/ceph/1811b840-6f64-11ef-bcea-c7b262605968/mon.a/config
2024-09-10T11:03:58.577 INFO:teuthology.orchestra.run.smithi045.stderr:2024-09-10T11:03:58.575+0000 7f11fd400640 1 -- 172.21.15.45:0/3603193562 >> [v2:172.21.15.45:3300/0,v1:172.21.15.45:6789/0] conn(0x7f11f8101600 msgr2=0x7f11f8101a00 secure :-1 s=STATE_CONNECTION_ESTABLISHED l=1).mark_down
2024-09-10T11:03:58.577 INFO:teuthology.orchestra.run.smithi045.stderr:2024-09-10T11:03:58.575+0000 7f11fd400640 1 --2- 172.21.15.45:0/3603193562 >> [v2:172.21.15.45:3300/0,v1:172.21.15.45:6789/0] conn(0x7f11f8101600 0x7f11f8101a00 secure :-1 s=READY pgs=76 cs=0 l=1 rev1=1 crypto rx=0x7f11e8009880 tx=0x7f11e802a5d0 comp rx=0 tx=0).stop
2024-09-10T11:03:58.578 INFO:teuthology.orchestra.run.smithi045.stderr:2024-09-10T11:03:58.575+0000 7f11fd400640 1 -- 172.21.15.45:0/3603193562 shutdown_connections
2024-09-10T11:03:58.578 INFO:teuthology.orchestra.run.smithi045.stderr:2024-09-10T11:03:58.575+0000 7f11fd400640 1 --2- 172.21.15.45:0/3603193562 >> [v2:172.21.15.45:3300/0,v1:172.21.15.45:6789/0] conn(0x7f11f8101600 0x7f11f8101a00 unknown :-1 s=CLOSED pgs=76 cs=0 l=1 rev1=1 crypto rx=0 tx=0 comp rx=0 tx=0).stop
2024-09-10T11:03:58.578 INFO:teuthology.orchestra.run.smithi045.stderr:2024-09-10T11:03:58.575+0000 7f11fd400640 1 -- 172.21.15.45:0/3603193562 >> 172.21.15.45:0/3603193562 conn(0x7f11f80fcdb0 msgr2=0x7f11f80ff1d0 unknown :-1 s=STATE_NONE l=0).mark_down
2024-09-10T11:03:58.578 INFO:teuthology.orchestra.run.smithi045.stderr:2024-09-10T11:03:58.575+0000 7f11fd400640 1 -- 172.21.15.45:0/3603193562 shutdown_connections
2024-09-10T11:03:58.578 INFO:teuthology.orchestra.run.smithi045.stderr:2024-09-10T11:03:58.575+0000 7f11fd400640 1 -- 172.21.15.45:0/3603193562 wait complete.
2024-09-10T11:03:58.578 INFO:teuthology.orchestra.run.smithi045.stderr:2024-09-10T11:03:58.576+0000 7f11fd400640 1 Processor -- start
2024-09-10T11:03:58.578 INFO:teuthology.orchestra.run.smithi045.stderr:2024-09-10T11:03:58.576+0000 7f11fd400640 1 -- start start
2024-09-10T11:03:58.579 INFO:teuthology.orchestra.run.smithi045.stderr:2024-09-10T11:03:58.576+0000 7f11fd400640 1 --2- >> [v2:172.21.15.45:3300/0,v1:172.21.15.45:6789/0] conn(0x7f11f8101600 0x7f11f8199070 unknown :-1 s=NONE pgs=0 cs=0 l=1 rev1=0 crypto rx=0 tx=0 comp rx=0 tx=0).connect
2024-09-10T11:03:58.580 INFO:teuthology.orchestra.run.smithi045.stderr:2024-09-10T11:03:58.576+0000 7f11fd400640 1 -- --> [v2:172.21.15.45:3300/0,v1:172.21.15.45:6789/0] -- mon_getmap magic: 0 -- 0x7f11f81079a0 con 0x7f11f8101600
2024-09-10T11:03:58.580 INFO:teuthology.orchestra.run.smithi045.stderr:2024-09-10T11:03:58.577+0000 7f11f6800640 1 --2- >> [v2:172.21.15.45:3300/0,v1:172.21.15.45:6789/0] conn(0x7f11f8101600 0x7f11f8199070 unknown :-1 s=BANNER_CONNECTING pgs=0 cs=0 l=1 rev1=0 crypto rx=0 tx=0 comp rx=0 tx=0)._handle_peer_banner_payload supported=3 required=0
2024-09-10T11:03:58.580 INFO:teuthology.orchestra.run.smithi045.stderr:2024-09-10T11:03:58.577+0000 7f11f6800640 1 --2- >> [v2:172.21.15.45:3300/0,v1:172.21.15.45:6789/0] conn(0x7f11f8101600 0x7f11f8199070 unknown :-1 s=HELLO_CONNECTING pgs=0 cs=0 l=1 rev1=1 crypto rx=0 tx=0 comp rx=0 tx=0).handle_hello peer v2:172.21.15.45:3300/0 says I am v2:172.21.15.45:55600/0 (socket says 172.21.15.45:55600)
2024-09-10T11:03:58.580 INFO:teuthology.orchestra.run.smithi045.stderr:2024-09-10T11:03:58.577+0000 7f11f6800640 1 -- 172.21.15.45:0/2842534229 learned_addr learned my addr 172.21.15.45:0/2842534229 (peer_addr_for_me v2:172.21.15.45:0/0)
2024-09-10T11:03:58.580 INFO:teuthology.orchestra.run.smithi045.stderr:2024-09-10T11:03:58.577+0000 7f11f6800640 1 -- 172.21.15.45:0/2842534229 --> [v2:172.21.15.45:3300/0,v1:172.21.15.45:6789/0] -- mon_subscribe({config=0+,monmap=0+}) -- 0x7f11f81995b0 con 0x7f11f8101600
2024-09-10T11:03:58.580 INFO:teuthology.orchestra.run.smithi045.stderr:2024-09-10T11:03:58.577+0000 7f11f6800640 1 --2- 172.21.15.45:0/2842534229 >> [v2:172.21.15.45:3300/0,v1:172.21.15.45:6789/0] conn(0x7f11f8101600 0x7f11f8199070 secure :-1 s=READY pgs=77 cs=0 l=1 rev1=1 crypto rx=0x7f11e8031510 tx=0x7f11e80045e0 comp rx=0 tx=0).ready entity=mon.0 client_cookie=0 server_cookie=0 in_seq=0 out_seq=0
2024-09-10T11:03:58.580 INFO:teuthology.orchestra.run.smithi045.stderr:2024-09-10T11:03:58.578+0000 7f11ef400640 1 -- 172.21.15.45:0/2842534229 <== mon.0 v2:172.21.15.45:3300/0 1 ==== mon_map magic: 0 ==== 205+0+0 (secure 0 0 0) 0x7f11e803f070 con 0x7f11f8101600
2024-09-10T11:03:58.580 INFO:teuthology.orchestra.run.smithi045.stderr:2024-09-10T11:03:58.578+0000 7f11ef400640 1 -- 172.21.15.45:0/2842534229 <== mon.0 v2:172.21.15.45:3300/0 2 ==== config(29 keys) ==== 1209+0+0 (secure 0 0 0) 0x7f11e8005550 con 0x7f11f8101600
2024-09-10T11:03:58.580 INFO:teuthology.orchestra.run.smithi045.stderr:2024-09-10T11:03:58.578+0000 7f11fd400640 1 -- 172.21.15.45:0/2842534229 --> [v2:172.21.15.45:3300/0,v1:172.21.15.45:6789/0] -- mon_subscribe({mgrmap=0+}) -- 0x7f11f8199840 con 0x7f11f8101600
2024-09-10T11:03:58.580 INFO:teuthology.orchestra.run.smithi045.stderr:2024-09-10T11:03:58.578+0000 7f11ef400640 1 -- 172.21.15.45:0/2842534229 <== mon.0 v2:172.21.15.45:3300/0 3 ==== mon_map magic: 0 ==== 205+0+0 (secure 0 0 0) 0x7f11e8035030 con 0x7f11f8101600
2024-09-10T11:03:58.581 INFO:teuthology.orchestra.run.smithi045.stderr:2024-09-10T11:03:58.578+0000 7f11fd400640 1 -- 172.21.15.45:0/2842534229 --> [v2:172.21.15.45:3300/0,v1:172.21.15.45:6789/0] -- mon_subscribe({osdmap=0}) -- 0x7f11f819c530 con 0x7f11f8101600
2024-09-10T11:03:58.581 INFO:teuthology.orchestra.run.smithi045.stderr:2024-09-10T11:03:58.579+0000 7f11ef400640 1 -- 172.21.15.45:0/2842534229 <== mon.0 v2:172.21.15.45:3300/0 4 ==== mgrmap(e 13) ==== 46343+0+0 (secure 0 0 0) 0x7f11e8042070 con 0x7f11f8101600
