2024-09-10T11:20:38.580+0000 7fd8477fe700 1 -- 172.21.15.144:0/3951954150 <== mon.0 v2:172.21.15.144:3300/0 2 ==== config(27 keys) v1 ==== 1101+0+0 (secure 0 0 0) 0x7fd84c003b60 con 0x7fd850106080
2024-09-10T11:20:44.843 INFO:teuthology.orchestra.run.smithi144.stdout:/usr/bin/ceph: stderr
2024-09-10T11:20:38.580+0000 7fd85872d700 1 -- 172.21.15.144:0/3951954150 --> [v2:172.21.15.144:3300/0,v1:172.21.15.144:6789/0] -- mon_subscribe({mgrmap=0+}) v3 -- 0x7fd85019c7a0 con 0x7fd850106080
2024-09-10T11:20:44.843 INFO:teuthology.orchestra.run.smithi144.stdout:/usr/bin/ceph: stderr
2024-09-10T11:20:38.581+0000 7fd8477fe700 1 -- 172.21.15.144:0/3951954150 <== mon.0 v2:172.21.15.144:3300/0 3 ==== mon_map magic: 0 v1 ==== 229+0+0 (secure 0 0 0) 0x7fd84c019920 con 0x7fd850106080
2024-09-10T11:20:44.843 INFO:teuthology.orchestra.run.smithi144.stdout:/usr/bin/ceph: stderr
2024-09-10T11:20:38.581+0000 7fd85872d700 1 -- 172.21.15.144:0/3951954150 --> [v2:172.21.15.144:3300/0,v1:172.21.15.144:6789/0] -- mon_subscribe({osdmap=0}) v3 -- 0x7fd85019cbc0 con 0x7fd850106080
2024-09-10T11:20:44.843 INFO:teuthology.orchestra.run.smithi144.stdout:/usr/bin/ceph: stderr
2024-09-10T11:20:38.581+0000 7fd8477fe700 1 -- 172.21.15.144:0/3951954150 <== mon.0 v2:172.21.15.144:3300/0 4 ==== mgrmap(e 9) v1 ==== 45097+0+0 (secure 0 0 0) 0x7fd84c019be0 con 0x7fd850106080
2024-09-10T11:20:44.843 INFO:teuthology.orchestra.run.smithi144.stdout:/usr/bin/ceph: stderr
2024-09-10T11:20:38.582+0000 7fd8477fe700 1 --2- 172.21.15.144:0/3951954150 >> [v2:172.21.15.144:6800/2,v1:172.21.15.144:6801/2] conn(0x7fd83c0383f0 0x7fd83c03a8a0 unknown :-1 s=NONE pgs=0 cs=0 l=1 rev1=0 crypto rx=0 tx=0 comp rx=0 tx=0).connect
2024-09-10T11:20:44.843 INFO:teuthology.orchestra.run.smithi144.stdout:/usr/bin/ceph: stderr
2024-09-10T11:20:38.582+0000 7fd85872d700 1 -- 172.21.15.144:0/3951954150 --> [v2:172.21.15.144:6800/2,v1:172.21.15.144:6801/2] -- command(tid 0: {"prefix": "get_command_descriptions"}) v1 -- 0x7fd850062380 con 0x7fd83c0383f0
2024-09-10T11:20:44.843 INFO:teuthology.orchestra.run.smithi144.stdout:/usr/bin/ceph: stderr
2024-09-10T11:20:38.582+0000 7fd8477fe700 1 -- 172.21.15.144:0/3951954150 <== mon.0 v2:172.21.15.144:3300/0 5 ==== osd_map(2..2 src has 1..2) v4 ==== 940+0+0 (secure 0 0 0) 0x7fd84c04c540 con 0x7fd850106080
2024-09-10T11:20:44.843 INFO:teuthology.orchestra.run.smithi144.stdout:/usr/bin/ceph: stderr
2024-09-10T11:20:38.582+0000 7fd855cc8700 1 -- 172.21.15.144:0/3951954150 >> [v2:172.21.15.144:6800/2,v1:172.21.15.144:6801/2] conn(0x7fd83c0383f0 msgr2=0x7fd83c03a8a0 unknown :-1 s=STATE_CONNECTING_RE l=1).process reconnect failed to v2:172.21.15.144:6800/2
2024-09-10T11:20:44.844 INFO:teuthology.orchestra.run.smithi144.stdout:/usr/bin/ceph: stderr
2024-09-10T11:20:38.582+0000 7fd855cc8700 1 --2- 172.21.15.144:0/3951954150 >> [v2:172.21.15.144:6800/2,v1:172.21.15.144:6801/2] conn(0x7fd83c0383f0 0x7fd83c03a8a0 unknown :-1 s=START_CONNECT pgs=0 cs=0 l=1 rev1=0 crypto rx=0 tx=0 comp rx=0 tx=0)._fault waiting 0.200000
2024-09-10T11:20:44.844 INFO:teuthology.orchestra.run.smithi144.stdout:/usr/bin/ceph: stderr
2024-09-10T11:20:38.783+0000 7fd855cc8700 1 -- 172.21.15.144:0/3951954150 >> [v2:172.21.15.144:6800/2,v1:172.21.15.144:6801/2] conn(0x7fd83c0383f0 msgr2=0x7fd83c03a8a0 unknown :-1 s=STATE_CONNECTING_RE l=1).process reconnect failed to v2:172.21.15.144:6800/2
2024-09-10T11:20:44.844 INFO:teuthology.orchestra.run.smithi144.stdout:/usr/bin/ceph: stderr
2024-09-10T11:20:38.783+0000 7fd855cc8700 1 --2- 172.21.15.144:0/3951954150 >> [v2:172.21.15.144:6800/2,v1:172.21.15.144:6801/2] conn(0x7fd83c0383f0 0x7fd83c03a8a0 unknown :-1 s=START_CONNECT pgs=0 cs=0 l=1 rev1=0 crypto rx=0 tx=0 comp rx=0 tx=0)._fault waiting 0.400000
2024-09-10T11:20:44.844 INFO:teuthology.orchestra.run.smithi144.stdout:/usr/bin/ceph: stderr
2024-09-10T11:20:39.184+0000 7fd855cc8700 1 -- 172.21.15.144:0/3951954150 >> [v2:172.21.15.144:6800/2,v1:172.21.15.144:6801/2] conn(0x7fd83c0383f0 msgr2=0x7fd83c03a8a0 unknown :-1 s=STATE_CONNECTING_RE l=1).process reconnect failed to v2:172.21.15.144:6800/2
2024-09-10T11:20:44.844 INFO:teuthology.orchestra.run.smithi144.stdout:/usr/bin/ceph: stderr
2024-09-10T11:20:39.184+0000 7fd855cc8700 1 --2- 172.21.15.144:0/3951954150 >> [v2:172.21.15.144:6800/2,v1:172.21.15.144:6801/2] conn(0x7fd83c0383f0 0x7fd83c03a8a0 unknown :-1 s=START_CONNECT pgs=0 cs=0 l=1 rev1=0 crypto rx=0 tx=0 comp rx=0 tx=0)._fault waiting 0.800000
2024-09-10T11:20:44.844 INFO:teuthology.orchestra.run.smithi144.stdout:/usr/bin/ceph: stderr
2024-09-10T11:20:39.985+0000 7fd855cc8700 1 -- 172.21.15.144:0/3951954150 >> [v2:172.21.15.144:6800/2,v1:172.21.15.144:6801/2] conn(0x7fd83c0383f0 msgr2=0x7fd83c03a8a0 unknown :-1 s=STATE_CONNECTING_RE l=1).process reconnect failed to v2:172.21.15.144:6800/2
2024-09-10T11:20:44.844 INFO:teuthology.orchestra.run.smithi144.stdout:/usr/bin/ceph: stderr
2024-09-10T11:20:39.985+0000 7fd855cc8700 1 --2- 172.21.15.144:0/3951954150 >> [v2:172.21.15.144:6800/2,v1:172.21.15.144:6801/2] conn(0x7fd83c0383f0 0x7fd83c03a8a0 unknown :-1 s=START_CONNECT pgs=0 cs=0 l=1 rev1=0 crypto rx=0 tx=0 comp rx=0 tx=0)._fault waiting 1.600000
2024-09-10T11:20:44.844 INFO:teuthology.orchestra.run.smithi144.stdout:/usr/bin/ceph: stderr
2024-09-10T11:20:41.586+0000 7fd855cc8700 1 -- 172.21.15.144:0/3951954150 >> [v2:172.21.15.144:6800/2,v1:172.21.15.144:6801/2] conn(0x7fd83c0383f0 msgr2=0x7fd83c03a8a0 unknown :-1 s=STATE_CONNECTING_RE l=1).process reconnect failed to v2:172.21.15.144:6800/2
2024-09-10T11:20:44.844 INFO:teuthology.orchestra.run.smithi144.stdout:/usr/bin/ceph: stderr
2024-09-10T11:20:41.586+0000 7fd855cc8700 1 --2- 172.21.15.144:0/3951954150 >> [v2:172.21.15.144:6800/2,v1:172.21.15.144:6801/2] conn(0x7fd83c0383f0 0x7fd83c03a8a0 unknown :-1 s=START_CONNECT pgs=0 cs=0 l=1 rev1=0 crypto rx=0 tx=0 comp rx=0 tx=0)._fault waiting 3.200000
2024-09-10T11:20:44.844 INFO:teuthology.orchestra.run.smithi144.stdout:/usr/bin/ceph: stderr
2024-09-10T11:20:42.966+0000 7fd8477fe700 1 -- 172.21.15.144:0/3951954150 <== mon.0 v2:172.21.15.144:3300/0 6 ==== mgrmap(e 10) v1 ==== 44864+0+0 (secure 0 0 0) 0x7fd84c02c3a0 con 0x7fd850106080
2024-09-10T11:20:44.844 INFO:teuthology.orchestra.run.smithi144.stdout:/usr/bin/ceph: stderr
2024-09-10T11:20:42.967+0000 7fd8477fe700 1 -- 172.21.15.144:0/3951954150 >> [v2:172.21.15.144:6800/2,v1:172.21.15.144:6801/2] conn(0x7fd83c0383f0 msgr2=0x7fd83c03a8a0 unknown :-1 s=STATE_CONNECTING l=1).mark_down
2024-09-10T11:20:44.844 INFO:teuthology.orchestra.run.smithi144.stdout:/usr/bin/ceph: stderr
2024-09-10T11:20:42.967+0000 7fd8477fe700 1 --2- 172.21.15.144:0/3951954150 >> [v2:172.21.15.144:6800/2,v1:172.21.15.144:6801/2] conn(0x7fd83c0383f0 0x7fd83c03a8a0 unknown :-1 s=START_CONNECT pgs=0 cs=0 l=1 rev1=0 crypto rx=0 tx=0 comp rx=0 tx=0).stop
2024-09-10T11:20:44.844 INFO:teuthology.orchestra.run.smithi144.stdout:/usr/bin/ceph: stderr
2024-09-10T11:20:43.968+0000 7fd8477fe700 1 -- 172.21.15.144:0/3951954150 <== mon.0 v2:172.21.15.144:3300/0 7 ==== mgrmap(e 11) v1 ==== 44991+0+0 (secure 0 0 0) 0x7fd84c018350 con 0x7fd850106080
2024-09-10T11:20:44.845 INFO:teuthology.orchestra.run.smithi144.stdout:/usr/bin/ceph: stderr
2024-09-10T11:20:43.968+0000 7fd8477fe700 1 --2- 172.21.15.144:0/3951954150 >> [v2:172.21.15.144:6800/2,v1:172.21.15.144:6801/2] conn(0x7fd83c0383f0 0x7fd83c03a8a0 unknown :-1 s=NONE pgs=0 cs=0 l=1 rev1=0 crypto rx=0 tx=0 comp rx=0 tx=0).connect
2024-09-10T11:20:44.845 INFO:teuthology.orchestra.run.smithi144.stdout:/usr/bin/ceph: stderr
2024-09-10T11:20:43.968+0000 7fd8477fe700 1 -- 172.21.15.144:0/3951954150 --> [v2:172.21.15.144:6800/2,v1:172.21.15.144:6801/2] -- command(tid 0: {"prefix": "get_command_descriptions"}) v1 -- 0x7fd850062380 con 0x7fd83c0383f0
2024-09-10T11:20:44.845 INFO:teuthology.orchestra.run.smithi144.stdout:/usr/bin/ceph: stderr
2024-09-10T11:20:43.968+0000 7fd855cc8700 1 --2- 172.21.15.144:0/3951954150 >> [v2:172.21.15.144:6800/2,v1:172.21.15.144:6801/2] conn(0x7fd83c0383f0 0x7fd83c03a8a0 unknown :-1 s=BANNER_CONNECTING pgs=0 cs=0 l=1 rev1=0 crypto rx=0 tx=0 comp rx=0 tx=0)._handle_peer_banner_payload supported=3 required=0
2024-09-10T11:20:44.845 INFO:teuthology.orchestra.run.smithi144.stdout:/usr/bin/ceph: stderr
2024-09-10T11:20:43.969+0000 7fd855cc8700 1 --2- 172.21.15.144:0/3951954150 >> [v2:172.21.15.144:6800/2,v1:172.21.15.144:6801/2] conn(0x7fd83c0383f0 0x7fd83c03a8a0 secure :-1 s=READY pgs=4 cs=0 l=1 rev1=1 crypto rx=0x7fd840003a10 tx=0x7fd8400092b0 comp rx=0 tx=0).ready entity=mgr.14164 client_cookie=0 server_cookie=0 in_seq=0 out_seq=0
2024-09-10T11:20:44.845 INFO:teuthology.orchestra.run.smithi144.stdout:/usr/bin/ceph: stderr
2024-09-10T11:20:43.969+0000 7fd8477fe700 1 -- 172.21.15.144:0/3951954150 <== mgr.14164 v2:172.21.15.144:6800/2 1 ==== command_reply(tid 0: 0 ) v1 ==== 8+0+6910 (secure 0 0 0) 0x7fd850062380 con 0x7fd83c0383f0
2024-09-10T11:20:44.845 INFO:teuthology.orchestra.run.smithi144.stdout:/usr/bin/ceph: stderr
2024-09-10T11:20:43.976+0000 7fd85872d700 1 -- 172.21.15.144:0/3951954150 --> [v2:172.21.15.144:6800/2,v1:172.21.15.144:6801/2] -- command(tid 1: {"prefix": "mgr_status"}) v1 -- 0x7fd8501043d0 con 0x7fd83c0383f0
2024-09-10T11:20:44.845 INFO:teuthology.orchestra.run.smithi144.stdout:/usr/bin/ceph: stderr
2024-09-10T11:20:43.976+0000 7fd8477fe700 1 -- 172.21.15.144:0/3951954150 <== mgr.14164 v2:172.21.15.144:6800/2 2 ==== command_reply(tid 1: 0 ) v1 ==== 8+0+52 (secure 0 0 0) 0x7fd8501043d0 con 0x7fd83c0383f0
2024-09-10T11:20:44.845 INFO:teuthology.orchestra.run.smithi144.stdout:/usr/bin/ceph: stderr
2024-09-10T11:20:43.976+0000 7fd85872d700 1 -- 172.21.15.144:0/3951954150 >> [v2:172.21.15.144:6800/2,v1:172.21.15.144:6801/2] conn(0x7fd83c0383f0 msgr2=0x7fd83c03a8a0 secure :-1 s=STATE_CONNECTION_ESTABLISHED l=1).mark_down
2024-09-10T11:20:44.845 INFO:teuthology.orchestra.run.smithi144.stdout:/usr/bin/ceph: stderr
2024-09-10T11:20:43.976+0000 7fd85872d700 1 --2- 172.21.15.144:0/3951954150 >> [v2:172.21.15.144:6800/2,v1:172.21.15.144:6801/2] conn(0x7fd83c0383f0 0x7fd83c03a8a0 secure :-1 s=READY pgs=4 cs=0 l=1 rev1=1 crypto rx=0x7fd840003a10 tx=0x7fd8400092b0 comp rx=0 tx=0).stop
2024-09-10T11:20:44.845 INFO:teuthology.orchestra.run.smithi144.stdout:/usr/bin/ceph: stderr
2024-09-10T11:20:43.976+0000 7fd85872d700 1 -- 172.21.15.144:0/3951954150 >> [v2:172.21.15.144:3300/0,v1:172.21.15.144:6789/0] conn(0x7fd850106080 msgr2=0x7fd850104830 secure :-1 s=STATE_CONNECTION_ESTABLISHED l=1).mark_down
2024-09-10T11:20:44.845 INFO:teuthology.orchestra.run.smithi144.stdout:/usr/bin/ceph: stderr
2024-09-10T11:20:43.976+0000 7fd85872d700 1 --2- 172.21.15.144:0/3951954150 >> [v2:172.21.15.144:3300/0,v1:172.21.15.144:6789/0] conn(0x7fd850106080 0x7fd850104830 secure :-1 s=READY pgs=74 cs=0 l=1 rev1=1 crypto rx=0x7fd84c006ba0 tx=0x7fd84c0047c0 comp rx=0 tx=0).stop
2024-09-10T11:20:44.845 INFO:teuthology.orchestra.run.smithi144.stdout:/usr/bin/ceph: stderr
2024-09-10T11:20:43.976+0000 7fd85872d700 1 -- 172.21.15.144:0/3951954150 shutdown_connections
2024-09-10T11:20:44.845 INFO:teuthology.orchestra.run.smithi144.stdout:/usr/bin/ceph: stderr
2024-09-10T11:20:43.976+0000 7fd85872d700 1 --2- 172.21.15.144:0/3951954150 >> [v2:172.21.15.144:6800/2,v1:172.21.15.144:6801/2] conn(0x7fd83c0383f0 0x7fd83c03a8a0 unknown :-1 s=CLOSED pgs=4 cs=0 l=1 rev1=1 crypto rx=0 tx=0 comp rx=0 tx=0).stop
2024-09-10T11:20:44.845 INFO:teuthology.orchestra.run.smithi144.stdout:/usr/bin/ceph: stderr
2024-09-10T11:20:43.976+0000 7fd85872d700 1 --2- 172.21.15.144:0/3951954150 >> [v2:172.21.15.144:3300/0,v1:172.21.15.144:6789/0] conn(0x7fd850106080 0x7fd850104830 unknown :-1 s=CLOSED pgs=74 cs=0 l=1 rev1=1 crypto rx=0 tx=0 comp rx=0 tx=0).stop
2024-09-10T11:20:44.846 INFO:teuthology.orchestra.run.smithi144.stdout:/usr/bin/ceph: stderr
2024-09-10T11:20:43.976+0000 7fd85872d700 1 -- 172.21.15.144:0/3951954150 >> 172.21.15.144:0/3951954150 conn(0x7fd8500ff880 msgr2=0x7fd850100620 unknown :-1 s=STATE_NONE l=0).mark_down
2024-09-10T11:20:44.846 INFO:teuthology.orchestra.run.smithi144.stdout:/usr/bin/ceph: stderr
2024-09-10T11:20:43.976+0000 7fd85872d700 1 -- 172.21.15.144:0/3951954150 shutdown_connections
2024-09-10T11:20:44.846 INFO:teuthology.orchestra.run.smithi144.stdout:/usr/bin/ceph: stderr
2024-09-10T11:20:43.976+0000 7fd85872d700 1 -- 172.21.15.144:0/3951954150 wait complete.
2024-09-10T11:20:44.846 INFO:teuthology.orchestra.run.smithi144.stdout:mgr epoch 9 is available
2024-09-10T11:20:44.846 INFO:teuthology.orchestra.run.smithi144.stdout:Generating a dashboard self-signed certificate...
2024-09-10T11:20:45.184 INFO:journalctl@ceph.mon.smithi144.smithi144.stdout:Sep 10 11:20:44 smithi144 ceph-mon[27942]: [10/Sep/2024:11:20:43] ENGINE Bus STARTING
2024-09-10T11:20:45.184 INFO:journalctl@ceph.mon.smithi144.smithi144.stdout:Sep 10 11:20:44 smithi144 ceph-mon[27942]: [10/Sep/2024:11:20:43] ENGINE Serving on http://172.21.15.144:8765
2024-09-10T11:20:45.184 INFO:journalctl@ceph.mon.smithi144.smithi144.stdout:Sep 10 11:20:44 smithi144 ceph-mon[27942]: [10/Sep/2024:11:20:43] ENGINE Serving on https://172.21.15.144:7150
2024-09-10T11:20:45.184 INFO:journalctl@ceph.mon.smithi144.smithi144.stdout:Sep 10 11:20:44 smithi144 ceph-mon[27942]: [10/Sep/2024:11:20:43] ENGINE Bus STARTED
2024-09-10T11:20:45.184 INFO:journalctl@ceph.mon.smithi144.smithi144.stdout:Sep 10 11:20:44 smithi144 ceph-mon[27942]: from='client.14168 -' entity='client.admin' cmd=[{"prefix": "get_command_descriptions"}]: dispatch
2024-09-10T11:20:45.184 INFO:journalctl@ceph.mon.smithi144.smithi144.stdout:Sep 10 11:20:44 smithi144 ceph-mon[27942]: mgrmap e11: smithi144.bkogfs(active, since 1.00583s)
2024-09-10T11:20:45.185 INFO:journalctl@ceph.mon.smithi144.smithi144.stdout:Sep 10 11:20:44 smithi144 ceph-mon[27942]: from='client.14168 -' entity='client.admin' cmd=[{"prefix": "mgr_status"}]: dispatch
2024-09-10T11:20:46.246 INFO:journalctl@ceph.mon.smithi144.smithi144.stdout:Sep 10 11:20:45 smithi144 ceph-mon[27942]: mgrmap e12: smithi144.bkogfs(active, since 2s)
2024-09-10T11:20:46.246 INFO:journalctl@ceph.mon.smithi144.smithi144.stdout:Sep 10 11:20:45 smithi144 ceph-mon[27942]: from='mgr.14164 172.21.15.144:0/2' entity='mgr.smithi144.bkogfs'
2024-09-10T11:20:46.246 INFO:journalctl@ceph.mon.smithi144.smithi144.stdout:Sep 10 11:20:45 smithi144 ceph-mon[27942]: from='mgr.14164 172.21.15.144:0/2' entity='mgr.smithi144.bkogfs'
2024-09-10T11:20:46.246 INFO:journalctl@ceph.mon.smithi144.smithi144.stdout:Sep 10 11:20:45 smithi144 ceph-mon[27942]: from='mgr.14164 172.21.15.144:0/2' entity='mgr.smithi144.bkogfs'
2024-09-10T11:20:46.253 INFO:teuthology.orchestra.run.smithi144.stdout:/usr/bin/ceph: stdout Self-signed certificate created
2024-09-10T11:20:46.253 INFO:teuthology.orchestra.run.smithi144.stdout:/usr/bin/ceph: stderr
2024-09-10T11:20:45.294+0000 7fd9eb3bd700 1 Processor -- start
2024-09-10T11:20:46.253 INFO:teuthology.orchestra.run.smithi144.stdout:/usr/bin/ceph: stderr
2024-09-10T11:20:45.295+0000 7fd9eb3bd700 1 -- start start
2024-09-10T11:20:46.253 INFO:teuthology.orchestra.run.smithi144.stdout:/usr/bin/ceph: stderr
2024-09-10T11:20:45.295+0000 7fd9eb3bd700 1 --2- >> [v2:172.21.15.144:3300/0,v1:172.21.15.144:6789/0] conn(0x7fd9e4103e70 0x7fd9e4104280 unknown :-1 s=NONE pgs=0 cs=0 l=0 rev1=0 crypto rx=0 tx=0 comp rx=0 tx=0).connect
2024-09-10T11:20:46.253 INFO:teuthology.orchestra.run.smithi144.stdout:/usr/bin/ceph: stderr
2024-09-10T11:20:45.295+0000 7fd9eb3bd700 1 -- --> [v2:172.21.15.144:3300/0,v1:172.21.15.144:6789/0] -- mon_getmap magic: 0 v1 -- 0x7fd9e41047c0 con 0x7fd9e4103e70
2024-09-10T11:20:46.253 INFO:teuthology.orchestra.run.smithi144.stdout:/usr/bin/ceph: stderr
2024-09-10T11:20:45.295+0000 7fd9e9159700 1 --2- >> [v2:172.21.15.144:3300/0,v1:172.21.15.144:6789/0] conn(0x7fd9e4103e70 0x7fd9e4104280 unknown :-1 s=BANNER_CONNECTING pgs=0 cs=0 l=0 rev1=0 crypto rx=0 tx=0 comp rx=0 tx=0)._handle_peer_banner_payload supported=3 required=0
2024-09-10T11:20:46.253 INFO:teuthology.orchestra.run.smithi144.stdout:/usr/bin/ceph: stderr
2024-09-10T11:20:45.295+0000 7fd9e9159700 1 --2- >> [v2:172.21.15.144:3300/0,v1:172.21.15.144:6789/0] conn(0x7fd9e4103e70 0x7fd9e4104280 unknown :-1 s=HELLO_CONNECTING pgs=0 cs=0 l=0 rev1=1 crypto rx=0 tx=0 comp rx=0 tx=0).handle_hello peer v2:172.21.15.144:3300/0 says I am v2:172.21.15.144:35960/0 (socket says 172.21.15.144:35960)
2024-09-10T11:20:46.253 INFO:teuthology.orchestra.run.smithi144.stdout:/usr/bin/ceph: stderr
2024-09-10T11:20:45.295+0000 7fd9e9159700 1 -- 172.21.15.144:0/2894433506 learned_addr learned my addr 172.21.15.144:0/2894433506 (peer_addr_for_me v2:172.21.15.144:0/0)
2024-09-10T11:20:46.253 INFO:teuthology.orchestra.run.smithi144.stdout:/usr/bin/ceph: stderr
2024-09-10T11:20:45.295+0000 7fd9e9159700 1 -- 172.21.15.144:0/2894433506 --> [v2:172.21.15.144:3300/0,v1:172.21.15.144:6789/0] -- mon_subscribe({config=0+,monmap=0+}) v3 -- 0x7fd9e4104900 con 0x7fd9e4103e70
2024-09-10T11:20:46.253 INFO:teuthology.orchestra.run.smithi144.stdout:/usr/bin/ceph: stderr
2024-09-10T11:20:45.295+0000 7fd9e9159700 1 --2- 172.21.15.144:0/2894433506 >> [v2:172.21.15.144:3300/0,v1:172.21.15.144:6789/0] conn(0x7fd9e4103e70 0x7fd9e4104280 secure :-1 s=READY pgs=82 cs=0 l=1 rev1=1 crypto rx=0x7fd9d4009e80 tx=0x7fd9d400b330 comp rx=0 tx=0).ready entity=mon.0 client_cookie=5b77af79af658bb0 server_cookie=0 in_seq=0 out_seq=0
2024-09-10T11:20:46.254 INFO:teuthology.orchestra.run.smithi144.stdout:/usr/bin/ceph: stderr
2024-09-10T11:20:45.296+0000 7fd9e3fff700 1 -- 172.21.15.144:0/2894433506 <== mon.0 v2:172.21.15.144:3300/0 1 ==== mon_map magic: 0 v1 ==== 229+0+0 (secure 0 0 0) 0x7fd9d400e070 con 0x7fd9e4103e70
2024-09-10T11:20:46.254 INFO:teuthology.orchestra.run.smithi144.stdout:/usr/bin/ceph: stderr
2024-09-10T11:20:45.296+0000 7fd9e3fff700 1 -- 172.21.15.144:0/2894433506 <== mon.0 v2:172.21.15.144:3300/0 2 ==== config(27 keys) v1 ==== 1101+0+0 (secure 0 0 0) 0x7fd9d400b8c0 con 0x7fd9e4103e70
2024-09-10T11:20:46.254 INFO:teuthology.orchestra.run.smithi144.stdout:/usr/bin/ceph: stderr
2024-09-10T11:20:45.296+0000 7fd9e3fff700 1 -- 172.21.15.144:0/2894433506 <== mon.0 v2:172.21.15.144:3300/0 3 ==== mon_map magic: 0 v1 ==== 229+0+0 (secure 0 0 0) 0x7fd9d40044d0 con 0x7fd9e4103e70
2024-09-10T11:20:46.254 INFO:teuthology.orchestra.run.smithi144.stdout:/usr/bin/ceph: stderr
2024-09-10T11:20:45.296+0000 7fd9eb3bd700 1 -- 172.21.15.144:0/2894433506 >> [v2:172.21.15.144:3300/0,v1:172.21.15.144:6789/0] conn(0x7fd9e4103e70 msgr2=0x7fd9e4104280 secure :-1 s=STATE_CONNECTION_ESTABLISHED l=1).mark_down
2024-09-10T11:20:46.254 INFO:teuthology.orchestra.run.smithi144.stdout:/usr/bin/ceph: stderr
2024-09-10T11:20:45.296+0000 7fd9eb3bd700 1 --2- 172.21.15.144:0/2894433506 >> [v2:172.21.15.144:3300/0,v1:172.21.15.144:6789/0] conn(0x7fd9e4103e70 0x7fd9e4104280 secure :-1 s=READY pgs=82 cs=0 l=1 rev1=1 crypto rx=0x7fd9d4009e80 tx=0x7fd9d400b330 comp rx=0 tx=0).stop
2024-09-10T11:20:46.254 INFO:teuthology.orchestra.run.smithi144.stdout:/usr/bin/ceph: stderr
2024-09-10T11:20:45.296+0000 7fd9eb3bd700 1 -- 172.21.15.144:0/2894433506 shutdown_connections
2024-09-10T11:20:46.254 INFO:teuthology.orchestra.run.smithi144.stdout:/usr/bin/ceph: stderr
2024-09-10T11:20:45.296+0000 7fd9eb3bd700 1 --2- 172.21.15.144:0/2894433506 >> [v2:172.21.15.144:3300/0,v1:172.21.15.144:6789/0] conn(0x7fd9e4103e70 0x7fd9e4104280 unknown :-1 s=CLOSED pgs=82 cs=0 l=1 rev1=1 crypto rx=0 tx=0 comp rx=0 tx=0).stop
2024-09-10T11:20:46.254 INFO:teuthology.orchestra.run.smithi144.stdout:/usr/bin/ceph: stderr
2024-09-10T11:20:45.296+0000 7fd9eb3bd700 1 -- 172.21.15.144:0/2894433506 >> 172.21.15.144:0/2894433506 conn(0x7fd9e40ff870 msgr2=0x7fd9e4101c80 unknown :-1 s=STATE_NONE l=0).mark_down
2024-09-10T11:20:46.254 INFO:teuthology.orchestra.run.smithi144.stdout:/usr/bin/ceph: stderr
2024-09-10T11:20:45.296+0000 7fd9eb3bd700 1 -- 172.21.15.144:0/2894433506 shutdown_connections
2024-09-10T11:20:46.254 INFO:teuthology.orchestra.run.smithi144.stdout:/usr/bin/ceph: stderr
2024-09-10T11:20:45.296+0000 7fd9eb3bd700 1 -- 172.21.15.144:0/2894433506 wait complete.
2024-09-10T11:20:46.254 INFO:teuthology.orchestra.run.smithi144.stdout:/usr/bin/ceph: stderr
2024-09-10T11:20:45.297+0000 7fd9eb3bd700 1 Processor -- start
2024-09-10T11:20:46.254 INFO:teuthology.orchestra.run.smithi144.stdout:/usr/bin/ceph: stderr
2024-09-10T11:20:45.297+0000 7fd9eb3bd700 1 -- start start
2024-09-10T11:20:46.254 INFO:teuthology.orchestra.run.smithi144.stdout:/usr/bin/ceph: stderr
2024-09-10T11:20:45.297+0000 7fd9eb3bd700 1 --2- >> [v2:172.21.15.144:3300/0,v1:172.21.15.144:6789/0] conn(0x7fd9e4103e70 0x7fd9e4199900 unknown :-1 s=NONE pgs=0 cs=0 l=1 rev1=0 crypto rx=0 tx=0 comp rx=0 tx=0).connect
2024-09-10T11:20:46.255 INFO:teuthology.orchestra.run.smithi144.stdout:/usr/bin/ceph: stderr
2024-09-10T11:20:45.297+0000 7fd9eb3bd700 1 -- --> [v2:172.21.15.144:3300/0,v1:172.21.15.144:6789/0] -- mon_getmap magic: 0 v1 -- 0x7fd9e4199e40 con 0x7fd9e4103e70
2024-09-10T11:20:46.255 INFO:teuthology.orchestra.run.smithi144.stdout:/usr/bin/ceph: stderr
2024-09-10T11:20:45.297+0000 7fd9e9159700 1 --2- >> [v2:172.21.15.144:3300/0,v1:172.21.15.144:6789/0] conn(0x7fd9e4103e70 0x7fd9e4199900 unknown :-1 s=BANNER_CONNECTING pgs=0 cs=0 l=1 rev1=0 crypto rx=0 tx=0 comp rx=0 tx=0)._handle_peer_banner_payload supported=3 required=0
2024-09-10T11:20:46.255 INFO:teuthology.orchestra.run.smithi144.stdout:/usr/bin/ceph: stderr
2024-09-10T11:20:45.297+0000 7fd9e9159700 1 --2- >> [v2:172.21.15.144:3300/0,v1:172.21.15.144:6789/0] conn(0x7fd9e4103e70 0x7fd9e4199900 unknown :-1 s=HELLO_CONNECTING pgs=0 cs=0 l=1 rev1=1 crypto rx=0 tx=0 comp rx=0 tx=0).handle_hello peer v2:172.21.15.144:3300/0 says I am v2:172.21.15.144:35976/0 (socket says 172.21.15.144:35976)
2024-09-10T11:20:46.255 INFO:teuthology.orchestra.run.smithi144.stdout:/usr/bin/ceph: stderr
2024-09-10T11:20:45.297+0000 7fd9e9159700 1 -- 172.21.15.144:0/681131180 learned_addr learned my addr 172.21.15.144:0/681131180 (peer_addr_for_me v2:172.21.15.144:0/0)
2024-09-10T11:20:46.255 INFO:teuthology.orchestra.run.smithi144.stdout:/usr/bin/ceph: stderr
2024-09-10T11:20:45.298+0000 7fd9e9159700 1 -- 172.21.15.144:0/681131180 --> [v2:172.21.15.144:3300/0,v1:172.21.15.144:6789/0] -- mon_subscribe({config=0+,monmap=0+}) v3 -- 0x7fd9d4009b30 con 0x7fd9e4103e70
2024-09-10T11:20:46.255 INFO:teuthology.orchestra.run.smithi144.stdout:/usr/bin/ceph: stderr
2024-09-10T11:20:45.298+0000 7fd9e9159700 1 --2- 172.21.15.144:0/681131180 >> [v2:172.21.15.144:3300/0,v1:172.21.15.144:6789/0] conn(0x7fd9e4103e70 0x7fd9e4199900 secure :-1 s=READY pgs=83 cs=0 l=1 rev1=1 crypto rx=0x7fd9d40072a0 tx=0x7fd9d40049f0 comp rx=0 tx=0).ready entity=mon.0 client_cookie=0 server_cookie=0 in_seq=0 out_seq=0
2024-09-10T11:20:46.255 INFO:teuthology.orchestra.run.smithi144.stdout:/usr/bin/ceph: stderr
2024-09-10T11:20:45.298+0000 7fd9e27fc700 1 -- 172.21.15.144:0/681131180 <== mon.0 v2:172.21.15.144:3300/0 1 ==== mon_map magic: 0 v1 ==== 229+0+0 (secure 0 0 0) 0x7fd9d400e040 con 0x7fd9e4103e70
2024-09-10T11:20:46.255 INFO:teuthology.orchestra.run.smithi144.stdout:/usr/bin/ceph: stderr
2024-09-10T11:20:45.298+0000 7fd9e27fc700 1 -- 172.21.15.144:0/681131180 <== mon.0 v2:172.21.15.144:3300/0 2 ==== config(27 keys) v1 ==== 1101+0+0 (secure 0 0 0) 0x7fd9d400bd80 con 0x7fd9e4103e70
2024-09-10T11:20:46.255 INFO:teuthology.orchestra.run.smithi144.stdout:/usr/bin/ceph: stderr
2024-09-10T11:20:45.298+0000 7fd9e27fc700 1 -- 172.21.15.144:0/681131180 <== mon.0 v2:172.21.15.144:3300/0 3 ==== mon_map magic: 0 v1 ==== 229+0+0 (secure 0 0 0) 0x7fd9d40126c0 con 0x7fd9e4103e70
2024-09-10T11:20:46.255 INFO:teuthology.orchestra.run.smithi144.stdout:/usr/bin/ceph: stderr
2024-09-10T11:20:45.298+0000 7fd9eb3bd700 1 -- 172.21.15.144:0/681131180 --> [v2:172.21.15.144:3300/0,v1:172.21.15.144:6789/0] -- mon_subscribe({mgrmap=0+}) v3 -- 0x7fd9e419a040 con 0x7fd9e4103e70
2024-09-10T11:20:46.255 INFO:teuthology.orchestra.run.smithi144.stdout:/usr/bin/ceph: stderr
2024-09-10T11:20:45.298+0000 7fd9eb3bd700 1 -- 172.21.15.144:0/681131180 --> [v2:172.21.15.144:3300/0,v1:172.21.15.144:6789/0] -- mon_subscribe({osdmap=0}) v3 -- 0x7fd9e419a4c0 con 0x7fd9e4103e70
2024-09-10T11:20:46.255 INFO:teuthology.orchestra.run.smithi144.stdout:/usr/bin/ceph: stderr
2024-09-10T11:20:45.299+0000 7fd9eb3bd700 1 -- 172.21.15.144:0/681131180 --> [v2:172.21.15.144:3300/0,v1:172.21.15.144:6789/0] -- mon_command({"prefix": "get_command_descriptions"} v 0) v1 -- 0x7fd9e4062380 con 0x7fd9e4103e70
2024-09-10T11:20:46.255 INFO:teuthology.orchestra.run.smithi144.stdout:/usr/bin/ceph: stderr
2024-09-10T11:20:45.299+0000 7fd9e27fc700 1 -- 172.21.15.144:0/681131180 <== mon.0 v2:172.21.15.144:3300/0 4 ==== mgrmap(e 12) v1 ==== 45097+0+0 (secure 0 0 0) 0x7fd9d4019040 con 0x7fd9e4103e70
2024-09-10T11:20:46.255 INFO:teuthology.orchestra.run.smithi144.stdout:/usr/bin/ceph: stderr
2024-09-10T11:20:45.300+0000 7fd9e27fc700 1 --2- 172.21.15.144:0/681131180 >> [v2:172.21.15.144:6800/2,v1:172.21.15.144:6801/2] conn(0x7fd9cc038400 0x7fd9cc03a8b0 unknown :-1 s=NONE pgs=0 cs=0 l=1 rev1=0 crypto rx=0 tx=0 comp rx=0 tx=0).connect
2024-09-10T11:20:46.256 INFO:teuthology.orchestra.run.smithi144.stdout:/usr/bin/ceph: stderr
2024-09-10T11:20:45.300+0000 7fd9e27fc700 1 -- 172.21.15.144:0/681131180 <== mon.0 v2:172.21.15.144:3300/0 5 ==== osd_map(3..3 src has 1..3) v4 ==== 1069+0+0 (secure 0 0 0) 0x7fd9d40547e0 con 0x7fd9e4103e70
2024-09-10T11:20:46.256 INFO:teuthology.orchestra.run.smithi144.stdout:/usr/bin/ceph: stderr
2024-09-10T11:20:45.300+0000 7fd9e8958700 1 --2- 172.21.15.144:0/681131180 >> [v2:172.21.15.144:6800/2,v1:172.21.15.144:6801/2] conn(0x7fd9cc038400 0x7fd9cc03a8b0 unknown :-1 s=BANNER_CONNECTING pgs=0 cs=0 l=1 rev1=0 crypto rx=0 tx=0 comp rx=0 tx=0)._handle_peer_banner_payload supported=3 required=0
2024-09-10T11:20:46.256 INFO:teuthology.orchestra.run.smithi144.stdout:/usr/bin/ceph: stderr
2024-09-10T11:20:45.300+0000 7fd9e8958700 1 --2- 172.21.15.144:0/681131180 >> [v2:172.21.15.144:6800/2,v1:172.21.15.144:6801/2] conn(0x7fd9cc038400 0x7fd9cc03a8b0 secure :-1 s=READY pgs=7 cs=0 l=1 rev1=1 crypto rx=0x7fd9d8006fd0 tx=0x7fd9d8006e40 comp rx=0 tx=0).ready entity=mgr.14164 client_cookie=0 server_cookie=0 in_seq=0 out_seq=0
2024-09-10T11:20:46.256 INFO:teuthology.orchestra.run.smithi144.stdout:/usr/bin/ceph: stderr
2024-09-10T11:20:45.305+0000 7fd9e27fc700 1 -- 172.21.15.144:0/681131180 <== mon.0 v2:172.21.15.144:3300/0 6 ==== mon_command_ack([{"prefix": "get_command_descriptions"}]=0 v0) v1 ==== 72+0+177933 (secure 0 0 0) 0x7fd9d4051060 con 0x7fd9e4103e70
2024-09-10T11:20:46.256 INFO:teuthology.orchestra.run.smithi144.stdout:/usr/bin/ceph: stderr
2024-09-10T11:20:45.508+0000 7fd9eb3bd700 1 -- 172.21.15.144:0/681131180 --> [v2:172.21.15.144:6800/2,v1:172.21.15.144:6801/2] -- mgr_command(tid 0: {"prefix": "dashboard create-self-signed-cert", "target": ["mon-mgr", ""]}) v1 -- 0x7fd9e410a090 con 0x7fd9cc038400
2024-09-10T11:20:46.256 INFO:teuthology.orchestra.run.smithi144.stdout:/usr/bin/ceph: stderr
2024-09-10T11:20:45.683+0000 7fd9e27fc700 1 -- 172.21.15.144:0/681131180 <== mgr.14164 v2:172.21.15.144:6800/2 1 ==== mgr_command_reply(tid 0: 0 ) v1 ==== 8+0+32 (secure 0 0 0) 0x7fd9e410a090 con 0x7fd9cc038400
2024-09-10T11:20:46.256 INFO:teuthology.orchestra.run.smithi144.stdout:/usr/bin/ceph: stderr
2024-09-10T11:20:45.685+0000 7fd9eb3bd700 1 -- 172.21.15.144:0/681131180 >> [v2:172.21.15.144:6800/2,v1:172.21.15.144:6801/2] conn(0x7fd9cc038400 msgr2=0x7fd9cc03a8b0 secure :-1 s=STATE_CONNECTION_ESTABLISHED l=1).mark_down
2024-09-10T11:20:46.256 INFO:teuthology.orchestra.run.smithi144.stdout:/usr/bin/ceph: stderr
2024-09-10T11:20:45.685+0000 7fd9eb3bd700 1 --2- 172.21.15.144:0/681131180 >> [v2:172.21.15.144:6800/2,v1:172.21.15.144:6801/2] conn(0x7fd9cc038400 0x7fd9cc03a8b0 secure :-1 s=READY pgs=7 cs=0 l=1 rev1=1 crypto rx=0x7fd9d8006fd0 tx=0x7fd9d8006e40 comp rx=0 tx=0).stop
2024-09-10T11:20:46.256 INFO:teuthology.orchestra.run.smithi144.stdout:/usr/bin/ceph: stderr
2024-09-10T11:20:45.685+0000 7fd9eb3bd700 1 -- 172.21.15.144:0/681131180 >> [v2:172.21.15.144:3300/0,v1:172.21.15.144:6789/0] conn(0x7fd9e4103e70 msgr2=0x7fd9e4199900 secure :-1 s=STATE_CONNECTION_ESTABLISHED l=1).mark_down
2024-09-10T11:20:46.256 INFO:teuthology.orchestra.run.smithi144.stdout:/usr/bin/ceph: stderr
2024-09-10T11:20:45.685+0000 7fd9eb3bd700 1 --2- 172.21.15.144:0/681131180 >> [v2:172.21.15.144:3300/0,v1:172.21.15.144:6789/0] conn(0x7fd9e4103e70 0x7fd9e4199900 secure :-1 s=READY pgs=83 cs=0 l=1 rev1=1 crypto rx=0x7fd9d40072a0 tx=0x7fd9d40049f0 comp rx=0 tx=0).stop
2024-09-10T11:20:46.256 INFO:teuthology.orchestra.run.smithi144.stdout:/usr/bin/ceph: stderr
2024-09-10T11:20:45.685+0000 7fd9eb3bd700 1 -- 172.21.15.144:0/681131180 shutdown_connections
2024-09-10T11:20:46.256 INFO:teuthology.orchestra.run.smithi144.stdout:/usr/bin/ceph: stderr
2024-09-10T11:20:45.685+0000 7fd9eb3bd700 1 --2- 172.21.15.144:0/681131180 >> [v2:172.21.15.144:6800/2,v1:172.21.15.144:6801/2] conn(0x7fd9cc038400 0x7fd9cc03a8b0 unknown :-1 s=CLOSED pgs=7 cs=0 l=1 rev1=1 crypto rx=0 tx=0 comp rx=0 tx=0).stop
2024-09-10T11:20:46.256 INFO:teuthology.orchestra.run.smithi144.stdout:/usr/bin/ceph: stderr
2024-09-10T11:20:45.685+0000 7fd9eb3bd700 1 --2- 172.21.15.144:0/681131180 >> [v2:172.21.15.144:3300/0,v1:172.21.15.144:6789/0] conn(0x7fd9e4103e70 0x7fd9e4199900 unknown :-1 s=CLOSED pgs=83 cs=0 l=1 rev1=1 crypto rx=0 tx=0 comp rx=0 tx=0).stop
2024-09-10T11:20:46.257 INFO:teuthology.orchestra.run.smithi144.stdout:/usr/bin/ceph: stderr
2024-09-10T11:20:45.685+0000 7fd9eb3bd700 1 -- 172.21.15.144:0/681131180 >> 172.21.15.144:0/681131180 conn(0x7fd9e40ff870 msgr2=0x7fd9e4100640 unknown :-1 s=STATE_NONE l=0).mark_down
2024-09-10T11:20:46.257 INFO:teuthology.orchestra.run.smithi144.stdout:/usr/bin/ceph: stderr
2024-09-10T11:20:45.686+0000 7fd9eb3bd700 1 -- 172.21.15.144:0/681131180 shutdown_connections
2024-09-10T11:20:46.257 INFO:teuthology.orchestra.run.smithi144.stdout:/usr/bin/ceph: stderr
2024-09-10T11:20:45.686+0000 7fd9eb3bd700 1 -- 172.21.15.144:0/681131180 wait complete.
2024-09-10T11:20:46.257 INFO:teuthology.orchestra.run.smithi144.stdout:Creating initial admin user...
2024-09-10T11:20:47.183 INFO:journalctl@ceph.mon.smithi144.smithi144.stdout:Sep 10 11:20:46 smithi144 ceph-mon[27942]: from='client.14176 -' entity='client.admin' cmd=[{"prefix": "dashboard create-self-signed-cert", "target": ["mon-mgr", ""]}]: dispatch
2024-09-10T11:20:47.184 INFO:journalctl@ceph.mon.smithi144.smithi144.stdout:Sep 10 11:20:46 smithi144 ceph-mon[27942]: from='mgr.14164 172.21.15.144:0/2' entity='mgr.smithi144.bkogfs'
2024-09-10T11:20:48.217 INFO:journalctl@ceph.mon.smithi144.smithi144.stdout:Sep 10 11:20:48 smithi144 ceph-mon[27942]: from='client.14178 -' entity='client.admin' cmd=[{"prefix": "dashboard ac-user-create", "username": "admin", "rolename": "administrator", "force_password": true, "pwd_update_required": true, "target": ["mon-mgr", ""]}]: dispatch
2024-09-10T11:20:48.217 INFO:journalctl@ceph.mon.smithi144.smithi144.stdout:Sep 10 11:20:48 smithi144 ceph-mon[27942]: from='mgr.14164 172.21.15.144:0/2' entity='mgr.smithi144.bkogfs'
2024-09-10T11:20:48.609 INFO:teuthology.orchestra.run.smithi144.stdout:/usr/bin/ceph: stdout {"username": "admin", "password": "$2b$12$GGQ2pcYiHRCin5/hBS0Vt.Lip2g0HBmbB18YVAxXn58mA.Q4FzP.q", "roles": ["administrator"], "name": null, "email": null, "lastUpdate": 1725967247, "enabled": true, "pwdExpirationDate": null, "pwdUpdateRequired": true}
2024-09-10T11:20:48.609 INFO:teuthology.orchestra.run.smithi144.stdout:/usr/bin/ceph: stderr
2024-09-10T11:20:46.676+0000 7f2b88b55700 1 Processor -- start
2024-09-10T11:20:48.609 INFO:teuthology.orchestra.run.smithi144.stdout:/usr/bin/ceph: stderr
2024-09-10T11:20:46.676+0000 7f2b88b55700 1 -- start start
2024-09-10T11:20:48.609 INFO:teuthology.orchestra.run.smithi144.stdout:/usr/bin/ceph: stderr
2024-09-10T11:20:46.676+0000 7f2b88b55700 1 --2- >> [v2:172.21.15.144:3300/0,v1:172.21.15.144:6789/0] conn(0x7f2b841066f0 0x7f2b84108ad0 unknown :-1 s=NONE pgs=0 cs=0 l=0 rev1=0 crypto rx=0 tx=0 comp rx=0 tx=0).connect
2024-09-10T11:20:48.609 INFO:teuthology.orchestra.run.smithi144.stdout:/usr/bin/ceph: stderr
2024-09-10T11:20:46.676+0000 7f2b88b55700 1 -- --> [v2:172.21.15.144:3300/0,v1:172.21.15.144:6789/0] -- mon_getmap magic: 0 v1 -- 0x7f2b84079d40 con 0x7f2b841066f0
2024-09-10T11:20:48.609 INFO:teuthology.orchestra.run.smithi144.stdout:/usr/bin/ceph: stderr
2024-09-10T11:20:46.676+0000 7f2b8259c700 1 --2- >> [v2:172.21.15.144:3300/0,v1:172.21.15.144:6789/0] conn(0x7f2b841066f0 0x7f2b84108ad0 unknown :-1 s=BANNER_CONNECTING pgs=0 cs=0 l=0 rev1=0 crypto rx=0 tx=0 comp rx=0 tx=0)._handle_peer_banner_payload supported=3 required=0
2024-09-10T11:20:48.609 INFO:teuthology.orchestra.run.smithi144.stdout:/usr/bin/ceph: stderr
2024-09-10T11:20:46.676+0000 7f2b8259c700 1 --2- >> [v2:172.21.15.144:3300/0,v1:172.21.15.144:6789/0] conn(0x7f2b841066f0 0x7f2b84108ad0 unknown :-1 s=HELLO_CONNECTING pgs=0 cs=0 l=0 rev1=1 crypto rx=0 tx=0 comp rx=0 tx=0).handle_hello peer v2:172.21.15.144:3300/0 says I am v2:172.21.15.144:35992/0 (socket says 172.21.15.144:35992)
2024-09-10T11:20:48.609 INFO:teuthology.orchestra.run.smithi144.stdout:/usr/bin/ceph: stderr
2024-09-10T11:20:46.676+0000 7f2b8259c700 1 -- 172.21.15.144:0/1993330667 learned_addr learned my addr 172.21.15.144:0/1993330667 (peer_addr_for_me v2:172.21.15.144:0/0)
2024-09-10T11:20:48.609 INFO:teuthology.orchestra.run.smithi144.stdout:/usr/bin/ceph: stderr
2024-09-10T11:20:46.676+0000 7f2b8259c700 1 -- 172.21.15.144:0/1993330667 --> [v2:172.21.15.144:3300/0,v1:172.21.15.144:6789/0] -- mon_subscribe({config=0+,monmap=0+}) v3 -- 0x7f2b84079e80 con 0x7f2b841066f0
2024-09-10T11:20:48.610 INFO:teuthology.orchestra.run.smithi144.stdout:/usr/bin/ceph: stderr
2024-09-10T11:20:46.676+0000 7f2b8259c700 1 --2- 172.21.15.144:0/1993330667 >> [v2:172.21.15.144:3300/0,v1:172.21.15.144:6789/0] conn(0x7f2b841066f0 0x7f2b84108ad0 secure :-1 s=READY pgs=84 cs=0 l=1 rev1=1 crypto rx=0x7f2b740098a0 tx=0x7f2b74009bb0 comp rx=0 tx=0).ready entity=mon.0 client_cookie=8a2df04cf341368a server_cookie=0 in_seq=0 out_seq=0
2024-09-10T11:20:48.610 INFO:teuthology.orchestra.run.smithi144.stdout:/usr/bin/ceph: stderr
2024-09-10T11:20:46.677+0000 7f2b8159a700 1 -- 172.21.15.144:0/1993330667 <== mon.0 v2:172.21.15.144:3300/0 1 ==== mon_map magic: 0 v1 ==== 229+0+0 (secure 0 0 0) 0x7f2b74004180 con 0x7f2b841066f0
2024-09-10T11:20:48.610 INFO:teuthology.orchestra.run.smithi144.stdout:/usr/bin/ceph: stderr
2024-09-10T11:20:46.677+0000 7f2b8159a700 1 -- 172.21.15.144:0/1993330667 <== mon.0 v2:172.21.15.144:3300/0 2 ==== config(27 keys) v1 ==== 1101+0+0 (secure 0 0 0) 0x7f2b740042e0 con 0x7f2b841066f0
2024-09-10T11:20:48.610 INFO:teuthology.orchestra.run.smithi144.stdout:/usr/bin/ceph: stderr
2024-09-10T11:20:46.677+0000 7f2b8159a700 1 -- 172.21.15.144:0/1993330667 <== mon.0 v2:172.21.15.144:3300/0 3 ==== mon_map magic: 0 v1 ==== 229+0+0 (secure 0 0 0) 0x7f2b74011af0 con 0x7f2b841066f0
2024-09-10T11:20:48.610 INFO:teuthology.orchestra.run.smithi144.stdout:/usr/bin/ceph: stderr
2024-09-10T11:20:46.677+0000 7f2b88b55700 1 -- 172.21.15.144:0/1993330667 >> [v2:172.21.15.144:3300/0,v1:172.21.15.144:6789/0] conn(0x7f2b841066f0 msgr2=0x7f2b84108ad0 secure :-1 s=STATE_CONNECTION_ESTABLISHED l=1).mark_down
2024-09-10T11:20:48.610 INFO:teuthology.orchestra.run.smithi144.stdout:/usr/bin/ceph: stderr
2024-09-10T11:20:46.677+0000 7f2b88b55700 1 --2- 172.21.15.144:0/1993330667 >> [v2:172.21.15.144:3300/0,v1:172.21.15.144:6789/0] conn(0x7f2b841066f0 0x7f2b84108ad0 secure :-1 s=READY pgs=84 cs=0 l=1 rev1=1 crypto rx=0x7f2b740098a0 tx=0x7f2b74009bb0 comp rx=0 tx=0).stop
2024-09-10T11:20:48.610 INFO:teuthology.orchestra.run.smithi144.stdout:/usr/bin/ceph: stderr
2024-09-10T11:20:46.677+0000 7f2b88b55700 1 -- 172.21.15.144:0/1993330667 shutdown_connections
2024-09-10T11:20:48.610 INFO:teuthology.orchestra.run.smithi144.stdout:/usr/bin/ceph: stderr
2024-09-10T11:20:46.677+0000 7f2b88b55700 1 --2- 172.21.15.144:0/1993330667 >> [v2:172.21.15.144:3300/0,v1:172.21.15.144:6789/0] conn(0x7f2b841066f0 0x7f2b84108ad0 unknown :-1 s=CLOSED pgs=84 cs=0 l=1 rev1=1 crypto rx=0 tx=0 comp rx=0 tx=0).stop
2024-09-10T11:20:48.610 INFO:teuthology.orchestra.run.smithi144.stdout:/usr/bin/ceph: stderr
2024-09-10T11:20:46.677+0000 7f2b88b55700 1 -- 172.21.15.144:0/1993330667 >> 172.21.15.144:0/1993330667 conn(0x7f2b841000f0 msgr2=0x7f2b84102500 unknown :-1 s=STATE_NONE l=0).mark_down
2024-09-10T11:20:48.610 INFO:teuthology.orchestra.run.smithi144.stdout:/usr/bin/ceph: stderr
2024-09-10T11:20:46.677+0000 7f2b88b55700 1 -- 172.21.15.144:0/1993330667 shutdown_connections
2024-09-10T11:20:48.610 INFO:teuthology.orchestra.run.smithi144.stdout:/usr/bin/ceph: stderr
2024-09-10T11:20:46.677+0000 7f2b88b55700 1 -- 172.21.15.144:0/1993330667 wait complete.
2024-09-10T11:20:48.610 INFO:teuthology.orchestra.run.smithi144.stdout:/usr/bin/ceph: stderr
2024-09-10T11:20:46.678+0000 7f2b88b55700 1 Processor -- start
2024-09-10T11:20:48.610 INFO:teuthology.orchestra.run.smithi144.stdout:/usr/bin/ceph: stderr
2024-09-10T11:20:46.678+0000 7f2b88b55700 1 -- start start
2024-09-10T11:20:48.610 INFO:teuthology.orchestra.run.smithi144.stdout:/usr/bin/ceph: stderr
2024-09-10T11:20:46.678+0000 7f2b88b55700 1 --2- >> [v2:172.21.15.144:3300/0,v1:172.21.15.144:6789/0] conn(0x7f2b841066f0 0x7f2b84199960 unknown :-1 s=NONE pgs=0 cs=0 l=1 rev1=0 crypto rx=0 tx=0 comp rx=0 tx=0).connect
2024-09-10T11:20:48.611 INFO:teuthology.orchestra.run.smithi144.stdout:/usr/bin/ceph: stderr
2024-09-10T11:20:46.678+0000 7f2b88b55700 1 -- --> [v2:172.21.15.144:3300/0,v1:172.21.15.144:6789/0] -- mon_getmap magic: 0 v1 -- 0x7f2b84199ea0 con 0x7f2b841066f0
2024-09-10T11:20:48.611 INFO:teuthology.orchestra.run.smithi144.stdout:/usr/bin/ceph: stderr
2024-09-10T11:20:46.678+0000 7f2b8259c700 1 --2- >> [v2:172.21.15.144:3300/0,v1:172.21.15.144:6789/0] conn(0x7f2b841066f0 0x7f2b84199960 unknown :-1 s=BANNER_CONNECTING pgs=0 cs=0 l=1 rev1=0 crypto rx=0 tx=0 comp rx=0 tx=0)._handle_peer_banner_payload supported=3 required=0
2024-09-10T11:20:48.611 INFO:teuthology.orchestra.run.smithi144.stdout:/usr/bin/ceph: stderr
2024-09-10T11:20:46.678+0000 7f2b8259c700 1 --2- >> [v2:172.21.15.144:3300/0,v1:172.21.15.144:6789/0] conn(0x7f2b841066f0 0x7f2b84199960 unknown :-1 s=HELLO_CONNECTING pgs=0 cs=0 l=1 rev1=1 crypto rx=0 tx=0 comp rx=0 tx=0).handle_hello peer v2:172.21.15.144:3300/0 says I am v2:172.21.15.144:36008/0 (socket says 172.21.15.144:36008)
2024-09-10T11:20:48.611 INFO:teuthology.orchestra.run.smithi144.stdout:/usr/bin/ceph: stderr
2024-09-10T11:20:46.678+0000 7f2b8259c700 1 -- 172.21.15.144:0/3415654850 learned_addr learned my addr 172.21.15.144:0/3415654850 (peer_addr_for_me v2:172.21.15.144:0/0)
2024-09-10T11:20:48.611 INFO:teuthology.orchestra.run.smithi144.stdout:/usr/bin/ceph: stderr
2024-09-10T11:20:46.679+0000 7f2b8259c700 1 -- 172.21.15.144:0/3415654850 --> [v2:172.21.15.144:3300/0,v1:172.21.15.144:6789/0] -- mon_subscribe({config=0+,monmap=0+}) v3 -- 0x7f2b74009550 con 0x7f2b841066f0
2024-09-10T11:20:48.611 INFO:teuthology.orchestra.run.smithi144.stdout:/usr/bin/ceph: stderr
2024-09-10T11:20:46.679+0000 7f2b8259c700 1 --2- 172.21.15.144:0/3415654850 >> [v2:172.21.15.144:3300/0,v1:172.21.15.144:6789/0] conn(0x7f2b841066f0 0x7f2b84199960 secure :-1 s=READY pgs=85 cs=0 l=1 rev1=1 crypto rx=0x7f2b74006ba0 tx=0x7f2b74011b50 comp rx=0 tx=0).ready entity=mon.0 client_cookie=0 server_cookie=0 in_seq=0 out_seq=0
2024-09-10T11:20:48.611 INFO:teuthology.orchestra.run.smithi144.stdout:/usr/bin/ceph: stderr
2024-09-10T11:20:46.679+0000 7f2b7b7fe700 1 -- 172.21.15.144:0/3415654850 <== mon.0 v2:172.21.15.144:3300/0 1 ==== mon_map magic: 0 v1 ==== 229+0+0 (secure 0 0 0) 0x7f2b74003b00 con 0x7f2b841066f0
2024-09-10T11:20:48.611 INFO:teuthology.orchestra.run.smithi144.stdout:/usr/bin/ceph: stderr
2024-09-10T11:20:46.679+0000 7f2b7b7fe700 1 -- 172.21.15.144:0/3415654850 <== mon.0 v2:172.21.15.144:3300/0 2 ==== config(27 keys) v1 ==== 1101+0+0 (secure 0 0 0) 0x7f2b7401a8e0 con 0x7f2b841066f0
2024-09-10T11:20:48.611 INFO:teuthology.orchestra.run.smithi144.stdout:/usr/bin/ceph: stderr
2024-09-10T11:20:46.679+0000 7f2b7b7fe700 1 -- 172.21.15.144:0/3415654850 <== mon.0 v2:172.21.15.144:3300/0 3 ==== mon_map magic: 0 v1 ==== 229+0+0 (secure 0 0 0) 0x7f2b74019990 con 0x7f2b841066f0
2024-09-10T11:20:48.611 INFO:teuthology.orchestra.run.smithi144.stdout:/usr/bin/ceph: stderr
2024-09-10T11:20:46.679+0000 7f2b88b55700 1 -- 172.21.15.144:0/3415654850 --> [v2:172.21.15.144:3300/0,v1:172.21.15.144:6789/0] -- mon_subscribe({mgrmap=0+}) v3 -- 0x7f2b8419a0a0 con 0x7f2b841066f0
2024-09-10T11:20:48.611 INFO:teuthology.orchestra.run.smithi144.stdout:/usr/bin/ceph: stderr
2024-09-10T11:20:46.679+0000 7f2b88b55700 1 -- 172.21.15.144:0/3415654850 --> [v2:172.21.15.144:3300/0,v1:172.21.15.144:6789/0] -- mon_subscribe({osdmap=0}) v3 -- 0x7f2b8419a4c0 con 0x7f2b841066f0
2024-09-10T11:20:48.611 INFO:teuthology.orchestra.run.smithi144.stdout:/usr/bin/ceph: stderr
2024-09-10T11:20:46.680+0000 7f2b7b7fe700 1 -- 172.21.15.144:0/3415654850 <== mon.0 v2:172.21.15.144:3300/0 4 ==== mgrmap(e 12) v1 ==== 45097+0+0 (secure 0 0 0) 0x7f2b74019c50 con 0x7f2b841066f0
2024-09-10T11:20:48.611 INFO:teuthology.orchestra.run.smithi144.stdout:/usr/bin/ceph: stderr
2024-09-10T11:20:46.680+0000 7f2b88b55700 1 -- 172.21.15.144:0/3415654850 --> [v2:172.21.15.144:3300/0,v1:172.21.15.144:6789/0] -- mon_command({"prefix": "get_command_descriptions"} v 0) v1 -- 0x7f2b84062380 con 0x7f2b841066f0
2024-09-10T11:20:48.611 INFO:teuthology.orchestra.run.smithi144.stdout:/usr/bin/ceph: stderr
2024-09-10T11:20:46.680+0000 7f2b7b7fe700 1 --2- 172.21.15.144:0/3415654850 >> [v2:172.21.15.144:6800/2,v1:172.21.15.144:6801/2] conn(0x7f2b700383f0 0x7f2b7003a8a0 unknown :-1 s=NONE pgs=0 cs=0 l=1 rev1=0 crypto rx=0 tx=0 comp rx=0 tx=0).connect
2024-09-10T11:20:48.612 INFO:teuthology.orchestra.run.smithi144.stdout:/usr/bin/ceph: stderr
2024-09-10T11:20:46.680+0000 7f2b7b7fe700 1 -- 172.21.15.144:0/3415654850 <== mon.0 v2:172.21.15.144:3300/0 5 ==== osd_map(3..3 src has 1..3) v4 ==== 1069+0+0 (secure 0 0 0) 0x7f2b7404c8d0 con 0x7f2b841066f0
2024-09-10T11:20:48.612 INFO:teuthology.orchestra.run.smithi144.stdout:/usr/bin/ceph: stderr
2024-09-10T11:20:46.680+0000 7f2b81d9b700 1 --2- 172.21.15.144:0/3415654850 >> [v2:172.21.15.144:6800/2,v1:172.21.15.144:6801/2] conn(0x7f2b700383f0 0x7f2b7003a8a0 unknown :-1 s=BANNER_CONNECTING pgs=0 cs=0 l=1 rev1=0 crypto rx=0 tx=0 comp rx=0 tx=0)._handle_peer_banner_payload supported=3 required=0
2024-09-10T11:20:48.612 INFO:teuthology.orchestra.run.smithi144.stdout:/usr/bin/ceph: stderr
2024-09-10T11:20:46.681+0000 7f2b81d9b700 1 --2- 172.21.15.144:0/3415654850 >> [v2:172.21.15.144:6800/2,v1:172.21.15.144:6801/2] conn(0x7f2b700383f0 0x7f2b7003a8a0 secure :-1 s=READY pgs=8 cs=0 l=1 rev1=1 crypto rx=0x7f2b6c006fd0 tx=0x7f2b6c006e40 comp rx=0 tx=0).ready entity=mgr.14164 client_cookie=0 server_cookie=0 in_seq=0 out_seq=0
2024-09-10T11:20:48.612 INFO:teuthology.orchestra.run.smithi144.stdout:/usr/bin/ceph: stderr
2024-09-10T11:20:46.685+0000 7f2b7b7fe700 1 -- 172.21.15.144:0/3415654850 <== mon.0 v2:172.21.15.144:3300/0 6 ==== mon_command_ack([{"prefix": "get_command_descriptions"}]=0 v0) v1 ==== 72+0+177933 (secure 0 0 0) 0x7f2b7402b700 con 0x7f2b841066f0
2024-09-10T11:20:48.612 INFO:teuthology.orchestra.run.smithi144.stdout:/usr/bin/ceph: stderr
2024-09-10T11:20:46.899+0000 7f2b88b55700 1 -- 172.21.15.144:0/3415654850 --> [v2:172.21.15.144:6800/2,v1:172.21.15.144:6801/2] -- mgr_command(tid 0: {"prefix": "dashboard ac-user-create", "username": "admin", "rolename": "administrator", "force_password": true, "pwd_update_required": true, "target": ["mon-mgr", ""]}) v1 -- 0x7f2b840621a0 con 0x7f2b700383f0
2024-09-10T11:20:48.612 INFO:teuthology.orchestra.run.smithi144.stdout:/usr/bin/ceph: stderr
2024-09-10T11:20:47.130+0000 7f2b7b7fe700 1 -- 172.21.15.144:0/3415654850 <== mgr.14164 v2:172.21.15.144:6800/2 1 ==== mgr_command_reply(tid 0: 0 ) v1 ==== 8+0+252 (secure 0 0 0) 0x7f2b840621a0 con 0x7f2b700383f0
2024-09-10T11:20:48.612 INFO:teuthology.orchestra.run.smithi144.stdout:/usr/bin/ceph: stderr
2024-09-10T11:20:47.132+0000 7f2b88b55700 1 -- 172.21.15.144:0/3415654850 >> [v2:172.21.15.144:6800/2,v1:172.21.15.144:6801/2] conn(0x7f2b700383f0 msgr2=0x7f2b7003a8a0 secure :-1 s=STATE_CONNECTION_ESTABLISHED l=1).mark_down
2024-09-10T11:20:48.612 INFO:teuthology.orchestra.run.smithi144.stdout:/usr/bin/ceph: stderr
2024-09-10T11:20:47.132+0000 7f2b88b55700 1 --2- 172.21.15.144:0/3415654850 >> [v2:172.21.15.144:6800/2,v1:172.21.15.144:6801/2] conn(0x7f2b700383f0 0x7f2b7003a8a0 secure :-1 s=READY pgs=8 cs=0 l=1 rev1=1 crypto rx=0x7f2b6c006fd0 tx=0x7f2b6c006e40 comp rx=0 tx=0).stop
2024-09-10T11:20:48.612 INFO:teuthology.orchestra.run.smithi144.stdout:/usr/bin/ceph: stderr
2024-09-10T11:20:47.132+0000 7f2b88b55700 1 -- 172.21.15.144:0/3415654850 >> [v2:172.21.15.144:3300/0,v1:172.21.15.144:6789/0] conn(0x7f2b841066f0 msgr2=0x7f2b84199960 secure :-1 s=STATE_CONNECTION_ESTABLISHED l=1).mark_down
2024-09-10T11:20:48.612 INFO:teuthology.orchestra.run.smithi144.stdout:/usr/bin/ceph: stderr
2024-09-10T11:20:47.132+0000 7f2b88b55700 1 --2- 172.21.15.144:0/3415654850 >> [v2:172.21.15.144:3300/0,v1:172.21.15.144:6789/0] conn(0x7f2b841066f0 0x7f2b84199960 secure :-1 s=READY pgs=85 cs=0 l=1 rev1=1 crypto rx=0x7f2b74006ba0 tx=0x7f2b74011b50 comp rx=0 tx=0).stop
2024-09-10T11:20:48.612 INFO:teuthology.orchestra.run.smithi144.stdout:/usr/bin/ceph: stderr
2024-09-10T11:20:47.132+0000 7f2b88b55700 1 -- 172.21.15.144:0/3415654850 shutdown_connections
2024-09-10T11:20:48.612 INFO:teuthology.orchestra.run.smithi144.stdout:/usr/bin/ceph: stderr
2024-09-10T11:20:47.132+0000 7f2b88b55700 1 --2- 172.21.15.144:0/3415654850 >> [v2:172.21.15.144:6800/2,v1:172.21.15.144:6801/2] conn(0x7f2b700383f0 0x7f2b7003a8a0 unknown :-1 s=CLOSED pgs=8 cs=0 l=1 rev1=1 crypto rx=0 tx=0 comp rx=0 tx=0).stop
2024-09-10T11:20:48.612 INFO:teuthology.orchestra.run.smithi144.stdout:/usr/bin/ceph: stderr
2024-09-10T11:20:47.132+0000 7f2b88b55700 1 --2- 172.21.15.144:0/3415654850 >> [v2:172.21.15.144:3300/0,v1:172.21.15.144:6789/0] conn(0x7f2b841066f0 0x7f2b84199960 unknown :-1 s=CLOSED pgs=85 cs=0 l=1 rev1=1 crypto rx=0 tx=0 comp rx=0 tx=0).stop
2024-09-10T11:20:48.612 INFO:teuthology.orchestra.run.smithi144.stdout:/usr/bin/ceph: stderr
2024-09-10T11:20:47.132+0000 7f2b88b55700 1 -- 172.21.15.144:0/3415654850 >> 172.21.15.144:0/3415654850 conn(0x7f2b841000f0 msgr2=0x7f2b841017c0 unknown :-1 s=STATE_NONE l=0).mark_down
2024-09-10T11:20:48.613 INFO:teuthology.orchestra.run.smithi144.stdout:/usr/bin/ceph: stderr
2024-09-10T11:20:47.132+0000 7f2b88b55700 1 -- 172.21.15.144:0/3415654850 shutdown_connections
2024-09-10T11:20:48.613 INFO:teuthology.orchestra.run.smithi144.stdout:/usr/bin/ceph: stderr
2024-09-10T11:20:47.132+0000 7f2b88b55700 1 -- 172.21.15.144:0/3415654850 wait complete.
2024-09-10T11:20:48.613 INFO:teuthology.orchestra.run.smithi144.stdout:Fetching dashboard port number...
2024-09-10T11:20:49.831 INFO:teuthology.orchestra.run.smithi144.stdout:/usr/bin/ceph: stdout 8443
2024-09-10T11:20:49.832 INFO:teuthology.orchestra.run.smithi144.stdout:/usr/bin/ceph: stderr
2024-09-10T11:20:49.037+0000 7f6722b93700 1 Processor -- start
2024-09-10T11:20:49.832 INFO:teuthology.orchestra.run.smithi144.stdout:/usr/bin/ceph: stderr
2024-09-10T11:20:49.037+0000 7f6722b93700 1 -- start start
2024-09-10T11:20:49.832 INFO:teuthology.orchestra.run.smithi144.stdout:/usr/bin/ceph: stderr
2024-09-10T11:20:49.037+0000 7f6722b93700 1 --2- >> [v2:172.21.15.144:3300/0,v1:172.21.15.144:6789/0] conn(0x7f671c1066f0 0x7f671c108ad0 unknown :-1 s=NONE pgs=0 cs=0 l=0 rev1=0 crypto rx=0 tx=0 comp rx=0 tx=0).connect
2024-09-10T11:20:49.832 INFO:teuthology.orchestra.run.smithi144.stdout:/usr/bin/ceph: stderr
2024-09-10T11:20:49.037+0000 7f6722b93700 1 -- --> [v2:172.21.15.144:3300/0,v1:172.21.15.144:6789/0] -- mon_getmap magic: 0 v1 -- 0x7f671c079d40 con 0x7f671c1066f0
2024-09-10T11:20:49.832 INFO:teuthology.orchestra.run.smithi144.stdout:/usr/bin/ceph: stderr
2024-09-10T11:20:49.037+0000 7f672092f700 1 --2- >> [v2:172.21.15.144:3300/0,v1:172.21.15.144:6789/0] conn(0x7f671c1066f0 0x7f671c108ad0 unknown :-1 s=BANNER_CONNECTING pgs=0 cs=0 l=0 rev1=0 crypto rx=0 tx=0 comp rx=0 tx=0)._handle_peer_banner_payload supported=3 required=0
2024-09-10T11:20:49.832 INFO:teuthology.orchestra.run.smithi144.stdout:/usr/bin/ceph: stderr
2024-09-10T11:20:49.037+0000 7f672092f700 1 --2- >> [v2:172.21.15.144:3300/0,v1:172.21.15.144:6789/0] conn(0x7f671c1066f0 0x7f671c108ad0 unknown :-1 s=HELLO_CONNECTING pgs=0 cs=0 l=0 rev1=1 crypto rx=0 tx=0 comp rx=0 tx=0).handle_hello peer v2:172.21.15.144:3300/0 says I am v2:172.21.15.144:36018/0 (socket says 172.21.15.144:36018)
2024-09-10T11:20:49.832 INFO:teuthology.orchestra.run.smithi144.stdout:/usr/bin/ceph: stderr
2024-09-10T11:20:49.037+0000 7f672092f700 1 -- 172.21.15.144:0/1706066606 learned_addr learned my addr 172.21.15.144:0/1706066606 (peer_addr_for_me v2:172.21.15.144:0/0)
2024-09-10T11:20:49.832 INFO:teuthology.orchestra.run.smithi144.stdout:/usr/bin/ceph: stderr
2024-09-10T11:20:49.037+0000 7f672092f700 1 -- 172.21.15.144:0/1706066606 --> [v2:172.21.15.144:3300/0,v1:172.21.15.144:6789/0] -- mon_subscribe({config=0+,monmap=0+}) v3 -- 0x7f671c079e80 con 0x7f671c1066f0
2024-09-10T11:20:49.832 INFO:teuthology.orchestra.run.smithi144.stdout:/usr/bin/ceph: stderr
