2024-09-10T11:20:34.986 INFO:teuthology.orchestra.run.smithi144.stdout:/usr/bin/ceph: stderr
2024-09-10T11:20:34.210+0000 7fa1a97fa700 1 -- 172.21.15.144:0/3400717878 <== mon.0 v2:172.21.15.144:3300/0 6 ==== mon_command_ack([{"prefix": "get_command_descriptions"}]=0 v0) v1 ==== 72+0+177933 (secure 0 0 0) 0x7fa1a0018b40 con 0x7fa1ac104a80
2024-09-10T11:20:34.986 INFO:teuthology.orchestra.run.smithi144.stdout:/usr/bin/ceph: stderr
2024-09-10T11:20:34.400+0000 7fa1b2692700 1 -- 172.21.15.144:0/3400717878 --> [v2:172.21.15.144:3300/0,v1:172.21.15.144:6789/0] -- mon_command([{prefix=config set, name=mgr/dashboard/ssl_server_port}] v 0) v1 -- 0x7fa1ac19c1d0 con 0x7fa1ac104a80
2024-09-10T11:20:34.986 INFO:teuthology.orchestra.run.smithi144.stdout:/usr/bin/ceph: stderr
2024-09-10T11:20:34.404+0000 7fa1a97fa700 1 -- 172.21.15.144:0/3400717878 <== mon.0 v2:172.21.15.144:3300/0 7 ==== mon_command_ack([{prefix=config set, name=mgr/dashboard/ssl_server_port}]=0 v8)=0 v8) v1 ==== 130+0+0 (secure 0 0 0) 0x7fa1a004c010 con 0x7fa1ac104a80
2024-09-10T11:20:34.986 INFO:teuthology.orchestra.run.smithi144.stdout:/usr/bin/ceph: stderr
2024-09-10T11:20:34.407+0000 7fa1b2692700 1 -- 172.21.15.144:0/3400717878 >> [v2:172.21.15.144:6800/2,v1:172.21.15.144:6801/2] conn(0x7fa1940383a0 msgr2=0x7fa19403a850 secure :-1 s=STATE_CONNECTION_ESTABLISHED l=1).mark_down
2024-09-10T11:20:34.986 INFO:teuthology.orchestra.run.smithi144.stdout:/usr/bin/ceph: stderr
2024-09-10T11:20:34.407+0000 7fa1b2692700 1 --2- 172.21.15.144:0/3400717878 >> [v2:172.21.15.144:6800/2,v1:172.21.15.144:6801/2] conn(0x7fa1940383a0 0x7fa19403a850 secure :-1 s=READY pgs=21 cs=0 l=1 rev1=1 crypto rx=0x7fa19c006fd0 tx=0x7fa19c006e40 comp rx=0 tx=0).stop
2024-09-10T11:20:34.986 INFO:teuthology.orchestra.run.smithi144.stdout:/usr/bin/ceph: stderr
2024-09-10T11:20:34.407+0000 7fa1b2692700 1 -- 172.21.15.144:0/3400717878 >> [v2:172.21.15.144:3300/0,v1:172.21.15.144:6789/0] conn(0x7fa1ac104a80 msgr2=0x7fa1ac198810 secure :-1 s=STATE_CONNECTION_ESTABLISHED l=1).mark_down
2024-09-10T11:20:34.986 INFO:teuthology.orchestra.run.smithi144.stdout:/usr/bin/ceph: stderr
2024-09-10T11:20:34.407+0000 7fa1b2692700 1 --2- 172.21.15.144:0/3400717878 >> [v2:172.21.15.144:3300/0,v1:172.21.15.144:6789/0] conn(0x7fa1ac104a80 0x7fa1ac198810 secure :-1 s=READY pgs=66 cs=0 l=1 rev1=1 crypto rx=0x7fa1a0006ba0 tx=0x7fa1a0011b50 comp rx=0 tx=0).stop
2024-09-10T11:20:34.986 INFO:teuthology.orchestra.run.smithi144.stdout:/usr/bin/ceph: stderr
2024-09-10T11:20:34.407+0000 7fa1b2692700 1 -- 172.21.15.144:0/3400717878 shutdown_connections
2024-09-10T11:20:34.986 INFO:teuthology.orchestra.run.smithi144.stdout:/usr/bin/ceph: stderr
2024-09-10T11:20:34.407+0000 7fa1b2692700 1 --2- 172.21.15.144:0/3400717878 >> [v2:172.21.15.144:6800/2,v1:172.21.15.144:6801/2] conn(0x7fa1940383a0 0x7fa19403a850 unknown :-1 s=CLOSED pgs=21 cs=0 l=1 rev1=1 crypto rx=0 tx=0 comp rx=0 tx=0).stop
2024-09-10T11:20:34.987 INFO:teuthology.orchestra.run.smithi144.stdout:/usr/bin/ceph: stderr
2024-09-10T11:20:34.407+0000 7fa1b2692700 1 --2- 172.21.15.144:0/3400717878 >> [v2:172.21.15.144:3300/0,v1:172.21.15.144:6789/0] conn(0x7fa1ac104a80 0x7fa1ac198810 unknown :-1 s=CLOSED pgs=66 cs=0 l=1 rev1=1 crypto rx=0 tx=0 comp rx=0 tx=0).stop
2024-09-10T11:20:34.987 INFO:teuthology.orchestra.run.smithi144.stdout:/usr/bin/ceph: stderr
2024-09-10T11:20:34.407+0000 7fa1b2692700 1 -- 172.21.15.144:0/3400717878 >> 172.21.15.144:0/3400717878 conn(0x7fa1ac1000f0 msgr2=0x7fa1ac101770 unknown :-1 s=STATE_NONE l=0).mark_down
2024-09-10T11:20:34.987 INFO:teuthology.orchestra.run.smithi144.stdout:/usr/bin/ceph: stderr
2024-09-10T11:20:34.407+0000 7fa1b2692700 1 -- 172.21.15.144:0/3400717878 shutdown_connections
2024-09-10T11:20:34.987 INFO:teuthology.orchestra.run.smithi144.stdout:/usr/bin/ceph: stderr
2024-09-10T11:20:34.407+0000 7fa1b2692700 1 -- 172.21.15.144:0/3400717878 wait complete.
2024-09-10T11:20:34.987 INFO:teuthology.orchestra.run.smithi144.stdout:Enabling the dashboard module...
2024-09-10T11:20:35.228 INFO:journalctl@ceph.mon.smithi144.smithi144.stdout:Sep 10 11:20:35 smithi144 ceph-mon[27942]: pgmap v5: 0 pgs: ; 0 B data, 0 B used, 0 B / 0 B avail
2024-09-10T11:20:35.228 INFO:journalctl@ceph.mon.smithi144.smithi144.stdout:Sep 10 11:20:35 smithi144 ceph-mon[27942]: from='client.? 172.21.15.144:0/3400717878' entity='client.admin'
2024-09-10T11:20:36.382 INFO:journalctl@ceph.mon.smithi144.smithi144.stdout:Sep 10 11:20:36 smithi144 ceph-mon[27942]: from='client.? 172.21.15.144:0/2397423867' entity='client.admin' cmd=[{"prefix": "mgr module enable", "module": "dashboard"}]: dispatch
2024-09-10T11:20:36.788 INFO:teuthology.orchestra.run.smithi144.stdout:/usr/bin/ceph: stderr
2024-09-10T11:20:35.418+0000 7fd5f95ab700 1 Processor -- start
2024-09-10T11:20:36.788 INFO:teuthology.orchestra.run.smithi144.stdout:/usr/bin/ceph: stderr
2024-09-10T11:20:35.418+0000 7fd5f95ab700 1 -- start start
2024-09-10T11:20:36.788 INFO:teuthology.orchestra.run.smithi144.stdout:/usr/bin/ceph: stderr
2024-09-10T11:20:35.418+0000 7fd5f95ab700 1 --2- >> [v2:172.21.15.144:3300/0,v1:172.21.15.144:6789/0] conn(0x7fd5f407be20 0x7fd5f407a320 unknown :-1 s=NONE pgs=0 cs=0 l=0 rev1=0 crypto rx=0 tx=0 comp rx=0 tx=0).connect
2024-09-10T11:20:36.788 INFO:teuthology.orchestra.run.smithi144.stdout:/usr/bin/ceph: stderr
2024-09-10T11:20:35.418+0000 7fd5f95ab700 1 -- --> [v2:172.21.15.144:3300/0,v1:172.21.15.144:6789/0] -- mon_getmap magic: 0 v1 -- 0x7fd5f407a860 con 0x7fd5f407be20
2024-09-10T11:20:36.789 INFO:teuthology.orchestra.run.smithi144.stdout:/usr/bin/ceph: stderr
2024-09-10T11:20:35.418+0000 7fd5f2ffd700 1 --2- >> [v2:172.21.15.144:3300/0,v1:172.21.15.144:6789/0] conn(0x7fd5f407be20 0x7fd5f407a320 unknown :-1 s=BANNER_CONNECTING pgs=0 cs=0 l=0 rev1=0 crypto rx=0 tx=0 comp rx=0 tx=0)._handle_peer_banner_payload supported=3 required=0
2024-09-10T11:20:36.789 INFO:teuthology.orchestra.run.smithi144.stdout:/usr/bin/ceph: stderr
2024-09-10T11:20:35.418+0000 7fd5f2ffd700 1 --2- >> [v2:172.21.15.144:3300/0,v1:172.21.15.144:6789/0] conn(0x7fd5f407be20 0x7fd5f407a320 unknown :-1 s=HELLO_CONNECTING pgs=0 cs=0 l=0 rev1=1 crypto rx=0 tx=0 comp rx=0 tx=0).handle_hello peer v2:172.21.15.144:3300/0 says I am v2:172.21.15.144:51264/0 (socket says 172.21.15.144:51264)
2024-09-10T11:20:36.789 INFO:teuthology.orchestra.run.smithi144.stdout:/usr/bin/ceph: stderr
2024-09-10T11:20:35.418+0000 7fd5f2ffd700 1 -- 172.21.15.144:0/2110036091 learned_addr learned my addr 172.21.15.144:0/2110036091 (peer_addr_for_me v2:172.21.15.144:0/0)
2024-09-10T11:20:36.789 INFO:teuthology.orchestra.run.smithi144.stdout:/usr/bin/ceph: stderr
2024-09-10T11:20:35.418+0000 7fd5f2ffd700 1 -- 172.21.15.144:0/2110036091 --> [v2:172.21.15.144:3300/0,v1:172.21.15.144:6789/0] -- mon_subscribe({config=0+,monmap=0+}) v3 -- 0x7fd5f407a9a0 con 0x7fd5f407be20
2024-09-10T11:20:36.789 INFO:teuthology.orchestra.run.smithi144.stdout:/usr/bin/ceph: stderr
2024-09-10T11:20:35.419+0000 7fd5f2ffd700 1 --2- 172.21.15.144:0/2110036091 >> [v2:172.21.15.144:3300/0,v1:172.21.15.144:6789/0] conn(0x7fd5f407be20 0x7fd5f407a320 secure :-1 s=READY pgs=67 cs=0 l=1 rev1=1 crypto rx=0x7fd5e40098a0 tx=0x7fd5e4009bb0 comp rx=0 tx=0).ready entity=mon.0 client_cookie=cbe652754cc91675 server_cookie=0 in_seq=0 out_seq=0
2024-09-10T11:20:36.789 INFO:teuthology.orchestra.run.smithi144.stdout:/usr/bin/ceph: stderr
2024-09-10T11:20:35.419+0000 7fd5f1ffb700 1 -- 172.21.15.144:0/2110036091 <== mon.0 v2:172.21.15.144:3300/0 1 ==== mon_map magic: 0 v1 ==== 229+0+0 (secure 0 0 0) 0x7fd5e4004180 con 0x7fd5f407be20
2024-09-10T11:20:36.789 INFO:teuthology.orchestra.run.smithi144.stdout:/usr/bin/ceph: stderr
2024-09-10T11:20:35.419+0000 7fd5f1ffb700 1 -- 172.21.15.144:0/2110036091 <== mon.0 v2:172.21.15.144:3300/0 2 ==== config(27 keys) v1 ==== 1101+0+0 (secure 0 0 0) 0x7fd5e40042e0 con 0x7fd5f407be20
2024-09-10T11:20:36.789 INFO:teuthology.orchestra.run.smithi144.stdout:/usr/bin/ceph: stderr
2024-09-10T11:20:35.419+0000 7fd5f1ffb700 1 -- 172.21.15.144:0/2110036091 <== mon.0 v2:172.21.15.144:3300/0 3 ==== mon_map magic: 0 v1 ==== 229+0+0 (secure 0 0 0) 0x7fd5e4011af0 con 0x7fd5f407be20
2024-09-10T11:20:36.789 INFO:teuthology.orchestra.run.smithi144.stdout:/usr/bin/ceph: stderr
2024-09-10T11:20:35.419+0000 7fd5f95ab700 1 -- 172.21.15.144:0/2110036091 >> [v2:172.21.15.144:3300/0,v1:172.21.15.144:6789/0] conn(0x7fd5f407be20 msgr2=0x7fd5f407a320 secure :-1 s=STATE_CONNECTION_ESTABLISHED l=1).mark_down
2024-09-10T11:20:36.789 INFO:teuthology.orchestra.run.smithi144.stdout:/usr/bin/ceph: stderr
2024-09-10T11:20:35.419+0000 7fd5f95ab700 1 --2- 172.21.15.144:0/2110036091 >> [v2:172.21.15.144:3300/0,v1:172.21.15.144:6789/0] conn(0x7fd5f407be20 0x7fd5f407a320 secure :-1 s=READY pgs=67 cs=0 l=1 rev1=1 crypto rx=0x7fd5e40098a0 tx=0x7fd5e4009bb0 comp rx=0 tx=0).stop
2024-09-10T11:20:36.789 INFO:teuthology.orchestra.run.smithi144.stdout:/usr/bin/ceph: stderr
2024-09-10T11:20:35.419+0000 7fd5f95ab700 1 -- 172.21.15.144:0/2110036091 shutdown_connections
2024-09-10T11:20:36.789 INFO:teuthology.orchestra.run.smithi144.stdout:/usr/bin/ceph: stderr
2024-09-10T11:20:35.419+0000 7fd5f95ab700 1 --2- 172.21.15.144:0/2110036091 >> [v2:172.21.15.144:3300/0,v1:172.21.15.144:6789/0] conn(0x7fd5f407be20 0x7fd5f407a320 unknown :-1 s=CLOSED pgs=67 cs=0 l=1 rev1=1 crypto rx=0 tx=0 comp rx=0 tx=0).stop
2024-09-10T11:20:36.789 INFO:teuthology.orchestra.run.smithi144.stdout:/usr/bin/ceph: stderr
2024-09-10T11:20:35.419+0000 7fd5f95ab700 1 -- 172.21.15.144:0/2110036091 >> 172.21.15.144:0/2110036091 conn(0x7fd5f4101220 msgr2=0x7fd5f4103630 unknown :-1 s=STATE_NONE l=0).mark_down
2024-09-10T11:20:36.789 INFO:teuthology.orchestra.run.smithi144.stdout:/usr/bin/ceph: stderr
2024-09-10T11:20:35.419+0000 7fd5f95ab700 1 -- 172.21.15.144:0/2110036091 shutdown_connections
2024-09-10T11:20:36.790 INFO:teuthology.orchestra.run.smithi144.stdout:/usr/bin/ceph: stderr
2024-09-10T11:20:35.420+0000 7fd5f95ab700 1 -- 172.21.15.144:0/2110036091 wait complete.
2024-09-10T11:20:36.790 INFO:teuthology.orchestra.run.smithi144.stdout:/usr/bin/ceph: stderr
2024-09-10T11:20:35.420+0000 7fd5f95ab700 1 Processor -- start
2024-09-10T11:20:36.790 INFO:teuthology.orchestra.run.smithi144.stdout:/usr/bin/ceph: stderr
2024-09-10T11:20:35.420+0000 7fd5f95ab700 1 -- start start
2024-09-10T11:20:36.790 INFO:teuthology.orchestra.run.smithi144.stdout:/usr/bin/ceph: stderr
2024-09-10T11:20:35.420+0000 7fd5f95ab700 1 --2- >> [v2:172.21.15.144:3300/0,v1:172.21.15.144:6789/0] conn(0x7fd5f407be20 0x7fd5f419bb70 unknown :-1 s=NONE pgs=0 cs=0 l=1 rev1=0 crypto rx=0 tx=0 comp rx=0 tx=0).connect
2024-09-10T11:20:36.790 INFO:teuthology.orchestra.run.smithi144.stdout:/usr/bin/ceph: stderr
2024-09-10T11:20:35.420+0000 7fd5f95ab700 1 -- --> [v2:172.21.15.144:3300/0,v1:172.21.15.144:6789/0] -- mon_getmap magic: 0 v1 -- 0x7fd5f419c0b0 con 0x7fd5f407be20
2024-09-10T11:20:36.790 INFO:teuthology.orchestra.run.smithi144.stdout:/usr/bin/ceph: stderr
2024-09-10T11:20:35.421+0000 7fd5f2ffd700 1 --2- >> [v2:172.21.15.144:3300/0,v1:172.21.15.144:6789/0] conn(0x7fd5f407be20 0x7fd5f419bb70 unknown :-1 s=BANNER_CONNECTING pgs=0 cs=0 l=1 rev1=0 crypto rx=0 tx=0 comp rx=0 tx=0)._handle_peer_banner_payload supported=3 required=0
2024-09-10T11:20:36.790 INFO:teuthology.orchestra.run.smithi144.stdout:/usr/bin/ceph: stderr
2024-09-10T11:20:35.421+0000 7fd5f2ffd700 1 --2- >> [v2:172.21.15.144:3300/0,v1:172.21.15.144:6789/0] conn(0x7fd5f407be20 0x7fd5f419bb70 unknown :-1 s=HELLO_CONNECTING pgs=0 cs=0 l=1 rev1=1 crypto rx=0 tx=0 comp rx=0 tx=0).handle_hello peer v2:172.21.15.144:3300/0 says I am v2:172.21.15.144:51280/0 (socket says 172.21.15.144:51280)
2024-09-10T11:20:36.790 INFO:teuthology.orchestra.run.smithi144.stdout:/usr/bin/ceph: stderr
2024-09-10T11:20:35.421+0000 7fd5f2ffd700 1 -- 172.21.15.144:0/2397423867 learned_addr learned my addr 172.21.15.144:0/2397423867 (peer_addr_for_me v2:172.21.15.144:0/0)
2024-09-10T11:20:36.790 INFO:teuthology.orchestra.run.smithi144.stdout:/usr/bin/ceph: stderr
2024-09-10T11:20:35.421+0000 7fd5f2ffd700 1 -- 172.21.15.144:0/2397423867 --> [v2:172.21.15.144:3300/0,v1:172.21.15.144:6789/0] -- mon_subscribe({config=0+,monmap=0+}) v3 -- 0x7fd5e4009550 con 0x7fd5f407be20
2024-09-10T11:20:36.790 INFO:teuthology.orchestra.run.smithi144.stdout:/usr/bin/ceph: stderr
2024-09-10T11:20:35.421+0000 7fd5f2ffd700 1 --2- 172.21.15.144:0/2397423867 >> [v2:172.21.15.144:3300/0,v1:172.21.15.144:6789/0] conn(0x7fd5f407be20 0x7fd5f419bb70 secure :-1 s=READY pgs=68 cs=0 l=1 rev1=1 crypto rx=0x7fd5e4000c00 tx=0x7fd5e4011b50 comp rx=0 tx=0).ready entity=mon.0 client_cookie=0 server_cookie=0 in_seq=0 out_seq=0
2024-09-10T11:20:36.790 INFO:teuthology.orchestra.run.smithi144.stdout:/usr/bin/ceph: stderr
2024-09-10T11:20:35.421+0000 7fd5dbfff700 1 -- 172.21.15.144:0/2397423867 <== mon.0 v2:172.21.15.144:3300/0 1 ==== mon_map magic: 0 v1 ==== 229+0+0 (secure 0 0 0) 0x7fd5e4003a70 con 0x7fd5f407be20
2024-09-10T11:20:36.790 INFO:teuthology.orchestra.run.smithi144.stdout:/usr/bin/ceph: stderr
2024-09-10T11:20:35.421+0000 7fd5dbfff700 1 -- 172.21.15.144:0/2397423867 <== mon.0 v2:172.21.15.144:3300/0 2 ==== config(27 keys) v1 ==== 1101+0+0 (secure 0 0 0) 0x7fd5e4003bd0 con 0x7fd5f407be20
2024-09-10T11:20:36.791 INFO:teuthology.orchestra.run.smithi144.stdout:/usr/bin/ceph: stderr
2024-09-10T11:20:35.421+0000 7fd5f95ab700 1 -- 172.21.15.144:0/2397423867 --> [v2:172.21.15.144:3300/0,v1:172.21.15.144:6789/0] -- mon_subscribe({mgrmap=0+}) v3 -- 0x7fd5f419c2b0 con 0x7fd5f407be20
2024-09-10T11:20:36.791 INFO:teuthology.orchestra.run.smithi144.stdout:/usr/bin/ceph: stderr
2024-09-10T11:20:35.421+0000 7fd5dbfff700 1 -- 172.21.15.144:0/2397423867 <== mon.0 v2:172.21.15.144:3300/0 3 ==== mon_map magic: 0 v1 ==== 229+0+0 (secure 0 0 0) 0x7fd5e4023700 con 0x7fd5f407be20
2024-09-10T11:20:36.791 INFO:teuthology.orchestra.run.smithi144.stdout:/usr/bin/ceph: stderr
2024-09-10T11:20:35.421+0000 7fd5f95ab700 1 -- 172.21.15.144:0/2397423867 --> [v2:172.21.15.144:3300/0,v1:172.21.15.144:6789/0] -- mon_subscribe({osdmap=0}) v3 -- 0x7fd5f419c6d0 con 0x7fd5f407be20
2024-09-10T11:20:36.791 INFO:teuthology.orchestra.run.smithi144.stdout:/usr/bin/ceph: stderr
2024-09-10T11:20:35.422+0000 7fd5dbfff700 1 -- 172.21.15.144:0/2397423867 <== mon.0 v2:172.21.15.144:3300/0 4 ==== mgrmap(e 8) v1 ==== 45084+0+0 (secure 0 0 0) 0x7fd5e40239c0 con 0x7fd5f407be20
2024-09-10T11:20:36.791 INFO:teuthology.orchestra.run.smithi144.stdout:/usr/bin/ceph: stderr
2024-09-10T11:20:35.422+0000 7fd5f95ab700 1 -- 172.21.15.144:0/2397423867 --> [v2:172.21.15.144:3300/0,v1:172.21.15.144:6789/0] -- mon_command({"prefix": "get_command_descriptions"} v 0) v1 -- 0x7fd5f410bea0 con 0x7fd5f407be20
2024-09-10T11:20:36.791 INFO:teuthology.orchestra.run.smithi144.stdout:/usr/bin/ceph: stderr
2024-09-10T11:20:35.422+0000 7fd5dbfff700 1 --2- 172.21.15.144:0/2397423867 >> [v2:172.21.15.144:6800/2,v1:172.21.15.144:6801/2] conn(0x7fd5dc0383f0 0x7fd5dc03a8a0 unknown :-1 s=NONE pgs=0 cs=0 l=1 rev1=0 crypto rx=0 tx=0 comp rx=0 tx=0).connect
2024-09-10T11:20:36.791 INFO:teuthology.orchestra.run.smithi144.stdout:/usr/bin/ceph: stderr
2024-09-10T11:20:35.422+0000 7fd5dbfff700 1 -- 172.21.15.144:0/2397423867 <== mon.0 v2:172.21.15.144:3300/0 5 ==== osd_map(2..2 src has 1..2) v4 ==== 940+0+0 (secure 0 0 0) 0x7fd5e404c290 con 0x7fd5f407be20
2024-09-10T11:20:36.791 INFO:teuthology.orchestra.run.smithi144.stdout:/usr/bin/ceph: stderr
2024-09-10T11:20:35.422+0000 7fd5f27fc700 1 --2- 172.21.15.144:0/2397423867 >> [v2:172.21.15.144:6800/2,v1:172.21.15.144:6801/2] conn(0x7fd5dc0383f0 0x7fd5dc03a8a0 unknown :-1 s=BANNER_CONNECTING pgs=0 cs=0 l=1 rev1=0 crypto rx=0 tx=0 comp rx=0 tx=0)._handle_peer_banner_payload supported=3 required=0
2024-09-10T11:20:36.791 INFO:teuthology.orchestra.run.smithi144.stdout:/usr/bin/ceph: stderr
2024-09-10T11:20:35.423+0000 7fd5f27fc700 1 --2- 172.21.15.144:0/2397423867 >> [v2:172.21.15.144:6800/2,v1:172.21.15.144:6801/2] conn(0x7fd5dc0383f0 0x7fd5dc03a8a0 secure :-1 s=READY pgs=22 cs=0 l=1 rev1=1 crypto rx=0x7fd5e8006fd0 tx=0x7fd5e8006e40 comp rx=0 tx=0).ready entity=mgr.14120 client_cookie=0 server_cookie=0 in_seq=0 out_seq=0
2024-09-10T11:20:36.791 INFO:teuthology.orchestra.run.smithi144.stdout:/usr/bin/ceph: stderr
2024-09-10T11:20:35.427+0000 7fd5dbfff700 1 -- 172.21.15.144:0/2397423867 <== mon.0 v2:172.21.15.144:3300/0 6 ==== mon_command_ack([{"prefix": "get_command_descriptions"}]=0 v0) v1 ==== 72+0+177933 (secure 0 0 0) 0x7fd5e4010c00 con 0x7fd5f407be20
2024-09-10T11:20:36.791 INFO:teuthology.orchestra.run.smithi144.stdout:/usr/bin/ceph: stderr
2024-09-10T11:20:35.669+0000 7fd5f95ab700 1 -- 172.21.15.144:0/2397423867 --> [v2:172.21.15.144:3300/0,v1:172.21.15.144:6789/0] -- mon_command({"prefix": "mgr module enable", "module": "dashboard"} v 0) v1 -- 0x7fd5f410c0c0 con 0x7fd5f407be20
2024-09-10T11:20:36.791 INFO:teuthology.orchestra.run.smithi144.stdout:/usr/bin/ceph: stderr
2024-09-10T11:20:36.115+0000 7fd5dbfff700 1 -- 172.21.15.144:0/2397423867 <== mon.0 v2:172.21.15.144:3300/0 7 ==== mgrmap(e 9) v1 ==== 45097+0+0 (secure 0 0 0) 0x7fd5e401ab70 con 0x7fd5f407be20
2024-09-10T11:20:36.791 INFO:teuthology.orchestra.run.smithi144.stdout:/usr/bin/ceph: stderr
2024-09-10T11:20:36.117+0000 7fd5dbfff700 1 -- 172.21.15.144:0/2397423867 <== mon.0 v2:172.21.15.144:3300/0 8 ==== mon_command_ack([{"prefix": "mgr module enable", "module": "dashboard"}]=0 v9) v1 ==== 88+0+0 (secure 0 0 0) 0x7fd5e4010e30 con 0x7fd5f407be20
2024-09-10T11:20:36.792 INFO:teuthology.orchestra.run.smithi144.stdout:/usr/bin/ceph: stderr
2024-09-10T11:20:36.119+0000 7fd5f95ab700 1 -- 172.21.15.144:0/2397423867 >> [v2:172.21.15.144:6800/2,v1:172.21.15.144:6801/2] conn(0x7fd5dc0383f0 msgr2=0x7fd5dc03a8a0 secure :-1 s=STATE_CONNECTION_ESTABLISHED l=1).mark_down
2024-09-10T11:20:36.792 INFO:teuthology.orchestra.run.smithi144.stdout:/usr/bin/ceph: stderr
2024-09-10T11:20:36.119+0000 7fd5f95ab700 1 --2- 172.21.15.144:0/2397423867 >> [v2:172.21.15.144:6800/2,v1:172.21.15.144:6801/2] conn(0x7fd5dc0383f0 0x7fd5dc03a8a0 secure :-1 s=READY pgs=22 cs=0 l=1 rev1=1 crypto rx=0x7fd5e8006fd0 tx=0x7fd5e8006e40 comp rx=0 tx=0).stop
2024-09-10T11:20:36.792 INFO:teuthology.orchestra.run.smithi144.stdout:/usr/bin/ceph: stderr
2024-09-10T11:20:36.119+0000 7fd5f95ab700 1 -- 172.21.15.144:0/2397423867 >> [v2:172.21.15.144:3300/0,v1:172.21.15.144:6789/0] conn(0x7fd5f407be20 msgr2=0x7fd5f419bb70 secure :-1 s=STATE_CONNECTION_ESTABLISHED l=1).mark_down
2024-09-10T11:20:36.792 INFO:teuthology.orchestra.run.smithi144.stdout:/usr/bin/ceph: stderr
2024-09-10T11:20:36.119+0000 7fd5f95ab700 1 --2- 172.21.15.144:0/2397423867 >> [v2:172.21.15.144:3300/0,v1:172.21.15.144:6789/0] conn(0x7fd5f407be20 0x7fd5f419bb70 secure :-1 s=READY pgs=68 cs=0 l=1 rev1=1 crypto rx=0x7fd5e4000c00 tx=0x7fd5e4011b50 comp rx=0 tx=0).stop
2024-09-10T11:20:36.792 INFO:teuthology.orchestra.run.smithi144.stdout:/usr/bin/ceph: stderr
2024-09-10T11:20:36.119+0000 7fd5f95ab700 1 -- 172.21.15.144:0/2397423867 shutdown_connections
2024-09-10T11:20:36.792 INFO:teuthology.orchestra.run.smithi144.stdout:/usr/bin/ceph: stderr
2024-09-10T11:20:36.119+0000 7fd5f95ab700 1 --2- 172.21.15.144:0/2397423867 >> [v2:172.21.15.144:6800/2,v1:172.21.15.144:6801/2] conn(0x7fd5dc0383f0 0x7fd5dc03a8a0 unknown :-1 s=CLOSED pgs=22 cs=0 l=1 rev1=1 crypto rx=0 tx=0 comp rx=0 tx=0).stop
2024-09-10T11:20:36.792 INFO:teuthology.orchestra.run.smithi144.stdout:/usr/bin/ceph: stderr
2024-09-10T11:20:36.119+0000 7fd5f95ab700 1 --2- 172.21.15.144:0/2397423867 >> [v2:172.21.15.144:3300/0,v1:172.21.15.144:6789/0] conn(0x7fd5f407be20 0x7fd5f419bb70 unknown :-1 s=CLOSED pgs=68 cs=0 l=1 rev1=1 crypto rx=0 tx=0 comp rx=0 tx=0).stop
2024-09-10T11:20:36.792 INFO:teuthology.orchestra.run.smithi144.stdout:/usr/bin/ceph: stderr
2024-09-10T11:20:36.119+0000 7fd5f95ab700 1 -- 172.21.15.144:0/2397423867 >> 172.21.15.144:0/2397423867 conn(0x7fd5f4101220 msgr2=0x7fd5f4102910 unknown :-1 s=STATE_NONE l=0).mark_down
2024-09-10T11:20:36.792 INFO:teuthology.orchestra.run.smithi144.stdout:/usr/bin/ceph: stderr
2024-09-10T11:20:36.119+0000 7fd5f95ab700 1 -- 172.21.15.144:0/2397423867 shutdown_connections
2024-09-10T11:20:36.792 INFO:teuthology.orchestra.run.smithi144.stdout:/usr/bin/ceph: stderr
2024-09-10T11:20:36.119+0000 7fd5f95ab700 1 -- 172.21.15.144:0/2397423867 wait complete.
2024-09-10T11:20:37.234 INFO:journalctl@ceph.mon.smithi144.smithi144.stdout:Sep 10 11:20:37 smithi144 ceph-mon[27942]: from='client.? 172.21.15.144:0/2397423867' entity='client.admin' cmd='[{"prefix": "mgr module enable", "module": "dashboard"}]': finished
2024-09-10T11:20:37.234 INFO:journalctl@ceph.mon.smithi144.smithi144.stdout:Sep 10 11:20:37 smithi144 ceph-mon[27942]: mgrmap e9: smithi144.bkogfs(active, since 26s)
2024-09-10T11:20:38.180 INFO:teuthology.orchestra.run.smithi144.stdout:/usr/bin/ceph: stdout {
2024-09-10T11:20:38.180 INFO:teuthology.orchestra.run.smithi144.stdout:/usr/bin/ceph: stdout "epoch": 9,
2024-09-10T11:20:38.180 INFO:teuthology.orchestra.run.smithi144.stdout:/usr/bin/ceph: stdout "available": true,
2024-09-10T11:20:38.180 INFO:teuthology.orchestra.run.smithi144.stdout:/usr/bin/ceph: stdout "active_name": "smithi144.bkogfs",
2024-09-10T11:20:38.180 INFO:teuthology.orchestra.run.smithi144.stdout:/usr/bin/ceph: stdout "num_standby": 0
2024-09-10T11:20:38.180 INFO:teuthology.orchestra.run.smithi144.stdout:/usr/bin/ceph: stdout }
2024-09-10T11:20:38.180 INFO:teuthology.orchestra.run.smithi144.stdout:/usr/bin/ceph: stderr
2024-09-10T11:20:37.249+0000 7fa9dd80a700 1 Processor -- start
2024-09-10T11:20:38.180 INFO:teuthology.orchestra.run.smithi144.stdout:/usr/bin/ceph: stderr
2024-09-10T11:20:37.249+0000 7fa9dd80a700 1 -- start start
2024-09-10T11:20:38.181 INFO:teuthology.orchestra.run.smithi144.stdout:/usr/bin/ceph: stderr
2024-09-10T11:20:37.249+0000 7fa9dd80a700 1 --2- >> [v2:172.21.15.144:3300/0,v1:172.21.15.144:6789/0] conn(0x7fa9d8079d20 0x7fa9d810ab80 unknown :-1 s=NONE pgs=0 cs=0 l=0 rev1=0 crypto rx=0 tx=0 comp rx=0 tx=0).connect
2024-09-10T11:20:38.181 INFO:teuthology.orchestra.run.smithi144.stdout:/usr/bin/ceph: stderr
2024-09-10T11:20:37.249+0000 7fa9dd80a700 1 -- --> [v2:172.21.15.144:3300/0,v1:172.21.15.144:6789/0] -- mon_getmap magic: 0 v1 -- 0x7fa9d8106570 con 0x7fa9d8079d20
2024-09-10T11:20:38.181 INFO:teuthology.orchestra.run.smithi144.stdout:/usr/bin/ceph: stderr
2024-09-10T11:20:37.250+0000 7fa9d6ffd700 1 --2- >> [v2:172.21.15.144:3300/0,v1:172.21.15.144:6789/0] conn(0x7fa9d8079d20 0x7fa9d810ab80 unknown :-1 s=BANNER_CONNECTING pgs=0 cs=0 l=0 rev1=0 crypto rx=0 tx=0 comp rx=0 tx=0)._handle_peer_banner_payload supported=3 required=0
2024-09-10T11:20:38.181 INFO:teuthology.orchestra.run.smithi144.stdout:/usr/bin/ceph: stderr
2024-09-10T11:20:37.250+0000 7fa9d6ffd700 1 --2- >> [v2:172.21.15.144:3300/0,v1:172.21.15.144:6789/0] conn(0x7fa9d8079d20 0x7fa9d810ab80 unknown :-1 s=HELLO_CONNECTING pgs=0 cs=0 l=0 rev1=1 crypto rx=0 tx=0 comp rx=0 tx=0).handle_hello peer v2:172.21.15.144:3300/0 says I am v2:172.21.15.144:51308/0 (socket says 172.21.15.144:51308)
2024-09-10T11:20:38.181 INFO:teuthology.orchestra.run.smithi144.stdout:/usr/bin/ceph: stderr
2024-09-10T11:20:37.250+0000 7fa9d6ffd700 1 -- 172.21.15.144:0/3290563878 learned_addr learned my addr 172.21.15.144:0/3290563878 (peer_addr_for_me v2:172.21.15.144:0/0)
2024-09-10T11:20:38.181 INFO:teuthology.orchestra.run.smithi144.stdout:/usr/bin/ceph: stderr
2024-09-10T11:20:37.250+0000 7fa9d6ffd700 1 -- 172.21.15.144:0/3290563878 --> [v2:172.21.15.144:3300/0,v1:172.21.15.144:6789/0] -- mon_subscribe({config=0+,monmap=0+}) v3 -- 0x7fa9d810b0c0 con 0x7fa9d8079d20
2024-09-10T11:20:38.181 INFO:teuthology.orchestra.run.smithi144.stdout:/usr/bin/ceph: stderr
2024-09-10T11:20:37.250+0000 7fa9d6ffd700 1 --2- 172.21.15.144:0/3290563878 >> [v2:172.21.15.144:3300/0,v1:172.21.15.144:6789/0] conn(0x7fa9d8079d20 0x7fa9d810ab80 secure :-1 s=READY pgs=71 cs=0 l=1 rev1=1 crypto rx=0x7fa9c80098a0 tx=0x7fa9c8009bb0 comp rx=0 tx=0).ready entity=mon.0 client_cookie=7663021b62b47021 server_cookie=0 in_seq=0 out_seq=0
2024-09-10T11:20:38.181 INFO:teuthology.orchestra.run.smithi144.stdout:/usr/bin/ceph: stderr
2024-09-10T11:20:37.250+0000 7fa9d5ffb700 1 -- 172.21.15.144:0/3290563878 <== mon.0 v2:172.21.15.144:3300/0 1 ==== mon_map magic: 0 v1 ==== 229+0+0 (secure 0 0 0) 0x7fa9c8004180 con 0x7fa9d8079d20
2024-09-10T11:20:38.181 INFO:teuthology.orchestra.run.smithi144.stdout:/usr/bin/ceph: stderr
2024-09-10T11:20:37.250+0000 7fa9d5ffb700 1 -- 172.21.15.144:0/3290563878 <== mon.0 v2:172.21.15.144:3300/0 2 ==== config(27 keys) v1 ==== 1101+0+0 (secure 0 0 0) 0x7fa9c80042e0 con 0x7fa9d8079d20
2024-09-10T11:20:38.181 INFO:teuthology.orchestra.run.smithi144.stdout:/usr/bin/ceph: stderr
2024-09-10T11:20:37.250+0000 7fa9d5ffb700 1 -- 172.21.15.144:0/3290563878 <== mon.0 v2:172.21.15.144:3300/0 3 ==== mon_map magic: 0 v1 ==== 229+0+0 (secure 0 0 0) 0x7fa9c8011af0 con 0x7fa9d8079d20
2024-09-10T11:20:38.181 INFO:teuthology.orchestra.run.smithi144.stdout:/usr/bin/ceph: stderr
2024-09-10T11:20:37.251+0000 7fa9dd80a700 1 -- 172.21.15.144:0/3290563878 >> [v2:172.21.15.144:3300/0,v1:172.21.15.144:6789/0] conn(0x7fa9d8079d20 msgr2=0x7fa9d810ab80 secure :-1 s=STATE_CONNECTION_ESTABLISHED l=1).mark_down
2024-09-10T11:20:38.181 INFO:teuthology.orchestra.run.smithi144.stdout:/usr/bin/ceph: stderr
2024-09-10T11:20:37.251+0000 7fa9dd80a700 1 --2- 172.21.15.144:0/3290563878 >> [v2:172.21.15.144:3300/0,v1:172.21.15.144:6789/0] conn(0x7fa9d8079d20 0x7fa9d810ab80 secure :-1 s=READY pgs=71 cs=0 l=1 rev1=1 crypto rx=0x7fa9c80098a0 tx=0x7fa9c8009bb0 comp rx=0 tx=0).stop
2024-09-10T11:20:38.182 INFO:teuthology.orchestra.run.smithi144.stdout:/usr/bin/ceph: stderr
2024-09-10T11:20:37.251+0000 7fa9dd80a700 1 -- 172.21.15.144:0/3290563878 shutdown_connections
2024-09-10T11:20:38.182 INFO:teuthology.orchestra.run.smithi144.stdout:/usr/bin/ceph: stderr
2024-09-10T11:20:37.251+0000 7fa9dd80a700 1 --2- 172.21.15.144:0/3290563878 >> [v2:172.21.15.144:3300/0,v1:172.21.15.144:6789/0] conn(0x7fa9d8079d20 0x7fa9d810ab80 unknown :-1 s=CLOSED pgs=71 cs=0 l=1 rev1=1 crypto rx=0 tx=0 comp rx=0 tx=0).stop
2024-09-10T11:20:38.182 INFO:teuthology.orchestra.run.smithi144.stdout:/usr/bin/ceph: stderr
2024-09-10T11:20:37.251+0000 7fa9dd80a700 1 -- 172.21.15.144:0/3290563878 >> 172.21.15.144:0/3290563878 conn(0x7fa9d8100130 msgr2=0x7fa9d8102560 unknown :-1 s=STATE_NONE l=0).mark_down
2024-09-10T11:20:38.182 INFO:teuthology.orchestra.run.smithi144.stdout:/usr/bin/ceph: stderr
2024-09-10T11:20:37.251+0000 7fa9dd80a700 1 -- 172.21.15.144:0/3290563878 shutdown_connections
2024-09-10T11:20:38.182 INFO:teuthology.orchestra.run.smithi144.stdout:/usr/bin/ceph: stderr
2024-09-10T11:20:37.251+0000 7fa9dd80a700 1 -- 172.21.15.144:0/3290563878 wait complete.
2024-09-10T11:20:38.182 INFO:teuthology.orchestra.run.smithi144.stdout:/usr/bin/ceph: stderr
2024-09-10T11:20:37.252+0000 7fa9dd80a700 1 Processor -- start
2024-09-10T11:20:38.182 INFO:teuthology.orchestra.run.smithi144.stdout:/usr/bin/ceph: stderr
2024-09-10T11:20:37.252+0000 7fa9dd80a700 1 -- start start
2024-09-10T11:20:38.182 INFO:teuthology.orchestra.run.smithi144.stdout:/usr/bin/ceph: stderr
2024-09-10T11:20:37.252+0000 7fa9dd80a700 1 --2- >> [v2:172.21.15.144:3300/0,v1:172.21.15.144:6789/0] conn(0x7fa9d819baf0 0x7fa9d819bf00 unknown :-1 s=NONE pgs=0 cs=0 l=1 rev1=0 crypto rx=0 tx=0 comp rx=0 tx=0).connect
2024-09-10T11:20:38.182 INFO:teuthology.orchestra.run.smithi144.stdout:/usr/bin/ceph: stderr
2024-09-10T11:20:37.252+0000 7fa9dd80a700 1 -- --> [v2:172.21.15.144:3300/0,v1:172.21.15.144:6789/0] -- mon_getmap magic: 0 v1 -- 0x7fa9d819c440 con 0x7fa9d819baf0
2024-09-10T11:20:38.182 INFO:teuthology.orchestra.run.smithi144.stdout:/usr/bin/ceph: stderr
2024-09-10T11:20:37.252+0000 7fa9d6ffd700 1 --2- >> [v2:172.21.15.144:3300/0,v1:172.21.15.144:6789/0] conn(0x7fa9d819baf0 0x7fa9d819bf00 unknown :-1 s=BANNER_CONNECTING pgs=0 cs=0 l=1 rev1=0 crypto rx=0 tx=0 comp rx=0 tx=0)._handle_peer_banner_payload supported=3 required=0
2024-09-10T11:20:38.182 INFO:teuthology.orchestra.run.smithi144.stdout:/usr/bin/ceph: stderr
2024-09-10T11:20:37.252+0000 7fa9d6ffd700 1 --2- >> [v2:172.21.15.144:3300/0,v1:172.21.15.144:6789/0] conn(0x7fa9d819baf0 0x7fa9d819bf00 unknown :-1 s=HELLO_CONNECTING pgs=0 cs=0 l=1 rev1=1 crypto rx=0 tx=0 comp rx=0 tx=0).handle_hello peer v2:172.21.15.144:3300/0 says I am v2:172.21.15.144:51324/0 (socket says 172.21.15.144:51324)
2024-09-10T11:20:38.182 INFO:teuthology.orchestra.run.smithi144.stdout:/usr/bin/ceph: stderr
2024-09-10T11:20:37.252+0000 7fa9d6ffd700 1 -- 172.21.15.144:0/2602820025 learned_addr learned my addr 172.21.15.144:0/2602820025 (peer_addr_for_me v2:172.21.15.144:0/0)
2024-09-10T11:20:38.182 INFO:teuthology.orchestra.run.smithi144.stdout:/usr/bin/ceph: stderr
2024-09-10T11:20:37.253+0000 7fa9d6ffd700 1 -- 172.21.15.144:0/2602820025 --> [v2:172.21.15.144:3300/0,v1:172.21.15.144:6789/0] -- mon_subscribe({config=0+,monmap=0+}) v3 -- 0x7fa9c8009550 con 0x7fa9d819baf0
2024-09-10T11:20:38.183 INFO:teuthology.orchestra.run.smithi144.stdout:/usr/bin/ceph: stderr
2024-09-10T11:20:37.253+0000 7fa9d6ffd700 1 --2- 172.21.15.144:0/2602820025 >> [v2:172.21.15.144:3300/0,v1:172.21.15.144:6789/0] conn(0x7fa9d819baf0 0x7fa9d819bf00 secure :-1 s=READY pgs=72 cs=0 l=1 rev1=1 crypto rx=0x7fa9c8000c00 tx=0x7fa9c8011b50 comp rx=0 tx=0).ready entity=mon.0 client_cookie=0 server_cookie=0 in_seq=0 out_seq=0
2024-09-10T11:20:38.183 INFO:teuthology.orchestra.run.smithi144.stdout:/usr/bin/ceph: stderr
2024-09-10T11:20:37.253+0000 7fa9dc808700 1 -- 172.21.15.144:0/2602820025 <== mon.0 v2:172.21.15.144:3300/0 1 ==== mon_map magic: 0 v1 ==== 229+0+0 (secure 0 0 0) 0x7fa9c8003a70 con 0x7fa9d819baf0
2024-09-10T11:20:38.183 INFO:teuthology.orchestra.run.smithi144.stdout:/usr/bin/ceph: stderr
2024-09-10T11:20:37.253+0000 7fa9dc808700 1 -- 172.21.15.144:0/2602820025 <== mon.0 v2:172.21.15.144:3300/0 2 ==== config(27 keys) v1 ==== 1101+0+0 (secure 0 0 0) 0x7fa9c8003bd0 con 0x7fa9d819baf0
2024-09-10T11:20:38.183 INFO:teuthology.orchestra.run.smithi144.stdout:/usr/bin/ceph: stderr
2024-09-10T11:20:37.253+0000 7fa9dc808700 1 -- 172.21.15.144:0/2602820025 <== mon.0 v2:172.21.15.144:3300/0 3 ==== mon_map magic: 0 v1 ==== 229+0+0 (secure 0 0 0) 0x7fa9c80238c0 con 0x7fa9d819baf0
2024-09-10T11:20:38.183 INFO:teuthology.orchestra.run.smithi144.stdout:/usr/bin/ceph: stderr
2024-09-10T11:20:37.253+0000 7fa9dd80a700 1 -- 172.21.15.144:0/2602820025 --> [v2:172.21.15.144:3300/0,v1:172.21.15.144:6789/0] -- mon_subscribe({mgrmap=0+}) v3 -- 0x7fa9d819c640 con 0x7fa9d819baf0
2024-09-10T11:20:38.183 INFO:teuthology.orchestra.run.smithi144.stdout:/usr/bin/ceph: stderr
2024-09-10T11:20:37.253+0000 7fa9dd80a700 1 -- 172.21.15.144:0/2602820025 --> [v2:172.21.15.144:3300/0,v1:172.21.15.144:6789/0] -- mon_subscribe({osdmap=0}) v3 -- 0x7fa9d819f2a0 con 0x7fa9d819baf0
2024-09-10T11:20:38.183 INFO:teuthology.orchestra.run.smithi144.stdout:/usr/bin/ceph: stderr
2024-09-10T11:20:37.254+0000 7fa9dc808700 1 -- 172.21.15.144:0/2602820025 <== mon.0 v2:172.21.15.144:3300/0 4 ==== mgrmap(e 9) v1 ==== 45097+0+0 (secure 0 0 0) 0x7fa9c8023b80 con 0x7fa9d819baf0
2024-09-10T11:20:38.183 INFO:teuthology.orchestra.run.smithi144.stdout:/usr/bin/ceph: stderr
2024-09-10T11:20:37.254+0000 7fa9dd80a700 1 -- 172.21.15.144:0/2602820025 --> [v2:172.21.15.144:3300/0,v1:172.21.15.144:6789/0] -- mon_command({"prefix": "get_command_descriptions"} v 0) v1 -- 0x7fa9d8079d20 con 0x7fa9d819baf0
2024-09-10T11:20:38.183 INFO:teuthology.orchestra.run.smithi144.stdout:/usr/bin/ceph: stderr
2024-09-10T11:20:37.254+0000 7fa9dc808700 1 --2- 172.21.15.144:0/2602820025 >> [v2:172.21.15.144:6800/2,v1:172.21.15.144:6801/2] conn(0x7fa9c4038440 0x7fa9c403a8f0 unknown :-1 s=NONE pgs=0 cs=0 l=1 rev1=0 crypto rx=0 tx=0 comp rx=0 tx=0).connect
2024-09-10T11:20:38.183 INFO:teuthology.orchestra.run.smithi144.stdout:/usr/bin/ceph: stderr
2024-09-10T11:20:37.255+0000 7fa9dc808700 1 -- 172.21.15.144:0/2602820025 <== mon.0 v2:172.21.15.144:3300/0 5 ==== osd_map(2..2 src has 1..2) v4 ==== 940+0+0 (secure 0 0 0) 0x7fa9c804c290 con 0x7fa9d819baf0
2024-09-10T11:20:38.183 INFO:teuthology.orchestra.run.smithi144.stdout:/usr/bin/ceph: stderr
2024-09-10T11:20:37.255+0000 7fa9d67fc700 1 -- 172.21.15.144:0/2602820025 >> [v2:172.21.15.144:6800/2,v1:172.21.15.144:6801/2] conn(0x7fa9c4038440 msgr2=0x7fa9c403a8f0 unknown :-1 s=STATE_CONNECTING_RE l=1).process reconnect failed to v2:172.21.15.144:6800/2
2024-09-10T11:20:38.184 INFO:teuthology.orchestra.run.smithi144.stdout:/usr/bin/ceph: stderr
2024-09-10T11:20:37.255+0000 7fa9d67fc700 1 --2- 172.21.15.144:0/2602820025 >> [v2:172.21.15.144:6800/2,v1:172.21.15.144:6801/2] conn(0x7fa9c4038440 0x7fa9c403a8f0 unknown :-1 s=START_CONNECT pgs=0 cs=0 l=1 rev1=0 crypto rx=0 tx=0 comp rx=0 tx=0)._fault waiting 0.200000
2024-09-10T11:20:38.184 INFO:teuthology.orchestra.run.smithi144.stdout:/usr/bin/ceph: stderr
2024-09-10T11:20:37.259+0000 7fa9dc808700 1 -- 172.21.15.144:0/2602820025 <== mon.0 v2:172.21.15.144:3300/0 6 ==== mon_command_ack([{"prefix": "get_command_descriptions"}]=0 v0) v1 ==== 72+0+177933 (secure 0 0 0) 0x7fa9c802b300 con 0x7fa9d819baf0
2024-09-10T11:20:38.184 INFO:teuthology.orchestra.run.smithi144.stdout:/usr/bin/ceph: stderr
2024-09-10T11:20:37.456+0000 7fa9d67fc700 1 -- 172.21.15.144:0/2602820025 >> [v2:172.21.15.144:6800/2,v1:172.21.15.144:6801/2] conn(0x7fa9c4038440 msgr2=0x7fa9c403a8f0 unknown :-1 s=STATE_CONNECTING_RE l=1).process reconnect failed to v2:172.21.15.144:6800/2
2024-09-10T11:20:38.184 INFO:teuthology.orchestra.run.smithi144.stdout:/usr/bin/ceph: stderr
2024-09-10T11:20:37.456+0000 7fa9d67fc700 1 --2- 172.21.15.144:0/2602820025 >> [v2:172.21.15.144:6800/2,v1:172.21.15.144:6801/2] conn(0x7fa9c4038440 0x7fa9c403a8f0 unknown :-1 s=START_CONNECT pgs=0 cs=0 l=1 rev1=0 crypto rx=0 tx=0 comp rx=0 tx=0)._fault waiting 0.400000
2024-09-10T11:20:38.184 INFO:teuthology.orchestra.run.smithi144.stdout:/usr/bin/ceph: stderr
2024-09-10T11:20:37.606+0000 7fa9dd80a700 1 -- 172.21.15.144:0/2602820025 --> [v2:172.21.15.144:3300/0,v1:172.21.15.144:6789/0] -- mon_command({"prefix": "mgr stat"} v 0) v1 -- 0x7fa9d8079f40 con 0x7fa9d819baf0
2024-09-10T11:20:38.184 INFO:teuthology.orchestra.run.smithi144.stdout:/usr/bin/ceph: stderr
2024-09-10T11:20:37.607+0000 7fa9dc808700 1 -- 172.21.15.144:0/2602820025 <== mon.0 v2:172.21.15.144:3300/0 7 ==== mon_command_ack([{"prefix": "mgr stat"}]=0 v9) v1 ==== 56+0+103 (secure 0 0 0) 0x7fa9c8010b30 con 0x7fa9d819baf0
2024-09-10T11:20:38.184 INFO:teuthology.orchestra.run.smithi144.stdout:/usr/bin/ceph: stderr
2024-09-10T11:20:37.610+0000 7fa9dd80a700 1 -- 172.21.15.144:0/2602820025 >> [v2:172.21.15.144:6800/2,v1:172.21.15.144:6801/2] conn(0x7fa9c4038440 msgr2=0x7fa9c403a8f0 unknown :-1 s=STATE_CONNECTING l=1).mark_down
2024-09-10T11:20:38.184 INFO:teuthology.orchestra.run.smithi144.stdout:/usr/bin/ceph: stderr
2024-09-10T11:20:37.610+0000 7fa9dd80a700 1 --2- 172.21.15.144:0/2602820025 >> [v2:172.21.15.144:6800/2,v1:172.21.15.144:6801/2] conn(0x7fa9c4038440 0x7fa9c403a8f0 unknown :-1 s=START_CONNECT pgs=0 cs=0 l=1 rev1=0 crypto rx=0 tx=0 comp rx=0 tx=0).stop
2024-09-10T11:20:38.184 INFO:teuthology.orchestra.run.smithi144.stdout:/usr/bin/ceph: stderr
2024-09-10T11:20:37.610+0000 7fa9dd80a700 1 -- 172.21.15.144:0/2602820025 >> [v2:172.21.15.144:3300/0,v1:172.21.15.144:6789/0] conn(0x7fa9d819baf0 msgr2=0x7fa9d819bf00 secure :-1 s=STATE_CONNECTION_ESTABLISHED l=1).mark_down
2024-09-10T11:20:38.184 INFO:teuthology.orchestra.run.smithi144.stdout:/usr/bin/ceph: stderr
2024-09-10T11:20:37.610+0000 7fa9dd80a700 1 --2- 172.21.15.144:0/2602820025 >> [v2:172.21.15.144:3300/0,v1:172.21.15.144:6789/0] conn(0x7fa9d819baf0 0x7fa9d819bf00 secure :-1 s=READY pgs=72 cs=0 l=1 rev1=1 crypto rx=0x7fa9c8000c00 tx=0x7fa9c8011b50 comp rx=0 tx=0).stop
2024-09-10T11:20:38.184 INFO:teuthology.orchestra.run.smithi144.stdout:/usr/bin/ceph: stderr
2024-09-10T11:20:37.610+0000 7fa9dd80a700 1 -- 172.21.15.144:0/2602820025 shutdown_connections
2024-09-10T11:20:38.184 INFO:teuthology.orchestra.run.smithi144.stdout:/usr/bin/ceph: stderr
2024-09-10T11:20:37.610+0000 7fa9dd80a700 1 --2- 172.21.15.144:0/2602820025 >> [v2:172.21.15.144:6800/2,v1:172.21.15.144:6801/2] conn(0x7fa9c4038440 0x7fa9c403a8f0 unknown :-1 s=CLOSED pgs=0 cs=0 l=1 rev1=0 crypto rx=0 tx=0 comp rx=0 tx=0).stop
2024-09-10T11:20:38.185 INFO:teuthology.orchestra.run.smithi144.stdout:/usr/bin/ceph: stderr
2024-09-10T11:20:37.610+0000 7fa9dd80a700 1 --2- 172.21.15.144:0/2602820025 >> [v2:172.21.15.144:3300/0,v1:172.21.15.144:6789/0] conn(0x7fa9d819baf0 0x7fa9d819bf00 unknown :-1 s=CLOSED pgs=72 cs=0 l=1 rev1=1 crypto rx=0 tx=0 comp rx=0 tx=0).stop
2024-09-10T11:20:38.185 INFO:teuthology.orchestra.run.smithi144.stdout:/usr/bin/ceph: stderr
2024-09-10T11:20:37.610+0000 7fa9dd80a700 1 -- 172.21.15.144:0/2602820025 >> 172.21.15.144:0/2602820025 conn(0x7fa9d8100130 msgr2=0x7fa9d8100f10 unknown :-1 s=STATE_NONE l=0).mark_down
2024-09-10T11:20:38.185 INFO:teuthology.orchestra.run.smithi144.stdout:/usr/bin/ceph: stderr
2024-09-10T11:20:37.611+0000 7fa9dd80a700 1 -- 172.21.15.144:0/2602820025 shutdown_connections
2024-09-10T11:20:38.185 INFO:teuthology.orchestra.run.smithi144.stdout:/usr/bin/ceph: stderr
2024-09-10T11:20:37.611+0000 7fa9dd80a700 1 -- 172.21.15.144:0/2602820025 wait complete.
2024-09-10T11:20:38.185 INFO:teuthology.orchestra.run.smithi144.stdout:Waiting for the mgr to restart...
2024-09-10T11:20:38.185 INFO:teuthology.orchestra.run.smithi144.stdout:Waiting for mgr epoch 9...
2024-09-10T11:20:38.434 INFO:journalctl@ceph.mon.smithi144.smithi144.stdout:Sep 10 11:20:38 smithi144 ceph-mon[27942]: from='client.? 172.21.15.144:0/2602820025' entity='client.admin' cmd=[{"prefix": "mgr stat"}]: dispatch
2024-09-10T11:20:43.684 INFO:journalctl@ceph.mon.smithi144.smithi144.stdout:Sep 10 11:20:43 smithi144 ceph-mon[27942]: Active manager daemon smithi144.bkogfs restarted
2024-09-10T11:20:43.684 INFO:journalctl@ceph.mon.smithi144.smithi144.stdout:Sep 10 11:20:43 smithi144 ceph-mon[27942]: Activating manager daemon smithi144.bkogfs
2024-09-10T11:20:43.684 INFO:journalctl@ceph.mon.smithi144.smithi144.stdout:Sep 10 11:20:43 smithi144 ceph-mon[27942]: osdmap e3: 0 total, 0 up, 0 in
2024-09-10T11:20:43.684 INFO:journalctl@ceph.mon.smithi144.smithi144.stdout:Sep 10 11:20:43 smithi144 ceph-mon[27942]: mgrmap e10: smithi144.bkogfs(active, starting, since 0.00376123s)
2024-09-10T11:20:43.684 INFO:journalctl@ceph.mon.smithi144.smithi144.stdout:Sep 10 11:20:43 smithi144 ceph-mon[27942]: from='mgr.14164 172.21.15.144:0/2' entity='mgr.smithi144.bkogfs' cmd=[{"prefix": "mon metadata", "id": "smithi144"}]: dispatch
2024-09-10T11:20:43.684 INFO:journalctl@ceph.mon.smithi144.smithi144.stdout:Sep 10 11:20:43 smithi144 ceph-mon[27942]: from='mgr.14164 172.21.15.144:0/2' entity='mgr.smithi144.bkogfs' cmd=[{"prefix": "mgr metadata", "who": "smithi144.bkogfs", "id": "smithi144.bkogfs"}]: dispatch
2024-09-10T11:20:43.685 INFO:journalctl@ceph.mon.smithi144.smithi144.stdout:Sep 10 11:20:43 smithi144 ceph-mon[27942]: from='mgr.14164 172.21.15.144:0/2' entity='mgr.smithi144.bkogfs' cmd=[{"prefix": "mds metadata"}]: dispatch
2024-09-10T11:20:43.685 INFO:journalctl@ceph.mon.smithi144.smithi144.stdout:Sep 10 11:20:43 smithi144 ceph-mon[27942]: from='mgr.14164 172.21.15.144:0/2' entity='mgr.smithi144.bkogfs' cmd=[{"prefix": "osd metadata"}]: dispatch
2024-09-10T11:20:43.685 INFO:journalctl@ceph.mon.smithi144.smithi144.stdout:Sep 10 11:20:43 smithi144 ceph-mon[27942]: from='mgr.14164 172.21.15.144:0/2' entity='mgr.smithi144.bkogfs' cmd=[{"prefix": "mon metadata"}]: dispatch
2024-09-10T11:20:43.685 INFO:journalctl@ceph.mon.smithi144.smithi144.stdout:Sep 10 11:20:43 smithi144 ceph-mon[27942]: Manager daemon smithi144.bkogfs is now available
2024-09-10T11:20:43.685 INFO:journalctl@ceph.mon.smithi144.smithi144.stdout:Sep 10 11:20:43 smithi144 ceph-mon[27942]: from='mgr.14164 172.21.15.144:0/2' entity='mgr.smithi144.bkogfs' cmd=[{"prefix": "config dump", "format": "json"}]: dispatch
2024-09-10T11:20:43.685 INFO:journalctl@ceph.mon.smithi144.smithi144.stdout:Sep 10 11:20:43 smithi144 ceph-mon[27942]: from='mgr.14164 172.21.15.144:0/2' entity='mgr.smithi144.bkogfs' cmd=[{"prefix": "config dump", "format": "json"}]: dispatch
2024-09-10T11:20:43.685 INFO:journalctl@ceph.mon.smithi144.smithi144.stdout:Sep 10 11:20:43 smithi144 ceph-mon[27942]: from='mgr.14164 172.21.15.144:0/2' entity='mgr.smithi144.bkogfs' cmd=[{"prefix":"config rm","who":"mgr","name":"mgr/rbd_support/smithi144.bkogfs/mirror_snapshot_schedule"}]: dispatch
2024-09-10T11:20:43.685 INFO:journalctl@ceph.mon.smithi144.smithi144.stdout:Sep 10 11:20:43 smithi144 ceph-mon[27942]: from='mgr.14164 172.21.15.144:0/2' entity='mgr.smithi144.bkogfs' cmd=[{"prefix":"config rm","who":"mgr","name":"mgr/rbd_support/smithi144.bkogfs/trash_purge_schedule"}]: dispatch
2024-09-10T11:20:44.840 INFO:teuthology.orchestra.run.smithi144.stdout:/usr/bin/ceph: stdout {
2024-09-10T11:20:44.840 INFO:teuthology.orchestra.run.smithi144.stdout:/usr/bin/ceph: stdout "mgrmap_epoch": 11,
2024-09-10T11:20:44.841 INFO:teuthology.orchestra.run.smithi144.stdout:/usr/bin/ceph: stdout "initialized": true
2024-09-10T11:20:44.841 INFO:teuthology.orchestra.run.smithi144.stdout:/usr/bin/ceph: stdout }
2024-09-10T11:20:44.841 INFO:teuthology.orchestra.run.smithi144.stdout:/usr/bin/ceph: stderr
2024-09-10T11:20:38.577+0000 7fd85872d700 1 Processor -- start
2024-09-10T11:20:44.841 INFO:teuthology.orchestra.run.smithi144.stdout:/usr/bin/ceph: stderr
2024-09-10T11:20:38.577+0000 7fd85872d700 1 -- start start
2024-09-10T11:20:44.841 INFO:teuthology.orchestra.run.smithi144.stdout:/usr/bin/ceph: stderr
2024-09-10T11:20:38.577+0000 7fd85872d700 1 --2- >> [v2:172.21.15.144:3300/0,v1:172.21.15.144:6789/0] conn(0x7fd850106080 0x7fd850106490 unknown :-1 s=NONE pgs=0 cs=0 l=0 rev1=0 crypto rx=0 tx=0 comp rx=0 tx=0).connect
2024-09-10T11:20:44.841 INFO:teuthology.orchestra.run.smithi144.stdout:/usr/bin/ceph: stderr
2024-09-10T11:20:38.577+0000 7fd85872d700 1 -- --> [v2:172.21.15.144:3300/0,v1:172.21.15.144:6789/0] -- mon_getmap magic: 0 v1 -- 0x7fd8501069d0 con 0x7fd850106080
2024-09-10T11:20:44.841 INFO:teuthology.orchestra.run.smithi144.stdout:/usr/bin/ceph: stderr
2024-09-10T11:20:38.577+0000 7fd8564c9700 1 --2- >> [v2:172.21.15.144:3300/0,v1:172.21.15.144:6789/0] conn(0x7fd850106080 0x7fd850106490 unknown :-1 s=BANNER_CONNECTING pgs=0 cs=0 l=0 rev1=0 crypto rx=0 tx=0 comp rx=0 tx=0)._handle_peer_banner_payload supported=3 required=0
2024-09-10T11:20:44.841 INFO:teuthology.orchestra.run.smithi144.stdout:/usr/bin/ceph: stderr
2024-09-10T11:20:38.577+0000 7fd8564c9700 1 --2- >> [v2:172.21.15.144:3300/0,v1:172.21.15.144:6789/0] conn(0x7fd850106080 0x7fd850106490 unknown :-1 s=HELLO_CONNECTING pgs=0 cs=0 l=0 rev1=1 crypto rx=0 tx=0 comp rx=0 tx=0).handle_hello peer v2:172.21.15.144:3300/0 says I am v2:172.21.15.144:51334/0 (socket says 172.21.15.144:51334)
2024-09-10T11:20:44.841 INFO:teuthology.orchestra.run.smithi144.stdout:/usr/bin/ceph: stderr
2024-09-10T11:20:38.577+0000 7fd8564c9700 1 -- 172.21.15.144:0/3981490385 learned_addr learned my addr 172.21.15.144:0/3981490385 (peer_addr_for_me v2:172.21.15.144:0/0)
2024-09-10T11:20:44.841 INFO:teuthology.orchestra.run.smithi144.stdout:/usr/bin/ceph: stderr
2024-09-10T11:20:38.577+0000 7fd8564c9700 1 -- 172.21.15.144:0/3981490385 --> [v2:172.21.15.144:3300/0,v1:172.21.15.144:6789/0] -- mon_subscribe({config=0+,monmap=0+}) v3 -- 0x7fd850106b10 con 0x7fd850106080
2024-09-10T11:20:44.841 INFO:teuthology.orchestra.run.smithi144.stdout:/usr/bin/ceph: stderr
2024-09-10T11:20:38.578+0000 7fd8564c9700 1 --2- 172.21.15.144:0/3981490385 >> [v2:172.21.15.144:3300/0,v1:172.21.15.144:6789/0] conn(0x7fd850106080 0x7fd850106490 secure :-1 s=READY pgs=73 cs=0 l=1 rev1=1 crypto rx=0x7fd84c0098a0 tx=0x7fd84c009bb0 comp rx=0 tx=0).ready entity=mon.0 client_cookie=41c42116dfa15e0f server_cookie=0 in_seq=0 out_seq=0
2024-09-10T11:20:44.841 INFO:teuthology.orchestra.run.smithi144.stdout:/usr/bin/ceph: stderr
2024-09-10T11:20:38.578+0000 7fd8554c7700 1 -- 172.21.15.144:0/3981490385 <== mon.0 v2:172.21.15.144:3300/0 1 ==== mon_map magic: 0 v1 ==== 229+0+0 (secure 0 0 0) 0x7fd84c004180 con 0x7fd850106080
2024-09-10T11:20:44.841 INFO:teuthology.orchestra.run.smithi144.stdout:/usr/bin/ceph: stderr
2024-09-10T11:20:38.578+0000 7fd8554c7700 1 -- 172.21.15.144:0/3981490385 <== mon.0 v2:172.21.15.144:3300/0 2 ==== config(27 keys) v1 ==== 1101+0+0 (secure 0 0 0) 0x7fd84c0042e0 con 0x7fd850106080
2024-09-10T11:20:44.842 INFO:teuthology.orchestra.run.smithi144.stdout:/usr/bin/ceph: stderr
2024-09-10T11:20:38.578+0000 7fd8554c7700 1 -- 172.21.15.144:0/3981490385 <== mon.0 v2:172.21.15.144:3300/0 3 ==== mon_map magic: 0 v1 ==== 229+0+0 (secure 0 0 0) 0x7fd84c011af0 con 0x7fd850106080
2024-09-10T11:20:44.842 INFO:teuthology.orchestra.run.smithi144.stdout:/usr/bin/ceph: stderr
2024-09-10T11:20:38.579+0000 7fd85872d700 1 -- 172.21.15.144:0/3981490385 >> [v2:172.21.15.144:3300/0,v1:172.21.15.144:6789/0] conn(0x7fd850106080 msgr2=0x7fd850106490 secure :-1 s=STATE_CONNECTION_ESTABLISHED l=1).mark_down
2024-09-10T11:20:44.842 INFO:teuthology.orchestra.run.smithi144.stdout:/usr/bin/ceph: stderr
2024-09-10T11:20:38.579+0000 7fd85872d700 1 --2- 172.21.15.144:0/3981490385 >> [v2:172.21.15.144:3300/0,v1:172.21.15.144:6789/0] conn(0x7fd850106080 0x7fd850106490 secure :-1 s=READY pgs=73 cs=0 l=1 rev1=1 crypto rx=0x7fd84c0098a0 tx=0x7fd84c009bb0 comp rx=0 tx=0).stop
2024-09-10T11:20:44.842 INFO:teuthology.orchestra.run.smithi144.stdout:/usr/bin/ceph: stderr
2024-09-10T11:20:38.579+0000 7fd85872d700 1 -- 172.21.15.144:0/3981490385 shutdown_connections
2024-09-10T11:20:44.842 INFO:teuthology.orchestra.run.smithi144.stdout:/usr/bin/ceph: stderr
2024-09-10T11:20:38.579+0000 7fd85872d700 1 --2- 172.21.15.144:0/3981490385 >> [v2:172.21.15.144:3300/0,v1:172.21.15.144:6789/0] conn(0x7fd850106080 0x7fd850106490 unknown :-1 s=CLOSED pgs=73 cs=0 l=1 rev1=1 crypto rx=0 tx=0 comp rx=0 tx=0).stop
2024-09-10T11:20:44.842 INFO:teuthology.orchestra.run.smithi144.stdout:/usr/bin/ceph: stderr
2024-09-10T11:20:38.579+0000 7fd85872d700 1 -- 172.21.15.144:0/3981490385 >> 172.21.15.144:0/3981490385 conn(0x7fd8500ff880 msgr2=0x7fd850101cb0 unknown :-1 s=STATE_NONE l=0).mark_down
2024-09-10T11:20:44.842 INFO:teuthology.orchestra.run.smithi144.stdout:/usr/bin/ceph: stderr
2024-09-10T11:20:38.579+0000 7fd85872d700 1 -- 172.21.15.144:0/3981490385 shutdown_connections
2024-09-10T11:20:44.842 INFO:teuthology.orchestra.run.smithi144.stdout:/usr/bin/ceph: stderr
2024-09-10T11:20:38.579+0000 7fd85872d700 1 -- 172.21.15.144:0/3981490385 wait complete.
2024-09-10T11:20:44.842 INFO:teuthology.orchestra.run.smithi144.stdout:/usr/bin/ceph: stderr
2024-09-10T11:20:38.579+0000 7fd85872d700 1 Processor -- start
2024-09-10T11:20:44.842 INFO:teuthology.orchestra.run.smithi144.stdout:/usr/bin/ceph: stderr
2024-09-10T11:20:38.579+0000 7fd85872d700 1 -- start start
2024-09-10T11:20:44.842 INFO:teuthology.orchestra.run.smithi144.stdout:/usr/bin/ceph: stderr
2024-09-10T11:20:38.580+0000 7fd85872d700 1 --2- >> [v2:172.21.15.144:3300/0,v1:172.21.15.144:6789/0] conn(0x7fd850106080 0x7fd850104830 unknown :-1 s=NONE pgs=0 cs=0 l=1 rev1=0 crypto rx=0 tx=0 comp rx=0 tx=0).connect
2024-09-10T11:20:44.842 INFO:teuthology.orchestra.run.smithi144.stdout:/usr/bin/ceph: stderr
2024-09-10T11:20:38.580+0000 7fd85872d700 1 -- --> [v2:172.21.15.144:3300/0,v1:172.21.15.144:6789/0] -- mon_getmap magic: 0 v1 -- 0x7fd85019c660 con 0x7fd850106080
2024-09-10T11:20:44.842 INFO:teuthology.orchestra.run.smithi144.stdout:/usr/bin/ceph: stderr
2024-09-10T11:20:38.580+0000 7fd8564c9700 1 --2- >> [v2:172.21.15.144:3300/0,v1:172.21.15.144:6789/0] conn(0x7fd850106080 0x7fd850104830 unknown :-1 s=BANNER_CONNECTING pgs=0 cs=0 l=1 rev1=0 crypto rx=0 tx=0 comp rx=0 tx=0)._handle_peer_banner_payload supported=3 required=0
2024-09-10T11:20:44.843 INFO:teuthology.orchestra.run.smithi144.stdout:/usr/bin/ceph: stderr
2024-09-10T11:20:38.580+0000 7fd8564c9700 1 --2- >> [v2:172.21.15.144:3300/0,v1:172.21.15.144:6789/0] conn(0x7fd850106080 0x7fd850104830 unknown :-1 s=HELLO_CONNECTING pgs=0 cs=0 l=1 rev1=1 crypto rx=0 tx=0 comp rx=0 tx=0).handle_hello peer v2:172.21.15.144:3300/0 says I am v2:172.21.15.144:51336/0 (socket says 172.21.15.144:51336)
2024-09-10T11:20:44.843 INFO:teuthology.orchestra.run.smithi144.stdout:/usr/bin/ceph: stderr
2024-09-10T11:20:38.580+0000 7fd8564c9700 1 -- 172.21.15.144:0/3951954150 learned_addr learned my addr 172.21.15.144:0/3951954150 (peer_addr_for_me v2:172.21.15.144:0/0)
2024-09-10T11:20:44.843 INFO:teuthology.orchestra.run.smithi144.stdout:/usr/bin/ceph: stderr
2024-09-10T11:20:38.580+0000 7fd8564c9700 1 -- 172.21.15.144:0/3951954150 --> [v2:172.21.15.144:3300/0,v1:172.21.15.144:6789/0] -- mon_subscribe({config=0+,monmap=0+}) v3 -- 0x7fd84c009550 con 0x7fd850106080
2024-09-10T11:20:44.843 INFO:teuthology.orchestra.run.smithi144.stdout:/usr/bin/ceph: stderr
2024-09-10T11:20:38.580+0000 7fd8564c9700 1 --2- 172.21.15.144:0/3951954150 >> [v2:172.21.15.144:3300/0,v1:172.21.15.144:6789/0] conn(0x7fd850106080 0x7fd850104830 secure :-1 s=READY pgs=74 cs=0 l=1 rev1=1 crypto rx=0x7fd84c006ba0 tx=0x7fd84c0047c0 comp rx=0 tx=0).ready entity=mon.0 client_cookie=0 server_cookie=0 in_seq=0 out_seq=0
2024-09-10T11:20:44.843 INFO:teuthology.orchestra.run.smithi144.stdout:/usr/bin/ceph: stderr
2024-09-10T11:20:38.580+0000 7fd8477fe700 1 -- 172.21.15.144:0/3951954150 <== mon.0 v2:172.21.15.144:3300/0 1 ==== mon_map magic: 0 v1 ==== 229+0+0 (secure 0 0 0) 0x7fd84c003a00 con 0x7fd850106080
2024-09-10T11:20:44.843 INFO:teuthology.orchestra.run.smithi144.stdout:/usr/bin/ceph: stderr
