2024-09-10T11:20:30.510+0000 7f998a7fc700 1 --2- 172.21.15.144:0/1477889515 >> [v2:172.21.15.144:6800/2,v1:172.21.15.144:6801/2] conn(0x7f99800383b0 0x7f998003a860 unknown :-1 s=NONE pgs=0 cs=0 l=1 rev1=0 crypto rx=0 tx=0 comp rx=0 tx=0).connect
2024-09-10T11:20:31.298 INFO:teuthology.orchestra.run.smithi144.stdout:/usr/bin/ceph: stderr
2024-09-10T11:20:30.510+0000 7f998a7fc700 1 -- 172.21.15.144:0/1477889515 <== mon.0 v2:172.21.15.144:3300/0 5 ==== osd_map(2..2 src has 1..2) v4 ==== 940+0+0 (secure 0 0 0) 0x7f999004cda0 con 0x7f9994104ae0
2024-09-10T11:20:31.299 INFO:teuthology.orchestra.run.smithi144.stdout:/usr/bin/ceph: stderr
2024-09-10T11:20:30.510+0000 7f9998c82700 1 --2- 172.21.15.144:0/1477889515 >> [v2:172.21.15.144:6800/2,v1:172.21.15.144:6801/2] conn(0x7f99800383b0 0x7f998003a860 unknown :-1 s=BANNER_CONNECTING pgs=0 cs=0 l=1 rev1=0 crypto rx=0 tx=0 comp rx=0 tx=0)._handle_peer_banner_payload supported=3 required=0
2024-09-10T11:20:31.299 INFO:teuthology.orchestra.run.smithi144.stdout:/usr/bin/ceph: stderr
2024-09-10T11:20:30.510+0000 7f999b6e7700 1 -- 172.21.15.144:0/1477889515 --> [v2:172.21.15.144:3300/0,v1:172.21.15.144:6789/0] -- mon_command({"prefix": "get_command_descriptions"} v 0) v1 -- 0x7f9994062380 con 0x7f9994104ae0
2024-09-10T11:20:31.299 INFO:teuthology.orchestra.run.smithi144.stdout:/usr/bin/ceph: stderr
2024-09-10T11:20:30.511+0000 7f9998c82700 1 --2- 172.21.15.144:0/1477889515 >> [v2:172.21.15.144:6800/2,v1:172.21.15.144:6801/2] conn(0x7f99800383b0 0x7f998003a860 secure :-1 s=READY pgs=18 cs=0 l=1 rev1=1 crypto rx=0x7f9984006fd0 tx=0x7f9984006e40 comp rx=0 tx=0).ready entity=mgr.14120 client_cookie=0 server_cookie=0 in_seq=0 out_seq=0
2024-09-10T11:20:31.299 INFO:teuthology.orchestra.run.smithi144.stdout:/usr/bin/ceph: stderr
2024-09-10T11:20:30.515+0000 7f998a7fc700 1 -- 172.21.15.144:0/1477889515 <== mon.0 v2:172.21.15.144:3300/0 6 ==== mon_command_ack([{"prefix": "get_command_descriptions"}]=0 v0) v1 ==== 72+0+177933 (secure 0 0 0) 0x7f999001f080 con 0x7f9994104ae0
2024-09-10T11:20:31.299 INFO:teuthology.orchestra.run.smithi144.stdout:/usr/bin/ceph: stderr
2024-09-10T11:20:30.717+0000 7f999b6e7700 1 -- 172.21.15.144:0/1477889515 --> [v2:172.21.15.144:6800/2,v1:172.21.15.144:6801/2] -- mgr_command(tid 0: {"prefix": "orch apply", "service_type": "node-exporter", "target": ["mon-mgr", ""]}) v1 -- 0x7f999419d190 con 0x7f99800383b0
2024-09-10T11:20:31.299 INFO:teuthology.orchestra.run.smithi144.stdout:/usr/bin/ceph: stderr
2024-09-10T11:20:30.721+0000 7f998a7fc700 1 -- 172.21.15.144:0/1477889515 <== mgr.14120 v2:172.21.15.144:6800/2 1 ==== mgr_command_reply(tid 0: 0 ) v1 ==== 8+0+34 (secure 0 0 0) 0x7f999419d190 con 0x7f99800383b0
2024-09-10T11:20:31.299 INFO:teuthology.orchestra.run.smithi144.stdout:/usr/bin/ceph: stderr
2024-09-10T11:20:30.723+0000 7f999b6e7700 1 -- 172.21.15.144:0/1477889515 >> [v2:172.21.15.144:6800/2,v1:172.21.15.144:6801/2] conn(0x7f99800383b0 msgr2=0x7f998003a860 secure :-1 s=STATE_CONNECTION_ESTABLISHED l=1).mark_down
2024-09-10T11:20:31.299 INFO:teuthology.orchestra.run.smithi144.stdout:/usr/bin/ceph: stderr
2024-09-10T11:20:30.723+0000 7f999b6e7700 1 --2- 172.21.15.144:0/1477889515 >> [v2:172.21.15.144:6800/2,v1:172.21.15.144:6801/2] conn(0x7f99800383b0 0x7f998003a860 secure :-1 s=READY pgs=18 cs=0 l=1 rev1=1 crypto rx=0x7f9984006fd0 tx=0x7f9984006e40 comp rx=0 tx=0).stop
2024-09-10T11:20:31.299 INFO:teuthology.orchestra.run.smithi144.stdout:/usr/bin/ceph: stderr
2024-09-10T11:20:30.723+0000 7f999b6e7700 1 -- 172.21.15.144:0/1477889515 >> [v2:172.21.15.144:3300/0,v1:172.21.15.144:6789/0] conn(0x7f9994104ae0 msgr2=0x7f9994079b50 secure :-1 s=STATE_CONNECTION_ESTABLISHED l=1).mark_down
2024-09-10T11:20:31.299 INFO:teuthology.orchestra.run.smithi144.stdout:/usr/bin/ceph: stderr
2024-09-10T11:20:30.723+0000 7f999b6e7700 1 --2- 172.21.15.144:0/1477889515 >> [v2:172.21.15.144:3300/0,v1:172.21.15.144:6789/0] conn(0x7f9994104ae0 0x7f9994079b50 secure :-1 s=READY pgs=60 cs=0 l=1 rev1=1 crypto rx=0x7f99900072a0 tx=0x7f99900049f0 comp rx=0 tx=0).stop
2024-09-10T11:20:31.299 INFO:teuthology.orchestra.run.smithi144.stdout:/usr/bin/ceph: stderr
2024-09-10T11:20:30.724+0000 7f999b6e7700 1 -- 172.21.15.144:0/1477889515 shutdown_connections
2024-09-10T11:20:31.299 INFO:teuthology.orchestra.run.smithi144.stdout:/usr/bin/ceph: stderr
2024-09-10T11:20:30.724+0000 7f999b6e7700 1 --2- 172.21.15.144:0/1477889515 >> [v2:172.21.15.144:6800/2,v1:172.21.15.144:6801/2] conn(0x7f99800383b0 0x7f998003a860 unknown :-1 s=CLOSED pgs=18 cs=0 l=1 rev1=1 crypto rx=0 tx=0 comp rx=0 tx=0).stop
2024-09-10T11:20:31.299 INFO:teuthology.orchestra.run.smithi144.stdout:/usr/bin/ceph: stderr
2024-09-10T11:20:30.724+0000 7f999b6e7700 1 --2- 172.21.15.144:0/1477889515 >> [v2:172.21.15.144:3300/0,v1:172.21.15.144:6789/0] conn(0x7f9994104ae0 0x7f9994079b50 unknown :-1 s=CLOSED pgs=60 cs=0 l=1 rev1=1 crypto rx=0 tx=0 comp rx=0 tx=0).stop
2024-09-10T11:20:31.300 INFO:teuthology.orchestra.run.smithi144.stdout:/usr/bin/ceph: stderr
2024-09-10T11:20:30.724+0000 7f999b6e7700 1 -- 172.21.15.144:0/1477889515 >> 172.21.15.144:0/1477889515 conn(0x7f9994100130 msgr2=0x7f9994100eb0 unknown :-1 s=STATE_NONE l=0).mark_down
2024-09-10T11:20:31.300 INFO:teuthology.orchestra.run.smithi144.stdout:/usr/bin/ceph: stderr
2024-09-10T11:20:30.724+0000 7f999b6e7700 1 -- 172.21.15.144:0/1477889515 shutdown_connections
2024-09-10T11:20:31.300 INFO:teuthology.orchestra.run.smithi144.stdout:/usr/bin/ceph: stderr
2024-09-10T11:20:30.724+0000 7f999b6e7700 1 -- 172.21.15.144:0/1477889515 wait complete.
2024-09-10T11:20:31.300 INFO:teuthology.orchestra.run.smithi144.stdout:Deploying alertmanager service with default placement...
2024-09-10T11:20:31.919 INFO:journalctl@ceph.mon.smithi144.smithi144.stdout:Sep 10 11:20:31 smithi144 ceph-mon[27942]: from='client.14154 -' entity='client.admin' cmd=[{"prefix": "orch apply", "service_type": "node-exporter", "target": ["mon-mgr", ""]}]: dispatch
2024-09-10T11:20:31.919 INFO:journalctl@ceph.mon.smithi144.smithi144.stdout:Sep 10 11:20:31 smithi144 ceph-mon[27942]: Saving service node-exporter spec with placement *
2024-09-10T11:20:31.919 INFO:journalctl@ceph.mon.smithi144.smithi144.stdout:Sep 10 11:20:31 smithi144 ceph-mon[27942]: from='mgr.14120 172.21.15.144:0/2' entity='mgr.smithi144.bkogfs'
2024-09-10T11:20:32.506 INFO:teuthology.orchestra.run.smithi144.stdout:/usr/bin/ceph: stdout Scheduled alertmanager update...
2024-09-10T11:20:32.578 INFO:teuthology.orchestra.run.smithi144.stdout:/usr/bin/ceph: stderr
2024-09-10T11:20:31.706+0000 7f201b242700 1 Processor -- start
2024-09-10T11:20:32.578 INFO:teuthology.orchestra.run.smithi144.stdout:/usr/bin/ceph: stderr
2024-09-10T11:20:31.706+0000 7f201b242700 1 -- start start
2024-09-10T11:20:32.578 INFO:teuthology.orchestra.run.smithi144.stdout:/usr/bin/ceph: stderr
2024-09-10T11:20:31.706+0000 7f201b242700 1 --2- >> [v2:172.21.15.144:3300/0,v1:172.21.15.144:6789/0] conn(0x7f2014107240 0x7f2014107650 unknown :-1 s=NONE pgs=0 cs=0 l=0 rev1=0 crypto rx=0 tx=0 comp rx=0 tx=0).connect
2024-09-10T11:20:32.578 INFO:teuthology.orchestra.run.smithi144.stdout:/usr/bin/ceph: stderr
2024-09-10T11:20:31.706+0000 7f201b242700 1 -- --> [v2:172.21.15.144:3300/0,v1:172.21.15.144:6789/0] -- mon_getmap magic: 0 v1 -- 0x7f2014107b90 con 0x7f2014107240
2024-09-10T11:20:32.578 INFO:teuthology.orchestra.run.smithi144.stdout:/usr/bin/ceph: stderr
2024-09-10T11:20:31.706+0000 7f2018fde700 1 --2- >> [v2:172.21.15.144:3300/0,v1:172.21.15.144:6789/0] conn(0x7f2014107240 0x7f2014107650 unknown :-1 s=BANNER_CONNECTING pgs=0 cs=0 l=0 rev1=0 crypto rx=0 tx=0 comp rx=0 tx=0)._handle_peer_banner_payload supported=3 required=0
2024-09-10T11:20:32.578 INFO:teuthology.orchestra.run.smithi144.stdout:/usr/bin/ceph: stderr
2024-09-10T11:20:31.706+0000 7f2018fde700 1 --2- >> [v2:172.21.15.144:3300/0,v1:172.21.15.144:6789/0] conn(0x7f2014107240 0x7f2014107650 unknown :-1 s=HELLO_CONNECTING pgs=0 cs=0 l=0 rev1=1 crypto rx=0 tx=0 comp rx=0 tx=0).handle_hello peer v2:172.21.15.144:3300/0 says I am v2:172.21.15.144:40380/0 (socket says 172.21.15.144:40380)
2024-09-10T11:20:32.578 INFO:teuthology.orchestra.run.smithi144.stdout:/usr/bin/ceph: stderr
2024-09-10T11:20:31.706+0000 7f2018fde700 1 -- 172.21.15.144:0/330811532 learned_addr learned my addr 172.21.15.144:0/330811532 (peer_addr_for_me v2:172.21.15.144:0/0)
2024-09-10T11:20:32.578 INFO:teuthology.orchestra.run.smithi144.stdout:/usr/bin/ceph: stderr
2024-09-10T11:20:31.706+0000 7f2018fde700 1 -- 172.21.15.144:0/330811532 --> [v2:172.21.15.144:3300/0,v1:172.21.15.144:6789/0] -- mon_subscribe({config=0+,monmap=0+}) v3 -- 0x7f2014107cd0 con 0x7f2014107240
2024-09-10T11:20:32.579 INFO:teuthology.orchestra.run.smithi144.stdout:/usr/bin/ceph: stderr
2024-09-10T11:20:31.707+0000 7f2018fde700 1 --2- 172.21.15.144:0/330811532 >> [v2:172.21.15.144:3300/0,v1:172.21.15.144:6789/0] conn(0x7f2014107240 0x7f2014107650 secure :-1 s=READY pgs=61 cs=0 l=1 rev1=1 crypto rx=0x7f20080098a0 tx=0x7f2008009bb0 comp rx=0 tx=0).ready entity=mon.0 client_cookie=d7ca3a845c6a25a3 server_cookie=0 in_seq=0 out_seq=0
2024-09-10T11:20:32.579 INFO:teuthology.orchestra.run.smithi144.stdout:/usr/bin/ceph: stderr
2024-09-10T11:20:31.707+0000 7f20137fe700 1 -- 172.21.15.144:0/330811532 <== mon.0 v2:172.21.15.144:3300/0 1 ==== mon_map magic: 0 v1 ==== 229+0+0 (secure 0 0 0) 0x7f2008004180 con 0x7f2014107240
2024-09-10T11:20:32.579 INFO:teuthology.orchestra.run.smithi144.stdout:/usr/bin/ceph: stderr
2024-09-10T11:20:31.707+0000 7f20137fe700 1 -- 172.21.15.144:0/330811532 <== mon.0 v2:172.21.15.144:3300/0 2 ==== config(27 keys) v1 ==== 1101+0+0 (secure 0 0 0) 0x7f20080042e0 con 0x7f2014107240
2024-09-10T11:20:32.579 INFO:teuthology.orchestra.run.smithi144.stdout:/usr/bin/ceph: stderr
2024-09-10T11:20:31.707+0000 7f20137fe700 1 -- 172.21.15.144:0/330811532 <== mon.0 v2:172.21.15.144:3300/0 3 ==== mon_map magic: 0 v1 ==== 229+0+0 (secure 0 0 0) 0x7f2008011af0 con 0x7f2014107240
2024-09-10T11:20:32.579 INFO:teuthology.orchestra.run.smithi144.stdout:/usr/bin/ceph: stderr
2024-09-10T11:20:31.707+0000 7f201b242700 1 -- 172.21.15.144:0/330811532 >> [v2:172.21.15.144:3300/0,v1:172.21.15.144:6789/0] conn(0x7f2014107240 msgr2=0x7f2014107650 secure :-1 s=STATE_CONNECTION_ESTABLISHED l=1).mark_down
2024-09-10T11:20:32.579 INFO:teuthology.orchestra.run.smithi144.stdout:/usr/bin/ceph: stderr
2024-09-10T11:20:31.707+0000 7f201b242700 1 --2- 172.21.15.144:0/330811532 >> [v2:172.21.15.144:3300/0,v1:172.21.15.144:6789/0] conn(0x7f2014107240 0x7f2014107650 secure :-1 s=READY pgs=61 cs=0 l=1 rev1=1 crypto rx=0x7f20080098a0 tx=0x7f2008009bb0 comp rx=0 tx=0).stop
2024-09-10T11:20:32.579 INFO:teuthology.orchestra.run.smithi144.stdout:/usr/bin/ceph: stderr
2024-09-10T11:20:31.707+0000 7f201b242700 1 -- 172.21.15.144:0/330811532 shutdown_connections
2024-09-10T11:20:32.579 INFO:teuthology.orchestra.run.smithi144.stdout:/usr/bin/ceph: stderr
2024-09-10T11:20:31.707+0000 7f201b242700 1 --2- 172.21.15.144:0/330811532 >> [v2:172.21.15.144:3300/0,v1:172.21.15.144:6789/0] conn(0x7f2014107240 0x7f2014107650 unknown :-1 s=CLOSED pgs=61 cs=0 l=1 rev1=1 crypto rx=0 tx=0 comp rx=0 tx=0).stop
2024-09-10T11:20:32.579 INFO:teuthology.orchestra.run.smithi144.stdout:/usr/bin/ceph: stderr
2024-09-10T11:20:31.707+0000 7f201b242700 1 -- 172.21.15.144:0/330811532 >> 172.21.15.144:0/330811532 conn(0x7f20140ff870 msgr2=0x7f2014101c80 unknown :-1 s=STATE_NONE l=0).mark_down
2024-09-10T11:20:32.579 INFO:teuthology.orchestra.run.smithi144.stdout:/usr/bin/ceph: stderr
2024-09-10T11:20:31.707+0000 7f201b242700 1 -- 172.21.15.144:0/330811532 shutdown_connections
2024-09-10T11:20:32.579 INFO:teuthology.orchestra.run.smithi144.stdout:/usr/bin/ceph: stderr
2024-09-10T11:20:31.707+0000 7f201b242700 1 -- 172.21.15.144:0/330811532 wait complete.
2024-09-10T11:20:32.579 INFO:teuthology.orchestra.run.smithi144.stdout:/usr/bin/ceph: stderr
2024-09-10T11:20:31.708+0000 7f201b242700 1 Processor -- start
2024-09-10T11:20:32.579 INFO:teuthology.orchestra.run.smithi144.stdout:/usr/bin/ceph: stderr
2024-09-10T11:20:31.708+0000 7f201b242700 1 -- start start
2024-09-10T11:20:32.580 INFO:teuthology.orchestra.run.smithi144.stdout:/usr/bin/ceph: stderr
2024-09-10T11:20:31.708+0000 7f201b242700 1 --2- >> [v2:172.21.15.144:3300/0,v1:172.21.15.144:6789/0] conn(0x7f2014107240 0x7f2014199910 unknown :-1 s=NONE pgs=0 cs=0 l=1 rev1=0 crypto rx=0 tx=0 comp rx=0 tx=0).connect
2024-09-10T11:20:32.580 INFO:teuthology.orchestra.run.smithi144.stdout:/usr/bin/ceph: stderr
2024-09-10T11:20:31.708+0000 7f201b242700 1 -- --> [v2:172.21.15.144:3300/0,v1:172.21.15.144:6789/0] -- mon_getmap magic: 0 v1 -- 0x7f2014199e50 con 0x7f2014107240
2024-09-10T11:20:32.580 INFO:teuthology.orchestra.run.smithi144.stdout:/usr/bin/ceph: stderr
2024-09-10T11:20:31.708+0000 7f2018fde700 1 --2- >> [v2:172.21.15.144:3300/0,v1:172.21.15.144:6789/0] conn(0x7f2014107240 0x7f2014199910 unknown :-1 s=BANNER_CONNECTING pgs=0 cs=0 l=1 rev1=0 crypto rx=0 tx=0 comp rx=0 tx=0)._handle_peer_banner_payload supported=3 required=0
2024-09-10T11:20:32.580 INFO:teuthology.orchestra.run.smithi144.stdout:/usr/bin/ceph: stderr
2024-09-10T11:20:31.708+0000 7f2018fde700 1 --2- >> [v2:172.21.15.144:3300/0,v1:172.21.15.144:6789/0] conn(0x7f2014107240 0x7f2014199910 unknown :-1 s=HELLO_CONNECTING pgs=0 cs=0 l=1 rev1=1 crypto rx=0 tx=0 comp rx=0 tx=0).handle_hello peer v2:172.21.15.144:3300/0 says I am v2:172.21.15.144:40382/0 (socket says 172.21.15.144:40382)
2024-09-10T11:20:32.580 INFO:teuthology.orchestra.run.smithi144.stdout:/usr/bin/ceph: stderr
2024-09-10T11:20:31.708+0000 7f2018fde700 1 -- 172.21.15.144:0/954912831 learned_addr learned my addr 172.21.15.144:0/954912831 (peer_addr_for_me v2:172.21.15.144:0/0)
2024-09-10T11:20:32.580 INFO:teuthology.orchestra.run.smithi144.stdout:/usr/bin/ceph: stderr
2024-09-10T11:20:31.709+0000 7f2018fde700 1 -- 172.21.15.144:0/954912831 --> [v2:172.21.15.144:3300/0,v1:172.21.15.144:6789/0] -- mon_subscribe({config=0+,monmap=0+}) v3 -- 0x7f2008009550 con 0x7f2014107240
2024-09-10T11:20:32.580 INFO:teuthology.orchestra.run.smithi144.stdout:/usr/bin/ceph: stderr
2024-09-10T11:20:31.709+0000 7f2018fde700 1 --2- 172.21.15.144:0/954912831 >> [v2:172.21.15.144:3300/0,v1:172.21.15.144:6789/0] conn(0x7f2014107240 0x7f2014199910 secure :-1 s=READY pgs=62 cs=0 l=1 rev1=1 crypto rx=0x7f2008011ad0 tx=0x7f2008011bb0 comp rx=0 tx=0).ready entity=mon.0 client_cookie=0 server_cookie=0 in_seq=0 out_seq=0
2024-09-10T11:20:32.580 INFO:teuthology.orchestra.run.smithi144.stdout:/usr/bin/ceph: stderr
2024-09-10T11:20:31.709+0000 7f2011ffb700 1 -- 172.21.15.144:0/954912831 <== mon.0 v2:172.21.15.144:3300/0 1 ==== mon_map magic: 0 v1 ==== 229+0+0 (secure 0 0 0) 0x7f2008003ab0 con 0x7f2014107240
2024-09-10T11:20:32.581 INFO:teuthology.orchestra.run.smithi144.stdout:/usr/bin/ceph: stderr
2024-09-10T11:20:31.709+0000 7f2011ffb700 1 -- 172.21.15.144:0/954912831 <== mon.0 v2:172.21.15.144:3300/0 2 ==== config(27 keys) v1 ==== 1101+0+0 (secure 0 0 0) 0x7f2008003c10 con 0x7f2014107240
2024-09-10T11:20:32.581 INFO:teuthology.orchestra.run.smithi144.stdout:/usr/bin/ceph: stderr
2024-09-10T11:20:31.709+0000 7f201b242700 1 -- 172.21.15.144:0/954912831 --> [v2:172.21.15.144:3300/0,v1:172.21.15.144:6789/0] -- mon_subscribe({mgrmap=0+}) v3 -- 0x7f201419a050 con 0x7f2014107240
2024-09-10T11:20:32.581 INFO:teuthology.orchestra.run.smithi144.stdout:/usr/bin/ceph: stderr
2024-09-10T11:20:31.709+0000 7f2011ffb700 1 -- 172.21.15.144:0/954912831 <== mon.0 v2:172.21.15.144:3300/0 3 ==== mon_map magic: 0 v1 ==== 229+0+0 (secure 0 0 0) 0x7f20080198e0 con 0x7f2014107240
2024-09-10T11:20:32.581 INFO:teuthology.orchestra.run.smithi144.stdout:/usr/bin/ceph: stderr
2024-09-10T11:20:31.709+0000 7f201b242700 1 -- 172.21.15.144:0/954912831 --> [v2:172.21.15.144:3300/0,v1:172.21.15.144:6789/0] -- mon_subscribe({osdmap=0}) v3 -- 0x7f201419a470 con 0x7f2014107240
2024-09-10T11:20:32.581 INFO:teuthology.orchestra.run.smithi144.stdout:/usr/bin/ceph: stderr
2024-09-10T11:20:31.710+0000 7f2011ffb700 1 -- 172.21.15.144:0/954912831 <== mon.0 v2:172.21.15.144:3300/0 4 ==== mgrmap(e 8) v1 ==== 45084+0+0 (secure 0 0 0) 0x7f2008019ba0 con 0x7f2014107240
2024-09-10T11:20:32.581 INFO:teuthology.orchestra.run.smithi144.stdout:/usr/bin/ceph: stderr
2024-09-10T11:20:31.710+0000 7f201b242700 1 -- 172.21.15.144:0/954912831 --> [v2:172.21.15.144:3300/0,v1:172.21.15.144:6789/0] -- mon_command({"prefix": "get_command_descriptions"} v 0) v1 -- 0x7f2014062380 con 0x7f2014107240
2024-09-10T11:20:32.581 INFO:teuthology.orchestra.run.smithi144.stdout:/usr/bin/ceph: stderr
2024-09-10T11:20:31.710+0000 7f2011ffb700 1 --2- 172.21.15.144:0/954912831 >> [v2:172.21.15.144:6800/2,v1:172.21.15.144:6801/2] conn(0x7f20040383f0 0x7f200403a8a0 unknown :-1 s=NONE pgs=0 cs=0 l=1 rev1=0 crypto rx=0 tx=0 comp rx=0 tx=0).connect
2024-09-10T11:20:32.581 INFO:teuthology.orchestra.run.smithi144.stdout:/usr/bin/ceph: stderr
2024-09-10T11:20:31.710+0000 7f2011ffb700 1 -- 172.21.15.144:0/954912831 <== mon.0 v2:172.21.15.144:3300/0 5 ==== osd_map(2..2 src has 1..2) v4 ==== 940+0+0 (secure 0 0 0) 0x7f200804c360 con 0x7f2014107240
2024-09-10T11:20:32.581 INFO:teuthology.orchestra.run.smithi144.stdout:/usr/bin/ceph: stderr
2024-09-10T11:20:31.710+0000 7f2013fff700 1 --2- 172.21.15.144:0/954912831 >> [v2:172.21.15.144:6800/2,v1:172.21.15.144:6801/2] conn(0x7f20040383f0 0x7f200403a8a0 unknown :-1 s=BANNER_CONNECTING pgs=0 cs=0 l=1 rev1=0 crypto rx=0 tx=0 comp rx=0 tx=0)._handle_peer_banner_payload supported=3 required=0
2024-09-10T11:20:32.582 INFO:teuthology.orchestra.run.smithi144.stdout:/usr/bin/ceph: stderr
2024-09-10T11:20:31.711+0000 7f2013fff700 1 --2- 172.21.15.144:0/954912831 >> [v2:172.21.15.144:6800/2,v1:172.21.15.144:6801/2] conn(0x7f20040383f0 0x7f200403a8a0 secure :-1 s=READY pgs=19 cs=0 l=1 rev1=1 crypto rx=0x7f2000006fd0 tx=0x7f2000006e40 comp rx=0 tx=0).ready entity=mgr.14120 client_cookie=0 server_cookie=0 in_seq=0 out_seq=0
2024-09-10T11:20:32.582 INFO:teuthology.orchestra.run.smithi144.stdout:/usr/bin/ceph: stderr
2024-09-10T11:20:31.715+0000 7f2011ffb700 1 -- 172.21.15.144:0/954912831 <== mon.0 v2:172.21.15.144:3300/0 6 ==== mon_command_ack([{"prefix": "get_command_descriptions"}]=0 v0) v1 ==== 72+0+177933 (secure 0 0 0) 0x7f200802b300 con 0x7f2014107240
2024-09-10T11:20:32.582 INFO:teuthology.orchestra.run.smithi144.stdout:/usr/bin/ceph: stderr
2024-09-10T11:20:31.917+0000 7f201b242700 1 -- 172.21.15.144:0/954912831 --> [v2:172.21.15.144:6800/2,v1:172.21.15.144:6801/2] -- mgr_command(tid 0: {"prefix": "orch apply", "service_type": "alertmanager", "target": ["mon-mgr", ""]}) v1 -- 0x7f2014101b10 con 0x7f20040383f0
2024-09-10T11:20:32.582 INFO:teuthology.orchestra.run.smithi144.stdout:/usr/bin/ceph: stderr
2024-09-10T11:20:31.922+0000 7f2011ffb700 1 -- 172.21.15.144:0/954912831 <== mgr.14120 v2:172.21.15.144:6800/2 1 ==== mgr_command_reply(tid 0: 0 ) v1 ==== 8+0+33 (secure 0 0 0) 0x7f2014101b10 con 0x7f20040383f0
2024-09-10T11:20:32.582 INFO:teuthology.orchestra.run.smithi144.stdout:/usr/bin/ceph: stderr
2024-09-10T11:20:31.924+0000 7f201b242700 1 -- 172.21.15.144:0/954912831 >> [v2:172.21.15.144:6800/2,v1:172.21.15.144:6801/2] conn(0x7f20040383f0 msgr2=0x7f200403a8a0 secure :-1 s=STATE_CONNECTION_ESTABLISHED l=1).mark_down
2024-09-10T11:20:32.582 INFO:teuthology.orchestra.run.smithi144.stdout:/usr/bin/ceph: stderr
2024-09-10T11:20:31.924+0000 7f201b242700 1 --2- 172.21.15.144:0/954912831 >> [v2:172.21.15.144:6800/2,v1:172.21.15.144:6801/2] conn(0x7f20040383f0 0x7f200403a8a0 secure :-1 s=READY pgs=19 cs=0 l=1 rev1=1 crypto rx=0x7f2000006fd0 tx=0x7f2000006e40 comp rx=0 tx=0).stop
2024-09-10T11:20:32.582 INFO:teuthology.orchestra.run.smithi144.stdout:/usr/bin/ceph: stderr
2024-09-10T11:20:31.924+0000 7f201b242700 1 -- 172.21.15.144:0/954912831 >> [v2:172.21.15.144:3300/0,v1:172.21.15.144:6789/0] conn(0x7f2014107240 msgr2=0x7f2014199910 secure :-1 s=STATE_CONNECTION_ESTABLISHED l=1).mark_down
2024-09-10T11:20:32.582 INFO:teuthology.orchestra.run.smithi144.stdout:/usr/bin/ceph: stderr
2024-09-10T11:20:31.924+0000 7f201b242700 1 --2- 172.21.15.144:0/954912831 >> [v2:172.21.15.144:3300/0,v1:172.21.15.144:6789/0] conn(0x7f2014107240 0x7f2014199910 secure :-1 s=READY pgs=62 cs=0 l=1 rev1=1 crypto rx=0x7f2008011ad0 tx=0x7f2008011bb0 comp rx=0 tx=0).stop
2024-09-10T11:20:32.582 INFO:teuthology.orchestra.run.smithi144.stdout:/usr/bin/ceph: stderr
2024-09-10T11:20:31.924+0000 7f201b242700 1 -- 172.21.15.144:0/954912831 shutdown_connections
2024-09-10T11:20:32.582 INFO:teuthology.orchestra.run.smithi144.stdout:/usr/bin/ceph: stderr
2024-09-10T11:20:31.924+0000 7f201b242700 1 --2- 172.21.15.144:0/954912831 >> [v2:172.21.15.144:6800/2,v1:172.21.15.144:6801/2] conn(0x7f20040383f0 0x7f200403a8a0 unknown :-1 s=CLOSED pgs=19 cs=0 l=1 rev1=1 crypto rx=0 tx=0 comp rx=0 tx=0).stop
2024-09-10T11:20:32.582 INFO:teuthology.orchestra.run.smithi144.stdout:/usr/bin/ceph: stderr
2024-09-10T11:20:31.924+0000 7f201b242700 1 --2- 172.21.15.144:0/954912831 >> [v2:172.21.15.144:3300/0,v1:172.21.15.144:6789/0] conn(0x7f2014107240 0x7f2014199910 unknown :-1 s=CLOSED pgs=62 cs=0 l=1 rev1=1 crypto rx=0 tx=0 comp rx=0 tx=0).stop
2024-09-10T11:20:32.582 INFO:teuthology.orchestra.run.smithi144.stdout:/usr/bin/ceph: stderr
2024-09-10T11:20:31.924+0000 7f201b242700 1 -- 172.21.15.144:0/954912831 >> 172.21.15.144:0/954912831 conn(0x7f20140ff870 msgr2=0x7f2014100ef0 unknown :-1 s=STATE_NONE l=0).mark_down
2024-09-10T11:20:32.583 INFO:teuthology.orchestra.run.smithi144.stdout:/usr/bin/ceph: stderr
2024-09-10T11:20:31.924+0000 7f201b242700 1 -- 172.21.15.144:0/954912831 shutdown_connections
2024-09-10T11:20:32.583 INFO:teuthology.orchestra.run.smithi144.stdout:/usr/bin/ceph: stderr
2024-09-10T11:20:31.924+0000 7f201b242700 1 -- 172.21.15.144:0/954912831 wait complete.
2024-09-10T11:20:33.124 INFO:journalctl@ceph.mon.smithi144.smithi144.stdout:Sep 10 11:20:32 smithi144 ceph-mon[27942]: from='client.14156 -' entity='client.admin' cmd=[{"prefix": "orch apply", "service_type": "alertmanager", "target": ["mon-mgr", ""]}]: dispatch
2024-09-10T11:20:33.124 INFO:journalctl@ceph.mon.smithi144.smithi144.stdout:Sep 10 11:20:32 smithi144 ceph-mon[27942]: Saving service alertmanager spec with placement count:1
2024-09-10T11:20:33.125 INFO:journalctl@ceph.mon.smithi144.smithi144.stdout:Sep 10 11:20:32 smithi144 ceph-mon[27942]: from='mgr.14120 172.21.15.144:0/2' entity='mgr.smithi144.bkogfs'
2024-09-10T11:20:33.125 INFO:journalctl@ceph.mon.smithi144.smithi144.stdout:Sep 10 11:20:32 smithi144 ceph-mon[27942]: pgmap v4: 0 pgs: ; 0 B data, 0 B used, 0 B / 0 B avail
2024-09-10T11:20:33.769 INFO:teuthology.orchestra.run.smithi144.stdout:/usr/bin/ceph: stderr
2024-09-10T11:20:32.902+0000 7ff5ec9a2700 1 Processor -- start
2024-09-10T11:20:33.769 INFO:teuthology.orchestra.run.smithi144.stdout:/usr/bin/ceph: stderr
2024-09-10T11:20:32.902+0000 7ff5ec9a2700 1 -- start start
2024-09-10T11:20:33.769 INFO:teuthology.orchestra.run.smithi144.stdout:/usr/bin/ceph: stderr
2024-09-10T11:20:32.902+0000 7ff5ec9a2700 1 --2- >> [v2:172.21.15.144:3300/0,v1:172.21.15.144:6789/0] conn(0x7ff5e8106510 0x7ff5e81088f0 unknown :-1 s=NONE pgs=0 cs=0 l=0 rev1=0 crypto rx=0 tx=0 comp rx=0 tx=0).connect
2024-09-10T11:20:33.769 INFO:teuthology.orchestra.run.smithi144.stdout:/usr/bin/ceph: stderr
2024-09-10T11:20:32.902+0000 7ff5ec9a2700 1 -- --> [v2:172.21.15.144:3300/0,v1:172.21.15.144:6789/0] -- mon_getmap magic: 0 v1 -- 0x7ff5e8079d40 con 0x7ff5e8106510
2024-09-10T11:20:33.769 INFO:teuthology.orchestra.run.smithi144.stdout:/usr/bin/ceph: stderr
2024-09-10T11:20:32.903+0000 7ff5e77fe700 1 --2- >> [v2:172.21.15.144:3300/0,v1:172.21.15.144:6789/0] conn(0x7ff5e8106510 0x7ff5e81088f0 unknown :-1 s=BANNER_CONNECTING pgs=0 cs=0 l=0 rev1=0 crypto rx=0 tx=0 comp rx=0 tx=0)._handle_peer_banner_payload supported=3 required=0
2024-09-10T11:20:33.769 INFO:teuthology.orchestra.run.smithi144.stdout:/usr/bin/ceph: stderr
2024-09-10T11:20:32.903+0000 7ff5e77fe700 1 --2- >> [v2:172.21.15.144:3300/0,v1:172.21.15.144:6789/0] conn(0x7ff5e8106510 0x7ff5e81088f0 unknown :-1 s=HELLO_CONNECTING pgs=0 cs=0 l=0 rev1=1 crypto rx=0 tx=0 comp rx=0 tx=0).handle_hello peer v2:172.21.15.144:3300/0 says I am v2:172.21.15.144:51226/0 (socket says 172.21.15.144:51226)
2024-09-10T11:20:33.770 INFO:teuthology.orchestra.run.smithi144.stdout:/usr/bin/ceph: stderr
2024-09-10T11:20:32.903+0000 7ff5e77fe700 1 -- 172.21.15.144:0/286084348 learned_addr learned my addr 172.21.15.144:0/286084348 (peer_addr_for_me v2:172.21.15.144:0/0)
2024-09-10T11:20:33.770 INFO:teuthology.orchestra.run.smithi144.stdout:/usr/bin/ceph: stderr
2024-09-10T11:20:32.903+0000 7ff5e77fe700 1 -- 172.21.15.144:0/286084348 --> [v2:172.21.15.144:3300/0,v1:172.21.15.144:6789/0] -- mon_subscribe({config=0+,monmap=0+}) v3 -- 0x7ff5e8079e80 con 0x7ff5e8106510
2024-09-10T11:20:33.770 INFO:teuthology.orchestra.run.smithi144.stdout:/usr/bin/ceph: stderr
2024-09-10T11:20:32.903+0000 7ff5e77fe700 1 --2- 172.21.15.144:0/286084348 >> [v2:172.21.15.144:3300/0,v1:172.21.15.144:6789/0] conn(0x7ff5e8106510 0x7ff5e81088f0 secure :-1 s=READY pgs=63 cs=0 l=1 rev1=1 crypto rx=0x7ff5d00098a0 tx=0x7ff5d0009bb0 comp rx=0 tx=0).ready entity=mon.0 client_cookie=6e9e4702781887ef server_cookie=0 in_seq=0 out_seq=0
2024-09-10T11:20:33.770 INFO:teuthology.orchestra.run.smithi144.stdout:/usr/bin/ceph: stderr
2024-09-10T11:20:32.903+0000 7ff5e67fc700 1 -- 172.21.15.144:0/286084348 <== mon.0 v2:172.21.15.144:3300/0 1 ==== mon_map magic: 0 v1 ==== 229+0+0 (secure 0 0 0) 0x7ff5d0004180 con 0x7ff5e8106510
2024-09-10T11:20:33.770 INFO:teuthology.orchestra.run.smithi144.stdout:/usr/bin/ceph: stderr
2024-09-10T11:20:32.903+0000 7ff5e67fc700 1 -- 172.21.15.144:0/286084348 <== mon.0 v2:172.21.15.144:3300/0 2 ==== config(27 keys) v1 ==== 1101+0+0 (secure 0 0 0) 0x7ff5d00042e0 con 0x7ff5e8106510
2024-09-10T11:20:33.770 INFO:teuthology.orchestra.run.smithi144.stdout:/usr/bin/ceph: stderr
2024-09-10T11:20:32.903+0000 7ff5e67fc700 1 -- 172.21.15.144:0/286084348 <== mon.0 v2:172.21.15.144:3300/0 3 ==== mon_map magic: 0 v1 ==== 229+0+0 (secure 0 0 0) 0x7ff5d0011af0 con 0x7ff5e8106510
2024-09-10T11:20:33.770 INFO:teuthology.orchestra.run.smithi144.stdout:/usr/bin/ceph: stderr
2024-09-10T11:20:32.904+0000 7ff5ec9a2700 1 -- 172.21.15.144:0/286084348 >> [v2:172.21.15.144:3300/0,v1:172.21.15.144:6789/0] conn(0x7ff5e8106510 msgr2=0x7ff5e81088f0 secure :-1 s=STATE_CONNECTION_ESTABLISHED l=1).mark_down
2024-09-10T11:20:33.770 INFO:teuthology.orchestra.run.smithi144.stdout:/usr/bin/ceph: stderr
2024-09-10T11:20:32.904+0000 7ff5ec9a2700 1 --2- 172.21.15.144:0/286084348 >> [v2:172.21.15.144:3300/0,v1:172.21.15.144:6789/0] conn(0x7ff5e8106510 0x7ff5e81088f0 secure :-1 s=READY pgs=63 cs=0 l=1 rev1=1 crypto rx=0x7ff5d00098a0 tx=0x7ff5d0009bb0 comp rx=0 tx=0).stop
2024-09-10T11:20:33.770 INFO:teuthology.orchestra.run.smithi144.stdout:/usr/bin/ceph: stderr
2024-09-10T11:20:32.904+0000 7ff5ec9a2700 1 -- 172.21.15.144:0/286084348 shutdown_connections
2024-09-10T11:20:33.770 INFO:teuthology.orchestra.run.smithi144.stdout:/usr/bin/ceph: stderr
2024-09-10T11:20:32.904+0000 7ff5ec9a2700 1 --2- 172.21.15.144:0/286084348 >> [v2:172.21.15.144:3300/0,v1:172.21.15.144:6789/0] conn(0x7ff5e8106510 0x7ff5e81088f0 unknown :-1 s=CLOSED pgs=63 cs=0 l=1 rev1=1 crypto rx=0 tx=0 comp rx=0 tx=0).stop
2024-09-10T11:20:33.770 INFO:teuthology.orchestra.run.smithi144.stdout:/usr/bin/ceph: stderr
2024-09-10T11:20:32.904+0000 7ff5ec9a2700 1 -- 172.21.15.144:0/286084348 >> 172.21.15.144:0/286084348 conn(0x7ff5e80fff10 msgr2=0x7ff5e8102320 unknown :-1 s=STATE_NONE l=0).mark_down
2024-09-10T11:20:33.770 INFO:teuthology.orchestra.run.smithi144.stdout:/usr/bin/ceph: stderr
2024-09-10T11:20:32.904+0000 7ff5ec9a2700 1 -- 172.21.15.144:0/286084348 shutdown_connections
2024-09-10T11:20:33.770 INFO:teuthology.orchestra.run.smithi144.stdout:/usr/bin/ceph: stderr
2024-09-10T11:20:32.904+0000 7ff5ec9a2700 1 -- 172.21.15.144:0/286084348 wait complete.
2024-09-10T11:20:33.771 INFO:teuthology.orchestra.run.smithi144.stdout:/usr/bin/ceph: stderr
2024-09-10T11:20:32.904+0000 7ff5ec9a2700 1 Processor -- start
2024-09-10T11:20:33.771 INFO:teuthology.orchestra.run.smithi144.stdout:/usr/bin/ceph: stderr
2024-09-10T11:20:32.905+0000 7ff5ec9a2700 1 -- start start
2024-09-10T11:20:33.771 INFO:teuthology.orchestra.run.smithi144.stdout:/usr/bin/ceph: stderr
2024-09-10T11:20:32.905+0000 7ff5ec9a2700 1 --2- >> [v2:172.21.15.144:3300/0,v1:172.21.15.144:6789/0] conn(0x7ff5e8106510 0x7ff5e81996f0 unknown :-1 s=NONE pgs=0 cs=0 l=1 rev1=0 crypto rx=0 tx=0 comp rx=0 tx=0).connect
2024-09-10T11:20:33.771 INFO:teuthology.orchestra.run.smithi144.stdout:/usr/bin/ceph: stderr
2024-09-10T11:20:32.905+0000 7ff5ec9a2700 1 -- --> [v2:172.21.15.144:3300/0,v1:172.21.15.144:6789/0] -- mon_getmap magic: 0 v1 -- 0x7ff5e8199c30 con 0x7ff5e8106510
2024-09-10T11:20:33.771 INFO:teuthology.orchestra.run.smithi144.stdout:/usr/bin/ceph: stderr
2024-09-10T11:20:32.905+0000 7ff5e77fe700 1 --2- >> [v2:172.21.15.144:3300/0,v1:172.21.15.144:6789/0] conn(0x7ff5e8106510 0x7ff5e81996f0 unknown :-1 s=BANNER_CONNECTING pgs=0 cs=0 l=1 rev1=0 crypto rx=0 tx=0 comp rx=0 tx=0)._handle_peer_banner_payload supported=3 required=0
2024-09-10T11:20:33.771 INFO:teuthology.orchestra.run.smithi144.stdout:/usr/bin/ceph: stderr
2024-09-10T11:20:32.905+0000 7ff5e77fe700 1 --2- >> [v2:172.21.15.144:3300/0,v1:172.21.15.144:6789/0] conn(0x7ff5e8106510 0x7ff5e81996f0 unknown :-1 s=HELLO_CONNECTING pgs=0 cs=0 l=1 rev1=1 crypto rx=0 tx=0 comp rx=0 tx=0).handle_hello peer v2:172.21.15.144:3300/0 says I am v2:172.21.15.144:51238/0 (socket says 172.21.15.144:51238)
2024-09-10T11:20:33.771 INFO:teuthology.orchestra.run.smithi144.stdout:/usr/bin/ceph: stderr
2024-09-10T11:20:32.905+0000 7ff5e77fe700 1 -- 172.21.15.144:0/2555270803 learned_addr learned my addr 172.21.15.144:0/2555270803 (peer_addr_for_me v2:172.21.15.144:0/0)
2024-09-10T11:20:33.771 INFO:teuthology.orchestra.run.smithi144.stdout:/usr/bin/ceph: stderr
2024-09-10T11:20:32.905+0000 7ff5e77fe700 1 -- 172.21.15.144:0/2555270803 --> [v2:172.21.15.144:3300/0,v1:172.21.15.144:6789/0] -- mon_subscribe({config=0+,monmap=0+}) v3 -- 0x7ff5d0009550 con 0x7ff5e8106510
2024-09-10T11:20:33.771 INFO:teuthology.orchestra.run.smithi144.stdout:/usr/bin/ceph: stderr
2024-09-10T11:20:32.905+0000 7ff5e77fe700 1 --2- 172.21.15.144:0/2555270803 >> [v2:172.21.15.144:3300/0,v1:172.21.15.144:6789/0] conn(0x7ff5e8106510 0x7ff5e81996f0 secure :-1 s=READY pgs=64 cs=0 l=1 rev1=1 crypto rx=0x7ff5d0006ba0 tx=0x7ff5d0011b50 comp rx=0 tx=0).ready entity=mon.0 client_cookie=0 server_cookie=0 in_seq=0 out_seq=0
2024-09-10T11:20:33.771 INFO:teuthology.orchestra.run.smithi144.stdout:/usr/bin/ceph: stderr
2024-09-10T11:20:32.905+0000 7ff5e4ff9700 1 -- 172.21.15.144:0/2555270803 <== mon.0 v2:172.21.15.144:3300/0 1 ==== mon_map magic: 0 v1 ==== 229+0+0 (secure 0 0 0) 0x7ff5d0003b00 con 0x7ff5e8106510
2024-09-10T11:20:33.772 INFO:teuthology.orchestra.run.smithi144.stdout:/usr/bin/ceph: stderr
2024-09-10T11:20:32.905+0000 7ff5e4ff9700 1 -- 172.21.15.144:0/2555270803 <== mon.0 v2:172.21.15.144:3300/0 2 ==== config(27 keys) v1 ==== 1101+0+0 (secure 0 0 0) 0x7ff5d001a8e0 con 0x7ff5e8106510
2024-09-10T11:20:33.772 INFO:teuthology.orchestra.run.smithi144.stdout:/usr/bin/ceph: stderr
2024-09-10T11:20:32.905+0000 7ff5ec9a2700 1 -- 172.21.15.144:0/2555270803 --> [v2:172.21.15.144:3300/0,v1:172.21.15.144:6789/0] -- mon_subscribe({mgrmap=0+}) v3 -- 0x7ff5e8199e30 con 0x7ff5e8106510
2024-09-10T11:20:33.772 INFO:teuthology.orchestra.run.smithi144.stdout:/usr/bin/ceph: stderr
2024-09-10T11:20:32.905+0000 7ff5e4ff9700 1 -- 172.21.15.144:0/2555270803 <== mon.0 v2:172.21.15.144:3300/0 3 ==== mon_map magic: 0 v1 ==== 229+0+0 (secure 0 0 0) 0x7ff5d0019990 con 0x7ff5e8106510
2024-09-10T11:20:33.772 INFO:teuthology.orchestra.run.smithi144.stdout:/usr/bin/ceph: stderr
2024-09-10T11:20:32.906+0000 7ff5ec9a2700 1 -- 172.21.15.144:0/2555270803 --> [v2:172.21.15.144:3300/0,v1:172.21.15.144:6789/0] -- mon_subscribe({osdmap=0}) v3 -- 0x7ff5e819a250 con 0x7ff5e8106510
2024-09-10T11:20:33.772 INFO:teuthology.orchestra.run.smithi144.stdout:/usr/bin/ceph: stderr
2024-09-10T11:20:32.906+0000 7ff5e4ff9700 1 -- 172.21.15.144:0/2555270803 <== mon.0 v2:172.21.15.144:3300/0 4 ==== mgrmap(e 8) v1 ==== 45084+0+0 (secure 0 0 0) 0x7ff5d0019c00 con 0x7ff5e8106510
2024-09-10T11:20:33.772 INFO:teuthology.orchestra.run.smithi144.stdout:/usr/bin/ceph: stderr
2024-09-10T11:20:32.907+0000 7ff5ec9a2700 1 -- 172.21.15.144:0/2555270803 --> [v2:172.21.15.144:3300/0,v1:172.21.15.144:6789/0] -- mon_command({"prefix": "get_command_descriptions"} v 0) v1 -- 0x7ff5e8062380 con 0x7ff5e8106510
2024-09-10T11:20:33.772 INFO:teuthology.orchestra.run.smithi144.stdout:/usr/bin/ceph: stderr
2024-09-10T11:20:32.907+0000 7ff5e4ff9700 1 --2- 172.21.15.144:0/2555270803 >> [v2:172.21.15.144:6800/2,v1:172.21.15.144:6801/2] conn(0x7ff5d40383f0 0x7ff5d403a8a0 unknown :-1 s=NONE pgs=0 cs=0 l=1 rev1=0 crypto rx=0 tx=0 comp rx=0 tx=0).connect
2024-09-10T11:20:33.772 INFO:teuthology.orchestra.run.smithi144.stdout:/usr/bin/ceph: stderr
2024-09-10T11:20:32.907+0000 7ff5e4ff9700 1 -- 172.21.15.144:0/2555270803 <== mon.0 v2:172.21.15.144:3300/0 5 ==== osd_map(2..2 src has 1..2) v4 ==== 940+0+0 (secure 0 0 0) 0x7ff5d004c750 con 0x7ff5e8106510
2024-09-10T11:20:33.772 INFO:teuthology.orchestra.run.smithi144.stdout:/usr/bin/ceph: stderr
2024-09-10T11:20:32.907+0000 7ff5e6ffd700 1 --2- 172.21.15.144:0/2555270803 >> [v2:172.21.15.144:6800/2,v1:172.21.15.144:6801/2] conn(0x7ff5d40383f0 0x7ff5d403a8a0 unknown :-1 s=BANNER_CONNECTING pgs=0 cs=0 l=1 rev1=0 crypto rx=0 tx=0 comp rx=0 tx=0)._handle_peer_banner_payload supported=3 required=0
2024-09-10T11:20:33.772 INFO:teuthology.orchestra.run.smithi144.stdout:/usr/bin/ceph: stderr
2024-09-10T11:20:32.907+0000 7ff5e6ffd700 1 --2- 172.21.15.144:0/2555270803 >> [v2:172.21.15.144:6800/2,v1:172.21.15.144:6801/2] conn(0x7ff5d40383f0 0x7ff5d403a8a0 secure :-1 s=READY pgs=20 cs=0 l=1 rev1=1 crypto rx=0x7ff5d8006fd0 tx=0x7ff5d8006e40 comp rx=0 tx=0).ready entity=mgr.14120 client_cookie=0 server_cookie=0 in_seq=0 out_seq=0
2024-09-10T11:20:33.772 INFO:teuthology.orchestra.run.smithi144.stdout:/usr/bin/ceph: stderr
2024-09-10T11:20:32.912+0000 7ff5e4ff9700 1 -- 172.21.15.144:0/2555270803 <== mon.0 v2:172.21.15.144:3300/0 6 ==== mon_command_ack([{"prefix": "get_command_descriptions"}]=0 v0) v1 ==== 72+0+177933 (secure 0 0 0) 0x7ff5d002d440 con 0x7ff5e8106510
2024-09-10T11:20:33.772 INFO:teuthology.orchestra.run.smithi144.stdout:/usr/bin/ceph: stderr
2024-09-10T11:20:33.103+0000 7ff5ec9a2700 1 -- 172.21.15.144:0/2555270803 --> [v2:172.21.15.144:3300/0,v1:172.21.15.144:6789/0] -- mon_command([{prefix=config set, name=mgr/cephadm/container_init}] v 0) v1 -- 0x7ff5e819d140 con 0x7ff5e8106510
2024-09-10T11:20:33.772 INFO:teuthology.orchestra.run.smithi144.stdout:/usr/bin/ceph: stderr
2024-09-10T11:20:33.107+0000 7ff5e4ff9700 1 -- 172.21.15.144:0/2555270803 <== mon.0 v2:172.21.15.144:3300/0 7 ==== mon_command_ack([{prefix=config set, name=mgr/cephadm/container_init}]=0 v7)=0 v7) v1 ==== 142+0+0 (secure 0 0 0) 0x7ff5d002b340 con 0x7ff5e8106510
2024-09-10T11:20:33.773 INFO:teuthology.orchestra.run.smithi144.stdout:/usr/bin/ceph: stderr
2024-09-10T11:20:33.110+0000 7ff5ec9a2700 1 -- 172.21.15.144:0/2555270803 >> [v2:172.21.15.144:6800/2,v1:172.21.15.144:6801/2] conn(0x7ff5d40383f0 msgr2=0x7ff5d403a8a0 secure :-1 s=STATE_CONNECTION_ESTABLISHED l=1).mark_down
2024-09-10T11:20:33.773 INFO:teuthology.orchestra.run.smithi144.stdout:/usr/bin/ceph: stderr
2024-09-10T11:20:33.110+0000 7ff5ec9a2700 1 --2- 172.21.15.144:0/2555270803 >> [v2:172.21.15.144:6800/2,v1:172.21.15.144:6801/2] conn(0x7ff5d40383f0 0x7ff5d403a8a0 secure :-1 s=READY pgs=20 cs=0 l=1 rev1=1 crypto rx=0x7ff5d8006fd0 tx=0x7ff5d8006e40 comp rx=0 tx=0).stop
2024-09-10T11:20:33.773 INFO:teuthology.orchestra.run.smithi144.stdout:/usr/bin/ceph: stderr
2024-09-10T11:20:33.110+0000 7ff5ec9a2700 1 -- 172.21.15.144:0/2555270803 >> [v2:172.21.15.144:3300/0,v1:172.21.15.144:6789/0] conn(0x7ff5e8106510 msgr2=0x7ff5e81996f0 secure :-1 s=STATE_CONNECTION_ESTABLISHED l=1).mark_down
2024-09-10T11:20:33.773 INFO:teuthology.orchestra.run.smithi144.stdout:/usr/bin/ceph: stderr
2024-09-10T11:20:33.110+0000 7ff5ec9a2700 1 --2- 172.21.15.144:0/2555270803 >> [v2:172.21.15.144:3300/0,v1:172.21.15.144:6789/0] conn(0x7ff5e8106510 0x7ff5e81996f0 secure :-1 s=READY pgs=64 cs=0 l=1 rev1=1 crypto rx=0x7ff5d0006ba0 tx=0x7ff5d0011b50 comp rx=0 tx=0).stop
2024-09-10T11:20:33.773 INFO:teuthology.orchestra.run.smithi144.stdout:/usr/bin/ceph: stderr
2024-09-10T11:20:33.110+0000 7ff5ec9a2700 1 -- 172.21.15.144:0/2555270803 shutdown_connections
2024-09-10T11:20:33.773 INFO:teuthology.orchestra.run.smithi144.stdout:/usr/bin/ceph: stderr
2024-09-10T11:20:33.110+0000 7ff5ec9a2700 1 --2- 172.21.15.144:0/2555270803 >> [v2:172.21.15.144:6800/2,v1:172.21.15.144:6801/2] conn(0x7ff5d40383f0 0x7ff5d403a8a0 unknown :-1 s=CLOSED pgs=20 cs=0 l=1 rev1=1 crypto rx=0 tx=0 comp rx=0 tx=0).stop
2024-09-10T11:20:33.773 INFO:teuthology.orchestra.run.smithi144.stdout:/usr/bin/ceph: stderr
2024-09-10T11:20:33.110+0000 7ff5ec9a2700 1 --2- 172.21.15.144:0/2555270803 >> [v2:172.21.15.144:3300/0,v1:172.21.15.144:6789/0] conn(0x7ff5e8106510 0x7ff5e81996f0 unknown :-1 s=CLOSED pgs=64 cs=0 l=1 rev1=1 crypto rx=0 tx=0 comp rx=0 tx=0).stop
2024-09-10T11:20:33.773 INFO:teuthology.orchestra.run.smithi144.stdout:/usr/bin/ceph: stderr
2024-09-10T11:20:33.110+0000 7ff5ec9a2700 1 -- 172.21.15.144:0/2555270803 >> 172.21.15.144:0/2555270803 conn(0x7ff5e80fff10 msgr2=0x7ff5e81015d0 unknown :-1 s=STATE_NONE l=0).mark_down
2024-09-10T11:20:33.773 INFO:teuthology.orchestra.run.smithi144.stdout:/usr/bin/ceph: stderr
2024-09-10T11:20:33.110+0000 7ff5ec9a2700 1 -- 172.21.15.144:0/2555270803 shutdown_connections
2024-09-10T11:20:33.773 INFO:teuthology.orchestra.run.smithi144.stdout:/usr/bin/ceph: stderr
2024-09-10T11:20:33.110+0000 7ff5ec9a2700 1 -- 172.21.15.144:0/2555270803 wait complete.
2024-09-10T11:20:34.183 INFO:journalctl@ceph.mon.smithi144.smithi144.stdout:Sep 10 11:20:34 smithi144 ceph-mon[27942]: from='client.? 172.21.15.144:0/2555270803' entity='client.admin'
2024-09-10T11:20:34.982 INFO:teuthology.orchestra.run.smithi144.stdout:/usr/bin/ceph: stderr
2024-09-10T11:20:34.201+0000 7fa1b2692700 1 Processor -- start
2024-09-10T11:20:34.983 INFO:teuthology.orchestra.run.smithi144.stdout:/usr/bin/ceph: stderr
2024-09-10T11:20:34.201+0000 7fa1b2692700 1 -- start start
2024-09-10T11:20:34.983 INFO:teuthology.orchestra.run.smithi144.stdout:/usr/bin/ceph: stderr
2024-09-10T11:20:34.201+0000 7fa1b2692700 1 --2- >> [v2:172.21.15.144:3300/0,v1:172.21.15.144:6789/0] conn(0x7fa1ac104a80 0x7fa1ac104e90 unknown :-1 s=NONE pgs=0 cs=0 l=0 rev1=0 crypto rx=0 tx=0 comp rx=0 tx=0).connect
2024-09-10T11:20:34.983 INFO:teuthology.orchestra.run.smithi144.stdout:/usr/bin/ceph: stderr
2024-09-10T11:20:34.201+0000 7fa1b2692700 1 -- --> [v2:172.21.15.144:3300/0,v1:172.21.15.144:6789/0] -- mon_getmap magic: 0 v1 -- 0x7fa1ac1053d0 con 0x7fa1ac104a80
2024-09-10T11:20:34.983 INFO:teuthology.orchestra.run.smithi144.stdout:/usr/bin/ceph: stderr
2024-09-10T11:20:34.201+0000 7fa1abfff700 1 --2- >> [v2:172.21.15.144:3300/0,v1:172.21.15.144:6789/0] conn(0x7fa1ac104a80 0x7fa1ac104e90 unknown :-1 s=BANNER_CONNECTING pgs=0 cs=0 l=0 rev1=0 crypto rx=0 tx=0 comp rx=0 tx=0)._handle_peer_banner_payload supported=3 required=0
2024-09-10T11:20:34.983 INFO:teuthology.orchestra.run.smithi144.stdout:/usr/bin/ceph: stderr
2024-09-10T11:20:34.201+0000 7fa1abfff700 1 --2- >> [v2:172.21.15.144:3300/0,v1:172.21.15.144:6789/0] conn(0x7fa1ac104a80 0x7fa1ac104e90 unknown :-1 s=HELLO_CONNECTING pgs=0 cs=0 l=0 rev1=1 crypto rx=0 tx=0 comp rx=0 tx=0).handle_hello peer v2:172.21.15.144:3300/0 says I am v2:172.21.15.144:51246/0 (socket says 172.21.15.144:51246)
2024-09-10T11:20:34.983 INFO:teuthology.orchestra.run.smithi144.stdout:/usr/bin/ceph: stderr
2024-09-10T11:20:34.201+0000 7fa1abfff700 1 -- 172.21.15.144:0/4098386382 learned_addr learned my addr 172.21.15.144:0/4098386382 (peer_addr_for_me v2:172.21.15.144:0/0)
2024-09-10T11:20:34.983 INFO:teuthology.orchestra.run.smithi144.stdout:/usr/bin/ceph: stderr
2024-09-10T11:20:34.202+0000 7fa1abfff700 1 -- 172.21.15.144:0/4098386382 --> [v2:172.21.15.144:3300/0,v1:172.21.15.144:6789/0] -- mon_subscribe({config=0+,monmap=0+}) v3 -- 0x7fa1ac105510 con 0x7fa1ac104a80
2024-09-10T11:20:34.983 INFO:teuthology.orchestra.run.smithi144.stdout:/usr/bin/ceph: stderr
2024-09-10T11:20:34.202+0000 7fa1abfff700 1 --2- 172.21.15.144:0/4098386382 >> [v2:172.21.15.144:3300/0,v1:172.21.15.144:6789/0] conn(0x7fa1ac104a80 0x7fa1ac104e90 secure :-1 s=READY pgs=65 cs=0 l=1 rev1=1 crypto rx=0x7fa1a00098a0 tx=0x7fa1a0009bb0 comp rx=0 tx=0).ready entity=mon.0 client_cookie=ba4b49086025423d server_cookie=0 in_seq=0 out_seq=0
2024-09-10T11:20:34.983 INFO:teuthology.orchestra.run.smithi144.stdout:/usr/bin/ceph: stderr
2024-09-10T11:20:34.202+0000 7fa1aaffd700 1 -- 172.21.15.144:0/4098386382 <== mon.0 v2:172.21.15.144:3300/0 1 ==== mon_map magic: 0 v1 ==== 229+0+0 (secure 0 0 0) 0x7fa1a0004180 con 0x7fa1ac104a80
2024-09-10T11:20:34.983 INFO:teuthology.orchestra.run.smithi144.stdout:/usr/bin/ceph: stderr
2024-09-10T11:20:34.202+0000 7fa1aaffd700 1 -- 172.21.15.144:0/4098386382 <== mon.0 v2:172.21.15.144:3300/0 2 ==== config(27 keys) v1 ==== 1101+0+0 (secure 0 0 0) 0x7fa1a00042e0 con 0x7fa1ac104a80
2024-09-10T11:20:34.983 INFO:teuthology.orchestra.run.smithi144.stdout:/usr/bin/ceph: stderr
2024-09-10T11:20:34.202+0000 7fa1aaffd700 1 -- 172.21.15.144:0/4098386382 <== mon.0 v2:172.21.15.144:3300/0 3 ==== mon_map magic: 0 v1 ==== 229+0+0 (secure 0 0 0) 0x7fa1a0011af0 con 0x7fa1ac104a80
2024-09-10T11:20:34.984 INFO:teuthology.orchestra.run.smithi144.stdout:/usr/bin/ceph: stderr
2024-09-10T11:20:34.202+0000 7fa1b2692700 1 -- 172.21.15.144:0/4098386382 >> [v2:172.21.15.144:3300/0,v1:172.21.15.144:6789/0] conn(0x7fa1ac104a80 msgr2=0x7fa1ac104e90 secure :-1 s=STATE_CONNECTION_ESTABLISHED l=1).mark_down
2024-09-10T11:20:34.984 INFO:teuthology.orchestra.run.smithi144.stdout:/usr/bin/ceph: stderr
2024-09-10T11:20:34.202+0000 7fa1b2692700 1 --2- 172.21.15.144:0/4098386382 >> [v2:172.21.15.144:3300/0,v1:172.21.15.144:6789/0] conn(0x7fa1ac104a80 0x7fa1ac104e90 secure :-1 s=READY pgs=65 cs=0 l=1 rev1=1 crypto rx=0x7fa1a00098a0 tx=0x7fa1a0009bb0 comp rx=0 tx=0).stop
2024-09-10T11:20:34.984 INFO:teuthology.orchestra.run.smithi144.stdout:/usr/bin/ceph: stderr
2024-09-10T11:20:34.203+0000 7fa1b2692700 1 -- 172.21.15.144:0/4098386382 shutdown_connections
2024-09-10T11:20:34.984 INFO:teuthology.orchestra.run.smithi144.stdout:/usr/bin/ceph: stderr
2024-09-10T11:20:34.203+0000 7fa1b2692700 1 --2- 172.21.15.144:0/4098386382 >> [v2:172.21.15.144:3300/0,v1:172.21.15.144:6789/0] conn(0x7fa1ac104a80 0x7fa1ac104e90 unknown :-1 s=CLOSED pgs=65 cs=0 l=1 rev1=1 crypto rx=0 tx=0 comp rx=0 tx=0).stop
2024-09-10T11:20:34.984 INFO:teuthology.orchestra.run.smithi144.stdout:/usr/bin/ceph: stderr
2024-09-10T11:20:34.203+0000 7fa1b2692700 1 -- 172.21.15.144:0/4098386382 >> 172.21.15.144:0/4098386382 conn(0x7fa1ac1000f0 msgr2=0x7fa1ac102500 unknown :-1 s=STATE_NONE l=0).mark_down
2024-09-10T11:20:34.984 INFO:teuthology.orchestra.run.smithi144.stdout:/usr/bin/ceph: stderr
2024-09-10T11:20:34.203+0000 7fa1b2692700 1 -- 172.21.15.144:0/4098386382 shutdown_connections
2024-09-10T11:20:34.984 INFO:teuthology.orchestra.run.smithi144.stdout:/usr/bin/ceph: stderr
2024-09-10T11:20:34.203+0000 7fa1b2692700 1 -- 172.21.15.144:0/4098386382 wait complete.
2024-09-10T11:20:34.984 INFO:teuthology.orchestra.run.smithi144.stdout:/usr/bin/ceph: stderr
2024-09-10T11:20:34.203+0000 7fa1b2692700 1 Processor -- start
2024-09-10T11:20:34.984 INFO:teuthology.orchestra.run.smithi144.stdout:/usr/bin/ceph: stderr
2024-09-10T11:20:34.203+0000 7fa1b2692700 1 -- start start
2024-09-10T11:20:34.984 INFO:teuthology.orchestra.run.smithi144.stdout:/usr/bin/ceph: stderr
2024-09-10T11:20:34.204+0000 7fa1b2692700 1 --2- >> [v2:172.21.15.144:3300/0,v1:172.21.15.144:6789/0] conn(0x7fa1ac104a80 0x7fa1ac198810 unknown :-1 s=NONE pgs=0 cs=0 l=1 rev1=0 crypto rx=0 tx=0 comp rx=0 tx=0).connect
2024-09-10T11:20:34.984 INFO:teuthology.orchestra.run.smithi144.stdout:/usr/bin/ceph: stderr
2024-09-10T11:20:34.204+0000 7fa1b2692700 1 -- --> [v2:172.21.15.144:3300/0,v1:172.21.15.144:6789/0] -- mon_getmap magic: 0 v1 -- 0x7fa1ac198d50 con 0x7fa1ac104a80
2024-09-10T11:20:34.984 INFO:teuthology.orchestra.run.smithi144.stdout:/usr/bin/ceph: stderr
2024-09-10T11:20:34.204+0000 7fa1abfff700 1 --2- >> [v2:172.21.15.144:3300/0,v1:172.21.15.144:6789/0] conn(0x7fa1ac104a80 0x7fa1ac198810 unknown :-1 s=BANNER_CONNECTING pgs=0 cs=0 l=1 rev1=0 crypto rx=0 tx=0 comp rx=0 tx=0)._handle_peer_banner_payload supported=3 required=0
2024-09-10T11:20:34.985 INFO:teuthology.orchestra.run.smithi144.stdout:/usr/bin/ceph: stderr
2024-09-10T11:20:34.204+0000 7fa1abfff700 1 --2- >> [v2:172.21.15.144:3300/0,v1:172.21.15.144:6789/0] conn(0x7fa1ac104a80 0x7fa1ac198810 unknown :-1 s=HELLO_CONNECTING pgs=0 cs=0 l=1 rev1=1 crypto rx=0 tx=0 comp rx=0 tx=0).handle_hello peer v2:172.21.15.144:3300/0 says I am v2:172.21.15.144:51252/0 (socket says 172.21.15.144:51252)
2024-09-10T11:20:34.985 INFO:teuthology.orchestra.run.smithi144.stdout:/usr/bin/ceph: stderr
2024-09-10T11:20:34.204+0000 7fa1abfff700 1 -- 172.21.15.144:0/3400717878 learned_addr learned my addr 172.21.15.144:0/3400717878 (peer_addr_for_me v2:172.21.15.144:0/0)
2024-09-10T11:20:34.985 INFO:teuthology.orchestra.run.smithi144.stdout:/usr/bin/ceph: stderr
2024-09-10T11:20:34.204+0000 7fa1abfff700 1 -- 172.21.15.144:0/3400717878 --> [v2:172.21.15.144:3300/0,v1:172.21.15.144:6789/0] -- mon_subscribe({config=0+,monmap=0+}) v3 -- 0x7fa1a0009550 con 0x7fa1ac104a80
2024-09-10T11:20:34.985 INFO:teuthology.orchestra.run.smithi144.stdout:/usr/bin/ceph: stderr
2024-09-10T11:20:34.204+0000 7fa1abfff700 1 --2- 172.21.15.144:0/3400717878 >> [v2:172.21.15.144:3300/0,v1:172.21.15.144:6789/0] conn(0x7fa1ac104a80 0x7fa1ac198810 secure :-1 s=READY pgs=66 cs=0 l=1 rev1=1 crypto rx=0x7fa1a0006ba0 tx=0x7fa1a0011b50 comp rx=0 tx=0).ready entity=mon.0 client_cookie=0 server_cookie=0 in_seq=0 out_seq=0
2024-09-10T11:20:34.985 INFO:teuthology.orchestra.run.smithi144.stdout:/usr/bin/ceph: stderr
2024-09-10T11:20:34.204+0000 7fa1a97fa700 1 -- 172.21.15.144:0/3400717878 <== mon.0 v2:172.21.15.144:3300/0 1 ==== mon_map magic: 0 v1 ==== 229+0+0 (secure 0 0 0) 0x7fa1a0003b00 con 0x7fa1ac104a80
2024-09-10T11:20:34.985 INFO:teuthology.orchestra.run.smithi144.stdout:/usr/bin/ceph: stderr
2024-09-10T11:20:34.204+0000 7fa1a97fa700 1 -- 172.21.15.144:0/3400717878 <== mon.0 v2:172.21.15.144:3300/0 2 ==== config(27 keys) v1 ==== 1101+0+0 (secure 0 0 0) 0x7fa1a001a8e0 con 0x7fa1ac104a80
2024-09-10T11:20:34.985 INFO:teuthology.orchestra.run.smithi144.stdout:/usr/bin/ceph: stderr
2024-09-10T11:20:34.204+0000 7fa1a97fa700 1 -- 172.21.15.144:0/3400717878 <== mon.0 v2:172.21.15.144:3300/0 3 ==== mon_map magic: 0 v1 ==== 229+0+0 (secure 0 0 0) 0x7fa1a00199c0 con 0x7fa1ac104a80
2024-09-10T11:20:34.985 INFO:teuthology.orchestra.run.smithi144.stdout:/usr/bin/ceph: stderr
2024-09-10T11:20:34.204+0000 7fa1b2692700 1 -- 172.21.15.144:0/3400717878 --> [v2:172.21.15.144:3300/0,v1:172.21.15.144:6789/0] -- mon_subscribe({mgrmap=0+}) v3 -- 0x7fa1ac198f50 con 0x7fa1ac104a80
2024-09-10T11:20:34.985 INFO:teuthology.orchestra.run.smithi144.stdout:/usr/bin/ceph: stderr
2024-09-10T11:20:34.204+0000 7fa1b2692700 1 -- 172.21.15.144:0/3400717878 --> [v2:172.21.15.144:3300/0,v1:172.21.15.144:6789/0] -- mon_subscribe({osdmap=0}) v3 -- 0x7fa1ac199370 con 0x7fa1ac104a80
2024-09-10T11:20:34.985 INFO:teuthology.orchestra.run.smithi144.stdout:/usr/bin/ceph: stderr
2024-09-10T11:20:34.205+0000 7fa1a97fa700 1 -- 172.21.15.144:0/3400717878 <== mon.0 v2:172.21.15.144:3300/0 4 ==== mgrmap(e 8) v1 ==== 45084+0+0 (secure 0 0 0) 0x7fa1a0019c80 con 0x7fa1ac104a80
2024-09-10T11:20:34.985 INFO:teuthology.orchestra.run.smithi144.stdout:/usr/bin/ceph: stderr
2024-09-10T11:20:34.205+0000 7fa1b2692700 1 -- 172.21.15.144:0/3400717878 --> [v2:172.21.15.144:3300/0,v1:172.21.15.144:6789/0] -- mon_command({"prefix": "get_command_descriptions"} v 0) v1 -- 0x7fa1ac108f10 con 0x7fa1ac104a80
2024-09-10T11:20:34.985 INFO:teuthology.orchestra.run.smithi144.stdout:/usr/bin/ceph: stderr
2024-09-10T11:20:34.205+0000 7fa1a97fa700 1 --2- 172.21.15.144:0/3400717878 >> [v2:172.21.15.144:6800/2,v1:172.21.15.144:6801/2] conn(0x7fa1940383a0 0x7fa19403a850 unknown :-1 s=NONE pgs=0 cs=0 l=1 rev1=0 crypto rx=0 tx=0 comp rx=0 tx=0).connect
2024-09-10T11:20:34.986 INFO:teuthology.orchestra.run.smithi144.stdout:/usr/bin/ceph: stderr
2024-09-10T11:20:34.205+0000 7fa1a97fa700 1 -- 172.21.15.144:0/3400717878 <== mon.0 v2:172.21.15.144:3300/0 5 ==== osd_map(2..2 src has 1..2) v4 ==== 940+0+0 (secure 0 0 0) 0x7fa1a004c640 con 0x7fa1ac104a80
2024-09-10T11:20:34.986 INFO:teuthology.orchestra.run.smithi144.stdout:/usr/bin/ceph: stderr
2024-09-10T11:20:34.206+0000 7fa1ab7fe700 1 --2- 172.21.15.144:0/3400717878 >> [v2:172.21.15.144:6800/2,v1:172.21.15.144:6801/2] conn(0x7fa1940383a0 0x7fa19403a850 unknown :-1 s=BANNER_CONNECTING pgs=0 cs=0 l=1 rev1=0 crypto rx=0 tx=0 comp rx=0 tx=0)._handle_peer_banner_payload supported=3 required=0
2024-09-10T11:20:34.986 INFO:teuthology.orchestra.run.smithi144.stdout:/usr/bin/ceph: stderr
2024-09-10T11:20:34.206+0000 7fa1ab7fe700 1 --2- 172.21.15.144:0/3400717878 >> [v2:172.21.15.144:6800/2,v1:172.21.15.144:6801/2] conn(0x7fa1940383a0 0x7fa19403a850 secure :-1 s=READY pgs=21 cs=0 l=1 rev1=1 crypto rx=0x7fa19c006fd0 tx=0x7fa19c006e40 comp rx=0 tx=0).ready entity=mgr.14120 client_cookie=0 server_cookie=0 in_seq=0 out_seq=0
