2024-09-10T11:33:19.773 INFO:journalctl@ceph.mon.a.smithi017.stdout:Sep 10 11:33:19 smithi017 ceph-mon[30817]: from='mgr.14100 172.21.15.17:0/1590976851' entity='mgr.x' cmd=[{"prefix":"config rm","who":"mgr","name":"mgr/rbd_support/x/trash_purge_schedule"}]: dispatch
2024-09-10T11:33:19.773 INFO:journalctl@ceph.mon.a.smithi017.stdout:Sep 10 11:33:19 smithi017 ceph-mon[30817]: from='mgr.14100 172.21.15.17:0/1590976851' entity='mgr.x'
2024-09-10T11:33:19.773 INFO:journalctl@ceph.mon.a.smithi017.stdout:Sep 10 11:33:19 smithi017 ceph-mon[30817]: from='mgr.14100 172.21.15.17:0/1590976851' entity='mgr.x'
2024-09-10T11:33:19.773 INFO:journalctl@ceph.mon.a.smithi017.stdout:Sep 10 11:33:19 smithi017 ceph-mon[30817]: from='mgr.14100 172.21.15.17:0/1590976851' entity='mgr.x'
2024-09-10T11:33:21.771 INFO:journalctl@ceph.mon.a.smithi017.stdout:Sep 10 11:33:21 smithi017 ceph-mon[30817]: mgrmap e3: x(active, since 1.00635s)
2024-09-10T11:33:21.772 INFO:journalctl@ceph.mon.a.smithi017.stdout:Sep 10 11:33:21 smithi017 ceph-mon[30817]: from='client.? 172.21.15.17:0/3882889423' entity='client.admin' cmd=[{"prefix": "status", "format": "json-pretty"}]: dispatch
2024-09-10T11:33:22.023 INFO:teuthology.orchestra.run.smithi017.stdout:/usr/bin/ceph: stdout
2024-09-10T11:33:22.023 INFO:teuthology.orchestra.run.smithi017.stdout:/usr/bin/ceph: stdout {
2024-09-10T11:33:22.024 INFO:teuthology.orchestra.run.smithi017.stdout:/usr/bin/ceph: stdout "fsid": "44611ec8-6f68-11ef-bcea-c7b262605968",
2024-09-10T11:33:22.024 INFO:teuthology.orchestra.run.smithi017.stdout:/usr/bin/ceph: stdout "health": {
2024-09-10T11:33:22.024 INFO:teuthology.orchestra.run.smithi017.stdout:/usr/bin/ceph: stdout "status": "HEALTH_OK",
2024-09-10T11:33:22.024 INFO:teuthology.orchestra.run.smithi017.stdout:/usr/bin/ceph: stdout "checks": {},
2024-09-10T11:33:22.024 INFO:teuthology.orchestra.run.smithi017.stdout:/usr/bin/ceph: stdout "mutes": []
2024-09-10T11:33:22.024 INFO:teuthology.orchestra.run.smithi017.stdout:/usr/bin/ceph: stdout },
2024-09-10T11:33:22.024 INFO:teuthology.orchestra.run.smithi017.stdout:/usr/bin/ceph: stdout "election_epoch": 5,
2024-09-10T11:33:22.024 INFO:teuthology.orchestra.run.smithi017.stdout:/usr/bin/ceph: stdout "quorum": [
2024-09-10T11:33:22.024 INFO:teuthology.orchestra.run.smithi017.stdout:/usr/bin/ceph: stdout 0
2024-09-10T11:33:22.024 INFO:teuthology.orchestra.run.smithi017.stdout:/usr/bin/ceph: stdout ],
2024-09-10T11:33:22.024 INFO:teuthology.orchestra.run.smithi017.stdout:/usr/bin/ceph: stdout "quorum_names": [
2024-09-10T11:33:22.024 INFO:teuthology.orchestra.run.smithi017.stdout:/usr/bin/ceph: stdout "a"
2024-09-10T11:33:22.024 INFO:teuthology.orchestra.run.smithi017.stdout:/usr/bin/ceph: stdout ],
2024-09-10T11:33:22.025 INFO:teuthology.orchestra.run.smithi017.stdout:/usr/bin/ceph: stdout "quorum_age": 18,
2024-09-10T11:33:22.025 INFO:teuthology.orchestra.run.smithi017.stdout:/usr/bin/ceph: stdout "monmap": {
2024-09-10T11:33:22.025 INFO:teuthology.orchestra.run.smithi017.stdout:/usr/bin/ceph: stdout "epoch": 1,
2024-09-10T11:33:22.025 INFO:teuthology.orchestra.run.smithi017.stdout:/usr/bin/ceph: stdout "min_mon_release_name": "squid",
2024-09-10T11:33:22.025 INFO:teuthology.orchestra.run.smithi017.stdout:/usr/bin/ceph: stdout "num_mons": 1
2024-09-10T11:33:22.025 INFO:teuthology.orchestra.run.smithi017.stdout:/usr/bin/ceph: stdout },
2024-09-10T11:33:22.025 INFO:teuthology.orchestra.run.smithi017.stdout:/usr/bin/ceph: stdout "osdmap": {
2024-09-10T11:33:22.025 INFO:teuthology.orchestra.run.smithi017.stdout:/usr/bin/ceph: stdout "epoch": 1,
2024-09-10T11:33:22.025 INFO:teuthology.orchestra.run.smithi017.stdout:/usr/bin/ceph: stdout "num_osds": 0,
2024-09-10T11:33:22.025 INFO:teuthology.orchestra.run.smithi017.stdout:/usr/bin/ceph: stdout "num_up_osds": 0,
2024-09-10T11:33:22.025 INFO:teuthology.orchestra.run.smithi017.stdout:/usr/bin/ceph: stdout "osd_up_since": 0,
2024-09-10T11:33:22.034 INFO:teuthology.orchestra.run.smithi017.stdout:/usr/bin/ceph: stdout "num_in_osds": 0,
2024-09-10T11:33:22.034 INFO:teuthology.orchestra.run.smithi017.stdout:/usr/bin/ceph: stdout "osd_in_since": 0,
2024-09-10T11:33:22.034 INFO:teuthology.orchestra.run.smithi017.stdout:/usr/bin/ceph: stdout "num_remapped_pgs": 0
2024-09-10T11:33:22.034 INFO:teuthology.orchestra.run.smithi017.stdout:/usr/bin/ceph: stdout },
2024-09-10T11:33:22.034 INFO:teuthology.orchestra.run.smithi017.stdout:/usr/bin/ceph: stdout "pgmap": {
2024-09-10T11:33:22.034 INFO:teuthology.orchestra.run.smithi017.stdout:/usr/bin/ceph: stdout "pgs_by_state": [],
2024-09-10T11:33:22.034 INFO:teuthology.orchestra.run.smithi017.stdout:/usr/bin/ceph: stdout "num_pgs": 0,
2024-09-10T11:33:22.034 INFO:teuthology.orchestra.run.smithi017.stdout:/usr/bin/ceph: stdout "num_pools": 0,
2024-09-10T11:33:22.034 INFO:teuthology.orchestra.run.smithi017.stdout:/usr/bin/ceph: stdout "num_objects": 0,
2024-09-10T11:33:22.035 INFO:teuthology.orchestra.run.smithi017.stdout:/usr/bin/ceph: stdout "data_bytes": 0,
2024-09-10T11:33:22.035 INFO:teuthology.orchestra.run.smithi017.stdout:/usr/bin/ceph: stdout "bytes_used": 0,
2024-09-10T11:33:22.035 INFO:teuthology.orchestra.run.smithi017.stdout:/usr/bin/ceph: stdout "bytes_avail": 0,
2024-09-10T11:33:22.035 INFO:teuthology.orchestra.run.smithi017.stdout:/usr/bin/ceph: stdout "bytes_total": 0
2024-09-10T11:33:22.035 INFO:teuthology.orchestra.run.smithi017.stdout:/usr/bin/ceph: stdout },
2024-09-10T11:33:22.035 INFO:teuthology.orchestra.run.smithi017.stdout:/usr/bin/ceph: stdout "fsmap": {
2024-09-10T11:33:22.035 INFO:teuthology.orchestra.run.smithi017.stdout:/usr/bin/ceph: stdout "epoch": 1,
2024-09-10T11:33:22.035 INFO:teuthology.orchestra.run.smithi017.stdout:/usr/bin/ceph: stdout "btime": "2024-09-10T11:32:58:309970+0000",
2024-09-10T11:33:22.035 INFO:teuthology.orchestra.run.smithi017.stdout:/usr/bin/ceph: stdout "by_rank": [],
2024-09-10T11:33:22.035 INFO:teuthology.orchestra.run.smithi017.stdout:/usr/bin/ceph: stdout "up:standby": 0
2024-09-10T11:33:22.035 INFO:teuthology.orchestra.run.smithi017.stdout:/usr/bin/ceph: stdout },
2024-09-10T11:33:22.035 INFO:teuthology.orchestra.run.smithi017.stdout:/usr/bin/ceph: stdout "mgrmap": {
2024-09-10T11:33:22.035 INFO:teuthology.orchestra.run.smithi017.stdout:/usr/bin/ceph: stdout "available": true,
2024-09-10T11:33:22.036 INFO:teuthology.orchestra.run.smithi017.stdout:/usr/bin/ceph: stdout "num_standbys": 0,
2024-09-10T11:33:22.036 INFO:teuthology.orchestra.run.smithi017.stdout:/usr/bin/ceph: stdout "modules": [
2024-09-10T11:33:22.036 INFO:teuthology.orchestra.run.smithi017.stdout:/usr/bin/ceph: stdout "iostat",
2024-09-10T11:33:22.036 INFO:teuthology.orchestra.run.smithi017.stdout:/usr/bin/ceph: stdout "nfs",
2024-09-10T11:33:22.036 INFO:teuthology.orchestra.run.smithi017.stdout:/usr/bin/ceph: stdout "restful"
2024-09-10T11:33:22.036 INFO:teuthology.orchestra.run.smithi017.stdout:/usr/bin/ceph: stdout ],
2024-09-10T11:33:22.036 INFO:teuthology.orchestra.run.smithi017.stdout:/usr/bin/ceph: stdout "services": {}
2024-09-10T11:33:22.036 INFO:teuthology.orchestra.run.smithi017.stdout:/usr/bin/ceph: stdout },
2024-09-10T11:33:22.036 INFO:teuthology.orchestra.run.smithi017.stdout:/usr/bin/ceph: stdout "servicemap": {
2024-09-10T11:33:22.036 INFO:teuthology.orchestra.run.smithi017.stdout:/usr/bin/ceph: stdout "epoch": 1,
2024-09-10T11:33:22.036 INFO:teuthology.orchestra.run.smithi017.stdout:/usr/bin/ceph: stdout "modified": "2024-09-10T11:32:58.310596+0000",
2024-09-10T11:33:22.036 INFO:teuthology.orchestra.run.smithi017.stdout:/usr/bin/ceph: stdout "services": {}
2024-09-10T11:33:22.036 INFO:teuthology.orchestra.run.smithi017.stdout:/usr/bin/ceph: stdout },
2024-09-10T11:33:22.037 INFO:teuthology.orchestra.run.smithi017.stdout:/usr/bin/ceph: stdout "progress_events": {}
2024-09-10T11:33:22.037 INFO:teuthology.orchestra.run.smithi017.stdout:/usr/bin/ceph: stdout }
2024-09-10T11:33:22.037 INFO:teuthology.orchestra.run.smithi017.stdout:/usr/bin/ceph: stderr
2024-09-10T11:33:21.173+0000 7f0fdf4b8640 1 Processor -- start
2024-09-10T11:33:22.037 INFO:teuthology.orchestra.run.smithi017.stdout:/usr/bin/ceph: stderr
2024-09-10T11:33:21.173+0000 7f0fdf4b8640 1 -- start start
2024-09-10T11:33:22.037 INFO:teuthology.orchestra.run.smithi017.stdout:/usr/bin/ceph: stderr
2024-09-10T11:33:21.174+0000 7f0fdf4b8640 1 --2- >> [v2:172.21.15.17:3300/0,v1:172.21.15.17:6789/0] conn(0x7f0fd8106700 0x7f0fd8106b00 unknown :-1 s=NONE pgs=0 cs=0 l=0 rev1=0 crypto rx=0 tx=0 comp rx=0 tx=0).connect
2024-09-10T11:33:22.037 INFO:teuthology.orchestra.run.smithi017.stdout:/usr/bin/ceph: stderr
2024-09-10T11:33:21.174+0000 7f0fdf4b8640 1 -- --> [v2:172.21.15.17:3300/0,v1:172.21.15.17:6789/0] -- mon_getmap magic: 0 -- 0x7f0fd81070d0 con 0x7f0fd8106700
2024-09-10T11:33:22.037 INFO:teuthology.orchestra.run.smithi017.stdout:/usr/bin/ceph: stderr
2024-09-10T11:33:21.174+0000 7f0fdd254640 1 --2- >> [v2:172.21.15.17:3300/0,v1:172.21.15.17:6789/0] conn(0x7f0fd8106700 0x7f0fd8106b00 unknown :-1 s=BANNER_CONNECTING pgs=0 cs=0 l=0 rev1=0 crypto rx=0 tx=0 comp rx=0 tx=0)._handle_peer_banner_payload supported=3 required=0
2024-09-10T11:33:22.037 INFO:teuthology.orchestra.run.smithi017.stdout:/usr/bin/ceph: stderr
2024-09-10T11:33:21.174+0000 7f0fdd254640 1 --2- >> [v2:172.21.15.17:3300/0,v1:172.21.15.17:6789/0] conn(0x7f0fd8106700 0x7f0fd8106b00 unknown :-1 s=HELLO_CONNECTING pgs=0 cs=0 l=0 rev1=1 crypto rx=0 tx=0 comp rx=0 tx=0).handle_hello peer v2:172.21.15.17:3300/0 says I am v2:172.21.15.17:40032/0 (socket says 172.21.15.17:40032)
2024-09-10T11:33:22.037 INFO:teuthology.orchestra.run.smithi017.stdout:/usr/bin/ceph: stderr
2024-09-10T11:33:21.174+0000 7f0fdd254640 1 -- 172.21.15.17:0/1205336844 learned_addr learned my addr 172.21.15.17:0/1205336844 (peer_addr_for_me v2:172.21.15.17:0/0)
2024-09-10T11:33:22.037 INFO:teuthology.orchestra.run.smithi017.stdout:/usr/bin/ceph: stderr
2024-09-10T11:33:21.174+0000 7f0fdd254640 1 -- 172.21.15.17:0/1205336844 --> [v2:172.21.15.17:3300/0,v1:172.21.15.17:6789/0] -- mon_subscribe({config=0+,monmap=0+}) -- 0x7f0fd8107900 con 0x7f0fd8106700
2024-09-10T11:33:22.037 INFO:teuthology.orchestra.run.smithi017.stdout:/usr/bin/ceph: stderr
2024-09-10T11:33:21.175+0000 7f0fdd254640 1 --2- 172.21.15.17:0/1205336844 >> [v2:172.21.15.17:3300/0,v1:172.21.15.17:6789/0] conn(0x7f0fd8106700 0x7f0fd8106b00 secure :-1 s=READY pgs=16 cs=0 l=1 rev1=1 crypto rx=0x7f0fd4009820 tx=0x7f0fd402a270 comp rx=0 tx=0).ready entity=mon.0 client_cookie=7cc69535afc38bd8 server_cookie=0 in_seq=0 out_seq=0
2024-09-10T11:33:22.037 INFO:teuthology.orchestra.run.smithi017.stdout:/usr/bin/ceph: stderr
2024-09-10T11:33:21.175+0000 7f0fcffff640 1 -- 172.21.15.17:0/1205336844 <== mon.0 v2:172.21.15.17:3300/0 1 ==== mon_map magic: 0 ==== 205+0+0 (secure 0 0 0) 0x7f0fd4037070 con 0x7f0fd8106700
2024-09-10T11:33:22.038 INFO:teuthology.orchestra.run.smithi017.stdout:/usr/bin/ceph: stderr
2024-09-10T11:33:21.175+0000 7f0fcffff640 1 -- 172.21.15.17:0/1205336844 <== mon.0 v2:172.21.15.17:3300/0 2 ==== config(27 keys) ==== 1109+0+0 (secure 0 0 0) 0x7f0fd4032900 con 0x7f0fd8106700
2024-09-10T11:33:22.038 INFO:teuthology.orchestra.run.smithi017.stdout:/usr/bin/ceph: stderr
2024-09-10T11:33:21.175+0000 7f0fcffff640 1 -- 172.21.15.17:0/1205336844 <== mon.0 v2:172.21.15.17:3300/0 3 ==== mon_map magic: 0 ==== 205+0+0 (secure 0 0 0) 0x7f0fd4030850 con 0x7f0fd8106700
2024-09-10T11:33:22.038 INFO:teuthology.orchestra.run.smithi017.stdout:/usr/bin/ceph: stderr
2024-09-10T11:33:21.176+0000 7f0fdf4b8640 1 -- 172.21.15.17:0/1205336844 >> [v2:172.21.15.17:3300/0,v1:172.21.15.17:6789/0] conn(0x7f0fd8106700 msgr2=0x7f0fd8106b00 secure :-1 s=STATE_CONNECTION_ESTABLISHED l=1).mark_down
2024-09-10T11:33:22.038 INFO:teuthology.orchestra.run.smithi017.stdout:/usr/bin/ceph: stderr
2024-09-10T11:33:21.176+0000 7f0fdf4b8640 1 --2- 172.21.15.17:0/1205336844 >> [v2:172.21.15.17:3300/0,v1:172.21.15.17:6789/0] conn(0x7f0fd8106700 0x7f0fd8106b00 secure :-1 s=READY pgs=16 cs=0 l=1 rev1=1 crypto rx=0x7f0fd4009820 tx=0x7f0fd402a270 comp rx=0 tx=0).stop
2024-09-10T11:33:22.038 INFO:teuthology.orchestra.run.smithi017.stdout:/usr/bin/ceph: stderr
2024-09-10T11:33:21.176+0000 7f0fdf4b8640 1 -- 172.21.15.17:0/1205336844 shutdown_connections
2024-09-10T11:33:22.038 INFO:teuthology.orchestra.run.smithi017.stdout:/usr/bin/ceph: stderr
2024-09-10T11:33:21.176+0000 7f0fdf4b8640 1 --2- 172.21.15.17:0/1205336844 >> [v2:172.21.15.17:3300/0,v1:172.21.15.17:6789/0] conn(0x7f0fd8106700 0x7f0fd8106b00 unknown :-1 s=CLOSED pgs=16 cs=0 l=1 rev1=1 crypto rx=0 tx=0 comp rx=0 tx=0).stop
2024-09-10T11:33:22.038 INFO:teuthology.orchestra.run.smithi017.stdout:/usr/bin/ceph: stderr
2024-09-10T11:33:21.176+0000 7f0fdf4b8640 1 -- 172.21.15.17:0/1205336844 >> 172.21.15.17:0/1205336844 conn(0x7f0fd8101e70 msgr2=0x7f0fd81042d0 unknown :-1 s=STATE_NONE l=0).mark_down
2024-09-10T11:33:22.038 INFO:teuthology.orchestra.run.smithi017.stdout:/usr/bin/ceph: stderr
2024-09-10T11:33:21.176+0000 7f0fdf4b8640 1 -- 172.21.15.17:0/1205336844 shutdown_connections
2024-09-10T11:33:22.038 INFO:teuthology.orchestra.run.smithi017.stdout:/usr/bin/ceph: stderr
2024-09-10T11:33:21.176+0000 7f0fdf4b8640 1 -- 172.21.15.17:0/1205336844 wait complete.
2024-09-10T11:33:22.038 INFO:teuthology.orchestra.run.smithi017.stdout:/usr/bin/ceph: stderr
2024-09-10T11:33:21.177+0000 7f0fdf4b8640 1 Processor -- start
2024-09-10T11:33:22.038 INFO:teuthology.orchestra.run.smithi017.stdout:/usr/bin/ceph: stderr
2024-09-10T11:33:21.177+0000 7f0fdf4b8640 1 -- start start
2024-09-10T11:33:22.038 INFO:teuthology.orchestra.run.smithi017.stdout:/usr/bin/ceph: stderr
2024-09-10T11:33:21.177+0000 7f0fdf4b8640 1 --2- >> [v2:172.21.15.17:3300/0,v1:172.21.15.17:6789/0] conn(0x7f0fd8106700 0x7f0fd807ba10 unknown :-1 s=NONE pgs=0 cs=0 l=1 rev1=0 crypto rx=0 tx=0 comp rx=0 tx=0).connect
2024-09-10T11:33:22.038 INFO:teuthology.orchestra.run.smithi017.stdout:/usr/bin/ceph: stderr
2024-09-10T11:33:21.177+0000 7f0fdf4b8640 1 -- --> [v2:172.21.15.17:3300/0,v1:172.21.15.17:6789/0] -- mon_getmap magic: 0 -- 0x7f0fd810acb0 con 0x7f0fd8106700
2024-09-10T11:33:22.038 INFO:teuthology.orchestra.run.smithi017.stdout:/usr/bin/ceph: stderr
2024-09-10T11:33:21.177+0000 7f0fdd254640 1 --2- >> [v2:172.21.15.17:3300/0,v1:172.21.15.17:6789/0] conn(0x7f0fd8106700 0x7f0fd807ba10 unknown :-1 s=BANNER_CONNECTING pgs=0 cs=0 l=1 rev1=0 crypto rx=0 tx=0 comp rx=0 tx=0)._handle_peer_banner_payload supported=3 required=0
2024-09-10T11:33:22.039 INFO:teuthology.orchestra.run.smithi017.stdout:/usr/bin/ceph: stderr
2024-09-10T11:33:21.177+0000 7f0fdd254640 1 --2- >> [v2:172.21.15.17:3300/0,v1:172.21.15.17:6789/0] conn(0x7f0fd8106700 0x7f0fd807ba10 unknown :-1 s=HELLO_CONNECTING pgs=0 cs=0 l=1 rev1=1 crypto rx=0 tx=0 comp rx=0 tx=0).handle_hello peer v2:172.21.15.17:3300/0 says I am v2:172.21.15.17:40048/0 (socket says 172.21.15.17:40048)
2024-09-10T11:33:22.039 INFO:teuthology.orchestra.run.smithi017.stdout:/usr/bin/ceph: stderr
2024-09-10T11:33:21.177+0000 7f0fdd254640 1 -- 172.21.15.17:0/3882889423 learned_addr learned my addr 172.21.15.17:0/3882889423 (peer_addr_for_me v2:172.21.15.17:0/0)
2024-09-10T11:33:22.039 INFO:teuthology.orchestra.run.smithi017.stdout:/usr/bin/ceph: stderr
2024-09-10T11:33:21.177+0000 7f0fdd254640 1 -- 172.21.15.17:0/3882889423 --> [v2:172.21.15.17:3300/0,v1:172.21.15.17:6789/0] -- mon_subscribe({config=0+,monmap=0+}) -- 0x7f0fd819e540 con 0x7f0fd8106700
2024-09-10T11:33:22.039 INFO:teuthology.orchestra.run.smithi017.stdout:/usr/bin/ceph: stderr
2024-09-10T11:33:21.178+0000 7f0fdd254640 1 --2- 172.21.15.17:0/3882889423 >> [v2:172.21.15.17:3300/0,v1:172.21.15.17:6789/0] conn(0x7f0fd8106700 0x7f0fd807ba10 secure :-1 s=READY pgs=17 cs=0 l=1 rev1=1 crypto rx=0x7f0fd4009940 tx=0x7f0fd4032ce0 comp rx=0 tx=0).ready entity=mon.0 client_cookie=0 server_cookie=0 in_seq=0 out_seq=0
2024-09-10T11:33:22.039 INFO:teuthology.orchestra.run.smithi017.stdout:/usr/bin/ceph: stderr
2024-09-10T11:33:21.178+0000 7f0fce7fc640 1 -- 172.21.15.17:0/3882889423 <== mon.0 v2:172.21.15.17:3300/0 1 ==== mon_map magic: 0 ==== 205+0+0 (secure 0 0 0) 0x7f0fd4042070 con 0x7f0fd8106700
2024-09-10T11:33:22.039 INFO:teuthology.orchestra.run.smithi017.stdout:/usr/bin/ceph: stderr
2024-09-10T11:33:21.178+0000 7f0fce7fc640 1 -- 172.21.15.17:0/3882889423 <== mon.0 v2:172.21.15.17:3300/0 2 ==== config(27 keys) ==== 1109+0+0 (secure 0 0 0) 0x7f0fd40308c0 con 0x7f0fd8106700
2024-09-10T11:33:22.039 INFO:teuthology.orchestra.run.smithi017.stdout:/usr/bin/ceph: stderr
2024-09-10T11:33:21.178+0000 7f0fdf4b8640 1 -- 172.21.15.17:0/3882889423 --> [v2:172.21.15.17:3300/0,v1:172.21.15.17:6789/0] -- mon_subscribe({mgrmap=0+}) -- 0x7f0fd819e710 con 0x7f0fd8106700
2024-09-10T11:33:22.039 INFO:teuthology.orchestra.run.smithi017.stdout:/usr/bin/ceph: stderr
2024-09-10T11:33:21.178+0000 7f0fce7fc640 1 -- 172.21.15.17:0/3882889423 <== mon.0 v2:172.21.15.17:3300/0 3 ==== mon_map magic: 0 ==== 205+0+0 (secure 0 0 0) 0x7f0fd4037040 con 0x7f0fd8106700
2024-09-10T11:33:22.039 INFO:teuthology.orchestra.run.smithi017.stdout:/usr/bin/ceph: stderr
2024-09-10T11:33:21.178+0000 7f0fdf4b8640 1 -- 172.21.15.17:0/3882889423 --> [v2:172.21.15.17:3300/0,v1:172.21.15.17:6789/0] -- mon_subscribe({osdmap=0}) -- 0x7f0fd819eb30 con 0x7f0fd8106700
2024-09-10T11:33:22.039 INFO:teuthology.orchestra.run.smithi017.stdout:/usr/bin/ceph: stderr
2024-09-10T11:33:21.179+0000 7f0fce7fc640 1 -- 172.21.15.17:0/3882889423 <== mon.0 v2:172.21.15.17:3300/0 4 ==== mgrmap(e 3) ==== 46170+0+0 (secure 0 0 0) 0x7f0fd4045070 con 0x7f0fd8106700
2024-09-10T11:33:22.039 INFO:teuthology.orchestra.run.smithi017.stdout:/usr/bin/ceph: stderr
2024-09-10T11:33:21.179+0000 7f0fdf4b8640 1 -- 172.21.15.17:0/3882889423 --> [v2:172.21.15.17:3300/0,v1:172.21.15.17:6789/0] -- mon_command({"prefix": "get_command_descriptions"} v 0) -- 0x7f0fd8106b80 con 0x7f0fd8106700
2024-09-10T11:33:22.039 INFO:teuthology.orchestra.run.smithi017.stdout:/usr/bin/ceph: stderr
2024-09-10T11:33:21.179+0000 7f0fce7fc640 1 --2- 172.21.15.17:0/3882889423 >> [v2:172.21.15.17:6800/817290704,v1:172.21.15.17:6801/817290704] conn(0x7f0fc4038e10 0x7f0fc403b2d0 unknown :-1 s=NONE pgs=0 cs=0 l=1 rev1=0 crypto rx=0 tx=0 comp rx=0 tx=0).connect
2024-09-10T11:33:22.040 INFO:teuthology.orchestra.run.smithi017.stdout:/usr/bin/ceph: stderr
2024-09-10T11:33:21.179+0000 7f0fce7fc640 1 -- 172.21.15.17:0/3882889423 <== mon.0 v2:172.21.15.17:3300/0 5 ==== osd_map(1..1 src has 1..1) ==== 725+0+0 (secure 0 0 0) 0x7f0fd406bf20 con 0x7f0fd8106700
2024-09-10T11:33:22.040 INFO:teuthology.orchestra.run.smithi017.stdout:/usr/bin/ceph: stderr
2024-09-10T11:33:21.179+0000 7f0fdca53640 1 --2- 172.21.15.17:0/3882889423 >> [v2:172.21.15.17:6800/817290704,v1:172.21.15.17:6801/817290704] conn(0x7f0fc4038e10 0x7f0fc403b2d0 unknown :-1 s=BANNER_CONNECTING pgs=0 cs=0 l=1 rev1=0 crypto rx=0 tx=0 comp rx=0 tx=0)._handle_peer_banner_payload supported=3 required=0
2024-09-10T11:33:22.040 INFO:teuthology.orchestra.run.smithi017.stdout:/usr/bin/ceph: stderr
2024-09-10T11:33:21.180+0000 7f0fdca53640 1 --2- 172.21.15.17:0/3882889423 >> [v2:172.21.15.17:6800/817290704,v1:172.21.15.17:6801/817290704] conn(0x7f0fc4038e10 0x7f0fc403b2d0 secure :-1 s=READY pgs=6 cs=0 l=1 rev1=1 crypto rx=0x7f0fc80098c0 tx=0x7f0fc8006db0 comp rx=0 tx=0).ready entity=mgr.14100 client_cookie=0 server_cookie=0 in_seq=0 out_seq=0
2024-09-10T11:33:22.040 INFO:teuthology.orchestra.run.smithi017.stdout:/usr/bin/ceph: stderr
2024-09-10T11:33:21.184+0000 7f0fce7fc640 1 -- 172.21.15.17:0/3882889423 <== mon.0 v2:172.21.15.17:3300/0 6 ==== mon_command_ack([{"prefix": "get_command_descriptions"}]=0 v0) ==== 72+0+188821 (secure 0 0 0) 0x7f0fd403cd90 con 0x7f0fd8106700
2024-09-10T11:33:22.040 INFO:teuthology.orchestra.run.smithi017.stdout:/usr/bin/ceph: stderr
2024-09-10T11:33:21.432+0000 7f0fdf4b8640 1 -- 172.21.15.17:0/3882889423 --> [v2:172.21.15.17:3300/0,v1:172.21.15.17:6789/0] -- mon_command({"prefix": "status", "format": "json-pretty"} v 0) -- 0x7f0fd819a870 con 0x7f0fd8106700
2024-09-10T11:33:22.040 INFO:teuthology.orchestra.run.smithi017.stdout:/usr/bin/ceph: stderr
2024-09-10T11:33:21.433+0000 7f0fce7fc640 1 -- 172.21.15.17:0/3882889423 <== mon.0 v2:172.21.15.17:3300/0 7 ==== mon_command_ack([{"prefix": "status", "format": "json-pretty"}]=0 v0) ==== 79+0+1291 (secure 0 0 0) 0x7f0fd403c870 con 0x7f0fd8106700
2024-09-10T11:33:22.040 INFO:teuthology.orchestra.run.smithi017.stdout:/usr/bin/ceph: stderr
2024-09-10T11:33:21.435+0000 7f0fdf4b8640 1 -- 172.21.15.17:0/3882889423 >> [v2:172.21.15.17:6800/817290704,v1:172.21.15.17:6801/817290704] conn(0x7f0fc4038e10 msgr2=0x7f0fc403b2d0 secure :-1 s=STATE_CONNECTION_ESTABLISHED l=1).mark_down
2024-09-10T11:33:22.040 INFO:teuthology.orchestra.run.smithi017.stdout:/usr/bin/ceph: stderr
2024-09-10T11:33:21.436+0000 7f0fdf4b8640 1 --2- 172.21.15.17:0/3882889423 >> [v2:172.21.15.17:6800/817290704,v1:172.21.15.17:6801/817290704] conn(0x7f0fc4038e10 0x7f0fc403b2d0 secure :-1 s=READY pgs=6 cs=0 l=1 rev1=1 crypto rx=0x7f0fc80098c0 tx=0x7f0fc8006db0 comp rx=0 tx=0).stop
2024-09-10T11:33:22.040 INFO:teuthology.orchestra.run.smithi017.stdout:/usr/bin/ceph: stderr
2024-09-10T11:33:21.436+0000 7f0fdf4b8640 1 -- 172.21.15.17:0/3882889423 >> [v2:172.21.15.17:3300/0,v1:172.21.15.17:6789/0] conn(0x7f0fd8106700 msgr2=0x7f0fd807ba10 secure :-1 s=STATE_CONNECTION_ESTABLISHED l=1).mark_down
2024-09-10T11:33:22.040 INFO:teuthology.orchestra.run.smithi017.stdout:/usr/bin/ceph: stderr
2024-09-10T11:33:21.436+0000 7f0fdf4b8640 1 --2- 172.21.15.17:0/3882889423 >> [v2:172.21.15.17:3300/0,v1:172.21.15.17:6789/0] conn(0x7f0fd8106700 0x7f0fd807ba10 secure :-1 s=READY pgs=17 cs=0 l=1 rev1=1 crypto rx=0x7f0fd4009940 tx=0x7f0fd4032ce0 comp rx=0 tx=0).stop
2024-09-10T11:33:22.040 INFO:teuthology.orchestra.run.smithi017.stdout:/usr/bin/ceph: stderr
2024-09-10T11:33:21.436+0000 7f0fdf4b8640 1 -- 172.21.15.17:0/3882889423 shutdown_connections
2024-09-10T11:33:22.040 INFO:teuthology.orchestra.run.smithi017.stdout:/usr/bin/ceph: stderr
2024-09-10T11:33:21.436+0000 7f0fdf4b8640 1 --2- 172.21.15.17:0/3882889423 >> [v2:172.21.15.17:6800/817290704,v1:172.21.15.17:6801/817290704] conn(0x7f0fc4038e10 0x7f0fc403b2d0 unknown :-1 s=CLOSED pgs=6 cs=0 l=1 rev1=1 crypto rx=0 tx=0 comp rx=0 tx=0).stop
2024-09-10T11:33:22.040 INFO:teuthology.orchestra.run.smithi017.stdout:/usr/bin/ceph: stderr
2024-09-10T11:33:21.436+0000 7f0fdf4b8640 1 --2- 172.21.15.17:0/3882889423 >> [v2:172.21.15.17:3300/0,v1:172.21.15.17:6789/0] conn(0x7f0fd8106700 0x7f0fd807ba10 unknown :-1 s=CLOSED pgs=17 cs=0 l=1 rev1=1 crypto rx=0 tx=0 comp rx=0 tx=0).stop
2024-09-10T11:33:22.041 INFO:teuthology.orchestra.run.smithi017.stdout:/usr/bin/ceph: stderr
2024-09-10T11:33:21.436+0000 7f0fdf4b8640 1 -- 172.21.15.17:0/3882889423 >> 172.21.15.17:0/3882889423 conn(0x7f0fd8101e70 msgr2=0x7f0fd8102a20 unknown :-1 s=STATE_NONE l=0).mark_down
2024-09-10T11:33:22.041 INFO:teuthology.orchestra.run.smithi017.stdout:/usr/bin/ceph: stderr
2024-09-10T11:33:21.436+0000 7f0fdf4b8640 1 -- 172.21.15.17:0/3882889423 shutdown_connections
2024-09-10T11:33:22.041 INFO:teuthology.orchestra.run.smithi017.stdout:/usr/bin/ceph: stderr
2024-09-10T11:33:21.436+0000 7f0fdf4b8640 1 -- 172.21.15.17:0/3882889423 wait complete.
2024-09-10T11:33:22.041 INFO:teuthology.orchestra.run.smithi017.stdout:mgr is available
2024-09-10T11:33:22.771 INFO:journalctl@ceph.mon.a.smithi017.stdout:Sep 10 11:33:22 smithi017 ceph-mon[30817]: mgrmap e4: x(active, since 2s)
2024-09-10T11:33:23.126 INFO:teuthology.orchestra.run.smithi017.stdout:/usr/bin/ceph: stdout
2024-09-10T11:33:23.126 INFO:teuthology.orchestra.run.smithi017.stdout:/usr/bin/ceph: stdout [global]
2024-09-10T11:33:23.126 INFO:teuthology.orchestra.run.smithi017.stdout:/usr/bin/ceph: stdout fsid = 44611ec8-6f68-11ef-bcea-c7b262605968
2024-09-10T11:33:23.126 INFO:teuthology.orchestra.run.smithi017.stdout:/usr/bin/ceph: stdout mon_host = [v2:172.21.15.17:3300,v1:172.21.15.17:6789]
2024-09-10T11:33:23.126 INFO:teuthology.orchestra.run.smithi017.stdout:/usr/bin/ceph: stdout mon_osd_allow_pg_remap = true
2024-09-10T11:33:23.126 INFO:teuthology.orchestra.run.smithi017.stdout:/usr/bin/ceph: stdout mon_osd_allow_primary_affinity = true
2024-09-10T11:33:23.126 INFO:teuthology.orchestra.run.smithi017.stdout:/usr/bin/ceph: stdout mon_warn_on_no_sortbitwise = false
2024-09-10T11:33:23.126 INFO:teuthology.orchestra.run.smithi017.stdout:/usr/bin/ceph: stdout osd_crush_chooseleaf_type = 0
2024-09-10T11:33:23.126 INFO:teuthology.orchestra.run.smithi017.stdout:/usr/bin/ceph: stdout
2024-09-10T11:33:23.126 INFO:teuthology.orchestra.run.smithi017.stdout:/usr/bin/ceph: stdout [mgr]
2024-09-10T11:33:23.127 INFO:teuthology.orchestra.run.smithi017.stdout:/usr/bin/ceph: stdout mgr/telemetry/nag = false
2024-09-10T11:33:23.127 INFO:teuthology.orchestra.run.smithi017.stdout:/usr/bin/ceph: stdout
2024-09-10T11:33:23.127 INFO:teuthology.orchestra.run.smithi017.stdout:/usr/bin/ceph: stdout [osd]
2024-09-10T11:33:23.127 INFO:teuthology.orchestra.run.smithi017.stdout:/usr/bin/ceph: stdout filestore_flush_min = 0
2024-09-10T11:33:23.127 INFO:teuthology.orchestra.run.smithi017.stdout:/usr/bin/ceph: stdout mon_osd_backfillfull_ratio = 0.85
2024-09-10T11:33:23.127 INFO:teuthology.orchestra.run.smithi017.stdout:/usr/bin/ceph: stdout mon_osd_full_ratio = 0.9
2024-09-10T11:33:23.127 INFO:teuthology.orchestra.run.smithi017.stdout:/usr/bin/ceph: stdout mon_osd_nearfull_ratio = 0.8
2024-09-10T11:33:23.127 INFO:teuthology.orchestra.run.smithi017.stdout:/usr/bin/ceph: stdout osd_map_max_advance = 10
2024-09-10T11:33:23.127 INFO:teuthology.orchestra.run.smithi017.stdout:/usr/bin/ceph: stdout osd_sloppy_crc = true
2024-09-10T11:33:23.127 INFO:teuthology.orchestra.run.smithi017.stdout:/usr/bin/ceph: stderr
2024-09-10T11:33:22.400+0000 7fc33f0f3640 1 Processor -- start
2024-09-10T11:33:23.127 INFO:teuthology.orchestra.run.smithi017.stdout:/usr/bin/ceph: stderr
2024-09-10T11:33:22.400+0000 7fc33f0f3640 1 -- start start
2024-09-10T11:33:23.127 INFO:teuthology.orchestra.run.smithi017.stdout:/usr/bin/ceph: stderr
2024-09-10T11:33:22.400+0000 7fc33f0f3640 1 --2- >> [v2:172.21.15.17:3300/0,v1:172.21.15.17:6789/0] conn(0x7fc338107820 0x7fc338107c20 unknown :-1 s=NONE pgs=0 cs=0 l=0 rev1=0 crypto rx=0 tx=0 comp rx=0 tx=0).connect
2024-09-10T11:33:23.127 INFO:teuthology.orchestra.run.smithi017.stdout:/usr/bin/ceph: stderr
2024-09-10T11:33:22.400+0000 7fc33f0f3640 1 -- --> [v2:172.21.15.17:3300/0,v1:172.21.15.17:6789/0] -- mon_getmap magic: 0 -- 0x7fc3381081f0 con 0x7fc338107820
2024-09-10T11:33:23.127 INFO:teuthology.orchestra.run.smithi017.stdout:/usr/bin/ceph: stderr
2024-09-10T11:33:22.401+0000 7fc33ce8f640 1 --2- >> [v2:172.21.15.17:3300/0,v1:172.21.15.17:6789/0] conn(0x7fc338107820 0x7fc338107c20 unknown :-1 s=BANNER_CONNECTING pgs=0 cs=0 l=0 rev1=0 crypto rx=0 tx=0 comp rx=0 tx=0)._handle_peer_banner_payload supported=3 required=0
2024-09-10T11:33:23.128 INFO:teuthology.orchestra.run.smithi017.stdout:/usr/bin/ceph: stderr
2024-09-10T11:33:22.401+0000 7fc33ce8f640 1 --2- >> [v2:172.21.15.17:3300/0,v1:172.21.15.17:6789/0] conn(0x7fc338107820 0x7fc338107c20 unknown :-1 s=HELLO_CONNECTING pgs=0 cs=0 l=0 rev1=1 crypto rx=0 tx=0 comp rx=0 tx=0).handle_hello peer v2:172.21.15.17:3300/0 says I am v2:172.21.15.17:38566/0 (socket says 172.21.15.17:38566)
2024-09-10T11:33:23.128 INFO:teuthology.orchestra.run.smithi017.stdout:/usr/bin/ceph: stderr
2024-09-10T11:33:22.401+0000 7fc33ce8f640 1 -- 172.21.15.17:0/1587362740 learned_addr learned my addr 172.21.15.17:0/1587362740 (peer_addr_for_me v2:172.21.15.17:0/0)
2024-09-10T11:33:23.128 INFO:teuthology.orchestra.run.smithi017.stdout:/usr/bin/ceph: stderr
2024-09-10T11:33:22.401+0000 7fc33ce8f640 1 -- 172.21.15.17:0/1587362740 --> [v2:172.21.15.17:3300/0,v1:172.21.15.17:6789/0] -- mon_subscribe({config=0+,monmap=0+}) -- 0x7fc338108a20 con 0x7fc338107820
2024-09-10T11:33:23.128 INFO:teuthology.orchestra.run.smithi017.stdout:/usr/bin/ceph: stderr
2024-09-10T11:33:22.402+0000 7fc33ce8f640 1 --2- 172.21.15.17:0/1587362740 >> [v2:172.21.15.17:3300/0,v1:172.21.15.17:6789/0] conn(0x7fc338107820 0x7fc338107c20 secure :-1 s=READY pgs=18 cs=0 l=1 rev1=1 crypto rx=0x7fc32c009820 tx=0x7fc32c02a270 comp rx=0 tx=0).ready entity=mon.0 client_cookie=b6da7d74a95deb93 server_cookie=0 in_seq=0 out_seq=0
2024-09-10T11:33:23.128 INFO:teuthology.orchestra.run.smithi017.stdout:/usr/bin/ceph: stderr
2024-09-10T11:33:22.402+0000 7fc3377fe640 1 -- 172.21.15.17:0/1587362740 <== mon.0 v2:172.21.15.17:3300/0 1 ==== mon_map magic: 0 ==== 205+0+0 (secure 0 0 0) 0x7fc32c037070 con 0x7fc338107820
2024-09-10T11:33:23.128 INFO:teuthology.orchestra.run.smithi017.stdout:/usr/bin/ceph: stderr
2024-09-10T11:33:22.402+0000 7fc3377fe640 1 -- 172.21.15.17:0/1587362740 <== mon.0 v2:172.21.15.17:3300/0 2 ==== config(27 keys) ==== 1109+0+0 (secure 0 0 0) 0x7fc32c032900 con 0x7fc338107820
2024-09-10T11:33:23.128 INFO:teuthology.orchestra.run.smithi017.stdout:/usr/bin/ceph: stderr
2024-09-10T11:33:22.402+0000 7fc3377fe640 1 -- 172.21.15.17:0/1587362740 <== mon.0 v2:172.21.15.17:3300/0 3 ==== mon_map magic: 0 ==== 205+0+0 (secure 0 0 0) 0x7fc32c030850 con 0x7fc338107820
2024-09-10T11:33:23.128 INFO:teuthology.orchestra.run.smithi017.stdout:/usr/bin/ceph: stderr
2024-09-10T11:33:22.402+0000 7fc33f0f3640 1 -- 172.21.15.17:0/1587362740 >> [v2:172.21.15.17:3300/0,v1:172.21.15.17:6789/0] conn(0x7fc338107820 msgr2=0x7fc338107c20 secure :-1 s=STATE_CONNECTION_ESTABLISHED l=1).mark_down
2024-09-10T11:33:23.128 INFO:teuthology.orchestra.run.smithi017.stdout:/usr/bin/ceph: stderr
2024-09-10T11:33:22.402+0000 7fc33f0f3640 1 --2- 172.21.15.17:0/1587362740 >> [v2:172.21.15.17:3300/0,v1:172.21.15.17:6789/0] conn(0x7fc338107820 0x7fc338107c20 secure :-1 s=READY pgs=18 cs=0 l=1 rev1=1 crypto rx=0x7fc32c009820 tx=0x7fc32c02a270 comp rx=0 tx=0).stop
2024-09-10T11:33:23.128 INFO:teuthology.orchestra.run.smithi017.stdout:/usr/bin/ceph: stderr
2024-09-10T11:33:22.402+0000 7fc33f0f3640 1 -- 172.21.15.17:0/1587362740 shutdown_connections
2024-09-10T11:33:23.128 INFO:teuthology.orchestra.run.smithi017.stdout:/usr/bin/ceph: stderr
2024-09-10T11:33:22.402+0000 7fc33f0f3640 1 --2- 172.21.15.17:0/1587362740 >> [v2:172.21.15.17:3300/0,v1:172.21.15.17:6789/0] conn(0x7fc338107820 0x7fc338107c20 unknown :-1 s=CLOSED pgs=18 cs=0 l=1 rev1=1 crypto rx=0 tx=0 comp rx=0 tx=0).stop
2024-09-10T11:33:23.129 INFO:teuthology.orchestra.run.smithi017.stdout:/usr/bin/ceph: stderr
2024-09-10T11:33:22.402+0000 7fc33f0f3640 1 -- 172.21.15.17:0/1587362740 >> 172.21.15.17:0/1587362740 conn(0x7fc338102fd0 msgr2=0x7fc3381053f0 unknown :-1 s=STATE_NONE l=0).mark_down
2024-09-10T11:33:23.129 INFO:teuthology.orchestra.run.smithi017.stdout:/usr/bin/ceph: stderr
2024-09-10T11:33:22.403+0000 7fc33f0f3640 1 -- 172.21.15.17:0/1587362740 shutdown_connections
2024-09-10T11:33:23.129 INFO:teuthology.orchestra.run.smithi017.stdout:/usr/bin/ceph: stderr
2024-09-10T11:33:22.403+0000 7fc33f0f3640 1 -- 172.21.15.17:0/1587362740 wait complete.
2024-09-10T11:33:23.129 INFO:teuthology.orchestra.run.smithi017.stdout:/usr/bin/ceph: stderr
2024-09-10T11:33:22.403+0000 7fc33f0f3640 1 Processor -- start
2024-09-10T11:33:23.129 INFO:teuthology.orchestra.run.smithi017.stdout:/usr/bin/ceph: stderr
2024-09-10T11:33:22.403+0000 7fc33f0f3640 1 -- start start
2024-09-10T11:33:23.129 INFO:teuthology.orchestra.run.smithi017.stdout:/usr/bin/ceph: stderr
2024-09-10T11:33:22.403+0000 7fc33f0f3640 1 --2- >> [v2:172.21.15.17:3300/0,v1:172.21.15.17:6789/0] conn(0x7fc338107820 0x7fc33819b850 unknown :-1 s=NONE pgs=0 cs=0 l=1 rev1=0 crypto rx=0 tx=0 comp rx=0 tx=0).connect
2024-09-10T11:33:23.129 INFO:teuthology.orchestra.run.smithi017.stdout:/usr/bin/ceph: stderr
2024-09-10T11:33:22.403+0000 7fc33f0f3640 1 -- --> [v2:172.21.15.17:3300/0,v1:172.21.15.17:6789/0] -- mon_getmap magic: 0 -- 0x7fc33810bdd0 con 0x7fc338107820
2024-09-10T11:33:23.129 INFO:teuthology.orchestra.run.smithi017.stdout:/usr/bin/ceph: stderr
2024-09-10T11:33:22.403+0000 7fc33ce8f640 1 --2- >> [v2:172.21.15.17:3300/0,v1:172.21.15.17:6789/0] conn(0x7fc338107820 0x7fc33819b850 unknown :-1 s=BANNER_CONNECTING pgs=0 cs=0 l=1 rev1=0 crypto rx=0 tx=0 comp rx=0 tx=0)._handle_peer_banner_payload supported=3 required=0
2024-09-10T11:33:23.129 INFO:teuthology.orchestra.run.smithi017.stdout:/usr/bin/ceph: stderr
2024-09-10T11:33:22.403+0000 7fc33ce8f640 1 --2- >> [v2:172.21.15.17:3300/0,v1:172.21.15.17:6789/0] conn(0x7fc338107820 0x7fc33819b850 unknown :-1 s=HELLO_CONNECTING pgs=0 cs=0 l=1 rev1=1 crypto rx=0 tx=0 comp rx=0 tx=0).handle_hello peer v2:172.21.15.17:3300/0 says I am v2:172.21.15.17:38582/0 (socket says 172.21.15.17:38582)
2024-09-10T11:33:23.129 INFO:teuthology.orchestra.run.smithi017.stdout:/usr/bin/ceph: stderr
2024-09-10T11:33:22.403+0000 7fc33ce8f640 1 -- 172.21.15.17:0/90274923 learned_addr learned my addr 172.21.15.17:0/90274923 (peer_addr_for_me v2:172.21.15.17:0/0)
2024-09-10T11:33:23.129 INFO:teuthology.orchestra.run.smithi017.stdout:/usr/bin/ceph: stderr
2024-09-10T11:33:22.404+0000 7fc33ce8f640 1 -- 172.21.15.17:0/90274923 --> [v2:172.21.15.17:3300/0,v1:172.21.15.17:6789/0] -- mon_subscribe({config=0+,monmap=0+}) -- 0x7fc33819bd90 con 0x7fc338107820
2024-09-10T11:33:23.129 INFO:teuthology.orchestra.run.smithi017.stdout:/usr/bin/ceph: stderr
2024-09-10T11:33:22.404+0000 7fc33ce8f640 1 --2- 172.21.15.17:0/90274923 >> [v2:172.21.15.17:3300/0,v1:172.21.15.17:6789/0] conn(0x7fc338107820 0x7fc33819b850 secure :-1 s=READY pgs=19 cs=0 l=1 rev1=1 crypto rx=0x7fc32c0097f0 tx=0x7fc32c030d80 comp rx=0 tx=0).ready entity=mon.0 client_cookie=0 server_cookie=0 in_seq=0 out_seq=0
2024-09-10T11:33:23.129 INFO:teuthology.orchestra.run.smithi017.stdout:/usr/bin/ceph: stderr
2024-09-10T11:33:22.404+0000 7fc335ffb640 1 -- 172.21.15.17:0/90274923 <== mon.0 v2:172.21.15.17:3300/0 1 ==== mon_map magic: 0 ==== 205+0+0 (secure 0 0 0) 0x7fc32c037040 con 0x7fc338107820
2024-09-10T11:33:23.130 INFO:teuthology.orchestra.run.smithi017.stdout:/usr/bin/ceph: stderr
2024-09-10T11:33:22.404+0000 7fc335ffb640 1 -- 172.21.15.17:0/90274923 <== mon.0 v2:172.21.15.17:3300/0 2 ==== config(27 keys) ==== 1109+0+0 (secure 0 0 0) 0x7fc32c040070 con 0x7fc338107820
2024-09-10T11:33:23.130 INFO:teuthology.orchestra.run.smithi017.stdout:/usr/bin/ceph: stderr
2024-09-10T11:33:22.404+0000 7fc33f0f3640 1 -- 172.21.15.17:0/90274923 --> [v2:172.21.15.17:3300/0,v1:172.21.15.17:6789/0] -- mon_subscribe({mgrmap=0+}) -- 0x7fc33819c020 con 0x7fc338107820
2024-09-10T11:33:23.130 INFO:teuthology.orchestra.run.smithi017.stdout:/usr/bin/ceph: stderr
2024-09-10T11:33:22.404+0000 7fc335ffb640 1 -- 172.21.15.17:0/90274923 <== mon.0 v2:172.21.15.17:3300/0 3 ==== mon_map magic: 0 ==== 205+0+0 (secure 0 0 0) 0x7fc32c03a390 con 0x7fc338107820
2024-09-10T11:33:23.130 INFO:teuthology.orchestra.run.smithi017.stdout:/usr/bin/ceph: stderr
2024-09-10T11:33:22.404+0000 7fc33f0f3640 1 -- 172.21.15.17:0/90274923 --> [v2:172.21.15.17:3300/0,v1:172.21.15.17:6789/0] -- mon_subscribe({osdmap=0}) -- 0x7fc33819ed10 con 0x7fc338107820
2024-09-10T11:33:23.130 INFO:teuthology.orchestra.run.smithi017.stdout:/usr/bin/ceph: stderr
2024-09-10T11:33:22.405+0000 7fc335ffb640 1 -- 172.21.15.17:0/90274923 <== mon.0 v2:172.21.15.17:3300/0 4 ==== mgrmap(e 4) ==== 46276+0+0 (secure 0 0 0) 0x7fc32c03a5e0 con 0x7fc338107820
2024-09-10T11:33:23.130 INFO:teuthology.orchestra.run.smithi017.stdout:/usr/bin/ceph: stderr
2024-09-10T11:33:22.405+0000 7fc33f0f3640 1 -- 172.21.15.17:0/90274923 --> [v2:172.21.15.17:3300/0,v1:172.21.15.17:6789/0] -- mon_command({"prefix": "get_command_descriptions"} v 0) -- 0x7fc338107ca0 con 0x7fc338107820
2024-09-10T11:33:23.130 INFO:teuthology.orchestra.run.smithi017.stdout:/usr/bin/ceph: stderr
2024-09-10T11:33:22.405+0000 7fc335ffb640 1 --2- 172.21.15.17:0/90274923 >> [v2:172.21.15.17:6800/817290704,v1:172.21.15.17:6801/817290704] conn(0x7fc328038f70 0x7fc32803b430 unknown :-1 s=NONE pgs=0 cs=0 l=1 rev1=0 crypto rx=0 tx=0 comp rx=0 tx=0).connect
2024-09-10T11:33:23.130 INFO:teuthology.orchestra.run.smithi017.stdout:/usr/bin/ceph: stderr
2024-09-10T11:33:22.405+0000 7fc335ffb640 1 -- 172.21.15.17:0/90274923 <== mon.0 v2:172.21.15.17:3300/0 5 ==== osd_map(1..1 src has 1..1) ==== 725+0+0 (secure 0 0 0) 0x7fc32c06c080 con 0x7fc338107820
2024-09-10T11:33:23.130 INFO:teuthology.orchestra.run.smithi017.stdout:/usr/bin/ceph: stderr
2024-09-10T11:33:22.405+0000 7fc337fff640 1 --2- 172.21.15.17:0/90274923 >> [v2:172.21.15.17:6800/817290704,v1:172.21.15.17:6801/817290704] conn(0x7fc328038f70 0x7fc32803b430 unknown :-1 s=BANNER_CONNECTING pgs=0 cs=0 l=1 rev1=0 crypto rx=0 tx=0 comp rx=0 tx=0)._handle_peer_banner_payload supported=3 required=0
2024-09-10T11:33:23.130 INFO:teuthology.orchestra.run.smithi017.stdout:/usr/bin/ceph: stderr
2024-09-10T11:33:22.406+0000 7fc337fff640 1 --2- 172.21.15.17:0/90274923 >> [v2:172.21.15.17:6800/817290704,v1:172.21.15.17:6801/817290704] conn(0x7fc328038f70 0x7fc32803b430 secure :-1 s=READY pgs=7 cs=0 l=1 rev1=1 crypto rx=0x7fc3240098c0 tx=0x7fc324006db0 comp rx=0 tx=0).ready entity=mgr.14100 client_cookie=0 server_cookie=0 in_seq=0 out_seq=0
2024-09-10T11:33:23.130 INFO:teuthology.orchestra.run.smithi017.stdout:/usr/bin/ceph: stderr
2024-09-10T11:33:22.410+0000 7fc335ffb640 1 -- 172.21.15.17:0/90274923 <== mon.0 v2:172.21.15.17:3300/0 6 ==== mon_command_ack([{"prefix": "get_command_descriptions"}]=0 v0) ==== 72+0+188821 (secure 0 0 0) 0x7fc32c042310 con 0x7fc338107820
2024-09-10T11:33:23.130 INFO:teuthology.orchestra.run.smithi017.stdout:/usr/bin/ceph: stderr
2024-09-10T11:33:22.584+0000 7fc33f0f3640 1 -- 172.21.15.17:0/90274923 --> [v2:172.21.15.17:3300/0,v1:172.21.15.17:6789/0] -- mon_command({"prefix": "config assimilate-conf"} v 0) -- 0x7fc33819eee0 con 0x7fc338107820
2024-09-10T11:33:23.130 INFO:teuthology.orchestra.run.smithi017.stdout:/usr/bin/ceph: stderr
2024-09-10T11:33:22.584+0000 7fc335ffb640 1 -- 172.21.15.17:0/90274923 <== mon.0 v2:172.21.15.17:3300/0 7 ==== mon_command_ack([{"prefix": "config assimilate-conf"}]=0 v3) ==== 70+0+454 (secure 0 0 0) 0x7fc32c0371e0 con 0x7fc338107820
2024-09-10T11:33:23.131 INFO:teuthology.orchestra.run.smithi017.stdout:/usr/bin/ceph: stderr
2024-09-10T11:33:22.586+0000 7fc33f0f3640 1 -- 172.21.15.17:0/90274923 >> [v2:172.21.15.17:6800/817290704,v1:172.21.15.17:6801/817290704] conn(0x7fc328038f70 msgr2=0x7fc32803b430 secure :-1 s=STATE_CONNECTION_ESTABLISHED l=1).mark_down
2024-09-10T11:33:23.131 INFO:teuthology.orchestra.run.smithi017.stdout:/usr/bin/ceph: stderr
2024-09-10T11:33:22.586+0000 7fc33f0f3640 1 --2- 172.21.15.17:0/90274923 >> [v2:172.21.15.17:6800/817290704,v1:172.21.15.17:6801/817290704] conn(0x7fc328038f70 0x7fc32803b430 secure :-1 s=READY pgs=7 cs=0 l=1 rev1=1 crypto rx=0x7fc3240098c0 tx=0x7fc324006db0 comp rx=0 tx=0).stop
2024-09-10T11:33:23.131 INFO:teuthology.orchestra.run.smithi017.stdout:/usr/bin/ceph: stderr
2024-09-10T11:33:22.587+0000 7fc33f0f3640 1 -- 172.21.15.17:0/90274923 >> [v2:172.21.15.17:3300/0,v1:172.21.15.17:6789/0] conn(0x7fc338107820 msgr2=0x7fc33819b850 secure :-1 s=STATE_CONNECTION_ESTABLISHED l=1).mark_down
2024-09-10T11:33:23.131 INFO:teuthology.orchestra.run.smithi017.stdout:/usr/bin/ceph: stderr
2024-09-10T11:33:22.587+0000 7fc33f0f3640 1 --2- 172.21.15.17:0/90274923 >> [v2:172.21.15.17:3300/0,v1:172.21.15.17:6789/0] conn(0x7fc338107820 0x7fc33819b850 secure :-1 s=READY pgs=19 cs=0 l=1 rev1=1 crypto rx=0x7fc32c0097f0 tx=0x7fc32c030d80 comp rx=0 tx=0).stop
2024-09-10T11:33:23.131 INFO:teuthology.orchestra.run.smithi017.stdout:/usr/bin/ceph: stderr
2024-09-10T11:33:22.587+0000 7fc33f0f3640 1 -- 172.21.15.17:0/90274923 shutdown_connections
2024-09-10T11:33:23.131 INFO:teuthology.orchestra.run.smithi017.stdout:/usr/bin/ceph: stderr
2024-09-10T11:33:22.587+0000 7fc33f0f3640 1 --2- 172.21.15.17:0/90274923 >> [v2:172.21.15.17:6800/817290704,v1:172.21.15.17:6801/817290704] conn(0x7fc328038f70 0x7fc32803b430 unknown :-1 s=CLOSED pgs=7 cs=0 l=1 rev1=1 crypto rx=0 tx=0 comp rx=0 tx=0).stop
2024-09-10T11:33:23.131 INFO:teuthology.orchestra.run.smithi017.stdout:/usr/bin/ceph: stderr
2024-09-10T11:33:22.587+0000 7fc33f0f3640 1 --2- 172.21.15.17:0/90274923 >> [v2:172.21.15.17:3300/0,v1:172.21.15.17:6789/0] conn(0x7fc338107820 0x7fc33819b850 unknown :-1 s=CLOSED pgs=19 cs=0 l=1 rev1=1 crypto rx=0 tx=0 comp rx=0 tx=0).stop
2024-09-10T11:33:23.131 INFO:teuthology.orchestra.run.smithi017.stdout:/usr/bin/ceph: stderr
2024-09-10T11:33:22.587+0000 7fc33f0f3640 1 -- 172.21.15.17:0/90274923 >> 172.21.15.17:0/90274923 conn(0x7fc338102fd0 msgr2=0x7fc338103ae0 unknown :-1 s=STATE_NONE l=0).mark_down
2024-09-10T11:33:23.131 INFO:teuthology.orchestra.run.smithi017.stdout:/usr/bin/ceph: stderr
2024-09-10T11:33:22.587+0000 7fc33f0f3640 1 -- 172.21.15.17:0/90274923 shutdown_connections
2024-09-10T11:33:23.131 INFO:teuthology.orchestra.run.smithi017.stdout:/usr/bin/ceph: stderr
2024-09-10T11:33:22.587+0000 7fc33f0f3640 1 -- 172.21.15.17:0/90274923 wait complete.
2024-09-10T11:33:23.131 INFO:teuthology.orchestra.run.smithi017.stdout:Enabling cephadm module...
2024-09-10T11:33:23.723 INFO:journalctl@ceph.mon.a.smithi017.stdout:Sep 10 11:33:23 smithi017 ceph-mon[30817]: from='client.? 172.21.15.17:0/90274923' entity='client.admin' cmd=[{"prefix": "config assimilate-conf"}]: dispatch
2024-09-10T11:33:24.930 INFO:journalctl@ceph.mon.a.smithi017.stdout:Sep 10 11:33:24 smithi017 ceph-mon[30817]: from='client.? 172.21.15.17:0/2159985268' entity='client.admin' cmd=[{"prefix": "mgr module enable", "module": "cephadm"}]: dispatch
2024-09-10T11:33:24.930 INFO:journalctl@ceph.mgr.x.smithi017.stdout:Sep 10 11:33:24 smithi017 ceph-44611ec8-6f68-11ef-bcea-c7b262605968-mgr-x[31046]: ignoring --setuser ceph since I am not root
2024-09-10T11:33:24.931 INFO:journalctl@ceph.mgr.x.smithi017.stdout:Sep 10 11:33:24 smithi017 ceph-44611ec8-6f68-11ef-bcea-c7b262605968-mgr-x[31046]: ignoring --setgroup ceph since I am not root
2024-09-10T11:33:24.931 INFO:journalctl@ceph.mgr.x.smithi017.stdout:Sep 10 11:33:24 smithi017 ceph-44611ec8-6f68-11ef-bcea-c7b262605968-mgr-x[31046]:
2024-09-10T11:33:24.722+0000 7f6c3317c040 -1 mgr[py] Module osd_perf_query has missing NOTIFY_TYPES member
2024-09-10T11:33:24.931 INFO:journalctl@ceph.mgr.x.smithi017.stdout:Sep 10 11:33:24 smithi017 ceph-44611ec8-6f68-11ef-bcea-c7b262605968-mgr-x[31046]:
2024-09-10T11:33:24.781+0000 7f6c3317c040 -1 mgr[py] Module osd_support has missing NOTIFY_TYPES member
2024-09-10T11:33:25.190 INFO:journalctl@ceph.mgr.x.smithi017.stdout:Sep 10 11:33:24 smithi017 ceph-44611ec8-6f68-11ef-bcea-c7b262605968-mgr-x[31046]:
2024-09-10T11:33:24.936+0000 7f6c3317c040 -1 mgr[py] Module diskprediction_local has missing NOTIFY_TYPES member
2024-09-10T11:33:25.190 INFO:journalctl@ceph.mgr.x.smithi017.stdout:Sep 10 11:33:25 smithi017 ceph-44611ec8-6f68-11ef-bcea-c7b262605968-mgr-x[31046]:
2024-09-10T11:33:25.006+0000 7f6c3317c040 -1 mgr[py] Module crash has missing NOTIFY_TYPES member
2024-09-10T11:33:25.190 INFO:journalctl@ceph.mgr.x.smithi017.stdout:Sep 10 11:33:25 smithi017 ceph-44611ec8-6f68-11ef-bcea-c7b262605968-mgr-x[31046]:
2024-09-10T11:33:25.159+0000 7f6c3317c040 -1 mgr[py] Module test_orchestrator has missing NOTIFY_TYPES member
2024-09-10T11:33:25.196 INFO:teuthology.orchestra.run.smithi017.stdout:/usr/bin/ceph: stderr
2024-09-10T11:33:23.490+0000 7fccb0810640 1 Processor -- start
2024-09-10T11:33:25.196 INFO:teuthology.orchestra.run.smithi017.stdout:/usr/bin/ceph: stderr
2024-09-10T11:33:23.490+0000 7fccb0810640 1 -- start start
2024-09-10T11:33:25.197 INFO:teuthology.orchestra.run.smithi017.stdout:/usr/bin/ceph: stderr
2024-09-10T11:33:23.491+0000 7fccb0810640 1 --2- >> [v2:172.21.15.17:3300/0,v1:172.21.15.17:6789/0] conn(0x7fccac106700 0x7fccac106b00 unknown :-1 s=NONE pgs=0 cs=0 l=0 rev1=0 crypto rx=0 tx=0 comp rx=0 tx=0).connect
2024-09-10T11:33:25.197 INFO:teuthology.orchestra.run.smithi017.stdout:/usr/bin/ceph: stderr
2024-09-10T11:33:23.491+0000 7fccb0810640 1 -- --> [v2:172.21.15.17:3300/0,v1:172.21.15.17:6789/0] -- mon_getmap magic: 0 -- 0x7fccac1070d0 con 0x7fccac106700
2024-09-10T11:33:25.197 INFO:teuthology.orchestra.run.smithi017.stdout:/usr/bin/ceph: stderr
2024-09-10T11:33:23.491+0000 7fccaa59c640 1 --2- >> [v2:172.21.15.17:3300/0,v1:172.21.15.17:6789/0] conn(0x7fccac106700 0x7fccac106b00 unknown :-1 s=BANNER_CONNECTING pgs=0 cs=0 l=0 rev1=0 crypto rx=0 tx=0 comp rx=0 tx=0)._handle_peer_banner_payload supported=3 required=0
2024-09-10T11:33:25.197 INFO:teuthology.orchestra.run.smithi017.stdout:/usr/bin/ceph: stderr
2024-09-10T11:33:23.491+0000 7fccaa59c640 1 --2- >> [v2:172.21.15.17:3300/0,v1:172.21.15.17:6789/0] conn(0x7fccac106700 0x7fccac106b00 unknown :-1 s=HELLO_CONNECTING pgs=0 cs=0 l=0 rev1=1 crypto rx=0 tx=0 comp rx=0 tx=0).handle_hello peer v2:172.21.15.17:3300/0 says I am v2:172.21.15.17:38590/0 (socket says 172.21.15.17:38590)
2024-09-10T11:33:25.197 INFO:teuthology.orchestra.run.smithi017.stdout:/usr/bin/ceph: stderr
2024-09-10T11:33:23.491+0000 7fccaa59c640 1 -- 172.21.15.17:0/2733262699 learned_addr learned my addr 172.21.15.17:0/2733262699 (peer_addr_for_me v2:172.21.15.17:0/0)
2024-09-10T11:33:25.197 INFO:teuthology.orchestra.run.smithi017.stdout:/usr/bin/ceph: stderr
2024-09-10T11:33:23.491+0000 7fccaa59c640 1 -- 172.21.15.17:0/2733262699 --> [v2:172.21.15.17:3300/0,v1:172.21.15.17:6789/0] -- mon_subscribe({config=0+,monmap=0+}) -- 0x7fccac107900 con 0x7fccac106700
2024-09-10T11:33:25.197 INFO:teuthology.orchestra.run.smithi017.stdout:/usr/bin/ceph: stderr
2024-09-10T11:33:23.492+0000 7fccaa59c640 1 --2- 172.21.15.17:0/2733262699 >> [v2:172.21.15.17:3300/0,v1:172.21.15.17:6789/0] conn(0x7fccac106700 0x7fccac106b00 secure :-1 s=READY pgs=20 cs=0 l=1 rev1=1 crypto rx=0x7fcc9c009820 tx=0x7fcc9c02a270 comp rx=0 tx=0).ready entity=mon.0 client_cookie=ba2c3fd9f579cf2c server_cookie=0 in_seq=0 out_seq=0
2024-09-10T11:33:25.197 INFO:teuthology.orchestra.run.smithi017.stdout:/usr/bin/ceph: stderr
2024-09-10T11:33:23.492+0000 7fcca959a640 1 -- 172.21.15.17:0/2733262699 <== mon.0 v2:172.21.15.17:3300/0 1 ==== mon_map magic: 0 ==== 205+0+0 (secure 0 0 0) 0x7fcc9c037070 con 0x7fccac106700
2024-09-10T11:33:25.197 INFO:teuthology.orchestra.run.smithi017.stdout:/usr/bin/ceph: stderr
2024-09-10T11:33:23.492+0000 7fcca959a640 1 -- 172.21.15.17:0/2733262699 <== mon.0 v2:172.21.15.17:3300/0 2 ==== config(27 keys) ==== 1109+0+0 (secure 0 0 0) 0x7fcc9c032900 con 0x7fccac106700
2024-09-10T11:33:25.197 INFO:teuthology.orchestra.run.smithi017.stdout:/usr/bin/ceph: stderr
2024-09-10T11:33:23.492+0000 7fcca959a640 1 -- 172.21.15.17:0/2733262699 <== mon.0 v2:172.21.15.17:3300/0 3 ==== mon_map magic: 0 ==== 205+0+0 (secure 0 0 0) 0x7fcc9c030850 con 0x7fccac106700
2024-09-10T11:33:25.197 INFO:teuthology.orchestra.run.smithi017.stdout:/usr/bin/ceph: stderr
2024-09-10T11:33:23.493+0000 7fccb0810640 1 -- 172.21.15.17:0/2733262699 >> [v2:172.21.15.17:3300/0,v1:172.21.15.17:6789/0] conn(0x7fccac106700 msgr2=0x7fccac106b00 secure :-1 s=STATE_CONNECTION_ESTABLISHED l=1).mark_down
2024-09-10T11:33:25.198 INFO:teuthology.orchestra.run.smithi017.stdout:/usr/bin/ceph: stderr
2024-09-10T11:33:23.493+0000 7fccb0810640 1 --2- 172.21.15.17:0/2733262699 >> [v2:172.21.15.17:3300/0,v1:172.21.15.17:6789/0] conn(0x7fccac106700 0x7fccac106b00 secure :-1 s=READY pgs=20 cs=0 l=1 rev1=1 crypto rx=0x7fcc9c009820 tx=0x7fcc9c02a270 comp rx=0 tx=0).stop
2024-09-10T11:33:25.198 INFO:teuthology.orchestra.run.smithi017.stdout:/usr/bin/ceph: stderr
2024-09-10T11:33:23.493+0000 7fccb0810640 1 -- 172.21.15.17:0/2733262699 shutdown_connections
2024-09-10T11:33:25.198 INFO:teuthology.orchestra.run.smithi017.stdout:/usr/bin/ceph: stderr
2024-09-10T11:33:23.493+0000 7fccb0810640 1 --2- 172.21.15.17:0/2733262699 >> [v2:172.21.15.17:3300/0,v1:172.21.15.17:6789/0] conn(0x7fccac106700 0x7fccac106b00 unknown :-1 s=CLOSED pgs=20 cs=0 l=1 rev1=1 crypto rx=0 tx=0 comp rx=0 tx=0).stop
2024-09-10T11:33:25.198 INFO:teuthology.orchestra.run.smithi017.stdout:/usr/bin/ceph: stderr
2024-09-10T11:33:23.493+0000 7fccb0810640 1 -- 172.21.15.17:0/2733262699 >> 172.21.15.17:0/2733262699 conn(0x7fccac101e70 msgr2=0x7fccac1042d0 unknown :-1 s=STATE_NONE l=0).mark_down
2024-09-10T11:33:25.198 INFO:teuthology.orchestra.run.smithi017.stdout:/usr/bin/ceph: stderr
2024-09-10T11:33:23.493+0000 7fccb0810640 1 -- 172.21.15.17:0/2733262699 shutdown_connections
2024-09-10T11:33:25.198 INFO:teuthology.orchestra.run.smithi017.stdout:/usr/bin/ceph: stderr
2024-09-10T11:33:23.493+0000 7fccb0810640 1 -- 172.21.15.17:0/2733262699 wait complete.
2024-09-10T11:33:25.198 INFO:teuthology.orchestra.run.smithi017.stdout:/usr/bin/ceph: stderr
2024-09-10T11:33:23.494+0000 7fccb0810640 1 Processor -- start
2024-09-10T11:33:25.198 INFO:teuthology.orchestra.run.smithi017.stdout:/usr/bin/ceph: stderr
2024-09-10T11:33:23.494+0000 7fccb0810640 1 -- start start
2024-09-10T11:33:25.198 INFO:teuthology.orchestra.run.smithi017.stdout:/usr/bin/ceph: stderr
2024-09-10T11:33:23.494+0000 7fccb0810640 1 --2- >> [v2:172.21.15.17:3300/0,v1:172.21.15.17:6789/0] conn(0x7fccac106700 0x7fccac19b850 unknown :-1 s=NONE pgs=0 cs=0 l=1 rev1=0 crypto rx=0 tx=0 comp rx=0 tx=0).connect
2024-09-10T11:33:25.198 INFO:teuthology.orchestra.run.smithi017.stdout:/usr/bin/ceph: stderr
2024-09-10T11:33:23.494+0000 7fccb0810640 1 -- --> [v2:172.21.15.17:3300/0,v1:172.21.15.17:6789/0] -- mon_getmap magic: 0 -- 0x7fccac10acb0 con 0x7fccac106700
2024-09-10T11:33:25.198 INFO:teuthology.orchestra.run.smithi017.stdout:/usr/bin/ceph: stderr
2024-09-10T11:33:23.494+0000 7fccaa59c640 1 --2- >> [v2:172.21.15.17:3300/0,v1:172.21.15.17:6789/0] conn(0x7fccac106700 0x7fccac19b850 unknown :-1 s=BANNER_CONNECTING pgs=0 cs=0 l=1 rev1=0 crypto rx=0 tx=0 comp rx=0 tx=0)._handle_peer_banner_payload supported=3 required=0
2024-09-10T11:33:25.198 INFO:teuthology.orchestra.run.smithi017.stdout:/usr/bin/ceph: stderr
