2024-09-10T11:33:56.938 INFO:journalctl@ceph.mon.a.smithi017.stdout: s = self.context.wrap_socket(
2024-09-10T11:33:56.938 INFO:journalctl@ceph.mon.a.smithi017.stdout: File "/lib64/python3.9/ssl.py", line 501, in wrap_socket
2024-09-10T11:33:56.938 INFO:journalctl@ceph.mon.a.smithi017.stdout: return self.sslsocket_class._create(
2024-09-10T11:33:56.938 INFO:journalctl@ceph.mon.a.smithi017.stdout: File "/lib64/python3.9/ssl.py", line 1074, in _create
2024-09-10T11:33:56.938 INFO:journalctl@ceph.mon.a.smithi017.stdout: self.do_handshake()
2024-09-10T11:33:56.938 INFO:journalctl@ceph.mon.a.smithi017.stdout: File "/lib64/python3.9/ssl.py", line 1343, in do_handshake
2024-09-10T11:33:56.938 INFO:journalctl@ceph.mon.a.smithi017.stdout: self._sslobj.do_handshake()
2024-09-10T11:33:56.939 INFO:journalctl@ceph.mon.a.smithi017.stdout: ssl.SSLZeroReturnError: TLS/SSL connection has been closed (EOF) (_ssl.c:1133)
2024-09-10T11:33:56.939 INFO:journalctl@ceph.mon.a.smithi017.stdout:Sep 10 11:33:56 smithi017 ceph-mon[30817]: [10/Sep/2024:11:33:55] ENGINE Serving on http://172.21.15.17:8765
2024-09-10T11:33:56.939 INFO:journalctl@ceph.mon.a.smithi017.stdout:Sep 10 11:33:56 smithi017 ceph-mon[30817]: [10/Sep/2024:11:33:55] ENGINE Bus STARTED
2024-09-10T11:33:56.939 INFO:journalctl@ceph.mon.a.smithi017.stdout:Sep 10 11:33:56 smithi017 ceph-mon[30817]: mgrmap e12: x(active, since 2s)
2024-09-10T11:33:56.939 INFO:journalctl@ceph.mon.a.smithi017.stdout:Sep 10 11:33:56 smithi017 ceph-mon[30817]: from='mgr.14150 172.21.15.17:0/1490392321' entity='mgr.x'
2024-09-10T11:33:56.939 INFO:journalctl@ceph.mon.a.smithi017.stdout:Sep 10 11:33:56 smithi017 ceph-mon[30817]: from='client.14162 -' entity='client.admin' cmd=[{"prefix": "dashboard create-self-signed-cert", "target": ["mon-mgr", ""]}]: dispatch
2024-09-10T11:33:56.939 INFO:journalctl@ceph.mon.a.smithi017.stdout:Sep 10 11:33:56 smithi017 ceph-mon[30817]: from='mgr.14150 172.21.15.17:0/1490392321' entity='mgr.x'
2024-09-10T11:33:56.939 INFO:journalctl@ceph.mon.a.smithi017.stdout:Sep 10 11:33:56 smithi017 ceph-mon[30817]: from='mgr.14150 172.21.15.17:0/1490392321' entity='mgr.x'
2024-09-10T11:33:57.771 INFO:journalctl@ceph.mon.a.smithi017.stdout:Sep 10 11:33:57 smithi017 ceph-mon[30817]: from='client.14164 -' entity='client.admin' cmd=[{"prefix": "dashboard ac-user-create", "username": "admin", "rolename": "administrator", "force_password": true, "pwd_update_required": true, "target": ["mon-mgr", ""]}]: dispatch
2024-09-10T11:33:57.772 INFO:journalctl@ceph.mon.a.smithi017.stdout:Sep 10 11:33:57 smithi017 ceph-mon[30817]: from='mgr.14150 172.21.15.17:0/1490392321' entity='mgr.x'
2024-09-10T11:33:58.134 INFO:teuthology.orchestra.run.smithi017.stdout:/usr/bin/ceph: stdout {"username": "admin", "password": "$2b$12$I5.xovqTOaCwO9mOQVdu6.gFAZ0FMLlEMZ2P6S3fJ3G9z525kbNoC", "roles": ["administrator"], "name": null, "email": null, "lastUpdate": 1725968037, "enabled": true, "pwdExpirationDate": null, "pwdUpdateRequired": true}
2024-09-10T11:33:58.134 INFO:teuthology.orchestra.run.smithi017.stdout:/usr/bin/ceph: stderr
2024-09-10T11:33:57.025+0000 7f0348c74640 1 Processor -- start
2024-09-10T11:33:58.134 INFO:teuthology.orchestra.run.smithi017.stdout:/usr/bin/ceph: stderr
2024-09-10T11:33:57.025+0000 7f0348c74640 1 -- start start
2024-09-10T11:33:58.134 INFO:teuthology.orchestra.run.smithi017.stdout:/usr/bin/ceph: stderr
2024-09-10T11:33:57.026+0000 7f0348c74640 1 --2- >> [v2:172.21.15.17:3300/0,v1:172.21.15.17:6789/0] conn(0x7f0344107820 0x7f0344107c20 unknown :-1 s=NONE pgs=0 cs=0 l=0 rev1=0 crypto rx=0 tx=0 comp rx=0 tx=0).connect
2024-09-10T11:33:58.134 INFO:teuthology.orchestra.run.smithi017.stdout:/usr/bin/ceph: stderr
2024-09-10T11:33:57.026+0000 7f0348c74640 1 -- --> [v2:172.21.15.17:3300/0,v1:172.21.15.17:6789/0] -- mon_getmap magic: 0 -- 0x7f03441081f0 con 0x7f0344107820
2024-09-10T11:33:58.134 INFO:teuthology.orchestra.run.smithi017.stdout:/usr/bin/ceph: stderr
2024-09-10T11:33:57.026+0000 7f034259c640 1 --2- >> [v2:172.21.15.17:3300/0,v1:172.21.15.17:6789/0] conn(0x7f0344107820 0x7f0344107c20 unknown :-1 s=BANNER_CONNECTING pgs=0 cs=0 l=0 rev1=0 crypto rx=0 tx=0 comp rx=0 tx=0)._handle_peer_banner_payload supported=3 required=0
2024-09-10T11:33:58.135 INFO:teuthology.orchestra.run.smithi017.stdout:/usr/bin/ceph: stderr
2024-09-10T11:33:57.026+0000 7f034259c640 1 --2- >> [v2:172.21.15.17:3300/0,v1:172.21.15.17:6789/0] conn(0x7f0344107820 0x7f0344107c20 unknown :-1 s=HELLO_CONNECTING pgs=0 cs=0 l=0 rev1=1 crypto rx=0 tx=0 comp rx=0 tx=0).handle_hello peer v2:172.21.15.17:3300/0 says I am v2:172.21.15.17:39700/0 (socket says 172.21.15.17:39700)
2024-09-10T11:33:58.135 INFO:teuthology.orchestra.run.smithi017.stdout:/usr/bin/ceph: stderr
2024-09-10T11:33:57.026+0000 7f034259c640 1 -- 172.21.15.17:0/2176415232 learned_addr learned my addr 172.21.15.17:0/2176415232 (peer_addr_for_me v2:172.21.15.17:0/0)
2024-09-10T11:33:58.135 INFO:teuthology.orchestra.run.smithi017.stdout:/usr/bin/ceph: stderr
2024-09-10T11:33:57.026+0000 7f034259c640 1 -- 172.21.15.17:0/2176415232 --> [v2:172.21.15.17:3300/0,v1:172.21.15.17:6789/0] -- mon_subscribe({config=0+,monmap=0+}) -- 0x7f0344108a20 con 0x7f0344107820
2024-09-10T11:33:58.135 INFO:teuthology.orchestra.run.smithi017.stdout:/usr/bin/ceph: stderr
2024-09-10T11:33:57.027+0000 7f034259c640 1 --2- 172.21.15.17:0/2176415232 >> [v2:172.21.15.17:3300/0,v1:172.21.15.17:6789/0] conn(0x7f0344107820 0x7f0344107c20 secure :-1 s=READY pgs=70 cs=0 l=1 rev1=1 crypto rx=0x7f0334009820 tx=0x7f033402a270 comp rx=0 tx=0).ready entity=mon.0 client_cookie=cdf9eba56dd7321c server_cookie=0 in_seq=0 out_seq=0
2024-09-10T11:33:58.135 INFO:teuthology.orchestra.run.smithi017.stdout:/usr/bin/ceph: stderr
2024-09-10T11:33:57.027+0000 7f034159a640 1 -- 172.21.15.17:0/2176415232 <== mon.0 v2:172.21.15.17:3300/0 1 ==== mon_map magic: 0 ==== 205+0+0 (secure 0 0 0) 0x7f0334037070 con 0x7f0344107820
2024-09-10T11:33:58.135 INFO:teuthology.orchestra.run.smithi017.stdout:/usr/bin/ceph: stderr
2024-09-10T11:33:57.027+0000 7f034159a640 1 -- 172.21.15.17:0/2176415232 <== mon.0 v2:172.21.15.17:3300/0 2 ==== config(27 keys) ==== 1140+0+0 (secure 0 0 0) 0x7f0334032920 con 0x7f0344107820
2024-09-10T11:33:58.135 INFO:teuthology.orchestra.run.smithi017.stdout:/usr/bin/ceph: stderr
2024-09-10T11:33:57.027+0000 7f034159a640 1 -- 172.21.15.17:0/2176415232 <== mon.0 v2:172.21.15.17:3300/0 3 ==== mon_map magic: 0 ==== 205+0+0 (secure 0 0 0) 0x7f0334030810 con 0x7f0344107820
2024-09-10T11:33:58.135 INFO:teuthology.orchestra.run.smithi017.stdout:/usr/bin/ceph: stderr
2024-09-10T11:33:57.028+0000 7f0348c74640 1 -- 172.21.15.17:0/2176415232 >> [v2:172.21.15.17:3300/0,v1:172.21.15.17:6789/0] conn(0x7f0344107820 msgr2=0x7f0344107c20 secure :-1 s=STATE_CONNECTION_ESTABLISHED l=1).mark_down
2024-09-10T11:33:58.135 INFO:teuthology.orchestra.run.smithi017.stdout:/usr/bin/ceph: stderr
2024-09-10T11:33:57.028+0000 7f0348c74640 1 --2- 172.21.15.17:0/2176415232 >> [v2:172.21.15.17:3300/0,v1:172.21.15.17:6789/0] conn(0x7f0344107820 0x7f0344107c20 secure :-1 s=READY pgs=70 cs=0 l=1 rev1=1 crypto rx=0x7f0334009820 tx=0x7f033402a270 comp rx=0 tx=0).stop
2024-09-10T11:33:58.135 INFO:teuthology.orchestra.run.smithi017.stdout:/usr/bin/ceph: stderr
2024-09-10T11:33:57.028+0000 7f0348c74640 1 -- 172.21.15.17:0/2176415232 shutdown_connections
2024-09-10T11:33:58.135 INFO:teuthology.orchestra.run.smithi017.stdout:/usr/bin/ceph: stderr
2024-09-10T11:33:57.028+0000 7f0348c74640 1 --2- 172.21.15.17:0/2176415232 >> [v2:172.21.15.17:3300/0,v1:172.21.15.17:6789/0] conn(0x7f0344107820 0x7f0344107c20 unknown :-1 s=CLOSED pgs=70 cs=0 l=1 rev1=1 crypto rx=0 tx=0 comp rx=0 tx=0).stop
2024-09-10T11:33:58.135 INFO:teuthology.orchestra.run.smithi017.stdout:/usr/bin/ceph: stderr
2024-09-10T11:33:57.028+0000 7f0348c74640 1 -- 172.21.15.17:0/2176415232 >> 172.21.15.17:0/2176415232 conn(0x7f0344102fd0 msgr2=0x7f03441053f0 unknown :-1 s=STATE_NONE l=0).mark_down
2024-09-10T11:33:58.135 INFO:teuthology.orchestra.run.smithi017.stdout:/usr/bin/ceph: stderr
2024-09-10T11:33:57.028+0000 7f0348c74640 1 -- 172.21.15.17:0/2176415232 shutdown_connections
2024-09-10T11:33:58.136 INFO:teuthology.orchestra.run.smithi017.stdout:/usr/bin/ceph: stderr
2024-09-10T11:33:57.028+0000 7f0348c74640 1 -- 172.21.15.17:0/2176415232 wait complete.
2024-09-10T11:33:58.136 INFO:teuthology.orchestra.run.smithi017.stdout:/usr/bin/ceph: stderr
2024-09-10T11:33:57.029+0000 7f0348c74640 1 Processor -- start
2024-09-10T11:33:58.136 INFO:teuthology.orchestra.run.smithi017.stdout:/usr/bin/ceph: stderr
2024-09-10T11:33:57.029+0000 7f0348c74640 1 -- start start
2024-09-10T11:33:58.136 INFO:teuthology.orchestra.run.smithi017.stdout:/usr/bin/ceph: stderr
2024-09-10T11:33:57.029+0000 7f0348c74640 1 --2- >> [v2:172.21.15.17:3300/0,v1:172.21.15.17:6789/0] conn(0x7f0344107820 0x7f034419d9b0 unknown :-1 s=NONE pgs=0 cs=0 l=1 rev1=0 crypto rx=0 tx=0 comp rx=0 tx=0).connect
2024-09-10T11:33:58.136 INFO:teuthology.orchestra.run.smithi017.stdout:/usr/bin/ceph: stderr
2024-09-10T11:33:57.029+0000 7f0348c74640 1 -- --> [v2:172.21.15.17:3300/0,v1:172.21.15.17:6789/0] -- mon_getmap magic: 0 -- 0x7f034410bdd0 con 0x7f0344107820
2024-09-10T11:33:58.136 INFO:teuthology.orchestra.run.smithi017.stdout:/usr/bin/ceph: stderr
2024-09-10T11:33:57.029+0000 7f034259c640 1 --2- >> [v2:172.21.15.17:3300/0,v1:172.21.15.17:6789/0] conn(0x7f0344107820 0x7f034419d9b0 unknown :-1 s=BANNER_CONNECTING pgs=0 cs=0 l=1 rev1=0 crypto rx=0 tx=0 comp rx=0 tx=0)._handle_peer_banner_payload supported=3 required=0
2024-09-10T11:33:58.136 INFO:teuthology.orchestra.run.smithi017.stdout:/usr/bin/ceph: stderr
2024-09-10T11:33:57.029+0000 7f034259c640 1 --2- >> [v2:172.21.15.17:3300/0,v1:172.21.15.17:6789/0] conn(0x7f0344107820 0x7f034419d9b0 unknown :-1 s=HELLO_CONNECTING pgs=0 cs=0 l=1 rev1=1 crypto rx=0 tx=0 comp rx=0 tx=0).handle_hello peer v2:172.21.15.17:3300/0 says I am v2:172.21.15.17:39716/0 (socket says 172.21.15.17:39716)
2024-09-10T11:33:58.136 INFO:teuthology.orchestra.run.smithi017.stdout:/usr/bin/ceph: stderr
2024-09-10T11:33:57.029+0000 7f034259c640 1 -- 172.21.15.17:0/727400009 learned_addr learned my addr 172.21.15.17:0/727400009 (peer_addr_for_me v2:172.21.15.17:0/0)
2024-09-10T11:33:58.136 INFO:teuthology.orchestra.run.smithi017.stdout:/usr/bin/ceph: stderr
2024-09-10T11:33:57.030+0000 7f034259c640 1 -- 172.21.15.17:0/727400009 --> [v2:172.21.15.17:3300/0,v1:172.21.15.17:6789/0] -- mon_subscribe({config=0+,monmap=0+}) -- 0x7f034419def0 con 0x7f0344107820
2024-09-10T11:33:58.136 INFO:teuthology.orchestra.run.smithi017.stdout:/usr/bin/ceph: stderr
2024-09-10T11:33:57.030+0000 7f034259c640 1 --2- 172.21.15.17:0/727400009 >> [v2:172.21.15.17:3300/0,v1:172.21.15.17:6789/0] conn(0x7f0344107820 0x7f034419d9b0 secure :-1 s=READY pgs=71 cs=0 l=1 rev1=1 crypto rx=0x7f0334030560 tx=0x7f0334032670 comp rx=0 tx=0).ready entity=mon.0 client_cookie=0 server_cookie=0 in_seq=0 out_seq=0
2024-09-10T11:33:58.136 INFO:teuthology.orchestra.run.smithi017.stdout:/usr/bin/ceph: stderr
2024-09-10T11:33:57.030+0000 7f03337fe640 1 -- 172.21.15.17:0/727400009 <== mon.0 v2:172.21.15.17:3300/0 1 ==== mon_map magic: 0 ==== 205+0+0 (secure 0 0 0) 0x7f0334037040 con 0x7f0344107820
2024-09-10T11:33:58.136 INFO:teuthology.orchestra.run.smithi017.stdout:/usr/bin/ceph: stderr
2024-09-10T11:33:57.030+0000 7f03337fe640 1 -- 172.21.15.17:0/727400009 <== mon.0 v2:172.21.15.17:3300/0 2 ==== config(27 keys) ==== 1140+0+0 (secure 0 0 0) 0x7f0334040070 con 0x7f0344107820
2024-09-10T11:33:58.136 INFO:teuthology.orchestra.run.smithi017.stdout:/usr/bin/ceph: stderr
2024-09-10T11:33:57.030+0000 7f0348c74640 1 -- 172.21.15.17:0/727400009 --> [v2:172.21.15.17:3300/0,v1:172.21.15.17:6789/0] -- mon_subscribe({mgrmap=0+}) -- 0x7f034419e180 con 0x7f0344107820
2024-09-10T11:33:58.137 INFO:teuthology.orchestra.run.smithi017.stdout:/usr/bin/ceph: stderr
2024-09-10T11:33:57.030+0000 7f03337fe640 1 -- 172.21.15.17:0/727400009 <== mon.0 v2:172.21.15.17:3300/0 3 ==== mon_map magic: 0 ==== 205+0+0 (secure 0 0 0) 0x7f033403a740 con 0x7f0344107820
2024-09-10T11:33:58.137 INFO:teuthology.orchestra.run.smithi017.stdout:/usr/bin/ceph: stderr
2024-09-10T11:33:57.030+0000 7f0348c74640 1 -- 172.21.15.17:0/727400009 --> [v2:172.21.15.17:3300/0,v1:172.21.15.17:6789/0] -- mon_subscribe({osdmap=0}) -- 0x7f03441a0e70 con 0x7f0344107820
2024-09-10T11:33:58.137 INFO:teuthology.orchestra.run.smithi017.stdout:/usr/bin/ceph: stderr
2024-09-10T11:33:57.031+0000 7f03337fe640 1 -- 172.21.15.17:0/727400009 <== mon.0 v2:172.21.15.17:3300/0 4 ==== mgrmap(e 12) ==== 46300+0+0 (secure 0 0 0) 0x7f033403a9b0 con 0x7f0344107820
2024-09-10T11:33:58.137 INFO:teuthology.orchestra.run.smithi017.stdout:/usr/bin/ceph: stderr
2024-09-10T11:33:57.031+0000 7f03337fe640 1 --2- 172.21.15.17:0/727400009 >> [v2:172.21.15.17:6800/3008774641,v1:172.21.15.17:6801/3008774641] conn(0x7f032c038fc0 0x7f032c03b480 unknown :-1 s=NONE pgs=0 cs=0 l=1 rev1=0 crypto rx=0 tx=0 comp rx=0 tx=0).connect
2024-09-10T11:33:58.137 INFO:teuthology.orchestra.run.smithi017.stdout:/usr/bin/ceph: stderr
2024-09-10T11:33:57.031+0000 7f0348c74640 1 -- 172.21.15.17:0/727400009 --> [v2:172.21.15.17:3300/0,v1:172.21.15.17:6789/0] -- mon_command({"prefix": "get_command_descriptions"} v 0) -- 0x7f0344107ca0 con 0x7f0344107820
2024-09-10T11:33:58.137 INFO:teuthology.orchestra.run.smithi017.stdout:/usr/bin/ceph: stderr
2024-09-10T11:33:57.031+0000 7f03337fe640 1 -- 172.21.15.17:0/727400009 <== mon.0 v2:172.21.15.17:3300/0 5 ==== osd_map(3..3 src has 1..3) ==== 1155+0+0 (secure 0 0 0) 0x7f033406c810 con 0x7f0344107820
2024-09-10T11:33:58.137 INFO:teuthology.orchestra.run.smithi017.stdout:/usr/bin/ceph: stderr
2024-09-10T11:33:57.032+0000 7f0341d9b640 1 --2- 172.21.15.17:0/727400009 >> [v2:172.21.15.17:6800/3008774641,v1:172.21.15.17:6801/3008774641] conn(0x7f032c038fc0 0x7f032c03b480 unknown :-1 s=BANNER_CONNECTING pgs=0 cs=0 l=1 rev1=0 crypto rx=0 tx=0 comp rx=0 tx=0)._handle_peer_banner_payload supported=3 required=0
2024-09-10T11:33:58.137 INFO:teuthology.orchestra.run.smithi017.stdout:/usr/bin/ceph: stderr
2024-09-10T11:33:57.032+0000 7f0341d9b640 1 --2- 172.21.15.17:0/727400009 >> [v2:172.21.15.17:6800/3008774641,v1:172.21.15.17:6801/3008774641] conn(0x7f032c038fc0 0x7f032c03b480 secure :-1 s=READY pgs=8 cs=0 l=1 rev1=1 crypto rx=0x7f03380098c0 tx=0x7f0338006db0 comp rx=0 tx=0).ready entity=mgr.14150 client_cookie=0 server_cookie=0 in_seq=0 out_seq=0
2024-09-10T11:33:58.137 INFO:teuthology.orchestra.run.smithi017.stdout:/usr/bin/ceph: stderr
2024-09-10T11:33:57.036+0000 7f03337fe640 1 -- 172.21.15.17:0/727400009 <== mon.0 v2:172.21.15.17:3300/0 6 ==== mon_command_ack([{"prefix": "get_command_descriptions"}]=0 v0) ==== 72+0+188821 (secure 0 0 0) 0x7f0334042e30 con 0x7f0344107820
2024-09-10T11:33:58.137 INFO:teuthology.orchestra.run.smithi017.stdout:/usr/bin/ceph: stderr
2024-09-10T11:33:57.226+0000 7f0348c74640 1 -- 172.21.15.17:0/727400009 --> [v2:172.21.15.17:6800/3008774641,v1:172.21.15.17:6801/3008774641] -- mgr_command(tid 0: {"prefix": "dashboard ac-user-create", "username": "admin", "rolename": "administrator", "force_password": true, "pwd_update_required": true, "target": ["mon-mgr", ""]}) -- 0x7f034419e660 con 0x7f032c038fc0
2024-09-10T11:33:58.137 INFO:teuthology.orchestra.run.smithi017.stdout:/usr/bin/ceph: stderr
2024-09-10T11:33:57.476+0000 7f03337fe640 1 -- 172.21.15.17:0/727400009 <== mgr.14150 v2:172.21.15.17:6800/3008774641 1 ==== mgr_command_reply(tid 0: 0 ) ==== 8+0+252 (secure 0 0 0) 0x7f034419e660 con 0x7f032c038fc0
2024-09-10T11:33:58.137 INFO:teuthology.orchestra.run.smithi017.stdout:/usr/bin/ceph: stderr
2024-09-10T11:33:57.478+0000 7f0348c74640 1 -- 172.21.15.17:0/727400009 >> [v2:172.21.15.17:6800/3008774641,v1:172.21.15.17:6801/3008774641] conn(0x7f032c038fc0 msgr2=0x7f032c03b480 secure :-1 s=STATE_CONNECTION_ESTABLISHED l=1).mark_down
2024-09-10T11:33:58.137 INFO:teuthology.orchestra.run.smithi017.stdout:/usr/bin/ceph: stderr
2024-09-10T11:33:57.478+0000 7f0348c74640 1 --2- 172.21.15.17:0/727400009 >> [v2:172.21.15.17:6800/3008774641,v1:172.21.15.17:6801/3008774641] conn(0x7f032c038fc0 0x7f032c03b480 secure :-1 s=READY pgs=8 cs=0 l=1 rev1=1 crypto rx=0x7f03380098c0 tx=0x7f0338006db0 comp rx=0 tx=0).stop
2024-09-10T11:33:58.138 INFO:teuthology.orchestra.run.smithi017.stdout:/usr/bin/ceph: stderr
2024-09-10T11:33:57.478+0000 7f0348c74640 1 -- 172.21.15.17:0/727400009 >> [v2:172.21.15.17:3300/0,v1:172.21.15.17:6789/0] conn(0x7f0344107820 msgr2=0x7f034419d9b0 secure :-1 s=STATE_CONNECTION_ESTABLISHED l=1).mark_down
2024-09-10T11:33:58.138 INFO:teuthology.orchestra.run.smithi017.stdout:/usr/bin/ceph: stderr
2024-09-10T11:33:57.478+0000 7f0348c74640 1 --2- 172.21.15.17:0/727400009 >> [v2:172.21.15.17:3300/0,v1:172.21.15.17:6789/0] conn(0x7f0344107820 0x7f034419d9b0 secure :-1 s=READY pgs=71 cs=0 l=1 rev1=1 crypto rx=0x7f0334030560 tx=0x7f0334032670 comp rx=0 tx=0).stop
2024-09-10T11:33:58.138 INFO:teuthology.orchestra.run.smithi017.stdout:/usr/bin/ceph: stderr
2024-09-10T11:33:57.478+0000 7f0348c74640 1 -- 172.21.15.17:0/727400009 shutdown_connections
2024-09-10T11:33:58.138 INFO:teuthology.orchestra.run.smithi017.stdout:/usr/bin/ceph: stderr
2024-09-10T11:33:57.478+0000 7f0348c74640 1 --2- 172.21.15.17:0/727400009 >> [v2:172.21.15.17:6800/3008774641,v1:172.21.15.17:6801/3008774641] conn(0x7f032c038fc0 0x7f032c03b480 unknown :-1 s=CLOSED pgs=8 cs=0 l=1 rev1=1 crypto rx=0 tx=0 comp rx=0 tx=0).stop
2024-09-10T11:33:58.138 INFO:teuthology.orchestra.run.smithi017.stdout:/usr/bin/ceph: stderr
2024-09-10T11:33:57.478+0000 7f0348c74640 1 --2- 172.21.15.17:0/727400009 >> [v2:172.21.15.17:3300/0,v1:172.21.15.17:6789/0] conn(0x7f0344107820 0x7f034419d9b0 unknown :-1 s=CLOSED pgs=71 cs=0 l=1 rev1=1 crypto rx=0 tx=0 comp rx=0 tx=0).stop
2024-09-10T11:33:58.138 INFO:teuthology.orchestra.run.smithi017.stdout:/usr/bin/ceph: stderr
2024-09-10T11:33:57.478+0000 7f0348c74640 1 -- 172.21.15.17:0/727400009 >> 172.21.15.17:0/727400009 conn(0x7f0344102fd0 msgr2=0x7f0344103ad0 unknown :-1 s=STATE_NONE l=0).mark_down
2024-09-10T11:33:58.138 INFO:teuthology.orchestra.run.smithi017.stdout:/usr/bin/ceph: stderr
2024-09-10T11:33:57.478+0000 7f0348c74640 1 -- 172.21.15.17:0/727400009 shutdown_connections
2024-09-10T11:33:58.138 INFO:teuthology.orchestra.run.smithi017.stdout:/usr/bin/ceph: stderr
2024-09-10T11:33:57.478+0000 7f0348c74640 1 -- 172.21.15.17:0/727400009 wait complete.
2024-09-10T11:33:58.138 INFO:teuthology.orchestra.run.smithi017.stdout:Fetching dashboard port number...
2024-09-10T11:33:59.521 INFO:journalctl@ceph.mon.a.smithi017.stdout:Sep 10 11:33:59 smithi017 ceph-mon[30817]: from='client.? 172.21.15.17:0/283594477' entity='client.admin' cmd=[{"prefix": "config get", "who": "mgr", "key": "mgr/dashboard/ssl_server_port"}]: dispatch
2024-09-10T11:33:59.617 INFO:teuthology.orchestra.run.smithi017.stdout:/usr/bin/ceph: stdout 8443
2024-09-10T11:33:59.618 INFO:teuthology.orchestra.run.smithi017.stdout:/usr/bin/ceph: stderr
2024-09-10T11:33:58.886+0000 7f573a8f1640 1 Processor -- start
2024-09-10T11:33:59.618 INFO:teuthology.orchestra.run.smithi017.stdout:/usr/bin/ceph: stderr
2024-09-10T11:33:58.886+0000 7f573a8f1640 1 -- start start
2024-09-10T11:33:59.618 INFO:teuthology.orchestra.run.smithi017.stdout:/usr/bin/ceph: stderr
2024-09-10T11:33:58.886+0000 7f573a8f1640 1 --2- >> [v2:172.21.15.17:3300/0,v1:172.21.15.17:6789/0] conn(0x7f573407e690 0x7f573407caf0 unknown :-1 s=NONE pgs=0 cs=0 l=0 rev1=0 crypto rx=0 tx=0 comp rx=0 tx=0).connect
2024-09-10T11:33:59.618 INFO:teuthology.orchestra.run.smithi017.stdout:/usr/bin/ceph: stderr
2024-09-10T11:33:58.886+0000 7f573a8f1640 1 -- --> [v2:172.21.15.17:3300/0,v1:172.21.15.17:6789/0] -- mon_getmap magic: 0 -- 0x7f573407d0c0 con 0x7f573407e690
2024-09-10T11:33:59.618 INFO:teuthology.orchestra.run.smithi017.stdout:/usr/bin/ceph: stderr
2024-09-10T11:33:58.887+0000 7f5733fff640 1 --2- >> [v2:172.21.15.17:3300/0,v1:172.21.15.17:6789/0] conn(0x7f573407e690 0x7f573407caf0 unknown :-1 s=BANNER_CONNECTING pgs=0 cs=0 l=0 rev1=0 crypto rx=0 tx=0 comp rx=0 tx=0)._handle_peer_banner_payload supported=3 required=0
2024-09-10T11:33:59.618 INFO:teuthology.orchestra.run.smithi017.stdout:/usr/bin/ceph: stderr
2024-09-10T11:33:58.887+0000 7f5733fff640 1 --2- >> [v2:172.21.15.17:3300/0,v1:172.21.15.17:6789/0] conn(0x7f573407e690 0x7f573407caf0 unknown :-1 s=HELLO_CONNECTING pgs=0 cs=0 l=0 rev1=1 crypto rx=0 tx=0 comp rx=0 tx=0).handle_hello peer v2:172.21.15.17:3300/0 says I am v2:172.21.15.17:39722/0 (socket says 172.21.15.17:39722)
2024-09-10T11:33:59.618 INFO:teuthology.orchestra.run.smithi017.stdout:/usr/bin/ceph: stderr
2024-09-10T11:33:58.887+0000 7f5733fff640 1 -- 172.21.15.17:0/3726095796 learned_addr learned my addr 172.21.15.17:0/3726095796 (peer_addr_for_me v2:172.21.15.17:0/0)
2024-09-10T11:33:59.618 INFO:teuthology.orchestra.run.smithi017.stdout:/usr/bin/ceph: stderr
2024-09-10T11:33:58.887+0000 7f5733fff640 1 -- 172.21.15.17:0/3726095796 --> [v2:172.21.15.17:3300/0,v1:172.21.15.17:6789/0] -- mon_subscribe({config=0+,monmap=0+}) -- 0x7f573407d240 con 0x7f573407e690
2024-09-10T11:33:59.618 INFO:teuthology.orchestra.run.smithi017.stdout:/usr/bin/ceph: stderr
2024-09-10T11:33:58.888+0000 7f5733fff640 1 --2- 172.21.15.17:0/3726095796 >> [v2:172.21.15.17:3300/0,v1:172.21.15.17:6789/0] conn(0x7f573407e690 0x7f573407caf0 secure :-1 s=READY pgs=72 cs=0 l=1 rev1=1 crypto rx=0x7f5724009820 tx=0x7f572402a270 comp rx=0 tx=0).ready entity=mon.0 client_cookie=877f30a6c0ab9a28 server_cookie=0 in_seq=0 out_seq=0
2024-09-10T11:33:59.618 INFO:teuthology.orchestra.run.smithi017.stdout:/usr/bin/ceph: stderr
2024-09-10T11:33:58.888+0000 7f5732ffd640 1 -- 172.21.15.17:0/3726095796 <== mon.0 v2:172.21.15.17:3300/0 1 ==== mon_map magic: 0 ==== 205+0+0 (secure 0 0 0) 0x7f5724037070 con 0x7f573407e690
2024-09-10T11:33:59.618 INFO:teuthology.orchestra.run.smithi017.stdout:/usr/bin/ceph: stderr
2024-09-10T11:33:58.888+0000 7f5732ffd640 1 -- 172.21.15.17:0/3726095796 <== mon.0 v2:172.21.15.17:3300/0 2 ==== config(27 keys) ==== 1140+0+0 (secure 0 0 0) 0x7f5724032920 con 0x7f573407e690
2024-09-10T11:33:59.619 INFO:teuthology.orchestra.run.smithi017.stdout:/usr/bin/ceph: stderr
2024-09-10T11:33:58.888+0000 7f5732ffd640 1 -- 172.21.15.17:0/3726095796 <== mon.0 v2:172.21.15.17:3300/0 3 ==== mon_map magic: 0 ==== 205+0+0 (secure 0 0 0) 0x7f5724030810 con 0x7f573407e690
2024-09-10T11:33:59.619 INFO:teuthology.orchestra.run.smithi017.stdout:/usr/bin/ceph: stderr
2024-09-10T11:33:58.888+0000 7f573a8f1640 1 -- 172.21.15.17:0/3726095796 >> [v2:172.21.15.17:3300/0,v1:172.21.15.17:6789/0] conn(0x7f573407e690 msgr2=0x7f573407caf0 secure :-1 s=STATE_CONNECTION_ESTABLISHED l=1).mark_down
2024-09-10T11:33:59.619 INFO:teuthology.orchestra.run.smithi017.stdout:/usr/bin/ceph: stderr
2024-09-10T11:33:58.888+0000 7f573a8f1640 1 --2- 172.21.15.17:0/3726095796 >> [v2:172.21.15.17:3300/0,v1:172.21.15.17:6789/0] conn(0x7f573407e690 0x7f573407caf0 secure :-1 s=READY pgs=72 cs=0 l=1 rev1=1 crypto rx=0x7f5724009820 tx=0x7f572402a270 comp rx=0 tx=0).stop
2024-09-10T11:33:59.619 INFO:teuthology.orchestra.run.smithi017.stdout:/usr/bin/ceph: stderr
2024-09-10T11:33:58.888+0000 7f573a8f1640 1 -- 172.21.15.17:0/3726095796 shutdown_connections
2024-09-10T11:33:59.619 INFO:teuthology.orchestra.run.smithi017.stdout:/usr/bin/ceph: stderr
2024-09-10T11:33:58.888+0000 7f573a8f1640 1 --2- 172.21.15.17:0/3726095796 >> [v2:172.21.15.17:3300/0,v1:172.21.15.17:6789/0] conn(0x7f573407e690 0x7f573407caf0 unknown :-1 s=CLOSED pgs=72 cs=0 l=1 rev1=1 crypto rx=0 tx=0 comp rx=0 tx=0).stop
2024-09-10T11:33:59.619 INFO:teuthology.orchestra.run.smithi017.stdout:/usr/bin/ceph: stderr
2024-09-10T11:33:58.888+0000 7f573a8f1640 1 -- 172.21.15.17:0/3726095796 >> 172.21.15.17:0/3726095796 conn(0x7f5734102fd0 msgr2=0x7f57341053f0 unknown :-1 s=STATE_NONE l=0).mark_down
2024-09-10T11:33:59.619 INFO:teuthology.orchestra.run.smithi017.stdout:/usr/bin/ceph: stderr
2024-09-10T11:33:58.888+0000 7f573a8f1640 1 -- 172.21.15.17:0/3726095796 shutdown_connections
2024-09-10T11:33:59.619 INFO:teuthology.orchestra.run.smithi017.stdout:/usr/bin/ceph: stderr
2024-09-10T11:33:58.889+0000 7f573a8f1640 1 -- 172.21.15.17:0/3726095796 wait complete.
2024-09-10T11:33:59.619 INFO:teuthology.orchestra.run.smithi017.stdout:/usr/bin/ceph: stderr
2024-09-10T11:33:58.889+0000 7f573a8f1640 1 Processor -- start
2024-09-10T11:33:59.619 INFO:teuthology.orchestra.run.smithi017.stdout:/usr/bin/ceph: stderr
2024-09-10T11:33:58.889+0000 7f573a8f1640 1 -- start start
2024-09-10T11:33:59.619 INFO:teuthology.orchestra.run.smithi017.stdout:/usr/bin/ceph: stderr
2024-09-10T11:33:58.889+0000 7f573a8f1640 1 --2- >> [v2:172.21.15.17:3300/0,v1:172.21.15.17:6789/0] conn(0x7f573407e690 0x7f573419d9a0 unknown :-1 s=NONE pgs=0 cs=0 l=1 rev1=0 crypto rx=0 tx=0 comp rx=0 tx=0).connect
2024-09-10T11:33:59.619 INFO:teuthology.orchestra.run.smithi017.stdout:/usr/bin/ceph: stderr
2024-09-10T11:33:58.889+0000 7f573a8f1640 1 -- --> [v2:172.21.15.17:3300/0,v1:172.21.15.17:6789/0] -- mon_getmap magic: 0 -- 0x7f573410de40 con 0x7f573407e690
2024-09-10T11:33:59.620 INFO:teuthology.orchestra.run.smithi017.stdout:/usr/bin/ceph: stderr
2024-09-10T11:33:58.890+0000 7f5733fff640 1 --2- >> [v2:172.21.15.17:3300/0,v1:172.21.15.17:6789/0] conn(0x7f573407e690 0x7f573419d9a0 unknown :-1 s=BANNER_CONNECTING pgs=0 cs=0 l=1 rev1=0 crypto rx=0 tx=0 comp rx=0 tx=0)._handle_peer_banner_payload supported=3 required=0
2024-09-10T11:33:59.620 INFO:teuthology.orchestra.run.smithi017.stdout:/usr/bin/ceph: stderr
2024-09-10T11:33:58.890+0000 7f5733fff640 1 --2- >> [v2:172.21.15.17:3300/0,v1:172.21.15.17:6789/0] conn(0x7f573407e690 0x7f573419d9a0 unknown :-1 s=HELLO_CONNECTING pgs=0 cs=0 l=1 rev1=1 crypto rx=0 tx=0 comp rx=0 tx=0).handle_hello peer v2:172.21.15.17:3300/0 says I am v2:172.21.15.17:39736/0 (socket says 172.21.15.17:39736)
2024-09-10T11:33:59.620 INFO:teuthology.orchestra.run.smithi017.stdout:/usr/bin/ceph: stderr
2024-09-10T11:33:58.890+0000 7f5733fff640 1 -- 172.21.15.17:0/283594477 learned_addr learned my addr 172.21.15.17:0/283594477 (peer_addr_for_me v2:172.21.15.17:0/0)
2024-09-10T11:33:59.620 INFO:teuthology.orchestra.run.smithi017.stdout:/usr/bin/ceph: stderr
2024-09-10T11:33:58.890+0000 7f5733fff640 1 -- 172.21.15.17:0/283594477 --> [v2:172.21.15.17:3300/0,v1:172.21.15.17:6789/0] -- mon_subscribe({config=0+,monmap=0+}) -- 0x7f573419dee0 con 0x7f573407e690
2024-09-10T11:33:59.620 INFO:teuthology.orchestra.run.smithi017.stdout:/usr/bin/ceph: stderr
2024-09-10T11:33:58.890+0000 7f5733fff640 1 --2- 172.21.15.17:0/283594477 >> [v2:172.21.15.17:3300/0,v1:172.21.15.17:6789/0] conn(0x7f573407e690 0x7f573419d9a0 secure :-1 s=READY pgs=73 cs=0 l=1 rev1=1 crypto rx=0x7f5724030380 tx=0x7f5724032670 comp rx=0 tx=0).ready entity=mon.0 client_cookie=0 server_cookie=0 in_seq=0 out_seq=0
2024-09-10T11:33:59.620 INFO:teuthology.orchestra.run.smithi017.stdout:/usr/bin/ceph: stderr
2024-09-10T11:33:58.890+0000 7f57317fa640 1 -- 172.21.15.17:0/283594477 <== mon.0 v2:172.21.15.17:3300/0 1 ==== mon_map magic: 0 ==== 205+0+0 (secure 0 0 0) 0x7f5724037040 con 0x7f573407e690
2024-09-10T11:33:59.620 INFO:teuthology.orchestra.run.smithi017.stdout:/usr/bin/ceph: stderr
2024-09-10T11:33:58.890+0000 7f57317fa640 1 -- 172.21.15.17:0/283594477 <== mon.0 v2:172.21.15.17:3300/0 2 ==== config(27 keys) ==== 1140+0+0 (secure 0 0 0) 0x7f5724040070 con 0x7f573407e690
2024-09-10T11:33:59.620 INFO:teuthology.orchestra.run.smithi017.stdout:/usr/bin/ceph: stderr
2024-09-10T11:33:58.890+0000 7f573a8f1640 1 -- 172.21.15.17:0/283594477 --> [v2:172.21.15.17:3300/0,v1:172.21.15.17:6789/0] -- mon_subscribe({mgrmap=0+}) -- 0x7f573419e170 con 0x7f573407e690
2024-09-10T11:33:59.620 INFO:teuthology.orchestra.run.smithi017.stdout:/usr/bin/ceph: stderr
2024-09-10T11:33:58.890+0000 7f57317fa640 1 -- 172.21.15.17:0/283594477 <== mon.0 v2:172.21.15.17:3300/0 3 ==== mon_map magic: 0 ==== 205+0+0 (secure 0 0 0) 0x7f572403a7b0 con 0x7f573407e690
2024-09-10T11:33:59.620 INFO:teuthology.orchestra.run.smithi017.stdout:/usr/bin/ceph: stderr
2024-09-10T11:33:58.890+0000 7f573a8f1640 1 -- 172.21.15.17:0/283594477 --> [v2:172.21.15.17:3300/0,v1:172.21.15.17:6789/0] -- mon_subscribe({osdmap=0}) -- 0x7f57341a0e60 con 0x7f573407e690
2024-09-10T11:33:59.620 INFO:teuthology.orchestra.run.smithi017.stdout:/usr/bin/ceph: stderr
2024-09-10T11:33:58.891+0000 7f57317fa640 1 -- 172.21.15.17:0/283594477 <== mon.0 v2:172.21.15.17:3300/0 4 ==== mgrmap(e 12) ==== 46300+0+0 (secure 0 0 0) 0x7f572403aa30 con 0x7f573407e690
2024-09-10T11:33:59.621 INFO:teuthology.orchestra.run.smithi017.stdout:/usr/bin/ceph: stderr
2024-09-10T11:33:58.891+0000 7f57317fa640 1 --2- 172.21.15.17:0/283594477 >> [v2:172.21.15.17:6800/3008774641,v1:172.21.15.17:6801/3008774641] conn(0x7f571c038fc0 0x7f571c03b480 unknown :-1 s=NONE pgs=0 cs=0 l=1 rev1=0 crypto rx=0 tx=0 comp rx=0 tx=0).connect
2024-09-10T11:33:59.621 INFO:teuthology.orchestra.run.smithi017.stdout:/usr/bin/ceph: stderr
2024-09-10T11:33:58.891+0000 7f573a8f1640 1 -- 172.21.15.17:0/283594477 --> [v2:172.21.15.17:3300/0,v1:172.21.15.17:6789/0] -- mon_command({"prefix": "get_command_descriptions"} v 0) -- 0x7f573407cb70 con 0x7f573407e690
2024-09-10T11:33:59.621 INFO:teuthology.orchestra.run.smithi017.stdout:/usr/bin/ceph: stderr
2024-09-10T11:33:58.891+0000 7f57317fa640 1 -- 172.21.15.17:0/283594477 <== mon.0 v2:172.21.15.17:3300/0 5 ==== osd_map(3..3 src has 1..3) ==== 1155+0+0 (secure 0 0 0) 0x7f572406c750 con 0x7f573407e690
2024-09-10T11:33:59.621 INFO:teuthology.orchestra.run.smithi017.stdout:/usr/bin/ceph: stderr
2024-09-10T11:33:58.892+0000 7f57337fe640 1 --2- 172.21.15.17:0/283594477 >> [v2:172.21.15.17:6800/3008774641,v1:172.21.15.17:6801/3008774641] conn(0x7f571c038fc0 0x7f571c03b480 unknown :-1 s=BANNER_CONNECTING pgs=0 cs=0 l=1 rev1=0 crypto rx=0 tx=0 comp rx=0 tx=0)._handle_peer_banner_payload supported=3 required=0
2024-09-10T11:33:59.621 INFO:teuthology.orchestra.run.smithi017.stdout:/usr/bin/ceph: stderr
2024-09-10T11:33:58.892+0000 7f57337fe640 1 --2- 172.21.15.17:0/283594477 >> [v2:172.21.15.17:6800/3008774641,v1:172.21.15.17:6801/3008774641] conn(0x7f571c038fc0 0x7f571c03b480 secure :-1 s=READY pgs=9 cs=0 l=1 rev1=1 crypto rx=0x7f57280098c0 tx=0x7f5728006db0 comp rx=0 tx=0).ready entity=mgr.14150 client_cookie=0 server_cookie=0 in_seq=0 out_seq=0
2024-09-10T11:33:59.621 INFO:teuthology.orchestra.run.smithi017.stdout:/usr/bin/ceph: stderr
2024-09-10T11:33:58.896+0000 7f57317fa640 1 -- 172.21.15.17:0/283594477 <== mon.0 v2:172.21.15.17:3300/0 6 ==== mon_command_ack([{"prefix": "get_command_descriptions"}]=0 v0) ==== 72+0+188821 (secure 0 0 0) 0x7f5724044c70 con 0x7f573407e690
2024-09-10T11:33:59.621 INFO:teuthology.orchestra.run.smithi017.stdout:/usr/bin/ceph: stderr
2024-09-10T11:33:59.072+0000 7f573a8f1640 1 -- 172.21.15.17:0/283594477 --> [v2:172.21.15.17:3300/0,v1:172.21.15.17:6789/0] -- mon_command({"prefix": "config get", "who": "mgr", "key": "mgr/dashboard/ssl_server_port"} v 0) -- 0x7f57341a1030 con 0x7f573407e690
2024-09-10T11:33:59.621 INFO:teuthology.orchestra.run.smithi017.stdout:/usr/bin/ceph: stderr
2024-09-10T11:33:59.072+0000 7f57317fa640 1 -- 172.21.15.17:0/283594477 <== mon.0 v2:172.21.15.17:3300/0 7 ==== mon_command_ack([{"prefix": "config get", "who": "mgr", "key": "mgr/dashboard/ssl_server_port"}]=0 v8) ==== 112+0+5 (secure 0 0 0) 0x7f5724041270 con 0x7f573407e690
2024-09-10T11:33:59.621 INFO:teuthology.orchestra.run.smithi017.stdout:/usr/bin/ceph: stderr
2024-09-10T11:33:59.074+0000 7f573a8f1640 1 -- 172.21.15.17:0/283594477 >> [v2:172.21.15.17:6800/3008774641,v1:172.21.15.17:6801/3008774641] conn(0x7f571c038fc0 msgr2=0x7f571c03b480 secure :-1 s=STATE_CONNECTION_ESTABLISHED l=1).mark_down
2024-09-10T11:33:59.621 INFO:teuthology.orchestra.run.smithi017.stdout:/usr/bin/ceph: stderr
2024-09-10T11:33:59.074+0000 7f573a8f1640 1 --2- 172.21.15.17:0/283594477 >> [v2:172.21.15.17:6800/3008774641,v1:172.21.15.17:6801/3008774641] conn(0x7f571c038fc0 0x7f571c03b480 secure :-1 s=READY pgs=9 cs=0 l=1 rev1=1 crypto rx=0x7f57280098c0 tx=0x7f5728006db0 comp rx=0 tx=0).stop
2024-09-10T11:33:59.621 INFO:teuthology.orchestra.run.smithi017.stdout:/usr/bin/ceph: stderr
2024-09-10T11:33:59.074+0000 7f573a8f1640 1 -- 172.21.15.17:0/283594477 >> [v2:172.21.15.17:3300/0,v1:172.21.15.17:6789/0] conn(0x7f573407e690 msgr2=0x7f573419d9a0 secure :-1 s=STATE_CONNECTION_ESTABLISHED l=1).mark_down
2024-09-10T11:33:59.621 INFO:teuthology.orchestra.run.smithi017.stdout:/usr/bin/ceph: stderr
2024-09-10T11:33:59.074+0000 7f573a8f1640 1 --2- 172.21.15.17:0/283594477 >> [v2:172.21.15.17:3300/0,v1:172.21.15.17:6789/0] conn(0x7f573407e690 0x7f573419d9a0 secure :-1 s=READY pgs=73 cs=0 l=1 rev1=1 crypto rx=0x7f5724030380 tx=0x7f5724032670 comp rx=0 tx=0).stop
2024-09-10T11:33:59.621 INFO:teuthology.orchestra.run.smithi017.stdout:/usr/bin/ceph: stderr
2024-09-10T11:33:59.074+0000 7f573a8f1640 1 -- 172.21.15.17:0/283594477 shutdown_connections
2024-09-10T11:33:59.622 INFO:teuthology.orchestra.run.smithi017.stdout:/usr/bin/ceph: stderr
2024-09-10T11:33:59.074+0000 7f573a8f1640 1 --2- 172.21.15.17:0/283594477 >> [v2:172.21.15.17:6800/3008774641,v1:172.21.15.17:6801/3008774641] conn(0x7f571c038fc0 0x7f571c03b480 unknown :-1 s=CLOSED pgs=9 cs=0 l=1 rev1=1 crypto rx=0 tx=0 comp rx=0 tx=0).stop
2024-09-10T11:33:59.622 INFO:teuthology.orchestra.run.smithi017.stdout:/usr/bin/ceph: stderr
2024-09-10T11:33:59.074+0000 7f573a8f1640 1 --2- 172.21.15.17:0/283594477 >> [v2:172.21.15.17:3300/0,v1:172.21.15.17:6789/0] conn(0x7f573407e690 0x7f573419d9a0 unknown :-1 s=CLOSED pgs=73 cs=0 l=1 rev1=1 crypto rx=0 tx=0 comp rx=0 tx=0).stop
2024-09-10T11:33:59.622 INFO:teuthology.orchestra.run.smithi017.stdout:/usr/bin/ceph: stderr
2024-09-10T11:33:59.074+0000 7f573a8f1640 1 -- 172.21.15.17:0/283594477 >> 172.21.15.17:0/283594477 conn(0x7f5734102fd0 msgr2=0x7f5734103b30 unknown :-1 s=STATE_NONE l=0).mark_down
2024-09-10T11:33:59.622 INFO:teuthology.orchestra.run.smithi017.stdout:/usr/bin/ceph: stderr
2024-09-10T11:33:59.074+0000 7f573a8f1640 1 -- 172.21.15.17:0/283594477 shutdown_connections
2024-09-10T11:33:59.622 INFO:teuthology.orchestra.run.smithi017.stdout:/usr/bin/ceph: stderr
2024-09-10T11:33:59.074+0000 7f573a8f1640 1 -- 172.21.15.17:0/283594477 wait complete.
2024-09-10T11:33:59.625 INFO:teuthology.orchestra.run.smithi017.stdout:Non-zero exit code 1 from systemctl is-enabled firewalld.service
2024-09-10T11:33:59.625 INFO:teuthology.orchestra.run.smithi017.stdout:systemctl: stdout disabled
2024-09-10T11:33:59.634 INFO:teuthology.orchestra.run.smithi017.stdout:Non-zero exit code 3 from systemctl is-active firewalld.service
2024-09-10T11:33:59.634 INFO:teuthology.orchestra.run.smithi017.stdout:systemctl: stdout inactive
2024-09-10T11:33:59.634 INFO:teuthology.orchestra.run.smithi017.stdout:firewalld.service is not enabled
2024-09-10T11:33:59.634 INFO:teuthology.orchestra.run.smithi017.stdout:Not possible to open ports <[8443]>. firewalld.service is not available
2024-09-10T11:33:59.635 INFO:teuthology.orchestra.run.smithi017.stdout:Ceph Dashboard is now available at:
2024-09-10T11:33:59.636 INFO:teuthology.orchestra.run.smithi017.stdout:
2024-09-10T11:33:59.636 INFO:teuthology.orchestra.run.smithi017.stdout: URL: https://smithi017.front.sepia.ceph.com:8443/
2024-09-10T11:33:59.636 INFO:teuthology.orchestra.run.smithi017.stdout: User: admin
2024-09-10T11:33:59.636 INFO:teuthology.orchestra.run.smithi017.stdout: Password: 7umnjku170
2024-09-10T11:33:59.636 INFO:teuthology.orchestra.run.smithi017.stdout:
2024-09-10T11:33:59.636 INFO:teuthology.orchestra.run.smithi017.stdout:Saving cluster configuration to /var/lib/ceph/44611ec8-6f68-11ef-bcea-c7b262605968/config directory
2024-09-10T11:34:00.848 INFO:teuthology.orchestra.run.smithi017.stdout:/usr/bin/ceph: stderr
2024-09-10T11:34:00.027+0000 7efe5de4d640 1 Processor -- start
2024-09-10T11:34:00.849 INFO:teuthology.orchestra.run.smithi017.stdout:/usr/bin/ceph: stderr
2024-09-10T11:34:00.027+0000 7efe5de4d640 1 -- start start
2024-09-10T11:34:00.849 INFO:teuthology.orchestra.run.smithi017.stdout:/usr/bin/ceph: stderr
2024-09-10T11:34:00.027+0000 7efe5de4d640 1 --2- >> [v2:172.21.15.17:3300/0,v1:172.21.15.17:6789/0] conn(0x7efe58106730 0x7efe58106b30 unknown :-1 s=NONE pgs=0 cs=0 l=0 rev1=0 crypto rx=0 tx=0 comp rx=0 tx=0).connect
2024-09-10T11:34:00.849 INFO:teuthology.orchestra.run.smithi017.stdout:/usr/bin/ceph: stderr
2024-09-10T11:34:00.027+0000 7efe5de4d640 1 -- --> [v2:172.21.15.17:3300/0,v1:172.21.15.17:6789/0] -- mon_getmap magic: 0 -- 0x7efe58107100 con 0x7efe58106730
2024-09-10T11:34:00.849 INFO:teuthology.orchestra.run.smithi017.stdout:/usr/bin/ceph: stderr
2024-09-10T11:34:00.027+0000 7efe577fe640 1 --2- >> [v2:172.21.15.17:3300/0,v1:172.21.15.17:6789/0] conn(0x7efe58106730 0x7efe58106b30 unknown :-1 s=BANNER_CONNECTING pgs=0 cs=0 l=0 rev1=0 crypto rx=0 tx=0 comp rx=0 tx=0)._handle_peer_banner_payload supported=3 required=0
2024-09-10T11:34:00.849 INFO:teuthology.orchestra.run.smithi017.stdout:/usr/bin/ceph: stderr
2024-09-10T11:34:00.027+0000 7efe577fe640 1 --2- >> [v2:172.21.15.17:3300/0,v1:172.21.15.17:6789/0] conn(0x7efe58106730 0x7efe58106b30 unknown :-1 s=HELLO_CONNECTING pgs=0 cs=0 l=0 rev1=1 crypto rx=0 tx=0 comp rx=0 tx=0).handle_hello peer v2:172.21.15.17:3300/0 says I am v2:172.21.15.17:39746/0 (socket says 172.21.15.17:39746)
2024-09-10T11:34:00.849 INFO:teuthology.orchestra.run.smithi017.stdout:/usr/bin/ceph: stderr
2024-09-10T11:34:00.027+0000 7efe577fe640 1 -- 172.21.15.17:0/1163719008 learned_addr learned my addr 172.21.15.17:0/1163719008 (peer_addr_for_me v2:172.21.15.17:0/0)
2024-09-10T11:34:00.849 INFO:teuthology.orchestra.run.smithi017.stdout:/usr/bin/ceph: stderr
2024-09-10T11:34:00.028+0000 7efe577fe640 1 -- 172.21.15.17:0/1163719008 --> [v2:172.21.15.17:3300/0,v1:172.21.15.17:6789/0] -- mon_subscribe({config=0+,monmap=0+}) -- 0x7efe58107930 con 0x7efe58106730
2024-09-10T11:34:00.849 INFO:teuthology.orchestra.run.smithi017.stdout:/usr/bin/ceph: stderr
2024-09-10T11:34:00.028+0000 7efe577fe640 1 --2- 172.21.15.17:0/1163719008 >> [v2:172.21.15.17:3300/0,v1:172.21.15.17:6789/0] conn(0x7efe58106730 0x7efe58106b30 secure :-1 s=READY pgs=74 cs=0 l=1 rev1=1 crypto rx=0x7efe48009820 tx=0x7efe4802a270 comp rx=0 tx=0).ready entity=mon.0 client_cookie=d96b2ed1b1f46e36 server_cookie=0 in_seq=0 out_seq=0
2024-09-10T11:34:00.849 INFO:teuthology.orchestra.run.smithi017.stdout:/usr/bin/ceph: stderr
2024-09-10T11:34:00.028+0000 7efe56ffd640 1 -- 172.21.15.17:0/1163719008 <== mon.0 v2:172.21.15.17:3300/0 1 ==== mon_map magic: 0 ==== 205+0+0 (secure 0 0 0) 0x7efe48037070 con 0x7efe58106730
2024-09-10T11:34:00.850 INFO:teuthology.orchestra.run.smithi017.stdout:/usr/bin/ceph: stderr
2024-09-10T11:34:00.029+0000 7efe56ffd640 1 -- 172.21.15.17:0/1163719008 <== mon.0 v2:172.21.15.17:3300/0 2 ==== config(27 keys) ==== 1140+0+0 (secure 0 0 0) 0x7efe48032920 con 0x7efe58106730
2024-09-10T11:34:00.850 INFO:teuthology.orchestra.run.smithi017.stdout:/usr/bin/ceph: stderr
2024-09-10T11:34:00.029+0000 7efe56ffd640 1 -- 172.21.15.17:0/1163719008 <== mon.0 v2:172.21.15.17:3300/0 3 ==== mon_map magic: 0 ==== 205+0+0 (secure 0 0 0) 0x7efe48030810 con 0x7efe58106730
2024-09-10T11:34:00.850 INFO:teuthology.orchestra.run.smithi017.stdout:/usr/bin/ceph: stderr
2024-09-10T11:34:00.029+0000 7efe5de4d640 1 -- 172.21.15.17:0/1163719008 >> [v2:172.21.15.17:3300/0,v1:172.21.15.17:6789/0] conn(0x7efe58106730 msgr2=0x7efe58106b30 secure :-1 s=STATE_CONNECTION_ESTABLISHED l=1).mark_down
2024-09-10T11:34:00.850 INFO:teuthology.orchestra.run.smithi017.stdout:/usr/bin/ceph: stderr
2024-09-10T11:34:00.029+0000 7efe5de4d640 1 --2- 172.21.15.17:0/1163719008 >> [v2:172.21.15.17:3300/0,v1:172.21.15.17:6789/0] conn(0x7efe58106730 0x7efe58106b30 secure :-1 s=READY pgs=74 cs=0 l=1 rev1=1 crypto rx=0x7efe48009820 tx=0x7efe4802a270 comp rx=0 tx=0).stop
2024-09-10T11:34:00.850 INFO:teuthology.orchestra.run.smithi017.stdout:/usr/bin/ceph: stderr
2024-09-10T11:34:00.029+0000 7efe5de4d640 1 -- 172.21.15.17:0/1163719008 shutdown_connections
2024-09-10T11:34:00.850 INFO:teuthology.orchestra.run.smithi017.stdout:/usr/bin/ceph: stderr
2024-09-10T11:34:00.029+0000 7efe5de4d640 1 --2- 172.21.15.17:0/1163719008 >> [v2:172.21.15.17:3300/0,v1:172.21.15.17:6789/0] conn(0x7efe58106730 0x7efe58106b30 unknown :-1 s=CLOSED pgs=74 cs=0 l=1 rev1=1 crypto rx=0 tx=0 comp rx=0 tx=0).stop
2024-09-10T11:34:00.850 INFO:teuthology.orchestra.run.smithi017.stdout:/usr/bin/ceph: stderr
2024-09-10T11:34:00.029+0000 7efe5de4d640 1 -- 172.21.15.17:0/1163719008 >> 172.21.15.17:0/1163719008 conn(0x7efe58101ee0 msgr2=0x7efe58104300 unknown :-1 s=STATE_NONE l=0).mark_down
2024-09-10T11:34:00.850 INFO:teuthology.orchestra.run.smithi017.stdout:/usr/bin/ceph: stderr
2024-09-10T11:34:00.029+0000 7efe5de4d640 1 -- 172.21.15.17:0/1163719008 shutdown_connections
2024-09-10T11:34:00.850 INFO:teuthology.orchestra.run.smithi017.stdout:/usr/bin/ceph: stderr
2024-09-10T11:34:00.029+0000 7efe5de4d640 1 -- 172.21.15.17:0/1163719008 wait complete.
2024-09-10T11:34:00.850 INFO:teuthology.orchestra.run.smithi017.stdout:/usr/bin/ceph: stderr
2024-09-10T11:34:00.030+0000 7efe5de4d640 1 Processor -- start
2024-09-10T11:34:00.850 INFO:teuthology.orchestra.run.smithi017.stdout:/usr/bin/ceph: stderr
2024-09-10T11:34:00.030+0000 7efe5de4d640 1 -- start start
2024-09-10T11:34:00.850 INFO:teuthology.orchestra.run.smithi017.stdout:/usr/bin/ceph: stderr
2024-09-10T11:34:00.030+0000 7efe5de4d640 1 --2- >> [v2:172.21.15.17:3300/0,v1:172.21.15.17:6789/0] conn(0x7efe58106730 0x7efe5807c260 unknown :-1 s=NONE pgs=0 cs=0 l=1 rev1=0 crypto rx=0 tx=0 comp rx=0 tx=0).connect
2024-09-10T11:34:00.850 INFO:teuthology.orchestra.run.smithi017.stdout:/usr/bin/ceph: stderr
2024-09-10T11:34:00.030+0000 7efe5de4d640 1 -- --> [v2:172.21.15.17:3300/0,v1:172.21.15.17:6789/0] -- mon_getmap magic: 0 -- 0x7efe5810ace0 con 0x7efe58106730
2024-09-10T11:34:00.851 INFO:teuthology.orchestra.run.smithi017.stdout:/usr/bin/ceph: stderr
2024-09-10T11:34:00.030+0000 7efe577fe640 1 --2- >> [v2:172.21.15.17:3300/0,v1:172.21.15.17:6789/0] conn(0x7efe58106730 0x7efe5807c260 unknown :-1 s=BANNER_CONNECTING pgs=0 cs=0 l=1 rev1=0 crypto rx=0 tx=0 comp rx=0 tx=0)._handle_peer_banner_payload supported=3 required=0
2024-09-10T11:34:00.851 INFO:teuthology.orchestra.run.smithi017.stdout:/usr/bin/ceph: stderr
2024-09-10T11:34:00.030+0000 7efe577fe640 1 --2- >> [v2:172.21.15.17:3300/0,v1:172.21.15.17:6789/0] conn(0x7efe58106730 0x7efe5807c260 unknown :-1 s=HELLO_CONNECTING pgs=0 cs=0 l=1 rev1=1 crypto rx=0 tx=0 comp rx=0 tx=0).handle_hello peer v2:172.21.15.17:3300/0 says I am v2:172.21.15.17:39754/0 (socket says 172.21.15.17:39754)
2024-09-10T11:34:00.851 INFO:teuthology.orchestra.run.smithi017.stdout:/usr/bin/ceph: stderr
2024-09-10T11:34:00.030+0000 7efe577fe640 1 -- 172.21.15.17:0/394871893 learned_addr learned my addr 172.21.15.17:0/394871893 (peer_addr_for_me v2:172.21.15.17:0/0)
2024-09-10T11:34:00.851 INFO:teuthology.orchestra.run.smithi017.stdout:/usr/bin/ceph: stderr
2024-09-10T11:34:00.031+0000 7efe577fe640 1 -- 172.21.15.17:0/394871893 --> [v2:172.21.15.17:3300/0,v1:172.21.15.17:6789/0] -- mon_subscribe({config=0+,monmap=0+}) -- 0x7efe5819e580 con 0x7efe58106730
2024-09-10T11:34:00.851 INFO:teuthology.orchestra.run.smithi017.stdout:/usr/bin/ceph: stderr
2024-09-10T11:34:00.031+0000 7efe577fe640 1 --2- 172.21.15.17:0/394871893 >> [v2:172.21.15.17:3300/0,v1:172.21.15.17:6789/0] conn(0x7efe58106730 0x7efe5807c260 secure :-1 s=READY pgs=75 cs=0 l=1 rev1=1 crypto rx=0x7efe48030560 tx=0x7efe48032670 comp rx=0 tx=0).ready entity=mon.0 client_cookie=0 server_cookie=0 in_seq=0 out_seq=0
2024-09-10T11:34:00.851 INFO:teuthology.orchestra.run.smithi017.stdout:/usr/bin/ceph: stderr
2024-09-10T11:34:00.031+0000 7efe557fa640 1 -- 172.21.15.17:0/394871893 <== mon.0 v2:172.21.15.17:3300/0 1 ==== mon_map magic: 0 ==== 205+0+0 (secure 0 0 0) 0x7efe48037040 con 0x7efe58106730
2024-09-10T11:34:00.851 INFO:teuthology.orchestra.run.smithi017.stdout:/usr/bin/ceph: stderr
2024-09-10T11:34:00.031+0000 7efe5de4d640 1 -- 172.21.15.17:0/394871893 --> [v2:172.21.15.17:3300/0,v1:172.21.15.17:6789/0] -- mon_subscribe({mgrmap=0+}) -- 0x7efe5819e750 con 0x7efe58106730
2024-09-10T11:34:00.851 INFO:teuthology.orchestra.run.smithi017.stdout:/usr/bin/ceph: stderr
2024-09-10T11:34:00.031+0000 7efe557fa640 1 -- 172.21.15.17:0/394871893 <== mon.0 v2:172.21.15.17:3300/0 2 ==== config(27 keys) ==== 1140+0+0 (secure 0 0 0) 0x7efe48040070 con 0x7efe58106730
2024-09-10T11:34:00.851 INFO:teuthology.orchestra.run.smithi017.stdout:/usr/bin/ceph: stderr
2024-09-10T11:34:00.031+0000 7efe557fa640 1 -- 172.21.15.17:0/394871893 <== mon.0 v2:172.21.15.17:3300/0 3 ==== mon_map magic: 0 ==== 205+0+0 (secure 0 0 0) 0x7efe4803a740 con 0x7efe58106730
2024-09-10T11:34:00.851 INFO:teuthology.orchestra.run.smithi017.stdout:/usr/bin/ceph: stderr
2024-09-10T11:34:00.031+0000 7efe5de4d640 1 -- 172.21.15.17:0/394871893 --> [v2:172.21.15.17:3300/0,v1:172.21.15.17:6789/0] -- mon_subscribe({osdmap=0}) -- 0x7efe5819eaf0 con 0x7efe58106730
2024-09-10T11:34:00.851 INFO:teuthology.orchestra.run.smithi017.stdout:/usr/bin/ceph: stderr
2024-09-10T11:34:00.032+0000 7efe557fa640 1 -- 172.21.15.17:0/394871893 <== mon.0 v2:172.21.15.17:3300/0 4 ==== mgrmap(e 12) ==== 46300+0+0 (secure 0 0 0) 0x7efe4803a8e0 con 0x7efe58106730
2024-09-10T11:34:00.851 INFO:teuthology.orchestra.run.smithi017.stdout:/usr/bin/ceph: stderr
2024-09-10T11:34:00.032+0000 7efe5de4d640 1 -- 172.21.15.17:0/394871893 --> [v2:172.21.15.17:3300/0,v1:172.21.15.17:6789/0] -- mon_command({"prefix": "get_command_descriptions"} v 0) -- 0x7efe58106bb0 con 0x7efe58106730
2024-09-10T11:34:00.851 INFO:teuthology.orchestra.run.smithi017.stdout:/usr/bin/ceph: stderr
2024-09-10T11:34:00.032+0000 7efe557fa640 1 --2- 172.21.15.17:0/394871893 >> [v2:172.21.15.17:6800/3008774641,v1:172.21.15.17:6801/3008774641] conn(0x7efe44039020 0x7efe4403b4e0 unknown :-1 s=NONE pgs=0 cs=0 l=1 rev1=0 crypto rx=0 tx=0 comp rx=0 tx=0).connect
2024-09-10T11:34:00.852 INFO:teuthology.orchestra.run.smithi017.stdout:/usr/bin/ceph: stderr
2024-09-10T11:34:00.032+0000 7efe557fa640 1 -- 172.21.15.17:0/394871893 <== mon.0 v2:172.21.15.17:3300/0 5 ==== osd_map(3..3 src has 1..3) ==== 1155+0+0 (secure 0 0 0) 0x7efe4806c940 con 0x7efe58106730
2024-09-10T11:34:00.852 INFO:teuthology.orchestra.run.smithi017.stdout:/usr/bin/ceph: stderr
2024-09-10T11:34:00.032+0000 7efe4effd640 1 --2- 172.21.15.17:0/394871893 >> [v2:172.21.15.17:6800/3008774641,v1:172.21.15.17:6801/3008774641] conn(0x7efe44039020 0x7efe4403b4e0 unknown :-1 s=BANNER_CONNECTING pgs=0 cs=0 l=1 rev1=0 crypto rx=0 tx=0 comp rx=0 tx=0)._handle_peer_banner_payload supported=3 required=0
2024-09-10T11:34:00.852 INFO:teuthology.orchestra.run.smithi017.stdout:/usr/bin/ceph: stderr
2024-09-10T11:34:00.033+0000 7efe4effd640 1 --2- 172.21.15.17:0/394871893 >> [v2:172.21.15.17:6800/3008774641,v1:172.21.15.17:6801/3008774641] conn(0x7efe44039020 0x7efe4403b4e0 secure :-1 s=READY pgs=10 cs=0 l=1 rev1=1 crypto rx=0x7efe400098c0 tx=0x7efe40006db0 comp rx=0 tx=0).ready entity=mgr.14150 client_cookie=0 server_cookie=0 in_seq=0 out_seq=0
2024-09-10T11:34:00.852 INFO:teuthology.orchestra.run.smithi017.stdout:/usr/bin/ceph: stderr
2024-09-10T11:34:00.037+0000 7efe557fa640 1 -- 172.21.15.17:0/394871893 <== mon.0 v2:172.21.15.17:3300/0 6 ==== mon_command_ack([{"prefix": "get_command_descriptions"}]=0 v0) ==== 72+0+188821 (secure 0 0 0) 0x7efe48044c70 con 0x7efe58106730
2024-09-10T11:34:00.852 INFO:teuthology.orchestra.run.smithi017.stdout:/usr/bin/ceph: stderr
2024-09-10T11:34:00.125+0000 7efe557fa640 1 -- 172.21.15.17:0/394871893 <== mon.0 v2:172.21.15.17:3300/0 7 ==== mgrmap(e 13) ==== 46343+0+0 (secure 0 0 0) 0x7efe4803acd0 con 0x7efe58106730
2024-09-10T11:34:00.852 INFO:teuthology.orchestra.run.smithi017.stdout:/usr/bin/ceph: stderr
2024-09-10T11:34:00.304+0000 7efe5de4d640 1 -- 172.21.15.17:0/394871893 --> [v2:172.21.15.17:3300/0,v1:172.21.15.17:6789/0] -- mon_command([{prefix=config-key set, key=mgr/dashboard/cluster/status}] v 0) -- 0x7efe5819f380 con 0x7efe58106730
2024-09-10T11:34:00.852 INFO:teuthology.orchestra.run.smithi017.stdout:/usr/bin/ceph: stderr
2024-09-10T11:34:00.306+0000 7efe557fa640 1 -- 172.21.15.17:0/394871893 <== mon.0 v2:172.21.15.17:3300/0 8 ==== mon_command_ack([{prefix=config-key set, key=mgr/dashboard/cluster/status}]=0 set mgr/dashboard/cluster/status v28)=0 set mgr/dashboard/cluster/status v28) ==== 153+0+0 (secure 0 0 0) 0x7efe48041270 con 0x7efe58106730
2024-09-10T11:34:00.852 INFO:teuthology.orchestra.run.smithi017.stdout:/usr/bin/ceph: stderr set mgr/dashboard/cluster/status
2024-09-10T11:34:00.852 INFO:teuthology.orchestra.run.smithi017.stdout:/usr/bin/ceph: stderr
2024-09-10T11:34:00.308+0000 7efe5de4d640 1 -- 172.21.15.17:0/394871893 >> [v2:172.21.15.17:6800/3008774641,v1:172.21.15.17:6801/3008774641] conn(0x7efe44039020 msgr2=0x7efe4403b4e0 secure :-1 s=STATE_CONNECTION_ESTABLISHED l=1).mark_down
2024-09-10T11:34:00.852 INFO:teuthology.orchestra.run.smithi017.stdout:/usr/bin/ceph: stderr
2024-09-10T11:34:00.308+0000 7efe5de4d640 1 --2- 172.21.15.17:0/394871893 >> [v2:172.21.15.17:6800/3008774641,v1:172.21.15.17:6801/3008774641] conn(0x7efe44039020 0x7efe4403b4e0 secure :-1 s=READY pgs=10 cs=0 l=1 rev1=1 crypto rx=0x7efe400098c0 tx=0x7efe40006db0 comp rx=0 tx=0).stop
2024-09-10T11:34:00.852 INFO:teuthology.orchestra.run.smithi017.stdout:/usr/bin/ceph: stderr
2024-09-10T11:34:00.308+0000 7efe5de4d640 1 -- 172.21.15.17:0/394871893 >> [v2:172.21.15.17:3300/0,v1:172.21.15.17:6789/0] conn(0x7efe58106730 msgr2=0x7efe5807c260 secure :-1 s=STATE_CONNECTION_ESTABLISHED l=1).mark_down
2024-09-10T11:34:00.852 INFO:teuthology.orchestra.run.smithi017.stdout:/usr/bin/ceph: stderr
