2024-09-10T11:33:23.494+0000 7fccaa59c640 1 --2- >> [v2:172.21.15.17:3300/0,v1:172.21.15.17:6789/0] conn(0x7fccac106700 0x7fccac19b850 unknown :-1 s=HELLO_CONNECTING pgs=0 cs=0 l=1 rev1=1 crypto rx=0 tx=0 comp rx=0 tx=0).handle_hello peer v2:172.21.15.17:3300/0 says I am v2:172.21.15.17:38606/0 (socket says 172.21.15.17:38606)
2024-09-10T11:33:25.198 INFO:teuthology.orchestra.run.smithi017.stdout:/usr/bin/ceph: stderr
2024-09-10T11:33:23.494+0000 7fccaa59c640 1 -- 172.21.15.17:0/2159985268 learned_addr learned my addr 172.21.15.17:0/2159985268 (peer_addr_for_me v2:172.21.15.17:0/0)
2024-09-10T11:33:25.198 INFO:teuthology.orchestra.run.smithi017.stdout:/usr/bin/ceph: stderr
2024-09-10T11:33:23.494+0000 7fccaa59c640 1 -- 172.21.15.17:0/2159985268 --> [v2:172.21.15.17:3300/0,v1:172.21.15.17:6789/0] -- mon_subscribe({config=0+,monmap=0+}) -- 0x7fccac19bd90 con 0x7fccac106700
2024-09-10T11:33:25.199 INFO:teuthology.orchestra.run.smithi017.stdout:/usr/bin/ceph: stderr
2024-09-10T11:33:23.494+0000 7fccaa59c640 1 --2- 172.21.15.17:0/2159985268 >> [v2:172.21.15.17:3300/0,v1:172.21.15.17:6789/0] conn(0x7fccac106700 0x7fccac19b850 secure :-1 s=READY pgs=21 cs=0 l=1 rev1=1 crypto rx=0x7fcc9c0097f0 tx=0x7fcc9c030d80 comp rx=0 tx=0).ready entity=mon.0 client_cookie=0 server_cookie=0 in_seq=0 out_seq=0
2024-09-10T11:33:25.199 INFO:teuthology.orchestra.run.smithi017.stdout:/usr/bin/ceph: stderr
2024-09-10T11:33:23.495+0000 7fcc9b7fe640 1 -- 172.21.15.17:0/2159985268 <== mon.0 v2:172.21.15.17:3300/0 1 ==== mon_map magic: 0 ==== 205+0+0 (secure 0 0 0) 0x7fcc9c037040 con 0x7fccac106700
2024-09-10T11:33:25.199 INFO:teuthology.orchestra.run.smithi017.stdout:/usr/bin/ceph: stderr
2024-09-10T11:33:23.495+0000 7fcc9b7fe640 1 -- 172.21.15.17:0/2159985268 <== mon.0 v2:172.21.15.17:3300/0 2 ==== config(27 keys) ==== 1109+0+0 (secure 0 0 0) 0x7fcc9c040070 con 0x7fccac106700
2024-09-10T11:33:25.199 INFO:teuthology.orchestra.run.smithi017.stdout:/usr/bin/ceph: stderr
2024-09-10T11:33:23.495+0000 7fccb0810640 1 -- 172.21.15.17:0/2159985268 --> [v2:172.21.15.17:3300/0,v1:172.21.15.17:6789/0] -- mon_subscribe({mgrmap=0+}) -- 0x7fccac19c020 con 0x7fccac106700
2024-09-10T11:33:25.199 INFO:teuthology.orchestra.run.smithi017.stdout:/usr/bin/ceph: stderr
2024-09-10T11:33:23.495+0000 7fcc9b7fe640 1 -- 172.21.15.17:0/2159985268 <== mon.0 v2:172.21.15.17:3300/0 3 ==== mon_map magic: 0 ==== 205+0+0 (secure 0 0 0) 0x7fcc9c03a390 con 0x7fccac106700
2024-09-10T11:33:25.199 INFO:teuthology.orchestra.run.smithi017.stdout:/usr/bin/ceph: stderr
2024-09-10T11:33:23.495+0000 7fccb0810640 1 -- 172.21.15.17:0/2159985268 --> [v2:172.21.15.17:3300/0,v1:172.21.15.17:6789/0] -- mon_subscribe({osdmap=0}) -- 0x7fccac19ed10 con 0x7fccac106700
2024-09-10T11:33:25.199 INFO:teuthology.orchestra.run.smithi017.stdout:/usr/bin/ceph: stderr
2024-09-10T11:33:23.496+0000 7fcc9b7fe640 1 -- 172.21.15.17:0/2159985268 <== mon.0 v2:172.21.15.17:3300/0 4 ==== mgrmap(e 4) ==== 46276+0+0 (secure 0 0 0) 0x7fcc9c03a5e0 con 0x7fccac106700
2024-09-10T11:33:25.199 INFO:teuthology.orchestra.run.smithi017.stdout:/usr/bin/ceph: stderr
2024-09-10T11:33:23.496+0000 7fcc9b7fe640 1 --2- 172.21.15.17:0/2159985268 >> [v2:172.21.15.17:6800/817290704,v1:172.21.15.17:6801/817290704] conn(0x7fcc94038f70 0x7fcc9403b430 unknown :-1 s=NONE pgs=0 cs=0 l=1 rev1=0 crypto rx=0 tx=0 comp rx=0 tx=0).connect
2024-09-10T11:33:25.199 INFO:teuthology.orchestra.run.smithi017.stdout:/usr/bin/ceph: stderr
2024-09-10T11:33:23.496+0000 7fccb0810640 1 -- 172.21.15.17:0/2159985268 --> [v2:172.21.15.17:3300/0,v1:172.21.15.17:6789/0] -- mon_command({"prefix": "get_command_descriptions"} v 0) -- 0x7fccac106b80 con 0x7fccac106700
2024-09-10T11:33:25.199 INFO:teuthology.orchestra.run.smithi017.stdout:/usr/bin/ceph: stderr
2024-09-10T11:33:23.496+0000 7fcc9b7fe640 1 -- 172.21.15.17:0/2159985268 <== mon.0 v2:172.21.15.17:3300/0 5 ==== osd_map(1..1 src has 1..1) ==== 725+0+0 (secure 0 0 0) 0x7fcc9c06c1b0 con 0x7fccac106700
2024-09-10T11:33:25.199 INFO:teuthology.orchestra.run.smithi017.stdout:/usr/bin/ceph: stderr
2024-09-10T11:33:23.496+0000 7fcca9d9b640 1 --2- 172.21.15.17:0/2159985268 >> [v2:172.21.15.17:6800/817290704,v1:172.21.15.17:6801/817290704] conn(0x7fcc94038f70 0x7fcc9403b430 unknown :-1 s=BANNER_CONNECTING pgs=0 cs=0 l=1 rev1=0 crypto rx=0 tx=0 comp rx=0 tx=0)._handle_peer_banner_payload supported=3 required=0
2024-09-10T11:33:25.199 INFO:teuthology.orchestra.run.smithi017.stdout:/usr/bin/ceph: stderr
2024-09-10T11:33:23.496+0000 7fcca9d9b640 1 --2- 172.21.15.17:0/2159985268 >> [v2:172.21.15.17:6800/817290704,v1:172.21.15.17:6801/817290704] conn(0x7fcc94038f70 0x7fcc9403b430 secure :-1 s=READY pgs=8 cs=0 l=1 rev1=1 crypto rx=0x7fcca00098c0 tx=0x7fcca0006db0 comp rx=0 tx=0).ready entity=mgr.14100 client_cookie=0 server_cookie=0 in_seq=0 out_seq=0
2024-09-10T11:33:25.200 INFO:teuthology.orchestra.run.smithi017.stdout:/usr/bin/ceph: stderr
2024-09-10T11:33:23.501+0000 7fcc9b7fe640 1 -- 172.21.15.17:0/2159985268 <== mon.0 v2:172.21.15.17:3300/0 6 ==== mon_command_ack([{"prefix": "get_command_descriptions"}]=0 v0) ==== 72+0+188821 (secure 0 0 0) 0x7fcc9c069550 con 0x7fccac106700
2024-09-10T11:33:25.200 INFO:teuthology.orchestra.run.smithi017.stdout:/usr/bin/ceph: stderr
2024-09-10T11:33:23.722+0000 7fccb0810640 1 -- 172.21.15.17:0/2159985268 --> [v2:172.21.15.17:3300/0,v1:172.21.15.17:6789/0] -- mon_command({"prefix": "mgr module enable", "module": "cephadm"} v 0) -- 0x7fccac195760 con 0x7fccac106700
2024-09-10T11:33:25.200 INFO:teuthology.orchestra.run.smithi017.stdout:/usr/bin/ceph: stderr
2024-09-10T11:33:24.574+0000 7fcc9b7fe640 1 -- 172.21.15.17:0/2159985268 <== mon.0 v2:172.21.15.17:3300/0 7 ==== mon_command_ack([{"prefix": "mgr module enable", "module": "cephadm"}]=0 v5) ==== 86+0+0 (secure 0 0 0) 0x7fcc9c043760 con 0x7fccac106700
2024-09-10T11:33:25.200 INFO:teuthology.orchestra.run.smithi017.stdout:/usr/bin/ceph: stderr
2024-09-10T11:33:24.576+0000 7fcc9b7fe640 1 -- 172.21.15.17:0/2159985268 <== mon.0 v2:172.21.15.17:3300/0 8 ==== mgrmap(e 5) ==== 46287+0+0 (secure 0 0 0) 0x7fcc9c03a8d0 con 0x7fccac106700
2024-09-10T11:33:25.200 INFO:teuthology.orchestra.run.smithi017.stdout:/usr/bin/ceph: stderr
2024-09-10T11:33:24.577+0000 7fccb0810640 1 -- 172.21.15.17:0/2159985268 >> [v2:172.21.15.17:6800/817290704,v1:172.21.15.17:6801/817290704] conn(0x7fcc94038f70 msgr2=0x7fcc9403b430 secure :-1 s=STATE_CONNECTION_ESTABLISHED l=1).mark_down
2024-09-10T11:33:25.200 INFO:teuthology.orchestra.run.smithi017.stdout:/usr/bin/ceph: stderr
2024-09-10T11:33:24.577+0000 7fccb0810640 1 --2- 172.21.15.17:0/2159985268 >> [v2:172.21.15.17:6800/817290704,v1:172.21.15.17:6801/817290704] conn(0x7fcc94038f70 0x7fcc9403b430 secure :-1 s=READY pgs=8 cs=0 l=1 rev1=1 crypto rx=0x7fcca00098c0 tx=0x7fcca0006db0 comp rx=0 tx=0).stop
2024-09-10T11:33:25.200 INFO:teuthology.orchestra.run.smithi017.stdout:/usr/bin/ceph: stderr
2024-09-10T11:33:24.577+0000 7fccb0810640 1 -- 172.21.15.17:0/2159985268 >> [v2:172.21.15.17:3300/0,v1:172.21.15.17:6789/0] conn(0x7fccac106700 msgr2=0x7fccac19b850 secure :-1 s=STATE_CONNECTION_ESTABLISHED l=1).mark_down
2024-09-10T11:33:25.200 INFO:teuthology.orchestra.run.smithi017.stdout:/usr/bin/ceph: stderr
2024-09-10T11:33:24.577+0000 7fccb0810640 1 --2- 172.21.15.17:0/2159985268 >> [v2:172.21.15.17:3300/0,v1:172.21.15.17:6789/0] conn(0x7fccac106700 0x7fccac19b850 secure :-1 s=READY pgs=21 cs=0 l=1 rev1=1 crypto rx=0x7fcc9c0097f0 tx=0x7fcc9c030d80 comp rx=0 tx=0).stop
2024-09-10T11:33:25.200 INFO:teuthology.orchestra.run.smithi017.stdout:/usr/bin/ceph: stderr
2024-09-10T11:33:24.577+0000 7fccb0810640 1 -- 172.21.15.17:0/2159985268 shutdown_connections
2024-09-10T11:33:25.200 INFO:teuthology.orchestra.run.smithi017.stdout:/usr/bin/ceph: stderr
2024-09-10T11:33:24.577+0000 7fccb0810640 1 --2- 172.21.15.17:0/2159985268 >> [v2:172.21.15.17:6800/817290704,v1:172.21.15.17:6801/817290704] conn(0x7fcc94038f70 0x7fcc9403b430 unknown :-1 s=CLOSED pgs=8 cs=0 l=1 rev1=1 crypto rx=0 tx=0 comp rx=0 tx=0).stop
2024-09-10T11:33:25.200 INFO:teuthology.orchestra.run.smithi017.stdout:/usr/bin/ceph: stderr
2024-09-10T11:33:24.577+0000 7fccb0810640 1 --2- 172.21.15.17:0/2159985268 >> [v2:172.21.15.17:3300/0,v1:172.21.15.17:6789/0] conn(0x7fccac106700 0x7fccac19b850 unknown :-1 s=CLOSED pgs=21 cs=0 l=1 rev1=1 crypto rx=0 tx=0 comp rx=0 tx=0).stop
2024-09-10T11:33:25.200 INFO:teuthology.orchestra.run.smithi017.stdout:/usr/bin/ceph: stderr
2024-09-10T11:33:24.577+0000 7fccb0810640 1 -- 172.21.15.17:0/2159985268 >> 172.21.15.17:0/2159985268 conn(0x7fccac101e70 msgr2=0x7fccac102e10 unknown :-1 s=STATE_NONE l=0).mark_down
2024-09-10T11:33:25.200 INFO:teuthology.orchestra.run.smithi017.stdout:/usr/bin/ceph: stderr
2024-09-10T11:33:24.578+0000 7fccb0810640 1 -- 172.21.15.17:0/2159985268 shutdown_connections
2024-09-10T11:33:25.201 INFO:teuthology.orchestra.run.smithi017.stdout:/usr/bin/ceph: stderr
2024-09-10T11:33:24.578+0000 7fccb0810640 1 -- 172.21.15.17:0/2159985268 wait complete.
2024-09-10T11:33:25.444 INFO:journalctl@ceph.mgr.x.smithi017.stdout:Sep 10 11:33:25 smithi017 ceph-44611ec8-6f68-11ef-bcea-c7b262605968-mgr-x[31046]:
2024-09-10T11:33:25.310+0000 7f6c3317c040 -1 mgr[py] Module snap_schedule has missing NOTIFY_TYPES member
2024-09-10T11:33:25.709 INFO:journalctl@ceph.mgr.x.smithi017.stdout:Sep 10 11:33:25 smithi017 ceph-44611ec8-6f68-11ef-bcea-c7b262605968-mgr-x[31046]:
2024-09-10T11:33:25.644+0000 7f6c3317c040 -1 mgr[py] Module prometheus has missing NOTIFY_TYPES member
2024-09-10T11:33:25.709 INFO:journalctl@ceph.mon.a.smithi017.stdout:Sep 10 11:33:25 smithi017 ceph-mon[30817]: from='client.? 172.21.15.17:0/2159985268' entity='client.admin' cmd='[{"prefix": "mgr module enable", "module": "cephadm"}]': finished
2024-09-10T11:33:25.709 INFO:journalctl@ceph.mon.a.smithi017.stdout:Sep 10 11:33:25 smithi017 ceph-mon[30817]: mgrmap e5: x(active, since 5s)
2024-09-10T11:33:26.021 INFO:journalctl@ceph.mgr.x.smithi017.stdout:Sep 10 11:33:25 smithi017 ceph-44611ec8-6f68-11ef-bcea-c7b262605968-mgr-x[31046]:
2024-09-10T11:33:25.708+0000 7f6c3317c040 -1 mgr[py] Module selftest has missing NOTIFY_TYPES member
2024-09-10T11:33:26.021 INFO:journalctl@ceph.mgr.x.smithi017.stdout:Sep 10 11:33:25 smithi017 ceph-44611ec8-6f68-11ef-bcea-c7b262605968-mgr-x[31046]:
2024-09-10T11:33:25.906+0000 7f6c3317c040 -1 mgr[py] Module volumes has missing NOTIFY_TYPES member
2024-09-10T11:33:26.714 INFO:journalctl@ceph.mon.a.smithi017.stdout:Sep 10 11:33:26 smithi017 ceph-mon[30817]: from='client.? 172.21.15.17:0/330749357' entity='client.admin' cmd=[{"prefix": "mgr stat"}]: dispatch
2024-09-10T11:33:26.720 INFO:teuthology.orchestra.run.smithi017.stdout:/usr/bin/ceph: stdout {
2024-09-10T11:33:26.720 INFO:teuthology.orchestra.run.smithi017.stdout:/usr/bin/ceph: stdout "epoch": 5,
2024-09-10T11:33:26.721 INFO:teuthology.orchestra.run.smithi017.stdout:/usr/bin/ceph: stdout "available": true,
2024-09-10T11:33:26.721 INFO:teuthology.orchestra.run.smithi017.stdout:/usr/bin/ceph: stdout "active_name": "x",
2024-09-10T11:33:26.721 INFO:teuthology.orchestra.run.smithi017.stdout:/usr/bin/ceph: stdout "num_standby": 0
2024-09-10T11:33:26.721 INFO:teuthology.orchestra.run.smithi017.stdout:/usr/bin/ceph: stdout }
2024-09-10T11:33:26.721 INFO:teuthology.orchestra.run.smithi017.stdout:/usr/bin/ceph: stderr
2024-09-10T11:33:25.604+0000 7fbb2135b640 1 Processor -- start
2024-09-10T11:33:26.721 INFO:teuthology.orchestra.run.smithi017.stdout:/usr/bin/ceph: stderr
2024-09-10T11:33:25.604+0000 7fbb2135b640 1 -- start start
2024-09-10T11:33:26.721 INFO:teuthology.orchestra.run.smithi017.stdout:/usr/bin/ceph: stderr
2024-09-10T11:33:25.604+0000 7fbb2135b640 1 --2- >> [v2:172.21.15.17:3300/0,v1:172.21.15.17:6789/0] conn(0x7fbb1c1082f0 0x7fbb1c10a6e0 unknown :-1 s=NONE pgs=0 cs=0 l=0 rev1=0 crypto rx=0 tx=0 comp rx=0 tx=0).connect
2024-09-10T11:33:26.721 INFO:teuthology.orchestra.run.smithi017.stdout:/usr/bin/ceph: stderr
2024-09-10T11:33:25.604+0000 7fbb2135b640 1 -- --> [v2:172.21.15.17:3300/0,v1:172.21.15.17:6789/0] -- mon_getmap magic: 0 -- 0x7fbb1c07bdb0 con 0x7fbb1c1082f0
2024-09-10T11:33:26.721 INFO:teuthology.orchestra.run.smithi017.stdout:/usr/bin/ceph: stderr
2024-09-10T11:33:25.605+0000 7fbb1affd640 1 --2- >> [v2:172.21.15.17:3300/0,v1:172.21.15.17:6789/0] conn(0x7fbb1c1082f0 0x7fbb1c10a6e0 unknown :-1 s=BANNER_CONNECTING pgs=0 cs=0 l=0 rev1=0 crypto rx=0 tx=0 comp rx=0 tx=0)._handle_peer_banner_payload supported=3 required=0
2024-09-10T11:33:26.721 INFO:teuthology.orchestra.run.smithi017.stdout:/usr/bin/ceph: stderr
2024-09-10T11:33:25.605+0000 7fbb1affd640 1 --2- >> [v2:172.21.15.17:3300/0,v1:172.21.15.17:6789/0] conn(0x7fbb1c1082f0 0x7fbb1c10a6e0 unknown :-1 s=HELLO_CONNECTING pgs=0 cs=0 l=0 rev1=1 crypto rx=0 tx=0 comp rx=0 tx=0).handle_hello peer v2:172.21.15.17:3300/0 says I am v2:172.21.15.17:38632/0 (socket says 172.21.15.17:38632)
2024-09-10T11:33:26.721 INFO:teuthology.orchestra.run.smithi017.stdout:/usr/bin/ceph: stderr
2024-09-10T11:33:25.605+0000 7fbb1affd640 1 -- 172.21.15.17:0/2044153366 learned_addr learned my addr 172.21.15.17:0/2044153366 (peer_addr_for_me v2:172.21.15.17:0/0)
2024-09-10T11:33:26.721 INFO:teuthology.orchestra.run.smithi017.stdout:/usr/bin/ceph: stderr
2024-09-10T11:33:25.605+0000 7fbb1affd640 1 -- 172.21.15.17:0/2044153366 --> [v2:172.21.15.17:3300/0,v1:172.21.15.17:6789/0] -- mon_subscribe({config=0+,monmap=0+}) -- 0x7fbb1c10ac20 con 0x7fbb1c1082f0
2024-09-10T11:33:26.722 INFO:teuthology.orchestra.run.smithi017.stdout:/usr/bin/ceph: stderr
2024-09-10T11:33:25.606+0000 7fbb1affd640 1 --2- 172.21.15.17:0/2044153366 >> [v2:172.21.15.17:3300/0,v1:172.21.15.17:6789/0] conn(0x7fbb1c1082f0 0x7fbb1c10a6e0 secure :-1 s=READY pgs=24 cs=0 l=1 rev1=1 crypto rx=0x7fbb0c009820 tx=0x7fbb0c02a270 comp rx=0 tx=0).ready entity=mon.0 client_cookie=21fd2081dace5018 server_cookie=0 in_seq=0 out_seq=0
2024-09-10T11:33:26.722 INFO:teuthology.orchestra.run.smithi017.stdout:/usr/bin/ceph: stderr
2024-09-10T11:33:25.606+0000 7fbb1a7fc640 1 -- 172.21.15.17:0/2044153366 <== mon.0 v2:172.21.15.17:3300/0 1 ==== mon_map magic: 0 ==== 205+0+0 (secure 0 0 0) 0x7fbb0c037070 con 0x7fbb1c1082f0
2024-09-10T11:33:26.722 INFO:teuthology.orchestra.run.smithi017.stdout:/usr/bin/ceph: stderr
2024-09-10T11:33:25.606+0000 7fbb1a7fc640 1 -- 172.21.15.17:0/2044153366 <== mon.0 v2:172.21.15.17:3300/0 2 ==== config(27 keys) ==== 1109+0+0 (secure 0 0 0) 0x7fbb0c032900 con 0x7fbb1c1082f0
2024-09-10T11:33:26.722 INFO:teuthology.orchestra.run.smithi017.stdout:/usr/bin/ceph: stderr
2024-09-10T11:33:25.606+0000 7fbb1a7fc640 1 -- 172.21.15.17:0/2044153366 <== mon.0 v2:172.21.15.17:3300/0 3 ==== mon_map magic: 0 ==== 205+0+0 (secure 0 0 0) 0x7fbb0c030850 con 0x7fbb1c1082f0
2024-09-10T11:33:26.722 INFO:teuthology.orchestra.run.smithi017.stdout:/usr/bin/ceph: stderr
2024-09-10T11:33:25.606+0000 7fbb2135b640 1 -- 172.21.15.17:0/2044153366 >> [v2:172.21.15.17:3300/0,v1:172.21.15.17:6789/0] conn(0x7fbb1c1082f0 msgr2=0x7fbb1c10a6e0 secure :-1 s=STATE_CONNECTION_ESTABLISHED l=1).mark_down
2024-09-10T11:33:26.722 INFO:teuthology.orchestra.run.smithi017.stdout:/usr/bin/ceph: stderr
2024-09-10T11:33:25.606+0000 7fbb2135b640 1 --2- 172.21.15.17:0/2044153366 >> [v2:172.21.15.17:3300/0,v1:172.21.15.17:6789/0] conn(0x7fbb1c1082f0 0x7fbb1c10a6e0 secure :-1 s=READY pgs=24 cs=0 l=1 rev1=1 crypto rx=0x7fbb0c009820 tx=0x7fbb0c02a270 comp rx=0 tx=0).stop
2024-09-10T11:33:26.722 INFO:teuthology.orchestra.run.smithi017.stdout:/usr/bin/ceph: stderr
2024-09-10T11:33:25.607+0000 7fbb2135b640 1 -- 172.21.15.17:0/2044153366 shutdown_connections
2024-09-10T11:33:26.722 INFO:teuthology.orchestra.run.smithi017.stdout:/usr/bin/ceph: stderr
2024-09-10T11:33:25.607+0000 7fbb2135b640 1 --2- 172.21.15.17:0/2044153366 >> [v2:172.21.15.17:3300/0,v1:172.21.15.17:6789/0] conn(0x7fbb1c1082f0 0x7fbb1c10a6e0 unknown :-1 s=CLOSED pgs=24 cs=0 l=1 rev1=1 crypto rx=0 tx=0 comp rx=0 tx=0).stop
2024-09-10T11:33:26.722 INFO:teuthology.orchestra.run.smithi017.stdout:/usr/bin/ceph: stderr
2024-09-10T11:33:25.607+0000 7fbb2135b640 1 -- 172.21.15.17:0/2044153366 >> 172.21.15.17:0/2044153366 conn(0x7fbb1c101e70 msgr2=0x7fbb1c1042d0 unknown :-1 s=STATE_NONE l=0).mark_down
2024-09-10T11:33:26.722 INFO:teuthology.orchestra.run.smithi017.stdout:/usr/bin/ceph: stderr
2024-09-10T11:33:25.607+0000 7fbb2135b640 1 -- 172.21.15.17:0/2044153366 shutdown_connections
2024-09-10T11:33:26.722 INFO:teuthology.orchestra.run.smithi017.stdout:/usr/bin/ceph: stderr
2024-09-10T11:33:25.607+0000 7fbb2135b640 1 -- 172.21.15.17:0/2044153366 wait complete.
2024-09-10T11:33:26.722 INFO:teuthology.orchestra.run.smithi017.stdout:/usr/bin/ceph: stderr
2024-09-10T11:33:25.607+0000 7fbb2135b640 1 Processor -- start
2024-09-10T11:33:26.722 INFO:teuthology.orchestra.run.smithi017.stdout:/usr/bin/ceph: stderr
2024-09-10T11:33:25.607+0000 7fbb2135b640 1 -- start start
2024-09-10T11:33:26.723 INFO:teuthology.orchestra.run.smithi017.stdout:/usr/bin/ceph: stderr
2024-09-10T11:33:25.607+0000 7fbb2135b640 1 --2- >> [v2:172.21.15.17:3300/0,v1:172.21.15.17:6789/0] conn(0x7fbb1c1082f0 0x7fbb1c107b70 unknown :-1 s=NONE pgs=0 cs=0 l=1 rev1=0 crypto rx=0 tx=0 comp rx=0 tx=0).connect
2024-09-10T11:33:26.723 INFO:teuthology.orchestra.run.smithi017.stdout:/usr/bin/ceph: stderr
2024-09-10T11:33:25.607+0000 7fbb2135b640 1 -- --> [v2:172.21.15.17:3300/0,v1:172.21.15.17:6789/0] -- mon_getmap magic: 0 -- 0x7fbb1c10bb90 con 0x7fbb1c1082f0
2024-09-10T11:33:26.723 INFO:teuthology.orchestra.run.smithi017.stdout:/usr/bin/ceph: stderr
2024-09-10T11:33:25.608+0000 7fbb1affd640 1 --2- >> [v2:172.21.15.17:3300/0,v1:172.21.15.17:6789/0] conn(0x7fbb1c1082f0 0x7fbb1c107b70 unknown :-1 s=BANNER_CONNECTING pgs=0 cs=0 l=1 rev1=0 crypto rx=0 tx=0 comp rx=0 tx=0)._handle_peer_banner_payload supported=3 required=0
2024-09-10T11:33:26.723 INFO:teuthology.orchestra.run.smithi017.stdout:/usr/bin/ceph: stderr
2024-09-10T11:33:25.608+0000 7fbb1affd640 1 --2- >> [v2:172.21.15.17:3300/0,v1:172.21.15.17:6789/0] conn(0x7fbb1c1082f0 0x7fbb1c107b70 unknown :-1 s=HELLO_CONNECTING pgs=0 cs=0 l=1 rev1=1 crypto rx=0 tx=0 comp rx=0 tx=0).handle_hello peer v2:172.21.15.17:3300/0 says I am v2:172.21.15.17:38634/0 (socket says 172.21.15.17:38634)
2024-09-10T11:33:26.723 INFO:teuthology.orchestra.run.smithi017.stdout:/usr/bin/ceph: stderr
2024-09-10T11:33:25.608+0000 7fbb1affd640 1 -- 172.21.15.17:0/330749357 learned_addr learned my addr 172.21.15.17:0/330749357 (peer_addr_for_me v2:172.21.15.17:0/0)
2024-09-10T11:33:26.723 INFO:teuthology.orchestra.run.smithi017.stdout:/usr/bin/ceph: stderr
2024-09-10T11:33:25.608+0000 7fbb1affd640 1 -- 172.21.15.17:0/330749357 --> [v2:172.21.15.17:3300/0,v1:172.21.15.17:6789/0] -- mon_subscribe({config=0+,monmap=0+}) -- 0x7fbb1c1080b0 con 0x7fbb1c1082f0
2024-09-10T11:33:26.723 INFO:teuthology.orchestra.run.smithi017.stdout:/usr/bin/ceph: stderr
2024-09-10T11:33:25.608+0000 7fbb1affd640 1 --2- 172.21.15.17:0/330749357 >> [v2:172.21.15.17:3300/0,v1:172.21.15.17:6789/0] conn(0x7fbb1c1082f0 0x7fbb1c107b70 secure :-1 s=READY pgs=25 cs=0 l=1 rev1=1 crypto rx=0x7fbb0c032ce0 tx=0x7fbb0c032d10 comp rx=0 tx=0).ready entity=mon.0 client_cookie=0 server_cookie=0 in_seq=0 out_seq=0
2024-09-10T11:33:26.723 INFO:teuthology.orchestra.run.smithi017.stdout:/usr/bin/ceph: stderr
2024-09-10T11:33:25.608+0000 7fbb18ff9640 1 -- 172.21.15.17:0/330749357 <== mon.0 v2:172.21.15.17:3300/0 1 ==== mon_map magic: 0 ==== 205+0+0 (secure 0 0 0) 0x7fbb0c042070 con 0x7fbb1c1082f0
2024-09-10T11:33:26.723 INFO:teuthology.orchestra.run.smithi017.stdout:/usr/bin/ceph: stderr
2024-09-10T11:33:25.608+0000 7fbb18ff9640 1 -- 172.21.15.17:0/330749357 <== mon.0 v2:172.21.15.17:3300/0 2 ==== config(27 keys) ==== 1109+0+0 (secure 0 0 0) 0x7fbb0c0308c0 con 0x7fbb1c1082f0
2024-09-10T11:33:26.723 INFO:teuthology.orchestra.run.smithi017.stdout:/usr/bin/ceph: stderr
2024-09-10T11:33:25.608+0000 7fbb2135b640 1 -- 172.21.15.17:0/330749357 --> [v2:172.21.15.17:3300/0,v1:172.21.15.17:6789/0] -- mon_subscribe({mgrmap=0+}) -- 0x7fbb1c1062a0 con 0x7fbb1c1082f0
2024-09-10T11:33:26.723 INFO:teuthology.orchestra.run.smithi017.stdout:/usr/bin/ceph: stderr
2024-09-10T11:33:25.608+0000 7fbb18ff9640 1 -- 172.21.15.17:0/330749357 <== mon.0 v2:172.21.15.17:3300/0 3 ==== mon_map magic: 0 ==== 205+0+0 (secure 0 0 0) 0x7fbb0c037040 con 0x7fbb1c1082f0
2024-09-10T11:33:26.723 INFO:teuthology.orchestra.run.smithi017.stdout:/usr/bin/ceph: stderr
2024-09-10T11:33:25.608+0000 7fbb2135b640 1 -- 172.21.15.17:0/330749357 --> [v2:172.21.15.17:3300/0,v1:172.21.15.17:6789/0] -- mon_subscribe({osdmap=0}) -- 0x7fbb1c1067e0 con 0x7fbb1c1082f0
2024-09-10T11:33:26.724 INFO:teuthology.orchestra.run.smithi017.stdout:/usr/bin/ceph: stderr
2024-09-10T11:33:25.609+0000 7fbb18ff9640 1 -- 172.21.15.17:0/330749357 <== mon.0 v2:172.21.15.17:3300/0 4 ==== mgrmap(e 5) ==== 46287+0+0 (secure 0 0 0) 0x7fbb0c045070 con 0x7fbb1c1082f0
2024-09-10T11:33:26.724 INFO:teuthology.orchestra.run.smithi017.stdout:/usr/bin/ceph: stderr
2024-09-10T11:33:25.609+0000 7fbb2135b640 1 -- 172.21.15.17:0/330749357 --> [v2:172.21.15.17:3300/0,v1:172.21.15.17:6789/0] -- mon_command({"prefix": "get_command_descriptions"} v 0) -- 0x7fbb1c108750 con 0x7fbb1c1082f0
2024-09-10T11:33:26.724 INFO:teuthology.orchestra.run.smithi017.stdout:/usr/bin/ceph: stderr
2024-09-10T11:33:25.610+0000 7fbb18ff9640 1 --2- 172.21.15.17:0/330749357 >> [v2:172.21.15.17:6800/817290704,v1:172.21.15.17:6801/817290704] conn(0x7fbb08038f70 0x7fbb0803b430 unknown :-1 s=NONE pgs=0 cs=0 l=1 rev1=0 crypto rx=0 tx=0 comp rx=0 tx=0).connect
2024-09-10T11:33:26.724 INFO:teuthology.orchestra.run.smithi017.stdout:/usr/bin/ceph: stderr
2024-09-10T11:33:25.610+0000 7fbb18ff9640 1 -- 172.21.15.17:0/330749357 <== mon.0 v2:172.21.15.17:3300/0 5 ==== osd_map(1..1 src has 1..1) ==== 725+0+0 (secure 0 0 0) 0x7fbb0c06bfa0 con 0x7fbb1c1082f0
2024-09-10T11:33:26.724 INFO:teuthology.orchestra.run.smithi017.stdout:/usr/bin/ceph: stderr
2024-09-10T11:33:25.610+0000 7fbb13fff640 1 -- 172.21.15.17:0/330749357 >> [v2:172.21.15.17:6800/817290704,v1:172.21.15.17:6801/817290704] conn(0x7fbb08038f70 msgr2=0x7fbb0803b430 unknown :-1 s=STATE_CONNECTING_RE l=1).process reconnect failed to v2:172.21.15.17:6800/817290704
2024-09-10T11:33:26.724 INFO:teuthology.orchestra.run.smithi017.stdout:/usr/bin/ceph: stderr
2024-09-10T11:33:25.610+0000 7fbb13fff640 1 --2- 172.21.15.17:0/330749357 >> [v2:172.21.15.17:6800/817290704,v1:172.21.15.17:6801/817290704] conn(0x7fbb08038f70 0x7fbb0803b430 unknown :-1 s=START_CONNECT pgs=0 cs=0 l=1 rev1=0 crypto rx=0 tx=0 comp rx=0 tx=0)._fault waiting 0.200000
2024-09-10T11:33:26.724 INFO:teuthology.orchestra.run.smithi017.stdout:/usr/bin/ceph: stderr
2024-09-10T11:33:25.614+0000 7fbb18ff9640 1 -- 172.21.15.17:0/330749357 <== mon.0 v2:172.21.15.17:3300/0 6 ==== mon_command_ack([{"prefix": "get_command_descriptions"}]=0 v0) ==== 72+0+188821 (secure 0 0 0) 0x7fbb0c03cdd0 con 0x7fbb1c1082f0
2024-09-10T11:33:26.724 INFO:teuthology.orchestra.run.smithi017.stdout:/usr/bin/ceph: stderr
2024-09-10T11:33:25.811+0000 7fbb13fff640 1 -- 172.21.15.17:0/330749357 >> [v2:172.21.15.17:6800/817290704,v1:172.21.15.17:6801/817290704] conn(0x7fbb08038f70 msgr2=0x7fbb0803b430 unknown :-1 s=STATE_CONNECTING_RE l=1).process reconnect failed to v2:172.21.15.17:6800/817290704
2024-09-10T11:33:26.724 INFO:teuthology.orchestra.run.smithi017.stdout:/usr/bin/ceph: stderr
2024-09-10T11:33:25.811+0000 7fbb13fff640 1 --2- 172.21.15.17:0/330749357 >> [v2:172.21.15.17:6800/817290704,v1:172.21.15.17:6801/817290704] conn(0x7fbb08038f70 0x7fbb0803b430 unknown :-1 s=START_CONNECT pgs=0 cs=0 l=1 rev1=0 crypto rx=0 tx=0 comp rx=0 tx=0)._fault waiting 0.400000
2024-09-10T11:33:26.724 INFO:teuthology.orchestra.run.smithi017.stdout:/usr/bin/ceph: stderr
2024-09-10T11:33:25.840+0000 7fbb2135b640 1 -- 172.21.15.17:0/330749357 --> [v2:172.21.15.17:3300/0,v1:172.21.15.17:6789/0] -- mon_command({"prefix": "mgr stat"} v 0) -- 0x7fbb1c106a60 con 0x7fbb1c1082f0
2024-09-10T11:33:26.724 INFO:teuthology.orchestra.run.smithi017.stdout:/usr/bin/ceph: stderr
2024-09-10T11:33:25.840+0000 7fbb18ff9640 1 -- 172.21.15.17:0/330749357 <== mon.0 v2:172.21.15.17:3300/0 7 ==== mon_command_ack([{"prefix": "mgr stat"}]=0 v5) ==== 56+0+88 (secure 0 0 0) 0x7fbb0c045520 con 0x7fbb1c1082f0
2024-09-10T11:33:26.724 INFO:teuthology.orchestra.run.smithi017.stdout:/usr/bin/ceph: stderr
2024-09-10T11:33:25.843+0000 7fbb2135b640 1 -- 172.21.15.17:0/330749357 >> [v2:172.21.15.17:6800/817290704,v1:172.21.15.17:6801/817290704] conn(0x7fbb08038f70 msgr2=0x7fbb0803b430 unknown :-1 s=STATE_CONNECTING l=1).mark_down
2024-09-10T11:33:26.725 INFO:teuthology.orchestra.run.smithi017.stdout:/usr/bin/ceph: stderr
2024-09-10T11:33:25.843+0000 7fbb2135b640 1 --2- 172.21.15.17:0/330749357 >> [v2:172.21.15.17:6800/817290704,v1:172.21.15.17:6801/817290704] conn(0x7fbb08038f70 0x7fbb0803b430 unknown :-1 s=START_CONNECT pgs=0 cs=0 l=1 rev1=0 crypto rx=0 tx=0 comp rx=0 tx=0).stop
2024-09-10T11:33:26.725 INFO:teuthology.orchestra.run.smithi017.stdout:/usr/bin/ceph: stderr
2024-09-10T11:33:25.843+0000 7fbb2135b640 1 -- 172.21.15.17:0/330749357 >> [v2:172.21.15.17:3300/0,v1:172.21.15.17:6789/0] conn(0x7fbb1c1082f0 msgr2=0x7fbb1c107b70 secure :-1 s=STATE_CONNECTION_ESTABLISHED l=1).mark_down
2024-09-10T11:33:26.725 INFO:teuthology.orchestra.run.smithi017.stdout:/usr/bin/ceph: stderr
2024-09-10T11:33:25.843+0000 7fbb2135b640 1 --2- 172.21.15.17:0/330749357 >> [v2:172.21.15.17:3300/0,v1:172.21.15.17:6789/0] conn(0x7fbb1c1082f0 0x7fbb1c107b70 secure :-1 s=READY pgs=25 cs=0 l=1 rev1=1 crypto rx=0x7fbb0c032ce0 tx=0x7fbb0c032d10 comp rx=0 tx=0).stop
2024-09-10T11:33:26.725 INFO:teuthology.orchestra.run.smithi017.stdout:/usr/bin/ceph: stderr
2024-09-10T11:33:25.843+0000 7fbb2135b640 1 -- 172.21.15.17:0/330749357 shutdown_connections
2024-09-10T11:33:26.725 INFO:teuthology.orchestra.run.smithi017.stdout:/usr/bin/ceph: stderr
2024-09-10T11:33:25.843+0000 7fbb2135b640 1 --2- 172.21.15.17:0/330749357 >> [v2:172.21.15.17:6800/817290704,v1:172.21.15.17:6801/817290704] conn(0x7fbb08038f70 0x7fbb0803b430 unknown :-1 s=CLOSED pgs=0 cs=0 l=1 rev1=0 crypto rx=0 tx=0 comp rx=0 tx=0).stop
2024-09-10T11:33:26.725 INFO:teuthology.orchestra.run.smithi017.stdout:/usr/bin/ceph: stderr
2024-09-10T11:33:25.843+0000 7fbb2135b640 1 --2- 172.21.15.17:0/330749357 >> [v2:172.21.15.17:3300/0,v1:172.21.15.17:6789/0] conn(0x7fbb1c1082f0 0x7fbb1c107b70 unknown :-1 s=CLOSED pgs=25 cs=0 l=1 rev1=1 crypto rx=0 tx=0 comp rx=0 tx=0).stop
2024-09-10T11:33:26.725 INFO:teuthology.orchestra.run.smithi017.stdout:/usr/bin/ceph: stderr
2024-09-10T11:33:25.843+0000 7fbb2135b640 1 -- 172.21.15.17:0/330749357 >> 172.21.15.17:0/330749357 conn(0x7fbb1c101e70 msgr2=0x7fbb1c102a60 unknown :-1 s=STATE_NONE l=0).mark_down
2024-09-10T11:33:26.725 INFO:teuthology.orchestra.run.smithi017.stdout:/usr/bin/ceph: stderr
2024-09-10T11:33:25.843+0000 7fbb2135b640 1 -- 172.21.15.17:0/330749357 shutdown_connections
2024-09-10T11:33:26.725 INFO:teuthology.orchestra.run.smithi017.stdout:/usr/bin/ceph: stderr
2024-09-10T11:33:25.843+0000 7fbb2135b640 1 -- 172.21.15.17:0/330749357 wait complete.
2024-09-10T11:33:26.725 INFO:teuthology.orchestra.run.smithi017.stdout:Waiting for the mgr to restart...
2024-09-10T11:33:26.725 INFO:teuthology.orchestra.run.smithi017.stdout:Waiting for mgr epoch 5...
2024-09-10T11:33:27.021 INFO:journalctl@ceph.mgr.x.smithi017.stdout:Sep 10 11:33:26 smithi017 ceph-44611ec8-6f68-11ef-bcea-c7b262605968-mgr-x[31046]:
2024-09-10T11:33:26.834+0000 7f6c3317c040 -1 mgr[py] Module telemetry has missing NOTIFY_TYPES member
2024-09-10T11:33:27.021 INFO:journalctl@ceph.mgr.x.smithi017.stdout:Sep 10 11:33:26 smithi017 ceph-44611ec8-6f68-11ef-bcea-c7b262605968-mgr-x[31046]:
2024-09-10T11:33:26.905+0000 7f6c3317c040 -1 mgr[py] Module balancer has missing NOTIFY_TYPES member
2024-09-10T11:33:27.928 INFO:journalctl@ceph.mgr.x.smithi017.stdout:Sep 10 11:33:27 smithi017 ceph-44611ec8-6f68-11ef-bcea-c7b262605968-mgr-x[31046]:
2024-09-10T11:33:27.657+0000 7f6c3317c040 -1 mgr[py] Module rook has missing NOTIFY_TYPES member
2024-09-10T11:33:27.928 INFO:journalctl@ceph.mgr.x.smithi017.stdout:Sep 10 11:33:27 smithi017 ceph-44611ec8-6f68-11ef-bcea-c7b262605968-mgr-x[31046]:
2024-09-10T11:33:27.778+0000 7f6c3317c040 -1 mgr[py] Module iostat has missing NOTIFY_TYPES member
2024-09-10T11:33:28.218 INFO:journalctl@ceph.mgr.x.smithi017.stdout:Sep 10 11:33:27 smithi017 ceph-44611ec8-6f68-11ef-bcea-c7b262605968-mgr-x[31046]:
2024-09-10T11:33:27.927+0000 7f6c3317c040 -1 mgr[py] Module orchestrator has missing NOTIFY_TYPES member
2024-09-10T11:33:28.218 INFO:journalctl@ceph.mgr.x.smithi017.stdout:Sep 10 11:33:27 smithi017 ceph-44611ec8-6f68-11ef-bcea-c7b262605968-mgr-x[31046]:
2024-09-10T11:33:27.990+0000 7f6c3317c040 -1 mgr[py] Module devicehealth has missing NOTIFY_TYPES member
2024-09-10T11:33:28.218 INFO:journalctl@ceph.mgr.x.smithi017.stdout:Sep 10 11:33:28 smithi017 ceph-44611ec8-6f68-11ef-bcea-c7b262605968-mgr-x[31046]:
2024-09-10T11:33:28.146+0000 7f6c3317c040 -1 mgr[py] Module rgw has missing NOTIFY_TYPES member
2024-09-10T11:33:28.218 INFO:journalctl@ceph.mgr.x.smithi017.stdout:Sep 10 11:33:28 smithi017 ceph-44611ec8-6f68-11ef-bcea-c7b262605968-mgr-x[31046]:
2024-09-10T11:33:28.216+0000 7f6c3317c040 -1 mgr[py] Module alerts has missing NOTIFY_TYPES member
2024-09-10T11:33:28.512 INFO:journalctl@ceph.mgr.x.smithi017.stdout:Sep 10 11:33:28 smithi017 ceph-44611ec8-6f68-11ef-bcea-c7b262605968-mgr-x[31046]:
2024-09-10T11:33:28.279+0000 7f6c3317c040 -1 mgr[py] Module progress has missing NOTIFY_TYPES member
2024-09-10T11:33:28.512 INFO:journalctl@ceph.mgr.x.smithi017.stdout:Sep 10 11:33:28 smithi017 ceph-44611ec8-6f68-11ef-bcea-c7b262605968-mgr-x[31046]:
2024-09-10T11:33:28.444+0000 7f6c3317c040 -1 mgr[py] Module nfs has missing NOTIFY_TYPES member
2024-09-10T11:33:28.771 INFO:journalctl@ceph.mgr.x.smithi017.stdout:Sep 10 11:33:28 smithi017 ceph-44611ec8-6f68-11ef-bcea-c7b262605968-mgr-x[31046]:
2024-09-10T11:33:28.512+0000 7f6c3317c040 -1 mgr[py] Module status has missing NOTIFY_TYPES member
2024-09-10T11:33:28.772 INFO:journalctl@ceph.mgr.x.smithi017.stdout:Sep 10 11:33:28 smithi017 ceph-44611ec8-6f68-11ef-bcea-c7b262605968-mgr-x[31046]:
2024-09-10T11:33:28.581+0000 7f6c3317c040 -1 mgr[py] Module pg_autoscaler has missing NOTIFY_TYPES member
2024-09-10T11:33:28.772 INFO:journalctl@ceph.mgr.x.smithi017.stdout:Sep 10 11:33:28 smithi017 ceph-44611ec8-6f68-11ef-bcea-c7b262605968-mgr-x[31046]:
2024-09-10T11:33:28.667+0000 7f6c3317c040 -1 mgr[py] Module rbd_support has missing NOTIFY_TYPES member
2024-09-10T11:33:28.772 INFO:journalctl@ceph.mgr.x.smithi017.stdout:Sep 10 11:33:28 smithi017 ceph-44611ec8-6f68-11ef-bcea-c7b262605968-mgr-x[31046]:
2024-09-10T11:33:28.729+0000 7f6c3317c040 -1 mgr[py] Module influx has missing NOTIFY_TYPES member
2024-09-10T11:33:29.271 INFO:journalctl@ceph.mgr.x.smithi017.stdout:Sep 10 11:33:28 smithi017 ceph-44611ec8-6f68-11ef-bcea-c7b262605968-mgr-x[31046]:
2024-09-10T11:33:28.790+0000 7f6c3317c040 -1 mgr[py] Module zabbix has missing NOTIFY_TYPES member
2024-09-10T11:33:29.771 INFO:journalctl@ceph.mgr.x.smithi017.stdout:Sep 10 11:33:29 smithi017 ceph-44611ec8-6f68-11ef-bcea-c7b262605968-mgr-x[31046]:
2024-09-10T11:33:29.645+0000 7f6c3317c040 -1 mgr[py] Module telegraf has missing NOTIFY_TYPES member
2024-09-10T11:33:29.772 INFO:journalctl@ceph.mon.a.smithi017.stdout:Sep 10 11:33:29 smithi017 ceph-mon[30817]: Active manager daemon x restarted
2024-09-10T11:33:29.772 INFO:journalctl@ceph.mon.a.smithi017.stdout:Sep 10 11:33:29 smithi017 ceph-mon[30817]: Activating manager daemon x
2024-09-10T11:33:29.772 INFO:journalctl@ceph.mon.a.smithi017.stdout:Sep 10 11:33:29 smithi017 ceph-mon[30817]: osdmap e2: 0 total, 0 up, 0 in
2024-09-10T11:33:29.772 INFO:journalctl@ceph.mon.a.smithi017.stdout:Sep 10 11:33:29 smithi017 ceph-mon[30817]: mgrmap e6: x(active, starting, since 0.00356134s)
2024-09-10T11:33:29.772 INFO:journalctl@ceph.mon.a.smithi017.stdout:Sep 10 11:33:29 smithi017 ceph-mon[30817]: from='mgr.14118 172.21.15.17:0/2389962509' entity='mgr.x' cmd=[{"prefix": "mon metadata", "id": "a"}]: dispatch
2024-09-10T11:33:29.772 INFO:journalctl@ceph.mon.a.smithi017.stdout:Sep 10 11:33:29 smithi017 ceph-mon[30817]: from='mgr.14118 172.21.15.17:0/2389962509' entity='mgr.x' cmd=[{"prefix": "mgr metadata", "who": "x", "id": "x"}]: dispatch
2024-09-10T11:33:29.772 INFO:journalctl@ceph.mon.a.smithi017.stdout:Sep 10 11:33:29 smithi017 ceph-mon[30817]: from='mgr.14118 172.21.15.17:0/2389962509' entity='mgr.x' cmd=[{"prefix": "mds metadata"}]: dispatch
2024-09-10T11:33:29.772 INFO:journalctl@ceph.mon.a.smithi017.stdout:Sep 10 11:33:29 smithi017 ceph-mon[30817]: from='mgr.14118 172.21.15.17:0/2389962509' entity='mgr.x' cmd=[{"prefix": "osd metadata"}]: dispatch
2024-09-10T11:33:29.772 INFO:journalctl@ceph.mon.a.smithi017.stdout:Sep 10 11:33:29 smithi017 ceph-mon[30817]: from='mgr.14118 172.21.15.17:0/2389962509' entity='mgr.x' cmd=[{"prefix": "mon metadata"}]: dispatch
2024-09-10T11:33:29.772 INFO:journalctl@ceph.mon.a.smithi017.stdout:Sep 10 11:33:29 smithi017 ceph-mon[30817]: Manager daemon x is now available
2024-09-10T11:33:29.773 INFO:journalctl@ceph.mon.a.smithi017.stdout:Sep 10 11:33:29 smithi017 ceph-mon[30817]: from='mgr.14118 172.21.15.17:0/2389962509' entity='mgr.x'
2024-09-10T11:33:29.773 INFO:journalctl@ceph.mon.a.smithi017.stdout:Sep 10 11:33:29 smithi017 ceph-mon[30817]: from='mgr.14118 172.21.15.17:0/2389962509' entity='mgr.x'
2024-09-10T11:33:29.773 INFO:journalctl@ceph.mon.a.smithi017.stdout:Sep 10 11:33:29 smithi017 ceph-mon[30817]: from='mgr.14118 172.21.15.17:0/2389962509' entity='mgr.x' cmd=[{"prefix": "config dump", "format": "json"}]: dispatch
2024-09-10T11:33:29.773 INFO:journalctl@ceph.mon.a.smithi017.stdout:Sep 10 11:33:29 smithi017 ceph-mon[30817]: from='mgr.14118 172.21.15.17:0/2389962509' entity='mgr.x' cmd=[{"prefix": "config dump", "format": "json"}]: dispatch
2024-09-10T11:33:29.773 INFO:journalctl@ceph.mon.a.smithi017.stdout:Sep 10 11:33:29 smithi017 ceph-mon[30817]: from='mgr.14118 172.21.15.17:0/2389962509' entity='mgr.x' cmd=[{"prefix":"config rm","who":"mgr","name":"mgr/rbd_support/x/mirror_snapshot_schedule"}]: dispatch
2024-09-10T11:33:29.773 INFO:journalctl@ceph.mon.a.smithi017.stdout:Sep 10 11:33:29 smithi017 ceph-mon[30817]: from='mgr.14118 172.21.15.17:0/2389962509' entity='mgr.x' cmd=[{"prefix":"config rm","who":"mgr","name":"mgr/rbd_support/x/trash_purge_schedule"}]: dispatch
2024-09-10T11:33:31.178 INFO:teuthology.orchestra.run.smithi017.stdout:/usr/bin/ceph: stdout {
2024-09-10T11:33:31.178 INFO:teuthology.orchestra.run.smithi017.stdout:/usr/bin/ceph: stdout "mgrmap_epoch": 7,
2024-09-10T11:33:31.178 INFO:teuthology.orchestra.run.smithi017.stdout:/usr/bin/ceph: stdout "initialized": true
2024-09-10T11:33:31.178 INFO:teuthology.orchestra.run.smithi017.stdout:/usr/bin/ceph: stdout }
2024-09-10T11:33:31.178 INFO:teuthology.orchestra.run.smithi017.stdout:/usr/bin/ceph: stderr
2024-09-10T11:33:27.102+0000 7fbb177d4640 1 Processor -- start
2024-09-10T11:33:31.178 INFO:teuthology.orchestra.run.smithi017.stdout:/usr/bin/ceph: stderr
2024-09-10T11:33:27.102+0000 7fbb177d4640 1 -- start start
2024-09-10T11:33:31.178 INFO:teuthology.orchestra.run.smithi017.stdout:/usr/bin/ceph: stderr
2024-09-10T11:33:27.103+0000 7fbb177d4640 1 --2- >> [v2:172.21.15.17:3300/0,v1:172.21.15.17:6789/0] conn(0x7fbb10106730 0x7fbb10106b30 unknown :-1 s=NONE pgs=0 cs=0 l=0 rev1=0 crypto rx=0 tx=0 comp rx=0 tx=0).connect
2024-09-10T11:33:31.179 INFO:teuthology.orchestra.run.smithi017.stdout:/usr/bin/ceph: stderr
2024-09-10T11:33:27.103+0000 7fbb177d4640 1 -- --> [v2:172.21.15.17:3300/0,v1:172.21.15.17:6789/0] -- mon_getmap magic: 0 -- 0x7fbb10107100 con 0x7fbb10106730
2024-09-10T11:33:31.179 INFO:teuthology.orchestra.run.smithi017.stdout:/usr/bin/ceph: stderr
2024-09-10T11:33:27.103+0000 7fbb15570640 1 --2- >> [v2:172.21.15.17:3300/0,v1:172.21.15.17:6789/0] conn(0x7fbb10106730 0x7fbb10106b30 unknown :-1 s=BANNER_CONNECTING pgs=0 cs=0 l=0 rev1=0 crypto rx=0 tx=0 comp rx=0 tx=0)._handle_peer_banner_payload supported=3 required=0
2024-09-10T11:33:31.179 INFO:teuthology.orchestra.run.smithi017.stdout:/usr/bin/ceph: stderr
2024-09-10T11:33:27.103+0000 7fbb15570640 1 --2- >> [v2:172.21.15.17:3300/0,v1:172.21.15.17:6789/0] conn(0x7fbb10106730 0x7fbb10106b30 unknown :-1 s=HELLO_CONNECTING pgs=0 cs=0 l=0 rev1=1 crypto rx=0 tx=0 comp rx=0 tx=0).handle_hello peer v2:172.21.15.17:3300/0 says I am v2:172.21.15.17:38640/0 (socket says 172.21.15.17:38640)
2024-09-10T11:33:31.179 INFO:teuthology.orchestra.run.smithi017.stdout:/usr/bin/ceph: stderr
2024-09-10T11:33:27.103+0000 7fbb15570640 1 -- 172.21.15.17:0/2650041102 learned_addr learned my addr 172.21.15.17:0/2650041102 (peer_addr_for_me v2:172.21.15.17:0/0)
2024-09-10T11:33:31.179 INFO:teuthology.orchestra.run.smithi017.stdout:/usr/bin/ceph: stderr
2024-09-10T11:33:27.103+0000 7fbb15570640 1 -- 172.21.15.17:0/2650041102 --> [v2:172.21.15.17:3300/0,v1:172.21.15.17:6789/0] -- mon_subscribe({config=0+,monmap=0+}) -- 0x7fbb10107930 con 0x7fbb10106730
2024-09-10T11:33:31.179 INFO:teuthology.orchestra.run.smithi017.stdout:/usr/bin/ceph: stderr
2024-09-10T11:33:27.104+0000 7fbb15570640 1 --2- 172.21.15.17:0/2650041102 >> [v2:172.21.15.17:3300/0,v1:172.21.15.17:6789/0] conn(0x7fbb10106730 0x7fbb10106b30 secure :-1 s=READY pgs=26 cs=0 l=1 rev1=1 crypto rx=0x7fbb0c009820 tx=0x7fbb0c02a270 comp rx=0 tx=0).ready entity=mon.0 client_cookie=a293a84b0dcfbaa2 server_cookie=0 in_seq=0 out_seq=0
2024-09-10T11:33:31.179 INFO:teuthology.orchestra.run.smithi017.stdout:/usr/bin/ceph: stderr
2024-09-10T11:33:27.104+0000 7fbb07fff640 1 -- 172.21.15.17:0/2650041102 <== mon.0 v2:172.21.15.17:3300/0 1 ==== mon_map magic: 0 ==== 205+0+0 (secure 0 0 0) 0x7fbb0c037070 con 0x7fbb10106730
2024-09-10T11:33:31.179 INFO:teuthology.orchestra.run.smithi017.stdout:/usr/bin/ceph: stderr
2024-09-10T11:33:27.104+0000 7fbb07fff640 1 -- 172.21.15.17:0/2650041102 <== mon.0 v2:172.21.15.17:3300/0 2 ==== config(27 keys) ==== 1109+0+0 (secure 0 0 0) 0x7fbb0c032900 con 0x7fbb10106730
2024-09-10T11:33:31.179 INFO:teuthology.orchestra.run.smithi017.stdout:/usr/bin/ceph: stderr
2024-09-10T11:33:27.104+0000 7fbb07fff640 1 -- 172.21.15.17:0/2650041102 <== mon.0 v2:172.21.15.17:3300/0 3 ==== mon_map magic: 0 ==== 205+0+0 (secure 0 0 0) 0x7fbb0c030850 con 0x7fbb10106730
2024-09-10T11:33:31.179 INFO:teuthology.orchestra.run.smithi017.stdout:/usr/bin/ceph: stderr
2024-09-10T11:33:27.105+0000 7fbb177d4640 1 -- 172.21.15.17:0/2650041102 >> [v2:172.21.15.17:3300/0,v1:172.21.15.17:6789/0] conn(0x7fbb10106730 msgr2=0x7fbb10106b30 secure :-1 s=STATE_CONNECTION_ESTABLISHED l=1).mark_down
2024-09-10T11:33:31.179 INFO:teuthology.orchestra.run.smithi017.stdout:/usr/bin/ceph: stderr
2024-09-10T11:33:27.105+0000 7fbb177d4640 1 --2- 172.21.15.17:0/2650041102 >> [v2:172.21.15.17:3300/0,v1:172.21.15.17:6789/0] conn(0x7fbb10106730 0x7fbb10106b30 secure :-1 s=READY pgs=26 cs=0 l=1 rev1=1 crypto rx=0x7fbb0c009820 tx=0x7fbb0c02a270 comp rx=0 tx=0).stop
2024-09-10T11:33:31.179 INFO:teuthology.orchestra.run.smithi017.stdout:/usr/bin/ceph: stderr
2024-09-10T11:33:27.105+0000 7fbb177d4640 1 -- 172.21.15.17:0/2650041102 shutdown_connections
2024-09-10T11:33:31.180 INFO:teuthology.orchestra.run.smithi017.stdout:/usr/bin/ceph: stderr
2024-09-10T11:33:27.105+0000 7fbb177d4640 1 --2- 172.21.15.17:0/2650041102 >> [v2:172.21.15.17:3300/0,v1:172.21.15.17:6789/0] conn(0x7fbb10106730 0x7fbb10106b30 unknown :-1 s=CLOSED pgs=26 cs=0 l=1 rev1=1 crypto rx=0 tx=0 comp rx=0 tx=0).stop
2024-09-10T11:33:31.180 INFO:teuthology.orchestra.run.smithi017.stdout:/usr/bin/ceph: stderr
2024-09-10T11:33:27.105+0000 7fbb177d4640 1 -- 172.21.15.17:0/2650041102 >> 172.21.15.17:0/2650041102 conn(0x7fbb10101e80 msgr2=0x7fbb10104300 unknown :-1 s=STATE_NONE l=0).mark_down
2024-09-10T11:33:31.180 INFO:teuthology.orchestra.run.smithi017.stdout:/usr/bin/ceph: stderr
2024-09-10T11:33:27.105+0000 7fbb177d4640 1 -- 172.21.15.17:0/2650041102 shutdown_connections
2024-09-10T11:33:31.180 INFO:teuthology.orchestra.run.smithi017.stdout:/usr/bin/ceph: stderr
2024-09-10T11:33:27.105+0000 7fbb177d4640 1 -- 172.21.15.17:0/2650041102 wait complete.
2024-09-10T11:33:31.180 INFO:teuthology.orchestra.run.smithi017.stdout:/usr/bin/ceph: stderr
2024-09-10T11:33:27.106+0000 7fbb177d4640 1 Processor -- start
2024-09-10T11:33:31.180 INFO:teuthology.orchestra.run.smithi017.stdout:/usr/bin/ceph: stderr
2024-09-10T11:33:27.106+0000 7fbb177d4640 1 -- start start
2024-09-10T11:33:31.180 INFO:teuthology.orchestra.run.smithi017.stdout:/usr/bin/ceph: stderr
2024-09-10T11:33:27.106+0000 7fbb177d4640 1 --2- >> [v2:172.21.15.17:3300/0,v1:172.21.15.17:6789/0] conn(0x7fbb10106730 0x7fbb1007b9d0 unknown :-1 s=NONE pgs=0 cs=0 l=1 rev1=0 crypto rx=0 tx=0 comp rx=0 tx=0).connect
2024-09-10T11:33:31.180 INFO:teuthology.orchestra.run.smithi017.stdout:/usr/bin/ceph: stderr
2024-09-10T11:33:27.106+0000 7fbb177d4640 1 -- --> [v2:172.21.15.17:3300/0,v1:172.21.15.17:6789/0] -- mon_getmap magic: 0 -- 0x7fbb1010ace0 con 0x7fbb10106730
2024-09-10T11:33:31.180 INFO:teuthology.orchestra.run.smithi017.stdout:/usr/bin/ceph: stderr
2024-09-10T11:33:27.106+0000 7fbb15570640 1 --2- >> [v2:172.21.15.17:3300/0,v1:172.21.15.17:6789/0] conn(0x7fbb10106730 0x7fbb1007b9d0 unknown :-1 s=BANNER_CONNECTING pgs=0 cs=0 l=1 rev1=0 crypto rx=0 tx=0 comp rx=0 tx=0)._handle_peer_banner_payload supported=3 required=0
2024-09-10T11:33:31.180 INFO:teuthology.orchestra.run.smithi017.stdout:/usr/bin/ceph: stderr
2024-09-10T11:33:27.106+0000 7fbb15570640 1 --2- >> [v2:172.21.15.17:3300/0,v1:172.21.15.17:6789/0] conn(0x7fbb10106730 0x7fbb1007b9d0 unknown :-1 s=HELLO_CONNECTING pgs=0 cs=0 l=1 rev1=1 crypto rx=0 tx=0 comp rx=0 tx=0).handle_hello peer v2:172.21.15.17:3300/0 says I am v2:172.21.15.17:38648/0 (socket says 172.21.15.17:38648)
2024-09-10T11:33:31.180 INFO:teuthology.orchestra.run.smithi017.stdout:/usr/bin/ceph: stderr
2024-09-10T11:33:27.106+0000 7fbb15570640 1 -- 172.21.15.17:0/3044173304 learned_addr learned my addr 172.21.15.17:0/3044173304 (peer_addr_for_me v2:172.21.15.17:0/0)
2024-09-10T11:33:31.180 INFO:teuthology.orchestra.run.smithi017.stdout:/usr/bin/ceph: stderr
2024-09-10T11:33:27.106+0000 7fbb15570640 1 -- 172.21.15.17:0/3044173304 --> [v2:172.21.15.17:3300/0,v1:172.21.15.17:6789/0] -- mon_subscribe({config=0+,monmap=0+}) -- 0x7fbb1019e580 con 0x7fbb10106730
2024-09-10T11:33:31.181 INFO:teuthology.orchestra.run.smithi017.stdout:/usr/bin/ceph: stderr
2024-09-10T11:33:27.106+0000 7fbb15570640 1 --2- 172.21.15.17:0/3044173304 >> [v2:172.21.15.17:3300/0,v1:172.21.15.17:6789/0] conn(0x7fbb10106730 0x7fbb1007b9d0 secure :-1 s=READY pgs=27 cs=0 l=1 rev1=1 crypto rx=0x7fbb0c009940 tx=0x7fbb0c0326e0 comp rx=0 tx=0).ready entity=mon.0 client_cookie=0 server_cookie=0 in_seq=0 out_seq=0
2024-09-10T11:33:31.181 INFO:teuthology.orchestra.run.smithi017.stdout:/usr/bin/ceph: stderr
2024-09-10T11:33:27.106+0000 7fbb067fc640 1 -- 172.21.15.17:0/3044173304 <== mon.0 v2:172.21.15.17:3300/0 1 ==== mon_map magic: 0 ==== 205+0+0 (secure 0 0 0) 0x7fbb0c042070 con 0x7fbb10106730
2024-09-10T11:33:31.181 INFO:teuthology.orchestra.run.smithi017.stdout:/usr/bin/ceph: stderr
2024-09-10T11:33:27.107+0000 7fbb067fc640 1 -- 172.21.15.17:0/3044173304 <== mon.0 v2:172.21.15.17:3300/0 2 ==== config(27 keys) ==== 1109+0+0 (secure 0 0 0) 0x7fbb0c032be0 con 0x7fbb10106730
2024-09-10T11:33:31.181 INFO:teuthology.orchestra.run.smithi017.stdout:/usr/bin/ceph: stderr
2024-09-10T11:33:27.107+0000 7fbb177d4640 1 -- 172.21.15.17:0/3044173304 --> [v2:172.21.15.17:3300/0,v1:172.21.15.17:6789/0] -- mon_subscribe({mgrmap=0+}) -- 0x7fbb1019e750 con 0x7fbb10106730
2024-09-10T11:33:31.181 INFO:teuthology.orchestra.run.smithi017.stdout:/usr/bin/ceph: stderr
2024-09-10T11:33:27.107+0000 7fbb067fc640 1 -- 172.21.15.17:0/3044173304 <== mon.0 v2:172.21.15.17:3300/0 3 ==== mon_map magic: 0 ==== 205+0+0 (secure 0 0 0) 0x7fbb0c037040 con 0x7fbb10106730
2024-09-10T11:33:31.181 INFO:teuthology.orchestra.run.smithi017.stdout:/usr/bin/ceph: stderr
2024-09-10T11:33:27.107+0000 7fbb177d4640 1 -- 172.21.15.17:0/3044173304 --> [v2:172.21.15.17:3300/0,v1:172.21.15.17:6789/0] -- mon_subscribe({osdmap=0}) -- 0x7fbb1019eaf0 con 0x7fbb10106730
2024-09-10T11:33:31.181 INFO:teuthology.orchestra.run.smithi017.stdout:/usr/bin/ceph: stderr
2024-09-10T11:33:27.108+0000 7fbb067fc640 1 -- 172.21.15.17:0/3044173304 <== mon.0 v2:172.21.15.17:3300/0 4 ==== mgrmap(e 5) ==== 46287+0+0 (secure 0 0 0) 0x7fbb0c045070 con 0x7fbb10106730
2024-09-10T11:33:31.181 INFO:teuthology.orchestra.run.smithi017.stdout:/usr/bin/ceph: stderr
2024-09-10T11:33:27.108+0000 7fbb067fc640 1 --2- 172.21.15.17:0/3044173304 >> [v2:172.21.15.17:6800/817290704,v1:172.21.15.17:6801/817290704] conn(0x7fbafc038fc0 0x7fbafc03b480 unknown :-1 s=NONE pgs=0 cs=0 l=1 rev1=0 crypto rx=0 tx=0 comp rx=0 tx=0).connect
2024-09-10T11:33:31.181 INFO:teuthology.orchestra.run.smithi017.stdout:/usr/bin/ceph: stderr
2024-09-10T11:33:27.108+0000 7fbb067fc640 1 -- 172.21.15.17:0/3044173304 --> [v2:172.21.15.17:6800/817290704,v1:172.21.15.17:6801/817290704] -- command(tid 0: {"prefix": "get_command_descriptions"}) -- 0x7fbafc03bb90 con 0x7fbafc038fc0
2024-09-10T11:33:31.181 INFO:teuthology.orchestra.run.smithi017.stdout:/usr/bin/ceph: stderr
2024-09-10T11:33:27.108+0000 7fbb067fc640 1 -- 172.21.15.17:0/3044173304 <== mon.0 v2:172.21.15.17:3300/0 5 ==== osd_map(1..1 src has 1..1) ==== 725+0+0 (secure 0 0 0) 0x7fbb0c06beb0 con 0x7fbb10106730
2024-09-10T11:33:31.181 INFO:teuthology.orchestra.run.smithi017.stdout:/usr/bin/ceph: stderr
2024-09-10T11:33:27.108+0000 7fbb14d6f640 1 -- 172.21.15.17:0/3044173304 >> [v2:172.21.15.17:6800/817290704,v1:172.21.15.17:6801/817290704] conn(0x7fbafc038fc0 msgr2=0x7fbafc03b480 unknown :-1 s=STATE_CONNECTING_RE l=1).process reconnect failed to v2:172.21.15.17:6800/817290704
2024-09-10T11:33:31.182 INFO:teuthology.orchestra.run.smithi017.stdout:/usr/bin/ceph: stderr
2024-09-10T11:33:27.108+0000 7fbb14d6f640 1 --2- 172.21.15.17:0/3044173304 >> [v2:172.21.15.17:6800/817290704,v1:172.21.15.17:6801/817290704] conn(0x7fbafc038fc0 0x7fbafc03b480 unknown :-1 s=START_CONNECT pgs=0 cs=0 l=1 rev1=0 crypto rx=0 tx=0 comp rx=0 tx=0)._fault waiting 0.200000
2024-09-10T11:33:31.182 INFO:teuthology.orchestra.run.smithi017.stdout:/usr/bin/ceph: stderr
2024-09-10T11:33:27.309+0000 7fbb14d6f640 1 -- 172.21.15.17:0/3044173304 >> [v2:172.21.15.17:6800/817290704,v1:172.21.15.17:6801/817290704] conn(0x7fbafc038fc0 msgr2=0x7fbafc03b480 unknown :-1 s=STATE_CONNECTING_RE l=1).process reconnect failed to v2:172.21.15.17:6800/817290704
2024-09-10T11:33:31.182 INFO:teuthology.orchestra.run.smithi017.stdout:/usr/bin/ceph: stderr
2024-09-10T11:33:27.309+0000 7fbb14d6f640 1 --2- 172.21.15.17:0/3044173304 >> [v2:172.21.15.17:6800/817290704,v1:172.21.15.17:6801/817290704] conn(0x7fbafc038fc0 0x7fbafc03b480 unknown :-1 s=START_CONNECT pgs=0 cs=0 l=1 rev1=0 crypto rx=0 tx=0 comp rx=0 tx=0)._fault waiting 0.400000
2024-09-10T11:33:31.182 INFO:teuthology.orchestra.run.smithi017.stdout:/usr/bin/ceph: stderr
2024-09-10T11:33:27.710+0000 7fbb14d6f640 1 -- 172.21.15.17:0/3044173304 >> [v2:172.21.15.17:6800/817290704,v1:172.21.15.17:6801/817290704] conn(0x7fbafc038fc0 msgr2=0x7fbafc03b480 unknown :-1 s=STATE_CONNECTING_RE l=1).process reconnect failed to v2:172.21.15.17:6800/817290704
2024-09-10T11:33:31.182 INFO:teuthology.orchestra.run.smithi017.stdout:/usr/bin/ceph: stderr
2024-09-10T11:33:27.710+0000 7fbb14d6f640 1 --2- 172.21.15.17:0/3044173304 >> [v2:172.21.15.17:6800/817290704,v1:172.21.15.17:6801/817290704] conn(0x7fbafc038fc0 0x7fbafc03b480 unknown :-1 s=START_CONNECT pgs=0 cs=0 l=1 rev1=0 crypto rx=0 tx=0 comp rx=0 tx=0)._fault waiting 0.800000
2024-09-10T11:33:31.182 INFO:teuthology.orchestra.run.smithi017.stdout:/usr/bin/ceph: stderr
2024-09-10T11:33:28.511+0000 7fbb14d6f640 1 -- 172.21.15.17:0/3044173304 >> [v2:172.21.15.17:6800/817290704,v1:172.21.15.17:6801/817290704] conn(0x7fbafc038fc0 msgr2=0x7fbafc03b480 unknown :-1 s=STATE_CONNECTING_RE l=1).process reconnect failed to v2:172.21.15.17:6800/817290704
2024-09-10T11:33:31.182 INFO:teuthology.orchestra.run.smithi017.stdout:/usr/bin/ceph: stderr
2024-09-10T11:33:28.511+0000 7fbb14d6f640 1 --2- 172.21.15.17:0/3044173304 >> [v2:172.21.15.17:6800/817290704,v1:172.21.15.17:6801/817290704] conn(0x7fbafc038fc0 0x7fbafc03b480 unknown :-1 s=START_CONNECT pgs=0 cs=0 l=1 rev1=0 crypto rx=0 tx=0 comp rx=0 tx=0)._fault waiting 1.600000
2024-09-10T11:33:31.182 INFO:teuthology.orchestra.run.smithi017.stdout:/usr/bin/ceph: stderr
2024-09-10T11:33:29.649+0000 7fbb067fc640 1 -- 172.21.15.17:0/3044173304 <== mon.0 v2:172.21.15.17:3300/0 6 ==== mgrmap(e 6) ==== 46054+0+0 (secure 0 0 0) 0x7fbb0c06a970 con 0x7fbb10106730
2024-09-10T11:33:31.182 INFO:teuthology.orchestra.run.smithi017.stdout:/usr/bin/ceph: stderr
2024-09-10T11:33:29.649+0000 7fbb067fc640 1 -- 172.21.15.17:0/3044173304 >> [v2:172.21.15.17:6800/817290704,v1:172.21.15.17:6801/817290704] conn(0x7fbafc038fc0 msgr2=0x7fbafc03b480 unknown :-1 s=STATE_CONNECTING l=1).mark_down
2024-09-10T11:33:31.182 INFO:teuthology.orchestra.run.smithi017.stdout:/usr/bin/ceph: stderr
2024-09-10T11:33:29.649+0000 7fbb067fc640 1 --2- 172.21.15.17:0/3044173304 >> [v2:172.21.15.17:6800/817290704,v1:172.21.15.17:6801/817290704] conn(0x7fbafc038fc0 0x7fbafc03b480 unknown :-1 s=START_CONNECT pgs=0 cs=0 l=1 rev1=0 crypto rx=0 tx=0 comp rx=0 tx=0).stop
2024-09-10T11:33:31.182 INFO:teuthology.orchestra.run.smithi017.stdout:/usr/bin/ceph: stderr
2024-09-10T11:33:30.650+0000 7fbb067fc640 1 -- 172.21.15.17:0/3044173304 <== mon.0 v2:172.21.15.17:3300/0 7 ==== mgrmap(e 7) ==== 46181+0+0 (secure 0 0 0) 0x7fbb0c06ac90 con 0x7fbb10106730
2024-09-10T11:33:31.182 INFO:teuthology.orchestra.run.smithi017.stdout:/usr/bin/ceph: stderr
