2024-09-13T15:19:32.545+0000 7f39df400640 1 -- 172.21.15.63:0/2024395830 <== mgr.14118 v2:172.21.15.63:6800/440056850 1 ==== command_reply(tid 0: 0 ) v1 ==== 8+0+7774 (secure 0 0 0) 0x7f39cc03b290 con 0x7f39cc03bfa0
2024-09-13T15:19:33.230 INFO:teuthology.orchestra.run.smithi063.stdout:/usr/bin/ceph: stderr
2024-09-13T15:19:32.556+0000 7f39ed400640 1 -- 172.21.15.63:0/2024395830 --> [v2:172.21.15.63:6800/440056850,v1:172.21.15.63:6801/440056850] -- command(tid 1: {"prefix": "mgr_status"}) v1 -- 0x7f39e810bf00 con 0x7f39cc03bfa0
2024-09-13T15:19:33.230 INFO:teuthology.orchestra.run.smithi063.stdout:/usr/bin/ceph: stderr
2024-09-13T15:19:32.556+0000 7f39df400640 1 -- 172.21.15.63:0/2024395830 <== mgr.14118 v2:172.21.15.63:6800/440056850 2 ==== command_reply(tid 1: 0 ) v1 ==== 8+0+51 (secure 0 0 0) 0x7f39e810bf00 con 0x7f39cc03bfa0
2024-09-13T15:19:33.231 INFO:teuthology.orchestra.run.smithi063.stdout:/usr/bin/ceph: stderr
2024-09-13T15:19:32.556+0000 7f39ed400640 1 -- 172.21.15.63:0/2024395830 >> [v2:172.21.15.63:6800/440056850,v1:172.21.15.63:6801/440056850] conn(0x7f39cc03bfa0 msgr2=0x7f39cc03e390 secure :-1 s=STATE_CONNECTION_ESTABLISHED l=1).mark_down
2024-09-13T15:19:33.231 INFO:teuthology.orchestra.run.smithi063.stdout:/usr/bin/ceph: stderr
2024-09-13T15:19:32.556+0000 7f39ed400640 1 --2- 172.21.15.63:0/2024395830 >> [v2:172.21.15.63:6800/440056850,v1:172.21.15.63:6801/440056850] conn(0x7f39cc03bfa0 0x7f39cc03e390 secure :-1 s=READY pgs=3 cs=0 l=1 rev1=1 crypto rx=0x7f39d4003980 tx=0x7f39d40092b0 comp rx=0 tx=0).stop
2024-09-13T15:19:33.231 INFO:teuthology.orchestra.run.smithi063.stdout:/usr/bin/ceph: stderr
2024-09-13T15:19:32.556+0000 7f39ed400640 1 -- 172.21.15.63:0/2024395830 >> [v2:172.21.15.63:3300/0,v1:172.21.15.63:6789/0] conn(0x7f39e819ba20 msgr2=0x7f39e819be40 secure :-1 s=STATE_CONNECTION_ESTABLISHED l=1).mark_down
2024-09-13T15:19:33.231 INFO:teuthology.orchestra.run.smithi063.stdout:/usr/bin/ceph: stderr
2024-09-13T15:19:32.556+0000 7f39ed400640 1 --2- 172.21.15.63:0/2024395830 >> [v2:172.21.15.63:3300/0,v1:172.21.15.63:6789/0] conn(0x7f39e819ba20 0x7f39e819be40 secure :-1 s=READY pgs=27 cs=0 l=1 rev1=1 crypto rx=0x7f39d802a860 tx=0x7f39d8032670 comp rx=0 tx=0).stop
2024-09-13T15:19:33.231 INFO:teuthology.orchestra.run.smithi063.stdout:/usr/bin/ceph: stderr
2024-09-13T15:19:32.557+0000 7f39ed400640 1 -- 172.21.15.63:0/2024395830 shutdown_connections
2024-09-13T15:19:33.231 INFO:teuthology.orchestra.run.smithi063.stdout:/usr/bin/ceph: stderr
2024-09-13T15:19:32.557+0000 7f39ed400640 1 --2- 172.21.15.63:0/2024395830 >> [v2:172.21.15.63:6800/440056850,v1:172.21.15.63:6801/440056850] conn(0x7f39cc03bfa0 0x7f39cc03e390 unknown :-1 s=CLOSED pgs=3 cs=0 l=1 rev1=1 crypto rx=0 tx=0 comp rx=0 tx=0).stop
2024-09-13T15:19:33.231 INFO:teuthology.orchestra.run.smithi063.stdout:/usr/bin/ceph: stderr
2024-09-13T15:19:32.557+0000 7f39ed400640 1 --2- 172.21.15.63:0/2024395830 >> [v2:172.21.15.63:6800/2504140473,v1:172.21.15.63:6801/2504140473] conn(0x7f39cc0386c0 0x7f39cc03ab80 unknown :-1 s=CLOSED pgs=0 cs=0 l=1 rev1=0 crypto rx=0 tx=0 comp rx=0 tx=0).stop
2024-09-13T15:19:33.231 INFO:teuthology.orchestra.run.smithi063.stdout:/usr/bin/ceph: stderr
2024-09-13T15:19:32.557+0000 7f39ed400640 1 --2- 172.21.15.63:0/2024395830 >> [v2:172.21.15.63:3300/0,v1:172.21.15.63:6789/0] conn(0x7f39e819ba20 0x7f39e819be40 unknown :-1 s=CLOSED pgs=27 cs=0 l=1 rev1=1 crypto rx=0 tx=0 comp rx=0 tx=0).stop
2024-09-13T15:19:33.231 INFO:teuthology.orchestra.run.smithi063.stdout:/usr/bin/ceph: stderr
2024-09-13T15:19:32.557+0000 7f39ed400640 1 -- 172.21.15.63:0/2024395830 >> 172.21.15.63:0/2024395830 conn(0x7f39e807b170 msgr2=0x7f39e8105670 unknown :-1 s=STATE_NONE l=0).mark_down
2024-09-13T15:19:33.231 INFO:teuthology.orchestra.run.smithi063.stdout:/usr/bin/ceph: stderr
2024-09-13T15:19:32.557+0000 7f39ed400640 1 -- 172.21.15.63:0/2024395830 shutdown_connections
2024-09-13T15:19:33.231 INFO:teuthology.orchestra.run.smithi063.stdout:/usr/bin/ceph: stderr
2024-09-13T15:19:32.557+0000 7f39ed400640 1 -- 172.21.15.63:0/2024395830 wait complete.
2024-09-13T15:19:33.231 INFO:teuthology.orchestra.run.smithi063.stdout:mgr epoch 5 is available
2024-09-13T15:19:33.232 INFO:teuthology.orchestra.run.smithi063.stdout:Setting orchestrator backend to cephadm...
2024-09-13T15:19:33.592 INFO:journalctl@ceph.mgr.x.smithi063.stdout:Sep 13 15:19:33 smithi063 ceph-60648088-71e3-11ef-bceb-c7b262605968-mgr-x[30786]:
2024-09-13T15:19:33.455+0000 7fdfa7600640 -1 log_channel(cephadm) log [ERR] : [13/Sep/2024:15:19:33] ENGINE Error in HTTPServer.serve
2024-09-13T15:19:33.592 INFO:journalctl@ceph.mgr.x.smithi063.stdout:Sep 13 15:19:33 smithi063 ceph-60648088-71e3-11ef-bceb-c7b262605968-mgr-x[30786]: Traceback (most recent call last):
2024-09-13T15:19:33.592 INFO:journalctl@ceph.mgr.x.smithi063.stdout:Sep 13 15:19:33 smithi063 ceph-60648088-71e3-11ef-bceb-c7b262605968-mgr-x[30786]: File "/lib/python3.9/site-packages/cheroot/server.py", line 1823, in serve
2024-09-13T15:19:33.592 INFO:journalctl@ceph.mgr.x.smithi063.stdout:Sep 13 15:19:33 smithi063 ceph-60648088-71e3-11ef-bceb-c7b262605968-mgr-x[30786]: self._connections.run(self.expiration_interval)
2024-09-13T15:19:33.592 INFO:journalctl@ceph.mgr.x.smithi063.stdout:Sep 13 15:19:33 smithi063 ceph-60648088-71e3-11ef-bceb-c7b262605968-mgr-x[30786]: File "/lib/python3.9/site-packages/cheroot/connections.py", line 203, in run
2024-09-13T15:19:33.592 INFO:journalctl@ceph.mgr.x.smithi063.stdout:Sep 13 15:19:33 smithi063 ceph-60648088-71e3-11ef-bceb-c7b262605968-mgr-x[30786]: self._run(expiration_interval)
2024-09-13T15:19:33.592 INFO:journalctl@ceph.mgr.x.smithi063.stdout:Sep 13 15:19:33 smithi063 ceph-60648088-71e3-11ef-bceb-c7b262605968-mgr-x[30786]: File "/lib/python3.9/site-packages/cheroot/connections.py", line 246, in _run
2024-09-13T15:19:33.592 INFO:journalctl@ceph.mgr.x.smithi063.stdout:Sep 13 15:19:33 smithi063 ceph-60648088-71e3-11ef-bceb-c7b262605968-mgr-x[30786]: new_conn = self._from_server_socket(self.server.socket)
2024-09-13T15:19:33.593 INFO:journalctl@ceph.mgr.x.smithi063.stdout:Sep 13 15:19:33 smithi063 ceph-60648088-71e3-11ef-bceb-c7b262605968-mgr-x[30786]: File "/lib/python3.9/site-packages/cheroot/connections.py", line 300, in _from_server_socket
2024-09-13T15:19:33.593 INFO:journalctl@ceph.mgr.x.smithi063.stdout:Sep 13 15:19:33 smithi063 ceph-60648088-71e3-11ef-bceb-c7b262605968-mgr-x[30786]: s, ssl_env = self.server.ssl_adapter.wrap(s)
2024-09-13T15:19:33.593 INFO:journalctl@ceph.mgr.x.smithi063.stdout:Sep 13 15:19:33 smithi063 ceph-60648088-71e3-11ef-bceb-c7b262605968-mgr-x[30786]: File "/lib/python3.9/site-packages/cheroot/ssl/builtin.py", line 277, in wrap
2024-09-13T15:19:33.593 INFO:journalctl@ceph.mgr.x.smithi063.stdout:Sep 13 15:19:33 smithi063 ceph-60648088-71e3-11ef-bceb-c7b262605968-mgr-x[30786]: s = self.context.wrap_socket(
2024-09-13T15:19:33.593 INFO:journalctl@ceph.mgr.x.smithi063.stdout:Sep 13 15:19:33 smithi063 ceph-60648088-71e3-11ef-bceb-c7b262605968-mgr-x[30786]: File "/lib64/python3.9/ssl.py", line 501, in wrap_socket
2024-09-13T15:19:33.593 INFO:journalctl@ceph.mgr.x.smithi063.stdout:Sep 13 15:19:33 smithi063 ceph-60648088-71e3-11ef-bceb-c7b262605968-mgr-x[30786]: return self.sslsocket_class._create(
2024-09-13T15:19:33.593 INFO:journalctl@ceph.mgr.x.smithi063.stdout:Sep 13 15:19:33 smithi063 ceph-60648088-71e3-11ef-bceb-c7b262605968-mgr-x[30786]: File "/lib64/python3.9/ssl.py", line 1074, in _create
2024-09-13T15:19:33.593 INFO:journalctl@ceph.mgr.x.smithi063.stdout:Sep 13 15:19:33 smithi063 ceph-60648088-71e3-11ef-bceb-c7b262605968-mgr-x[30786]: self.do_handshake()
2024-09-13T15:19:33.593 INFO:journalctl@ceph.mgr.x.smithi063.stdout:Sep 13 15:19:33 smithi063 ceph-60648088-71e3-11ef-bceb-c7b262605968-mgr-x[30786]: File "/lib64/python3.9/ssl.py", line 1343, in do_handshake
2024-09-13T15:19:33.593 INFO:journalctl@ceph.mgr.x.smithi063.stdout:Sep 13 15:19:33 smithi063 ceph-60648088-71e3-11ef-bceb-c7b262605968-mgr-x[30786]: self._sslobj.do_handshake()
2024-09-13T15:19:33.593 INFO:journalctl@ceph.mgr.x.smithi063.stdout:Sep 13 15:19:33 smithi063 ceph-60648088-71e3-11ef-bceb-c7b262605968-mgr-x[30786]: ssl.SSLZeroReturnError: TLS/SSL connection has been closed (EOF) (_ssl.c:1133)
2024-09-13T15:19:33.593 INFO:journalctl@ceph.mgr.x.smithi063.stdout:Sep 13 15:19:33 smithi063 ceph-60648088-71e3-11ef-bceb-c7b262605968-mgr-x[30786]:
2024-09-13T15:19:33.848 INFO:journalctl@ceph.mon.a.smithi063.stdout:Sep 13 15:19:33 smithi063 ceph-mon[30561]: from='client.14122 -' entity='client.admin' cmd=[{"prefix": "get_command_descriptions"}]: dispatch
2024-09-13T15:19:33.848 INFO:journalctl@ceph.mon.a.smithi063.stdout:Sep 13 15:19:33 smithi063 ceph-mon[30561]: from='client.14122 -' entity='client.admin' cmd=[{"prefix": "mgr_status"}]: dispatch
2024-09-13T15:19:33.849 INFO:journalctl@ceph.mon.a.smithi063.stdout:Sep 13 15:19:33 smithi063 ceph-mon[30561]: from='mgr.14118 172.21.15.63:0/2194907648' entity='mgr.x' cmd=[{"prefix": "config dump", "format": "json"}]: dispatch
2024-09-13T15:19:34.764 INFO:teuthology.orchestra.run.smithi063.stdout:/usr/bin/ceph: stderr
2024-09-13T15:19:33.846+0000 7f6236000640 1 Processor -- start
2024-09-13T15:19:34.764 INFO:teuthology.orchestra.run.smithi063.stdout:/usr/bin/ceph: stderr
2024-09-13T15:19:33.846+0000 7f6236000640 1 -- start start
2024-09-13T15:19:34.764 INFO:teuthology.orchestra.run.smithi063.stdout:/usr/bin/ceph: stderr
2024-09-13T15:19:33.846+0000 7f6236000640 1 --2- >> [v2:172.21.15.63:3300/0,v1:172.21.15.63:6789/0] conn(0x7f62301059d0 0x7f6230105dd0 unknown :-1 s=NONE pgs=0 cs=0 l=0 rev1=0 crypto rx=0 tx=0 comp rx=0 tx=0).connect
2024-09-13T15:19:34.765 INFO:teuthology.orchestra.run.smithi063.stdout:/usr/bin/ceph: stderr
2024-09-13T15:19:33.846+0000 7f6236000640 1 -- --> [v2:172.21.15.63:3300/0,v1:172.21.15.63:6789/0] -- mon_getmap magic: 0 v1 -- 0x7f6230106310 con 0x7f62301059d0
2024-09-13T15:19:34.765 INFO:teuthology.orchestra.run.smithi063.stdout:/usr/bin/ceph: stderr
2024-09-13T15:19:33.846+0000 7f622f400640 1 --2- >> [v2:172.21.15.63:3300/0,v1:172.21.15.63:6789/0] conn(0x7f62301059d0 0x7f6230105dd0 unknown :-1 s=BANNER_CONNECTING pgs=0 cs=0 l=0 rev1=0 crypto rx=0 tx=0 comp rx=0 tx=0)._handle_peer_banner_payload supported=3 required=0
2024-09-13T15:19:34.765 INFO:teuthology.orchestra.run.smithi063.stdout:/usr/bin/ceph: stderr
2024-09-13T15:19:33.846+0000 7f622f400640 1 --2- >> [v2:172.21.15.63:3300/0,v1:172.21.15.63:6789/0] conn(0x7f62301059d0 0x7f6230105dd0 unknown :-1 s=HELLO_CONNECTING pgs=0 cs=0 l=0 rev1=1 crypto rx=0 tx=0 comp rx=0 tx=0).handle_hello peer v2:172.21.15.63:3300/0 says I am v2:172.21.15.63:38324/0 (socket says 172.21.15.63:38324)
2024-09-13T15:19:34.765 INFO:teuthology.orchestra.run.smithi063.stdout:/usr/bin/ceph: stderr
2024-09-13T15:19:33.846+0000 7f622f400640 1 -- 172.21.15.63:0/3638081898 learned_addr learned my addr 172.21.15.63:0/3638081898 (peer_addr_for_me v2:172.21.15.63:0/0)
2024-09-13T15:19:34.765 INFO:teuthology.orchestra.run.smithi063.stdout:/usr/bin/ceph: stderr
2024-09-13T15:19:33.847+0000 7f622f400640 1 -- 172.21.15.63:0/3638081898 --> [v2:172.21.15.63:3300/0,v1:172.21.15.63:6789/0] -- mon_subscribe({config=0+,monmap=0+}) v3 -- 0x7f6230106450 con 0x7f62301059d0
2024-09-13T15:19:34.765 INFO:teuthology.orchestra.run.smithi063.stdout:/usr/bin/ceph: stderr
2024-09-13T15:19:33.848+0000 7f622f400640 1 --2- 172.21.15.63:0/3638081898 >> [v2:172.21.15.63:3300/0,v1:172.21.15.63:6789/0] conn(0x7f62301059d0 0x7f6230105dd0 secure :-1 s=READY pgs=35 cs=0 l=1 rev1=1 crypto rx=0x7f6220009e80 tx=0x7f622002a7a0 comp rx=0 tx=0).ready entity=mon.0 client_cookie=5af4cf5c90e1aa22 server_cookie=0 in_seq=0 out_seq=0
2024-09-13T15:19:34.765 INFO:teuthology.orchestra.run.smithi063.stdout:/usr/bin/ceph: stderr
2024-09-13T15:19:33.848+0000 7f622ea00640 1 -- 172.21.15.63:0/3638081898 <== mon.0 v2:172.21.15.63:3300/0 1 ==== mon_map magic: 0 v1 ==== 205+0+0 (secure 0 0 0) 0x7f6220031400 con 0x7f62301059d0
2024-09-13T15:19:34.765 INFO:teuthology.orchestra.run.smithi063.stdout:/usr/bin/ceph: stderr
2024-09-13T15:19:33.848+0000 7f622ea00640 1 -- 172.21.15.63:0/3638081898 <== mon.0 v2:172.21.15.63:3300/0 2 ==== config(28 keys) v1 ==== 1143+0+0 (secure 0 0 0) 0x7f622002d050 con 0x7f62301059d0
2024-09-13T15:19:34.765 INFO:teuthology.orchestra.run.smithi063.stdout:/usr/bin/ceph: stderr
2024-09-13T15:19:33.848+0000 7f622ea00640 1 -- 172.21.15.63:0/3638081898 <== mon.0 v2:172.21.15.63:3300/0 3 ==== mon_map magic: 0 v1 ==== 205+0+0 (secure 0 0 0) 0x7f6220007ac0 con 0x7f62301059d0
2024-09-13T15:19:34.765 INFO:teuthology.orchestra.run.smithi063.stdout:/usr/bin/ceph: stderr
2024-09-13T15:19:33.849+0000 7f6236000640 1 -- 172.21.15.63:0/3638081898 >> [v2:172.21.15.63:3300/0,v1:172.21.15.63:6789/0] conn(0x7f62301059d0 msgr2=0x7f6230105dd0 secure :-1 s=STATE_CONNECTION_ESTABLISHED l=1).mark_down
2024-09-13T15:19:34.765 INFO:teuthology.orchestra.run.smithi063.stdout:/usr/bin/ceph: stderr
2024-09-13T15:19:33.849+0000 7f6236000640 1 --2- 172.21.15.63:0/3638081898 >> [v2:172.21.15.63:3300/0,v1:172.21.15.63:6789/0] conn(0x7f62301059d0 0x7f6230105dd0 secure :-1 s=READY pgs=35 cs=0 l=1 rev1=1 crypto rx=0x7f6220009e80 tx=0x7f622002a7a0 comp rx=0 tx=0).stop
2024-09-13T15:19:34.765 INFO:teuthology.orchestra.run.smithi063.stdout:/usr/bin/ceph: stderr
2024-09-13T15:19:33.849+0000 7f6236000640 1 -- 172.21.15.63:0/3638081898 shutdown_connections
2024-09-13T15:19:34.766 INFO:teuthology.orchestra.run.smithi063.stdout:/usr/bin/ceph: stderr
2024-09-13T15:19:33.849+0000 7f6236000640 1 --2- 172.21.15.63:0/3638081898 >> [v2:172.21.15.63:3300/0,v1:172.21.15.63:6789/0] conn(0x7f62301059d0 0x7f6230105dd0 unknown :-1 s=CLOSED pgs=35 cs=0 l=1 rev1=1 crypto rx=0 tx=0 comp rx=0 tx=0).stop
2024-09-13T15:19:34.766 INFO:teuthology.orchestra.run.smithi063.stdout:/usr/bin/ceph: stderr
2024-09-13T15:19:33.849+0000 7f6236000640 1 -- 172.21.15.63:0/3638081898 >> 172.21.15.63:0/3638081898 conn(0x7f6230101220 msgr2=0x7f6230103640 unknown :-1 s=STATE_NONE l=0).mark_down
2024-09-13T15:19:34.766 INFO:teuthology.orchestra.run.smithi063.stdout:/usr/bin/ceph: stderr
2024-09-13T15:19:33.849+0000 7f6236000640 1 -- 172.21.15.63:0/3638081898 shutdown_connections
2024-09-13T15:19:34.766 INFO:teuthology.orchestra.run.smithi063.stdout:/usr/bin/ceph: stderr
2024-09-13T15:19:33.849+0000 7f6236000640 1 -- 172.21.15.63:0/3638081898 wait complete.
2024-09-13T15:19:34.766 INFO:teuthology.orchestra.run.smithi063.stdout:/usr/bin/ceph: stderr
2024-09-13T15:19:33.850+0000 7f6236000640 1 Processor -- start
2024-09-13T15:19:34.766 INFO:teuthology.orchestra.run.smithi063.stdout:/usr/bin/ceph: stderr
2024-09-13T15:19:33.850+0000 7f6236000640 1 -- start start
2024-09-13T15:19:34.766 INFO:teuthology.orchestra.run.smithi063.stdout:/usr/bin/ceph: stderr
2024-09-13T15:19:33.850+0000 7f6236000640 1 --2- >> [v2:172.21.15.63:3300/0,v1:172.21.15.63:6789/0] conn(0x7f62301059d0 0x7f62301996c0 unknown :-1 s=NONE pgs=0 cs=0 l=1 rev1=0 crypto rx=0 tx=0 comp rx=0 tx=0).connect
2024-09-13T15:19:34.766 INFO:teuthology.orchestra.run.smithi063.stdout:/usr/bin/ceph: stderr
2024-09-13T15:19:33.850+0000 7f6236000640 1 -- --> [v2:172.21.15.63:3300/0,v1:172.21.15.63:6789/0] -- mon_getmap magic: 0 v1 -- 0x7f6230199c00 con 0x7f62301059d0
2024-09-13T15:19:34.766 INFO:teuthology.orchestra.run.smithi063.stdout:/usr/bin/ceph: stderr
2024-09-13T15:19:33.851+0000 7f622f400640 1 --2- >> [v2:172.21.15.63:3300/0,v1:172.21.15.63:6789/0] conn(0x7f62301059d0 0x7f62301996c0 unknown :-1 s=BANNER_CONNECTING pgs=0 cs=0 l=1 rev1=0 crypto rx=0 tx=0 comp rx=0 tx=0)._handle_peer_banner_payload supported=3 required=0
2024-09-13T15:19:34.766 INFO:teuthology.orchestra.run.smithi063.stdout:/usr/bin/ceph: stderr
2024-09-13T15:19:33.851+0000 7f622f400640 1 --2- >> [v2:172.21.15.63:3300/0,v1:172.21.15.63:6789/0] conn(0x7f62301059d0 0x7f62301996c0 unknown :-1 s=HELLO_CONNECTING pgs=0 cs=0 l=1 rev1=1 crypto rx=0 tx=0 comp rx=0 tx=0).handle_hello peer v2:172.21.15.63:3300/0 says I am v2:172.21.15.63:38332/0 (socket says 172.21.15.63:38332)
2024-09-13T15:19:34.766 INFO:teuthology.orchestra.run.smithi063.stdout:/usr/bin/ceph: stderr
2024-09-13T15:19:33.851+0000 7f622f400640 1 -- 172.21.15.63:0/3003362122 learned_addr learned my addr 172.21.15.63:0/3003362122 (peer_addr_for_me v2:172.21.15.63:0/0)
2024-09-13T15:19:34.766 INFO:teuthology.orchestra.run.smithi063.stdout:/usr/bin/ceph: stderr
2024-09-13T15:19:33.851+0000 7f622f400640 1 -- 172.21.15.63:0/3003362122 --> [v2:172.21.15.63:3300/0,v1:172.21.15.63:6789/0] -- mon_subscribe({config=0+,monmap=0+}) v3 -- 0x7f6220009b30 con 0x7f62301059d0
2024-09-13T15:19:34.766 INFO:teuthology.orchestra.run.smithi063.stdout:/usr/bin/ceph: stderr
2024-09-13T15:19:33.851+0000 7f622f400640 1 --2- 172.21.15.63:0/3003362122 >> [v2:172.21.15.63:3300/0,v1:172.21.15.63:6789/0] conn(0x7f62301059d0 0x7f62301996c0 secure :-1 s=READY pgs=36 cs=0 l=1 rev1=1 crypto rx=0x7f62200319a0 tx=0x7f62200319d0 comp rx=0 tx=0).ready entity=mon.0 client_cookie=0 server_cookie=0 in_seq=0 out_seq=0
2024-09-13T15:19:34.766 INFO:teuthology.orchestra.run.smithi063.stdout:/usr/bin/ceph: stderr
2024-09-13T15:19:33.852+0000 7f622cc00640 1 -- 172.21.15.63:0/3003362122 <== mon.0 v2:172.21.15.63:3300/0 1 ==== mon_map magic: 0 v1 ==== 205+0+0 (secure 0 0 0) 0x7f6220031e20 con 0x7f62301059d0
2024-09-13T15:19:34.767 INFO:teuthology.orchestra.run.smithi063.stdout:/usr/bin/ceph: stderr
2024-09-13T15:19:33.852+0000 7f6236000640 1 -- 172.21.15.63:0/3003362122 --> [v2:172.21.15.63:3300/0,v1:172.21.15.63:6789/0] -- mon_subscribe({mgrmap=0+}) v3 -- 0x7f6230199e00 con 0x7f62301059d0
2024-09-13T15:19:34.767 INFO:teuthology.orchestra.run.smithi063.stdout:/usr/bin/ceph: stderr
2024-09-13T15:19:33.852+0000 7f622cc00640 1 -- 172.21.15.63:0/3003362122 <== mon.0 v2:172.21.15.63:3300/0 2 ==== config(28 keys) v1 ==== 1143+0+0 (secure 0 0 0) 0x7f622003b8f0 con 0x7f62301059d0
2024-09-13T15:19:34.767 INFO:teuthology.orchestra.run.smithi063.stdout:/usr/bin/ceph: stderr
2024-09-13T15:19:33.852+0000 7f622cc00640 1 -- 172.21.15.63:0/3003362122 <== mon.0 v2:172.21.15.63:3300/0 3 ==== mon_map magic: 0 v1 ==== 205+0+0 (secure 0 0 0) 0x7f622003aa60 con 0x7f62301059d0
2024-09-13T15:19:34.767 INFO:teuthology.orchestra.run.smithi063.stdout:/usr/bin/ceph: stderr
2024-09-13T15:19:33.852+0000 7f6236000640 1 -- 172.21.15.63:0/3003362122 --> [v2:172.21.15.63:3300/0,v1:172.21.15.63:6789/0] -- mon_subscribe({osdmap=0}) v3 -- 0x7f623019a2a0 con 0x7f62301059d0
2024-09-13T15:19:34.767 INFO:teuthology.orchestra.run.smithi063.stdout:/usr/bin/ceph: stderr
2024-09-13T15:19:33.853+0000 7f622cc00640 1 -- 172.21.15.63:0/3003362122 <== mon.0 v2:172.21.15.63:3300/0 4 ==== mgrmap(e 8) v1 ==== 45541+0+0 (secure 0 0 0) 0x7f6220038050 con 0x7f62301059d0
2024-09-13T15:19:34.767 INFO:teuthology.orchestra.run.smithi063.stdout:/usr/bin/ceph: stderr
2024-09-13T15:19:33.853+0000 7f6236000640 1 -- 172.21.15.63:0/3003362122 --> [v2:172.21.15.63:3300/0,v1:172.21.15.63:6789/0] -- mon_command({"prefix": "get_command_descriptions"} v 0) v1 -- 0x7f6230107790 con 0x7f62301059d0
2024-09-13T15:19:34.767 INFO:teuthology.orchestra.run.smithi063.stdout:/usr/bin/ceph: stderr
2024-09-13T15:19:33.853+0000 7f622cc00640 1 --2- 172.21.15.63:0/3003362122 >> [v2:172.21.15.63:6800/440056850,v1:172.21.15.63:6801/440056850] conn(0x7f6210038670 0x7f621003ab30 unknown :-1 s=NONE pgs=0 cs=0 l=1 rev1=0 crypto rx=0 tx=0 comp rx=0 tx=0).connect
2024-09-13T15:19:34.767 INFO:teuthology.orchestra.run.smithi063.stdout:/usr/bin/ceph: stderr
2024-09-13T15:19:33.853+0000 7f622cc00640 1 -- 172.21.15.63:0/3003362122 <== mon.0 v2:172.21.15.63:3300/0 5 ==== osd_map(2..2 src has 1..2) v4 ==== 940+0+0 (secure 0 0 0) 0x7f622006bf10 con 0x7f62301059d0
2024-09-13T15:19:34.767 INFO:teuthology.orchestra.run.smithi063.stdout:/usr/bin/ceph: stderr
2024-09-13T15:19:33.854+0000 7f621fe00640 1 --2- 172.21.15.63:0/3003362122 >> [v2:172.21.15.63:6800/440056850,v1:172.21.15.63:6801/440056850] conn(0x7f6210038670 0x7f621003ab30 unknown :-1 s=BANNER_CONNECTING pgs=0 cs=0 l=1 rev1=0 crypto rx=0 tx=0 comp rx=0 tx=0)._handle_peer_banner_payload supported=3 required=0
2024-09-13T15:19:34.767 INFO:teuthology.orchestra.run.smithi063.stdout:/usr/bin/ceph: stderr
2024-09-13T15:19:33.854+0000 7f621fe00640 1 --2- 172.21.15.63:0/3003362122 >> [v2:172.21.15.63:6800/440056850,v1:172.21.15.63:6801/440056850] conn(0x7f6210038670 0x7f621003ab30 secure :-1 s=READY pgs=7 cs=0 l=1 rev1=1 crypto rx=0x7f62180098c0 tx=0x7f6218006db0 comp rx=0 tx=0).ready entity=mgr.14118 client_cookie=0 server_cookie=0 in_seq=0 out_seq=0
2024-09-13T15:19:34.767 INFO:teuthology.orchestra.run.smithi063.stdout:/usr/bin/ceph: stderr
2024-09-13T15:19:33.859+0000 7f622cc00640 1 -- 172.21.15.63:0/3003362122 <== mon.0 v2:172.21.15.63:3300/0 6 ==== mon_command_ack([{"prefix": "get_command_descriptions"}]=0 v0) v1 ==== 72+0+183819 (secure 0 0 0) 0x7f622003a420 con 0x7f62301059d0
2024-09-13T15:19:34.767 INFO:teuthology.orchestra.run.smithi063.stdout:/usr/bin/ceph: stderr
2024-09-13T15:19:34.053+0000 7f6236000640 1 -- 172.21.15.63:0/3003362122 --> [v2:172.21.15.63:6800/440056850,v1:172.21.15.63:6801/440056850] -- mgr_command(tid 0: {"prefix": "orch set backend", "module_name": "cephadm", "target": ["mon-mgr", ""]}) v1 -- 0x7f623019cb80 con 0x7f6210038670
2024-09-13T15:19:34.768 INFO:teuthology.orchestra.run.smithi063.stdout:/usr/bin/ceph: stderr
2024-09-13T15:19:34.064+0000 7f622cc00640 1 -- 172.21.15.63:0/3003362122 <== mgr.14118 v2:172.21.15.63:6800/440056850 1 ==== mgr_command_reply(tid 0: 0 ) v1 ==== 8+0+0 (secure 0 0 0) 0x7f623019cb80 con 0x7f6210038670
2024-09-13T15:19:34.768 INFO:teuthology.orchestra.run.smithi063.stdout:/usr/bin/ceph: stderr
2024-09-13T15:19:34.066+0000 7f6236000640 1 -- 172.21.15.63:0/3003362122 >> [v2:172.21.15.63:6800/440056850,v1:172.21.15.63:6801/440056850] conn(0x7f6210038670 msgr2=0x7f621003ab30 secure :-1 s=STATE_CONNECTION_ESTABLISHED l=1).mark_down
2024-09-13T15:19:34.768 INFO:teuthology.orchestra.run.smithi063.stdout:/usr/bin/ceph: stderr
2024-09-13T15:19:34.066+0000 7f6236000640 1 --2- 172.21.15.63:0/3003362122 >> [v2:172.21.15.63:6800/440056850,v1:172.21.15.63:6801/440056850] conn(0x7f6210038670 0x7f621003ab30 secure :-1 s=READY pgs=7 cs=0 l=1 rev1=1 crypto rx=0x7f62180098c0 tx=0x7f6218006db0 comp rx=0 tx=0).stop
2024-09-13T15:19:34.768 INFO:teuthology.orchestra.run.smithi063.stdout:/usr/bin/ceph: stderr
2024-09-13T15:19:34.066+0000 7f6236000640 1 -- 172.21.15.63:0/3003362122 >> [v2:172.21.15.63:3300/0,v1:172.21.15.63:6789/0] conn(0x7f62301059d0 msgr2=0x7f62301996c0 secure :-1 s=STATE_CONNECTION_ESTABLISHED l=1).mark_down
2024-09-13T15:19:34.768 INFO:teuthology.orchestra.run.smithi063.stdout:/usr/bin/ceph: stderr
2024-09-13T15:19:34.066+0000 7f6236000640 1 --2- 172.21.15.63:0/3003362122 >> [v2:172.21.15.63:3300/0,v1:172.21.15.63:6789/0] conn(0x7f62301059d0 0x7f62301996c0 secure :-1 s=READY pgs=36 cs=0 l=1 rev1=1 crypto rx=0x7f62200319a0 tx=0x7f62200319d0 comp rx=0 tx=0).stop
2024-09-13T15:19:34.768 INFO:teuthology.orchestra.run.smithi063.stdout:/usr/bin/ceph: stderr
2024-09-13T15:19:34.066+0000 7f6236000640 1 -- 172.21.15.63:0/3003362122 shutdown_connections
2024-09-13T15:19:34.768 INFO:teuthology.orchestra.run.smithi063.stdout:/usr/bin/ceph: stderr
2024-09-13T15:19:34.066+0000 7f6236000640 1 --2- 172.21.15.63:0/3003362122 >> [v2:172.21.15.63:6800/440056850,v1:172.21.15.63:6801/440056850] conn(0x7f6210038670 0x7f621003ab30 unknown :-1 s=CLOSED pgs=7 cs=0 l=1 rev1=1 crypto rx=0 tx=0 comp rx=0 tx=0).stop
2024-09-13T15:19:34.768 INFO:teuthology.orchestra.run.smithi063.stdout:/usr/bin/ceph: stderr
2024-09-13T15:19:34.066+0000 7f6236000640 1 --2- 172.21.15.63:0/3003362122 >> [v2:172.21.15.63:3300/0,v1:172.21.15.63:6789/0] conn(0x7f62301059d0 0x7f62301996c0 unknown :-1 s=CLOSED pgs=36 cs=0 l=1 rev1=1 crypto rx=0 tx=0 comp rx=0 tx=0).stop
2024-09-13T15:19:34.768 INFO:teuthology.orchestra.run.smithi063.stdout:/usr/bin/ceph: stderr
2024-09-13T15:19:34.066+0000 7f6236000640 1 -- 172.21.15.63:0/3003362122 >> 172.21.15.63:0/3003362122 conn(0x7f6230101220 msgr2=0x7f6230101dc0 unknown :-1 s=STATE_NONE l=0).mark_down
2024-09-13T15:19:34.768 INFO:teuthology.orchestra.run.smithi063.stdout:/usr/bin/ceph: stderr
2024-09-13T15:19:34.067+0000 7f6236000640 1 -- 172.21.15.63:0/3003362122 shutdown_connections
2024-09-13T15:19:34.768 INFO:teuthology.orchestra.run.smithi063.stdout:/usr/bin/ceph: stderr
2024-09-13T15:19:34.067+0000 7f6236000640 1 -- 172.21.15.63:0/3003362122 wait complete.
2024-09-13T15:19:34.897 INFO:journalctl@ceph.mon.a.smithi063.stdout:Sep 13 15:19:34 smithi063 ceph-mon[30561]: [13/Sep/2024:15:19:33] ENGINE Bus STARTING
2024-09-13T15:19:34.897 INFO:journalctl@ceph.mon.a.smithi063.stdout:Sep 13 15:19:34 smithi063 ceph-mon[30561]: [13/Sep/2024:15:19:33] ENGINE Serving on https://172.21.15.63:7150
2024-09-13T15:19:34.897 INFO:journalctl@ceph.mon.a.smithi063.stdout:Sep 13 15:19:34 smithi063 ceph-mon[30561]: [13/Sep/2024:15:19:33] ENGINE Error in HTTPServer.serve
2024-09-13T15:19:34.897 INFO:journalctl@ceph.mon.a.smithi063.stdout: Traceback (most recent call last):
2024-09-13T15:19:34.897 INFO:journalctl@ceph.mon.a.smithi063.stdout: File "/lib/python3.9/site-packages/cheroot/server.py", line 1823, in serve
2024-09-13T15:19:34.898 INFO:journalctl@ceph.mon.a.smithi063.stdout: self._connections.run(self.expiration_interval)
2024-09-13T15:19:34.898 INFO:journalctl@ceph.mon.a.smithi063.stdout: File "/lib/python3.9/site-packages/cheroot/connections.py", line 203, in run
2024-09-13T15:19:34.898 INFO:journalctl@ceph.mon.a.smithi063.stdout: self._run(expiration_interval)
2024-09-13T15:19:34.898 INFO:journalctl@ceph.mon.a.smithi063.stdout: File "/lib/python3.9/site-packages/cheroot/connections.py", line 246, in _run
2024-09-13T15:19:34.898 INFO:journalctl@ceph.mon.a.smithi063.stdout: new_conn = self._from_server_socket(self.server.socket)
2024-09-13T15:19:34.898 INFO:journalctl@ceph.mon.a.smithi063.stdout: File "/lib/python3.9/site-packages/cheroot/connections.py", line 300, in _from_server_socket
2024-09-13T15:19:34.898 INFO:journalctl@ceph.mon.a.smithi063.stdout: s, ssl_env = self.server.ssl_adapter.wrap(s)
2024-09-13T15:19:34.898 INFO:journalctl@ceph.mon.a.smithi063.stdout: File "/lib/python3.9/site-packages/cheroot/ssl/builtin.py", line 277, in wrap
2024-09-13T15:19:34.898 INFO:journalctl@ceph.mon.a.smithi063.stdout: s = self.context.wrap_socket(
2024-09-13T15:19:34.898 INFO:journalctl@ceph.mon.a.smithi063.stdout: File "/lib64/python3.9/ssl.py", line 501, in wrap_socket
2024-09-13T15:19:34.898 INFO:journalctl@ceph.mon.a.smithi063.stdout: return self.sslsocket_class._create(
2024-09-13T15:19:34.898 INFO:journalctl@ceph.mon.a.smithi063.stdout: File "/lib64/python3.9/ssl.py", line 1074, in _create
2024-09-13T15:19:34.898 INFO:journalctl@ceph.mon.a.smithi063.stdout: self.do_handshake()
2024-09-13T15:19:34.899 INFO:journalctl@ceph.mon.a.smithi063.stdout: File "/lib64/python3.9/ssl.py", line 1343, in do_handshake
2024-09-13T15:19:34.899 INFO:journalctl@ceph.mon.a.smithi063.stdout: self._sslobj.do_handshake()
2024-09-13T15:19:34.899 INFO:journalctl@ceph.mon.a.smithi063.stdout: ssl.SSLZeroReturnError: TLS/SSL connection has been closed (EOF) (_ssl.c:1133)
2024-09-13T15:19:34.899 INFO:journalctl@ceph.mon.a.smithi063.stdout:Sep 13 15:19:34 smithi063 ceph-mon[30561]: [13/Sep/2024:15:19:33] ENGINE Serving on http://172.21.15.63:8765
2024-09-13T15:19:34.899 INFO:journalctl@ceph.mon.a.smithi063.stdout:Sep 13 15:19:34 smithi063 ceph-mon[30561]: [13/Sep/2024:15:19:33] ENGINE Bus STARTED
2024-09-13T15:19:34.899 INFO:journalctl@ceph.mon.a.smithi063.stdout:Sep 13 15:19:34 smithi063 ceph-mon[30561]: mgrmap e8: x(active, since 2s)
2024-09-13T15:19:34.899 INFO:journalctl@ceph.mon.a.smithi063.stdout:Sep 13 15:19:34 smithi063 ceph-mon[30561]: from='mgr.14118 172.21.15.63:0/2194907648' entity='mgr.x'
2024-09-13T15:19:34.899 INFO:journalctl@ceph.mon.a.smithi063.stdout:Sep 13 15:19:34 smithi063 ceph-mon[30561]: from='mgr.14118 172.21.15.63:0/2194907648' entity='mgr.x' cmd=[{"prefix": "config dump", "format": "json"}]: dispatch
2024-09-13T15:19:35.897 INFO:journalctl@ceph.mon.a.smithi063.stdout:Sep 13 15:19:35 smithi063 ceph-mon[30561]: from='client.14130 -' entity='client.admin' cmd=[{"prefix": "orch set backend", "module_name": "cephadm", "target": ["mon-mgr", ""]}]: dispatch
2024-09-13T15:19:36.278 INFO:teuthology.orchestra.run.smithi063.stdout:/usr/bin/ceph: stdout value unchanged
2024-09-13T15:19:36.278 INFO:teuthology.orchestra.run.smithi063.stdout:/usr/bin/ceph: stderr
2024-09-13T15:19:35.430+0000 7f9689c00640 1 Processor -- start
2024-09-13T15:19:36.278 INFO:teuthology.orchestra.run.smithi063.stdout:/usr/bin/ceph: stderr
2024-09-13T15:19:35.431+0000 7f9689c00640 1 -- start start
2024-09-13T15:19:36.278 INFO:teuthology.orchestra.run.smithi063.stdout:/usr/bin/ceph: stderr
2024-09-13T15:19:35.431+0000 7f9689c00640 1 --2- >> [v2:172.21.15.63:3300/0,v1:172.21.15.63:6789/0] conn(0x7f96841056c0 0x7f9684105ac0 unknown :-1 s=NONE pgs=0 cs=0 l=0 rev1=0 crypto rx=0 tx=0 comp rx=0 tx=0).connect
2024-09-13T15:19:36.278 INFO:teuthology.orchestra.run.smithi063.stdout:/usr/bin/ceph: stderr
2024-09-13T15:19:35.431+0000 7f9689c00640 1 -- --> [v2:172.21.15.63:3300/0,v1:172.21.15.63:6789/0] -- mon_getmap magic: 0 v1 -- 0x7f9684106090 con 0x7f96841056c0
2024-09-13T15:19:36.278 INFO:teuthology.orchestra.run.smithi063.stdout:/usr/bin/ceph: stderr
2024-09-13T15:19:35.431+0000 7f9683e00640 1 --2- >> [v2:172.21.15.63:3300/0,v1:172.21.15.63:6789/0] conn(0x7f96841056c0 0x7f9684105ac0 unknown :-1 s=BANNER_CONNECTING pgs=0 cs=0 l=0 rev1=0 crypto rx=0 tx=0 comp rx=0 tx=0)._handle_peer_banner_payload supported=3 required=0
2024-09-13T15:19:36.278 INFO:teuthology.orchestra.run.smithi063.stdout:/usr/bin/ceph: stderr
2024-09-13T15:19:35.431+0000 7f9683e00640 1 --2- >> [v2:172.21.15.63:3300/0,v1:172.21.15.63:6789/0] conn(0x7f96841056c0 0x7f9684105ac0 unknown :-1 s=HELLO_CONNECTING pgs=0 cs=0 l=0 rev1=1 crypto rx=0 tx=0 comp rx=0 tx=0).handle_hello peer v2:172.21.15.63:3300/0 says I am v2:172.21.15.63:38348/0 (socket says 172.21.15.63:38348)
2024-09-13T15:19:36.279 INFO:teuthology.orchestra.run.smithi063.stdout:/usr/bin/ceph: stderr
2024-09-13T15:19:35.431+0000 7f9683e00640 1 -- 172.21.15.63:0/3159000855 learned_addr learned my addr 172.21.15.63:0/3159000855 (peer_addr_for_me v2:172.21.15.63:0/0)
2024-09-13T15:19:36.279 INFO:teuthology.orchestra.run.smithi063.stdout:/usr/bin/ceph: stderr
2024-09-13T15:19:35.432+0000 7f9683e00640 1 -- 172.21.15.63:0/3159000855 --> [v2:172.21.15.63:3300/0,v1:172.21.15.63:6789/0] -- mon_subscribe({config=0+,monmap=0+}) v3 -- 0x7f9684106870 con 0x7f96841056c0
2024-09-13T15:19:36.279 INFO:teuthology.orchestra.run.smithi063.stdout:/usr/bin/ceph: stderr
2024-09-13T15:19:35.433+0000 7f9683e00640 1 --2- 172.21.15.63:0/3159000855 >> [v2:172.21.15.63:3300/0,v1:172.21.15.63:6789/0] conn(0x7f96841056c0 0x7f9684105ac0 secure :-1 s=READY pgs=37 cs=0 l=1 rev1=1 crypto rx=0x7f9674009820 tx=0x7f967402a270 comp rx=0 tx=0).ready entity=mon.0 client_cookie=9e19decf70810432 server_cookie=0 in_seq=0 out_seq=0
2024-09-13T15:19:36.279 INFO:teuthology.orchestra.run.smithi063.stdout:/usr/bin/ceph: stderr
2024-09-13T15:19:35.433+0000 7f9683400640 1 -- 172.21.15.63:0/3159000855 <== mon.0 v2:172.21.15.63:3300/0 1 ==== mon_map magic: 0 v1 ==== 205+0+0 (secure 0 0 0) 0x7f967402ae70 con 0x7f96841056c0
2024-09-13T15:19:36.279 INFO:teuthology.orchestra.run.smithi063.stdout:/usr/bin/ceph: stderr
2024-09-13T15:19:35.433+0000 7f9683400640 1 -- 172.21.15.63:0/3159000855 <== mon.0 v2:172.21.15.63:3300/0 2 ==== config(28 keys) v1 ==== 1143+0+0 (secure 0 0 0) 0x7f9674032920 con 0x7f96841056c0
2024-09-13T15:19:36.279 INFO:teuthology.orchestra.run.smithi063.stdout:/usr/bin/ceph: stderr
2024-09-13T15:19:35.433+0000 7f9683400640 1 -- 172.21.15.63:0/3159000855 <== mon.0 v2:172.21.15.63:3300/0 3 ==== mon_map magic: 0 v1 ==== 205+0+0 (secure 0 0 0) 0x7f9674030a30 con 0x7f96841056c0
2024-09-13T15:19:36.279 INFO:teuthology.orchestra.run.smithi063.stdout:/usr/bin/ceph: stderr
2024-09-13T15:19:35.434+0000 7f9689c00640 1 -- 172.21.15.63:0/3159000855 >> [v2:172.21.15.63:3300/0,v1:172.21.15.63:6789/0] conn(0x7f96841056c0 msgr2=0x7f9684105ac0 secure :-1 s=STATE_CONNECTION_ESTABLISHED l=1).mark_down
2024-09-13T15:19:36.280 INFO:teuthology.orchestra.run.smithi063.stdout:/usr/bin/ceph: stderr
2024-09-13T15:19:35.434+0000 7f9689c00640 1 --2- 172.21.15.63:0/3159000855 >> [v2:172.21.15.63:3300/0,v1:172.21.15.63:6789/0] conn(0x7f96841056c0 0x7f9684105ac0 secure :-1 s=READY pgs=37 cs=0 l=1 rev1=1 crypto rx=0x7f9674009820 tx=0x7f967402a270 comp rx=0 tx=0).stop
2024-09-13T15:19:36.280 INFO:teuthology.orchestra.run.smithi063.stdout:/usr/bin/ceph: stderr
2024-09-13T15:19:35.434+0000 7f9689c00640 1 -- 172.21.15.63:0/3159000855 shutdown_connections
2024-09-13T15:19:36.280 INFO:teuthology.orchestra.run.smithi063.stdout:/usr/bin/ceph: stderr
2024-09-13T15:19:35.434+0000 7f9689c00640 1 --2- 172.21.15.63:0/3159000855 >> [v2:172.21.15.63:3300/0,v1:172.21.15.63:6789/0] conn(0x7f96841056c0 0x7f9684105ac0 unknown :-1 s=CLOSED pgs=37 cs=0 l=1 rev1=1 crypto rx=0 tx=0 comp rx=0 tx=0).stop
2024-09-13T15:19:36.280 INFO:teuthology.orchestra.run.smithi063.stdout:/usr/bin/ceph: stderr
2024-09-13T15:19:35.434+0000 7f9689c00640 1 -- 172.21.15.63:0/3159000855 >> 172.21.15.63:0/3159000855 conn(0x7f9684100e90 msgr2=0x7f96841032b0 unknown :-1 s=STATE_NONE l=0).mark_down
2024-09-13T15:19:36.280 INFO:teuthology.orchestra.run.smithi063.stdout:/usr/bin/ceph: stderr
2024-09-13T15:19:35.434+0000 7f9689c00640 1 -- 172.21.15.63:0/3159000855 shutdown_connections
2024-09-13T15:19:36.280 INFO:teuthology.orchestra.run.smithi063.stdout:/usr/bin/ceph: stderr
2024-09-13T15:19:35.434+0000 7f9689c00640 1 -- 172.21.15.63:0/3159000855 wait complete.
2024-09-13T15:19:36.280 INFO:teuthology.orchestra.run.smithi063.stdout:/usr/bin/ceph: stderr
2024-09-13T15:19:35.435+0000 7f9689c00640 1 Processor -- start
2024-09-13T15:19:36.280 INFO:teuthology.orchestra.run.smithi063.stdout:/usr/bin/ceph: stderr
2024-09-13T15:19:35.435+0000 7f9689c00640 1 -- start start
2024-09-13T15:19:36.280 INFO:teuthology.orchestra.run.smithi063.stdout:/usr/bin/ceph: stderr
2024-09-13T15:19:35.435+0000 7f9689c00640 1 --2- >> [v2:172.21.15.63:3300/0,v1:172.21.15.63:6789/0] conn(0x7f96841056c0 0x7f968407bb50 unknown :-1 s=NONE pgs=0 cs=0 l=1 rev1=0 crypto rx=0 tx=0 comp rx=0 tx=0).connect
2024-09-13T15:19:36.280 INFO:teuthology.orchestra.run.smithi063.stdout:/usr/bin/ceph: stderr
2024-09-13T15:19:35.435+0000 7f9689c00640 1 -- --> [v2:172.21.15.63:3300/0,v1:172.21.15.63:6789/0] -- mon_getmap magic: 0 v1 -- 0x7f968407c090 con 0x7f96841056c0
2024-09-13T15:19:36.280 INFO:teuthology.orchestra.run.smithi063.stdout:/usr/bin/ceph: stderr
2024-09-13T15:19:35.436+0000 7f9683e00640 1 --2- >> [v2:172.21.15.63:3300/0,v1:172.21.15.63:6789/0] conn(0x7f96841056c0 0x7f968407bb50 unknown :-1 s=BANNER_CONNECTING pgs=0 cs=0 l=1 rev1=0 crypto rx=0 tx=0 comp rx=0 tx=0)._handle_peer_banner_payload supported=3 required=0
2024-09-13T15:19:36.280 INFO:teuthology.orchestra.run.smithi063.stdout:/usr/bin/ceph: stderr
2024-09-13T15:19:35.436+0000 7f9683e00640 1 --2- >> [v2:172.21.15.63:3300/0,v1:172.21.15.63:6789/0] conn(0x7f96841056c0 0x7f968407bb50 unknown :-1 s=HELLO_CONNECTING pgs=0 cs=0 l=1 rev1=1 crypto rx=0 tx=0 comp rx=0 tx=0).handle_hello peer v2:172.21.15.63:3300/0 says I am v2:172.21.15.63:38352/0 (socket says 172.21.15.63:38352)
2024-09-13T15:19:36.280 INFO:teuthology.orchestra.run.smithi063.stdout:/usr/bin/ceph: stderr
2024-09-13T15:19:35.436+0000 7f9683e00640 1 -- 172.21.15.63:0/3269716965 learned_addr learned my addr 172.21.15.63:0/3269716965 (peer_addr_for_me v2:172.21.15.63:0/0)
2024-09-13T15:19:36.281 INFO:teuthology.orchestra.run.smithi063.stdout:/usr/bin/ceph: stderr
2024-09-13T15:19:35.436+0000 7f9683e00640 1 -- 172.21.15.63:0/3269716965 --> [v2:172.21.15.63:3300/0,v1:172.21.15.63:6789/0] -- mon_subscribe({config=0+,monmap=0+}) v3 -- 0x7f96740094d0 con 0x7f96841056c0
2024-09-13T15:19:36.281 INFO:teuthology.orchestra.run.smithi063.stdout:/usr/bin/ceph: stderr
2024-09-13T15:19:35.436+0000 7f9683e00640 1 --2- 172.21.15.63:0/3269716965 >> [v2:172.21.15.63:3300/0,v1:172.21.15.63:6789/0] conn(0x7f96841056c0 0x7f968407bb50 secure :-1 s=READY pgs=38 cs=0 l=1 rev1=1 crypto rx=0x7f96740097f0 tx=0x7f9674032670 comp rx=0 tx=0).ready entity=mon.0 client_cookie=0 server_cookie=0 in_seq=0 out_seq=0
2024-09-13T15:19:36.281 INFO:teuthology.orchestra.run.smithi063.stdout:/usr/bin/ceph: stderr
2024-09-13T15:19:35.436+0000 7f9681600640 1 -- 172.21.15.63:0/3269716965 <== mon.0 v2:172.21.15.63:3300/0 1 ==== mon_map magic: 0 v1 ==== 205+0+0 (secure 0 0 0) 0x7f9674032dd0 con 0x7f96841056c0
2024-09-13T15:19:36.281 INFO:teuthology.orchestra.run.smithi063.stdout:/usr/bin/ceph: stderr
2024-09-13T15:19:35.436+0000 7f9681600640 1 -- 172.21.15.63:0/3269716965 <== mon.0 v2:172.21.15.63:3300/0 2 ==== config(28 keys) v1 ==== 1143+0+0 (secure 0 0 0) 0x7f967403b910 con 0x7f96841056c0
2024-09-13T15:19:36.281 INFO:teuthology.orchestra.run.smithi063.stdout:/usr/bin/ceph: stderr
2024-09-13T15:19:35.436+0000 7f9689c00640 1 -- 172.21.15.63:0/3269716965 --> [v2:172.21.15.63:3300/0,v1:172.21.15.63:6789/0] -- mon_subscribe({mgrmap=0+}) v3 -- 0x7f968407a280 con 0x7f96841056c0
2024-09-13T15:19:36.281 INFO:teuthology.orchestra.run.smithi063.stdout:/usr/bin/ceph: stderr
2024-09-13T15:19:35.436+0000 7f9681600640 1 -- 172.21.15.63:0/3269716965 <== mon.0 v2:172.21.15.63:3300/0 3 ==== mon_map magic: 0 v1 ==== 205+0+0 (secure 0 0 0) 0x7f967403a8b0 con 0x7f96841056c0
2024-09-13T15:19:36.281 INFO:teuthology.orchestra.run.smithi063.stdout:/usr/bin/ceph: stderr
2024-09-13T15:19:35.437+0000 7f9689c00640 1 -- 172.21.15.63:0/3269716965 --> [v2:172.21.15.63:3300/0,v1:172.21.15.63:6789/0] -- mon_subscribe({osdmap=0}) v3 -- 0x7f968407a720 con 0x7f96841056c0
2024-09-13T15:19:36.281 INFO:teuthology.orchestra.run.smithi063.stdout:/usr/bin/ceph: stderr
2024-09-13T15:19:35.438+0000 7f9681600640 1 -- 172.21.15.63:0/3269716965 <== mon.0 v2:172.21.15.63:3300/0 4 ==== mgrmap(e 8) v1 ==== 45541+0+0 (secure 0 0 0) 0x7f9674039040 con 0x7f96841056c0
2024-09-13T15:19:36.281 INFO:teuthology.orchestra.run.smithi063.stdout:/usr/bin/ceph: stderr
2024-09-13T15:19:35.438+0000 7f9689c00640 1 -- 172.21.15.63:0/3269716965 --> [v2:172.21.15.63:3300/0,v1:172.21.15.63:6789/0] -- mon_command({"prefix": "get_command_descriptions"} v 0) v1 -- 0x7f9684109aa0 con 0x7f96841056c0
2024-09-13T15:19:36.281 INFO:teuthology.orchestra.run.smithi063.stdout:/usr/bin/ceph: stderr
2024-09-13T15:19:35.438+0000 7f9681600640 1 --2- 172.21.15.63:0/3269716965 >> [v2:172.21.15.63:6800/440056850,v1:172.21.15.63:6801/440056850] conn(0x7f9668038670 0x7f966803ab30 unknown :-1 s=NONE pgs=0 cs=0 l=1 rev1=0 crypto rx=0 tx=0 comp rx=0 tx=0).connect
2024-09-13T15:19:36.281 INFO:teuthology.orchestra.run.smithi063.stdout:/usr/bin/ceph: stderr
2024-09-13T15:19:35.438+0000 7f9681600640 1 -- 172.21.15.63:0/3269716965 <== mon.0 v2:172.21.15.63:3300/0 5 ==== osd_map(2..2 src has 1..2) v4 ==== 940+0+0 (secure 0 0 0) 0x7f967406b900 con 0x7f96841056c0
2024-09-13T15:19:36.281 INFO:teuthology.orchestra.run.smithi063.stdout:/usr/bin/ceph: stderr
2024-09-13T15:19:35.438+0000 7f967b400640 1 --2- 172.21.15.63:0/3269716965 >> [v2:172.21.15.63:6800/440056850,v1:172.21.15.63:6801/440056850] conn(0x7f9668038670 0x7f966803ab30 unknown :-1 s=BANNER_CONNECTING pgs=0 cs=0 l=1 rev1=0 crypto rx=0 tx=0 comp rx=0 tx=0)._handle_peer_banner_payload supported=3 required=0
2024-09-13T15:19:36.281 INFO:teuthology.orchestra.run.smithi063.stdout:/usr/bin/ceph: stderr
2024-09-13T15:19:35.439+0000 7f967b400640 1 --2- 172.21.15.63:0/3269716965 >> [v2:172.21.15.63:6800/440056850,v1:172.21.15.63:6801/440056850] conn(0x7f9668038670 0x7f966803ab30 secure :-1 s=READY pgs=8 cs=0 l=1 rev1=1 crypto rx=0x7f966c0098c0 tx=0x7f966c006db0 comp rx=0 tx=0).ready entity=mgr.14118 client_cookie=0 server_cookie=0 in_seq=0 out_seq=0
2024-09-13T15:19:36.282 INFO:teuthology.orchestra.run.smithi063.stdout:/usr/bin/ceph: stderr
2024-09-13T15:19:35.443+0000 7f9681600640 1 -- 172.21.15.63:0/3269716965 <== mon.0 v2:172.21.15.63:3300/0 6 ==== mon_command_ack([{"prefix": "get_command_descriptions"}]=0 v0) v1 ==== 72+0+183819 (secure 0 0 0) 0x7f9674031b50 con 0x7f96841056c0
2024-09-13T15:19:36.282 INFO:teuthology.orchestra.run.smithi063.stdout:/usr/bin/ceph: stderr
2024-09-13T15:19:35.629+0000 7f9689c00640 1 -- 172.21.15.63:0/3269716965 --> [v2:172.21.15.63:6800/440056850,v1:172.21.15.63:6801/440056850] -- mgr_command(tid 0: {"prefix": "cephadm set-user", "user": "root", "target": ["mon-mgr", ""]}) v1 -- 0x7f968407ae80 con 0x7f9668038670
2024-09-13T15:19:36.282 INFO:teuthology.orchestra.run.smithi063.stdout:/usr/bin/ceph: stderr
2024-09-13T15:19:35.630+0000 7f9681600640 1 -- 172.21.15.63:0/3269716965 <== mgr.14118 v2:172.21.15.63:6800/440056850 1 ==== mgr_command_reply(tid 0: 0 ) v1 ==== 8+0+16 (secure 0 0 0) 0x7f968407ae80 con 0x7f9668038670
2024-09-13T15:19:36.282 INFO:teuthology.orchestra.run.smithi063.stdout:/usr/bin/ceph: stderr
2024-09-13T15:19:35.632+0000 7f9689c00640 1 -- 172.21.15.63:0/3269716965 >> [v2:172.21.15.63:6800/440056850,v1:172.21.15.63:6801/440056850] conn(0x7f9668038670 msgr2=0x7f966803ab30 secure :-1 s=STATE_CONNECTION_ESTABLISHED l=1).mark_down
2024-09-13T15:19:36.282 INFO:teuthology.orchestra.run.smithi063.stdout:/usr/bin/ceph: stderr
2024-09-13T15:19:35.632+0000 7f9689c00640 1 --2- 172.21.15.63:0/3269716965 >> [v2:172.21.15.63:6800/440056850,v1:172.21.15.63:6801/440056850] conn(0x7f9668038670 0x7f966803ab30 secure :-1 s=READY pgs=8 cs=0 l=1 rev1=1 crypto rx=0x7f966c0098c0 tx=0x7f966c006db0 comp rx=0 tx=0).stop
2024-09-13T15:19:36.282 INFO:teuthology.orchestra.run.smithi063.stdout:/usr/bin/ceph: stderr
2024-09-13T15:19:35.632+0000 7f9689c00640 1 -- 172.21.15.63:0/3269716965 >> [v2:172.21.15.63:3300/0,v1:172.21.15.63:6789/0] conn(0x7f96841056c0 msgr2=0x7f968407bb50 secure :-1 s=STATE_CONNECTION_ESTABLISHED l=1).mark_down
2024-09-13T15:19:36.282 INFO:teuthology.orchestra.run.smithi063.stdout:/usr/bin/ceph: stderr
2024-09-13T15:19:35.632+0000 7f9689c00640 1 --2- 172.21.15.63:0/3269716965 >> [v2:172.21.15.63:3300/0,v1:172.21.15.63:6789/0] conn(0x7f96841056c0 0x7f968407bb50 secure :-1 s=READY pgs=38 cs=0 l=1 rev1=1 crypto rx=0x7f96740097f0 tx=0x7f9674032670 comp rx=0 tx=0).stop
2024-09-13T15:19:36.282 INFO:teuthology.orchestra.run.smithi063.stdout:/usr/bin/ceph: stderr
2024-09-13T15:19:35.632+0000 7f9689c00640 1 -- 172.21.15.63:0/3269716965 shutdown_connections
2024-09-13T15:19:36.282 INFO:teuthology.orchestra.run.smithi063.stdout:/usr/bin/ceph: stderr
2024-09-13T15:19:35.632+0000 7f9689c00640 1 --2- 172.21.15.63:0/3269716965 >> [v2:172.21.15.63:6800/440056850,v1:172.21.15.63:6801/440056850] conn(0x7f9668038670 0x7f966803ab30 unknown :-1 s=CLOSED pgs=8 cs=0 l=1 rev1=1 crypto rx=0 tx=0 comp rx=0 tx=0).stop
2024-09-13T15:19:36.282 INFO:teuthology.orchestra.run.smithi063.stdout:/usr/bin/ceph: stderr
2024-09-13T15:19:35.632+0000 7f9689c00640 1 --2- 172.21.15.63:0/3269716965 >> [v2:172.21.15.63:3300/0,v1:172.21.15.63:6789/0] conn(0x7f96841056c0 0x7f968407bb50 unknown :-1 s=CLOSED pgs=38 cs=0 l=1 rev1=1 crypto rx=0 tx=0 comp rx=0 tx=0).stop
2024-09-13T15:19:36.282 INFO:teuthology.orchestra.run.smithi063.stdout:/usr/bin/ceph: stderr
2024-09-13T15:19:35.632+0000 7f9689c00640 1 -- 172.21.15.63:0/3269716965 >> 172.21.15.63:0/3269716965 conn(0x7f9684100e90 msgr2=0x7f9684101ab0 unknown :-1 s=STATE_NONE l=0).mark_down
2024-09-13T15:19:36.282 INFO:teuthology.orchestra.run.smithi063.stdout:/usr/bin/ceph: stderr
2024-09-13T15:19:35.632+0000 7f9689c00640 1 -- 172.21.15.63:0/3269716965 shutdown_connections
2024-09-13T15:19:36.282 INFO:teuthology.orchestra.run.smithi063.stdout:/usr/bin/ceph: stderr
2024-09-13T15:19:35.632+0000 7f9689c00640 1 -- 172.21.15.63:0/3269716965 wait complete.
2024-09-13T15:19:36.283 INFO:teuthology.orchestra.run.smithi063.stdout:Generating ssh key...
2024-09-13T15:19:36.787 INFO:journalctl@ceph.mon.a.smithi063.stdout:Sep 13 15:19:36 smithi063 ceph-mon[30561]: from='client.14132 -' entity='client.admin' cmd=[{"prefix": "cephadm set-user", "user": "root", "target": ["mon-mgr", ""]}]: dispatch
2024-09-13T15:19:37.841 INFO:journalctl@ceph.mgr.x.smithi063.stdout:Sep 13 15:19:37 smithi063 ceph-60648088-71e3-11ef-bceb-c7b262605968-mgr-x[30786]: Generating public/private rsa key pair.
2024-09-13T15:19:37.841 INFO:journalctl@ceph.mgr.x.smithi063.stdout:Sep 13 15:19:37 smithi063 ceph-60648088-71e3-11ef-bceb-c7b262605968-mgr-x[30786]: Your identification has been saved in /tmp/tmppi5k8lv0/key
2024-09-13T15:19:37.841 INFO:journalctl@ceph.mgr.x.smithi063.stdout:Sep 13 15:19:37 smithi063 ceph-60648088-71e3-11ef-bceb-c7b262605968-mgr-x[30786]: Your public key has been saved in /tmp/tmppi5k8lv0/key.pub
2024-09-13T15:19:37.841 INFO:journalctl@ceph.mgr.x.smithi063.stdout:Sep 13 15:19:37 smithi063 ceph-60648088-71e3-11ef-bceb-c7b262605968-mgr-x[30786]: The key fingerprint is:
2024-09-13T15:19:37.841 INFO:journalctl@ceph.mgr.x.smithi063.stdout:Sep 13 15:19:37 smithi063 ceph-60648088-71e3-11ef-bceb-c7b262605968-mgr-x[30786]: SHA256:PByFSYF9C0p1CkoohdU2+b27LzwiyyVgr35k2Gqv/QA ceph-60648088-71e3-11ef-bceb-c7b262605968
2024-09-13T15:19:37.841 INFO:journalctl@ceph.mgr.x.smithi063.stdout:Sep 13 15:19:37 smithi063 ceph-60648088-71e3-11ef-bceb-c7b262605968-mgr-x[30786]: The key's randomart image is:
2024-09-13T15:19:37.841 INFO:journalctl@ceph.mgr.x.smithi063.stdout:Sep 13 15:19:37 smithi063 ceph-60648088-71e3-11ef-bceb-c7b262605968-mgr-x[30786]: +---[RSA 3072]----+
2024-09-13T15:19:37.841 INFO:journalctl@ceph.mgr.x.smithi063.stdout:Sep 13 15:19:37 smithi063 ceph-60648088-71e3-11ef-bceb-c7b262605968-mgr-x[30786]: | +oo...=++o |
2024-09-13T15:19:37.842 INFO:journalctl@ceph.mgr.x.smithi063.stdout:Sep 13 15:19:37 smithi063 ceph-60648088-71e3-11ef-bceb-c7b262605968-mgr-x[30786]: |o ..=.o.=+. |
2024-09-13T15:19:37.842 INFO:journalctl@ceph.mgr.x.smithi063.stdout:Sep 13 15:19:37 smithi063 ceph-60648088-71e3-11ef-bceb-c7b262605968-mgr-x[30786]: | . ..+ ooo . |
2024-09-13T15:19:37.842 INFO:journalctl@ceph.mgr.x.smithi063.stdout:Sep 13 15:19:37 smithi063 ceph-60648088-71e3-11ef-bceb-c7b262605968-mgr-x[30786]: | oo... |
2024-09-13T15:19:37.842 INFO:journalctl@ceph.mgr.x.smithi063.stdout:Sep 13 15:19:37 smithi063 ceph-60648088-71e3-11ef-bceb-c7b262605968-mgr-x[30786]: | Eo S. |
2024-09-13T15:19:37.842 INFO:journalctl@ceph.mgr.x.smithi063.stdout:Sep 13 15:19:37 smithi063 ceph-60648088-71e3-11ef-bceb-c7b262605968-mgr-x[30786]: | ..++ .. |
2024-09-13T15:19:37.842 INFO:journalctl@ceph.mgr.x.smithi063.stdout:Sep 13 15:19:37 smithi063 ceph-60648088-71e3-11ef-bceb-c7b262605968-mgr-x[30786]: | ++ .. . |
2024-09-13T15:19:37.842 INFO:journalctl@ceph.mgr.x.smithi063.stdout:Sep 13 15:19:37 smithi063 ceph-60648088-71e3-11ef-bceb-c7b262605968-mgr-x[30786]: | o+o+. = |
2024-09-13T15:19:37.842 INFO:journalctl@ceph.mgr.x.smithi063.stdout:Sep 13 15:19:37 smithi063 ceph-60648088-71e3-11ef-bceb-c7b262605968-mgr-x[30786]: | o++=+...=. |
2024-09-13T15:19:37.842 INFO:journalctl@ceph.mgr.x.smithi063.stdout:Sep 13 15:19:37 smithi063 ceph-60648088-71e3-11ef-bceb-c7b262605968-mgr-x[30786]: +----[SHA256]-----+
2024-09-13T15:19:38.126 INFO:teuthology.orchestra.run.smithi063.stdout:/usr/bin/ceph: stderr
2024-09-13T15:19:36.893+0000 7f22d4a00640 1 Processor -- start
2024-09-13T15:19:38.126 INFO:teuthology.orchestra.run.smithi063.stdout:/usr/bin/ceph: stderr
2024-09-13T15:19:36.893+0000 7f22d4a00640 1 -- start start
2024-09-13T15:19:38.126 INFO:teuthology.orchestra.run.smithi063.stdout:/usr/bin/ceph: stderr
2024-09-13T15:19:36.893+0000 7f22d4a00640 1 --2- >> [v2:172.21.15.63:3300/0,v1:172.21.15.63:6789/0] conn(0x7f22d01078b0 0x7f22d0107cb0 unknown :-1 s=NONE pgs=0 cs=0 l=0 rev1=0 crypto rx=0 tx=0 comp rx=0 tx=0).connect
2024-09-13T15:19:38.126 INFO:teuthology.orchestra.run.smithi063.stdout:/usr/bin/ceph: stderr
2024-09-13T15:19:36.893+0000 7f22d4a00640 1 -- --> [v2:172.21.15.63:3300/0,v1:172.21.15.63:6789/0] -- mon_getmap magic: 0 v1 -- 0x7f22d0108280 con 0x7f22d01078b0
2024-09-13T15:19:38.126 INFO:teuthology.orchestra.run.smithi063.stdout:/usr/bin/ceph: stderr
2024-09-13T15:19:36.893+0000 7f22cf400640 1 --2- >> [v2:172.21.15.63:3300/0,v1:172.21.15.63:6789/0] conn(0x7f22d01078b0 0x7f22d0107cb0 unknown :-1 s=BANNER_CONNECTING pgs=0 cs=0 l=0 rev1=0 crypto rx=0 tx=0 comp rx=0 tx=0)._handle_peer_banner_payload supported=3 required=0
2024-09-13T15:19:38.127 INFO:teuthology.orchestra.run.smithi063.stdout:/usr/bin/ceph: stderr
2024-09-13T15:19:36.893+0000 7f22cf400640 1 --2- >> [v2:172.21.15.63:3300/0,v1:172.21.15.63:6789/0] conn(0x7f22d01078b0 0x7f22d0107cb0 unknown :-1 s=HELLO_CONNECTING pgs=0 cs=0 l=0 rev1=1 crypto rx=0 tx=0 comp rx=0 tx=0).handle_hello peer v2:172.21.15.63:3300/0 says I am v2:172.21.15.63:38368/0 (socket says 172.21.15.63:38368)
2024-09-13T15:19:38.127 INFO:teuthology.orchestra.run.smithi063.stdout:/usr/bin/ceph: stderr
2024-09-13T15:19:36.893+0000 7f22cf400640 1 -- 172.21.15.63:0/956912371 learned_addr learned my addr 172.21.15.63:0/956912371 (peer_addr_for_me v2:172.21.15.63:0/0)
2024-09-13T15:19:38.127 INFO:teuthology.orchestra.run.smithi063.stdout:/usr/bin/ceph: stderr
2024-09-13T15:19:36.894+0000 7f22cf400640 1 -- 172.21.15.63:0/956912371 --> [v2:172.21.15.63:3300/0,v1:172.21.15.63:6789/0] -- mon_subscribe({config=0+,monmap=0+}) v3 -- 0x7f22d01083c0 con 0x7f22d01078b0
2024-09-13T15:19:38.127 INFO:teuthology.orchestra.run.smithi063.stdout:/usr/bin/ceph: stderr
2024-09-13T15:19:36.895+0000 7f22cf400640 1 --2- 172.21.15.63:0/956912371 >> [v2:172.21.15.63:3300/0,v1:172.21.15.63:6789/0] conn(0x7f22d01078b0 0x7f22d0107cb0 secure :-1 s=READY pgs=39 cs=0 l=1 rev1=1 crypto rx=0x7f22c0009820 tx=0x7f22c002a270 comp rx=0 tx=0).ready entity=mon.0 client_cookie=ad25e2e77012cc37 server_cookie=0 in_seq=0 out_seq=0
