2024-09-13T15:19:51.450 INFO:teuthology.orchestra.run.smithi063.stdout:/usr/bin/ceph: stderr
2024-09-13T15:19:50.568+0000 7f916de00640 1 --2- 172.21.15.63:0/1957797050 >> [v2:172.21.15.63:3300/0,v1:172.21.15.63:6789/0] conn(0x7f9168107b70 0x7f9168107f70 unknown :-1 s=CLOSED pgs=51 cs=0 l=1 rev1=1 crypto rx=0 tx=0 comp rx=0 tx=0).stop
2024-09-13T15:19:51.450 INFO:teuthology.orchestra.run.smithi063.stdout:/usr/bin/ceph: stderr
2024-09-13T15:19:50.568+0000 7f916de00640 1 -- 172.21.15.63:0/1957797050 >> 172.21.15.63:0/1957797050 conn(0x7f916807b170 msgr2=0x7f916807b580 unknown :-1 s=STATE_NONE l=0).mark_down
2024-09-13T15:19:51.450 INFO:teuthology.orchestra.run.smithi063.stdout:/usr/bin/ceph: stderr
2024-09-13T15:19:50.568+0000 7f916de00640 1 -- 172.21.15.63:0/1957797050 shutdown_connections
2024-09-13T15:19:51.450 INFO:teuthology.orchestra.run.smithi063.stdout:/usr/bin/ceph: stderr
2024-09-13T15:19:50.568+0000 7f916de00640 1 -- 172.21.15.63:0/1957797050 wait complete.
2024-09-13T15:19:51.450 INFO:teuthology.orchestra.run.smithi063.stdout:/usr/bin/ceph: stderr
2024-09-13T15:19:50.569+0000 7f916de00640 1 Processor -- start
2024-09-13T15:19:51.450 INFO:teuthology.orchestra.run.smithi063.stdout:/usr/bin/ceph: stderr
2024-09-13T15:19:50.569+0000 7f916de00640 1 -- start start
2024-09-13T15:19:51.450 INFO:teuthology.orchestra.run.smithi063.stdout:/usr/bin/ceph: stderr
2024-09-13T15:19:50.569+0000 7f916de00640 1 --2- >> [v2:172.21.15.63:3300/0,v1:172.21.15.63:6789/0] conn(0x7f9168107b70 0x7f916819b8b0 unknown :-1 s=NONE pgs=0 cs=0 l=1 rev1=0 crypto rx=0 tx=0 comp rx=0 tx=0).connect
2024-09-13T15:19:51.451 INFO:teuthology.orchestra.run.smithi063.stdout:/usr/bin/ceph: stderr
2024-09-13T15:19:50.569+0000 7f916de00640 1 -- --> [v2:172.21.15.63:3300/0,v1:172.21.15.63:6789/0] -- mon_getmap magic: 0 v1 -- 0x7f916819bdf0 con 0x7f9168107b70
2024-09-13T15:19:51.451 INFO:teuthology.orchestra.run.smithi063.stdout:/usr/bin/ceph: stderr
2024-09-13T15:19:50.570+0000 7f9166a00640 1 --2- >> [v2:172.21.15.63:3300/0,v1:172.21.15.63:6789/0] conn(0x7f9168107b70 0x7f916819b8b0 unknown :-1 s=BANNER_CONNECTING pgs=0 cs=0 l=1 rev1=0 crypto rx=0 tx=0 comp rx=0 tx=0)._handle_peer_banner_payload supported=3 required=0
2024-09-13T15:19:51.451 INFO:teuthology.orchestra.run.smithi063.stdout:/usr/bin/ceph: stderr
2024-09-13T15:19:50.570+0000 7f9166a00640 1 --2- >> [v2:172.21.15.63:3300/0,v1:172.21.15.63:6789/0] conn(0x7f9168107b70 0x7f916819b8b0 unknown :-1 s=HELLO_CONNECTING pgs=0 cs=0 l=1 rev1=1 crypto rx=0 tx=0 comp rx=0 tx=0).handle_hello peer v2:172.21.15.63:3300/0 says I am v2:172.21.15.63:47056/0 (socket says 172.21.15.63:47056)
2024-09-13T15:19:51.451 INFO:teuthology.orchestra.run.smithi063.stdout:/usr/bin/ceph: stderr
2024-09-13T15:19:50.570+0000 7f9166a00640 1 -- 172.21.15.63:0/3037663218 learned_addr learned my addr 172.21.15.63:0/3037663218 (peer_addr_for_me v2:172.21.15.63:0/0)
2024-09-13T15:19:51.451 INFO:teuthology.orchestra.run.smithi063.stdout:/usr/bin/ceph: stderr
2024-09-13T15:19:50.570+0000 7f9166a00640 1 -- 172.21.15.63:0/3037663218 --> [v2:172.21.15.63:3300/0,v1:172.21.15.63:6789/0] -- mon_subscribe({config=0+,monmap=0+}) v3 -- 0x7f91580094d0 con 0x7f9168107b70
2024-09-13T15:19:51.451 INFO:teuthology.orchestra.run.smithi063.stdout:/usr/bin/ceph: stderr
2024-09-13T15:19:50.571+0000 7f9166a00640 1 --2- 172.21.15.63:0/3037663218 >> [v2:172.21.15.63:3300/0,v1:172.21.15.63:6789/0] conn(0x7f9168107b70 0x7f916819b8b0 secure :-1 s=READY pgs=52 cs=0 l=1 rev1=1 crypto rx=0x7f91580097f0 tx=0x7f9158032650 comp rx=0 tx=0).ready entity=mon.0 client_cookie=0 server_cookie=0 in_seq=0 out_seq=0
2024-09-13T15:19:51.451 INFO:teuthology.orchestra.run.smithi063.stdout:/usr/bin/ceph: stderr
2024-09-13T15:19:50.571+0000 7f916ca00640 1 -- 172.21.15.63:0/3037663218 <== mon.0 v2:172.21.15.63:3300/0 1 ==== mon_map magic: 0 v1 ==== 205+0+0 (secure 0 0 0) 0x7f9158032cc0 con 0x7f9168107b70
2024-09-13T15:19:51.451 INFO:teuthology.orchestra.run.smithi063.stdout:/usr/bin/ceph: stderr
2024-09-13T15:19:50.571+0000 7f916ca00640 1 -- 172.21.15.63:0/3037663218 <== mon.0 v2:172.21.15.63:3300/0 2 ==== config(28 keys) v1 ==== 1174+0+0 (secure 0 0 0) 0x7f9158032e20 con 0x7f9168107b70
2024-09-13T15:19:51.451 INFO:teuthology.orchestra.run.smithi063.stdout:/usr/bin/ceph: stderr
2024-09-13T15:19:50.571+0000 7f916ca00640 1 -- 172.21.15.63:0/3037663218 <== mon.0 v2:172.21.15.63:3300/0 3 ==== mon_map magic: 0 v1 ==== 205+0+0 (secure 0 0 0) 0x7f915803a7f0 con 0x7f9168107b70
2024-09-13T15:19:51.451 INFO:teuthology.orchestra.run.smithi063.stdout:/usr/bin/ceph: stderr
2024-09-13T15:19:50.571+0000 7f916de00640 1 -- 172.21.15.63:0/3037663218 --> [v2:172.21.15.63:3300/0,v1:172.21.15.63:6789/0] -- mon_subscribe({mgrmap=0+}) v3 -- 0x7f916819bff0 con 0x7f9168107b70
2024-09-13T15:19:51.451 INFO:teuthology.orchestra.run.smithi063.stdout:/usr/bin/ceph: stderr
2024-09-13T15:19:50.571+0000 7f916de00640 1 -- 172.21.15.63:0/3037663218 --> [v2:172.21.15.63:3300/0,v1:172.21.15.63:6789/0] -- mon_subscribe({osdmap=0}) v3 -- 0x7f916819c490 con 0x7f9168107b70
2024-09-13T15:19:51.451 INFO:teuthology.orchestra.run.smithi063.stdout:/usr/bin/ceph: stderr
2024-09-13T15:19:50.572+0000 7f916de00640 1 -- 172.21.15.63:0/3037663218 --> [v2:172.21.15.63:3300/0,v1:172.21.15.63:6789/0] -- mon_command({"prefix": "get_command_descriptions"} v 0) v1 -- 0x7f916810bf00 con 0x7f9168107b70
2024-09-13T15:19:51.451 INFO:teuthology.orchestra.run.smithi063.stdout:/usr/bin/ceph: stderr
2024-09-13T15:19:50.573+0000 7f916ca00640 1 -- 172.21.15.63:0/3037663218 <== mon.0 v2:172.21.15.63:3300/0 4 ==== mgrmap(e 8) v1 ==== 45541+0+0 (secure 0 0 0) 0x7f9158039040 con 0x7f9168107b70
2024-09-13T15:19:51.452 INFO:teuthology.orchestra.run.smithi063.stdout:/usr/bin/ceph: stderr
2024-09-13T15:19:50.573+0000 7f916ca00640 1 --2- 172.21.15.63:0/3037663218 >> [v2:172.21.15.63:6800/440056850,v1:172.21.15.63:6801/440056850] conn(0x7f914c038620 0x7f914c03aae0 unknown :-1 s=NONE pgs=0 cs=0 l=1 rev1=0 crypto rx=0 tx=0 comp rx=0 tx=0).connect
2024-09-13T15:19:51.452 INFO:teuthology.orchestra.run.smithi063.stdout:/usr/bin/ceph: stderr
2024-09-13T15:19:50.573+0000 7f916ca00640 1 -- 172.21.15.63:0/3037663218 <== mon.0 v2:172.21.15.63:3300/0 5 ==== osd_map(2..2 src has 1..2) v4 ==== 940+0+0 (secure 0 0 0) 0x7f915806b7a0 con 0x7f9168107b70
2024-09-13T15:19:51.452 INFO:teuthology.orchestra.run.smithi063.stdout:/usr/bin/ceph: stderr
2024-09-13T15:19:50.574+0000 7f9166000640 1 --2- 172.21.15.63:0/3037663218 >> [v2:172.21.15.63:6800/440056850,v1:172.21.15.63:6801/440056850] conn(0x7f914c038620 0x7f914c03aae0 unknown :-1 s=BANNER_CONNECTING pgs=0 cs=0 l=1 rev1=0 crypto rx=0 tx=0 comp rx=0 tx=0)._handle_peer_banner_payload supported=3 required=0
2024-09-13T15:19:51.452 INFO:teuthology.orchestra.run.smithi063.stdout:/usr/bin/ceph: stderr
2024-09-13T15:19:50.574+0000 7f9166000640 1 --2- 172.21.15.63:0/3037663218 >> [v2:172.21.15.63:6800/440056850,v1:172.21.15.63:6801/440056850] conn(0x7f914c038620 0x7f914c03aae0 secure :-1 s=READY pgs=15 cs=0 l=1 rev1=1 crypto rx=0x7f91540098c0 tx=0x7f9154006db0 comp rx=0 tx=0).ready entity=mgr.14118 client_cookie=0 server_cookie=0 in_seq=0 out_seq=0
2024-09-13T15:19:51.452 INFO:teuthology.orchestra.run.smithi063.stdout:/usr/bin/ceph: stderr
2024-09-13T15:19:50.578+0000 7f916ca00640 1 -- 172.21.15.63:0/3037663218 <== mon.0 v2:172.21.15.63:3300/0 6 ==== mon_command_ack([{"prefix": "get_command_descriptions"}]=0 v0) v1 ==== 72+0+183819 (secure 0 0 0) 0x7f915803bc30 con 0x7f9168107b70
2024-09-13T15:19:51.452 INFO:teuthology.orchestra.run.smithi063.stdout:/usr/bin/ceph: stderr
2024-09-13T15:19:50.764+0000 7f916de00640 1 -- 172.21.15.63:0/3037663218 --> [v2:172.21.15.63:3300/0,v1:172.21.15.63:6789/0] -- mon_command([{prefix=config set, name=mgr/dashboard/ssl_server_port}] v 0) v1 -- 0x7f916810c140 con 0x7f9168107b70
2024-09-13T15:19:51.452 INFO:teuthology.orchestra.run.smithi063.stdout:/usr/bin/ceph: stderr
2024-09-13T15:19:50.767+0000 7f916ca00640 1 -- 172.21.15.63:0/3037663218 <== mon.0 v2:172.21.15.63:3300/0 7 ==== mon_command_ack([{prefix=config set, name=mgr/dashboard/ssl_server_port}]=0 v8)=0 v8) v1 ==== 130+0+0 (secure 0 0 0) 0x7f915803f0c0 con 0x7f9168107b70
2024-09-13T15:19:51.452 INFO:teuthology.orchestra.run.smithi063.stdout:/usr/bin/ceph: stderr
2024-09-13T15:19:50.771+0000 7f916de00640 1 -- 172.21.15.63:0/3037663218 >> [v2:172.21.15.63:6800/440056850,v1:172.21.15.63:6801/440056850] conn(0x7f914c038620 msgr2=0x7f914c03aae0 secure :-1 s=STATE_CONNECTION_ESTABLISHED l=1).mark_down
2024-09-13T15:19:51.452 INFO:teuthology.orchestra.run.smithi063.stdout:/usr/bin/ceph: stderr
2024-09-13T15:19:50.771+0000 7f916de00640 1 --2- 172.21.15.63:0/3037663218 >> [v2:172.21.15.63:6800/440056850,v1:172.21.15.63:6801/440056850] conn(0x7f914c038620 0x7f914c03aae0 secure :-1 s=READY pgs=15 cs=0 l=1 rev1=1 crypto rx=0x7f91540098c0 tx=0x7f9154006db0 comp rx=0 tx=0).stop
2024-09-13T15:19:51.452 INFO:teuthology.orchestra.run.smithi063.stdout:/usr/bin/ceph: stderr
2024-09-13T15:19:50.771+0000 7f916de00640 1 -- 172.21.15.63:0/3037663218 >> [v2:172.21.15.63:3300/0,v1:172.21.15.63:6789/0] conn(0x7f9168107b70 msgr2=0x7f916819b8b0 secure :-1 s=STATE_CONNECTION_ESTABLISHED l=1).mark_down
2024-09-13T15:19:51.452 INFO:teuthology.orchestra.run.smithi063.stdout:/usr/bin/ceph: stderr
2024-09-13T15:19:50.771+0000 7f916de00640 1 --2- 172.21.15.63:0/3037663218 >> [v2:172.21.15.63:3300/0,v1:172.21.15.63:6789/0] conn(0x7f9168107b70 0x7f916819b8b0 secure :-1 s=READY pgs=52 cs=0 l=1 rev1=1 crypto rx=0x7f91580097f0 tx=0x7f9158032650 comp rx=0 tx=0).stop
2024-09-13T15:19:51.452 INFO:teuthology.orchestra.run.smithi063.stdout:/usr/bin/ceph: stderr
2024-09-13T15:19:50.771+0000 7f916de00640 1 -- 172.21.15.63:0/3037663218 shutdown_connections
2024-09-13T15:19:51.453 INFO:teuthology.orchestra.run.smithi063.stdout:/usr/bin/ceph: stderr
2024-09-13T15:19:50.771+0000 7f916de00640 1 --2- 172.21.15.63:0/3037663218 >> [v2:172.21.15.63:6800/440056850,v1:172.21.15.63:6801/440056850] conn(0x7f914c038620 0x7f914c03aae0 unknown :-1 s=CLOSED pgs=15 cs=0 l=1 rev1=1 crypto rx=0 tx=0 comp rx=0 tx=0).stop
2024-09-13T15:19:51.453 INFO:teuthology.orchestra.run.smithi063.stdout:/usr/bin/ceph: stderr
2024-09-13T15:19:50.771+0000 7f916de00640 1 --2- 172.21.15.63:0/3037663218 >> [v2:172.21.15.63:3300/0,v1:172.21.15.63:6789/0] conn(0x7f9168107b70 0x7f916819b8b0 unknown :-1 s=CLOSED pgs=52 cs=0 l=1 rev1=1 crypto rx=0 tx=0 comp rx=0 tx=0).stop
2024-09-13T15:19:51.453 INFO:teuthology.orchestra.run.smithi063.stdout:/usr/bin/ceph: stderr
2024-09-13T15:19:50.771+0000 7f916de00640 1 -- 172.21.15.63:0/3037663218 >> 172.21.15.63:0/3037663218 conn(0x7f916807b170 msgr2=0x7f9168105660 unknown :-1 s=STATE_NONE l=0).mark_down
2024-09-13T15:19:51.453 INFO:teuthology.orchestra.run.smithi063.stdout:/usr/bin/ceph: stderr
2024-09-13T15:19:50.772+0000 7f916de00640 1 -- 172.21.15.63:0/3037663218 shutdown_connections
2024-09-13T15:19:51.453 INFO:teuthology.orchestra.run.smithi063.stdout:/usr/bin/ceph: stderr
2024-09-13T15:19:50.772+0000 7f916de00640 1 -- 172.21.15.63:0/3037663218 wait complete.
2024-09-13T15:19:51.453 INFO:teuthology.orchestra.run.smithi063.stdout:Enabling the dashboard module...
2024-09-13T15:19:51.939 INFO:journalctl@ceph.mon.a.smithi063.stdout:Sep 13 15:19:51 smithi063 ceph-mon[30561]: from='client.? 172.21.15.63:0/3037663218' entity='client.admin'
2024-09-13T15:19:51.939 INFO:journalctl@ceph.mon.a.smithi063.stdout:Sep 13 15:19:51 smithi063 ceph-mon[30561]: from='mgr.14118 172.21.15.63:0/2194907648' entity='mgr.x'
2024-09-13T15:19:51.939 INFO:journalctl@ceph.mon.a.smithi063.stdout:Sep 13 15:19:51 smithi063 ceph-mon[30561]: pgmap v3: 0 pgs: ; 0 B data, 0 B used, 0 B / 0 B avail
2024-09-13T15:19:53.016 INFO:journalctl@ceph.mon.a.smithi063.stdout:Sep 13 15:19:52 smithi063 ceph-mon[30561]: from='client.? 172.21.15.63:0/2279943105' entity='client.admin' cmd=[{"prefix": "mgr module enable", "module": "dashboard"}]: dispatch
2024-09-13T15:19:53.017 INFO:journalctl@ceph.mgr.x.smithi063.stdout:Sep 13 15:19:52 smithi063 ceph-60648088-71e3-11ef-bceb-c7b262605968-mgr-x[30786]: ignoring --setuser ceph since I am not root
2024-09-13T15:19:53.017 INFO:journalctl@ceph.mgr.x.smithi063.stdout:Sep 13 15:19:52 smithi063 ceph-60648088-71e3-11ef-bceb-c7b262605968-mgr-x[30786]: ignoring --setgroup ceph since I am not root
2024-09-13T15:19:53.017 INFO:journalctl@ceph.mgr.x.smithi063.stdout:Sep 13 15:19:53 smithi063 ceph-60648088-71e3-11ef-bceb-c7b262605968-mgr-x[30786]:
2024-09-13T15:19:53.015+0000 7f2f47094040 -1 mgr[py] Module osd_perf_query has missing NOTIFY_TYPES member
2024-09-13T15:19:53.281 INFO:journalctl@ceph.mgr.x.smithi063.stdout:Sep 13 15:19:53 smithi063 ceph-60648088-71e3-11ef-bceb-c7b262605968-mgr-x[30786]:
2024-09-13T15:19:53.087+0000 7f2f47094040 -1 mgr[py] Module osd_support has missing NOTIFY_TYPES member
2024-09-13T15:19:53.489 INFO:teuthology.orchestra.run.smithi063.stdout:/usr/bin/ceph: stderr
2024-09-13T15:19:52.041+0000 7fa995a00640 1 Processor -- start
2024-09-13T15:19:53.490 INFO:teuthology.orchestra.run.smithi063.stdout:/usr/bin/ceph: stderr
2024-09-13T15:19:52.041+0000 7fa995a00640 1 -- start start
2024-09-13T15:19:53.490 INFO:teuthology.orchestra.run.smithi063.stdout:/usr/bin/ceph: stderr
2024-09-13T15:19:52.042+0000 7fa995a00640 1 --2- >> [v2:172.21.15.63:3300/0,v1:172.21.15.63:6789/0] conn(0x7fa990107b20 0x7fa990107f20 unknown :-1 s=NONE pgs=0 cs=0 l=0 rev1=0 crypto rx=0 tx=0 comp rx=0 tx=0).connect
2024-09-13T15:19:53.490 INFO:teuthology.orchestra.run.smithi063.stdout:/usr/bin/ceph: stderr
2024-09-13T15:19:52.042+0000 7fa995a00640 1 -- --> [v2:172.21.15.63:3300/0,v1:172.21.15.63:6789/0] -- mon_getmap magic: 0 v1 -- 0x7fa9901084f0 con 0x7fa990107b20
2024-09-13T15:19:53.490 INFO:teuthology.orchestra.run.smithi063.stdout:/usr/bin/ceph: stderr
2024-09-13T15:19:52.042+0000 7fa98ea00640 1 --2- >> [v2:172.21.15.63:3300/0,v1:172.21.15.63:6789/0] conn(0x7fa990107b20 0x7fa990107f20 unknown :-1 s=BANNER_CONNECTING pgs=0 cs=0 l=0 rev1=0 crypto rx=0 tx=0 comp rx=0 tx=0)._handle_peer_banner_payload supported=3 required=0
2024-09-13T15:19:53.490 INFO:teuthology.orchestra.run.smithi063.stdout:/usr/bin/ceph: stderr
2024-09-13T15:19:52.042+0000 7fa98ea00640 1 --2- >> [v2:172.21.15.63:3300/0,v1:172.21.15.63:6789/0] conn(0x7fa990107b20 0x7fa990107f20 unknown :-1 s=HELLO_CONNECTING pgs=0 cs=0 l=0 rev1=1 crypto rx=0 tx=0 comp rx=0 tx=0).handle_hello peer v2:172.21.15.63:3300/0 says I am v2:172.21.15.63:47058/0 (socket says 172.21.15.63:47058)
2024-09-13T15:19:53.490 INFO:teuthology.orchestra.run.smithi063.stdout:/usr/bin/ceph: stderr
2024-09-13T15:19:52.042+0000 7fa98ea00640 1 -- 172.21.15.63:0/849871765 learned_addr learned my addr 172.21.15.63:0/849871765 (peer_addr_for_me v2:172.21.15.63:0/0)
2024-09-13T15:19:53.490 INFO:teuthology.orchestra.run.smithi063.stdout:/usr/bin/ceph: stderr
2024-09-13T15:19:52.042+0000 7fa98ea00640 1 -- 172.21.15.63:0/849871765 --> [v2:172.21.15.63:3300/0,v1:172.21.15.63:6789/0] -- mon_subscribe({config=0+,monmap=0+}) v3 -- 0x7fa990108cd0 con 0x7fa990107b20
2024-09-13T15:19:53.490 INFO:teuthology.orchestra.run.smithi063.stdout:/usr/bin/ceph: stderr
2024-09-13T15:19:52.044+0000 7fa98ea00640 1 --2- 172.21.15.63:0/849871765 >> [v2:172.21.15.63:3300/0,v1:172.21.15.63:6789/0] conn(0x7fa990107b20 0x7fa990107f20 secure :-1 s=READY pgs=53 cs=0 l=1 rev1=1 crypto rx=0x7fa980009820 tx=0x7fa98002a270 comp rx=0 tx=0).ready entity=mon.0 client_cookie=11c599ac40c2053f server_cookie=0 in_seq=0 out_seq=0
2024-09-13T15:19:53.490 INFO:teuthology.orchestra.run.smithi063.stdout:/usr/bin/ceph: stderr
2024-09-13T15:19:52.044+0000 7fa98e000640 1 -- 172.21.15.63:0/849871765 <== mon.0 v2:172.21.15.63:3300/0 1 ==== mon_map magic: 0 v1 ==== 205+0+0 (secure 0 0 0) 0x7fa98002ae70 con 0x7fa990107b20
2024-09-13T15:19:53.490 INFO:teuthology.orchestra.run.smithi063.stdout:/usr/bin/ceph: stderr
2024-09-13T15:19:52.044+0000 7fa98e000640 1 -- 172.21.15.63:0/849871765 <== mon.0 v2:172.21.15.63:3300/0 2 ==== config(28 keys) v1 ==== 1174+0+0 (secure 0 0 0) 0x7fa980032940 con 0x7fa990107b20
2024-09-13T15:19:53.491 INFO:teuthology.orchestra.run.smithi063.stdout:/usr/bin/ceph: stderr
2024-09-13T15:19:52.044+0000 7fa98e000640 1 -- 172.21.15.63:0/849871765 <== mon.0 v2:172.21.15.63:3300/0 3 ==== mon_map magic: 0 v1 ==== 205+0+0 (secure 0 0 0) 0x7fa9800309e0 con 0x7fa990107b20
2024-09-13T15:19:53.491 INFO:teuthology.orchestra.run.smithi063.stdout:/usr/bin/ceph: stderr
2024-09-13T15:19:52.044+0000 7fa995a00640 1 -- 172.21.15.63:0/849871765 >> [v2:172.21.15.63:3300/0,v1:172.21.15.63:6789/0] conn(0x7fa990107b20 msgr2=0x7fa990107f20 secure :-1 s=STATE_CONNECTION_ESTABLISHED l=1).mark_down
2024-09-13T15:19:53.491 INFO:teuthology.orchestra.run.smithi063.stdout:/usr/bin/ceph: stderr
2024-09-13T15:19:52.044+0000 7fa995a00640 1 --2- 172.21.15.63:0/849871765 >> [v2:172.21.15.63:3300/0,v1:172.21.15.63:6789/0] conn(0x7fa990107b20 0x7fa990107f20 secure :-1 s=READY pgs=53 cs=0 l=1 rev1=1 crypto rx=0x7fa980009820 tx=0x7fa98002a270 comp rx=0 tx=0).stop
2024-09-13T15:19:53.491 INFO:teuthology.orchestra.run.smithi063.stdout:/usr/bin/ceph: stderr
2024-09-13T15:19:52.045+0000 7fa995a00640 1 -- 172.21.15.63:0/849871765 shutdown_connections
2024-09-13T15:19:53.491 INFO:teuthology.orchestra.run.smithi063.stdout:/usr/bin/ceph: stderr
2024-09-13T15:19:52.045+0000 7fa995a00640 1 --2- 172.21.15.63:0/849871765 >> [v2:172.21.15.63:3300/0,v1:172.21.15.63:6789/0] conn(0x7fa990107b20 0x7fa990107f20 unknown :-1 s=CLOSED pgs=53 cs=0 l=1 rev1=1 crypto rx=0 tx=0 comp rx=0 tx=0).stop
2024-09-13T15:19:53.491 INFO:teuthology.orchestra.run.smithi063.stdout:/usr/bin/ceph: stderr
2024-09-13T15:19:52.045+0000 7fa995a00640 1 -- 172.21.15.63:0/849871765 >> 172.21.15.63:0/849871765 conn(0x7fa99007b1a0 msgr2=0x7fa99007b5b0 unknown :-1 s=STATE_NONE l=0).mark_down
2024-09-13T15:19:53.491 INFO:teuthology.orchestra.run.smithi063.stdout:/usr/bin/ceph: stderr
2024-09-13T15:19:52.045+0000 7fa995a00640 1 -- 172.21.15.63:0/849871765 shutdown_connections
2024-09-13T15:19:53.491 INFO:teuthology.orchestra.run.smithi063.stdout:/usr/bin/ceph: stderr
2024-09-13T15:19:52.045+0000 7fa995a00640 1 -- 172.21.15.63:0/849871765 wait complete.
2024-09-13T15:19:53.491 INFO:teuthology.orchestra.run.smithi063.stdout:/usr/bin/ceph: stderr
2024-09-13T15:19:52.046+0000 7fa995a00640 1 Processor -- start
2024-09-13T15:19:53.491 INFO:teuthology.orchestra.run.smithi063.stdout:/usr/bin/ceph: stderr
2024-09-13T15:19:52.046+0000 7fa995a00640 1 -- start start
2024-09-13T15:19:53.491 INFO:teuthology.orchestra.run.smithi063.stdout:/usr/bin/ceph: stderr
2024-09-13T15:19:52.046+0000 7fa995a00640 1 --2- >> [v2:172.21.15.63:3300/0,v1:172.21.15.63:6789/0] conn(0x7fa990107b20 0x7fa99019b880 unknown :-1 s=NONE pgs=0 cs=0 l=1 rev1=0 crypto rx=0 tx=0 comp rx=0 tx=0).connect
2024-09-13T15:19:53.491 INFO:teuthology.orchestra.run.smithi063.stdout:/usr/bin/ceph: stderr
2024-09-13T15:19:52.046+0000 7fa995a00640 1 -- --> [v2:172.21.15.63:3300/0,v1:172.21.15.63:6789/0] -- mon_getmap magic: 0 v1 -- 0x7fa99019bdc0 con 0x7fa990107b20
2024-09-13T15:19:53.491 INFO:teuthology.orchestra.run.smithi063.stdout:/usr/bin/ceph: stderr
2024-09-13T15:19:52.046+0000 7fa98ea00640 1 --2- >> [v2:172.21.15.63:3300/0,v1:172.21.15.63:6789/0] conn(0x7fa990107b20 0x7fa99019b880 unknown :-1 s=BANNER_CONNECTING pgs=0 cs=0 l=1 rev1=0 crypto rx=0 tx=0 comp rx=0 tx=0)._handle_peer_banner_payload supported=3 required=0
2024-09-13T15:19:53.492 INFO:teuthology.orchestra.run.smithi063.stdout:/usr/bin/ceph: stderr
2024-09-13T15:19:52.046+0000 7fa98ea00640 1 --2- >> [v2:172.21.15.63:3300/0,v1:172.21.15.63:6789/0] conn(0x7fa990107b20 0x7fa99019b880 unknown :-1 s=HELLO_CONNECTING pgs=0 cs=0 l=1 rev1=1 crypto rx=0 tx=0 comp rx=0 tx=0).handle_hello peer v2:172.21.15.63:3300/0 says I am v2:172.21.15.63:47070/0 (socket says 172.21.15.63:47070)
2024-09-13T15:19:53.492 INFO:teuthology.orchestra.run.smithi063.stdout:/usr/bin/ceph: stderr
2024-09-13T15:19:52.046+0000 7fa98ea00640 1 -- 172.21.15.63:0/2279943105 learned_addr learned my addr 172.21.15.63:0/2279943105 (peer_addr_for_me v2:172.21.15.63:0/0)
2024-09-13T15:19:53.492 INFO:teuthology.orchestra.run.smithi063.stdout:/usr/bin/ceph: stderr
2024-09-13T15:19:52.047+0000 7fa98ea00640 1 -- 172.21.15.63:0/2279943105 --> [v2:172.21.15.63:3300/0,v1:172.21.15.63:6789/0] -- mon_subscribe({config=0+,monmap=0+}) v3 -- 0x7fa9800094d0 con 0x7fa990107b20
2024-09-13T15:19:53.492 INFO:teuthology.orchestra.run.smithi063.stdout:/usr/bin/ceph: stderr
2024-09-13T15:19:52.047+0000 7fa98ea00640 1 --2- 172.21.15.63:0/2279943105 >> [v2:172.21.15.63:3300/0,v1:172.21.15.63:6789/0] conn(0x7fa990107b20 0x7fa99019b880 secure :-1 s=READY pgs=54 cs=0 l=1 rev1=1 crypto rx=0x7fa980032670 tx=0x7fa9800326a0 comp rx=0 tx=0).ready entity=mon.0 client_cookie=0 server_cookie=0 in_seq=0 out_seq=0
2024-09-13T15:19:53.492 INFO:teuthology.orchestra.run.smithi063.stdout:/usr/bin/ceph: stderr
2024-09-13T15:19:52.047+0000 7fa987400640 1 -- 172.21.15.63:0/2279943105 <== mon.0 v2:172.21.15.63:3300/0 1 ==== mon_map magic: 0 v1 ==== 205+0+0 (secure 0 0 0) 0x7fa980032cc0 con 0x7fa990107b20
2024-09-13T15:19:53.492 INFO:teuthology.orchestra.run.smithi063.stdout:/usr/bin/ceph: stderr
2024-09-13T15:19:52.047+0000 7fa987400640 1 -- 172.21.15.63:0/2279943105 <== mon.0 v2:172.21.15.63:3300/0 2 ==== config(28 keys) v1 ==== 1174+0+0 (secure 0 0 0) 0x7fa980032e20 con 0x7fa990107b20
2024-09-13T15:19:53.492 INFO:teuthology.orchestra.run.smithi063.stdout:/usr/bin/ceph: stderr
2024-09-13T15:19:52.047+0000 7fa987400640 1 -- 172.21.15.63:0/2279943105 <== mon.0 v2:172.21.15.63:3300/0 3 ==== mon_map magic: 0 v1 ==== 205+0+0 (secure 0 0 0) 0x7fa98003a820 con 0x7fa990107b20
2024-09-13T15:19:53.492 INFO:teuthology.orchestra.run.smithi063.stdout:/usr/bin/ceph: stderr
2024-09-13T15:19:52.047+0000 7fa995a00640 1 -- 172.21.15.63:0/2279943105 --> [v2:172.21.15.63:3300/0,v1:172.21.15.63:6789/0] -- mon_subscribe({mgrmap=0+}) v3 -- 0x7fa99019bfc0 con 0x7fa990107b20
2024-09-13T15:19:53.492 INFO:teuthology.orchestra.run.smithi063.stdout:/usr/bin/ceph: stderr
2024-09-13T15:19:52.048+0000 7fa995a00640 1 -- 172.21.15.63:0/2279943105 --> [v2:172.21.15.63:3300/0,v1:172.21.15.63:6789/0] -- mon_subscribe({osdmap=0}) v3 -- 0x7fa99019c460 con 0x7fa990107b20
2024-09-13T15:19:53.492 INFO:teuthology.orchestra.run.smithi063.stdout:/usr/bin/ceph: stderr
2024-09-13T15:19:52.049+0000 7fa987400640 1 -- 172.21.15.63:0/2279943105 <== mon.0 v2:172.21.15.63:3300/0 4 ==== mgrmap(e 8) v1 ==== 45541+0+0 (secure 0 0 0) 0x7fa980039040 con 0x7fa990107b20
2024-09-13T15:19:53.492 INFO:teuthology.orchestra.run.smithi063.stdout:/usr/bin/ceph: stderr
2024-09-13T15:19:52.049+0000 7fa995a00640 1 -- 172.21.15.63:0/2279943105 --> [v2:172.21.15.63:3300/0,v1:172.21.15.63:6789/0] -- mon_command({"prefix": "get_command_descriptions"} v 0) v1 -- 0x7fa99010bf00 con 0x7fa990107b20
2024-09-13T15:19:53.492 INFO:teuthology.orchestra.run.smithi063.stdout:/usr/bin/ceph: stderr
2024-09-13T15:19:52.049+0000 7fa987400640 1 --2- 172.21.15.63:0/2279943105 >> [v2:172.21.15.63:6800/440056850,v1:172.21.15.63:6801/440056850] conn(0x7fa974038620 0x7fa97403aae0 unknown :-1 s=NONE pgs=0 cs=0 l=1 rev1=0 crypto rx=0 tx=0 comp rx=0 tx=0).connect
2024-09-13T15:19:53.492 INFO:teuthology.orchestra.run.smithi063.stdout:/usr/bin/ceph: stderr
2024-09-13T15:19:52.049+0000 7fa987400640 1 -- 172.21.15.63:0/2279943105 <== mon.0 v2:172.21.15.63:3300/0 5 ==== osd_map(2..2 src has 1..2) v4 ==== 940+0+0 (secure 0 0 0) 0x7fa98006b810 con 0x7fa990107b20
2024-09-13T15:19:53.493 INFO:teuthology.orchestra.run.smithi063.stdout:/usr/bin/ceph: stderr
2024-09-13T15:19:52.049+0000 7fa987e00640 1 --2- 172.21.15.63:0/2279943105 >> [v2:172.21.15.63:6800/440056850,v1:172.21.15.63:6801/440056850] conn(0x7fa974038620 0x7fa97403aae0 unknown :-1 s=BANNER_CONNECTING pgs=0 cs=0 l=1 rev1=0 crypto rx=0 tx=0 comp rx=0 tx=0)._handle_peer_banner_payload supported=3 required=0
2024-09-13T15:19:53.493 INFO:teuthology.orchestra.run.smithi063.stdout:/usr/bin/ceph: stderr
2024-09-13T15:19:52.050+0000 7fa987e00640 1 --2- 172.21.15.63:0/2279943105 >> [v2:172.21.15.63:6800/440056850,v1:172.21.15.63:6801/440056850] conn(0x7fa974038620 0x7fa97403aae0 secure :-1 s=READY pgs=16 cs=0 l=1 rev1=1 crypto rx=0x7fa9780098c0 tx=0x7fa978006db0 comp rx=0 tx=0).ready entity=mgr.14118 client_cookie=0 server_cookie=0 in_seq=0 out_seq=0
2024-09-13T15:19:53.493 INFO:teuthology.orchestra.run.smithi063.stdout:/usr/bin/ceph: stderr
2024-09-13T15:19:52.055+0000 7fa987400640 1 -- 172.21.15.63:0/2279943105 <== mon.0 v2:172.21.15.63:3300/0 6 ==== mon_command_ack([{"prefix": "get_command_descriptions"}]=0 v0) v1 ==== 72+0+183819 (secure 0 0 0) 0x7fa980031580 con 0x7fa990107b20
2024-09-13T15:19:53.493 INFO:teuthology.orchestra.run.smithi063.stdout:/usr/bin/ceph: stderr
2024-09-13T15:19:52.328+0000 7fa995a00640 1 -- 172.21.15.63:0/2279943105 --> [v2:172.21.15.63:3300/0,v1:172.21.15.63:6789/0] -- mon_command({"prefix": "mgr module enable", "module": "dashboard"} v 0) v1 -- 0x7fa99010c140 con 0x7fa990107b20
2024-09-13T15:19:53.493 INFO:teuthology.orchestra.run.smithi063.stdout:/usr/bin/ceph: stderr
2024-09-13T15:19:52.773+0000 7fa987400640 1 -- 172.21.15.63:0/2279943105 <== mon.0 v2:172.21.15.63:3300/0 7 ==== mgrmap(e 9) v1 ==== 45554+0+0 (secure 0 0 0) 0x7fa98006dc90 con 0x7fa990107b20
2024-09-13T15:19:53.493 INFO:teuthology.orchestra.run.smithi063.stdout:/usr/bin/ceph: stderr
2024-09-13T15:19:52.775+0000 7fa987400640 1 -- 172.21.15.63:0/2279943105 <== mon.0 v2:172.21.15.63:3300/0 8 ==== mon_command_ack([{"prefix": "mgr module enable", "module": "dashboard"}]=0 v9) v1 ==== 88+0+0 (secure 0 0 0) 0x7fa980049c40 con 0x7fa990107b20
2024-09-13T15:19:53.493 INFO:teuthology.orchestra.run.smithi063.stdout:/usr/bin/ceph: stderr
2024-09-13T15:19:52.777+0000 7fa995a00640 1 -- 172.21.15.63:0/2279943105 >> [v2:172.21.15.63:6800/440056850,v1:172.21.15.63:6801/440056850] conn(0x7fa974038620 msgr2=0x7fa97403aae0 secure :-1 s=STATE_CONNECTION_ESTABLISHED l=1).mark_down
2024-09-13T15:19:53.493 INFO:teuthology.orchestra.run.smithi063.stdout:/usr/bin/ceph: stderr
2024-09-13T15:19:52.777+0000 7fa995a00640 1 --2- 172.21.15.63:0/2279943105 >> [v2:172.21.15.63:6800/440056850,v1:172.21.15.63:6801/440056850] conn(0x7fa974038620 0x7fa97403aae0 secure :-1 s=READY pgs=16 cs=0 l=1 rev1=1 crypto rx=0x7fa9780098c0 tx=0x7fa978006db0 comp rx=0 tx=0).stop
2024-09-13T15:19:53.493 INFO:teuthology.orchestra.run.smithi063.stdout:/usr/bin/ceph: stderr
2024-09-13T15:19:52.777+0000 7fa995a00640 1 -- 172.21.15.63:0/2279943105 >> [v2:172.21.15.63:3300/0,v1:172.21.15.63:6789/0] conn(0x7fa990107b20 msgr2=0x7fa99019b880 secure :-1 s=STATE_CONNECTION_ESTABLISHED l=1).mark_down
2024-09-13T15:19:53.493 INFO:teuthology.orchestra.run.smithi063.stdout:/usr/bin/ceph: stderr
2024-09-13T15:19:52.777+0000 7fa995a00640 1 --2- 172.21.15.63:0/2279943105 >> [v2:172.21.15.63:3300/0,v1:172.21.15.63:6789/0] conn(0x7fa990107b20 0x7fa99019b880 secure :-1 s=READY pgs=54 cs=0 l=1 rev1=1 crypto rx=0x7fa980032670 tx=0x7fa9800326a0 comp rx=0 tx=0).stop
2024-09-13T15:19:53.493 INFO:teuthology.orchestra.run.smithi063.stdout:/usr/bin/ceph: stderr
2024-09-13T15:19:52.777+0000 7fa995a00640 1 -- 172.21.15.63:0/2279943105 shutdown_connections
2024-09-13T15:19:53.493 INFO:teuthology.orchestra.run.smithi063.stdout:/usr/bin/ceph: stderr
2024-09-13T15:19:52.777+0000 7fa995a00640 1 --2- 172.21.15.63:0/2279943105 >> [v2:172.21.15.63:6800/440056850,v1:172.21.15.63:6801/440056850] conn(0x7fa974038620 0x7fa97403aae0 unknown :-1 s=CLOSED pgs=16 cs=0 l=1 rev1=1 crypto rx=0 tx=0 comp rx=0 tx=0).stop
2024-09-13T15:19:53.494 INFO:teuthology.orchestra.run.smithi063.stdout:/usr/bin/ceph: stderr
2024-09-13T15:19:52.777+0000 7fa995a00640 1 --2- 172.21.15.63:0/2279943105 >> [v2:172.21.15.63:3300/0,v1:172.21.15.63:6789/0] conn(0x7fa990107b20 0x7fa99019b880 unknown :-1 s=CLOSED pgs=54 cs=0 l=1 rev1=1 crypto rx=0 tx=0 comp rx=0 tx=0).stop
2024-09-13T15:19:53.494 INFO:teuthology.orchestra.run.smithi063.stdout:/usr/bin/ceph: stderr
2024-09-13T15:19:52.777+0000 7fa995a00640 1 -- 172.21.15.63:0/2279943105 >> 172.21.15.63:0/2279943105 conn(0x7fa99007b1a0 msgr2=0x7fa990105650 unknown :-1 s=STATE_NONE l=0).mark_down
2024-09-13T15:19:53.494 INFO:teuthology.orchestra.run.smithi063.stdout:/usr/bin/ceph: stderr
2024-09-13T15:19:52.778+0000 7fa995a00640 1 -- 172.21.15.63:0/2279943105 shutdown_connections
2024-09-13T15:19:53.494 INFO:teuthology.orchestra.run.smithi063.stdout:/usr/bin/ceph: stderr
2024-09-13T15:19:52.778+0000 7fa995a00640 1 -- 172.21.15.63:0/2279943105 wait complete.
2024-09-13T15:19:53.542 INFO:journalctl@ceph.mgr.x.smithi063.stdout:Sep 13 15:19:53 smithi063 ceph-60648088-71e3-11ef-bceb-c7b262605968-mgr-x[30786]:
2024-09-13T15:19:53.280+0000 7f2f47094040 -1 mgr[py] Module diskprediction_local has missing NOTIFY_TYPES member
2024-09-13T15:19:53.542 INFO:journalctl@ceph.mgr.x.smithi063.stdout:Sep 13 15:19:53 smithi063 ceph-60648088-71e3-11ef-bceb-c7b262605968-mgr-x[30786]:
2024-09-13T15:19:53.362+0000 7f2f47094040 -1 mgr[py] Module crash has missing NOTIFY_TYPES member
2024-09-13T15:19:53.542 INFO:journalctl@ceph.mgr.x.smithi063.stdout:Sep 13 15:19:53 smithi063 ceph-60648088-71e3-11ef-bceb-c7b262605968-mgr-x[30786]:
2024-09-13T15:19:53.541+0000 7f2f47094040 -1 mgr[py] Module test_orchestrator has missing NOTIFY_TYPES member
2024-09-13T15:19:53.819 INFO:journalctl@ceph.mon.a.smithi063.stdout:Sep 13 15:19:53 smithi063 ceph-mon[30561]: from='client.? 172.21.15.63:0/2279943105' entity='client.admin' cmd='[{"prefix": "mgr module enable", "module": "dashboard"}]': finished
2024-09-13T15:19:53.819 INFO:journalctl@ceph.mon.a.smithi063.stdout:Sep 13 15:19:53 smithi063 ceph-mon[30561]: mgrmap e9: x(active, since 21s)
2024-09-13T15:19:53.820 INFO:journalctl@ceph.mgr.x.smithi063.stdout:Sep 13 15:19:53 smithi063 ceph-60648088-71e3-11ef-bceb-c7b262605968-mgr-x[30786]:
2024-09-13T15:19:53.711+0000 7f2f47094040 -1 mgr[py] Module snap_schedule has missing NOTIFY_TYPES member
2024-09-13T15:19:54.344 INFO:journalctl@ceph.mgr.x.smithi063.stdout:Sep 13 15:19:54 smithi063 ceph-60648088-71e3-11ef-bceb-c7b262605968-mgr-x[30786]:
2024-09-13T15:19:54.093+0000 7f2f47094040 -1 mgr[py] Module prometheus has missing NOTIFY_TYPES member
2024-09-13T15:19:54.345 INFO:journalctl@ceph.mgr.x.smithi063.stdout:Sep 13 15:19:54 smithi063 ceph-60648088-71e3-11ef-bceb-c7b262605968-mgr-x[30786]:
2024-09-13T15:19:54.167+0000 7f2f47094040 -1 mgr[py] Module selftest has missing NOTIFY_TYPES member
2024-09-13T15:19:54.647 INFO:journalctl@ceph.mgr.x.smithi063.stdout:Sep 13 15:19:54 smithi063 ceph-60648088-71e3-11ef-bceb-c7b262605968-mgr-x[30786]:
2024-09-13T15:19:54.390+0000 7f2f47094040 -1 mgr[py] Module volumes has missing NOTIFY_TYPES member
2024-09-13T15:19:54.963 INFO:journalctl@ceph.mon.a.smithi063.stdout:Sep 13 15:19:54 smithi063 ceph-mon[30561]: from='client.? 172.21.15.63:0/2503759668' entity='client.admin' cmd=[{"prefix": "mgr stat"}]: dispatch
2024-09-13T15:19:54.968 INFO:teuthology.orchestra.run.smithi063.stdout:/usr/bin/ceph: stdout {
2024-09-13T15:19:54.974 INFO:teuthology.orchestra.run.smithi063.stdout:/usr/bin/ceph: stdout "epoch": 9,
2024-09-13T15:19:54.974 INFO:teuthology.orchestra.run.smithi063.stdout:/usr/bin/ceph: stdout "available": true,
2024-09-13T15:19:54.974 INFO:teuthology.orchestra.run.smithi063.stdout:/usr/bin/ceph: stdout "active_name": "x",
2024-09-13T15:19:54.974 INFO:teuthology.orchestra.run.smithi063.stdout:/usr/bin/ceph: stdout "num_standby": 0
2024-09-13T15:19:54.974 INFO:teuthology.orchestra.run.smithi063.stdout:/usr/bin/ceph: stdout }
2024-09-13T15:19:54.974 INFO:teuthology.orchestra.run.smithi063.stdout:/usr/bin/ceph: stderr
2024-09-13T15:19:54.058+0000 7effd7800640 1 Processor -- start
2024-09-13T15:19:54.974 INFO:teuthology.orchestra.run.smithi063.stdout:/usr/bin/ceph: stderr
2024-09-13T15:19:54.058+0000 7effd7800640 1 -- start start
2024-09-13T15:19:54.975 INFO:teuthology.orchestra.run.smithi063.stdout:/usr/bin/ceph: stderr
2024-09-13T15:19:54.058+0000 7effd7800640 1 --2- >> [v2:172.21.15.63:3300/0,v1:172.21.15.63:6789/0] conn(0x7effd0107b70 0x7effd0107f70 unknown :-1 s=NONE pgs=0 cs=0 l=0 rev1=0 crypto rx=0 tx=0 comp rx=0 tx=0).connect
2024-09-13T15:19:54.975 INFO:teuthology.orchestra.run.smithi063.stdout:/usr/bin/ceph: stderr
2024-09-13T15:19:54.058+0000 7effd7800640 1 -- --> [v2:172.21.15.63:3300/0,v1:172.21.15.63:6789/0] -- mon_getmap magic: 0 v1 -- 0x7effd0108540 con 0x7effd0107b70
2024-09-13T15:19:54.975 INFO:teuthology.orchestra.run.smithi063.stdout:/usr/bin/ceph: stderr
2024-09-13T15:19:54.059+0000 7effd4e00640 1 --2- >> [v2:172.21.15.63:3300/0,v1:172.21.15.63:6789/0] conn(0x7effd0107b70 0x7effd0107f70 unknown :-1 s=BANNER_CONNECTING pgs=0 cs=0 l=0 rev1=0 crypto rx=0 tx=0 comp rx=0 tx=0)._handle_peer_banner_payload supported=3 required=0
2024-09-13T15:19:54.975 INFO:teuthology.orchestra.run.smithi063.stdout:/usr/bin/ceph: stderr
2024-09-13T15:19:54.059+0000 7effd4e00640 1 --2- >> [v2:172.21.15.63:3300/0,v1:172.21.15.63:6789/0] conn(0x7effd0107b70 0x7effd0107f70 unknown :-1 s=HELLO_CONNECTING pgs=0 cs=0 l=0 rev1=1 crypto rx=0 tx=0 comp rx=0 tx=0).handle_hello peer v2:172.21.15.63:3300/0 says I am v2:172.21.15.63:39054/0 (socket says 172.21.15.63:39054)
2024-09-13T15:19:54.975 INFO:teuthology.orchestra.run.smithi063.stdout:/usr/bin/ceph: stderr
2024-09-13T15:19:54.059+0000 7effd4e00640 1 -- 172.21.15.63:0/551537911 learned_addr learned my addr 172.21.15.63:0/551537911 (peer_addr_for_me v2:172.21.15.63:0/0)
2024-09-13T15:19:54.975 INFO:teuthology.orchestra.run.smithi063.stdout:/usr/bin/ceph: stderr
2024-09-13T15:19:54.060+0000 7effd4e00640 1 -- 172.21.15.63:0/551537911 --> [v2:172.21.15.63:3300/0,v1:172.21.15.63:6789/0] -- mon_subscribe({config=0+,monmap=0+}) v3 -- 0x7effd0108cd0 con 0x7effd0107b70
2024-09-13T15:19:54.975 INFO:teuthology.orchestra.run.smithi063.stdout:/usr/bin/ceph: stderr
2024-09-13T15:19:54.060+0000 7effd4e00640 1 --2- 172.21.15.63:0/551537911 >> [v2:172.21.15.63:3300/0,v1:172.21.15.63:6789/0] conn(0x7effd0107b70 0x7effd0107f70 secure :-1 s=READY pgs=57 cs=0 l=1 rev1=1 crypto rx=0x7effc4009820 tx=0x7effc402a270 comp rx=0 tx=0).ready entity=mon.0 client_cookie=c65ff27ef0d671af server_cookie=0 in_seq=0 out_seq=0
2024-09-13T15:19:54.975 INFO:teuthology.orchestra.run.smithi063.stdout:/usr/bin/ceph: stderr
2024-09-13T15:19:54.061+0000 7effcf400640 1 -- 172.21.15.63:0/551537911 <== mon.0 v2:172.21.15.63:3300/0 1 ==== mon_map magic: 0 v1 ==== 205+0+0 (secure 0 0 0) 0x7effc402ae70 con 0x7effd0107b70
2024-09-13T15:19:54.975 INFO:teuthology.orchestra.run.smithi063.stdout:/usr/bin/ceph: stderr
2024-09-13T15:19:54.061+0000 7effcf400640 1 -- 172.21.15.63:0/551537911 <== mon.0 v2:172.21.15.63:3300/0 2 ==== config(28 keys) v1 ==== 1174+0+0 (secure 0 0 0) 0x7effc4032940 con 0x7effd0107b70
2024-09-13T15:19:54.975 INFO:teuthology.orchestra.run.smithi063.stdout:/usr/bin/ceph: stderr
2024-09-13T15:19:54.061+0000 7effcf400640 1 -- 172.21.15.63:0/551537911 <== mon.0 v2:172.21.15.63:3300/0 3 ==== mon_map magic: 0 v1 ==== 205+0+0 (secure 0 0 0) 0x7effc40309e0 con 0x7effd0107b70
2024-09-13T15:19:54.975 INFO:teuthology.orchestra.run.smithi063.stdout:/usr/bin/ceph: stderr
2024-09-13T15:19:54.061+0000 7effd7800640 1 -- 172.21.15.63:0/551537911 >> [v2:172.21.15.63:3300/0,v1:172.21.15.63:6789/0] conn(0x7effd0107b70 msgr2=0x7effd0107f70 secure :-1 s=STATE_CONNECTION_ESTABLISHED l=1).mark_down
2024-09-13T15:19:54.976 INFO:teuthology.orchestra.run.smithi063.stdout:/usr/bin/ceph: stderr
2024-09-13T15:19:54.061+0000 7effd7800640 1 --2- 172.21.15.63:0/551537911 >> [v2:172.21.15.63:3300/0,v1:172.21.15.63:6789/0] conn(0x7effd0107b70 0x7effd0107f70 secure :-1 s=READY pgs=57 cs=0 l=1 rev1=1 crypto rx=0x7effc4009820 tx=0x7effc402a270 comp rx=0 tx=0).stop
2024-09-13T15:19:54.976 INFO:teuthology.orchestra.run.smithi063.stdout:/usr/bin/ceph: stderr
2024-09-13T15:19:54.062+0000 7effd7800640 1 -- 172.21.15.63:0/551537911 shutdown_connections
2024-09-13T15:19:54.976 INFO:teuthology.orchestra.run.smithi063.stdout:/usr/bin/ceph: stderr
2024-09-13T15:19:54.062+0000 7effd7800640 1 --2- 172.21.15.63:0/551537911 >> [v2:172.21.15.63:3300/0,v1:172.21.15.63:6789/0] conn(0x7effd0107b70 0x7effd0107f70 unknown :-1 s=CLOSED pgs=57 cs=0 l=1 rev1=1 crypto rx=0 tx=0 comp rx=0 tx=0).stop
2024-09-13T15:19:54.976 INFO:teuthology.orchestra.run.smithi063.stdout:/usr/bin/ceph: stderr
2024-09-13T15:19:54.062+0000 7effd7800640 1 -- 172.21.15.63:0/551537911 >> 172.21.15.63:0/551537911 conn(0x7effd007b170 msgr2=0x7effd007b580 unknown :-1 s=STATE_NONE l=0).mark_down
2024-09-13T15:19:54.976 INFO:teuthology.orchestra.run.smithi063.stdout:/usr/bin/ceph: stderr
2024-09-13T15:19:54.062+0000 7effd7800640 1 -- 172.21.15.63:0/551537911 shutdown_connections
2024-09-13T15:19:54.976 INFO:teuthology.orchestra.run.smithi063.stdout:/usr/bin/ceph: stderr
2024-09-13T15:19:54.062+0000 7effd7800640 1 -- 172.21.15.63:0/551537911 wait complete.
2024-09-13T15:19:54.976 INFO:teuthology.orchestra.run.smithi063.stdout:/usr/bin/ceph: stderr
2024-09-13T15:19:54.063+0000 7effd7800640 1 Processor -- start
2024-09-13T15:19:54.976 INFO:teuthology.orchestra.run.smithi063.stdout:/usr/bin/ceph: stderr
2024-09-13T15:19:54.063+0000 7effd7800640 1 -- start start
2024-09-13T15:19:54.976 INFO:teuthology.orchestra.run.smithi063.stdout:/usr/bin/ceph: stderr
2024-09-13T15:19:54.063+0000 7effd7800640 1 --2- >> [v2:172.21.15.63:3300/0,v1:172.21.15.63:6789/0] conn(0x7effd0107b70 0x7effd019b8b0 unknown :-1 s=NONE pgs=0 cs=0 l=1 rev1=0 crypto rx=0 tx=0 comp rx=0 tx=0).connect
2024-09-13T15:19:54.976 INFO:teuthology.orchestra.run.smithi063.stdout:/usr/bin/ceph: stderr
2024-09-13T15:19:54.063+0000 7effd7800640 1 -- --> [v2:172.21.15.63:3300/0,v1:172.21.15.63:6789/0] -- mon_getmap magic: 0 v1 -- 0x7effd019bdf0 con 0x7effd0107b70
2024-09-13T15:19:54.977 INFO:teuthology.orchestra.run.smithi063.stdout:/usr/bin/ceph: stderr
2024-09-13T15:19:54.063+0000 7effd4e00640 1 --2- >> [v2:172.21.15.63:3300/0,v1:172.21.15.63:6789/0] conn(0x7effd0107b70 0x7effd019b8b0 unknown :-1 s=BANNER_CONNECTING pgs=0 cs=0 l=1 rev1=0 crypto rx=0 tx=0 comp rx=0 tx=0)._handle_peer_banner_payload supported=3 required=0
2024-09-13T15:19:54.977 INFO:teuthology.orchestra.run.smithi063.stdout:/usr/bin/ceph: stderr
2024-09-13T15:19:54.063+0000 7effd4e00640 1 --2- >> [v2:172.21.15.63:3300/0,v1:172.21.15.63:6789/0] conn(0x7effd0107b70 0x7effd019b8b0 unknown :-1 s=HELLO_CONNECTING pgs=0 cs=0 l=1 rev1=1 crypto rx=0 tx=0 comp rx=0 tx=0).handle_hello peer v2:172.21.15.63:3300/0 says I am v2:172.21.15.63:39060/0 (socket says 172.21.15.63:39060)
2024-09-13T15:19:54.977 INFO:teuthology.orchestra.run.smithi063.stdout:/usr/bin/ceph: stderr
2024-09-13T15:19:54.063+0000 7effd4e00640 1 -- 172.21.15.63:0/2503759668 learned_addr learned my addr 172.21.15.63:0/2503759668 (peer_addr_for_me v2:172.21.15.63:0/0)
2024-09-13T15:19:54.977 INFO:teuthology.orchestra.run.smithi063.stdout:/usr/bin/ceph: stderr
2024-09-13T15:19:54.064+0000 7effd4e00640 1 -- 172.21.15.63:0/2503759668 --> [v2:172.21.15.63:3300/0,v1:172.21.15.63:6789/0] -- mon_subscribe({config=0+,monmap=0+}) v3 -- 0x7effc40094d0 con 0x7effd0107b70
2024-09-13T15:19:54.977 INFO:teuthology.orchestra.run.smithi063.stdout:/usr/bin/ceph: stderr
2024-09-13T15:19:54.064+0000 7effd4e00640 1 --2- 172.21.15.63:0/2503759668 >> [v2:172.21.15.63:3300/0,v1:172.21.15.63:6789/0] conn(0x7effd0107b70 0x7effd019b8b0 secure :-1 s=READY pgs=58 cs=0 l=1 rev1=1 crypto rx=0x7effc40097f0 tx=0x7effc4032650 comp rx=0 tx=0).ready entity=mon.0 client_cookie=0 server_cookie=0 in_seq=0 out_seq=0
2024-09-13T15:19:54.977 INFO:teuthology.orchestra.run.smithi063.stdout:/usr/bin/ceph: stderr
2024-09-13T15:19:54.064+0000 7effcd600640 1 -- 172.21.15.63:0/2503759668 <== mon.0 v2:172.21.15.63:3300/0 1 ==== mon_map magic: 0 v1 ==== 205+0+0 (secure 0 0 0) 0x7effc4032cc0 con 0x7effd0107b70
2024-09-13T15:19:54.977 INFO:teuthology.orchestra.run.smithi063.stdout:/usr/bin/ceph: stderr
2024-09-13T15:19:54.064+0000 7effcd600640 1 -- 172.21.15.63:0/2503759668 <== mon.0 v2:172.21.15.63:3300/0 2 ==== config(28 keys) v1 ==== 1174+0+0 (secure 0 0 0) 0x7effc4032e20 con 0x7effd0107b70
2024-09-13T15:19:54.977 INFO:teuthology.orchestra.run.smithi063.stdout:/usr/bin/ceph: stderr
2024-09-13T15:19:54.064+0000 7effd7800640 1 -- 172.21.15.63:0/2503759668 --> [v2:172.21.15.63:3300/0,v1:172.21.15.63:6789/0] -- mon_subscribe({mgrmap=0+}) v3 -- 0x7effd019bff0 con 0x7effd0107b70
2024-09-13T15:19:54.977 INFO:teuthology.orchestra.run.smithi063.stdout:/usr/bin/ceph: stderr
2024-09-13T15:19:54.065+0000 7effcd600640 1 -- 172.21.15.63:0/2503759668 <== mon.0 v2:172.21.15.63:3300/0 3 ==== mon_map magic: 0 v1 ==== 205+0+0 (secure 0 0 0) 0x7effc403a7f0 con 0x7effd0107b70
2024-09-13T15:19:54.977 INFO:teuthology.orchestra.run.smithi063.stdout:/usr/bin/ceph: stderr
2024-09-13T15:19:54.065+0000 7effd7800640 1 -- 172.21.15.63:0/2503759668 --> [v2:172.21.15.63:3300/0,v1:172.21.15.63:6789/0] -- mon_subscribe({osdmap=0}) v3 -- 0x7effd019c490 con 0x7effd0107b70
2024-09-13T15:19:54.977 INFO:teuthology.orchestra.run.smithi063.stdout:/usr/bin/ceph: stderr
2024-09-13T15:19:54.066+0000 7effd7800640 1 -- 172.21.15.63:0/2503759668 --> [v2:172.21.15.63:3300/0,v1:172.21.15.63:6789/0] -- mon_command({"prefix": "get_command_descriptions"} v 0) v1 -- 0x7effd010bf00 con 0x7effd0107b70
2024-09-13T15:19:54.977 INFO:teuthology.orchestra.run.smithi063.stdout:/usr/bin/ceph: stderr
2024-09-13T15:19:54.066+0000 7effcd600640 1 -- 172.21.15.63:0/2503759668 <== mon.0 v2:172.21.15.63:3300/0 4 ==== mgrmap(e 9) v1 ==== 45554+0+0 (secure 0 0 0) 0x7effc4039040 con 0x7effd0107b70
2024-09-13T15:19:54.978 INFO:teuthology.orchestra.run.smithi063.stdout:/usr/bin/ceph: stderr
2024-09-13T15:19:54.066+0000 7effcd600640 1 --2- 172.21.15.63:0/2503759668 >> [v2:172.21.15.63:6800/440056850,v1:172.21.15.63:6801/440056850] conn(0x7effb80386c0 0x7effb803ab80 unknown :-1 s=NONE pgs=0 cs=0 l=1 rev1=0 crypto rx=0 tx=0 comp rx=0 tx=0).connect
2024-09-13T15:19:54.978 INFO:teuthology.orchestra.run.smithi063.stdout:/usr/bin/ceph: stderr
2024-09-13T15:19:54.066+0000 7effcd600640 1 -- 172.21.15.63:0/2503759668 <== mon.0 v2:172.21.15.63:3300/0 5 ==== osd_map(2..2 src has 1..2) v4 ==== 940+0+0 (secure 0 0 0) 0x7effc406b760 con 0x7effd0107b70
2024-09-13T15:19:54.978 INFO:teuthology.orchestra.run.smithi063.stdout:/usr/bin/ceph: stderr
2024-09-13T15:19:54.066+0000 7effcfe00640 1 -- 172.21.15.63:0/2503759668 >> [v2:172.21.15.63:6800/440056850,v1:172.21.15.63:6801/440056850] conn(0x7effb80386c0 msgr2=0x7effb803ab80 unknown :-1 s=STATE_CONNECTING_RE l=1).process reconnect failed to v2:172.21.15.63:6800/440056850
2024-09-13T15:19:54.978 INFO:teuthology.orchestra.run.smithi063.stdout:/usr/bin/ceph: stderr
2024-09-13T15:19:54.066+0000 7effcfe00640 1 --2- 172.21.15.63:0/2503759668 >> [v2:172.21.15.63:6800/440056850,v1:172.21.15.63:6801/440056850] conn(0x7effb80386c0 0x7effb803ab80 unknown :-1 s=START_CONNECT pgs=0 cs=0 l=1 rev1=0 crypto rx=0 tx=0 comp rx=0 tx=0)._fault waiting 0.200000
2024-09-13T15:19:54.978 INFO:teuthology.orchestra.run.smithi063.stdout:/usr/bin/ceph: stderr
2024-09-13T15:19:54.075+0000 7effcd600640 1 -- 172.21.15.63:0/2503759668 <== mon.0 v2:172.21.15.63:3300/0 6 ==== mon_command_ack([{"prefix": "get_command_descriptions"}]=0 v0) v1 ==== 72+0+183819 (secure 0 0 0) 0x7effc40313a0 con 0x7effd0107b70
2024-09-13T15:19:54.978 INFO:teuthology.orchestra.run.smithi063.stdout:/usr/bin/ceph: stderr
2024-09-13T15:19:54.267+0000 7effcfe00640 1 -- 172.21.15.63:0/2503759668 >> [v2:172.21.15.63:6800/440056850,v1:172.21.15.63:6801/440056850] conn(0x7effb80386c0 msgr2=0x7effb803ab80 unknown :-1 s=STATE_CONNECTING_RE l=1).process reconnect failed to v2:172.21.15.63:6800/440056850
2024-09-13T15:19:54.978 INFO:teuthology.orchestra.run.smithi063.stdout:/usr/bin/ceph: stderr
2024-09-13T15:19:54.267+0000 7effcfe00640 1 --2- 172.21.15.63:0/2503759668 >> [v2:172.21.15.63:6800/440056850,v1:172.21.15.63:6801/440056850] conn(0x7effb80386c0 0x7effb803ab80 unknown :-1 s=START_CONNECT pgs=0 cs=0 l=1 rev1=0 crypto rx=0 tx=0 comp rx=0 tx=0)._fault waiting 0.400000
2024-09-13T15:19:54.978 INFO:teuthology.orchestra.run.smithi063.stdout:/usr/bin/ceph: stderr
2024-09-13T15:19:54.307+0000 7effd7800640 1 -- 172.21.15.63:0/2503759668 --> [v2:172.21.15.63:3300/0,v1:172.21.15.63:6789/0] -- mon_command({"prefix": "mgr stat"} v 0) v1 -- 0x7effd019ed70 con 0x7effd0107b70
2024-09-13T15:19:54.978 INFO:teuthology.orchestra.run.smithi063.stdout:/usr/bin/ceph: stderr
2024-09-13T15:19:54.308+0000 7effcd600640 1 -- 172.21.15.63:0/2503759668 <== mon.0 v2:172.21.15.63:3300/0 7 ==== mon_command_ack([{"prefix": "mgr stat"}]=0 v9) v1 ==== 56+0+88 (secure 0 0 0) 0x7effc403f070 con 0x7effd0107b70
2024-09-13T15:19:54.978 INFO:teuthology.orchestra.run.smithi063.stdout:/usr/bin/ceph: stderr
2024-09-13T15:19:54.310+0000 7effd7800640 1 -- 172.21.15.63:0/2503759668 >> [v2:172.21.15.63:6800/440056850,v1:172.21.15.63:6801/440056850] conn(0x7effb80386c0 msgr2=0x7effb803ab80 unknown :-1 s=STATE_CONNECTING l=1).mark_down
2024-09-13T15:19:54.978 INFO:teuthology.orchestra.run.smithi063.stdout:/usr/bin/ceph: stderr
2024-09-13T15:19:54.310+0000 7effd7800640 1 --2- 172.21.15.63:0/2503759668 >> [v2:172.21.15.63:6800/440056850,v1:172.21.15.63:6801/440056850] conn(0x7effb80386c0 0x7effb803ab80 unknown :-1 s=START_CONNECT pgs=0 cs=0 l=1 rev1=0 crypto rx=0 tx=0 comp rx=0 tx=0).stop
2024-09-13T15:19:54.978 INFO:teuthology.orchestra.run.smithi063.stdout:/usr/bin/ceph: stderr
2024-09-13T15:19:54.310+0000 7effd7800640 1 -- 172.21.15.63:0/2503759668 >> [v2:172.21.15.63:3300/0,v1:172.21.15.63:6789/0] conn(0x7effd0107b70 msgr2=0x7effd019b8b0 secure :-1 s=STATE_CONNECTION_ESTABLISHED l=1).mark_down
2024-09-13T15:19:54.978 INFO:teuthology.orchestra.run.smithi063.stdout:/usr/bin/ceph: stderr
2024-09-13T15:19:54.310+0000 7effd7800640 1 --2- 172.21.15.63:0/2503759668 >> [v2:172.21.15.63:3300/0,v1:172.21.15.63:6789/0] conn(0x7effd0107b70 0x7effd019b8b0 secure :-1 s=READY pgs=58 cs=0 l=1 rev1=1 crypto rx=0x7effc40097f0 tx=0x7effc4032650 comp rx=0 tx=0).stop
2024-09-13T15:19:54.979 INFO:teuthology.orchestra.run.smithi063.stdout:/usr/bin/ceph: stderr
2024-09-13T15:19:54.310+0000 7effd7800640 1 -- 172.21.15.63:0/2503759668 shutdown_connections
2024-09-13T15:19:54.979 INFO:teuthology.orchestra.run.smithi063.stdout:/usr/bin/ceph: stderr
2024-09-13T15:19:54.310+0000 7effd7800640 1 --2- 172.21.15.63:0/2503759668 >> [v2:172.21.15.63:6800/440056850,v1:172.21.15.63:6801/440056850] conn(0x7effb80386c0 0x7effb803ab80 unknown :-1 s=CLOSED pgs=0 cs=0 l=1 rev1=0 crypto rx=0 tx=0 comp rx=0 tx=0).stop
2024-09-13T15:19:54.979 INFO:teuthology.orchestra.run.smithi063.stdout:/usr/bin/ceph: stderr
2024-09-13T15:19:54.310+0000 7effd7800640 1 --2- 172.21.15.63:0/2503759668 >> [v2:172.21.15.63:3300/0,v1:172.21.15.63:6789/0] conn(0x7effd0107b70 0x7effd019b8b0 unknown :-1 s=CLOSED pgs=58 cs=0 l=1 rev1=1 crypto rx=0 tx=0 comp rx=0 tx=0).stop
2024-09-13T15:19:54.979 INFO:teuthology.orchestra.run.smithi063.stdout:/usr/bin/ceph: stderr
2024-09-13T15:19:54.310+0000 7effd7800640 1 -- 172.21.15.63:0/2503759668 >> 172.21.15.63:0/2503759668 conn(0x7effd007b170 msgr2=0x7effd01056e0 unknown :-1 s=STATE_NONE l=0).mark_down
2024-09-13T15:19:54.979 INFO:teuthology.orchestra.run.smithi063.stdout:/usr/bin/ceph: stderr
2024-09-13T15:19:54.310+0000 7effd7800640 1 -- 172.21.15.63:0/2503759668 shutdown_connections
2024-09-13T15:19:54.979 INFO:teuthology.orchestra.run.smithi063.stdout:/usr/bin/ceph: stderr
2024-09-13T15:19:54.310+0000 7effd7800640 1 -- 172.21.15.63:0/2503759668 wait complete.
2024-09-13T15:19:54.979 INFO:teuthology.orchestra.run.smithi063.stdout:Waiting for the mgr to restart...
2024-09-13T15:19:54.979 INFO:teuthology.orchestra.run.smithi063.stdout:Waiting for mgr epoch 9...
2024-09-13T15:19:55.542 INFO:journalctl@ceph.mgr.x.smithi063.stdout:Sep 13 15:19:55 smithi063 ceph-60648088-71e3-11ef-bceb-c7b262605968-mgr-x[30786]:
2024-09-13T15:19:55.535+0000 7f2f47094040 -1 mgr[py] Module telemetry has missing NOTIFY_TYPES member
2024-09-13T15:19:55.862 INFO:journalctl@ceph.mgr.x.smithi063.stdout:Sep 13 15:19:55 smithi063 ceph-60648088-71e3-11ef-bceb-c7b262605968-mgr-x[30786]:
2024-09-13T15:19:55.619+0000 7f2f47094040 -1 mgr[py] Module balancer has missing NOTIFY_TYPES member
2024-09-13T15:19:56.876 INFO:journalctl@ceph.mgr.x.smithi063.stdout:Sep 13 15:19:56 smithi063 ceph-60648088-71e3-11ef-bceb-c7b262605968-mgr-x[30786]:
2024-09-13T15:19:56.565+0000 7f2f47094040 -1 mgr[py] Module rook has missing NOTIFY_TYPES member
2024-09-13T15:19:56.876 INFO:journalctl@ceph.mgr.x.smithi063.stdout:Sep 13 15:19:56 smithi063 ceph-60648088-71e3-11ef-bceb-c7b262605968-mgr-x[30786]:
2024-09-13T15:19:56.705+0000 7f2f47094040 -1 mgr[py] Module iostat has missing NOTIFY_TYPES member
2024-09-13T15:19:56.876 INFO:journalctl@ceph.mgr.x.smithi063.stdout:Sep 13 15:19:56 smithi063 ceph-60648088-71e3-11ef-bceb-c7b262605968-mgr-x[30786]:
2024-09-13T15:19:56.874+0000 7f2f47094040 -1 mgr[py] Module orchestrator has missing NOTIFY_TYPES member
2024-09-13T15:19:57.147 INFO:journalctl@ceph.mgr.x.smithi063.stdout:Sep 13 15:19:56 smithi063 ceph-60648088-71e3-11ef-bceb-c7b262605968-mgr-x[30786]:
2024-09-13T15:19:56.949+0000 7f2f47094040 -1 mgr[py] Module devicehealth has missing NOTIFY_TYPES member
2024-09-13T15:19:57.147 INFO:journalctl@ceph.mgr.x.smithi063.stdout:Sep 13 15:19:57 smithi063 ceph-60648088-71e3-11ef-bceb-c7b262605968-mgr-x[30786]:
2024-09-13T15:19:57.123+0000 7f2f47094040 -1 mgr[py] Module rgw has missing NOTIFY_TYPES member
2024-09-13T15:19:57.465 INFO:journalctl@ceph.mgr.x.smithi063.stdout:Sep 13 15:19:57 smithi063 ceph-60648088-71e3-11ef-bceb-c7b262605968-mgr-x[30786]:
2024-09-13T15:19:57.207+0000 7f2f47094040 -1 mgr[py] Module alerts has missing NOTIFY_TYPES member
2024-09-13T15:19:57.466 INFO:journalctl@ceph.mgr.x.smithi063.stdout:Sep 13 15:19:57 smithi063 ceph-60648088-71e3-11ef-bceb-c7b262605968-mgr-x[30786]:
