2024-09-13T15:25:19.731 INFO:teuthology.orchestra.run.smithi090.stdout:/usr/bin/ceph: stderr
2024-09-13T15:25:18.943+0000 7fd8c3658640 1 --2- >> [v2:172.21.15.90:3300/0,v1:172.21.15.90:6789/0] conn(0x7fd8bc104af0 0x7fd8bc1988c0 unknown :-1 s=NONE pgs=0 cs=0 l=1 rev1=0 crypto rx=0 tx=0 comp rx=0 tx=0).connect
2024-09-13T15:25:19.731 INFO:teuthology.orchestra.run.smithi090.stdout:/usr/bin/ceph: stderr
2024-09-13T15:25:18.943+0000 7fd8c3658640 1 -- --> [v2:172.21.15.90:3300/0,v1:172.21.15.90:6789/0] -- mon_getmap magic: 0 v1 -- 0x7fd8bc198e00 con 0x7fd8bc104af0
2024-09-13T15:25:19.731 INFO:teuthology.orchestra.run.smithi090.stdout:/usr/bin/ceph: stderr
2024-09-13T15:25:18.944+0000 7fd8c13f4640 1 --2- >> [v2:172.21.15.90:3300/0,v1:172.21.15.90:6789/0] conn(0x7fd8bc104af0 0x7fd8bc1988c0 unknown :-1 s=BANNER_CONNECTING pgs=0 cs=0 l=1 rev1=0 crypto rx=0 tx=0 comp rx=0 tx=0)._handle_peer_banner_payload supported=3 required=0
2024-09-13T15:25:19.731 INFO:teuthology.orchestra.run.smithi090.stdout:/usr/bin/ceph: stderr
2024-09-13T15:25:18.944+0000 7fd8c13f4640 1 --2- >> [v2:172.21.15.90:3300/0,v1:172.21.15.90:6789/0] conn(0x7fd8bc104af0 0x7fd8bc1988c0 unknown :-1 s=HELLO_CONNECTING pgs=0 cs=0 l=1 rev1=1 crypto rx=0 tx=0 comp rx=0 tx=0).handle_hello peer v2:172.21.15.90:3300/0 says I am v2:172.21.15.90:41216/0 (socket says 172.21.15.90:41216)
2024-09-13T15:25:19.732 INFO:teuthology.orchestra.run.smithi090.stdout:/usr/bin/ceph: stderr
2024-09-13T15:25:18.944+0000 7fd8c13f4640 1 -- 172.21.15.90:0/320915207 learned_addr learned my addr 172.21.15.90:0/320915207 (peer_addr_for_me v2:172.21.15.90:0/0)
2024-09-13T15:25:19.732 INFO:teuthology.orchestra.run.smithi090.stdout:/usr/bin/ceph: stderr
2024-09-13T15:25:18.944+0000 7fd8c13f4640 1 -- 172.21.15.90:0/320915207 --> [v2:172.21.15.90:3300/0,v1:172.21.15.90:6789/0] -- mon_subscribe({config=0+,monmap=0+}) v3 -- 0x7fd8b40094d0 con 0x7fd8bc104af0
2024-09-13T15:25:19.732 INFO:teuthology.orchestra.run.smithi090.stdout:/usr/bin/ceph: stderr
2024-09-13T15:25:18.944+0000 7fd8c13f4640 1 --2- 172.21.15.90:0/320915207 >> [v2:172.21.15.90:3300/0,v1:172.21.15.90:6789/0] conn(0x7fd8bc104af0 0x7fd8bc1988c0 secure :-1 s=READY pgs=17 cs=0 l=1 rev1=1 crypto rx=0x7fd8b40097f0 tx=0x7fd8b4032840 comp rx=0 tx=0).ready entity=mon.0 client_cookie=0 server_cookie=0 in_seq=0 out_seq=0
2024-09-13T15:25:19.732 INFO:teuthology.orchestra.run.smithi090.stdout:/usr/bin/ceph: stderr
2024-09-13T15:25:18.944+0000 7fd8ba7fc640 1 -- 172.21.15.90:0/320915207 <== mon.0 v2:172.21.15.90:3300/0 1 ==== mon_map magic: 0 v1 ==== 229+0+0 (secure 0 0 0) 0x7fd8b4040070 con 0x7fd8bc104af0
2024-09-13T15:25:19.732 INFO:teuthology.orchestra.run.smithi090.stdout:/usr/bin/ceph: stderr
2024-09-13T15:25:18.944+0000 7fd8ba7fc640 1 -- 172.21.15.90:0/320915207 <== mon.0 v2:172.21.15.90:3300/0 2 ==== config(25 keys) v1 ==== 1036+0+0 (secure 0 0 0) 0x7fd8b4032c30 con 0x7fd8bc104af0
2024-09-13T15:25:19.732 INFO:teuthology.orchestra.run.smithi090.stdout:/usr/bin/ceph: stderr
2024-09-13T15:25:18.944+0000 7fd8ba7fc640 1 -- 172.21.15.90:0/320915207 <== mon.0 v2:172.21.15.90:3300/0 3 ==== mon_map magic: 0 v1 ==== 229+0+0 (secure 0 0 0) 0x7fd8b403a560 con 0x7fd8bc104af0
2024-09-13T15:25:19.732 INFO:teuthology.orchestra.run.smithi090.stdout:/usr/bin/ceph: stderr
2024-09-13T15:25:18.944+0000 7fd8c3658640 1 -- 172.21.15.90:0/320915207 --> [v2:172.21.15.90:3300/0,v1:172.21.15.90:6789/0] -- mon_subscribe({mgrmap=0+}) v3 -- 0x7fd8bc106b70 con 0x7fd8bc104af0
2024-09-13T15:25:19.732 INFO:teuthology.orchestra.run.smithi090.stdout:/usr/bin/ceph: stderr
2024-09-13T15:25:18.944+0000 7fd8c3658640 1 -- 172.21.15.90:0/320915207 --> [v2:172.21.15.90:3300/0,v1:172.21.15.90:6789/0] -- mon_subscribe({osdmap=0}) v3 -- 0x7fd8bc199310 con 0x7fd8bc104af0
2024-09-13T15:25:19.732 INFO:teuthology.orchestra.run.smithi090.stdout:/usr/bin/ceph: stderr
2024-09-13T15:25:18.945+0000 7fd8ba7fc640 1 -- 172.21.15.90:0/320915207 <== mon.0 v2:172.21.15.90:3300/0 4 ==== mgrmap(e 4) v1 ==== 45545+0+0 (secure 0 0 0) 0x7fd8b403a6c0 con 0x7fd8bc104af0
2024-09-13T15:25:19.732 INFO:teuthology.orchestra.run.smithi090.stdout:/usr/bin/ceph: stderr
2024-09-13T15:25:18.945+0000 7fd8ba7fc640 1 --2- 172.21.15.90:0/320915207 >> [v2:172.21.15.90:6800/1322912193,v1:172.21.15.90:6801/1322912193] conn(0x7fd8a4038710 0x7fd8a403abd0 unknown :-1 s=NONE pgs=0 cs=0 l=1 rev1=0 crypto rx=0 tx=0 comp rx=0 tx=0).connect
2024-09-13T15:25:19.732 INFO:teuthology.orchestra.run.smithi090.stdout:/usr/bin/ceph: stderr
2024-09-13T15:25:18.945+0000 7fd8c3658640 1 -- 172.21.15.90:0/320915207 --> [v2:172.21.15.90:3300/0,v1:172.21.15.90:6789/0] -- mon_command({"prefix": "get_command_descriptions"} v 0) v1 -- 0x7fd8bc199550 con 0x7fd8bc104af0
2024-09-13T15:25:19.733 INFO:teuthology.orchestra.run.smithi090.stdout:/usr/bin/ceph: stderr
2024-09-13T15:25:18.945+0000 7fd8ba7fc640 1 -- 172.21.15.90:0/320915207 <== mon.0 v2:172.21.15.90:3300/0 5 ==== osd_map(1..1 src has 1..1) v4 ==== 725+0+0 (secure 0 0 0) 0x7fd8b406b0f0 con 0x7fd8bc104af0
2024-09-13T15:25:19.733 INFO:teuthology.orchestra.run.smithi090.stdout:/usr/bin/ceph: stderr
2024-09-13T15:25:18.945+0000 7fd8c0bf3640 1 --2- 172.21.15.90:0/320915207 >> [v2:172.21.15.90:6800/1322912193,v1:172.21.15.90:6801/1322912193] conn(0x7fd8a4038710 0x7fd8a403abd0 unknown :-1 s=BANNER_CONNECTING pgs=0 cs=0 l=1 rev1=0 crypto rx=0 tx=0 comp rx=0 tx=0)._handle_peer_banner_payload supported=3 required=0
2024-09-13T15:25:19.733 INFO:teuthology.orchestra.run.smithi090.stdout:/usr/bin/ceph: stderr
2024-09-13T15:25:18.946+0000 7fd8c0bf3640 1 --2- 172.21.15.90:0/320915207 >> [v2:172.21.15.90:6800/1322912193,v1:172.21.15.90:6801/1322912193] conn(0x7fd8a4038710 0x7fd8a403abd0 secure :-1 s=READY pgs=6 cs=0 l=1 rev1=1 crypto rx=0x7fd8b00098c0 tx=0x7fd8b0006db0 comp rx=0 tx=0).ready entity=mgr.14100 client_cookie=0 server_cookie=0 in_seq=0 out_seq=0
2024-09-13T15:25:19.733 INFO:teuthology.orchestra.run.smithi090.stdout:/usr/bin/ceph: stderr
2024-09-13T15:25:18.950+0000 7fd8ba7fc640 1 -- 172.21.15.90:0/320915207 <== mon.0 v2:172.21.15.90:3300/0 6 ==== mon_command_ack([{"prefix": "get_command_descriptions"}]=0 v0) v1 ==== 72+0+183819 (secure 0 0 0) 0x7fd8b4043310 con 0x7fd8bc104af0
2024-09-13T15:25:19.733 INFO:teuthology.orchestra.run.smithi090.stdout:/usr/bin/ceph: stderr
2024-09-13T15:25:19.172+0000 7fd8c3658640 1 -- 172.21.15.90:0/320915207 --> [v2:172.21.15.90:3300/0,v1:172.21.15.90:6789/0] -- mon_command({"prefix": "status", "format": "json-pretty"} v 0) v1 -- 0x7fd8bc104ff0 con 0x7fd8bc104af0
2024-09-13T15:25:19.733 INFO:teuthology.orchestra.run.smithi090.stdout:/usr/bin/ceph: stderr
2024-09-13T15:25:19.172+0000 7fd8ba7fc640 1 -- 172.21.15.90:0/320915207 <== mon.0 v2:172.21.15.90:3300/0 7 ==== mon_command_ack([{"prefix": "status", "format": "json-pretty"}]=0 v0) v1 ==== 79+0+1245 (secure 0 0 0) 0x7fd8b4043310 con 0x7fd8bc104af0
2024-09-13T15:25:19.733 INFO:teuthology.orchestra.run.smithi090.stdout:/usr/bin/ceph: stderr
2024-09-13T15:25:19.175+0000 7fd8c3658640 1 -- 172.21.15.90:0/320915207 >> [v2:172.21.15.90:6800/1322912193,v1:172.21.15.90:6801/1322912193] conn(0x7fd8a4038710 msgr2=0x7fd8a403abd0 secure :-1 s=STATE_CONNECTION_ESTABLISHED l=1).mark_down
2024-09-13T15:25:19.733 INFO:teuthology.orchestra.run.smithi090.stdout:/usr/bin/ceph: stderr
2024-09-13T15:25:19.175+0000 7fd8c3658640 1 --2- 172.21.15.90:0/320915207 >> [v2:172.21.15.90:6800/1322912193,v1:172.21.15.90:6801/1322912193] conn(0x7fd8a4038710 0x7fd8a403abd0 secure :-1 s=READY pgs=6 cs=0 l=1 rev1=1 crypto rx=0x7fd8b00098c0 tx=0x7fd8b0006db0 comp rx=0 tx=0).stop
2024-09-13T15:25:19.733 INFO:teuthology.orchestra.run.smithi090.stdout:/usr/bin/ceph: stderr
2024-09-13T15:25:19.175+0000 7fd8c3658640 1 -- 172.21.15.90:0/320915207 >> [v2:172.21.15.90:3300/0,v1:172.21.15.90:6789/0] conn(0x7fd8bc104af0 msgr2=0x7fd8bc1988c0 secure :-1 s=STATE_CONNECTION_ESTABLISHED l=1).mark_down
2024-09-13T15:25:19.733 INFO:teuthology.orchestra.run.smithi090.stdout:/usr/bin/ceph: stderr
2024-09-13T15:25:19.175+0000 7fd8c3658640 1 --2- 172.21.15.90:0/320915207 >> [v2:172.21.15.90:3300/0,v1:172.21.15.90:6789/0] conn(0x7fd8bc104af0 0x7fd8bc1988c0 secure :-1 s=READY pgs=17 cs=0 l=1 rev1=1 crypto rx=0x7fd8b40097f0 tx=0x7fd8b4032840 comp rx=0 tx=0).stop
2024-09-13T15:25:19.733 INFO:teuthology.orchestra.run.smithi090.stdout:/usr/bin/ceph: stderr
2024-09-13T15:25:19.175+0000 7fd8c3658640 1 -- 172.21.15.90:0/320915207 shutdown_connections
2024-09-13T15:25:19.733 INFO:teuthology.orchestra.run.smithi090.stdout:/usr/bin/ceph: stderr
2024-09-13T15:25:19.175+0000 7fd8c3658640 1 --2- 172.21.15.90:0/320915207 >> [v2:172.21.15.90:6800/1322912193,v1:172.21.15.90:6801/1322912193] conn(0x7fd8a4038710 0x7fd8a403abd0 unknown :-1 s=CLOSED pgs=6 cs=0 l=1 rev1=1 crypto rx=0 tx=0 comp rx=0 tx=0).stop
2024-09-13T15:25:19.733 INFO:teuthology.orchestra.run.smithi090.stdout:/usr/bin/ceph: stderr
2024-09-13T15:25:19.175+0000 7fd8c3658640 1 --2- 172.21.15.90:0/320915207 >> [v2:172.21.15.90:3300/0,v1:172.21.15.90:6789/0] conn(0x7fd8bc104af0 0x7fd8bc1988c0 unknown :-1 s=CLOSED pgs=17 cs=0 l=1 rev1=1 crypto rx=0 tx=0 comp rx=0 tx=0).stop
2024-09-13T15:25:19.734 INFO:teuthology.orchestra.run.smithi090.stdout:/usr/bin/ceph: stderr
2024-09-13T15:25:19.175+0000 7fd8c3658640 1 -- 172.21.15.90:0/320915207 >> 172.21.15.90:0/320915207 conn(0x7fd8bc100260 msgr2=0x7fd8bc100e10 unknown :-1 s=STATE_NONE l=0).mark_down
2024-09-13T15:25:19.734 INFO:teuthology.orchestra.run.smithi090.stdout:/usr/bin/ceph: stderr
2024-09-13T15:25:19.176+0000 7fd8c3658640 1 -- 172.21.15.90:0/320915207 shutdown_connections
2024-09-13T15:25:19.734 INFO:teuthology.orchestra.run.smithi090.stdout:/usr/bin/ceph: stderr
2024-09-13T15:25:19.176+0000 7fd8c3658640 1 -- 172.21.15.90:0/320915207 wait complete.
2024-09-13T15:25:19.734 INFO:teuthology.orchestra.run.smithi090.stdout:mgr is available
2024-09-13T15:25:20.104 INFO:journalctl@ceph.mon.smithi090.smithi090.stdout:Sep 13 15:25:19 smithi090 ceph-mon[27811]: mgrmap e4: smithi090.fyvvpd(active, since 2s)
2024-09-13T15:25:20.104 INFO:journalctl@ceph.mon.smithi090.smithi090.stdout:Sep 13 15:25:19 smithi090 ceph-mon[27811]: from='client.? 172.21.15.90:0/320915207' entity='client.admin' cmd=[{"prefix": "status", "format": "json-pretty"}]: dispatch
2024-09-13T15:25:20.869 INFO:teuthology.orchestra.run.smithi090.stdout:/usr/bin/ceph: stdout
2024-09-13T15:25:20.869 INFO:teuthology.orchestra.run.smithi090.stdout:/usr/bin/ceph: stdout [global]
2024-09-13T15:25:20.869 INFO:teuthology.orchestra.run.smithi090.stdout:/usr/bin/ceph: stdout fsid = 41124e1c-71e4-11ef-bceb-c7b262605968
2024-09-13T15:25:20.869 INFO:teuthology.orchestra.run.smithi090.stdout:/usr/bin/ceph: stdout mon_osd_allow_pg_remap = true
2024-09-13T15:25:20.870 INFO:teuthology.orchestra.run.smithi090.stdout:/usr/bin/ceph: stdout mon_osd_allow_primary_affinity = true
2024-09-13T15:25:20.870 INFO:teuthology.orchestra.run.smithi090.stdout:/usr/bin/ceph: stdout mon_warn_on_no_sortbitwise = false
2024-09-13T15:25:20.870 INFO:teuthology.orchestra.run.smithi090.stdout:/usr/bin/ceph: stdout osd_crush_chooseleaf_type = 0
2024-09-13T15:25:20.870 INFO:teuthology.orchestra.run.smithi090.stdout:/usr/bin/ceph: stdout
2024-09-13T15:25:20.870 INFO:teuthology.orchestra.run.smithi090.stdout:/usr/bin/ceph: stdout [mgr]
2024-09-13T15:25:20.870 INFO:teuthology.orchestra.run.smithi090.stdout:/usr/bin/ceph: stdout mgr/telemetry/nag = false
2024-09-13T15:25:20.870 INFO:teuthology.orchestra.run.smithi090.stdout:/usr/bin/ceph: stdout
2024-09-13T15:25:20.870 INFO:teuthology.orchestra.run.smithi090.stdout:/usr/bin/ceph: stdout [osd]
2024-09-13T15:25:20.870 INFO:teuthology.orchestra.run.smithi090.stdout:/usr/bin/ceph: stdout osd_map_max_advance = 10
2024-09-13T15:25:20.870 INFO:teuthology.orchestra.run.smithi090.stdout:/usr/bin/ceph: stdout osd_sloppy_crc = true
2024-09-13T15:25:20.870 INFO:teuthology.orchestra.run.smithi090.stdout:/usr/bin/ceph: stderr
2024-09-13T15:25:20.102+0000 7f3fdf462640 1 Processor -- start
2024-09-13T15:25:20.870 INFO:teuthology.orchestra.run.smithi090.stdout:/usr/bin/ceph: stderr
2024-09-13T15:25:20.102+0000 7f3fdf462640 1 -- start start
2024-09-13T15:25:20.870 INFO:teuthology.orchestra.run.smithi090.stdout:/usr/bin/ceph: stderr
2024-09-13T15:25:20.103+0000 7f3fdf462640 1 --2- >> [v2:172.21.15.90:3300/0,v1:172.21.15.90:6789/0] conn(0x7f3fd810f510 0x7f3fd810f910 unknown :-1 s=NONE pgs=0 cs=0 l=0 rev1=0 crypto rx=0 tx=0 comp rx=0 tx=0).connect
2024-09-13T15:25:20.871 INFO:teuthology.orchestra.run.smithi090.stdout:/usr/bin/ceph: stderr
2024-09-13T15:25:20.103+0000 7f3fdf462640 1 -- --> [v2:172.21.15.90:3300/0,v1:172.21.15.90:6789/0] -- mon_getmap magic: 0 v1 -- 0x7f3fd810fee0 con 0x7f3fd810f510
2024-09-13T15:25:20.871 INFO:teuthology.orchestra.run.smithi090.stdout:/usr/bin/ceph: stderr
2024-09-13T15:25:20.103+0000 7f3fdd1fe640 1 --2- >> [v2:172.21.15.90:3300/0,v1:172.21.15.90:6789/0] conn(0x7f3fd810f510 0x7f3fd810f910 unknown :-1 s=BANNER_CONNECTING pgs=0 cs=0 l=0 rev1=0 crypto rx=0 tx=0 comp rx=0 tx=0)._handle_peer_banner_payload supported=3 required=0
2024-09-13T15:25:20.871 INFO:teuthology.orchestra.run.smithi090.stdout:/usr/bin/ceph: stderr
2024-09-13T15:25:20.103+0000 7f3fdd1fe640 1 --2- >> [v2:172.21.15.90:3300/0,v1:172.21.15.90:6789/0] conn(0x7f3fd810f510 0x7f3fd810f910 unknown :-1 s=HELLO_CONNECTING pgs=0 cs=0 l=0 rev1=1 crypto rx=0 tx=0 comp rx=0 tx=0).handle_hello peer v2:172.21.15.90:3300/0 says I am v2:172.21.15.90:41220/0 (socket says 172.21.15.90:41220)
2024-09-13T15:25:20.871 INFO:teuthology.orchestra.run.smithi090.stdout:/usr/bin/ceph: stderr
2024-09-13T15:25:20.103+0000 7f3fdd1fe640 1 -- 172.21.15.90:0/94315554 learned_addr learned my addr 172.21.15.90:0/94315554 (peer_addr_for_me v2:172.21.15.90:0/0)
2024-09-13T15:25:20.871 INFO:teuthology.orchestra.run.smithi090.stdout:/usr/bin/ceph: stderr
2024-09-13T15:25:20.103+0000 7f3fdd1fe640 1 -- 172.21.15.90:0/94315554 --> [v2:172.21.15.90:3300/0,v1:172.21.15.90:6789/0] -- mon_subscribe({config=0+,monmap=0+}) v3 -- 0x7f3fd8110710 con 0x7f3fd810f510
2024-09-13T15:25:20.871 INFO:teuthology.orchestra.run.smithi090.stdout:/usr/bin/ceph: stderr
2024-09-13T15:25:20.104+0000 7f3fdd1fe640 1 --2- 172.21.15.90:0/94315554 >> [v2:172.21.15.90:3300/0,v1:172.21.15.90:6789/0] conn(0x7f3fd810f510 0x7f3fd810f910 secure :-1 s=READY pgs=18 cs=0 l=1 rev1=1 crypto rx=0x7f3fd4009e80 tx=0x7f3fd402a7a0 comp rx=0 tx=0).ready entity=mon.0 client_cookie=535b44854c737b31 server_cookie=0 in_seq=0 out_seq=0
2024-09-13T15:25:20.871 INFO:teuthology.orchestra.run.smithi090.stdout:/usr/bin/ceph: stderr
2024-09-13T15:25:20.104+0000 7f3fcffff640 1 -- 172.21.15.90:0/94315554 <== mon.0 v2:172.21.15.90:3300/0 1 ==== mon_map magic: 0 v1 ==== 229+0+0 (secure 0 0 0) 0x7f3fd4031400 con 0x7f3fd810f510
2024-09-13T15:25:20.871 INFO:teuthology.orchestra.run.smithi090.stdout:/usr/bin/ceph: stderr
2024-09-13T15:25:20.104+0000 7f3fcffff640 1 -- 172.21.15.90:0/94315554 <== mon.0 v2:172.21.15.90:3300/0 2 ==== config(25 keys) v1 ==== 1036+0+0 (secure 0 0 0) 0x7f3fd402d050 con 0x7f3fd810f510
2024-09-13T15:25:20.871 INFO:teuthology.orchestra.run.smithi090.stdout:/usr/bin/ceph: stderr
2024-09-13T15:25:20.104+0000 7f3fcffff640 1 -- 172.21.15.90:0/94315554 <== mon.0 v2:172.21.15.90:3300/0 3 ==== mon_map magic: 0 v1 ==== 229+0+0 (secure 0 0 0) 0x7f3fd40077c0 con 0x7f3fd810f510
2024-09-13T15:25:20.871 INFO:teuthology.orchestra.run.smithi090.stdout:/usr/bin/ceph: stderr
2024-09-13T15:25:20.105+0000 7f3fdf462640 1 -- 172.21.15.90:0/94315554 >> [v2:172.21.15.90:3300/0,v1:172.21.15.90:6789/0] conn(0x7f3fd810f510 msgr2=0x7f3fd810f910 secure :-1 s=STATE_CONNECTION_ESTABLISHED l=1).mark_down
2024-09-13T15:25:20.871 INFO:teuthology.orchestra.run.smithi090.stdout:/usr/bin/ceph: stderr
2024-09-13T15:25:20.105+0000 7f3fdf462640 1 --2- 172.21.15.90:0/94315554 >> [v2:172.21.15.90:3300/0,v1:172.21.15.90:6789/0] conn(0x7f3fd810f510 0x7f3fd810f910 secure :-1 s=READY pgs=18 cs=0 l=1 rev1=1 crypto rx=0x7f3fd4009e80 tx=0x7f3fd402a7a0 comp rx=0 tx=0).stop
2024-09-13T15:25:20.871 INFO:teuthology.orchestra.run.smithi090.stdout:/usr/bin/ceph: stderr
2024-09-13T15:25:20.105+0000 7f3fdf462640 1 -- 172.21.15.90:0/94315554 shutdown_connections
2024-09-13T15:25:20.871 INFO:teuthology.orchestra.run.smithi090.stdout:/usr/bin/ceph: stderr
2024-09-13T15:25:20.105+0000 7f3fdf462640 1 --2- 172.21.15.90:0/94315554 >> [v2:172.21.15.90:3300/0,v1:172.21.15.90:6789/0] conn(0x7f3fd810f510 0x7f3fd810f910 unknown :-1 s=CLOSED pgs=18 cs=0 l=1 rev1=1 crypto rx=0 tx=0 comp rx=0 tx=0).stop
2024-09-13T15:25:20.872 INFO:teuthology.orchestra.run.smithi090.stdout:/usr/bin/ceph: stderr
2024-09-13T15:25:20.105+0000 7f3fdf462640 1 -- 172.21.15.90:0/94315554 >> 172.21.15.90:0/94315554 conn(0x7f3fd806c0f0 msgr2=0x7f3fd806c520 unknown :-1 s=STATE_NONE l=0).mark_down
2024-09-13T15:25:20.872 INFO:teuthology.orchestra.run.smithi090.stdout:/usr/bin/ceph: stderr
2024-09-13T15:25:20.105+0000 7f3fdf462640 1 -- 172.21.15.90:0/94315554 shutdown_connections
2024-09-13T15:25:20.872 INFO:teuthology.orchestra.run.smithi090.stdout:/usr/bin/ceph: stderr
2024-09-13T15:25:20.105+0000 7f3fdf462640 1 -- 172.21.15.90:0/94315554 wait complete.
2024-09-13T15:25:20.872 INFO:teuthology.orchestra.run.smithi090.stdout:/usr/bin/ceph: stderr
2024-09-13T15:25:20.105+0000 7f3fdf462640 1 Processor -- start
2024-09-13T15:25:20.872 INFO:teuthology.orchestra.run.smithi090.stdout:/usr/bin/ceph: stderr
2024-09-13T15:25:20.105+0000 7f3fdf462640 1 -- start start
2024-09-13T15:25:20.872 INFO:teuthology.orchestra.run.smithi090.stdout:/usr/bin/ceph: stderr
2024-09-13T15:25:20.105+0000 7f3fdf462640 1 --2- >> [v2:172.21.15.90:3300/0,v1:172.21.15.90:6789/0] conn(0x7f3fd810f510 0x7f3fd81a32e0 unknown :-1 s=NONE pgs=0 cs=0 l=1 rev1=0 crypto rx=0 tx=0 comp rx=0 tx=0).connect
2024-09-13T15:25:20.872 INFO:teuthology.orchestra.run.smithi090.stdout:/usr/bin/ceph: stderr
2024-09-13T15:25:20.105+0000 7f3fdf462640 1 -- --> [v2:172.21.15.90:3300/0,v1:172.21.15.90:6789/0] -- mon_getmap magic: 0 v1 -- 0x7f3fd81a3820 con 0x7f3fd810f510
2024-09-13T15:25:20.872 INFO:teuthology.orchestra.run.smithi090.stdout:/usr/bin/ceph: stderr
2024-09-13T15:25:20.106+0000 7f3fdd1fe640 1 --2- >> [v2:172.21.15.90:3300/0,v1:172.21.15.90:6789/0] conn(0x7f3fd810f510 0x7f3fd81a32e0 unknown :-1 s=BANNER_CONNECTING pgs=0 cs=0 l=1 rev1=0 crypto rx=0 tx=0 comp rx=0 tx=0)._handle_peer_banner_payload supported=3 required=0
2024-09-13T15:25:20.872 INFO:teuthology.orchestra.run.smithi090.stdout:/usr/bin/ceph: stderr
2024-09-13T15:25:20.106+0000 7f3fdd1fe640 1 --2- >> [v2:172.21.15.90:3300/0,v1:172.21.15.90:6789/0] conn(0x7f3fd810f510 0x7f3fd81a32e0 unknown :-1 s=HELLO_CONNECTING pgs=0 cs=0 l=1 rev1=1 crypto rx=0 tx=0 comp rx=0 tx=0).handle_hello peer v2:172.21.15.90:3300/0 says I am v2:172.21.15.90:41224/0 (socket says 172.21.15.90:41224)
2024-09-13T15:25:20.872 INFO:teuthology.orchestra.run.smithi090.stdout:/usr/bin/ceph: stderr
2024-09-13T15:25:20.106+0000 7f3fdd1fe640 1 -- 172.21.15.90:0/2173510792 learned_addr learned my addr 172.21.15.90:0/2173510792 (peer_addr_for_me v2:172.21.15.90:0/0)
2024-09-13T15:25:20.872 INFO:teuthology.orchestra.run.smithi090.stdout:/usr/bin/ceph: stderr
2024-09-13T15:25:20.106+0000 7f3fdd1fe640 1 -- 172.21.15.90:0/2173510792 --> [v2:172.21.15.90:3300/0,v1:172.21.15.90:6789/0] -- mon_subscribe({config=0+,monmap=0+}) v3 -- 0x7f3fd4009b30 con 0x7f3fd810f510
2024-09-13T15:25:20.873 INFO:teuthology.orchestra.run.smithi090.stdout:/usr/bin/ceph: stderr
2024-09-13T15:25:20.106+0000 7f3fdd1fe640 1 --2- 172.21.15.90:0/2173510792 >> [v2:172.21.15.90:3300/0,v1:172.21.15.90:6789/0] conn(0x7f3fd810f510 0x7f3fd81a32e0 secure :-1 s=READY pgs=19 cs=0 l=1 rev1=1 crypto rx=0x7f3fd402acc0 tx=0x7f3fd4031630 comp rx=0 tx=0).ready entity=mon.0 client_cookie=0 server_cookie=0 in_seq=0 out_seq=0
2024-09-13T15:25:20.873 INFO:teuthology.orchestra.run.smithi090.stdout:/usr/bin/ceph: stderr
2024-09-13T15:25:20.106+0000 7f3fce7fc640 1 -- 172.21.15.90:0/2173510792 <== mon.0 v2:172.21.15.90:3300/0 1 ==== mon_map magic: 0 v1 ==== 229+0+0 (secure 0 0 0) 0x7f3fd4031bd0 con 0x7f3fd810f510
2024-09-13T15:25:20.873 INFO:teuthology.orchestra.run.smithi090.stdout:/usr/bin/ceph: stderr
2024-09-13T15:25:20.106+0000 7f3fce7fc640 1 -- 172.21.15.90:0/2173510792 <== mon.0 v2:172.21.15.90:3300/0 2 ==== config(25 keys) v1 ==== 1036+0+0 (secure 0 0 0) 0x7f3fd4031d30 con 0x7f3fd810f510
2024-09-13T15:25:20.873 INFO:teuthology.orchestra.run.smithi090.stdout:/usr/bin/ceph: stderr
2024-09-13T15:25:20.106+0000 7f3fdf462640 1 -- 172.21.15.90:0/2173510792 --> [v2:172.21.15.90:3300/0,v1:172.21.15.90:6789/0] -- mon_subscribe({mgrmap=0+}) v3 -- 0x7f3fd8111590 con 0x7f3fd810f510
2024-09-13T15:25:20.873 INFO:teuthology.orchestra.run.smithi090.stdout:/usr/bin/ceph: stderr
2024-09-13T15:25:20.106+0000 7f3fce7fc640 1 -- 172.21.15.90:0/2173510792 <== mon.0 v2:172.21.15.90:3300/0 3 ==== mon_map magic: 0 v1 ==== 229+0+0 (secure 0 0 0) 0x7f3fd4039620 con 0x7f3fd810f510
2024-09-13T15:25:20.873 INFO:teuthology.orchestra.run.smithi090.stdout:/usr/bin/ceph: stderr
2024-09-13T15:25:20.106+0000 7f3fdf462640 1 -- 172.21.15.90:0/2173510792 --> [v2:172.21.15.90:3300/0,v1:172.21.15.90:6789/0] -- mon_subscribe({osdmap=0}) v3 -- 0x7f3fd81a3d30 con 0x7f3fd810f510
2024-09-13T15:25:20.873 INFO:teuthology.orchestra.run.smithi090.stdout:/usr/bin/ceph: stderr
2024-09-13T15:25:20.107+0000 7f3fce7fc640 1 -- 172.21.15.90:0/2173510792 <== mon.0 v2:172.21.15.90:3300/0 4 ==== mgrmap(e 4) v1 ==== 45545+0+0 (secure 0 0 0) 0x7f3fd4038040 con 0x7f3fd810f510
2024-09-13T15:25:20.873 INFO:teuthology.orchestra.run.smithi090.stdout:/usr/bin/ceph: stderr
2024-09-13T15:25:20.107+0000 7f3fce7fc640 1 --2- 172.21.15.90:0/2173510792 >> [v2:172.21.15.90:6800/1322912193,v1:172.21.15.90:6801/1322912193] conn(0x7f3fc40386c0 0x7f3fc403ab80 unknown :-1 s=NONE pgs=0 cs=0 l=1 rev1=0 crypto rx=0 tx=0 comp rx=0 tx=0).connect
2024-09-13T15:25:20.873 INFO:teuthology.orchestra.run.smithi090.stdout:/usr/bin/ceph: stderr
2024-09-13T15:25:20.107+0000 7f3fce7fc640 1 -- 172.21.15.90:0/2173510792 <== mon.0 v2:172.21.15.90:3300/0 5 ==== osd_map(1..1 src has 1..1) v4 ==== 725+0+0 (secure 0 0 0) 0x7f3fd406b150 con 0x7f3fd810f510
2024-09-13T15:25:20.873 INFO:teuthology.orchestra.run.smithi090.stdout:/usr/bin/ceph: stderr
2024-09-13T15:25:20.107+0000 7f3fdf462640 1 -- 172.21.15.90:0/2173510792 --> [v2:172.21.15.90:3300/0,v1:172.21.15.90:6789/0] -- mon_command({"prefix": "get_command_descriptions"} v 0) v1 -- 0x7f3fd810f990 con 0x7f3fd810f510
2024-09-13T15:25:20.873 INFO:teuthology.orchestra.run.smithi090.stdout:/usr/bin/ceph: stderr
2024-09-13T15:25:20.107+0000 7f3fdc9fd640 1 --2- 172.21.15.90:0/2173510792 >> [v2:172.21.15.90:6800/1322912193,v1:172.21.15.90:6801/1322912193] conn(0x7f3fc40386c0 0x7f3fc403ab80 unknown :-1 s=BANNER_CONNECTING pgs=0 cs=0 l=1 rev1=0 crypto rx=0 tx=0 comp rx=0 tx=0)._handle_peer_banner_payload supported=3 required=0
2024-09-13T15:25:20.873 INFO:teuthology.orchestra.run.smithi090.stdout:/usr/bin/ceph: stderr
2024-09-13T15:25:20.108+0000 7f3fdc9fd640 1 --2- 172.21.15.90:0/2173510792 >> [v2:172.21.15.90:6800/1322912193,v1:172.21.15.90:6801/1322912193] conn(0x7f3fc40386c0 0x7f3fc403ab80 secure :-1 s=READY pgs=7 cs=0 l=1 rev1=1 crypto rx=0x7f3fc80098c0 tx=0x7f3fc8006db0 comp rx=0 tx=0).ready entity=mgr.14100 client_cookie=0 server_cookie=0 in_seq=0 out_seq=0
2024-09-13T15:25:20.874 INFO:teuthology.orchestra.run.smithi090.stdout:/usr/bin/ceph: stderr
2024-09-13T15:25:20.112+0000 7f3fce7fc640 1 -- 172.21.15.90:0/2173510792 <== mon.0 v2:172.21.15.90:3300/0 6 ==== mon_command_ack([{"prefix": "get_command_descriptions"}]=0 v0) v1 ==== 72+0+183819 (secure 0 0 0) 0x7f3fd4041030 con 0x7f3fd810f510
2024-09-13T15:25:20.874 INFO:teuthology.orchestra.run.smithi090.stdout:/usr/bin/ceph: stderr
2024-09-13T15:25:20.275+0000 7f3fdf462640 1 -- 172.21.15.90:0/2173510792 --> [v2:172.21.15.90:3300/0,v1:172.21.15.90:6789/0] -- mon_command({"prefix": "config assimilate-conf"} v 0) v1 -- 0x7f3fd8113940 con 0x7f3fd810f510
2024-09-13T15:25:20.874 INFO:teuthology.orchestra.run.smithi090.stdout:/usr/bin/ceph: stderr
2024-09-13T15:25:20.276+0000 7f3fce7fc640 1 -- 172.21.15.90:0/2173510792 <== mon.0 v2:172.21.15.90:3300/0 7 ==== mon_command_ack([{"prefix": "config assimilate-conf"}]=0 v3) v1 ==== 70+0+282 (secure 0 0 0) 0x7f3fd4069130 con 0x7f3fd810f510
2024-09-13T15:25:20.874 INFO:teuthology.orchestra.run.smithi090.stdout:/usr/bin/ceph: stderr
2024-09-13T15:25:20.278+0000 7f3fdf462640 1 -- 172.21.15.90:0/2173510792 >> [v2:172.21.15.90:6800/1322912193,v1:172.21.15.90:6801/1322912193] conn(0x7f3fc40386c0 msgr2=0x7f3fc403ab80 secure :-1 s=STATE_CONNECTION_ESTABLISHED l=1).mark_down
2024-09-13T15:25:20.874 INFO:teuthology.orchestra.run.smithi090.stdout:/usr/bin/ceph: stderr
2024-09-13T15:25:20.278+0000 7f3fdf462640 1 --2- 172.21.15.90:0/2173510792 >> [v2:172.21.15.90:6800/1322912193,v1:172.21.15.90:6801/1322912193] conn(0x7f3fc40386c0 0x7f3fc403ab80 secure :-1 s=READY pgs=7 cs=0 l=1 rev1=1 crypto rx=0x7f3fc80098c0 tx=0x7f3fc8006db0 comp rx=0 tx=0).stop
2024-09-13T15:25:20.874 INFO:teuthology.orchestra.run.smithi090.stdout:/usr/bin/ceph: stderr
2024-09-13T15:25:20.278+0000 7f3fdf462640 1 -- 172.21.15.90:0/2173510792 >> [v2:172.21.15.90:3300/0,v1:172.21.15.90:6789/0] conn(0x7f3fd810f510 msgr2=0x7f3fd81a32e0 secure :-1 s=STATE_CONNECTION_ESTABLISHED l=1).mark_down
2024-09-13T15:25:20.874 INFO:teuthology.orchestra.run.smithi090.stdout:/usr/bin/ceph: stderr
2024-09-13T15:25:20.278+0000 7f3fdf462640 1 --2- 172.21.15.90:0/2173510792 >> [v2:172.21.15.90:3300/0,v1:172.21.15.90:6789/0] conn(0x7f3fd810f510 0x7f3fd81a32e0 secure :-1 s=READY pgs=19 cs=0 l=1 rev1=1 crypto rx=0x7f3fd402acc0 tx=0x7f3fd4031630 comp rx=0 tx=0).stop
2024-09-13T15:25:20.874 INFO:teuthology.orchestra.run.smithi090.stdout:/usr/bin/ceph: stderr
2024-09-13T15:25:20.278+0000 7f3fdf462640 1 -- 172.21.15.90:0/2173510792 shutdown_connections
2024-09-13T15:25:20.874 INFO:teuthology.orchestra.run.smithi090.stdout:/usr/bin/ceph: stderr
2024-09-13T15:25:20.278+0000 7f3fdf462640 1 --2- 172.21.15.90:0/2173510792 >> [v2:172.21.15.90:6800/1322912193,v1:172.21.15.90:6801/1322912193] conn(0x7f3fc40386c0 0x7f3fc403ab80 unknown :-1 s=CLOSED pgs=7 cs=0 l=1 rev1=1 crypto rx=0 tx=0 comp rx=0 tx=0).stop
2024-09-13T15:25:20.874 INFO:teuthology.orchestra.run.smithi090.stdout:/usr/bin/ceph: stderr
2024-09-13T15:25:20.278+0000 7f3fdf462640 1 --2- 172.21.15.90:0/2173510792 >> [v2:172.21.15.90:3300/0,v1:172.21.15.90:6789/0] conn(0x7f3fd810f510 0x7f3fd81a32e0 unknown :-1 s=CLOSED pgs=19 cs=0 l=1 rev1=1 crypto rx=0 tx=0 comp rx=0 tx=0).stop
2024-09-13T15:25:20.874 INFO:teuthology.orchestra.run.smithi090.stdout:/usr/bin/ceph: stderr
2024-09-13T15:25:20.278+0000 7f3fdf462640 1 -- 172.21.15.90:0/2173510792 >> 172.21.15.90:0/2173510792 conn(0x7f3fd806c0f0 msgr2=0x7f3fd810ce30 unknown :-1 s=STATE_NONE l=0).mark_down
2024-09-13T15:25:20.874 INFO:teuthology.orchestra.run.smithi090.stdout:/usr/bin/ceph: stderr
2024-09-13T15:25:20.278+0000 7f3fdf462640 1 -- 172.21.15.90:0/2173510792 shutdown_connections
2024-09-13T15:25:20.874 INFO:teuthology.orchestra.run.smithi090.stdout:/usr/bin/ceph: stderr
2024-09-13T15:25:20.278+0000 7f3fdf462640 1 -- 172.21.15.90:0/2173510792 wait complete.
2024-09-13T15:25:20.875 INFO:teuthology.orchestra.run.smithi090.stdout:Enabling cephadm module...
2024-09-13T15:25:21.171 INFO:journalctl@ceph.mon.smithi090.smithi090.stdout:Sep 13 15:25:20 smithi090 ceph-mon[27811]: from='client.? 172.21.15.90:0/2173510792' entity='client.admin' cmd=[{"prefix": "config assimilate-conf"}]: dispatch
2024-09-13T15:25:22.233 INFO:journalctl@ceph.mon.smithi090.smithi090.stdout:Sep 13 15:25:21 smithi090 ceph-mon[27811]: from='client.? 172.21.15.90:0/4246705775' entity='client.admin' cmd=[{"prefix": "mgr module enable", "module": "cephadm"}]: dispatch
2024-09-13T15:25:22.572 INFO:teuthology.orchestra.run.smithi090.stdout:/usr/bin/ceph: stderr
2024-09-13T15:25:21.248+0000 7ff18a8b0640 1 Processor -- start
2024-09-13T15:25:22.577 INFO:teuthology.orchestra.run.smithi090.stdout:/usr/bin/ceph: stderr
2024-09-13T15:25:21.248+0000 7ff18a8b0640 1 -- start start
2024-09-13T15:25:22.577 INFO:teuthology.orchestra.run.smithi090.stdout:/usr/bin/ceph: stderr
2024-09-13T15:25:21.249+0000 7ff18a8b0640 1 --2- >> [v2:172.21.15.90:3300/0,v1:172.21.15.90:6789/0] conn(0x7ff184104ae0 0x7ff184104ee0 unknown :-1 s=NONE pgs=0 cs=0 l=0 rev1=0 crypto rx=0 tx=0 comp rx=0 tx=0).connect
2024-09-13T15:25:22.577 INFO:teuthology.orchestra.run.smithi090.stdout:/usr/bin/ceph: stderr
2024-09-13T15:25:21.249+0000 7ff18a8b0640 1 -- --> [v2:172.21.15.90:3300/0,v1:172.21.15.90:6789/0] -- mon_getmap magic: 0 v1 -- 0x7ff1841054b0 con 0x7ff184104ae0
2024-09-13T15:25:22.577 INFO:teuthology.orchestra.run.smithi090.stdout:/usr/bin/ceph: stderr
2024-09-13T15:25:21.249+0000 7ff183fff640 1 --2- >> [v2:172.21.15.90:3300/0,v1:172.21.15.90:6789/0] conn(0x7ff184104ae0 0x7ff184104ee0 unknown :-1 s=BANNER_CONNECTING pgs=0 cs=0 l=0 rev1=0 crypto rx=0 tx=0 comp rx=0 tx=0)._handle_peer_banner_payload supported=3 required=0
2024-09-13T15:25:22.577 INFO:teuthology.orchestra.run.smithi090.stdout:/usr/bin/ceph: stderr
2024-09-13T15:25:21.249+0000 7ff183fff640 1 --2- >> [v2:172.21.15.90:3300/0,v1:172.21.15.90:6789/0] conn(0x7ff184104ae0 0x7ff184104ee0 unknown :-1 s=HELLO_CONNECTING pgs=0 cs=0 l=0 rev1=1 crypto rx=0 tx=0 comp rx=0 tx=0).handle_hello peer v2:172.21.15.90:3300/0 says I am v2:172.21.15.90:41232/0 (socket says 172.21.15.90:41232)
2024-09-13T15:25:22.577 INFO:teuthology.orchestra.run.smithi090.stdout:/usr/bin/ceph: stderr
2024-09-13T15:25:21.249+0000 7ff183fff640 1 -- 172.21.15.90:0/2861867612 learned_addr learned my addr 172.21.15.90:0/2861867612 (peer_addr_for_me v2:172.21.15.90:0/0)
2024-09-13T15:25:22.577 INFO:teuthology.orchestra.run.smithi090.stdout:/usr/bin/ceph: stderr
2024-09-13T15:25:21.249+0000 7ff183fff640 1 -- 172.21.15.90:0/2861867612 --> [v2:172.21.15.90:3300/0,v1:172.21.15.90:6789/0] -- mon_subscribe({config=0+,monmap=0+}) v3 -- 0x7ff184105ce0 con 0x7ff184104ae0
2024-09-13T15:25:22.577 INFO:teuthology.orchestra.run.smithi090.stdout:/usr/bin/ceph: stderr
2024-09-13T15:25:21.250+0000 7ff183fff640 1 --2- 172.21.15.90:0/2861867612 >> [v2:172.21.15.90:3300/0,v1:172.21.15.90:6789/0] conn(0x7ff184104ae0 0x7ff184104ee0 secure :-1 s=READY pgs=20 cs=0 l=1 rev1=1 crypto rx=0x7ff174009820 tx=0x7ff17402a270 comp rx=0 tx=0).ready entity=mon.0 client_cookie=6c45eb9213c38582 server_cookie=0 in_seq=0 out_seq=0
2024-09-13T15:25:22.577 INFO:teuthology.orchestra.run.smithi090.stdout:/usr/bin/ceph: stderr
2024-09-13T15:25:21.250+0000 7ff182ffd640 1 -- 172.21.15.90:0/2861867612 <== mon.0 v2:172.21.15.90:3300/0 1 ==== mon_map magic: 0 v1 ==== 229+0+0 (secure 0 0 0) 0x7ff17402ad40 con 0x7ff184104ae0
2024-09-13T15:25:22.578 INFO:teuthology.orchestra.run.smithi090.stdout:/usr/bin/ceph: stderr
2024-09-13T15:25:21.250+0000 7ff182ffd640 1 -- 172.21.15.90:0/2861867612 <== mon.0 v2:172.21.15.90:3300/0 2 ==== config(25 keys) v1 ==== 1036+0+0 (secure 0 0 0) 0x7ff1740328b0 con 0x7ff184104ae0
2024-09-13T15:25:22.578 INFO:teuthology.orchestra.run.smithi090.stdout:/usr/bin/ceph: stderr
2024-09-13T15:25:21.250+0000 7ff182ffd640 1 -- 172.21.15.90:0/2861867612 <== mon.0 v2:172.21.15.90:3300/0 3 ==== mon_map magic: 0 v1 ==== 229+0+0 (secure 0 0 0) 0x7ff1740307a0 con 0x7ff184104ae0
2024-09-13T15:25:22.578 INFO:teuthology.orchestra.run.smithi090.stdout:/usr/bin/ceph: stderr
2024-09-13T15:25:21.250+0000 7ff18a8b0640 1 -- 172.21.15.90:0/2861867612 >> [v2:172.21.15.90:3300/0,v1:172.21.15.90:6789/0] conn(0x7ff184104ae0 msgr2=0x7ff184104ee0 secure :-1 s=STATE_CONNECTION_ESTABLISHED l=1).mark_down
2024-09-13T15:25:22.578 INFO:teuthology.orchestra.run.smithi090.stdout:/usr/bin/ceph: stderr
2024-09-13T15:25:21.250+0000 7ff18a8b0640 1 --2- 172.21.15.90:0/2861867612 >> [v2:172.21.15.90:3300/0,v1:172.21.15.90:6789/0] conn(0x7ff184104ae0 0x7ff184104ee0 secure :-1 s=READY pgs=20 cs=0 l=1 rev1=1 crypto rx=0x7ff174009820 tx=0x7ff17402a270 comp rx=0 tx=0).stop
2024-09-13T15:25:22.578 INFO:teuthology.orchestra.run.smithi090.stdout:/usr/bin/ceph: stderr
2024-09-13T15:25:21.250+0000 7ff18a8b0640 1 -- 172.21.15.90:0/2861867612 shutdown_connections
2024-09-13T15:25:22.578 INFO:teuthology.orchestra.run.smithi090.stdout:/usr/bin/ceph: stderr
2024-09-13T15:25:21.251+0000 7ff18a8b0640 1 --2- 172.21.15.90:0/2861867612 >> [v2:172.21.15.90:3300/0,v1:172.21.15.90:6789/0] conn(0x7ff184104ae0 0x7ff184104ee0 unknown :-1 s=CLOSED pgs=20 cs=0 l=1 rev1=1 crypto rx=0 tx=0 comp rx=0 tx=0).stop
2024-09-13T15:25:22.578 INFO:teuthology.orchestra.run.smithi090.stdout:/usr/bin/ceph: stderr
2024-09-13T15:25:21.251+0000 7ff18a8b0640 1 -- 172.21.15.90:0/2861867612 >> 172.21.15.90:0/2861867612 conn(0x7ff1841002b0 msgr2=0x7ff1841026d0 unknown :-1 s=STATE_NONE l=0).mark_down
2024-09-13T15:25:22.578 INFO:teuthology.orchestra.run.smithi090.stdout:/usr/bin/ceph: stderr
2024-09-13T15:25:21.251+0000 7ff18a8b0640 1 -- 172.21.15.90:0/2861867612 shutdown_connections
2024-09-13T15:25:22.578 INFO:teuthology.orchestra.run.smithi090.stdout:/usr/bin/ceph: stderr
2024-09-13T15:25:21.251+0000 7ff18a8b0640 1 -- 172.21.15.90:0/2861867612 wait complete.
2024-09-13T15:25:22.578 INFO:teuthology.orchestra.run.smithi090.stdout:/usr/bin/ceph: stderr
2024-09-13T15:25:21.251+0000 7ff18a8b0640 1 Processor -- start
2024-09-13T15:25:22.578 INFO:teuthology.orchestra.run.smithi090.stdout:/usr/bin/ceph: stderr
2024-09-13T15:25:21.251+0000 7ff18a8b0640 1 -- start start
2024-09-13T15:25:22.578 INFO:teuthology.orchestra.run.smithi090.stdout:/usr/bin/ceph: stderr
2024-09-13T15:25:21.251+0000 7ff18a8b0640 1 --2- >> [v2:172.21.15.90:3300/0,v1:172.21.15.90:6789/0] conn(0x7ff184104ae0 0x7ff184079b70 unknown :-1 s=NONE pgs=0 cs=0 l=1 rev1=0 crypto rx=0 tx=0 comp rx=0 tx=0).connect
2024-09-13T15:25:22.578 INFO:teuthology.orchestra.run.smithi090.stdout:/usr/bin/ceph: stderr
2024-09-13T15:25:21.251+0000 7ff18a8b0640 1 -- --> [v2:172.21.15.90:3300/0,v1:172.21.15.90:6789/0] -- mon_getmap magic: 0 v1 -- 0x7ff18407a0b0 con 0x7ff184104ae0
2024-09-13T15:25:22.579 INFO:teuthology.orchestra.run.smithi090.stdout:/usr/bin/ceph: stderr
2024-09-13T15:25:21.252+0000 7ff183fff640 1 --2- >> [v2:172.21.15.90:3300/0,v1:172.21.15.90:6789/0] conn(0x7ff184104ae0 0x7ff184079b70 unknown :-1 s=BANNER_CONNECTING pgs=0 cs=0 l=1 rev1=0 crypto rx=0 tx=0 comp rx=0 tx=0)._handle_peer_banner_payload supported=3 required=0
2024-09-13T15:25:22.579 INFO:teuthology.orchestra.run.smithi090.stdout:/usr/bin/ceph: stderr
2024-09-13T15:25:21.252+0000 7ff183fff640 1 --2- >> [v2:172.21.15.90:3300/0,v1:172.21.15.90:6789/0] conn(0x7ff184104ae0 0x7ff184079b70 unknown :-1 s=HELLO_CONNECTING pgs=0 cs=0 l=1 rev1=1 crypto rx=0 tx=0 comp rx=0 tx=0).handle_hello peer v2:172.21.15.90:3300/0 says I am v2:172.21.15.90:41246/0 (socket says 172.21.15.90:41246)
2024-09-13T15:25:22.579 INFO:teuthology.orchestra.run.smithi090.stdout:/usr/bin/ceph: stderr
2024-09-13T15:25:21.252+0000 7ff183fff640 1 -- 172.21.15.90:0/4246705775 learned_addr learned my addr 172.21.15.90:0/4246705775 (peer_addr_for_me v2:172.21.15.90:0/0)
2024-09-13T15:25:22.579 INFO:teuthology.orchestra.run.smithi090.stdout:/usr/bin/ceph: stderr
2024-09-13T15:25:21.252+0000 7ff183fff640 1 -- 172.21.15.90:0/4246705775 --> [v2:172.21.15.90:3300/0,v1:172.21.15.90:6789/0] -- mon_subscribe({config=0+,monmap=0+}) v3 -- 0x7ff1740094d0 con 0x7ff184104ae0
2024-09-13T15:25:22.579 INFO:teuthology.orchestra.run.smithi090.stdout:/usr/bin/ceph: stderr
2024-09-13T15:25:21.252+0000 7ff183fff640 1 --2- 172.21.15.90:0/4246705775 >> [v2:172.21.15.90:3300/0,v1:172.21.15.90:6789/0] conn(0x7ff184104ae0 0x7ff184079b70 secure :-1 s=READY pgs=21 cs=0 l=1 rev1=1 crypto rx=0x7ff174030490 tx=0x7ff174032840 comp rx=0 tx=0).ready entity=mon.0 client_cookie=0 server_cookie=0 in_seq=0 out_seq=0
2024-09-13T15:25:22.579 INFO:teuthology.orchestra.run.smithi090.stdout:/usr/bin/ceph: stderr
2024-09-13T15:25:21.252+0000 7ff1817fa640 1 -- 172.21.15.90:0/4246705775 <== mon.0 v2:172.21.15.90:3300/0 1 ==== mon_map magic: 0 v1 ==== 229+0+0 (secure 0 0 0) 0x7ff174030e80 con 0x7ff184104ae0
2024-09-13T15:25:22.579 INFO:teuthology.orchestra.run.smithi090.stdout:/usr/bin/ceph: stderr
2024-09-13T15:25:21.252+0000 7ff1817fa640 1 -- 172.21.15.90:0/4246705775 <== mon.0 v2:172.21.15.90:3300/0 2 ==== config(25 keys) v1 ==== 1036+0+0 (secure 0 0 0) 0x7ff174032c30 con 0x7ff184104ae0
2024-09-13T15:25:22.579 INFO:teuthology.orchestra.run.smithi090.stdout:/usr/bin/ceph: stderr
2024-09-13T15:25:21.252+0000 7ff18a8b0640 1 -- 172.21.15.90:0/4246705775 --> [v2:172.21.15.90:3300/0,v1:172.21.15.90:6789/0] -- mon_subscribe({mgrmap=0+}) v3 -- 0x7ff184106b60 con 0x7ff184104ae0
2024-09-13T15:25:22.579 INFO:teuthology.orchestra.run.smithi090.stdout:/usr/bin/ceph: stderr
2024-09-13T15:25:21.252+0000 7ff1817fa640 1 -- 172.21.15.90:0/4246705775 <== mon.0 v2:172.21.15.90:3300/0 3 ==== mon_map magic: 0 v1 ==== 229+0+0 (secure 0 0 0) 0x7ff17403a560 con 0x7ff184104ae0
2024-09-13T15:25:22.579 INFO:teuthology.orchestra.run.smithi090.stdout:/usr/bin/ceph: stderr
2024-09-13T15:25:21.252+0000 7ff18a8b0640 1 -- 172.21.15.90:0/4246705775 --> [v2:172.21.15.90:3300/0,v1:172.21.15.90:6789/0] -- mon_subscribe({osdmap=0}) v3 -- 0x7ff1840784f0 con 0x7ff184104ae0
2024-09-13T15:25:22.579 INFO:teuthology.orchestra.run.smithi090.stdout:/usr/bin/ceph: stderr
2024-09-13T15:25:21.253+0000 7ff1817fa640 1 -- 172.21.15.90:0/4246705775 <== mon.0 v2:172.21.15.90:3300/0 4 ==== mgrmap(e 4) v1 ==== 45545+0+0 (secure 0 0 0) 0x7ff17403a6c0 con 0x7ff184104ae0
2024-09-13T15:25:22.579 INFO:teuthology.orchestra.run.smithi090.stdout:/usr/bin/ceph: stderr
2024-09-13T15:25:21.253+0000 7ff1817fa640 1 --2- 172.21.15.90:0/4246705775 >> [v2:172.21.15.90:6800/1322912193,v1:172.21.15.90:6801/1322912193] conn(0x7ff16c038710 0x7ff16c03abd0 unknown :-1 s=NONE pgs=0 cs=0 l=1 rev1=0 crypto rx=0 tx=0 comp rx=0 tx=0).connect
2024-09-13T15:25:22.579 INFO:teuthology.orchestra.run.smithi090.stdout:/usr/bin/ceph: stderr
2024-09-13T15:25:21.253+0000 7ff1817fa640 1 -- 172.21.15.90:0/4246705775 <== mon.0 v2:172.21.15.90:3300/0 5 ==== osd_map(1..1 src has 1..1) v4 ==== 725+0+0 (secure 0 0 0) 0x7ff17406b550 con 0x7ff184104ae0
2024-09-13T15:25:22.579 INFO:teuthology.orchestra.run.smithi090.stdout:/usr/bin/ceph: stderr
2024-09-13T15:25:21.253+0000 7ff18a8b0640 1 -- 172.21.15.90:0/4246705775 --> [v2:172.21.15.90:3300/0,v1:172.21.15.90:6789/0] -- mon_command({"prefix": "get_command_descriptions"} v 0) v1 -- 0x7ff184108f10 con 0x7ff184104ae0
2024-09-13T15:25:22.580 INFO:teuthology.orchestra.run.smithi090.stdout:/usr/bin/ceph: stderr
2024-09-13T15:25:21.253+0000 7ff1837fe640 1 --2- 172.21.15.90:0/4246705775 >> [v2:172.21.15.90:6800/1322912193,v1:172.21.15.90:6801/1322912193] conn(0x7ff16c038710 0x7ff16c03abd0 unknown :-1 s=BANNER_CONNECTING pgs=0 cs=0 l=1 rev1=0 crypto rx=0 tx=0 comp rx=0 tx=0)._handle_peer_banner_payload supported=3 required=0
2024-09-13T15:25:22.580 INFO:teuthology.orchestra.run.smithi090.stdout:/usr/bin/ceph: stderr
2024-09-13T15:25:21.254+0000 7ff1837fe640 1 --2- 172.21.15.90:0/4246705775 >> [v2:172.21.15.90:6800/1322912193,v1:172.21.15.90:6801/1322912193] conn(0x7ff16c038710 0x7ff16c03abd0 secure :-1 s=READY pgs=8 cs=0 l=1 rev1=1 crypto rx=0x7ff1780098c0 tx=0x7ff178006db0 comp rx=0 tx=0).ready entity=mgr.14100 client_cookie=0 server_cookie=0 in_seq=0 out_seq=0
2024-09-13T15:25:22.580 INFO:teuthology.orchestra.run.smithi090.stdout:/usr/bin/ceph: stderr
2024-09-13T15:25:21.258+0000 7ff1817fa640 1 -- 172.21.15.90:0/4246705775 <== mon.0 v2:172.21.15.90:3300/0 6 ==== mon_command_ack([{"prefix": "get_command_descriptions"}]=0 v0) v1 ==== 72+0+183819 (secure 0 0 0) 0x7ff174046460 con 0x7ff184104ae0
2024-09-13T15:25:22.580 INFO:teuthology.orchestra.run.smithi090.stdout:/usr/bin/ceph: stderr
2024-09-13T15:25:21.462+0000 7ff18a8b0640 1 -- 172.21.15.90:0/4246705775 --> [v2:172.21.15.90:3300/0,v1:172.21.15.90:6789/0] -- mon_command({"prefix": "mgr module enable", "module": "cephadm"} v 0) v1 -- 0x7ff184078730 con 0x7ff184104ae0
2024-09-13T15:25:22.580 INFO:teuthology.orchestra.run.smithi090.stdout:/usr/bin/ceph: stderr
2024-09-13T15:25:21.928+0000 7ff1817fa640 1 -- 172.21.15.90:0/4246705775 <== mon.0 v2:172.21.15.90:3300/0 7 ==== mgrmap(e 5) v1 ==== 45556+0+0 (secure 0 0 0) 0x7ff174041cc0 con 0x7ff184104ae0
2024-09-13T15:25:22.580 INFO:teuthology.orchestra.run.smithi090.stdout:/usr/bin/ceph: stderr
2024-09-13T15:25:21.929+0000 7ff1817fa640 1 -- 172.21.15.90:0/4246705775 <== mon.0 v2:172.21.15.90:3300/0 8 ==== mon_command_ack([{"prefix": "mgr module enable", "module": "cephadm"}]=0 v5) v1 ==== 86+0+0 (secure 0 0 0) 0x7ff17406b2b0 con 0x7ff184104ae0
2024-09-13T15:25:22.580 INFO:teuthology.orchestra.run.smithi090.stdout:/usr/bin/ceph: stderr
2024-09-13T15:25:21.931+0000 7ff18a8b0640 1 -- 172.21.15.90:0/4246705775 >> [v2:172.21.15.90:6800/1322912193,v1:172.21.15.90:6801/1322912193] conn(0x7ff16c038710 msgr2=0x7ff16c03abd0 secure :-1 s=STATE_CONNECTION_ESTABLISHED l=1).mark_down
2024-09-13T15:25:22.580 INFO:teuthology.orchestra.run.smithi090.stdout:/usr/bin/ceph: stderr
2024-09-13T15:25:21.931+0000 7ff18a8b0640 1 --2- 172.21.15.90:0/4246705775 >> [v2:172.21.15.90:6800/1322912193,v1:172.21.15.90:6801/1322912193] conn(0x7ff16c038710 0x7ff16c03abd0 secure :-1 s=READY pgs=8 cs=0 l=1 rev1=1 crypto rx=0x7ff1780098c0 tx=0x7ff178006db0 comp rx=0 tx=0).stop
2024-09-13T15:25:22.580 INFO:teuthology.orchestra.run.smithi090.stdout:/usr/bin/ceph: stderr
2024-09-13T15:25:21.931+0000 7ff18a8b0640 1 -- 172.21.15.90:0/4246705775 >> [v2:172.21.15.90:3300/0,v1:172.21.15.90:6789/0] conn(0x7ff184104ae0 msgr2=0x7ff184079b70 secure :-1 s=STATE_CONNECTION_ESTABLISHED l=1).mark_down
2024-09-13T15:25:22.580 INFO:teuthology.orchestra.run.smithi090.stdout:/usr/bin/ceph: stderr
2024-09-13T15:25:21.931+0000 7ff18a8b0640 1 --2- 172.21.15.90:0/4246705775 >> [v2:172.21.15.90:3300/0,v1:172.21.15.90:6789/0] conn(0x7ff184104ae0 0x7ff184079b70 secure :-1 s=READY pgs=21 cs=0 l=1 rev1=1 crypto rx=0x7ff174030490 tx=0x7ff174032840 comp rx=0 tx=0).stop
2024-09-13T15:25:22.580 INFO:teuthology.orchestra.run.smithi090.stdout:/usr/bin/ceph: stderr
2024-09-13T15:25:21.931+0000 7ff18a8b0640 1 -- 172.21.15.90:0/4246705775 shutdown_connections
2024-09-13T15:25:22.581 INFO:teuthology.orchestra.run.smithi090.stdout:/usr/bin/ceph: stderr
2024-09-13T15:25:21.931+0000 7ff18a8b0640 1 --2- 172.21.15.90:0/4246705775 >> [v2:172.21.15.90:6800/1322912193,v1:172.21.15.90:6801/1322912193] conn(0x7ff16c038710 0x7ff16c03abd0 unknown :-1 s=CLOSED pgs=8 cs=0 l=1 rev1=1 crypto rx=0 tx=0 comp rx=0 tx=0).stop
2024-09-13T15:25:22.581 INFO:teuthology.orchestra.run.smithi090.stdout:/usr/bin/ceph: stderr
2024-09-13T15:25:21.931+0000 7ff18a8b0640 1 --2- 172.21.15.90:0/4246705775 >> [v2:172.21.15.90:3300/0,v1:172.21.15.90:6789/0] conn(0x7ff184104ae0 0x7ff184079b70 unknown :-1 s=CLOSED pgs=21 cs=0 l=1 rev1=1 crypto rx=0 tx=0 comp rx=0 tx=0).stop
2024-09-13T15:25:22.581 INFO:teuthology.orchestra.run.smithi090.stdout:/usr/bin/ceph: stderr
2024-09-13T15:25:21.931+0000 7ff18a8b0640 1 -- 172.21.15.90:0/4246705775 >> 172.21.15.90:0/4246705775 conn(0x7ff1841002b0 msgr2=0x7ff184100da0 unknown :-1 s=STATE_NONE l=0).mark_down
2024-09-13T15:25:22.581 INFO:teuthology.orchestra.run.smithi090.stdout:/usr/bin/ceph: stderr
2024-09-13T15:25:21.931+0000 7ff18a8b0640 1 -- 172.21.15.90:0/4246705775 shutdown_connections
2024-09-13T15:25:22.581 INFO:teuthology.orchestra.run.smithi090.stdout:/usr/bin/ceph: stderr
2024-09-13T15:25:21.931+0000 7ff18a8b0640 1 -- 172.21.15.90:0/4246705775 wait complete.
2024-09-13T15:25:23.172 INFO:journalctl@ceph.mon.smithi090.smithi090.stdout:Sep 13 15:25:22 smithi090 ceph-mon[27811]: from='client.? 172.21.15.90:0/4246705775' entity='client.admin' cmd='[{"prefix": "mgr module enable", "module": "cephadm"}]': finished
2024-09-13T15:25:23.172 INFO:journalctl@ceph.mon.smithi090.smithi090.stdout:Sep 13 15:25:22 smithi090 ceph-mon[27811]: mgrmap e5: smithi090.fyvvpd(active, since 5s)
2024-09-13T15:25:24.251 INFO:journalctl@ceph.mon.smithi090.smithi090.stdout:Sep 13 15:25:23 smithi090 ceph-mon[27811]: from='client.? 172.21.15.90:0/734275692' entity='client.admin' cmd=[{"prefix": "mgr stat"}]: dispatch
2024-09-13T15:25:27.001 INFO:journalctl@ceph.mon.smithi090.smithi090.stdout:Sep 13 15:25:26 smithi090 ceph-mon[27811]: Active manager daemon smithi090.fyvvpd restarted
2024-09-13T15:25:27.001 INFO:journalctl@ceph.mon.smithi090.smithi090.stdout:Sep 13 15:25:26 smithi090 ceph-mon[27811]: Activating manager daemon smithi090.fyvvpd
2024-09-13T15:25:27.002 INFO:journalctl@ceph.mon.smithi090.smithi090.stdout:Sep 13 15:25:26 smithi090 ceph-mon[27811]: osdmap e2: 0 total, 0 up, 0 in
2024-09-13T15:25:27.002 INFO:journalctl@ceph.mon.smithi090.smithi090.stdout:Sep 13 15:25:26 smithi090 ceph-mon[27811]: mgrmap e6: smithi090.fyvvpd(active, starting, since 0.00314785s)
2024-09-13T15:25:27.002 INFO:journalctl@ceph.mon.smithi090.smithi090.stdout:Sep 13 15:25:26 smithi090 ceph-mon[27811]: from='mgr.14118 172.21.15.90:0/472571064' entity='mgr.smithi090.fyvvpd' cmd=[{"prefix": "mon metadata", "id": "smithi090"}]: dispatch
2024-09-13T15:25:27.002 INFO:journalctl@ceph.mon.smithi090.smithi090.stdout:Sep 13 15:25:26 smithi090 ceph-mon[27811]: from='mgr.14118 172.21.15.90:0/472571064' entity='mgr.smithi090.fyvvpd' cmd=[{"prefix": "mgr metadata", "who": "smithi090.fyvvpd", "id": "smithi090.fyvvpd"}]: dispatch
2024-09-13T15:25:27.002 INFO:journalctl@ceph.mon.smithi090.smithi090.stdout:Sep 13 15:25:26 smithi090 ceph-mon[27811]: from='mgr.14118 172.21.15.90:0/472571064' entity='mgr.smithi090.fyvvpd' cmd=[{"prefix": "mds metadata"}]: dispatch
2024-09-13T15:25:27.002 INFO:journalctl@ceph.mon.smithi090.smithi090.stdout:Sep 13 15:25:26 smithi090 ceph-mon[27811]: from='mgr.14118 172.21.15.90:0/472571064' entity='mgr.smithi090.fyvvpd' cmd=[{"prefix": "osd metadata"}]: dispatch
2024-09-13T15:25:27.002 INFO:journalctl@ceph.mon.smithi090.smithi090.stdout:Sep 13 15:25:26 smithi090 ceph-mon[27811]: from='mgr.14118 172.21.15.90:0/472571064' entity='mgr.smithi090.fyvvpd' cmd=[{"prefix": "mon metadata"}]: dispatch
2024-09-13T15:25:27.002 INFO:journalctl@ceph.mon.smithi090.smithi090.stdout:Sep 13 15:25:26 smithi090 ceph-mon[27811]: Manager daemon smithi090.fyvvpd is now available
2024-09-13T15:25:27.002 INFO:journalctl@ceph.mon.smithi090.smithi090.stdout:Sep 13 15:25:26 smithi090 ceph-mon[27811]: from='mgr.14118 172.21.15.90:0/472571064' entity='mgr.smithi090.fyvvpd'
2024-09-13T15:25:27.002 INFO:journalctl@ceph.mon.smithi090.smithi090.stdout:Sep 13 15:25:26 smithi090 ceph-mon[27811]: from='mgr.14118 172.21.15.90:0/472571064' entity='mgr.smithi090.fyvvpd'
2024-09-13T15:25:27.002 INFO:journalctl@ceph.mon.smithi090.smithi090.stdout:Sep 13 15:25:26 smithi090 ceph-mon[27811]: from='mgr.14118 172.21.15.90:0/472571064' entity='mgr.smithi090.fyvvpd' cmd=[{"prefix": "config dump", "format": "json"}]: dispatch
2024-09-13T15:25:27.002 INFO:journalctl@ceph.mon.smithi090.smithi090.stdout:Sep 13 15:25:26 smithi090 ceph-mon[27811]: from='mgr.14118 172.21.15.90:0/472571064' entity='mgr.smithi090.fyvvpd' cmd=[{"prefix": "config dump", "format": "json"}]: dispatch
2024-09-13T15:25:27.002 INFO:journalctl@ceph.mon.smithi090.smithi090.stdout:Sep 13 15:25:26 smithi090 ceph-mon[27811]: from='mgr.14118 172.21.15.90:0/472571064' entity='mgr.smithi090.fyvvpd' cmd=[{"prefix":"config rm","who":"mgr","name":"mgr/rbd_support/smithi090.fyvvpd/mirror_snapshot_schedule"}]: dispatch
2024-09-13T15:25:27.003 INFO:journalctl@ceph.mon.smithi090.smithi090.stdout:Sep 13 15:25:26 smithi090 ceph-mon[27811]: from='mgr.14118 172.21.15.90:0/472571064' entity='mgr.smithi090.fyvvpd' cmd=[{"prefix":"config rm","who":"mgr","name":"mgr/rbd_support/smithi090.fyvvpd/trash_purge_schedule"}]: dispatch
2024-09-13T15:25:28.251 INFO:journalctl@ceph.mon.smithi090.smithi090.stdout:Sep 13 15:25:27 smithi090 ceph-mon[27811]: Found migration_current of "None". Setting to last migration.
2024-09-13T15:25:28.251 INFO:journalctl@ceph.mon.smithi090.smithi090.stdout:Sep 13 15:25:27 smithi090 ceph-mon[27811]: from='mgr.14118 172.21.15.90:0/472571064' entity='mgr.smithi090.fyvvpd'
2024-09-13T15:25:28.251 INFO:journalctl@ceph.mon.smithi090.smithi090.stdout:Sep 13 15:25:27 smithi090 ceph-mon[27811]: from='mgr.14118 172.21.15.90:0/472571064' entity='mgr.smithi090.fyvvpd'
2024-09-13T15:25:28.251 INFO:journalctl@ceph.mon.smithi090.smithi090.stdout:Sep 13 15:25:27 smithi090 ceph-mon[27811]: mgrmap e7: smithi090.fyvvpd(active, since 1.00471s)
2024-09-13T15:25:29.001 INFO:journalctl@ceph.mon.smithi090.smithi090.stdout:Sep 13 15:25:28 smithi090 ceph-mon[27811]: from='mgr.14118 172.21.15.90:0/472571064' entity='mgr.smithi090.fyvvpd' cmd=[{"prefix": "config dump", "format": "json"}]: dispatch
2024-09-13T15:25:29.021 INFO:teuthology.orchestra.run.smithi090.stdout:/usr/bin/ceph: stdout {
2024-09-13T15:25:29.021 INFO:teuthology.orchestra.run.smithi090.stdout:/usr/bin/ceph: stdout "epoch": 5,
2024-09-13T15:25:29.021 INFO:teuthology.orchestra.run.smithi090.stdout:/usr/bin/ceph: stdout "available": true,
2024-09-13T15:25:29.021 INFO:teuthology.orchestra.run.smithi090.stdout:/usr/bin/ceph: stdout "active_name": "smithi090.fyvvpd",
2024-09-13T15:25:29.021 INFO:teuthology.orchestra.run.smithi090.stdout:/usr/bin/ceph: stdout "num_standby": 0
2024-09-13T15:25:29.021 INFO:teuthology.orchestra.run.smithi090.stdout:/usr/bin/ceph: stdout }
2024-09-13T15:25:29.021 INFO:teuthology.orchestra.run.smithi090.stdout:/usr/bin/ceph: stderr
2024-09-13T15:25:22.964+0000 7f774239f640 1 Processor -- start
2024-09-13T15:25:29.021 INFO:teuthology.orchestra.run.smithi090.stdout:/usr/bin/ceph: stderr
2024-09-13T15:25:22.964+0000 7f774239f640 1 -- start start
2024-09-13T15:25:29.022 INFO:teuthology.orchestra.run.smithi090.stdout:/usr/bin/ceph: stderr
