2024-09-13T15:26:09.876 INFO:teuthology.orchestra.run.smithi090.stdout:/usr/bin/ceph: stderr
2024-09-13T15:26:09.020+0000 7fd59c855640 1 --2- >> [v2:172.21.15.90:3300/0,v1:172.21.15.90:6789/0] conn(0x7fd598105590 0x7fd598198730 unknown :-1 s=BANNER_CONNECTING pgs=0 cs=0 l=1 rev1=0 crypto rx=0 tx=0 comp rx=0 tx=0)._handle_peer_banner_payload supported=3 required=0
2024-09-13T15:26:09.877 INFO:teuthology.orchestra.run.smithi090.stdout:/usr/bin/ceph: stderr
2024-09-13T15:26:09.020+0000 7fd59c855640 1 --2- >> [v2:172.21.15.90:3300/0,v1:172.21.15.90:6789/0] conn(0x7fd598105590 0x7fd598198730 unknown :-1 s=HELLO_CONNECTING pgs=0 cs=0 l=1 rev1=1 crypto rx=0 tx=0 comp rx=0 tx=0).handle_hello peer v2:172.21.15.90:3300/0 says I am v2:172.21.15.90:47258/0 (socket says 172.21.15.90:47258)
2024-09-13T15:26:09.877 INFO:teuthology.orchestra.run.smithi090.stdout:/usr/bin/ceph: stderr
2024-09-13T15:26:09.020+0000 7fd59c855640 1 -- 172.21.15.90:0/1620492820 learned_addr learned my addr 172.21.15.90:0/1620492820 (peer_addr_for_me v2:172.21.15.90:0/0)
2024-09-13T15:26:09.877 INFO:teuthology.orchestra.run.smithi090.stdout:/usr/bin/ceph: stderr
2024-09-13T15:26:09.020+0000 7fd59c855640 1 -- 172.21.15.90:0/1620492820 --> [v2:172.21.15.90:3300/0,v1:172.21.15.90:6789/0] -- mon_subscribe({config=0+,monmap=0+}) v3 -- 0x7fd58c0094d0 con 0x7fd598105590
2024-09-13T15:26:09.877 INFO:teuthology.orchestra.run.smithi090.stdout:/usr/bin/ceph: stderr
2024-09-13T15:26:09.020+0000 7fd59c855640 1 --2- 172.21.15.90:0/1620492820 >> [v2:172.21.15.90:3300/0,v1:172.21.15.90:6789/0] conn(0x7fd598105590 0x7fd598198730 secure :-1 s=READY pgs=81 cs=0 l=1 rev1=1 crypto rx=0x7fd58c032d40 tx=0x7fd58c032d70 comp rx=0 tx=0).ready entity=mon.0 client_cookie=0 server_cookie=0 in_seq=0 out_seq=0
2024-09-13T15:26:09.877 INFO:teuthology.orchestra.run.smithi090.stdout:/usr/bin/ceph: stderr
2024-09-13T15:26:09.020+0000 7fd595ffb640 1 -- 172.21.15.90:0/1620492820 <== mon.0 v2:172.21.15.90:3300/0 1 ==== mon_map magic: 0 v1 ==== 229+0+0 (secure 0 0 0) 0x7fd58c030c10 con 0x7fd598105590
2024-09-13T15:26:09.877 INFO:teuthology.orchestra.run.smithi090.stdout:/usr/bin/ceph: stderr
2024-09-13T15:26:09.020+0000 7fd595ffb640 1 -- 172.21.15.90:0/1620492820 <== mon.0 v2:172.21.15.90:3300/0 2 ==== config(25 keys) v1 ==== 1067+0+0 (secure 0 0 0) 0x7fd58c030d70 con 0x7fd598105590
2024-09-13T15:26:09.877 INFO:teuthology.orchestra.run.smithi090.stdout:/usr/bin/ceph: stderr
2024-09-13T15:26:09.020+0000 7fd59eab9640 1 -- 172.21.15.90:0/1620492820 --> [v2:172.21.15.90:3300/0,v1:172.21.15.90:6789/0] -- mon_subscribe({mgrmap=0+}) v3 -- 0x7fd598198e70 con 0x7fd598105590
2024-09-13T15:26:09.877 INFO:teuthology.orchestra.run.smithi090.stdout:/usr/bin/ceph: stderr
2024-09-13T15:26:09.020+0000 7fd595ffb640 1 -- 172.21.15.90:0/1620492820 <== mon.0 v2:172.21.15.90:3300/0 3 ==== mon_map magic: 0 v1 ==== 229+0+0 (secure 0 0 0) 0x7fd58c03a520 con 0x7fd598105590
2024-09-13T15:26:09.877 INFO:teuthology.orchestra.run.smithi090.stdout:/usr/bin/ceph: stderr
2024-09-13T15:26:09.021+0000 7fd59eab9640 1 -- 172.21.15.90:0/1620492820 --> [v2:172.21.15.90:3300/0,v1:172.21.15.90:6789/0] -- mon_subscribe({osdmap=0}) v3 -- 0x7fd598199310 con 0x7fd598105590
2024-09-13T15:26:09.877 INFO:teuthology.orchestra.run.smithi090.stdout:/usr/bin/ceph: stderr
2024-09-13T15:26:09.021+0000 7fd595ffb640 1 -- 172.21.15.90:0/1620492820 <== mon.0 v2:172.21.15.90:3300/0 4 ==== mgrmap(e 11) v1 ==== 45463+0+0 (secure 0 0 0) 0x7fd58c03a7e0 con 0x7fd598105590
2024-09-13T15:26:09.877 INFO:teuthology.orchestra.run.smithi090.stdout:/usr/bin/ceph: stderr
2024-09-13T15:26:09.022+0000 7fd59eab9640 1 -- 172.21.15.90:0/1620492820 --> [v2:172.21.15.90:3300/0,v1:172.21.15.90:6789/0] -- mon_command({"prefix": "get_command_descriptions"} v 0) v1 -- 0x7fd598108c60 con 0x7fd598105590
2024-09-13T15:26:09.877 INFO:teuthology.orchestra.run.smithi090.stdout:/usr/bin/ceph: stderr
2024-09-13T15:26:09.022+0000 7fd595ffb640 1 --2- 172.21.15.90:0/1620492820 >> [v2:172.21.15.90:6800/3319538530,v1:172.21.15.90:6801/3319538530] conn(0x7fd5880385f0 0x7fd58803aab0 unknown :-1 s=NONE pgs=0 cs=0 l=1 rev1=0 crypto rx=0 tx=0 comp rx=0 tx=0).connect
2024-09-13T15:26:09.877 INFO:teuthology.orchestra.run.smithi090.stdout:/usr/bin/ceph: stderr
2024-09-13T15:26:09.022+0000 7fd595ffb640 1 -- 172.21.15.90:0/1620492820 <== mon.0 v2:172.21.15.90:3300/0 5 ==== osd_map(3..3 src has 1..3) v4 ==== 1155+0+0 (secure 0 0 0) 0x7fd58c06c820 con 0x7fd598105590
2024-09-13T15:26:09.878 INFO:teuthology.orchestra.run.smithi090.stdout:/usr/bin/ceph: stderr
2024-09-13T15:26:09.022+0000 7fd597fff640 1 --2- 172.21.15.90:0/1620492820 >> [v2:172.21.15.90:6800/3319538530,v1:172.21.15.90:6801/3319538530] conn(0x7fd5880385f0 0x7fd58803aab0 unknown :-1 s=BANNER_CONNECTING pgs=0 cs=0 l=1 rev1=0 crypto rx=0 tx=0 comp rx=0 tx=0)._handle_peer_banner_payload supported=3 required=0
2024-09-13T15:26:09.878 INFO:teuthology.orchestra.run.smithi090.stdout:/usr/bin/ceph: stderr
2024-09-13T15:26:09.022+0000 7fd597fff640 1 --2- 172.21.15.90:0/1620492820 >> [v2:172.21.15.90:6800/3319538530,v1:172.21.15.90:6801/3319538530] conn(0x7fd5880385f0 0x7fd58803aab0 secure :-1 s=READY pgs=7 cs=0 l=1 rev1=1 crypto rx=0x7fd5840098c0 tx=0x7fd584006db0 comp rx=0 tx=0).ready entity=mgr.14162 client_cookie=0 server_cookie=0 in_seq=0 out_seq=0
2024-09-13T15:26:09.878 INFO:teuthology.orchestra.run.smithi090.stdout:/usr/bin/ceph: stderr
2024-09-13T15:26:09.030+0000 7fd595ffb640 1 -- 172.21.15.90:0/1620492820 <== mon.0 v2:172.21.15.90:3300/0 6 ==== mon_command_ack([{"prefix": "get_command_descriptions"}]=0 v0) v1 ==== 72+0+183819 (secure 0 0 0) 0x7fd58c043310 con 0x7fd598105590
2024-09-13T15:26:09.878 INFO:teuthology.orchestra.run.smithi090.stdout:/usr/bin/ceph: stderr
2024-09-13T15:26:09.217+0000 7fd59eab9640 1 -- 172.21.15.90:0/1620492820 --> [v2:172.21.15.90:6800/3319538530,v1:172.21.15.90:6801/3319538530] -- mgr_command(tid 0: {"prefix": "dashboard create-self-signed-cert", "target": ["mon-mgr", ""]}) v1 -- 0x7fd598100450 con 0x7fd5880385f0
2024-09-13T15:26:09.878 INFO:teuthology.orchestra.run.smithi090.stdout:/usr/bin/ceph: stderr
2024-09-13T15:26:09.320+0000 7fd595ffb640 1 -- 172.21.15.90:0/1620492820 <== mgr.14162 v2:172.21.15.90:6800/3319538530 1 ==== mgr_command_reply(tid 0: 0 ) v1 ==== 8+0+32 (secure 0 0 0) 0x7fd598100450 con 0x7fd5880385f0
2024-09-13T15:26:09.878 INFO:teuthology.orchestra.run.smithi090.stdout:/usr/bin/ceph: stderr
2024-09-13T15:26:09.322+0000 7fd59eab9640 1 -- 172.21.15.90:0/1620492820 >> [v2:172.21.15.90:6800/3319538530,v1:172.21.15.90:6801/3319538530] conn(0x7fd5880385f0 msgr2=0x7fd58803aab0 secure :-1 s=STATE_CONNECTION_ESTABLISHED l=1).mark_down
2024-09-13T15:26:09.878 INFO:teuthology.orchestra.run.smithi090.stdout:/usr/bin/ceph: stderr
2024-09-13T15:26:09.322+0000 7fd59eab9640 1 --2- 172.21.15.90:0/1620492820 >> [v2:172.21.15.90:6800/3319538530,v1:172.21.15.90:6801/3319538530] conn(0x7fd5880385f0 0x7fd58803aab0 secure :-1 s=READY pgs=7 cs=0 l=1 rev1=1 crypto rx=0x7fd5840098c0 tx=0x7fd584006db0 comp rx=0 tx=0).stop
2024-09-13T15:26:09.878 INFO:teuthology.orchestra.run.smithi090.stdout:/usr/bin/ceph: stderr
2024-09-13T15:26:09.322+0000 7fd59eab9640 1 -- 172.21.15.90:0/1620492820 >> [v2:172.21.15.90:3300/0,v1:172.21.15.90:6789/0] conn(0x7fd598105590 msgr2=0x7fd598198730 secure :-1 s=STATE_CONNECTION_ESTABLISHED l=1).mark_down
2024-09-13T15:26:09.878 INFO:teuthology.orchestra.run.smithi090.stdout:/usr/bin/ceph: stderr
2024-09-13T15:26:09.322+0000 7fd59eab9640 1 --2- 172.21.15.90:0/1620492820 >> [v2:172.21.15.90:3300/0,v1:172.21.15.90:6789/0] conn(0x7fd598105590 0x7fd598198730 secure :-1 s=READY pgs=81 cs=0 l=1 rev1=1 crypto rx=0x7fd58c032d40 tx=0x7fd58c032d70 comp rx=0 tx=0).stop
2024-09-13T15:26:09.878 INFO:teuthology.orchestra.run.smithi090.stdout:/usr/bin/ceph: stderr
2024-09-13T15:26:09.322+0000 7fd59eab9640 1 -- 172.21.15.90:0/1620492820 shutdown_connections
2024-09-13T15:26:09.878 INFO:teuthology.orchestra.run.smithi090.stdout:/usr/bin/ceph: stderr
2024-09-13T15:26:09.322+0000 7fd59eab9640 1 --2- 172.21.15.90:0/1620492820 >> [v2:172.21.15.90:6800/3319538530,v1:172.21.15.90:6801/3319538530] conn(0x7fd5880385f0 0x7fd58803aab0 unknown :-1 s=CLOSED pgs=7 cs=0 l=1 rev1=1 crypto rx=0 tx=0 comp rx=0 tx=0).stop
2024-09-13T15:26:09.878 INFO:teuthology.orchestra.run.smithi090.stdout:/usr/bin/ceph: stderr
2024-09-13T15:26:09.322+0000 7fd59eab9640 1 --2- 172.21.15.90:0/1620492820 >> [v2:172.21.15.90:3300/0,v1:172.21.15.90:6789/0] conn(0x7fd598105590 0x7fd598198730 unknown :-1 s=CLOSED pgs=81 cs=0 l=1 rev1=1 crypto rx=0 tx=0 comp rx=0 tx=0).stop
2024-09-13T15:26:09.878 INFO:teuthology.orchestra.run.smithi090.stdout:/usr/bin/ceph: stderr
2024-09-13T15:26:09.322+0000 7fd59eab9640 1 -- 172.21.15.90:0/1620492820 >> 172.21.15.90:0/1620492820 conn(0x7fd5980ff110 msgr2=0x7fd5980ffd40 unknown :-1 s=STATE_NONE l=0).mark_down
2024-09-13T15:26:09.878 INFO:teuthology.orchestra.run.smithi090.stdout:/usr/bin/ceph: stderr
2024-09-13T15:26:09.322+0000 7fd59eab9640 1 -- 172.21.15.90:0/1620492820 shutdown_connections
2024-09-13T15:26:09.879 INFO:teuthology.orchestra.run.smithi090.stdout:/usr/bin/ceph: stderr
2024-09-13T15:26:09.322+0000 7fd59eab9640 1 -- 172.21.15.90:0/1620492820 wait complete.
2024-09-13T15:26:09.879 INFO:teuthology.orchestra.run.smithi090.stdout:Creating initial admin user...
2024-09-13T15:26:10.416 INFO:journalctl@ceph.mon.smithi090.smithi090.stdout:Sep 13 15:26:10 smithi090 ceph-mon[27811]: [13/Sep/2024:15:26:08] ENGINE Serving on http://172.21.15.90:8765
2024-09-13T15:26:10.416 INFO:journalctl@ceph.mon.smithi090.smithi090.stdout:Sep 13 15:26:10 smithi090 ceph-mon[27811]: [13/Sep/2024:15:26:08] ENGINE Bus STARTED
2024-09-13T15:26:10.416 INFO:journalctl@ceph.mon.smithi090.smithi090.stdout:Sep 13 15:26:10 smithi090 ceph-mon[27811]: from='mgr.14162 172.21.15.90:0/1684508625' entity='mgr.smithi090.fyvvpd'
2024-09-13T15:26:10.416 INFO:journalctl@ceph.mon.smithi090.smithi090.stdout:Sep 13 15:26:10 smithi090 ceph-mon[27811]: from='client.14174 -' entity='client.admin' cmd=[{"prefix": "dashboard create-self-signed-cert", "target": ["mon-mgr", ""]}]: dispatch
2024-09-13T15:26:10.416 INFO:journalctl@ceph.mon.smithi090.smithi090.stdout:Sep 13 15:26:10 smithi090 ceph-mon[27811]: from='mgr.14162 172.21.15.90:0/1684508625' entity='mgr.smithi090.fyvvpd'
2024-09-13T15:26:10.416 INFO:journalctl@ceph.mon.smithi090.smithi090.stdout:Sep 13 15:26:10 smithi090 ceph-mon[27811]: from='mgr.14162 172.21.15.90:0/1684508625' entity='mgr.smithi090.fyvvpd'
2024-09-13T15:26:10.416 INFO:journalctl@ceph.mon.smithi090.smithi090.stdout:Sep 13 15:26:10 smithi090 ceph-mon[27811]: mgrmap e12: smithi090.fyvvpd(active, since 2s)
2024-09-13T15:26:12.167 INFO:teuthology.orchestra.run.smithi090.stdout:/usr/bin/ceph: stdout {"username": "admin", "password": "$2b$12$7uo8A78BL5oGxqtJlH2MOeqNeEGLB.0gZE68Z/WVqnxwGTxWIfhgG", "roles": ["administrator"], "name": null, "email": null, "lastUpdate": 1726241171, "enabled": true, "pwdExpirationDate": null, "pwdUpdateRequired": true}
2024-09-13T15:26:12.167 INFO:teuthology.orchestra.run.smithi090.stdout:/usr/bin/ceph: stderr
2024-09-13T15:26:11.206+0000 7f9239ee2640 1 Processor -- start
2024-09-13T15:26:12.167 INFO:teuthology.orchestra.run.smithi090.stdout:/usr/bin/ceph: stderr
2024-09-13T15:26:11.206+0000 7f9239ee2640 1 -- start start
2024-09-13T15:26:12.167 INFO:teuthology.orchestra.run.smithi090.stdout:/usr/bin/ceph: stderr
2024-09-13T15:26:11.207+0000 7f9239ee2640 1 --2- >> [v2:172.21.15.90:3300/0,v1:172.21.15.90:6789/0] conn(0x7f92341039c0 0x7f9234103dc0 unknown :-1 s=NONE pgs=0 cs=0 l=0 rev1=0 crypto rx=0 tx=0 comp rx=0 tx=0).connect
2024-09-13T15:26:12.167 INFO:teuthology.orchestra.run.smithi090.stdout:/usr/bin/ceph: stderr
2024-09-13T15:26:11.207+0000 7f9239ee2640 1 -- --> [v2:172.21.15.90:3300/0,v1:172.21.15.90:6789/0] -- mon_getmap magic: 0 v1 -- 0x7f9234104390 con 0x7f92341039c0
2024-09-13T15:26:12.168 INFO:teuthology.orchestra.run.smithi090.stdout:/usr/bin/ceph: stderr
2024-09-13T15:26:11.207+0000 7f92337fe640 1 --2- >> [v2:172.21.15.90:3300/0,v1:172.21.15.90:6789/0] conn(0x7f92341039c0 0x7f9234103dc0 unknown :-1 s=BANNER_CONNECTING pgs=0 cs=0 l=0 rev1=0 crypto rx=0 tx=0 comp rx=0 tx=0)._handle_peer_banner_payload supported=3 required=0
2024-09-13T15:26:12.168 INFO:teuthology.orchestra.run.smithi090.stdout:/usr/bin/ceph: stderr
2024-09-13T15:26:11.207+0000 7f92337fe640 1 --2- >> [v2:172.21.15.90:3300/0,v1:172.21.15.90:6789/0] conn(0x7f92341039c0 0x7f9234103dc0 unknown :-1 s=HELLO_CONNECTING pgs=0 cs=0 l=0 rev1=1 crypto rx=0 tx=0 comp rx=0 tx=0).handle_hello peer v2:172.21.15.90:3300/0 says I am v2:172.21.15.90:47262/0 (socket says 172.21.15.90:47262)
2024-09-13T15:26:12.168 INFO:teuthology.orchestra.run.smithi090.stdout:/usr/bin/ceph: stderr
2024-09-13T15:26:11.207+0000 7f92337fe640 1 -- 172.21.15.90:0/1877169027 learned_addr learned my addr 172.21.15.90:0/1877169027 (peer_addr_for_me v2:172.21.15.90:0/0)
2024-09-13T15:26:12.168 INFO:teuthology.orchestra.run.smithi090.stdout:/usr/bin/ceph: stderr
2024-09-13T15:26:11.207+0000 7f92337fe640 1 -- 172.21.15.90:0/1877169027 --> [v2:172.21.15.90:3300/0,v1:172.21.15.90:6789/0] -- mon_subscribe({config=0+,monmap=0+}) v3 -- 0x7f9234104bc0 con 0x7f92341039c0
2024-09-13T15:26:12.168 INFO:teuthology.orchestra.run.smithi090.stdout:/usr/bin/ceph: stderr
2024-09-13T15:26:11.208+0000 7f92337fe640 1 --2- 172.21.15.90:0/1877169027 >> [v2:172.21.15.90:3300/0,v1:172.21.15.90:6789/0] conn(0x7f92341039c0 0x7f9234103dc0 secure :-1 s=READY pgs=82 cs=0 l=1 rev1=1 crypto rx=0x7f9224009e80 tx=0x7f922402a7a0 comp rx=0 tx=0).ready entity=mon.0 client_cookie=3311eb75eeac29cb server_cookie=0 in_seq=0 out_seq=0
2024-09-13T15:26:12.168 INFO:teuthology.orchestra.run.smithi090.stdout:/usr/bin/ceph: stderr
2024-09-13T15:26:11.208+0000 7f92327fc640 1 -- 172.21.15.90:0/1877169027 <== mon.0 v2:172.21.15.90:3300/0 1 ==== mon_map magic: 0 v1 ==== 229+0+0 (secure 0 0 0) 0x7f9224031400 con 0x7f92341039c0
2024-09-13T15:26:12.168 INFO:teuthology.orchestra.run.smithi090.stdout:/usr/bin/ceph: stderr
2024-09-13T15:26:11.208+0000 7f92327fc640 1 -- 172.21.15.90:0/1877169027 <== mon.0 v2:172.21.15.90:3300/0 2 ==== config(25 keys) v1 ==== 1067+0+0 (secure 0 0 0) 0x7f922402d050 con 0x7f92341039c0
2024-09-13T15:26:12.168 INFO:teuthology.orchestra.run.smithi090.stdout:/usr/bin/ceph: stderr
2024-09-13T15:26:11.208+0000 7f92327fc640 1 -- 172.21.15.90:0/1877169027 <== mon.0 v2:172.21.15.90:3300/0 3 ==== mon_map magic: 0 v1 ==== 229+0+0 (secure 0 0 0) 0x7f9224007720 con 0x7f92341039c0
2024-09-13T15:26:12.168 INFO:teuthology.orchestra.run.smithi090.stdout:/usr/bin/ceph: stderr
2024-09-13T15:26:11.209+0000 7f9239ee2640 1 -- 172.21.15.90:0/1877169027 >> [v2:172.21.15.90:3300/0,v1:172.21.15.90:6789/0] conn(0x7f92341039c0 msgr2=0x7f9234103dc0 secure :-1 s=STATE_CONNECTION_ESTABLISHED l=1).mark_down
2024-09-13T15:26:12.168 INFO:teuthology.orchestra.run.smithi090.stdout:/usr/bin/ceph: stderr
2024-09-13T15:26:11.209+0000 7f9239ee2640 1 --2- 172.21.15.90:0/1877169027 >> [v2:172.21.15.90:3300/0,v1:172.21.15.90:6789/0] conn(0x7f92341039c0 0x7f9234103dc0 secure :-1 s=READY pgs=82 cs=0 l=1 rev1=1 crypto rx=0x7f9224009e80 tx=0x7f922402a7a0 comp rx=0 tx=0).stop
2024-09-13T15:26:12.168 INFO:teuthology.orchestra.run.smithi090.stdout:/usr/bin/ceph: stderr
2024-09-13T15:26:11.209+0000 7f9239ee2640 1 -- 172.21.15.90:0/1877169027 shutdown_connections
2024-09-13T15:26:12.168 INFO:teuthology.orchestra.run.smithi090.stdout:/usr/bin/ceph: stderr
2024-09-13T15:26:11.209+0000 7f9239ee2640 1 --2- 172.21.15.90:0/1877169027 >> [v2:172.21.15.90:3300/0,v1:172.21.15.90:6789/0] conn(0x7f92341039c0 0x7f9234103dc0 unknown :-1 s=CLOSED pgs=82 cs=0 l=1 rev1=1 crypto rx=0 tx=0 comp rx=0 tx=0).stop
2024-09-13T15:26:12.168 INFO:teuthology.orchestra.run.smithi090.stdout:/usr/bin/ceph: stderr
2024-09-13T15:26:11.209+0000 7f9239ee2640 1 -- 172.21.15.90:0/1877169027 >> 172.21.15.90:0/1877169027 conn(0x7f92340ff110 msgr2=0x7f9234101590 unknown :-1 s=STATE_NONE l=0).mark_down
2024-09-13T15:26:12.169 INFO:teuthology.orchestra.run.smithi090.stdout:/usr/bin/ceph: stderr
2024-09-13T15:26:11.209+0000 7f9239ee2640 1 -- 172.21.15.90:0/1877169027 shutdown_connections
2024-09-13T15:26:12.169 INFO:teuthology.orchestra.run.smithi090.stdout:/usr/bin/ceph: stderr
2024-09-13T15:26:11.209+0000 7f9239ee2640 1 -- 172.21.15.90:0/1877169027 wait complete.
2024-09-13T15:26:12.169 INFO:teuthology.orchestra.run.smithi090.stdout:/usr/bin/ceph: stderr
2024-09-13T15:26:11.209+0000 7f9239ee2640 1 Processor -- start
2024-09-13T15:26:12.169 INFO:teuthology.orchestra.run.smithi090.stdout:/usr/bin/ceph: stderr
2024-09-13T15:26:11.209+0000 7f9239ee2640 1 -- start start
2024-09-13T15:26:12.169 INFO:teuthology.orchestra.run.smithi090.stdout:/usr/bin/ceph: stderr
2024-09-13T15:26:11.210+0000 7f9239ee2640 1 --2- >> [v2:172.21.15.90:3300/0,v1:172.21.15.90:6789/0] conn(0x7f92341039c0 0x7f9234198770 unknown :-1 s=NONE pgs=0 cs=0 l=1 rev1=0 crypto rx=0 tx=0 comp rx=0 tx=0).connect
2024-09-13T15:26:12.169 INFO:teuthology.orchestra.run.smithi090.stdout:/usr/bin/ceph: stderr
2024-09-13T15:26:11.210+0000 7f9239ee2640 1 -- --> [v2:172.21.15.90:3300/0,v1:172.21.15.90:6789/0] -- mon_getmap magic: 0 v1 -- 0x7f9234198cb0 con 0x7f92341039c0
2024-09-13T15:26:12.169 INFO:teuthology.orchestra.run.smithi090.stdout:/usr/bin/ceph: stderr
2024-09-13T15:26:11.210+0000 7f92337fe640 1 --2- >> [v2:172.21.15.90:3300/0,v1:172.21.15.90:6789/0] conn(0x7f92341039c0 0x7f9234198770 unknown :-1 s=BANNER_CONNECTING pgs=0 cs=0 l=1 rev1=0 crypto rx=0 tx=0 comp rx=0 tx=0)._handle_peer_banner_payload supported=3 required=0
2024-09-13T15:26:12.169 INFO:teuthology.orchestra.run.smithi090.stdout:/usr/bin/ceph: stderr
2024-09-13T15:26:11.210+0000 7f92337fe640 1 --2- >> [v2:172.21.15.90:3300/0,v1:172.21.15.90:6789/0] conn(0x7f92341039c0 0x7f9234198770 unknown :-1 s=HELLO_CONNECTING pgs=0 cs=0 l=1 rev1=1 crypto rx=0 tx=0 comp rx=0 tx=0).handle_hello peer v2:172.21.15.90:3300/0 says I am v2:172.21.15.90:47278/0 (socket says 172.21.15.90:47278)
2024-09-13T15:26:12.169 INFO:teuthology.orchestra.run.smithi090.stdout:/usr/bin/ceph: stderr
2024-09-13T15:26:11.210+0000 7f92337fe640 1 -- 172.21.15.90:0/3613883019 learned_addr learned my addr 172.21.15.90:0/3613883019 (peer_addr_for_me v2:172.21.15.90:0/0)
2024-09-13T15:26:12.169 INFO:teuthology.orchestra.run.smithi090.stdout:/usr/bin/ceph: stderr
2024-09-13T15:26:11.210+0000 7f92337fe640 1 -- 172.21.15.90:0/3613883019 --> [v2:172.21.15.90:3300/0,v1:172.21.15.90:6789/0] -- mon_subscribe({config=0+,monmap=0+}) v3 -- 0x7f9224009b30 con 0x7f92341039c0
2024-09-13T15:26:12.169 INFO:teuthology.orchestra.run.smithi090.stdout:/usr/bin/ceph: stderr
2024-09-13T15:26:11.210+0000 7f92337fe640 1 --2- 172.21.15.90:0/3613883019 >> [v2:172.21.15.90:3300/0,v1:172.21.15.90:6789/0] conn(0x7f92341039c0 0x7f9234198770 secure :-1 s=READY pgs=83 cs=0 l=1 rev1=1 crypto rx=0x7f9224009e50 tx=0x7f9224031630 comp rx=0 tx=0).ready entity=mon.0 client_cookie=0 server_cookie=0 in_seq=0 out_seq=0
2024-09-13T15:26:12.169 INFO:teuthology.orchestra.run.smithi090.stdout:/usr/bin/ceph: stderr
2024-09-13T15:26:11.210+0000 7f9230ff9640 1 -- 172.21.15.90:0/3613883019 <== mon.0 v2:172.21.15.90:3300/0 1 ==== mon_map magic: 0 v1 ==== 229+0+0 (secure 0 0 0) 0x7f9224031a50 con 0x7f92341039c0
2024-09-13T15:26:12.170 INFO:teuthology.orchestra.run.smithi090.stdout:/usr/bin/ceph: stderr
2024-09-13T15:26:11.210+0000 7f9230ff9640 1 -- 172.21.15.90:0/3613883019 <== mon.0 v2:172.21.15.90:3300/0 2 ==== config(25 keys) v1 ==== 1067+0+0 (secure 0 0 0) 0x7f9224031bb0 con 0x7f92341039c0
2024-09-13T15:26:12.170 INFO:teuthology.orchestra.run.smithi090.stdout:/usr/bin/ceph: stderr
2024-09-13T15:26:11.210+0000 7f9230ff9640 1 -- 172.21.15.90:0/3613883019 <== mon.0 v2:172.21.15.90:3300/0 3 ==== mon_map magic: 0 v1 ==== 229+0+0 (secure 0 0 0) 0x7f9224039510 con 0x7f92341039c0
2024-09-13T15:26:12.170 INFO:teuthology.orchestra.run.smithi090.stdout:/usr/bin/ceph: stderr
2024-09-13T15:26:11.210+0000 7f9239ee2640 1 -- 172.21.15.90:0/3613883019 --> [v2:172.21.15.90:3300/0,v1:172.21.15.90:6789/0] -- mon_subscribe({mgrmap=0+}) v3 -- 0x7f9234198eb0 con 0x7f92341039c0
2024-09-13T15:26:12.170 INFO:teuthology.orchestra.run.smithi090.stdout:/usr/bin/ceph: stderr
2024-09-13T15:26:11.210+0000 7f9239ee2640 1 -- 172.21.15.90:0/3613883019 --> [v2:172.21.15.90:3300/0,v1:172.21.15.90:6789/0] -- mon_subscribe({osdmap=0}) v3 -- 0x7f9234199350 con 0x7f92341039c0
2024-09-13T15:26:12.170 INFO:teuthology.orchestra.run.smithi090.stdout:/usr/bin/ceph: stderr
2024-09-13T15:26:11.211+0000 7f9230ff9640 1 -- 172.21.15.90:0/3613883019 <== mon.0 v2:172.21.15.90:3300/0 4 ==== mgrmap(e 12) v1 ==== 45569+0+0 (secure 0 0 0) 0x7f9224038040 con 0x7f92341039c0
2024-09-13T15:26:12.170 INFO:teuthology.orchestra.run.smithi090.stdout:/usr/bin/ceph: stderr
2024-09-13T15:26:11.211+0000 7f9239ee2640 1 -- 172.21.15.90:0/3613883019 --> [v2:172.21.15.90:3300/0,v1:172.21.15.90:6789/0] -- mon_command({"prefix": "get_command_descriptions"} v 0) v1 -- 0x7f92341929d0 con 0x7f92341039c0
2024-09-13T15:26:12.170 INFO:teuthology.orchestra.run.smithi090.stdout:/usr/bin/ceph: stderr
2024-09-13T15:26:11.211+0000 7f9230ff9640 1 --2- 172.21.15.90:0/3613883019 >> [v2:172.21.15.90:6800/3319538530,v1:172.21.15.90:6801/3319538530] conn(0x7f921c038760 0x7f921c03ac20 unknown :-1 s=NONE pgs=0 cs=0 l=1 rev1=0 crypto rx=0 tx=0 comp rx=0 tx=0).connect
2024-09-13T15:26:12.170 INFO:teuthology.orchestra.run.smithi090.stdout:/usr/bin/ceph: stderr
2024-09-13T15:26:11.212+0000 7f9230ff9640 1 -- 172.21.15.90:0/3613883019 <== mon.0 v2:172.21.15.90:3300/0 5 ==== osd_map(3..3 src has 1..3) v4 ==== 1155+0+0 (secure 0 0 0) 0x7f922406bb80 con 0x7f92341039c0
2024-09-13T15:26:12.170 INFO:teuthology.orchestra.run.smithi090.stdout:/usr/bin/ceph: stderr
2024-09-13T15:26:11.212+0000 7f9232ffd640 1 --2- 172.21.15.90:0/3613883019 >> [v2:172.21.15.90:6800/3319538530,v1:172.21.15.90:6801/3319538530] conn(0x7f921c038760 0x7f921c03ac20 unknown :-1 s=BANNER_CONNECTING pgs=0 cs=0 l=1 rev1=0 crypto rx=0 tx=0 comp rx=0 tx=0)._handle_peer_banner_payload supported=3 required=0
2024-09-13T15:26:12.170 INFO:teuthology.orchestra.run.smithi090.stdout:/usr/bin/ceph: stderr
2024-09-13T15:26:11.212+0000 7f9232ffd640 1 --2- 172.21.15.90:0/3613883019 >> [v2:172.21.15.90:6800/3319538530,v1:172.21.15.90:6801/3319538530] conn(0x7f921c038760 0x7f921c03ac20 secure :-1 s=READY pgs=8 cs=0 l=1 rev1=1 crypto rx=0x7f92280098c0 tx=0x7f9228006db0 comp rx=0 tx=0).ready entity=mgr.14162 client_cookie=0 server_cookie=0 in_seq=0 out_seq=0
2024-09-13T15:26:12.170 INFO:teuthology.orchestra.run.smithi090.stdout:/usr/bin/ceph: stderr
2024-09-13T15:26:11.216+0000 7f9230ff9640 1 -- 172.21.15.90:0/3613883019 <== mon.0 v2:172.21.15.90:3300/0 6 ==== mon_command_ack([{"prefix": "get_command_descriptions"}]=0 v0) v1 ==== 72+0+183819 (secure 0 0 0) 0x7f922404d300 con 0x7f92341039c0
2024-09-13T15:26:12.170 INFO:teuthology.orchestra.run.smithi090.stdout:/usr/bin/ceph: stderr
2024-09-13T15:26:11.390+0000 7f9239ee2640 1 -- 172.21.15.90:0/3613883019 --> [v2:172.21.15.90:6800/3319538530,v1:172.21.15.90:6801/3319538530] -- mgr_command(tid 0: {"prefix": "dashboard ac-user-create", "username": "admin", "rolename": "administrator", "force_password": true, "pwd_update_required": true, "target": ["mon-mgr", ""]}) v1 -- 0x7f9234061900 con 0x7f921c038760
2024-09-13T15:26:12.170 INFO:teuthology.orchestra.run.smithi090.stdout:/usr/bin/ceph: stderr
2024-09-13T15:26:11.610+0000 7f9230ff9640 1 -- 172.21.15.90:0/3613883019 <== mgr.14162 v2:172.21.15.90:6800/3319538530 1 ==== mgr_command_reply(tid 0: 0 ) v1 ==== 8+0+252 (secure 0 0 0) 0x7f9234061900 con 0x7f921c038760
2024-09-13T15:26:12.171 INFO:teuthology.orchestra.run.smithi090.stdout:/usr/bin/ceph: stderr
2024-09-13T15:26:11.612+0000 7f9239ee2640 1 -- 172.21.15.90:0/3613883019 >> [v2:172.21.15.90:6800/3319538530,v1:172.21.15.90:6801/3319538530] conn(0x7f921c038760 msgr2=0x7f921c03ac20 secure :-1 s=STATE_CONNECTION_ESTABLISHED l=1).mark_down
2024-09-13T15:26:12.171 INFO:teuthology.orchestra.run.smithi090.stdout:/usr/bin/ceph: stderr
2024-09-13T15:26:11.612+0000 7f9239ee2640 1 --2- 172.21.15.90:0/3613883019 >> [v2:172.21.15.90:6800/3319538530,v1:172.21.15.90:6801/3319538530] conn(0x7f921c038760 0x7f921c03ac20 secure :-1 s=READY pgs=8 cs=0 l=1 rev1=1 crypto rx=0x7f92280098c0 tx=0x7f9228006db0 comp rx=0 tx=0).stop
2024-09-13T15:26:12.171 INFO:teuthology.orchestra.run.smithi090.stdout:/usr/bin/ceph: stderr
2024-09-13T15:26:11.612+0000 7f9239ee2640 1 -- 172.21.15.90:0/3613883019 >> [v2:172.21.15.90:3300/0,v1:172.21.15.90:6789/0] conn(0x7f92341039c0 msgr2=0x7f9234198770 secure :-1 s=STATE_CONNECTION_ESTABLISHED l=1).mark_down
2024-09-13T15:26:12.171 INFO:teuthology.orchestra.run.smithi090.stdout:/usr/bin/ceph: stderr
2024-09-13T15:26:11.612+0000 7f9239ee2640 1 --2- 172.21.15.90:0/3613883019 >> [v2:172.21.15.90:3300/0,v1:172.21.15.90:6789/0] conn(0x7f92341039c0 0x7f9234198770 secure :-1 s=READY pgs=83 cs=0 l=1 rev1=1 crypto rx=0x7f9224009e50 tx=0x7f9224031630 comp rx=0 tx=0).stop
2024-09-13T15:26:12.171 INFO:teuthology.orchestra.run.smithi090.stdout:/usr/bin/ceph: stderr
2024-09-13T15:26:11.612+0000 7f9239ee2640 1 -- 172.21.15.90:0/3613883019 shutdown_connections
2024-09-13T15:26:12.171 INFO:teuthology.orchestra.run.smithi090.stdout:/usr/bin/ceph: stderr
2024-09-13T15:26:11.612+0000 7f9239ee2640 1 --2- 172.21.15.90:0/3613883019 >> [v2:172.21.15.90:6800/3319538530,v1:172.21.15.90:6801/3319538530] conn(0x7f921c038760 0x7f921c03ac20 unknown :-1 s=CLOSED pgs=8 cs=0 l=1 rev1=1 crypto rx=0 tx=0 comp rx=0 tx=0).stop
2024-09-13T15:26:12.171 INFO:teuthology.orchestra.run.smithi090.stdout:/usr/bin/ceph: stderr
2024-09-13T15:26:11.612+0000 7f9239ee2640 1 --2- 172.21.15.90:0/3613883019 >> [v2:172.21.15.90:3300/0,v1:172.21.15.90:6789/0] conn(0x7f92341039c0 0x7f9234198770 unknown :-1 s=CLOSED pgs=83 cs=0 l=1 rev1=1 crypto rx=0 tx=0 comp rx=0 tx=0).stop
2024-09-13T15:26:12.171 INFO:teuthology.orchestra.run.smithi090.stdout:/usr/bin/ceph: stderr
2024-09-13T15:26:11.612+0000 7f9239ee2640 1 -- 172.21.15.90:0/3613883019 >> 172.21.15.90:0/3613883019 conn(0x7f92340ff110 msgr2=0x7f9234100030 unknown :-1 s=STATE_NONE l=0).mark_down
2024-09-13T15:26:12.171 INFO:teuthology.orchestra.run.smithi090.stdout:/usr/bin/ceph: stderr
2024-09-13T15:26:11.613+0000 7f9239ee2640 1 -- 172.21.15.90:0/3613883019 shutdown_connections
2024-09-13T15:26:12.171 INFO:teuthology.orchestra.run.smithi090.stdout:/usr/bin/ceph: stderr
2024-09-13T15:26:11.613+0000 7f9239ee2640 1 -- 172.21.15.90:0/3613883019 wait complete.
2024-09-13T15:26:12.171 INFO:teuthology.orchestra.run.smithi090.stdout:Fetching dashboard port number...
2024-09-13T15:26:12.724 INFO:journalctl@ceph.mon.smithi090.smithi090.stdout:Sep 13 15:26:12 smithi090 ceph-mon[27811]: from='client.14176 -' entity='client.admin' cmd=[{"prefix": "dashboard ac-user-create", "username": "admin", "rolename": "administrator", "force_password": true, "pwd_update_required": true, "target": ["mon-mgr", ""]}]: dispatch
2024-09-13T15:26:12.724 INFO:journalctl@ceph.mon.smithi090.smithi090.stdout:Sep 13 15:26:12 smithi090 ceph-mon[27811]: from='mgr.14162 172.21.15.90:0/1684508625' entity='mgr.smithi090.fyvvpd'
2024-09-13T15:26:13.309 INFO:teuthology.orchestra.run.smithi090.stdout:/usr/bin/ceph: stdout 8443
2024-09-13T15:26:13.309 INFO:teuthology.orchestra.run.smithi090.stdout:/usr/bin/ceph: stderr
2024-09-13T15:26:12.547+0000 7ff254d1b640 1 Processor -- start
2024-09-13T15:26:13.309 INFO:teuthology.orchestra.run.smithi090.stdout:/usr/bin/ceph: stderr
2024-09-13T15:26:12.547+0000 7ff254d1b640 1 -- start start
2024-09-13T15:26:13.309 INFO:teuthology.orchestra.run.smithi090.stdout:/usr/bin/ceph: stderr
2024-09-13T15:26:12.547+0000 7ff254d1b640 1 --2- >> [v2:172.21.15.90:3300/0,v1:172.21.15.90:6789/0] conn(0x7ff2501055b0 0x7ff2501079a0 unknown :-1 s=NONE pgs=0 cs=0 l=0 rev1=0 crypto rx=0 tx=0 comp rx=0 tx=0).connect
2024-09-13T15:26:13.309 INFO:teuthology.orchestra.run.smithi090.stdout:/usr/bin/ceph: stderr
2024-09-13T15:26:12.547+0000 7ff254d1b640 1 -- --> [v2:172.21.15.90:3300/0,v1:172.21.15.90:6789/0] -- mon_getmap magic: 0 v1 -- 0x7ff250077e70 con 0x7ff2501055b0
2024-09-13T15:26:13.310 INFO:teuthology.orchestra.run.smithi090.stdout:/usr/bin/ceph: stderr
2024-09-13T15:26:12.547+0000 7ff24e59c640 1 --2- >> [v2:172.21.15.90:3300/0,v1:172.21.15.90:6789/0] conn(0x7ff2501055b0 0x7ff2501079a0 unknown :-1 s=BANNER_CONNECTING pgs=0 cs=0 l=0 rev1=0 crypto rx=0 tx=0 comp rx=0 tx=0)._handle_peer_banner_payload supported=3 required=0
2024-09-13T15:26:13.310 INFO:teuthology.orchestra.run.smithi090.stdout:/usr/bin/ceph: stderr
2024-09-13T15:26:12.547+0000 7ff24e59c640 1 --2- >> [v2:172.21.15.90:3300/0,v1:172.21.15.90:6789/0] conn(0x7ff2501055b0 0x7ff2501079a0 unknown :-1 s=HELLO_CONNECTING pgs=0 cs=0 l=0 rev1=1 crypto rx=0 tx=0 comp rx=0 tx=0).handle_hello peer v2:172.21.15.90:3300/0 says I am v2:172.21.15.90:47286/0 (socket says 172.21.15.90:47286)
2024-09-13T15:26:13.310 INFO:teuthology.orchestra.run.smithi090.stdout:/usr/bin/ceph: stderr
2024-09-13T15:26:12.547+0000 7ff24e59c640 1 -- 172.21.15.90:0/2767173938 learned_addr learned my addr 172.21.15.90:0/2767173938 (peer_addr_for_me v2:172.21.15.90:0/0)
2024-09-13T15:26:13.310 INFO:teuthology.orchestra.run.smithi090.stdout:/usr/bin/ceph: stderr
2024-09-13T15:26:12.548+0000 7ff24e59c640 1 -- 172.21.15.90:0/2767173938 --> [v2:172.21.15.90:3300/0,v1:172.21.15.90:6789/0] -- mon_subscribe({config=0+,monmap=0+}) v3 -- 0x7ff250107ee0 con 0x7ff2501055b0
2024-09-13T15:26:13.310 INFO:teuthology.orchestra.run.smithi090.stdout:/usr/bin/ceph: stderr
2024-09-13T15:26:12.548+0000 7ff24e59c640 1 --2- 172.21.15.90:0/2767173938 >> [v2:172.21.15.90:3300/0,v1:172.21.15.90:6789/0] conn(0x7ff2501055b0 0x7ff2501079a0 secure :-1 s=READY pgs=84 cs=0 l=1 rev1=1 crypto rx=0x7ff240009820 tx=0x7ff24002a270 comp rx=0 tx=0).ready entity=mon.0 client_cookie=d19abdb345d117e1 server_cookie=0 in_seq=0 out_seq=0
2024-09-13T15:26:13.310 INFO:teuthology.orchestra.run.smithi090.stdout:/usr/bin/ceph: stderr
2024-09-13T15:26:12.548+0000 7ff24dd9b640 1 -- 172.21.15.90:0/2767173938 <== mon.0 v2:172.21.15.90:3300/0 1 ==== mon_map magic: 0 v1 ==== 229+0+0 (secure 0 0 0) 0x7ff24002ad40 con 0x7ff2501055b0
2024-09-13T15:26:13.310 INFO:teuthology.orchestra.run.smithi090.stdout:/usr/bin/ceph: stderr
2024-09-13T15:26:12.549+0000 7ff24dd9b640 1 -- 172.21.15.90:0/2767173938 <== mon.0 v2:172.21.15.90:3300/0 2 ==== config(25 keys) v1 ==== 1067+0+0 (secure 0 0 0) 0x7ff2400328d0 con 0x7ff2501055b0
2024-09-13T15:26:13.310 INFO:teuthology.orchestra.run.smithi090.stdout:/usr/bin/ceph: stderr
2024-09-13T15:26:12.549+0000 7ff24dd9b640 1 -- 172.21.15.90:0/2767173938 <== mon.0 v2:172.21.15.90:3300/0 3 ==== mon_map magic: 0 v1 ==== 229+0+0 (secure 0 0 0) 0x7ff2400306f0 con 0x7ff2501055b0
2024-09-13T15:26:13.310 INFO:teuthology.orchestra.run.smithi090.stdout:/usr/bin/ceph: stderr
2024-09-13T15:26:12.549+0000 7ff254d1b640 1 -- 172.21.15.90:0/2767173938 >> [v2:172.21.15.90:3300/0,v1:172.21.15.90:6789/0] conn(0x7ff2501055b0 msgr2=0x7ff2501079a0 secure :-1 s=STATE_CONNECTION_ESTABLISHED l=1).mark_down
2024-09-13T15:26:13.310 INFO:teuthology.orchestra.run.smithi090.stdout:/usr/bin/ceph: stderr
2024-09-13T15:26:12.549+0000 7ff254d1b640 1 --2- 172.21.15.90:0/2767173938 >> [v2:172.21.15.90:3300/0,v1:172.21.15.90:6789/0] conn(0x7ff2501055b0 0x7ff2501079a0 secure :-1 s=READY pgs=84 cs=0 l=1 rev1=1 crypto rx=0x7ff240009820 tx=0x7ff24002a270 comp rx=0 tx=0).stop
2024-09-13T15:26:13.310 INFO:teuthology.orchestra.run.smithi090.stdout:/usr/bin/ceph: stderr
2024-09-13T15:26:12.549+0000 7ff254d1b640 1 -- 172.21.15.90:0/2767173938 shutdown_connections
2024-09-13T15:26:13.310 INFO:teuthology.orchestra.run.smithi090.stdout:/usr/bin/ceph: stderr
2024-09-13T15:26:12.549+0000 7ff254d1b640 1 --2- 172.21.15.90:0/2767173938 >> [v2:172.21.15.90:3300/0,v1:172.21.15.90:6789/0] conn(0x7ff2501055b0 0x7ff2501079a0 unknown :-1 s=CLOSED pgs=84 cs=0 l=1 rev1=1 crypto rx=0 tx=0 comp rx=0 tx=0).stop
2024-09-13T15:26:13.311 INFO:teuthology.orchestra.run.smithi090.stdout:/usr/bin/ceph: stderr
2024-09-13T15:26:12.549+0000 7ff254d1b640 1 -- 172.21.15.90:0/2767173938 >> 172.21.15.90:0/2767173938 conn(0x7ff2500ff210 msgr2=0x7ff250101630 unknown :-1 s=STATE_NONE l=0).mark_down
2024-09-13T15:26:13.311 INFO:teuthology.orchestra.run.smithi090.stdout:/usr/bin/ceph: stderr
2024-09-13T15:26:12.549+0000 7ff254d1b640 1 -- 172.21.15.90:0/2767173938 shutdown_connections
2024-09-13T15:26:13.311 INFO:teuthology.orchestra.run.smithi090.stdout:/usr/bin/ceph: stderr
2024-09-13T15:26:12.549+0000 7ff254d1b640 1 -- 172.21.15.90:0/2767173938 wait complete.
2024-09-13T15:26:13.311 INFO:teuthology.orchestra.run.smithi090.stdout:/usr/bin/ceph: stderr
2024-09-13T15:26:12.550+0000 7ff254d1b640 1 Processor -- start
2024-09-13T15:26:13.311 INFO:teuthology.orchestra.run.smithi090.stdout:/usr/bin/ceph: stderr
2024-09-13T15:26:12.550+0000 7ff254d1b640 1 -- start start
2024-09-13T15:26:13.311 INFO:teuthology.orchestra.run.smithi090.stdout:/usr/bin/ceph: stderr
2024-09-13T15:26:12.550+0000 7ff254d1b640 1 --2- >> [v2:172.21.15.90:3300/0,v1:172.21.15.90:6789/0] conn(0x7ff2501055b0 0x7ff250198720 unknown :-1 s=NONE pgs=0 cs=0 l=1 rev1=0 crypto rx=0 tx=0 comp rx=0 tx=0).connect
2024-09-13T15:26:13.311 INFO:teuthology.orchestra.run.smithi090.stdout:/usr/bin/ceph: stderr
2024-09-13T15:26:12.550+0000 7ff254d1b640 1 -- --> [v2:172.21.15.90:3300/0,v1:172.21.15.90:6789/0] -- mon_getmap magic: 0 v1 -- 0x7ff250198c60 con 0x7ff2501055b0
2024-09-13T15:26:13.311 INFO:teuthology.orchestra.run.smithi090.stdout:/usr/bin/ceph: stderr
2024-09-13T15:26:12.550+0000 7ff24e59c640 1 --2- >> [v2:172.21.15.90:3300/0,v1:172.21.15.90:6789/0] conn(0x7ff2501055b0 0x7ff250198720 unknown :-1 s=BANNER_CONNECTING pgs=0 cs=0 l=1 rev1=0 crypto rx=0 tx=0 comp rx=0 tx=0)._handle_peer_banner_payload supported=3 required=0
2024-09-13T15:26:13.311 INFO:teuthology.orchestra.run.smithi090.stdout:/usr/bin/ceph: stderr
2024-09-13T15:26:12.550+0000 7ff24e59c640 1 --2- >> [v2:172.21.15.90:3300/0,v1:172.21.15.90:6789/0] conn(0x7ff2501055b0 0x7ff250198720 unknown :-1 s=HELLO_CONNECTING pgs=0 cs=0 l=1 rev1=1 crypto rx=0 tx=0 comp rx=0 tx=0).handle_hello peer v2:172.21.15.90:3300/0 says I am v2:172.21.15.90:47288/0 (socket says 172.21.15.90:47288)
2024-09-13T15:26:13.311 INFO:teuthology.orchestra.run.smithi090.stdout:/usr/bin/ceph: stderr
2024-09-13T15:26:12.550+0000 7ff24e59c640 1 -- 172.21.15.90:0/1509577170 learned_addr learned my addr 172.21.15.90:0/1509577170 (peer_addr_for_me v2:172.21.15.90:0/0)
2024-09-13T15:26:13.311 INFO:teuthology.orchestra.run.smithi090.stdout:/usr/bin/ceph: stderr
2024-09-13T15:26:12.551+0000 7ff24e59c640 1 -- 172.21.15.90:0/1509577170 --> [v2:172.21.15.90:3300/0,v1:172.21.15.90:6789/0] -- mon_subscribe({config=0+,monmap=0+}) v3 -- 0x7ff2400094d0 con 0x7ff2501055b0
2024-09-13T15:26:13.311 INFO:teuthology.orchestra.run.smithi090.stdout:/usr/bin/ceph: stderr
2024-09-13T15:26:12.551+0000 7ff24e59c640 1 --2- 172.21.15.90:0/1509577170 >> [v2:172.21.15.90:3300/0,v1:172.21.15.90:6789/0] conn(0x7ff2501055b0 0x7ff250198720 secure :-1 s=READY pgs=85 cs=0 l=1 rev1=1 crypto rx=0x7ff240032d40 tx=0x7ff240032d70 comp rx=0 tx=0).ready entity=mon.0 client_cookie=0 server_cookie=0 in_seq=0 out_seq=0
2024-09-13T15:26:13.311 INFO:teuthology.orchestra.run.smithi090.stdout:/usr/bin/ceph: stderr
2024-09-13T15:26:12.551+0000 7ff247fff640 1 -- 172.21.15.90:0/1509577170 <== mon.0 v2:172.21.15.90:3300/0 1 ==== mon_map magic: 0 v1 ==== 229+0+0 (secure 0 0 0) 0x7ff240030c10 con 0x7ff2501055b0
2024-09-13T15:26:13.311 INFO:teuthology.orchestra.run.smithi090.stdout:/usr/bin/ceph: stderr
2024-09-13T15:26:12.551+0000 7ff247fff640 1 -- 172.21.15.90:0/1509577170 <== mon.0 v2:172.21.15.90:3300/0 2 ==== config(25 keys) v1 ==== 1067+0+0 (secure 0 0 0) 0x7ff240030d70 con 0x7ff2501055b0
2024-09-13T15:26:13.312 INFO:teuthology.orchestra.run.smithi090.stdout:/usr/bin/ceph: stderr
2024-09-13T15:26:12.551+0000 7ff254d1b640 1 -- 172.21.15.90:0/1509577170 --> [v2:172.21.15.90:3300/0,v1:172.21.15.90:6789/0] -- mon_subscribe({mgrmap=0+}) v3 -- 0x7ff250198e60 con 0x7ff2501055b0
2024-09-13T15:26:13.312 INFO:teuthology.orchestra.run.smithi090.stdout:/usr/bin/ceph: stderr
2024-09-13T15:26:12.551+0000 7ff247fff640 1 -- 172.21.15.90:0/1509577170 <== mon.0 v2:172.21.15.90:3300/0 3 ==== mon_map magic: 0 v1 ==== 229+0+0 (secure 0 0 0) 0x7ff24003a520 con 0x7ff2501055b0
2024-09-13T15:26:13.312 INFO:teuthology.orchestra.run.smithi090.stdout:/usr/bin/ceph: stderr
2024-09-13T15:26:12.551+0000 7ff254d1b640 1 -- 172.21.15.90:0/1509577170 --> [v2:172.21.15.90:3300/0,v1:172.21.15.90:6789/0] -- mon_subscribe({osdmap=0}) v3 -- 0x7ff250199300 con 0x7ff2501055b0
2024-09-13T15:26:13.312 INFO:teuthology.orchestra.run.smithi090.stdout:/usr/bin/ceph: stderr
2024-09-13T15:26:12.552+0000 7ff247fff640 1 -- 172.21.15.90:0/1509577170 <== mon.0 v2:172.21.15.90:3300/0 4 ==== mgrmap(e 12) v1 ==== 45569+0+0 (secure 0 0 0) 0x7ff24003a7e0 con 0x7ff2501055b0
2024-09-13T15:26:13.312 INFO:teuthology.orchestra.run.smithi090.stdout:/usr/bin/ceph: stderr
2024-09-13T15:26:12.552+0000 7ff247fff640 1 --2- 172.21.15.90:0/1509577170 >> [v2:172.21.15.90:6800/3319538530,v1:172.21.15.90:6801/3319538530] conn(0x7ff23c038710 0x7ff23c03abd0 unknown :-1 s=NONE pgs=0 cs=0 l=1 rev1=0 crypto rx=0 tx=0 comp rx=0 tx=0).connect
2024-09-13T15:26:13.312 INFO:teuthology.orchestra.run.smithi090.stdout:/usr/bin/ceph: stderr
2024-09-13T15:26:12.552+0000 7ff247fff640 1 -- 172.21.15.90:0/1509577170 <== mon.0 v2:172.21.15.90:3300/0 5 ==== osd_map(3..3 src has 1..3) v4 ==== 1155+0+0 (secure 0 0 0) 0x7ff24006bb90 con 0x7ff2501055b0
2024-09-13T15:26:13.312 INFO:teuthology.orchestra.run.smithi090.stdout:/usr/bin/ceph: stderr
2024-09-13T15:26:12.552+0000 7ff254d1b640 1 -- 172.21.15.90:0/1509577170 --> [v2:172.21.15.90:3300/0,v1:172.21.15.90:6789/0] -- mon_command({"prefix": "get_command_descriptions"} v 0) v1 -- 0x7ff250108c80 con 0x7ff2501055b0
2024-09-13T15:26:13.312 INFO:teuthology.orchestra.run.smithi090.stdout:/usr/bin/ceph: stderr
2024-09-13T15:26:12.552+0000 7ff245d9b640 1 --2- 172.21.15.90:0/1509577170 >> [v2:172.21.15.90:6800/3319538530,v1:172.21.15.90:6801/3319538530] conn(0x7ff23c038710 0x7ff23c03abd0 unknown :-1 s=BANNER_CONNECTING pgs=0 cs=0 l=1 rev1=0 crypto rx=0 tx=0 comp rx=0 tx=0)._handle_peer_banner_payload supported=3 required=0
2024-09-13T15:26:13.312 INFO:teuthology.orchestra.run.smithi090.stdout:/usr/bin/ceph: stderr
2024-09-13T15:26:12.552+0000 7ff245d9b640 1 --2- 172.21.15.90:0/1509577170 >> [v2:172.21.15.90:6800/3319538530,v1:172.21.15.90:6801/3319538530] conn(0x7ff23c038710 0x7ff23c03abd0 secure :-1 s=READY pgs=9 cs=0 l=1 rev1=1 crypto rx=0x7ff2380098c0 tx=0x7ff238006db0 comp rx=0 tx=0).ready entity=mgr.14162 client_cookie=0 server_cookie=0 in_seq=0 out_seq=0
2024-09-13T15:26:13.312 INFO:teuthology.orchestra.run.smithi090.stdout:/usr/bin/ceph: stderr
2024-09-13T15:26:12.557+0000 7ff247fff640 1 -- 172.21.15.90:0/1509577170 <== mon.0 v2:172.21.15.90:3300/0 6 ==== mon_command_ack([{"prefix": "get_command_descriptions"}]=0 v0) v1 ==== 72+0+183819 (secure 0 0 0) 0x7ff240043310 con 0x7ff2501055b0
2024-09-13T15:26:13.313 INFO:teuthology.orchestra.run.smithi090.stdout:/usr/bin/ceph: stderr
2024-09-13T15:26:12.719+0000 7ff254d1b640 1 -- 172.21.15.90:0/1509577170 --> [v2:172.21.15.90:3300/0,v1:172.21.15.90:6789/0] -- mon_command({"prefix": "config get", "who": "mgr", "key": "mgr/dashboard/ssl_server_port"} v 0) v1 -- 0x7ff250108e70 con 0x7ff2501055b0
2024-09-13T15:26:13.313 INFO:teuthology.orchestra.run.smithi090.stdout:/usr/bin/ceph: stderr
2024-09-13T15:26:12.720+0000 7ff247fff640 1 -- 172.21.15.90:0/1509577170 <== mon.0 v2:172.21.15.90:3300/0 7 ==== mon_command_ack([{"prefix": "config get", "who": "mgr", "key": "mgr/dashboard/ssl_server_port"}]=0 v8) v1 ==== 112+0+5 (secure 0 0 0) 0x7ff240037ed0 con 0x7ff2501055b0
2024-09-13T15:26:13.313 INFO:teuthology.orchestra.run.smithi090.stdout:/usr/bin/ceph: stderr
2024-09-13T15:26:12.722+0000 7ff254d1b640 1 -- 172.21.15.90:0/1509577170 >> [v2:172.21.15.90:6800/3319538530,v1:172.21.15.90:6801/3319538530] conn(0x7ff23c038710 msgr2=0x7ff23c03abd0 secure :-1 s=STATE_CONNECTION_ESTABLISHED l=1).mark_down
2024-09-13T15:26:13.313 INFO:teuthology.orchestra.run.smithi090.stdout:/usr/bin/ceph: stderr
2024-09-13T15:26:12.722+0000 7ff254d1b640 1 --2- 172.21.15.90:0/1509577170 >> [v2:172.21.15.90:6800/3319538530,v1:172.21.15.90:6801/3319538530] conn(0x7ff23c038710 0x7ff23c03abd0 secure :-1 s=READY pgs=9 cs=0 l=1 rev1=1 crypto rx=0x7ff2380098c0 tx=0x7ff238006db0 comp rx=0 tx=0).stop
2024-09-13T15:26:13.313 INFO:teuthology.orchestra.run.smithi090.stdout:/usr/bin/ceph: stderr
2024-09-13T15:26:12.722+0000 7ff254d1b640 1 -- 172.21.15.90:0/1509577170 >> [v2:172.21.15.90:3300/0,v1:172.21.15.90:6789/0] conn(0x7ff2501055b0 msgr2=0x7ff250198720 secure :-1 s=STATE_CONNECTION_ESTABLISHED l=1).mark_down
2024-09-13T15:26:13.313 INFO:teuthology.orchestra.run.smithi090.stdout:/usr/bin/ceph: stderr
2024-09-13T15:26:12.722+0000 7ff254d1b640 1 --2- 172.21.15.90:0/1509577170 >> [v2:172.21.15.90:3300/0,v1:172.21.15.90:6789/0] conn(0x7ff2501055b0 0x7ff250198720 secure :-1 s=READY pgs=85 cs=0 l=1 rev1=1 crypto rx=0x7ff240032d40 tx=0x7ff240032d70 comp rx=0 tx=0).stop
2024-09-13T15:26:13.313 INFO:teuthology.orchestra.run.smithi090.stdout:/usr/bin/ceph: stderr
2024-09-13T15:26:12.722+0000 7ff254d1b640 1 -- 172.21.15.90:0/1509577170 shutdown_connections
2024-09-13T15:26:13.313 INFO:teuthology.orchestra.run.smithi090.stdout:/usr/bin/ceph: stderr
2024-09-13T15:26:12.722+0000 7ff254d1b640 1 --2- 172.21.15.90:0/1509577170 >> [v2:172.21.15.90:6800/3319538530,v1:172.21.15.90:6801/3319538530] conn(0x7ff23c038710 0x7ff23c03abd0 unknown :-1 s=CLOSED pgs=9 cs=0 l=1 rev1=1 crypto rx=0 tx=0 comp rx=0 tx=0).stop
2024-09-13T15:26:13.313 INFO:teuthology.orchestra.run.smithi090.stdout:/usr/bin/ceph: stderr
2024-09-13T15:26:12.722+0000 7ff254d1b640 1 --2- 172.21.15.90:0/1509577170 >> [v2:172.21.15.90:3300/0,v1:172.21.15.90:6789/0] conn(0x7ff2501055b0 0x7ff250198720 unknown :-1 s=CLOSED pgs=85 cs=0 l=1 rev1=1 crypto rx=0 tx=0 comp rx=0 tx=0).stop
2024-09-13T15:26:13.313 INFO:teuthology.orchestra.run.smithi090.stdout:/usr/bin/ceph: stderr
2024-09-13T15:26:12.722+0000 7ff254d1b640 1 -- 172.21.15.90:0/1509577170 >> 172.21.15.90:0/1509577170 conn(0x7ff2500ff210 msgr2=0x7ff2500ffd00 unknown :-1 s=STATE_NONE l=0).mark_down
2024-09-13T15:26:13.313 INFO:teuthology.orchestra.run.smithi090.stdout:/usr/bin/ceph: stderr
2024-09-13T15:26:12.722+0000 7ff254d1b640 1 -- 172.21.15.90:0/1509577170 shutdown_connections
2024-09-13T15:26:13.313 INFO:teuthology.orchestra.run.smithi090.stdout:/usr/bin/ceph: stderr
2024-09-13T15:26:12.722+0000 7ff254d1b640 1 -- 172.21.15.90:0/1509577170 wait complete.
2024-09-13T15:26:13.316 INFO:teuthology.orchestra.run.smithi090.stdout:Non-zero exit code 1 from systemctl is-enabled firewalld.service
2024-09-13T15:26:13.316 INFO:teuthology.orchestra.run.smithi090.stdout:systemctl: stdout disabled
2024-09-13T15:26:13.324 INFO:teuthology.orchestra.run.smithi090.stdout:Non-zero exit code 3 from systemctl is-active firewalld.service
2024-09-13T15:26:13.324 INFO:teuthology.orchestra.run.smithi090.stdout:systemctl: stdout inactive
2024-09-13T15:26:13.324 INFO:teuthology.orchestra.run.smithi090.stdout:firewalld.service is not enabled
2024-09-13T15:26:13.324 INFO:teuthology.orchestra.run.smithi090.stdout:Not possible to open ports <[8443]>. firewalld.service is not available
2024-09-13T15:26:13.326 INFO:teuthology.orchestra.run.smithi090.stdout:Ceph Dashboard is now available at:
2024-09-13T15:26:13.326 INFO:teuthology.orchestra.run.smithi090.stdout:
2024-09-13T15:26:13.326 INFO:teuthology.orchestra.run.smithi090.stdout: URL: https://smithi090.front.sepia.ceph.com:8443/
2024-09-13T15:26:13.326 INFO:teuthology.orchestra.run.smithi090.stdout: User: admin
2024-09-13T15:26:13.326 INFO:teuthology.orchestra.run.smithi090.stdout: Password: v53cbjc2y1
2024-09-13T15:26:13.326 INFO:teuthology.orchestra.run.smithi090.stdout:
2024-09-13T15:26:13.326 INFO:teuthology.orchestra.run.smithi090.stdout:Saving cluster configuration to /var/lib/ceph/41124e1c-71e4-11ef-bceb-c7b262605968/config directory
2024-09-13T15:26:13.327 INFO:teuthology.orchestra.run.smithi090.stdout:Enabling autotune for osd_memory_target
2024-09-13T15:26:13.887 INFO:journalctl@ceph.mon.smithi090.smithi090.stdout:Sep 13 15:26:13 smithi090 ceph-mon[27811]: from='client.? 172.21.15.90:0/1509577170' entity='client.admin' cmd=[{"prefix": "config get", "who": "mgr", "key": "mgr/dashboard/ssl_server_port"}]: dispatch
2024-09-13T15:26:14.438 INFO:teuthology.orchestra.run.smithi090.stdout:/usr/bin/ceph: stderr
2024-09-13T15:26:13.714+0000 7fc891769640 1 Processor -- start
2024-09-13T15:26:14.443 INFO:teuthology.orchestra.run.smithi090.stdout:/usr/bin/ceph: stderr
2024-09-13T15:26:13.714+0000 7fc891769640 1 -- start start
2024-09-13T15:26:14.443 INFO:teuthology.orchestra.run.smithi090.stdout:/usr/bin/ceph: stderr
2024-09-13T15:26:13.714+0000 7fc891769640 1 --2- >> [v2:172.21.15.90:3300/0,v1:172.21.15.90:6789/0] conn(0x7fc88c1033b0 0x7fc88c1037b0 unknown :-1 s=NONE pgs=0 cs=0 l=0 rev1=0 crypto rx=0 tx=0 comp rx=0 tx=0).connect
2024-09-13T15:26:14.443 INFO:teuthology.orchestra.run.smithi090.stdout:/usr/bin/ceph: stderr
2024-09-13T15:26:13.714+0000 7fc891769640 1 -- --> [v2:172.21.15.90:3300/0,v1:172.21.15.90:6789/0] -- mon_getmap magic: 0 v1 -- 0x7fc88c077e50 con 0x7fc88c1033b0
2024-09-13T15:26:14.443 INFO:teuthology.orchestra.run.smithi090.stdout:/usr/bin/ceph: stderr
2024-09-13T15:26:13.715+0000 7fc88affd640 1 --2- >> [v2:172.21.15.90:3300/0,v1:172.21.15.90:6789/0] conn(0x7fc88c1033b0 0x7fc88c1037b0 unknown :-1 s=BANNER_CONNECTING pgs=0 cs=0 l=0 rev1=0 crypto rx=0 tx=0 comp rx=0 tx=0)._handle_peer_banner_payload supported=3 required=0
2024-09-13T15:26:14.443 INFO:teuthology.orchestra.run.smithi090.stdout:/usr/bin/ceph: stderr
2024-09-13T15:26:13.715+0000 7fc88affd640 1 --2- >> [v2:172.21.15.90:3300/0,v1:172.21.15.90:6789/0] conn(0x7fc88c1033b0 0x7fc88c1037b0 unknown :-1 s=HELLO_CONNECTING pgs=0 cs=0 l=0 rev1=1 crypto rx=0 tx=0 comp rx=0 tx=0).handle_hello peer v2:172.21.15.90:3300/0 says I am v2:172.21.15.90:47304/0 (socket says 172.21.15.90:47304)
2024-09-13T15:26:14.443 INFO:teuthology.orchestra.run.smithi090.stdout:/usr/bin/ceph: stderr
2024-09-13T15:26:13.715+0000 7fc88affd640 1 -- 172.21.15.90:0/1651479734 learned_addr learned my addr 172.21.15.90:0/1651479734 (peer_addr_for_me v2:172.21.15.90:0/0)
2024-09-13T15:26:14.443 INFO:teuthology.orchestra.run.smithi090.stdout:/usr/bin/ceph: stderr
2024-09-13T15:26:13.715+0000 7fc88affd640 1 -- 172.21.15.90:0/1651479734 --> [v2:172.21.15.90:3300/0,v1:172.21.15.90:6789/0] -- mon_subscribe({config=0+,monmap=0+}) v3 -- 0x7fc88c103cf0 con 0x7fc88c1033b0
2024-09-13T15:26:14.443 INFO:teuthology.orchestra.run.smithi090.stdout:/usr/bin/ceph: stderr
2024-09-13T15:26:13.716+0000 7fc88affd640 1 --2- 172.21.15.90:0/1651479734 >> [v2:172.21.15.90:3300/0,v1:172.21.15.90:6789/0] conn(0x7fc88c1033b0 0x7fc88c1037b0 secure :-1 s=READY pgs=86 cs=0 l=1 rev1=1 crypto rx=0x7fc87c009820 tx=0x7fc87c02a270 comp rx=0 tx=0).ready entity=mon.0 client_cookie=a15c144342fed712 server_cookie=0 in_seq=0 out_seq=0
2024-09-13T15:26:14.443 INFO:teuthology.orchestra.run.smithi090.stdout:/usr/bin/ceph: stderr
2024-09-13T15:26:13.716+0000 7fc889ffb640 1 -- 172.21.15.90:0/1651479734 <== mon.0 v2:172.21.15.90:3300/0 1 ==== mon_map magic: 0 v1 ==== 229+0+0 (secure 0 0 0) 0x7fc87c02ad40 con 0x7fc88c1033b0
2024-09-13T15:26:14.443 INFO:teuthology.orchestra.run.smithi090.stdout:/usr/bin/ceph: stderr
2024-09-13T15:26:13.716+0000 7fc889ffb640 1 -- 172.21.15.90:0/1651479734 <== mon.0 v2:172.21.15.90:3300/0 2 ==== config(25 keys) v1 ==== 1067+0+0 (secure 0 0 0) 0x7fc87c0328d0 con 0x7fc88c1033b0
2024-09-13T15:26:14.444 INFO:teuthology.orchestra.run.smithi090.stdout:/usr/bin/ceph: stderr
2024-09-13T15:26:13.716+0000 7fc889ffb640 1 -- 172.21.15.90:0/1651479734 <== mon.0 v2:172.21.15.90:3300/0 3 ==== mon_map magic: 0 v1 ==== 229+0+0 (secure 0 0 0) 0x7fc87c0306f0 con 0x7fc88c1033b0
2024-09-13T15:26:14.444 INFO:teuthology.orchestra.run.smithi090.stdout:/usr/bin/ceph: stderr
2024-09-13T15:26:13.716+0000 7fc891769640 1 -- 172.21.15.90:0/1651479734 >> [v2:172.21.15.90:3300/0,v1:172.21.15.90:6789/0] conn(0x7fc88c1033b0 msgr2=0x7fc88c1037b0 secure :-1 s=STATE_CONNECTION_ESTABLISHED l=1).mark_down
2024-09-13T15:26:14.444 INFO:teuthology.orchestra.run.smithi090.stdout:/usr/bin/ceph: stderr
2024-09-13T15:26:13.716+0000 7fc891769640 1 --2- 172.21.15.90:0/1651479734 >> [v2:172.21.15.90:3300/0,v1:172.21.15.90:6789/0] conn(0x7fc88c1033b0 0x7fc88c1037b0 secure :-1 s=READY pgs=86 cs=0 l=1 rev1=1 crypto rx=0x7fc87c009820 tx=0x7fc87c02a270 comp rx=0 tx=0).stop
2024-09-13T15:26:14.444 INFO:teuthology.orchestra.run.smithi090.stdout:/usr/bin/ceph: stderr
2024-09-13T15:26:13.716+0000 7fc891769640 1 -- 172.21.15.90:0/1651479734 shutdown_connections
2024-09-13T15:26:14.444 INFO:teuthology.orchestra.run.smithi090.stdout:/usr/bin/ceph: stderr
2024-09-13T15:26:13.716+0000 7fc891769640 1 --2- 172.21.15.90:0/1651479734 >> [v2:172.21.15.90:3300/0,v1:172.21.15.90:6789/0] conn(0x7fc88c1033b0 0x7fc88c1037b0 unknown :-1 s=CLOSED pgs=86 cs=0 l=1 rev1=1 crypto rx=0 tx=0 comp rx=0 tx=0).stop
2024-09-13T15:26:14.444 INFO:teuthology.orchestra.run.smithi090.stdout:/usr/bin/ceph: stderr
2024-09-13T15:26:13.716+0000 7fc891769640 1 -- 172.21.15.90:0/1651479734 >> 172.21.15.90:0/1651479734 conn(0x7fc88c0ff180 msgr2=0x7fc88c1015c0 unknown :-1 s=STATE_NONE l=0).mark_down
2024-09-13T15:26:14.444 INFO:teuthology.orchestra.run.smithi090.stdout:/usr/bin/ceph: stderr
2024-09-13T15:26:13.716+0000 7fc891769640 1 -- 172.21.15.90:0/1651479734 shutdown_connections
