2024-09-13T15:25:22.964+0000 7f774239f640 1 --2- >> [v2:172.21.15.90:3300/0,v1:172.21.15.90:6789/0] conn(0x7f773c105650 0x7f773c107a40 unknown :-1 s=NONE pgs=0 cs=0 l=0 rev1=0 crypto rx=0 tx=0 comp rx=0 tx=0).connect
2024-09-13T15:25:29.022 INFO:teuthology.orchestra.run.smithi090.stdout:/usr/bin/ceph: stderr
2024-09-13T15:25:22.964+0000 7f774239f640 1 -- --> [v2:172.21.15.90:3300/0,v1:172.21.15.90:6789/0] -- mon_getmap magic: 0 v1 -- 0x7f773c077df0 con 0x7f773c105650
2024-09-13T15:25:29.022 INFO:teuthology.orchestra.run.smithi090.stdout:/usr/bin/ceph: stderr
2024-09-13T15:25:22.964+0000 7f773bfff640 1 --2- >> [v2:172.21.15.90:3300/0,v1:172.21.15.90:6789/0] conn(0x7f773c105650 0x7f773c107a40 unknown :-1 s=BANNER_CONNECTING pgs=0 cs=0 l=0 rev1=0 crypto rx=0 tx=0 comp rx=0 tx=0)._handle_peer_banner_payload supported=3 required=0
2024-09-13T15:25:29.022 INFO:teuthology.orchestra.run.smithi090.stdout:/usr/bin/ceph: stderr
2024-09-13T15:25:22.964+0000 7f773bfff640 1 --2- >> [v2:172.21.15.90:3300/0,v1:172.21.15.90:6789/0] conn(0x7f773c105650 0x7f773c107a40 unknown :-1 s=HELLO_CONNECTING pgs=0 cs=0 l=0 rev1=1 crypto rx=0 tx=0 comp rx=0 tx=0).handle_hello peer v2:172.21.15.90:3300/0 says I am v2:172.21.15.90:41276/0 (socket says 172.21.15.90:41276)
2024-09-13T15:25:29.022 INFO:teuthology.orchestra.run.smithi090.stdout:/usr/bin/ceph: stderr
2024-09-13T15:25:22.964+0000 7f773bfff640 1 -- 172.21.15.90:0/3303666388 learned_addr learned my addr 172.21.15.90:0/3303666388 (peer_addr_for_me v2:172.21.15.90:0/0)
2024-09-13T15:25:29.022 INFO:teuthology.orchestra.run.smithi090.stdout:/usr/bin/ceph: stderr
2024-09-13T15:25:22.965+0000 7f773bfff640 1 -- 172.21.15.90:0/3303666388 --> [v2:172.21.15.90:3300/0,v1:172.21.15.90:6789/0] -- mon_subscribe({config=0+,monmap=0+}) v3 -- 0x7f773c077f30 con 0x7f773c105650
2024-09-13T15:25:29.022 INFO:teuthology.orchestra.run.smithi090.stdout:/usr/bin/ceph: stderr
2024-09-13T15:25:22.965+0000 7f773bfff640 1 --2- 172.21.15.90:0/3303666388 >> [v2:172.21.15.90:3300/0,v1:172.21.15.90:6789/0] conn(0x7f773c105650 0x7f773c107a40 secure :-1 s=READY pgs=24 cs=0 l=1 rev1=1 crypto rx=0x7f772c009820 tx=0x7f772c02a270 comp rx=0 tx=0).ready entity=mon.0 client_cookie=d8ebcde0de871509 server_cookie=0 in_seq=0 out_seq=0
2024-09-13T15:25:29.022 INFO:teuthology.orchestra.run.smithi090.stdout:/usr/bin/ceph: stderr
2024-09-13T15:25:22.966+0000 7f773affd640 1 -- 172.21.15.90:0/3303666388 <== mon.0 v2:172.21.15.90:3300/0 1 ==== mon_map magic: 0 v1 ==== 229+0+0 (secure 0 0 0) 0x7f772c02ad40 con 0x7f773c105650
2024-09-13T15:25:29.022 INFO:teuthology.orchestra.run.smithi090.stdout:/usr/bin/ceph: stderr
2024-09-13T15:25:22.966+0000 7f773affd640 1 -- 172.21.15.90:0/3303666388 <== mon.0 v2:172.21.15.90:3300/0 2 ==== config(25 keys) v1 ==== 1036+0+0 (secure 0 0 0) 0x7f772c0328b0 con 0x7f773c105650
2024-09-13T15:25:29.022 INFO:teuthology.orchestra.run.smithi090.stdout:/usr/bin/ceph: stderr
2024-09-13T15:25:22.966+0000 7f773affd640 1 -- 172.21.15.90:0/3303666388 <== mon.0 v2:172.21.15.90:3300/0 3 ==== mon_map magic: 0 v1 ==== 229+0+0 (secure 0 0 0) 0x7f772c0307a0 con 0x7f773c105650
2024-09-13T15:25:29.022 INFO:teuthology.orchestra.run.smithi090.stdout:/usr/bin/ceph: stderr
2024-09-13T15:25:22.966+0000 7f774239f640 1 -- 172.21.15.90:0/3303666388 >> [v2:172.21.15.90:3300/0,v1:172.21.15.90:6789/0] conn(0x7f773c105650 msgr2=0x7f773c107a40 secure :-1 s=STATE_CONNECTION_ESTABLISHED l=1).mark_down
2024-09-13T15:25:29.022 INFO:teuthology.orchestra.run.smithi090.stdout:/usr/bin/ceph: stderr
2024-09-13T15:25:22.966+0000 7f774239f640 1 --2- 172.21.15.90:0/3303666388 >> [v2:172.21.15.90:3300/0,v1:172.21.15.90:6789/0] conn(0x7f773c105650 0x7f773c107a40 secure :-1 s=READY pgs=24 cs=0 l=1 rev1=1 crypto rx=0x7f772c009820 tx=0x7f772c02a270 comp rx=0 tx=0).stop
2024-09-13T15:25:29.023 INFO:teuthology.orchestra.run.smithi090.stdout:/usr/bin/ceph: stderr
2024-09-13T15:25:22.966+0000 7f774239f640 1 -- 172.21.15.90:0/3303666388 shutdown_connections
2024-09-13T15:25:29.023 INFO:teuthology.orchestra.run.smithi090.stdout:/usr/bin/ceph: stderr
2024-09-13T15:25:22.966+0000 7f774239f640 1 --2- 172.21.15.90:0/3303666388 >> [v2:172.21.15.90:3300/0,v1:172.21.15.90:6789/0] conn(0x7f773c105650 0x7f773c107a40 unknown :-1 s=CLOSED pgs=24 cs=0 l=1 rev1=1 crypto rx=0 tx=0 comp rx=0 tx=0).stop
2024-09-13T15:25:29.023 INFO:teuthology.orchestra.run.smithi090.stdout:/usr/bin/ceph: stderr
2024-09-13T15:25:22.966+0000 7f774239f640 1 -- 172.21.15.90:0/3303666388 >> 172.21.15.90:0/3303666388 conn(0x7f773c0ff230 msgr2=0x7f773c101650 unknown :-1 s=STATE_NONE l=0).mark_down
2024-09-13T15:25:29.023 INFO:teuthology.orchestra.run.smithi090.stdout:/usr/bin/ceph: stderr
2024-09-13T15:25:22.966+0000 7f774239f640 1 -- 172.21.15.90:0/3303666388 shutdown_connections
2024-09-13T15:25:29.023 INFO:teuthology.orchestra.run.smithi090.stdout:/usr/bin/ceph: stderr
2024-09-13T15:25:22.966+0000 7f774239f640 1 -- 172.21.15.90:0/3303666388 wait complete.
2024-09-13T15:25:29.023 INFO:teuthology.orchestra.run.smithi090.stdout:/usr/bin/ceph: stderr
2024-09-13T15:25:22.967+0000 7f774239f640 1 Processor -- start
2024-09-13T15:25:29.023 INFO:teuthology.orchestra.run.smithi090.stdout:/usr/bin/ceph: stderr
2024-09-13T15:25:22.967+0000 7f774239f640 1 -- start start
2024-09-13T15:25:29.023 INFO:teuthology.orchestra.run.smithi090.stdout:/usr/bin/ceph: stderr
2024-09-13T15:25:22.967+0000 7f774239f640 1 --2- >> [v2:172.21.15.90:3300/0,v1:172.21.15.90:6789/0] conn(0x7f773c105650 0x7f773c1964b0 unknown :-1 s=NONE pgs=0 cs=0 l=1 rev1=0 crypto rx=0 tx=0 comp rx=0 tx=0).connect
2024-09-13T15:25:29.023 INFO:teuthology.orchestra.run.smithi090.stdout:/usr/bin/ceph: stderr
2024-09-13T15:25:22.967+0000 7f774239f640 1 -- --> [v2:172.21.15.90:3300/0,v1:172.21.15.90:6789/0] -- mon_getmap magic: 0 v1 -- 0x7f773c1969f0 con 0x7f773c105650
2024-09-13T15:25:29.023 INFO:teuthology.orchestra.run.smithi090.stdout:/usr/bin/ceph: stderr
2024-09-13T15:25:22.967+0000 7f773bfff640 1 --2- >> [v2:172.21.15.90:3300/0,v1:172.21.15.90:6789/0] conn(0x7f773c105650 0x7f773c1964b0 unknown :-1 s=BANNER_CONNECTING pgs=0 cs=0 l=1 rev1=0 crypto rx=0 tx=0 comp rx=0 tx=0)._handle_peer_banner_payload supported=3 required=0
2024-09-13T15:25:29.024 INFO:teuthology.orchestra.run.smithi090.stdout:/usr/bin/ceph: stderr
2024-09-13T15:25:22.967+0000 7f773bfff640 1 --2- >> [v2:172.21.15.90:3300/0,v1:172.21.15.90:6789/0] conn(0x7f773c105650 0x7f773c1964b0 unknown :-1 s=HELLO_CONNECTING pgs=0 cs=0 l=1 rev1=1 crypto rx=0 tx=0 comp rx=0 tx=0).handle_hello peer v2:172.21.15.90:3300/0 says I am v2:172.21.15.90:41292/0 (socket says 172.21.15.90:41292)
2024-09-13T15:25:29.024 INFO:teuthology.orchestra.run.smithi090.stdout:/usr/bin/ceph: stderr
2024-09-13T15:25:22.967+0000 7f773bfff640 1 -- 172.21.15.90:0/734275692 learned_addr learned my addr 172.21.15.90:0/734275692 (peer_addr_for_me v2:172.21.15.90:0/0)
2024-09-13T15:25:29.024 INFO:teuthology.orchestra.run.smithi090.stdout:/usr/bin/ceph: stderr
2024-09-13T15:25:22.968+0000 7f773bfff640 1 -- 172.21.15.90:0/734275692 --> [v2:172.21.15.90:3300/0,v1:172.21.15.90:6789/0] -- mon_subscribe({config=0+,monmap=0+}) v3 -- 0x7f772c0094d0 con 0x7f773c105650
2024-09-13T15:25:29.024 INFO:teuthology.orchestra.run.smithi090.stdout:/usr/bin/ceph: stderr
2024-09-13T15:25:22.968+0000 7f773bfff640 1 --2- 172.21.15.90:0/734275692 >> [v2:172.21.15.90:3300/0,v1:172.21.15.90:6789/0] conn(0x7f773c105650 0x7f773c1964b0 secure :-1 s=READY pgs=25 cs=0 l=1 rev1=1 crypto rx=0x7f772c030490 tx=0x7f772c032840 comp rx=0 tx=0).ready entity=mon.0 client_cookie=0 server_cookie=0 in_seq=0 out_seq=0
2024-09-13T15:25:29.024 INFO:teuthology.orchestra.run.smithi090.stdout:/usr/bin/ceph: stderr
2024-09-13T15:25:22.968+0000 7f77397fa640 1 -- 172.21.15.90:0/734275692 <== mon.0 v2:172.21.15.90:3300/0 1 ==== mon_map magic: 0 v1 ==== 229+0+0 (secure 0 0 0) 0x7f772c030eb0 con 0x7f773c105650
2024-09-13T15:25:29.024 INFO:teuthology.orchestra.run.smithi090.stdout:/usr/bin/ceph: stderr
2024-09-13T15:25:22.968+0000 7f77397fa640 1 -- 172.21.15.90:0/734275692 <== mon.0 v2:172.21.15.90:3300/0 2 ==== config(25 keys) v1 ==== 1036+0+0 (secure 0 0 0) 0x7f772c032c30 con 0x7f773c105650
2024-09-13T15:25:29.024 INFO:teuthology.orchestra.run.smithi090.stdout:/usr/bin/ceph: stderr
2024-09-13T15:25:22.968+0000 7f774239f640 1 -- 172.21.15.90:0/734275692 --> [v2:172.21.15.90:3300/0,v1:172.21.15.90:6789/0] -- mon_subscribe({mgrmap=0+}) v3 -- 0x7f773c196bf0 con 0x7f773c105650
2024-09-13T15:25:29.024 INFO:teuthology.orchestra.run.smithi090.stdout:/usr/bin/ceph: stderr
2024-09-13T15:25:22.968+0000 7f77397fa640 1 -- 172.21.15.90:0/734275692 <== mon.0 v2:172.21.15.90:3300/0 3 ==== mon_map magic: 0 v1 ==== 229+0+0 (secure 0 0 0) 0x7f772c03a560 con 0x7f773c105650
2024-09-13T15:25:29.024 INFO:teuthology.orchestra.run.smithi090.stdout:/usr/bin/ceph: stderr
2024-09-13T15:25:22.968+0000 7f774239f640 1 -- 172.21.15.90:0/734275692 --> [v2:172.21.15.90:3300/0,v1:172.21.15.90:6789/0] -- mon_subscribe({osdmap=0}) v3 -- 0x7f773c197090 con 0x7f773c105650
2024-09-13T15:25:29.024 INFO:teuthology.orchestra.run.smithi090.stdout:/usr/bin/ceph: stderr
2024-09-13T15:25:22.969+0000 7f77397fa640 1 -- 172.21.15.90:0/734275692 <== mon.0 v2:172.21.15.90:3300/0 4 ==== mgrmap(e 5) v1 ==== 45556+0+0 (secure 0 0 0) 0x7f772c03a7e0 con 0x7f773c105650
2024-09-13T15:25:29.024 INFO:teuthology.orchestra.run.smithi090.stdout:/usr/bin/ceph: stderr
2024-09-13T15:25:22.969+0000 7f774239f640 1 -- 172.21.15.90:0/734275692 --> [v2:172.21.15.90:3300/0,v1:172.21.15.90:6789/0] -- mon_command({"prefix": "get_command_descriptions"} v 0) v1 -- 0x7f773c1039f0 con 0x7f773c105650
2024-09-13T15:25:29.024 INFO:teuthology.orchestra.run.smithi090.stdout:/usr/bin/ceph: stderr
2024-09-13T15:25:22.969+0000 7f77397fa640 1 --2- 172.21.15.90:0/734275692 >> [v2:172.21.15.90:6800/1322912193,v1:172.21.15.90:6801/1322912193] conn(0x7f772403cb60 0x7f772403f020 unknown :-1 s=NONE pgs=0 cs=0 l=1 rev1=0 crypto rx=0 tx=0 comp rx=0 tx=0).connect
2024-09-13T15:25:29.025 INFO:teuthology.orchestra.run.smithi090.stdout:/usr/bin/ceph: stderr
2024-09-13T15:25:22.969+0000 7f77397fa640 1 -- 172.21.15.90:0/734275692 <== mon.0 v2:172.21.15.90:3300/0 5 ==== osd_map(1..1 src has 1..1) v4 ==== 725+0+0 (secure 0 0 0) 0x7f772c06b6e0 con 0x7f773c105650
2024-09-13T15:25:29.025 INFO:teuthology.orchestra.run.smithi090.stdout:/usr/bin/ceph: stderr
2024-09-13T15:25:22.969+0000 7f773b7fe640 1 -- 172.21.15.90:0/734275692 >> [v2:172.21.15.90:6800/1322912193,v1:172.21.15.90:6801/1322912193] conn(0x7f772403cb60 msgr2=0x7f772403f020 unknown :-1 s=STATE_CONNECTING_RE l=1).process reconnect failed to v2:172.21.15.90:6800/1322912193
2024-09-13T15:25:29.025 INFO:teuthology.orchestra.run.smithi090.stdout:/usr/bin/ceph: stderr
2024-09-13T15:25:22.970+0000 7f773b7fe640 1 --2- 172.21.15.90:0/734275692 >> [v2:172.21.15.90:6800/1322912193,v1:172.21.15.90:6801/1322912193] conn(0x7f772403cb60 0x7f772403f020 unknown :-1 s=START_CONNECT pgs=0 cs=0 l=1 rev1=0 crypto rx=0 tx=0 comp rx=0 tx=0)._fault waiting 0.200000
2024-09-13T15:25:29.025 INFO:teuthology.orchestra.run.smithi090.stdout:/usr/bin/ceph: stderr
2024-09-13T15:25:22.978+0000 7f77397fa640 1 -- 172.21.15.90:0/734275692 <== mon.0 v2:172.21.15.90:3300/0 6 ==== mon_command_ack([{"prefix": "get_command_descriptions"}]=0 v0) v1 ==== 72+0+183819 (secure 0 0 0) 0x7f772c039d50 con 0x7f773c105650
2024-09-13T15:25:29.025 INFO:teuthology.orchestra.run.smithi090.stdout:/usr/bin/ceph: stderr
2024-09-13T15:25:23.171+0000 7f773b7fe640 1 -- 172.21.15.90:0/734275692 >> [v2:172.21.15.90:6800/1322912193,v1:172.21.15.90:6801/1322912193] conn(0x7f772403cb60 msgr2=0x7f772403f020 unknown :-1 s=STATE_CONNECTING_RE l=1).process reconnect failed to v2:172.21.15.90:6800/1322912193
2024-09-13T15:25:29.025 INFO:teuthology.orchestra.run.smithi090.stdout:/usr/bin/ceph: stderr
2024-09-13T15:25:23.171+0000 7f773b7fe640 1 --2- 172.21.15.90:0/734275692 >> [v2:172.21.15.90:6800/1322912193,v1:172.21.15.90:6801/1322912193] conn(0x7f772403cb60 0x7f772403f020 unknown :-1 s=START_CONNECT pgs=0 cs=0 l=1 rev1=0 crypto rx=0 tx=0 comp rx=0 tx=0)._fault waiting 0.400000
2024-09-13T15:25:29.025 INFO:teuthology.orchestra.run.smithi090.stdout:/usr/bin/ceph: stderr
2024-09-13T15:25:23.194+0000 7f774239f640 1 -- 172.21.15.90:0/734275692 --> [v2:172.21.15.90:3300/0,v1:172.21.15.90:6789/0] -- mon_command({"prefix": "mgr stat"} v 0) v1 -- 0x7f773c18fb50 con 0x7f773c105650
2024-09-13T15:25:29.025 INFO:teuthology.orchestra.run.smithi090.stdout:/usr/bin/ceph: stderr
2024-09-13T15:25:23.195+0000 7f77397fa640 1 -- 172.21.15.90:0/734275692 <== mon.0 v2:172.21.15.90:3300/0 7 ==== mon_command_ack([{"prefix": "mgr stat"}]=0 v5) v1 ==== 56+0+103 (secure 0 0 0) 0x7f772c044e90 con 0x7f773c105650
2024-09-13T15:25:29.025 INFO:teuthology.orchestra.run.smithi090.stdout:/usr/bin/ceph: stderr
2024-09-13T15:25:23.197+0000 7f774239f640 1 -- 172.21.15.90:0/734275692 >> [v2:172.21.15.90:6800/1322912193,v1:172.21.15.90:6801/1322912193] conn(0x7f772403cb60 msgr2=0x7f772403f020 unknown :-1 s=STATE_CONNECTING l=1).mark_down
2024-09-13T15:25:29.025 INFO:teuthology.orchestra.run.smithi090.stdout:/usr/bin/ceph: stderr
2024-09-13T15:25:23.197+0000 7f774239f640 1 --2- 172.21.15.90:0/734275692 >> [v2:172.21.15.90:6800/1322912193,v1:172.21.15.90:6801/1322912193] conn(0x7f772403cb60 0x7f772403f020 unknown :-1 s=START_CONNECT pgs=0 cs=0 l=1 rev1=0 crypto rx=0 tx=0 comp rx=0 tx=0).stop
2024-09-13T15:25:29.025 INFO:teuthology.orchestra.run.smithi090.stdout:/usr/bin/ceph: stderr
2024-09-13T15:25:23.197+0000 7f774239f640 1 -- 172.21.15.90:0/734275692 >> [v2:172.21.15.90:3300/0,v1:172.21.15.90:6789/0] conn(0x7f773c105650 msgr2=0x7f773c1964b0 secure :-1 s=STATE_CONNECTION_ESTABLISHED l=1).mark_down
2024-09-13T15:25:29.026 INFO:teuthology.orchestra.run.smithi090.stdout:/usr/bin/ceph: stderr
2024-09-13T15:25:23.197+0000 7f774239f640 1 --2- 172.21.15.90:0/734275692 >> [v2:172.21.15.90:3300/0,v1:172.21.15.90:6789/0] conn(0x7f773c105650 0x7f773c1964b0 secure :-1 s=READY pgs=25 cs=0 l=1 rev1=1 crypto rx=0x7f772c030490 tx=0x7f772c032840 comp rx=0 tx=0).stop
2024-09-13T15:25:29.026 INFO:teuthology.orchestra.run.smithi090.stdout:/usr/bin/ceph: stderr
2024-09-13T15:25:23.197+0000 7f774239f640 1 -- 172.21.15.90:0/734275692 shutdown_connections
2024-09-13T15:25:29.026 INFO:teuthology.orchestra.run.smithi090.stdout:/usr/bin/ceph: stderr
2024-09-13T15:25:23.197+0000 7f774239f640 1 --2- 172.21.15.90:0/734275692 >> [v2:172.21.15.90:6800/1322912193,v1:172.21.15.90:6801/1322912193] conn(0x7f772403cb60 0x7f772403f020 unknown :-1 s=CLOSED pgs=0 cs=0 l=1 rev1=0 crypto rx=0 tx=0 comp rx=0 tx=0).stop
2024-09-13T15:25:29.026 INFO:teuthology.orchestra.run.smithi090.stdout:/usr/bin/ceph: stderr
2024-09-13T15:25:23.197+0000 7f774239f640 1 --2- 172.21.15.90:0/734275692 >> [v2:172.21.15.90:3300/0,v1:172.21.15.90:6789/0] conn(0x7f773c105650 0x7f773c1964b0 unknown :-1 s=CLOSED pgs=25 cs=0 l=1 rev1=1 crypto rx=0 tx=0 comp rx=0 tx=0).stop
2024-09-13T15:25:29.026 INFO:teuthology.orchestra.run.smithi090.stdout:/usr/bin/ceph: stderr
2024-09-13T15:25:23.197+0000 7f774239f640 1 -- 172.21.15.90:0/734275692 >> 172.21.15.90:0/734275692 conn(0x7f773c0ff230 msgr2=0x7f773c101620 unknown :-1 s=STATE_NONE l=0).mark_down
2024-09-13T15:25:29.026 INFO:teuthology.orchestra.run.smithi090.stdout:/usr/bin/ceph: stderr
2024-09-13T15:25:23.197+0000 7f774239f640 1 -- 172.21.15.90:0/734275692 shutdown_connections
2024-09-13T15:25:29.026 INFO:teuthology.orchestra.run.smithi090.stdout:/usr/bin/ceph: stderr
2024-09-13T15:25:23.197+0000 7f774239f640 1 -- 172.21.15.90:0/734275692 wait complete.
2024-09-13T15:25:29.026 INFO:teuthology.orchestra.run.smithi090.stdout:Waiting for the mgr to restart...
2024-09-13T15:25:29.026 INFO:teuthology.orchestra.run.smithi090.stdout:Waiting for mgr epoch 5...
2024-09-13T15:25:30.252 INFO:journalctl@ceph.mon.smithi090.smithi090.stdout:Sep 13 15:25:29 smithi090 ceph-mon[27811]: [13/Sep/2024:15:25:28] ENGINE Bus STARTING
2024-09-13T15:25:30.252 INFO:journalctl@ceph.mon.smithi090.smithi090.stdout:Sep 13 15:25:29 smithi090 ceph-mon[27811]: [13/Sep/2024:15:25:28] ENGINE Serving on http://172.21.15.90:8765
2024-09-13T15:25:30.252 INFO:journalctl@ceph.mon.smithi090.smithi090.stdout:Sep 13 15:25:29 smithi090 ceph-mon[27811]: [13/Sep/2024:15:25:28] ENGINE Serving on https://172.21.15.90:7150
2024-09-13T15:25:30.252 INFO:journalctl@ceph.mon.smithi090.smithi090.stdout:Sep 13 15:25:29 smithi090 ceph-mon[27811]: [13/Sep/2024:15:25:28] ENGINE Bus STARTED
2024-09-13T15:25:30.252 INFO:journalctl@ceph.mon.smithi090.smithi090.stdout:Sep 13 15:25:29 smithi090 ceph-mon[27811]: [13/Sep/2024:15:25:28] ENGINE Error in HTTPServer.serve
2024-09-13T15:25:30.252 INFO:journalctl@ceph.mon.smithi090.smithi090.stdout: Traceback (most recent call last):
2024-09-13T15:25:30.252 INFO:journalctl@ceph.mon.smithi090.smithi090.stdout: File "/lib/python3.9/site-packages/cheroot/server.py", line 1823, in serve
2024-09-13T15:25:30.252 INFO:journalctl@ceph.mon.smithi090.smithi090.stdout: self._connections.run(self.expiration_interval)
2024-09-13T15:25:30.252 INFO:journalctl@ceph.mon.smithi090.smithi090.stdout: File "/lib/python3.9/site-packages/cheroot/connections.py", line 203, in run
2024-09-13T15:25:30.252 INFO:journalctl@ceph.mon.smithi090.smithi090.stdout: self._run(expiration_interval)
2024-09-13T15:25:30.252 INFO:journalctl@ceph.mon.smithi090.smithi090.stdout: File "/lib/python3.9/site-packages/cheroot/connections.py", line 246, in _run
2024-09-13T15:25:30.253 INFO:journalctl@ceph.mon.smithi090.smithi090.stdout: new_conn = self._from_server_socket(self.server.socket)
2024-09-13T15:25:30.253 INFO:journalctl@ceph.mon.smithi090.smithi090.stdout: File "/lib/python3.9/site-packages/cheroot/connections.py", line 300, in _from_server_socket
2024-09-13T15:25:30.253 INFO:journalctl@ceph.mon.smithi090.smithi090.stdout: s, ssl_env = self.server.ssl_adapter.wrap(s)
2024-09-13T15:25:30.253 INFO:journalctl@ceph.mon.smithi090.smithi090.stdout: File "/lib/python3.9/site-packages/cheroot/ssl/builtin.py", line 277, in wrap
2024-09-13T15:25:30.253 INFO:journalctl@ceph.mon.smithi090.smithi090.stdout: s = self.context.wrap_socket(
2024-09-13T15:25:30.253 INFO:journalctl@ceph.mon.smithi090.smithi090.stdout: File "/lib64/python3.9/ssl.py", line 501, in wrap_socket
2024-09-13T15:25:30.253 INFO:journalctl@ceph.mon.smithi090.smithi090.stdout: return self.sslsocket_class._create(
2024-09-13T15:25:30.253 INFO:journalctl@ceph.mon.smithi090.smithi090.stdout: File "/lib64/python3.9/ssl.py", line 1074, in _create
2024-09-13T15:25:30.253 INFO:journalctl@ceph.mon.smithi090.smithi090.stdout: self.do_handshake()
2024-09-13T15:25:30.253 INFO:journalctl@ceph.mon.smithi090.smithi090.stdout: File "/lib64/python3.9/ssl.py", line 1343, in do_handshake
2024-09-13T15:25:30.253 INFO:journalctl@ceph.mon.smithi090.smithi090.stdout: self._sslobj.do_handshake()
2024-09-13T15:25:30.253 INFO:journalctl@ceph.mon.smithi090.smithi090.stdout: ssl.SSLZeroReturnError: TLS/SSL connection has been closed (EOF) (_ssl.c:1133)
2024-09-13T15:25:30.253 INFO:journalctl@ceph.mon.smithi090.smithi090.stdout:Sep 13 15:25:29 smithi090 ceph-mon[27811]: mgrmap e8: smithi090.fyvvpd(active, since 2s)
2024-09-13T15:25:33.501 INFO:journalctl@ceph.mon.smithi090.smithi090.stdout:Sep 13 15:25:33 smithi090 ceph-mon[27811]: from='client.14128 -' entity='client.admin' cmd=[{"prefix": "get_command_descriptions"}]: dispatch
2024-09-13T15:25:33.501 INFO:journalctl@ceph.mon.smithi090.smithi090.stdout:Sep 13 15:25:33 smithi090 ceph-mon[27811]: from='client.14128 -' entity='client.admin' cmd=[{"prefix": "mgr_status"}]: dispatch
2024-09-13T15:25:38.633 INFO:teuthology.orchestra.run.smithi090.stdout:/usr/bin/ceph: stdout {
2024-09-13T15:25:38.634 INFO:teuthology.orchestra.run.smithi090.stdout:/usr/bin/ceph: stdout "mgrmap_epoch": 8,
2024-09-13T15:25:38.634 INFO:teuthology.orchestra.run.smithi090.stdout:/usr/bin/ceph: stdout "initialized": true
2024-09-13T15:25:38.634 INFO:teuthology.orchestra.run.smithi090.stdout:/usr/bin/ceph: stdout }
2024-09-13T15:25:38.634 INFO:teuthology.orchestra.run.smithi090.stdout:/usr/bin/ceph: stderr
2024-09-13T15:25:32.810+0000 7f8e0c229640 1 Processor -- start
2024-09-13T15:25:38.634 INFO:teuthology.orchestra.run.smithi090.stdout:/usr/bin/ceph: stderr
2024-09-13T15:25:32.810+0000 7f8e0c229640 1 -- start start
2024-09-13T15:25:38.634 INFO:teuthology.orchestra.run.smithi090.stdout:/usr/bin/ceph: stderr
2024-09-13T15:25:32.810+0000 7f8e0c229640 1 --2- >> [v2:172.21.15.90:3300/0,v1:172.21.15.90:6789/0] conn(0x7f8e04104b10 0x7f8e04104f10 unknown :-1 s=NONE pgs=0 cs=0 l=0 rev1=0 crypto rx=0 tx=0 comp rx=0 tx=0).connect
2024-09-13T15:25:38.634 INFO:teuthology.orchestra.run.smithi090.stdout:/usr/bin/ceph: stderr
2024-09-13T15:25:32.811+0000 7f8e0c229640 1 -- --> [v2:172.21.15.90:3300/0,v1:172.21.15.90:6789/0] -- mon_getmap magic: 0 v1 -- 0x7f8e041054e0 con 0x7f8e04104b10
2024-09-13T15:25:38.634 INFO:teuthology.orchestra.run.smithi090.stdout:/usr/bin/ceph: stderr
2024-09-13T15:25:32.811+0000 7f8e09fc5640 1 --2- >> [v2:172.21.15.90:3300/0,v1:172.21.15.90:6789/0] conn(0x7f8e04104b10 0x7f8e04104f10 unknown :-1 s=BANNER_CONNECTING pgs=0 cs=0 l=0 rev1=0 crypto rx=0 tx=0 comp rx=0 tx=0)._handle_peer_banner_payload supported=3 required=0
2024-09-13T15:25:38.634 INFO:teuthology.orchestra.run.smithi090.stdout:/usr/bin/ceph: stderr
2024-09-13T15:25:32.811+0000 7f8e09fc5640 1 --2- >> [v2:172.21.15.90:3300/0,v1:172.21.15.90:6789/0] conn(0x7f8e04104b10 0x7f8e04104f10 unknown :-1 s=HELLO_CONNECTING pgs=0 cs=0 l=0 rev1=1 crypto rx=0 tx=0 comp rx=0 tx=0).handle_hello peer v2:172.21.15.90:3300/0 says I am v2:172.21.15.90:53104/0 (socket says 172.21.15.90:53104)
2024-09-13T15:25:38.634 INFO:teuthology.orchestra.run.smithi090.stdout:/usr/bin/ceph: stderr
2024-09-13T15:25:32.811+0000 7f8e09fc5640 1 -- 172.21.15.90:0/272336689 learned_addr learned my addr 172.21.15.90:0/272336689 (peer_addr_for_me v2:172.21.15.90:0/0)
2024-09-13T15:25:38.634 INFO:teuthology.orchestra.run.smithi090.stdout:/usr/bin/ceph: stderr
2024-09-13T15:25:32.811+0000 7f8e09fc5640 1 -- 172.21.15.90:0/272336689 --> [v2:172.21.15.90:3300/0,v1:172.21.15.90:6789/0] -- mon_subscribe({config=0+,monmap=0+}) v3 -- 0x7f8e04105d10 con 0x7f8e04104b10
2024-09-13T15:25:38.635 INFO:teuthology.orchestra.run.smithi090.stdout:/usr/bin/ceph: stderr
2024-09-13T15:25:32.812+0000 7f8e09fc5640 1 --2- 172.21.15.90:0/272336689 >> [v2:172.21.15.90:3300/0,v1:172.21.15.90:6789/0] conn(0x7f8e04104b10 0x7f8e04104f10 secure :-1 s=READY pgs=33 cs=0 l=1 rev1=1 crypto rx=0x7f8e00009e80 tx=0x7f8e0002a7a0 comp rx=0 tx=0).ready entity=mon.0 client_cookie=75cf51b4a4bebcc3 server_cookie=0 in_seq=0 out_seq=0
2024-09-13T15:25:38.635 INFO:teuthology.orchestra.run.smithi090.stdout:/usr/bin/ceph: stderr
2024-09-13T15:25:32.812+0000 7f8e08fc3640 1 -- 172.21.15.90:0/272336689 <== mon.0 v2:172.21.15.90:3300/0 1 ==== mon_map magic: 0 v1 ==== 229+0+0 (secure 0 0 0) 0x7f8e00031400 con 0x7f8e04104b10
2024-09-13T15:25:38.635 INFO:teuthology.orchestra.run.smithi090.stdout:/usr/bin/ceph: stderr
2024-09-13T15:25:32.812+0000 7f8e08fc3640 1 -- 172.21.15.90:0/272336689 <== mon.0 v2:172.21.15.90:3300/0 2 ==== config(25 keys) v1 ==== 1036+0+0 (secure 0 0 0) 0x7f8e0002d050 con 0x7f8e04104b10
2024-09-13T15:25:38.635 INFO:teuthology.orchestra.run.smithi090.stdout:/usr/bin/ceph: stderr
2024-09-13T15:25:32.812+0000 7f8e08fc3640 1 -- 172.21.15.90:0/272336689 <== mon.0 v2:172.21.15.90:3300/0 3 ==== mon_map magic: 0 v1 ==== 229+0+0 (secure 0 0 0) 0x7f8e000077c0 con 0x7f8e04104b10
2024-09-13T15:25:38.635 INFO:teuthology.orchestra.run.smithi090.stdout:/usr/bin/ceph: stderr
2024-09-13T15:25:32.812+0000 7f8e0c229640 1 -- 172.21.15.90:0/272336689 >> [v2:172.21.15.90:3300/0,v1:172.21.15.90:6789/0] conn(0x7f8e04104b10 msgr2=0x7f8e04104f10 secure :-1 s=STATE_CONNECTION_ESTABLISHED l=1).mark_down
2024-09-13T15:25:38.635 INFO:teuthology.orchestra.run.smithi090.stdout:/usr/bin/ceph: stderr
2024-09-13T15:25:32.812+0000 7f8e0c229640 1 --2- 172.21.15.90:0/272336689 >> [v2:172.21.15.90:3300/0,v1:172.21.15.90:6789/0] conn(0x7f8e04104b10 0x7f8e04104f10 secure :-1 s=READY pgs=33 cs=0 l=1 rev1=1 crypto rx=0x7f8e00009e80 tx=0x7f8e0002a7a0 comp rx=0 tx=0).stop
2024-09-13T15:25:38.635 INFO:teuthology.orchestra.run.smithi090.stdout:/usr/bin/ceph: stderr
2024-09-13T15:25:32.812+0000 7f8e0c229640 1 -- 172.21.15.90:0/272336689 shutdown_connections
2024-09-13T15:25:38.635 INFO:teuthology.orchestra.run.smithi090.stdout:/usr/bin/ceph: stderr
2024-09-13T15:25:32.812+0000 7f8e0c229640 1 --2- 172.21.15.90:0/272336689 >> [v2:172.21.15.90:3300/0,v1:172.21.15.90:6789/0] conn(0x7f8e04104b10 0x7f8e04104f10 unknown :-1 s=CLOSED pgs=33 cs=0 l=1 rev1=1 crypto rx=0 tx=0 comp rx=0 tx=0).stop
2024-09-13T15:25:38.635 INFO:teuthology.orchestra.run.smithi090.stdout:/usr/bin/ceph: stderr
2024-09-13T15:25:32.812+0000 7f8e0c229640 1 -- 172.21.15.90:0/272336689 >> 172.21.15.90:0/272336689 conn(0x7f8e041002e0 msgr2=0x7f8e04102700 unknown :-1 s=STATE_NONE l=0).mark_down
2024-09-13T15:25:38.635 INFO:teuthology.orchestra.run.smithi090.stdout:/usr/bin/ceph: stderr
2024-09-13T15:25:32.813+0000 7f8e0c229640 1 -- 172.21.15.90:0/272336689 shutdown_connections
2024-09-13T15:25:38.635 INFO:teuthology.orchestra.run.smithi090.stdout:/usr/bin/ceph: stderr
2024-09-13T15:25:32.813+0000 7f8e0c229640 1 -- 172.21.15.90:0/272336689 wait complete.
2024-09-13T15:25:38.635 INFO:teuthology.orchestra.run.smithi090.stdout:/usr/bin/ceph: stderr
2024-09-13T15:25:32.813+0000 7f8e0c229640 1 Processor -- start
2024-09-13T15:25:38.636 INFO:teuthology.orchestra.run.smithi090.stdout:/usr/bin/ceph: stderr
2024-09-13T15:25:32.813+0000 7f8e0c229640 1 -- start start
2024-09-13T15:25:38.636 INFO:teuthology.orchestra.run.smithi090.stdout:/usr/bin/ceph: stderr
2024-09-13T15:25:32.813+0000 7f8e0c229640 1 --2- >> [v2:172.21.15.90:3300/0,v1:172.21.15.90:6789/0] conn(0x7f8e04104b10 0x7f8e04198870 unknown :-1 s=NONE pgs=0 cs=0 l=1 rev1=0 crypto rx=0 tx=0 comp rx=0 tx=0).connect
2024-09-13T15:25:38.636 INFO:teuthology.orchestra.run.smithi090.stdout:/usr/bin/ceph: stderr
2024-09-13T15:25:32.813+0000 7f8e0c229640 1 -- --> [v2:172.21.15.90:3300/0,v1:172.21.15.90:6789/0] -- mon_getmap magic: 0 v1 -- 0x7f8e04198db0 con 0x7f8e04104b10
2024-09-13T15:25:38.636 INFO:teuthology.orchestra.run.smithi090.stdout:/usr/bin/ceph: stderr
2024-09-13T15:25:32.813+0000 7f8e09fc5640 1 --2- >> [v2:172.21.15.90:3300/0,v1:172.21.15.90:6789/0] conn(0x7f8e04104b10 0x7f8e04198870 unknown :-1 s=BANNER_CONNECTING pgs=0 cs=0 l=1 rev1=0 crypto rx=0 tx=0 comp rx=0 tx=0)._handle_peer_banner_payload supported=3 required=0
2024-09-13T15:25:38.636 INFO:teuthology.orchestra.run.smithi090.stdout:/usr/bin/ceph: stderr
2024-09-13T15:25:32.813+0000 7f8e09fc5640 1 --2- >> [v2:172.21.15.90:3300/0,v1:172.21.15.90:6789/0] conn(0x7f8e04104b10 0x7f8e04198870 unknown :-1 s=HELLO_CONNECTING pgs=0 cs=0 l=1 rev1=1 crypto rx=0 tx=0 comp rx=0 tx=0).handle_hello peer v2:172.21.15.90:3300/0 says I am v2:172.21.15.90:53120/0 (socket says 172.21.15.90:53120)
2024-09-13T15:25:38.636 INFO:teuthology.orchestra.run.smithi090.stdout:/usr/bin/ceph: stderr
2024-09-13T15:25:32.813+0000 7f8e09fc5640 1 -- 172.21.15.90:0/2370267109 learned_addr learned my addr 172.21.15.90:0/2370267109 (peer_addr_for_me v2:172.21.15.90:0/0)
2024-09-13T15:25:38.636 INFO:teuthology.orchestra.run.smithi090.stdout:/usr/bin/ceph: stderr
2024-09-13T15:25:32.814+0000 7f8e09fc5640 1 -- 172.21.15.90:0/2370267109 --> [v2:172.21.15.90:3300/0,v1:172.21.15.90:6789/0] -- mon_subscribe({config=0+,monmap=0+}) v3 -- 0x7f8e00009b30 con 0x7f8e04104b10
2024-09-13T15:25:38.636 INFO:teuthology.orchestra.run.smithi090.stdout:/usr/bin/ceph: stderr
2024-09-13T15:25:32.814+0000 7f8e09fc5640 1 --2- 172.21.15.90:0/2370267109 >> [v2:172.21.15.90:3300/0,v1:172.21.15.90:6789/0] conn(0x7f8e04104b10 0x7f8e04198870 secure :-1 s=READY pgs=34 cs=0 l=1 rev1=1 crypto rx=0x7f8e00009fa0 tx=0x7f8e00031630 comp rx=0 tx=0).ready entity=mon.0 client_cookie=0 server_cookie=0 in_seq=0 out_seq=0
2024-09-13T15:25:38.636 INFO:teuthology.orchestra.run.smithi090.stdout:/usr/bin/ceph: stderr
2024-09-13T15:25:32.814+0000 7f8dfaffd640 1 -- 172.21.15.90:0/2370267109 <== mon.0 v2:172.21.15.90:3300/0 1 ==== mon_map magic: 0 v1 ==== 229+0+0 (secure 0 0 0) 0x7f8e00031b80 con 0x7f8e04104b10
2024-09-13T15:25:38.636 INFO:teuthology.orchestra.run.smithi090.stdout:/usr/bin/ceph: stderr
2024-09-13T15:25:32.814+0000 7f8dfaffd640 1 -- 172.21.15.90:0/2370267109 <== mon.0 v2:172.21.15.90:3300/0 2 ==== config(25 keys) v1 ==== 1036+0+0 (secure 0 0 0) 0x7f8e00031ce0 con 0x7f8e04104b10
2024-09-13T15:25:38.636 INFO:teuthology.orchestra.run.smithi090.stdout:/usr/bin/ceph: stderr
2024-09-13T15:25:32.814+0000 7f8dfaffd640 1 -- 172.21.15.90:0/2370267109 <== mon.0 v2:172.21.15.90:3300/0 3 ==== mon_map magic: 0 v1 ==== 229+0+0 (secure 0 0 0) 0x7f8e00039620 con 0x7f8e04104b10
2024-09-13T15:25:38.636 INFO:teuthology.orchestra.run.smithi090.stdout:/usr/bin/ceph: stderr
2024-09-13T15:25:32.814+0000 7f8e0c229640 1 -- 172.21.15.90:0/2370267109 --> [v2:172.21.15.90:3300/0,v1:172.21.15.90:6789/0] -- mon_subscribe({mgrmap=0+}) v3 -- 0x7f8e04106b90 con 0x7f8e04104b10
2024-09-13T15:25:38.636 INFO:teuthology.orchestra.run.smithi090.stdout:/usr/bin/ceph: stderr
2024-09-13T15:25:32.814+0000 7f8e0c229640 1 -- 172.21.15.90:0/2370267109 --> [v2:172.21.15.90:3300/0,v1:172.21.15.90:6789/0] -- mon_subscribe({osdmap=0}) v3 -- 0x7f8e041992c0 con 0x7f8e04104b10
2024-09-13T15:25:38.637 INFO:teuthology.orchestra.run.smithi090.stdout:/usr/bin/ceph: stderr
2024-09-13T15:25:32.815+0000 7f8dfaffd640 1 -- 172.21.15.90:0/2370267109 <== mon.0 v2:172.21.15.90:3300/0 4 ==== mgrmap(e 8) v1 ==== 45556+0+0 (secure 0 0 0) 0x7f8e00038040 con 0x7f8e04104b10
2024-09-13T15:25:38.637 INFO:teuthology.orchestra.run.smithi090.stdout:/usr/bin/ceph: stderr
2024-09-13T15:25:32.815+0000 7f8dfaffd640 1 --2- 172.21.15.90:0/2370267109 >> [v2:172.21.15.90:6800/3565908774,v1:172.21.15.90:6801/3565908774] conn(0x7f8df0038760 0x7f8df003ac20 unknown :-1 s=NONE pgs=0 cs=0 l=1 rev1=0 crypto rx=0 tx=0 comp rx=0 tx=0).connect
2024-09-13T15:25:38.637 INFO:teuthology.orchestra.run.smithi090.stdout:/usr/bin/ceph: stderr
2024-09-13T15:25:32.815+0000 7f8dfaffd640 1 -- 172.21.15.90:0/2370267109 --> [v2:172.21.15.90:6800/3565908774,v1:172.21.15.90:6801/3565908774] -- command(tid 0: {"prefix": "get_command_descriptions"}) v1 -- 0x7f8df003b330 con 0x7f8df0038760
2024-09-13T15:25:38.637 INFO:teuthology.orchestra.run.smithi090.stdout:/usr/bin/ceph: stderr
2024-09-13T15:25:32.815+0000 7f8dfaffd640 1 -- 172.21.15.90:0/2370267109 <== mon.0 v2:172.21.15.90:3300/0 5 ==== osd_map(2..2 src has 1..2) v4 ==== 940+0+0 (secure 0 0 0) 0x7f8e0006b820 con 0x7f8e04104b10
2024-09-13T15:25:38.637 INFO:teuthology.orchestra.run.smithi090.stdout:/usr/bin/ceph: stderr
2024-09-13T15:25:32.815+0000 7f8e097c4640 1 --2- 172.21.15.90:0/2370267109 >> [v2:172.21.15.90:6800/3565908774,v1:172.21.15.90:6801/3565908774] conn(0x7f8df0038760 0x7f8df003ac20 unknown :-1 s=BANNER_CONNECTING pgs=0 cs=0 l=1 rev1=0 crypto rx=0 tx=0 comp rx=0 tx=0)._handle_peer_banner_payload supported=3 required=0
2024-09-13T15:25:38.637 INFO:teuthology.orchestra.run.smithi090.stdout:/usr/bin/ceph: stderr
2024-09-13T15:25:32.816+0000 7f8e097c4640 1 --2- 172.21.15.90:0/2370267109 >> [v2:172.21.15.90:6800/3565908774,v1:172.21.15.90:6801/3565908774] conn(0x7f8df0038760 0x7f8df003ac20 secure :-1 s=READY pgs=6 cs=0 l=1 rev1=1 crypto rx=0x7f8df40098c0 tx=0x7f8df4006db0 comp rx=0 tx=0).ready entity=mgr.14118 client_cookie=0 server_cookie=0 in_seq=0 out_seq=0
2024-09-13T15:25:38.637 INFO:teuthology.orchestra.run.smithi090.stdout:/usr/bin/ceph: stderr
2024-09-13T15:25:32.816+0000 7f8dfaffd640 1 -- 172.21.15.90:0/2370267109 <== mgr.14118 v2:172.21.15.90:6800/3565908774 1 ==== command_reply(tid 0: 0 ) v1 ==== 8+0+7774 (secure 0 0 0) 0x7f8df003b330 con 0x7f8df0038760
2024-09-13T15:25:38.637 INFO:teuthology.orchestra.run.smithi090.stdout:/usr/bin/ceph: stderr
2024-09-13T15:25:32.821+0000 7f8e0c229640 1 -- 172.21.15.90:0/2370267109 --> [v2:172.21.15.90:6800/3565908774,v1:172.21.15.90:6801/3565908774] -- command(tid 1: {"prefix": "mgr_status"}) v1 -- 0x7f8e04199500 con 0x7f8df0038760
2024-09-13T15:25:38.637 INFO:teuthology.orchestra.run.smithi090.stdout:/usr/bin/ceph: stderr
2024-09-13T15:25:32.821+0000 7f8dfaffd640 1 -- 172.21.15.90:0/2370267109 <== mgr.14118 v2:172.21.15.90:6800/3565908774 2 ==== command_reply(tid 1: 0 ) v1 ==== 8+0+51 (secure 0 0 0) 0x7f8e04199500 con 0x7f8df0038760
2024-09-13T15:25:38.637 INFO:teuthology.orchestra.run.smithi090.stdout:/usr/bin/ceph: stderr
2024-09-13T15:25:32.822+0000 7f8e0c229640 1 -- 172.21.15.90:0/2370267109 >> [v2:172.21.15.90:6800/3565908774,v1:172.21.15.90:6801/3565908774] conn(0x7f8df0038760 msgr2=0x7f8df003ac20 secure :-1 s=STATE_CONNECTION_ESTABLISHED l=1).mark_down
2024-09-13T15:25:38.637 INFO:teuthology.orchestra.run.smithi090.stdout:/usr/bin/ceph: stderr
2024-09-13T15:25:32.822+0000 7f8e0c229640 1 --2- 172.21.15.90:0/2370267109 >> [v2:172.21.15.90:6800/3565908774,v1:172.21.15.90:6801/3565908774] conn(0x7f8df0038760 0x7f8df003ac20 secure :-1 s=READY pgs=6 cs=0 l=1 rev1=1 crypto rx=0x7f8df40098c0 tx=0x7f8df4006db0 comp rx=0 tx=0).stop
2024-09-13T15:25:38.637 INFO:teuthology.orchestra.run.smithi090.stdout:/usr/bin/ceph: stderr
2024-09-13T15:25:32.822+0000 7f8e0c229640 1 -- 172.21.15.90:0/2370267109 >> [v2:172.21.15.90:3300/0,v1:172.21.15.90:6789/0] conn(0x7f8e04104b10 msgr2=0x7f8e04198870 secure :-1 s=STATE_CONNECTION_ESTABLISHED l=1).mark_down
2024-09-13T15:25:38.638 INFO:teuthology.orchestra.run.smithi090.stdout:/usr/bin/ceph: stderr
2024-09-13T15:25:32.822+0000 7f8e0c229640 1 --2- 172.21.15.90:0/2370267109 >> [v2:172.21.15.90:3300/0,v1:172.21.15.90:6789/0] conn(0x7f8e04104b10 0x7f8e04198870 secure :-1 s=READY pgs=34 cs=0 l=1 rev1=1 crypto rx=0x7f8e00009fa0 tx=0x7f8e00031630 comp rx=0 tx=0).stop
2024-09-13T15:25:38.638 INFO:teuthology.orchestra.run.smithi090.stdout:/usr/bin/ceph: stderr
2024-09-13T15:25:32.822+0000 7f8e0c229640 1 -- 172.21.15.90:0/2370267109 shutdown_connections
2024-09-13T15:25:38.638 INFO:teuthology.orchestra.run.smithi090.stdout:/usr/bin/ceph: stderr
2024-09-13T15:25:32.822+0000 7f8e0c229640 1 --2- 172.21.15.90:0/2370267109 >> [v2:172.21.15.90:6800/3565908774,v1:172.21.15.90:6801/3565908774] conn(0x7f8df0038760 0x7f8df003ac20 unknown :-1 s=CLOSED pgs=6 cs=0 l=1 rev1=1 crypto rx=0 tx=0 comp rx=0 tx=0).stop
2024-09-13T15:25:38.638 INFO:teuthology.orchestra.run.smithi090.stdout:/usr/bin/ceph: stderr
2024-09-13T15:25:32.822+0000 7f8e0c229640 1 --2- 172.21.15.90:0/2370267109 >> [v2:172.21.15.90:3300/0,v1:172.21.15.90:6789/0] conn(0x7f8e04104b10 0x7f8e04198870 unknown :-1 s=CLOSED pgs=34 cs=0 l=1 rev1=1 crypto rx=0 tx=0 comp rx=0 tx=0).stop
2024-09-13T15:25:38.638 INFO:teuthology.orchestra.run.smithi090.stdout:/usr/bin/ceph: stderr
2024-09-13T15:25:32.822+0000 7f8e0c229640 1 -- 172.21.15.90:0/2370267109 >> 172.21.15.90:0/2370267109 conn(0x7f8e041002e0 msgr2=0x7f8e04100d90 unknown :-1 s=STATE_NONE l=0).mark_down
2024-09-13T15:25:38.638 INFO:teuthology.orchestra.run.smithi090.stdout:/usr/bin/ceph: stderr
2024-09-13T15:25:32.822+0000 7f8e0c229640 1 -- 172.21.15.90:0/2370267109 shutdown_connections
2024-09-13T15:25:38.638 INFO:teuthology.orchestra.run.smithi090.stdout:/usr/bin/ceph: stderr
2024-09-13T15:25:32.822+0000 7f8e0c229640 1 -- 172.21.15.90:0/2370267109 wait complete.
2024-09-13T15:25:38.638 INFO:teuthology.orchestra.run.smithi090.stdout:mgr epoch 5 is available
2024-09-13T15:25:38.638 INFO:teuthology.orchestra.run.smithi090.stdout:Setting orchestrator backend to cephadm...
2024-09-13T15:25:39.765 INFO:teuthology.orchestra.run.smithi090.stdout:/usr/bin/ceph: stderr
2024-09-13T15:25:39.009+0000 7f2faa931640 1 Processor -- start
2024-09-13T15:25:39.765 INFO:teuthology.orchestra.run.smithi090.stdout:/usr/bin/ceph: stderr
2024-09-13T15:25:39.009+0000 7f2faa931640 1 -- start start
2024-09-13T15:25:39.765 INFO:teuthology.orchestra.run.smithi090.stdout:/usr/bin/ceph: stderr
2024-09-13T15:25:39.009+0000 7f2faa931640 1 --2- >> [v2:172.21.15.90:3300/0,v1:172.21.15.90:6789/0] conn(0x7f2fa41033a0 0x7f2fa41037a0 unknown :-1 s=NONE pgs=0 cs=0 l=0 rev1=0 crypto rx=0 tx=0 comp rx=0 tx=0).connect
2024-09-13T15:25:39.765 INFO:teuthology.orchestra.run.smithi090.stdout:/usr/bin/ceph: stderr
2024-09-13T15:25:39.009+0000 7f2faa931640 1 -- --> [v2:172.21.15.90:3300/0,v1:172.21.15.90:6789/0] -- mon_getmap magic: 0 v1 -- 0x7f2fa4077e30 con 0x7f2fa41033a0
2024-09-13T15:25:39.765 INFO:teuthology.orchestra.run.smithi090.stdout:/usr/bin/ceph: stderr
2024-09-13T15:25:39.009+0000 7f2fa3fff640 1 --2- >> [v2:172.21.15.90:3300/0,v1:172.21.15.90:6789/0] conn(0x7f2fa41033a0 0x7f2fa41037a0 unknown :-1 s=BANNER_CONNECTING pgs=0 cs=0 l=0 rev1=0 crypto rx=0 tx=0 comp rx=0 tx=0)._handle_peer_banner_payload supported=3 required=0
2024-09-13T15:25:39.765 INFO:teuthology.orchestra.run.smithi090.stdout:/usr/bin/ceph: stderr
2024-09-13T15:25:39.009+0000 7f2fa3fff640 1 --2- >> [v2:172.21.15.90:3300/0,v1:172.21.15.90:6789/0] conn(0x7f2fa41033a0 0x7f2fa41037a0 unknown :-1 s=HELLO_CONNECTING pgs=0 cs=0 l=0 rev1=1 crypto rx=0 tx=0 comp rx=0 tx=0).handle_hello peer v2:172.21.15.90:3300/0 says I am v2:172.21.15.90:54164/0 (socket says 172.21.15.90:54164)
2024-09-13T15:25:39.765 INFO:teuthology.orchestra.run.smithi090.stdout:/usr/bin/ceph: stderr
2024-09-13T15:25:39.009+0000 7f2fa3fff640 1 -- 172.21.15.90:0/2526220346 learned_addr learned my addr 172.21.15.90:0/2526220346 (peer_addr_for_me v2:172.21.15.90:0/0)
2024-09-13T15:25:39.766 INFO:teuthology.orchestra.run.smithi090.stdout:/usr/bin/ceph: stderr
2024-09-13T15:25:39.009+0000 7f2fa3fff640 1 -- 172.21.15.90:0/2526220346 --> [v2:172.21.15.90:3300/0,v1:172.21.15.90:6789/0] -- mon_subscribe({config=0+,monmap=0+}) v3 -- 0x7f2fa4103ce0 con 0x7f2fa41033a0
2024-09-13T15:25:39.766 INFO:teuthology.orchestra.run.smithi090.stdout:/usr/bin/ceph: stderr
2024-09-13T15:25:39.010+0000 7f2fa3fff640 1 --2- 172.21.15.90:0/2526220346 >> [v2:172.21.15.90:3300/0,v1:172.21.15.90:6789/0] conn(0x7f2fa41033a0 0x7f2fa41037a0 secure :-1 s=READY pgs=35 cs=0 l=1 rev1=1 crypto rx=0x7f2f94009820 tx=0x7f2f9402a270 comp rx=0 tx=0).ready entity=mon.0 client_cookie=542bbf613795939f server_cookie=0 in_seq=0 out_seq=0
2024-09-13T15:25:39.766 INFO:teuthology.orchestra.run.smithi090.stdout:/usr/bin/ceph: stderr
2024-09-13T15:25:39.010+0000 7f2fa2ffd640 1 -- 172.21.15.90:0/2526220346 <== mon.0 v2:172.21.15.90:3300/0 1 ==== mon_map magic: 0 v1 ==== 229+0+0 (secure 0 0 0) 0x7f2f9402ad40 con 0x7f2fa41033a0
2024-09-13T15:25:39.766 INFO:teuthology.orchestra.run.smithi090.stdout:/usr/bin/ceph: stderr
2024-09-13T15:25:39.010+0000 7f2fa2ffd640 1 -- 172.21.15.90:0/2526220346 <== mon.0 v2:172.21.15.90:3300/0 2 ==== config(25 keys) v1 ==== 1036+0+0 (secure 0 0 0) 0x7f2f940328b0 con 0x7f2fa41033a0
2024-09-13T15:25:39.766 INFO:teuthology.orchestra.run.smithi090.stdout:/usr/bin/ceph: stderr
2024-09-13T15:25:39.010+0000 7f2fa2ffd640 1 -- 172.21.15.90:0/2526220346 <== mon.0 v2:172.21.15.90:3300/0 3 ==== mon_map magic: 0 v1 ==== 229+0+0 (secure 0 0 0) 0x7f2f940307a0 con 0x7f2fa41033a0
2024-09-13T15:25:39.766 INFO:teuthology.orchestra.run.smithi090.stdout:/usr/bin/ceph: stderr
2024-09-13T15:25:39.011+0000 7f2faa931640 1 -- 172.21.15.90:0/2526220346 >> [v2:172.21.15.90:3300/0,v1:172.21.15.90:6789/0] conn(0x7f2fa41033a0 msgr2=0x7f2fa41037a0 secure :-1 s=STATE_CONNECTION_ESTABLISHED l=1).mark_down
2024-09-13T15:25:39.766 INFO:teuthology.orchestra.run.smithi090.stdout:/usr/bin/ceph: stderr
2024-09-13T15:25:39.011+0000 7f2faa931640 1 --2- 172.21.15.90:0/2526220346 >> [v2:172.21.15.90:3300/0,v1:172.21.15.90:6789/0] conn(0x7f2fa41033a0 0x7f2fa41037a0 secure :-1 s=READY pgs=35 cs=0 l=1 rev1=1 crypto rx=0x7f2f94009820 tx=0x7f2f9402a270 comp rx=0 tx=0).stop
2024-09-13T15:25:39.766 INFO:teuthology.orchestra.run.smithi090.stdout:/usr/bin/ceph: stderr
2024-09-13T15:25:39.011+0000 7f2faa931640 1 -- 172.21.15.90:0/2526220346 shutdown_connections
2024-09-13T15:25:39.766 INFO:teuthology.orchestra.run.smithi090.stdout:/usr/bin/ceph: stderr
2024-09-13T15:25:39.011+0000 7f2faa931640 1 --2- 172.21.15.90:0/2526220346 >> [v2:172.21.15.90:3300/0,v1:172.21.15.90:6789/0] conn(0x7f2fa41033a0 0x7f2fa41037a0 unknown :-1 s=CLOSED pgs=35 cs=0 l=1 rev1=1 crypto rx=0 tx=0 comp rx=0 tx=0).stop
2024-09-13T15:25:39.766 INFO:teuthology.orchestra.run.smithi090.stdout:/usr/bin/ceph: stderr
2024-09-13T15:25:39.011+0000 7f2faa931640 1 -- 172.21.15.90:0/2526220346 >> 172.21.15.90:0/2526220346 conn(0x7f2fa40ff1b0 msgr2=0x7f2fa41015d0 unknown :-1 s=STATE_NONE l=0).mark_down
2024-09-13T15:25:39.766 INFO:teuthology.orchestra.run.smithi090.stdout:/usr/bin/ceph: stderr
2024-09-13T15:25:39.011+0000 7f2faa931640 1 -- 172.21.15.90:0/2526220346 shutdown_connections
2024-09-13T15:25:39.766 INFO:teuthology.orchestra.run.smithi090.stdout:/usr/bin/ceph: stderr
2024-09-13T15:25:39.011+0000 7f2faa931640 1 -- 172.21.15.90:0/2526220346 wait complete.
2024-09-13T15:25:39.766 INFO:teuthology.orchestra.run.smithi090.stdout:/usr/bin/ceph: stderr
2024-09-13T15:25:39.012+0000 7f2faa931640 1 Processor -- start
2024-09-13T15:25:39.767 INFO:teuthology.orchestra.run.smithi090.stdout:/usr/bin/ceph: stderr
2024-09-13T15:25:39.012+0000 7f2faa931640 1 -- start start
2024-09-13T15:25:39.767 INFO:teuthology.orchestra.run.smithi090.stdout:/usr/bin/ceph: stderr
2024-09-13T15:25:39.012+0000 7f2faa931640 1 --2- >> [v2:172.21.15.90:3300/0,v1:172.21.15.90:6789/0] conn(0x7f2fa41033a0 0x7f2fa419a8a0 unknown :-1 s=NONE pgs=0 cs=0 l=1 rev1=0 crypto rx=0 tx=0 comp rx=0 tx=0).connect
2024-09-13T15:25:39.767 INFO:teuthology.orchestra.run.smithi090.stdout:/usr/bin/ceph: stderr
2024-09-13T15:25:39.012+0000 7f2faa931640 1 -- --> [v2:172.21.15.90:3300/0,v1:172.21.15.90:6789/0] -- mon_getmap magic: 0 v1 -- 0x7f2fa419ade0 con 0x7f2fa41033a0
2024-09-13T15:25:39.767 INFO:teuthology.orchestra.run.smithi090.stdout:/usr/bin/ceph: stderr
2024-09-13T15:25:39.012+0000 7f2fa3fff640 1 --2- >> [v2:172.21.15.90:3300/0,v1:172.21.15.90:6789/0] conn(0x7f2fa41033a0 0x7f2fa419a8a0 unknown :-1 s=BANNER_CONNECTING pgs=0 cs=0 l=1 rev1=0 crypto rx=0 tx=0 comp rx=0 tx=0)._handle_peer_banner_payload supported=3 required=0
2024-09-13T15:25:39.767 INFO:teuthology.orchestra.run.smithi090.stdout:/usr/bin/ceph: stderr
2024-09-13T15:25:39.012+0000 7f2fa3fff640 1 --2- >> [v2:172.21.15.90:3300/0,v1:172.21.15.90:6789/0] conn(0x7f2fa41033a0 0x7f2fa419a8a0 unknown :-1 s=HELLO_CONNECTING pgs=0 cs=0 l=1 rev1=1 crypto rx=0 tx=0 comp rx=0 tx=0).handle_hello peer v2:172.21.15.90:3300/0 says I am v2:172.21.15.90:54176/0 (socket says 172.21.15.90:54176)
2024-09-13T15:25:39.767 INFO:teuthology.orchestra.run.smithi090.stdout:/usr/bin/ceph: stderr
2024-09-13T15:25:39.012+0000 7f2fa3fff640 1 -- 172.21.15.90:0/2594508904 learned_addr learned my addr 172.21.15.90:0/2594508904 (peer_addr_for_me v2:172.21.15.90:0/0)
2024-09-13T15:25:39.767 INFO:teuthology.orchestra.run.smithi090.stdout:/usr/bin/ceph: stderr
2024-09-13T15:25:39.012+0000 7f2fa3fff640 1 -- 172.21.15.90:0/2594508904 --> [v2:172.21.15.90:3300/0,v1:172.21.15.90:6789/0] -- mon_subscribe({config=0+,monmap=0+}) v3 -- 0x7f2f940094d0 con 0x7f2fa41033a0
2024-09-13T15:25:39.767 INFO:teuthology.orchestra.run.smithi090.stdout:/usr/bin/ceph: stderr
2024-09-13T15:25:39.013+0000 7f2fa3fff640 1 --2- 172.21.15.90:0/2594508904 >> [v2:172.21.15.90:3300/0,v1:172.21.15.90:6789/0] conn(0x7f2fa41033a0 0x7f2fa419a8a0 secure :-1 s=READY pgs=36 cs=0 l=1 rev1=1 crypto rx=0x7f2f94030490 tx=0x7f2f94032840 comp rx=0 tx=0).ready entity=mon.0 client_cookie=0 server_cookie=0 in_seq=0 out_seq=0
2024-09-13T15:25:39.767 INFO:teuthology.orchestra.run.smithi090.stdout:/usr/bin/ceph: stderr
2024-09-13T15:25:39.013+0000 7f2fa17fa640 1 -- 172.21.15.90:0/2594508904 <== mon.0 v2:172.21.15.90:3300/0 1 ==== mon_map magic: 0 v1 ==== 229+0+0 (secure 0 0 0) 0x7f2f94030eb0 con 0x7f2fa41033a0
2024-09-13T15:25:39.767 INFO:teuthology.orchestra.run.smithi090.stdout:/usr/bin/ceph: stderr
2024-09-13T15:25:39.013+0000 7f2fa17fa640 1 -- 172.21.15.90:0/2594508904 <== mon.0 v2:172.21.15.90:3300/0 2 ==== config(25 keys) v1 ==== 1036+0+0 (secure 0 0 0) 0x7f2f94032c30 con 0x7f2fa41033a0
2024-09-13T15:25:39.768 INFO:teuthology.orchestra.run.smithi090.stdout:/usr/bin/ceph: stderr
2024-09-13T15:25:39.013+0000 7f2faa931640 1 -- 172.21.15.90:0/2594508904 --> [v2:172.21.15.90:3300/0,v1:172.21.15.90:6789/0] -- mon_subscribe({mgrmap=0+}) v3 -- 0x7f2fa419afe0 con 0x7f2fa41033a0
2024-09-13T15:25:39.768 INFO:teuthology.orchestra.run.smithi090.stdout:/usr/bin/ceph: stderr
2024-09-13T15:25:39.013+0000 7f2fa17fa640 1 -- 172.21.15.90:0/2594508904 <== mon.0 v2:172.21.15.90:3300/0 3 ==== mon_map magic: 0 v1 ==== 229+0+0 (secure 0 0 0) 0x7f2f9403a560 con 0x7f2fa41033a0
2024-09-13T15:25:39.768 INFO:teuthology.orchestra.run.smithi090.stdout:/usr/bin/ceph: stderr
2024-09-13T15:25:39.013+0000 7f2faa931640 1 -- 172.21.15.90:0/2594508904 --> [v2:172.21.15.90:3300/0,v1:172.21.15.90:6789/0] -- mon_subscribe({osdmap=0}) v3 -- 0x7f2fa419b480 con 0x7f2fa41033a0
2024-09-13T15:25:39.768 INFO:teuthology.orchestra.run.smithi090.stdout:/usr/bin/ceph: stderr
2024-09-13T15:25:39.014+0000 7f2fa17fa640 1 -- 172.21.15.90:0/2594508904 <== mon.0 v2:172.21.15.90:3300/0 4 ==== mgrmap(e 8) v1 ==== 45556+0+0 (secure 0 0 0) 0x7f2f9403a820 con 0x7f2fa41033a0
2024-09-13T15:25:39.768 INFO:teuthology.orchestra.run.smithi090.stdout:/usr/bin/ceph: stderr
2024-09-13T15:25:39.014+0000 7f2faa931640 1 -- 172.21.15.90:0/2594508904 --> [v2:172.21.15.90:3300/0,v1:172.21.15.90:6789/0] -- mon_command({"prefix": "get_command_descriptions"} v 0) v1 -- 0x7f2fa4104cb0 con 0x7f2fa41033a0
2024-09-13T15:25:39.768 INFO:teuthology.orchestra.run.smithi090.stdout:/usr/bin/ceph: stderr
2024-09-13T15:25:39.014+0000 7f2fa17fa640 1 --2- 172.21.15.90:0/2594508904 >> [v2:172.21.15.90:6800/3565908774,v1:172.21.15.90:6801/3565908774] conn(0x7f2f8c038710 0x7f2f8c03abd0 unknown :-1 s=NONE pgs=0 cs=0 l=1 rev1=0 crypto rx=0 tx=0 comp rx=0 tx=0).connect
2024-09-13T15:25:39.768 INFO:teuthology.orchestra.run.smithi090.stdout:/usr/bin/ceph: stderr
2024-09-13T15:25:39.014+0000 7f2fa17fa640 1 -- 172.21.15.90:0/2594508904 <== mon.0 v2:172.21.15.90:3300/0 5 ==== osd_map(2..2 src has 1..2) v4 ==== 940+0+0 (secure 0 0 0) 0x7f2f9406bb70 con 0x7f2fa41033a0
2024-09-13T15:25:39.768 INFO:teuthology.orchestra.run.smithi090.stdout:/usr/bin/ceph: stderr
2024-09-13T15:25:39.014+0000 7f2fa37fe640 1 --2- 172.21.15.90:0/2594508904 >> [v2:172.21.15.90:6800/3565908774,v1:172.21.15.90:6801/3565908774] conn(0x7f2f8c038710 0x7f2f8c03abd0 unknown :-1 s=BANNER_CONNECTING pgs=0 cs=0 l=1 rev1=0 crypto rx=0 tx=0 comp rx=0 tx=0)._handle_peer_banner_payload supported=3 required=0
2024-09-13T15:25:39.768 INFO:teuthology.orchestra.run.smithi090.stdout:/usr/bin/ceph: stderr
2024-09-13T15:25:39.015+0000 7f2fa37fe640 1 --2- 172.21.15.90:0/2594508904 >> [v2:172.21.15.90:6800/3565908774,v1:172.21.15.90:6801/3565908774] conn(0x7f2f8c038710 0x7f2f8c03abd0 secure :-1 s=READY pgs=7 cs=0 l=1 rev1=1 crypto rx=0x7f2f980098c0 tx=0x7f2f98006db0 comp rx=0 tx=0).ready entity=mgr.14118 client_cookie=0 server_cookie=0 in_seq=0 out_seq=0
2024-09-13T15:25:39.769 INFO:teuthology.orchestra.run.smithi090.stdout:/usr/bin/ceph: stderr
2024-09-13T15:25:39.019+0000 7f2fa17fa640 1 -- 172.21.15.90:0/2594508904 <== mon.0 v2:172.21.15.90:3300/0 6 ==== mon_command_ack([{"prefix": "get_command_descriptions"}]=0 v0) v1 ==== 72+0+183819 (secure 0 0 0) 0x7f2f94043310 con 0x7f2fa41033a0
2024-09-13T15:25:39.769 INFO:teuthology.orchestra.run.smithi090.stdout:/usr/bin/ceph: stderr
2024-09-13T15:25:39.193+0000 7f2faa931640 1 -- 172.21.15.90:0/2594508904 --> [v2:172.21.15.90:6800/3565908774,v1:172.21.15.90:6801/3565908774] -- mgr_command(tid 0: {"prefix": "orch set backend", "module_name": "cephadm", "target": ["mon-mgr", ""]}) v1 -- 0x7f2fa419ddc0 con 0x7f2f8c038710
2024-09-13T15:25:39.769 INFO:teuthology.orchestra.run.smithi090.stdout:/usr/bin/ceph: stderr
2024-09-13T15:25:39.200+0000 7f2fa17fa640 1 -- 172.21.15.90:0/2594508904 <== mgr.14118 v2:172.21.15.90:6800/3565908774 1 ==== mgr_command_reply(tid 0: 0 ) v1 ==== 8+0+0 (secure 0 0 0) 0x7f2fa419ddc0 con 0x7f2f8c038710
2024-09-13T15:25:39.769 INFO:teuthology.orchestra.run.smithi090.stdout:/usr/bin/ceph: stderr
2024-09-13T15:25:39.202+0000 7f2faa931640 1 -- 172.21.15.90:0/2594508904 >> [v2:172.21.15.90:6800/3565908774,v1:172.21.15.90:6801/3565908774] conn(0x7f2f8c038710 msgr2=0x7f2f8c03abd0 secure :-1 s=STATE_CONNECTION_ESTABLISHED l=1).mark_down
2024-09-13T15:25:39.769 INFO:teuthology.orchestra.run.smithi090.stdout:/usr/bin/ceph: stderr
2024-09-13T15:25:39.202+0000 7f2faa931640 1 --2- 172.21.15.90:0/2594508904 >> [v2:172.21.15.90:6800/3565908774,v1:172.21.15.90:6801/3565908774] conn(0x7f2f8c038710 0x7f2f8c03abd0 secure :-1 s=READY pgs=7 cs=0 l=1 rev1=1 crypto rx=0x7f2f980098c0 tx=0x7f2f98006db0 comp rx=0 tx=0).stop
2024-09-13T15:25:39.769 INFO:teuthology.orchestra.run.smithi090.stdout:/usr/bin/ceph: stderr
2024-09-13T15:25:39.202+0000 7f2faa931640 1 -- 172.21.15.90:0/2594508904 >> [v2:172.21.15.90:3300/0,v1:172.21.15.90:6789/0] conn(0x7f2fa41033a0 msgr2=0x7f2fa419a8a0 secure :-1 s=STATE_CONNECTION_ESTABLISHED l=1).mark_down
2024-09-13T15:25:39.769 INFO:teuthology.orchestra.run.smithi090.stdout:/usr/bin/ceph: stderr
2024-09-13T15:25:39.202+0000 7f2faa931640 1 --2- 172.21.15.90:0/2594508904 >> [v2:172.21.15.90:3300/0,v1:172.21.15.90:6789/0] conn(0x7f2fa41033a0 0x7f2fa419a8a0 secure :-1 s=READY pgs=36 cs=0 l=1 rev1=1 crypto rx=0x7f2f94030490 tx=0x7f2f94032840 comp rx=0 tx=0).stop
2024-09-13T15:25:39.769 INFO:teuthology.orchestra.run.smithi090.stdout:/usr/bin/ceph: stderr
2024-09-13T15:25:39.202+0000 7f2faa931640 1 -- 172.21.15.90:0/2594508904 shutdown_connections
2024-09-13T15:25:39.769 INFO:teuthology.orchestra.run.smithi090.stdout:/usr/bin/ceph: stderr
