2024-09-13T15:47:06.874 INFO:teuthology.orchestra.run.smithi017.stdout:/usr/bin/ceph: stdout "num_in_osds": 0,
2024-09-13T15:47:06.874 INFO:teuthology.orchestra.run.smithi017.stdout:/usr/bin/ceph: stdout "osd_in_since": 0,
2024-09-13T15:47:06.874 INFO:teuthology.orchestra.run.smithi017.stdout:/usr/bin/ceph: stdout "num_remapped_pgs": 0
2024-09-13T15:47:06.874 INFO:teuthology.orchestra.run.smithi017.stdout:/usr/bin/ceph: stdout },
2024-09-13T15:47:06.875 INFO:teuthology.orchestra.run.smithi017.stdout:/usr/bin/ceph: stdout "pgmap": {
2024-09-13T15:47:06.875 INFO:teuthology.orchestra.run.smithi017.stdout:/usr/bin/ceph: stdout "pgs_by_state": [],
2024-09-13T15:47:06.875 INFO:teuthology.orchestra.run.smithi017.stdout:/usr/bin/ceph: stdout "num_pgs": 0,
2024-09-13T15:47:06.875 INFO:teuthology.orchestra.run.smithi017.stdout:/usr/bin/ceph: stdout "num_pools": 0,
2024-09-13T15:47:06.875 INFO:teuthology.orchestra.run.smithi017.stdout:/usr/bin/ceph: stdout "num_objects": 0,
2024-09-13T15:47:06.875 INFO:teuthology.orchestra.run.smithi017.stdout:/usr/bin/ceph: stdout "data_bytes": 0,
2024-09-13T15:47:06.875 INFO:teuthology.orchestra.run.smithi017.stdout:/usr/bin/ceph: stdout "bytes_used": 0,
2024-09-13T15:47:06.875 INFO:teuthology.orchestra.run.smithi017.stdout:/usr/bin/ceph: stdout "bytes_avail": 0,
2024-09-13T15:47:06.875 INFO:teuthology.orchestra.run.smithi017.stdout:/usr/bin/ceph: stdout "bytes_total": 0
2024-09-13T15:47:06.875 INFO:teuthology.orchestra.run.smithi017.stdout:/usr/bin/ceph: stdout },
2024-09-13T15:47:06.875 INFO:teuthology.orchestra.run.smithi017.stdout:/usr/bin/ceph: stdout "fsmap": {
2024-09-13T15:47:06.875 INFO:teuthology.orchestra.run.smithi017.stdout:/usr/bin/ceph: stdout "epoch": 1,
2024-09-13T15:47:06.875 INFO:teuthology.orchestra.run.smithi017.stdout:/usr/bin/ceph: stdout "by_rank": [],
2024-09-13T15:47:06.876 INFO:teuthology.orchestra.run.smithi017.stdout:/usr/bin/ceph: stdout "up:standby": 0
2024-09-13T15:47:06.876 INFO:teuthology.orchestra.run.smithi017.stdout:/usr/bin/ceph: stdout },
2024-09-13T15:47:06.876 INFO:teuthology.orchestra.run.smithi017.stdout:/usr/bin/ceph: stdout "mgrmap": {
2024-09-13T15:47:06.876 INFO:teuthology.orchestra.run.smithi017.stdout:/usr/bin/ceph: stdout "available": true,
2024-09-13T15:47:06.876 INFO:teuthology.orchestra.run.smithi017.stdout:/usr/bin/ceph: stdout "num_standbys": 0,
2024-09-13T15:47:06.876 INFO:teuthology.orchestra.run.smithi017.stdout:/usr/bin/ceph: stdout "modules": [
2024-09-13T15:47:06.876 INFO:teuthology.orchestra.run.smithi017.stdout:/usr/bin/ceph: stdout "iostat",
2024-09-13T15:47:06.876 INFO:teuthology.orchestra.run.smithi017.stdout:/usr/bin/ceph: stdout "nfs",
2024-09-13T15:47:06.876 INFO:teuthology.orchestra.run.smithi017.stdout:/usr/bin/ceph: stdout "restful"
2024-09-13T15:47:06.876 INFO:teuthology.orchestra.run.smithi017.stdout:/usr/bin/ceph: stdout ],
2024-09-13T15:47:06.876 INFO:teuthology.orchestra.run.smithi017.stdout:/usr/bin/ceph: stdout "services": {}
2024-09-13T15:47:06.876 INFO:teuthology.orchestra.run.smithi017.stdout:/usr/bin/ceph: stdout },
2024-09-13T15:47:06.876 INFO:teuthology.orchestra.run.smithi017.stdout:/usr/bin/ceph: stdout "servicemap": {
2024-09-13T15:47:06.877 INFO:teuthology.orchestra.run.smithi017.stdout:/usr/bin/ceph: stdout "epoch": 1,
2024-09-13T15:47:06.877 INFO:teuthology.orchestra.run.smithi017.stdout:/usr/bin/ceph: stdout "modified": "2024-09-13T15:46:50.476256+0000",
2024-09-13T15:47:06.877 INFO:teuthology.orchestra.run.smithi017.stdout:/usr/bin/ceph: stdout "services": {}
2024-09-13T15:47:06.877 INFO:teuthology.orchestra.run.smithi017.stdout:/usr/bin/ceph: stdout },
2024-09-13T15:47:06.877 INFO:teuthology.orchestra.run.smithi017.stdout:/usr/bin/ceph: stdout "progress_events": {}
2024-09-13T15:47:06.877 INFO:teuthology.orchestra.run.smithi017.stdout:/usr/bin/ceph: stdout }
2024-09-13T15:47:06.877 INFO:teuthology.orchestra.run.smithi017.stdout:/usr/bin/ceph: stderr
2024-09-13T15:47:05.791+0000 7fa946200640 1 Processor -- start
2024-09-13T15:47:06.877 INFO:teuthology.orchestra.run.smithi017.stdout:/usr/bin/ceph: stderr
2024-09-13T15:47:05.791+0000 7fa946200640 1 -- start start
2024-09-13T15:47:06.877 INFO:teuthology.orchestra.run.smithi017.stdout:/usr/bin/ceph: stderr
2024-09-13T15:47:05.791+0000 7fa946200640 1 --2- >> [v2:172.21.15.17:3300/0,v1:172.21.15.17:6789/0] conn(0x7fa9401077f0 0x7fa940107bf0 unknown :-1 s=NONE pgs=0 cs=0 l=0 rev1=0 crypto rx=0 tx=0 comp rx=0 tx=0).connect
2024-09-13T15:47:06.877 INFO:teuthology.orchestra.run.smithi017.stdout:/usr/bin/ceph: stderr
2024-09-13T15:47:05.791+0000 7fa946200640 1 -- --> [v2:172.21.15.17:3300/0,v1:172.21.15.17:6789/0] -- mon_getmap magic: 0 v1 -- 0x7fa9401081c0 con 0x7fa9401077f0
2024-09-13T15:47:06.877 INFO:teuthology.orchestra.run.smithi017.stdout:/usr/bin/ceph: stderr
2024-09-13T15:47:05.792+0000 7fa93f400640 1 --2- >> [v2:172.21.15.17:3300/0,v1:172.21.15.17:6789/0] conn(0x7fa9401077f0 0x7fa940107bf0 unknown :-1 s=BANNER_CONNECTING pgs=0 cs=0 l=0 rev1=0 crypto rx=0 tx=0 comp rx=0 tx=0)._handle_peer_banner_payload supported=3 required=0
2024-09-13T15:47:06.877 INFO:teuthology.orchestra.run.smithi017.stdout:/usr/bin/ceph: stderr
2024-09-13T15:47:05.792+0000 7fa93f400640 1 --2- >> [v2:172.21.15.17:3300/0,v1:172.21.15.17:6789/0] conn(0x7fa9401077f0 0x7fa940107bf0 unknown :-1 s=HELLO_CONNECTING pgs=0 cs=0 l=0 rev1=1 crypto rx=0 tx=0 comp rx=0 tx=0).handle_hello peer v2:172.21.15.17:3300/0 says I am v2:172.21.15.17:39456/0 (socket says 172.21.15.17:39456)
2024-09-13T15:47:06.877 INFO:teuthology.orchestra.run.smithi017.stdout:/usr/bin/ceph: stderr
2024-09-13T15:47:05.792+0000 7fa93f400640 1 -- 172.21.15.17:0/2257975675 learned_addr learned my addr 172.21.15.17:0/2257975675 (peer_addr_for_me v2:172.21.15.17:0/0)
2024-09-13T15:47:06.878 INFO:teuthology.orchestra.run.smithi017.stdout:/usr/bin/ceph: stderr
2024-09-13T15:47:05.792+0000 7fa93f400640 1 -- 172.21.15.17:0/2257975675 --> [v2:172.21.15.17:3300/0,v1:172.21.15.17:6789/0] -- mon_subscribe({config=0+,monmap=0+}) v3 -- 0x7fa940108990 con 0x7fa9401077f0
2024-09-13T15:47:06.878 INFO:teuthology.orchestra.run.smithi017.stdout:/usr/bin/ceph: stderr
2024-09-13T15:47:05.793+0000 7fa93f400640 1 --2- 172.21.15.17:0/2257975675 >> [v2:172.21.15.17:3300/0,v1:172.21.15.17:6789/0] conn(0x7fa9401077f0 0x7fa940107bf0 secure :-1 s=READY pgs=16 cs=0 l=1 rev1=1 crypto rx=0x7fa930009820 tx=0x7fa93002a270 comp rx=0 tx=0).ready entity=mon.0 client_cookie=9e6b6e1ec46cf23 server_cookie=0 in_seq=0 out_seq=0
2024-09-13T15:47:06.878 INFO:teuthology.orchestra.run.smithi017.stdout:/usr/bin/ceph: stderr
2024-09-13T15:47:05.793+0000 7fa93ea00640 1 -- 172.21.15.17:0/2257975675 <== mon.0 v2:172.21.15.17:3300/0 1 ==== mon_map magic: 0 v1 ==== 205+0+0 (secure 0 0 0) 0x7fa93002ae70 con 0x7fa9401077f0
2024-09-13T15:47:06.878 INFO:teuthology.orchestra.run.smithi017.stdout:/usr/bin/ceph: stderr
2024-09-13T15:47:05.793+0000 7fa93ea00640 1 -- 172.21.15.17:0/2257975675 <== mon.0 v2:172.21.15.17:3300/0 2 ==== config(26 keys) v1 ==== 1074+0+0 (secure 0 0 0) 0x7fa9300328e0 con 0x7fa9401077f0
2024-09-13T15:47:06.878 INFO:teuthology.orchestra.run.smithi017.stdout:/usr/bin/ceph: stderr
2024-09-13T15:47:05.793+0000 7fa93ea00640 1 -- 172.21.15.17:0/2257975675 <== mon.0 v2:172.21.15.17:3300/0 3 ==== mon_map magic: 0 v1 ==== 205+0+0 (secure 0 0 0) 0x7fa9300308c0 con 0x7fa9401077f0
2024-09-13T15:47:06.878 INFO:teuthology.orchestra.run.smithi017.stdout:/usr/bin/ceph: stderr
2024-09-13T15:47:05.794+0000 7fa946200640 1 -- 172.21.15.17:0/2257975675 >> [v2:172.21.15.17:3300/0,v1:172.21.15.17:6789/0] conn(0x7fa9401077f0 msgr2=0x7fa940107bf0 secure :-1 s=STATE_CONNECTION_ESTABLISHED l=1).mark_down
2024-09-13T15:47:06.878 INFO:teuthology.orchestra.run.smithi017.stdout:/usr/bin/ceph: stderr
2024-09-13T15:47:05.794+0000 7fa946200640 1 --2- 172.21.15.17:0/2257975675 >> [v2:172.21.15.17:3300/0,v1:172.21.15.17:6789/0] conn(0x7fa9401077f0 0x7fa940107bf0 secure :-1 s=READY pgs=16 cs=0 l=1 rev1=1 crypto rx=0x7fa930009820 tx=0x7fa93002a270 comp rx=0 tx=0).stop
2024-09-13T15:47:06.878 INFO:teuthology.orchestra.run.smithi017.stdout:/usr/bin/ceph: stderr
2024-09-13T15:47:05.794+0000 7fa946200640 1 -- 172.21.15.17:0/2257975675 shutdown_connections
2024-09-13T15:47:06.878 INFO:teuthology.orchestra.run.smithi017.stdout:/usr/bin/ceph: stderr
2024-09-13T15:47:05.794+0000 7fa946200640 1 --2- 172.21.15.17:0/2257975675 >> [v2:172.21.15.17:3300/0,v1:172.21.15.17:6789/0] conn(0x7fa9401077f0 0x7fa940107bf0 unknown :-1 s=CLOSED pgs=16 cs=0 l=1 rev1=1 crypto rx=0 tx=0 comp rx=0 tx=0).stop
2024-09-13T15:47:06.878 INFO:teuthology.orchestra.run.smithi017.stdout:/usr/bin/ceph: stderr
2024-09-13T15:47:05.794+0000 7fa946200640 1 -- 172.21.15.17:0/2257975675 >> 172.21.15.17:0/2257975675 conn(0x7fa94007ad80 msgr2=0x7fa94007b1b0 unknown :-1 s=STATE_NONE l=0).mark_down
2024-09-13T15:47:06.878 INFO:teuthology.orchestra.run.smithi017.stdout:/usr/bin/ceph: stderr
2024-09-13T15:47:05.794+0000 7fa946200640 1 -- 172.21.15.17:0/2257975675 shutdown_connections
2024-09-13T15:47:06.878 INFO:teuthology.orchestra.run.smithi017.stdout:/usr/bin/ceph: stderr
2024-09-13T15:47:05.794+0000 7fa946200640 1 -- 172.21.15.17:0/2257975675 wait complete.
2024-09-13T15:47:06.879 INFO:teuthology.orchestra.run.smithi017.stdout:/usr/bin/ceph: stderr
2024-09-13T15:47:05.795+0000 7fa946200640 1 Processor -- start
2024-09-13T15:47:06.879 INFO:teuthology.orchestra.run.smithi017.stdout:/usr/bin/ceph: stderr
2024-09-13T15:47:05.795+0000 7fa946200640 1 -- start start
2024-09-13T15:47:06.879 INFO:teuthology.orchestra.run.smithi017.stdout:/usr/bin/ceph: stderr
2024-09-13T15:47:05.796+0000 7fa946200640 1 --2- >> [v2:172.21.15.17:3300/0,v1:172.21.15.17:6789/0] conn(0x7fa9401077f0 0x7fa94019b4a0 unknown :-1 s=NONE pgs=0 cs=0 l=1 rev1=0 crypto rx=0 tx=0 comp rx=0 tx=0).connect
2024-09-13T15:47:06.879 INFO:teuthology.orchestra.run.smithi017.stdout:/usr/bin/ceph: stderr
2024-09-13T15:47:05.796+0000 7fa946200640 1 -- --> [v2:172.21.15.17:3300/0,v1:172.21.15.17:6789/0] -- mon_getmap magic: 0 v1 -- 0x7fa94019b9e0 con 0x7fa9401077f0
2024-09-13T15:47:06.879 INFO:teuthology.orchestra.run.smithi017.stdout:/usr/bin/ceph: stderr
2024-09-13T15:47:05.796+0000 7fa93f400640 1 --2- >> [v2:172.21.15.17:3300/0,v1:172.21.15.17:6789/0] conn(0x7fa9401077f0 0x7fa94019b4a0 unknown :-1 s=BANNER_CONNECTING pgs=0 cs=0 l=1 rev1=0 crypto rx=0 tx=0 comp rx=0 tx=0)._handle_peer_banner_payload supported=3 required=0
2024-09-13T15:47:06.879 INFO:teuthology.orchestra.run.smithi017.stdout:/usr/bin/ceph: stderr
2024-09-13T15:47:05.796+0000 7fa93f400640 1 --2- >> [v2:172.21.15.17:3300/0,v1:172.21.15.17:6789/0] conn(0x7fa9401077f0 0x7fa94019b4a0 unknown :-1 s=HELLO_CONNECTING pgs=0 cs=0 l=1 rev1=1 crypto rx=0 tx=0 comp rx=0 tx=0).handle_hello peer v2:172.21.15.17:3300/0 says I am v2:172.21.15.17:39458/0 (socket says 172.21.15.17:39458)
2024-09-13T15:47:06.879 INFO:teuthology.orchestra.run.smithi017.stdout:/usr/bin/ceph: stderr
2024-09-13T15:47:05.796+0000 7fa93f400640 1 -- 172.21.15.17:0/2373536571 learned_addr learned my addr 172.21.15.17:0/2373536571 (peer_addr_for_me v2:172.21.15.17:0/0)
2024-09-13T15:47:06.879 INFO:teuthology.orchestra.run.smithi017.stdout:/usr/bin/ceph: stderr
2024-09-13T15:47:05.796+0000 7fa93f400640 1 -- 172.21.15.17:0/2373536571 --> [v2:172.21.15.17:3300/0,v1:172.21.15.17:6789/0] -- mon_subscribe({config=0+,monmap=0+}) v3 -- 0x7fa9300094d0 con 0x7fa9401077f0
2024-09-13T15:47:06.879 INFO:teuthology.orchestra.run.smithi017.stdout:/usr/bin/ceph: stderr
2024-09-13T15:47:05.796+0000 7fa93f400640 1 --2- 172.21.15.17:0/2373536571 >> [v2:172.21.15.17:3300/0,v1:172.21.15.17:6789/0] conn(0x7fa9401077f0 0x7fa94019b4a0 secure :-1 s=READY pgs=17 cs=0 l=1 rev1=1 crypto rx=0x7fa9300305d0 tx=0x7fa930032670 comp rx=0 tx=0).ready entity=mon.0 client_cookie=0 server_cookie=0 in_seq=0 out_seq=0
2024-09-13T15:47:06.879 INFO:teuthology.orchestra.run.smithi017.stdout:/usr/bin/ceph: stderr
2024-09-13T15:47:05.797+0000 7fa93cc00640 1 -- 172.21.15.17:0/2373536571 <== mon.0 v2:172.21.15.17:3300/0 1 ==== mon_map magic: 0 v1 ==== 205+0+0 (secure 0 0 0) 0x7fa930032c60 con 0x7fa9401077f0
2024-09-13T15:47:06.879 INFO:teuthology.orchestra.run.smithi017.stdout:/usr/bin/ceph: stderr
2024-09-13T15:47:05.797+0000 7fa93cc00640 1 -- 172.21.15.17:0/2373536571 <== mon.0 v2:172.21.15.17:3300/0 2 ==== config(26 keys) v1 ==== 1074+0+0 (secure 0 0 0) 0x7fa930032dc0 con 0x7fa9401077f0
2024-09-13T15:47:06.879 INFO:teuthology.orchestra.run.smithi017.stdout:/usr/bin/ceph: stderr
2024-09-13T15:47:05.797+0000 7fa93cc00640 1 -- 172.21.15.17:0/2373536571 <== mon.0 v2:172.21.15.17:3300/0 3 ==== mon_map magic: 0 v1 ==== 205+0+0 (secure 0 0 0) 0x7fa93003a740 con 0x7fa9401077f0
2024-09-13T15:47:06.879 INFO:teuthology.orchestra.run.smithi017.stdout:/usr/bin/ceph: stderr
2024-09-13T15:47:05.797+0000 7fa946200640 1 -- 172.21.15.17:0/2373536571 --> [v2:172.21.15.17:3300/0,v1:172.21.15.17:6789/0] -- mon_subscribe({mgrmap=0+}) v3 -- 0x7fa94019bbe0 con 0x7fa9401077f0
2024-09-13T15:47:06.879 INFO:teuthology.orchestra.run.smithi017.stdout:/usr/bin/ceph: stderr
2024-09-13T15:47:05.797+0000 7fa946200640 1 -- 172.21.15.17:0/2373536571 --> [v2:172.21.15.17:3300/0,v1:172.21.15.17:6789/0] -- mon_subscribe({osdmap=0}) v3 -- 0x7fa94019c080 con 0x7fa9401077f0
2024-09-13T15:47:06.880 INFO:teuthology.orchestra.run.smithi017.stdout:/usr/bin/ceph: stderr
2024-09-13T15:47:05.798+0000 7fa93cc00640 1 -- 172.21.15.17:0/2373536571 <== mon.0 v2:172.21.15.17:3300/0 4 ==== mgrmap(e 3) v1 ==== 45424+0+0 (secure 0 0 0) 0x7fa930039040 con 0x7fa9401077f0
2024-09-13T15:47:06.880 INFO:teuthology.orchestra.run.smithi017.stdout:/usr/bin/ceph: stderr
2024-09-13T15:47:05.798+0000 7fa946200640 1 -- 172.21.15.17:0/2373536571 --> [v2:172.21.15.17:3300/0,v1:172.21.15.17:6789/0] -- mon_command({"prefix": "get_command_descriptions"} v 0) v1 -- 0x7fa94010bbc0 con 0x7fa9401077f0
2024-09-13T15:47:06.880 INFO:teuthology.orchestra.run.smithi017.stdout:/usr/bin/ceph: stderr
2024-09-13T15:47:05.798+0000 7fa93cc00640 1 --2- 172.21.15.17:0/2373536571 >> [v2:172.21.15.17:6800/1047258336,v1:172.21.15.17:6801/1047258336] conn(0x7fa924038500 0x7fa92403a9c0 unknown :-1 s=NONE pgs=0 cs=0 l=1 rev1=0 crypto rx=0 tx=0 comp rx=0 tx=0).connect
2024-09-13T15:47:06.880 INFO:teuthology.orchestra.run.smithi017.stdout:/usr/bin/ceph: stderr
2024-09-13T15:47:05.798+0000 7fa93cc00640 1 -- 172.21.15.17:0/2373536571 <== mon.0 v2:172.21.15.17:3300/0 5 ==== osd_map(1..1 src has 1..1) v4 ==== 725+0+0 (secure 0 0 0) 0x7fa93006b460 con 0x7fa9401077f0
2024-09-13T15:47:06.880 INFO:teuthology.orchestra.run.smithi017.stdout:/usr/bin/ceph: stderr
2024-09-13T15:47:05.799+0000 7fa936a00640 1 --2- 172.21.15.17:0/2373536571 >> [v2:172.21.15.17:6800/1047258336,v1:172.21.15.17:6801/1047258336] conn(0x7fa924038500 0x7fa92403a9c0 unknown :-1 s=BANNER_CONNECTING pgs=0 cs=0 l=1 rev1=0 crypto rx=0 tx=0 comp rx=0 tx=0)._handle_peer_banner_payload supported=3 required=0
2024-09-13T15:47:06.880 INFO:teuthology.orchestra.run.smithi017.stdout:/usr/bin/ceph: stderr
2024-09-13T15:47:05.799+0000 7fa936a00640 1 --2- 172.21.15.17:0/2373536571 >> [v2:172.21.15.17:6800/1047258336,v1:172.21.15.17:6801/1047258336] conn(0x7fa924038500 0x7fa92403a9c0 secure :-1 s=READY pgs=6 cs=0 l=1 rev1=1 crypto rx=0x7fa9280098c0 tx=0x7fa928006db0 comp rx=0 tx=0).ready entity=mgr.14100 client_cookie=0 server_cookie=0 in_seq=0 out_seq=0
2024-09-13T15:47:06.880 INFO:teuthology.orchestra.run.smithi017.stdout:/usr/bin/ceph: stderr
2024-09-13T15:47:05.804+0000 7fa93cc00640 1 -- 172.21.15.17:0/2373536571 <== mon.0 v2:172.21.15.17:3300/0 6 ==== mon_command_ack([{"prefix": "get_command_descriptions"}]=0 v0) v1 ==== 72+0+183819 (secure 0 0 0) 0x7fa9300313a0 con 0x7fa9401077f0
2024-09-13T15:47:06.880 INFO:teuthology.orchestra.run.smithi017.stdout:/usr/bin/ceph: stderr
2024-09-13T15:47:06.050+0000 7fa946200640 1 -- 172.21.15.17:0/2373536571 --> [v2:172.21.15.17:3300/0,v1:172.21.15.17:6789/0] -- mon_command({"prefix": "status", "format": "json-pretty"} v 0) v1 -- 0x7fa94010be00 con 0x7fa9401077f0
2024-09-13T15:47:06.880 INFO:teuthology.orchestra.run.smithi017.stdout:/usr/bin/ceph: stderr
2024-09-13T15:47:06.050+0000 7fa93cc00640 1 -- 172.21.15.17:0/2373536571 <== mon.0 v2:172.21.15.17:3300/0 7 ==== mon_command_ack([{"prefix": "status", "format": "json-pretty"}]=0 v0) v1 ==== 79+0+1237 (secure 0 0 0) 0x7fa93003f090 con 0x7fa9401077f0
2024-09-13T15:47:06.880 INFO:teuthology.orchestra.run.smithi017.stdout:/usr/bin/ceph: stderr
2024-09-13T15:47:06.052+0000 7fa946200640 1 -- 172.21.15.17:0/2373536571 >> [v2:172.21.15.17:6800/1047258336,v1:172.21.15.17:6801/1047258336] conn(0x7fa924038500 msgr2=0x7fa92403a9c0 secure :-1 s=STATE_CONNECTION_ESTABLISHED l=1).mark_down
2024-09-13T15:47:06.880 INFO:teuthology.orchestra.run.smithi017.stdout:/usr/bin/ceph: stderr
2024-09-13T15:47:06.052+0000 7fa946200640 1 --2- 172.21.15.17:0/2373536571 >> [v2:172.21.15.17:6800/1047258336,v1:172.21.15.17:6801/1047258336] conn(0x7fa924038500 0x7fa92403a9c0 secure :-1 s=READY pgs=6 cs=0 l=1 rev1=1 crypto rx=0x7fa9280098c0 tx=0x7fa928006db0 comp rx=0 tx=0).stop
2024-09-13T15:47:06.880 INFO:teuthology.orchestra.run.smithi017.stdout:/usr/bin/ceph: stderr
2024-09-13T15:47:06.052+0000 7fa946200640 1 -- 172.21.15.17:0/2373536571 >> [v2:172.21.15.17:3300/0,v1:172.21.15.17:6789/0] conn(0x7fa9401077f0 msgr2=0x7fa94019b4a0 secure :-1 s=STATE_CONNECTION_ESTABLISHED l=1).mark_down
2024-09-13T15:47:06.880 INFO:teuthology.orchestra.run.smithi017.stdout:/usr/bin/ceph: stderr
2024-09-13T15:47:06.052+0000 7fa946200640 1 --2- 172.21.15.17:0/2373536571 >> [v2:172.21.15.17:3300/0,v1:172.21.15.17:6789/0] conn(0x7fa9401077f0 0x7fa94019b4a0 secure :-1 s=READY pgs=17 cs=0 l=1 rev1=1 crypto rx=0x7fa9300305d0 tx=0x7fa930032670 comp rx=0 tx=0).stop
2024-09-13T15:47:06.881 INFO:teuthology.orchestra.run.smithi017.stdout:/usr/bin/ceph: stderr
2024-09-13T15:47:06.052+0000 7fa946200640 1 -- 172.21.15.17:0/2373536571 shutdown_connections
2024-09-13T15:47:06.881 INFO:teuthology.orchestra.run.smithi017.stdout:/usr/bin/ceph: stderr
2024-09-13T15:47:06.052+0000 7fa946200640 1 --2- 172.21.15.17:0/2373536571 >> [v2:172.21.15.17:6800/1047258336,v1:172.21.15.17:6801/1047258336] conn(0x7fa924038500 0x7fa92403a9c0 unknown :-1 s=CLOSED pgs=6 cs=0 l=1 rev1=1 crypto rx=0 tx=0 comp rx=0 tx=0).stop
2024-09-13T15:47:06.881 INFO:teuthology.orchestra.run.smithi017.stdout:/usr/bin/ceph: stderr
2024-09-13T15:47:06.053+0000 7fa946200640 1 --2- 172.21.15.17:0/2373536571 >> [v2:172.21.15.17:3300/0,v1:172.21.15.17:6789/0] conn(0x7fa9401077f0 0x7fa94019b4a0 unknown :-1 s=CLOSED pgs=17 cs=0 l=1 rev1=1 crypto rx=0 tx=0 comp rx=0 tx=0).stop
2024-09-13T15:47:06.881 INFO:teuthology.orchestra.run.smithi017.stdout:/usr/bin/ceph: stderr
2024-09-13T15:47:06.053+0000 7fa946200640 1 -- 172.21.15.17:0/2373536571 >> 172.21.15.17:0/2373536571 conn(0x7fa94007ad80 msgr2=0x7fa9401054f0 unknown :-1 s=STATE_NONE l=0).mark_down
2024-09-13T15:47:06.881 INFO:teuthology.orchestra.run.smithi017.stdout:/usr/bin/ceph: stderr
2024-09-13T15:47:06.053+0000 7fa946200640 1 -- 172.21.15.17:0/2373536571 shutdown_connections
2024-09-13T15:47:06.881 INFO:teuthology.orchestra.run.smithi017.stdout:/usr/bin/ceph: stderr
2024-09-13T15:47:06.053+0000 7fa946200640 1 -- 172.21.15.17:0/2373536571 wait complete.
2024-09-13T15:47:06.881 INFO:teuthology.orchestra.run.smithi017.stdout:mgr is available
2024-09-13T15:47:07.761 INFO:journalctl@ceph.mon.a.smithi017.stdout:Sep 13 15:47:07 smithi017 ceph-mon[30494]: mgrmap e4: x(active, since 2s)
2024-09-13T15:47:07.761 INFO:journalctl@ceph.mon.a.smithi017.stdout:Sep 13 15:47:07 smithi017 ceph-mon[30494]: from='client.? 172.21.15.17:0/781723175' entity='client.admin' cmd=[{"prefix": "config assimilate-conf"}]: dispatch
2024-09-13T15:47:08.247 INFO:teuthology.orchestra.run.smithi017.stdout:/usr/bin/ceph: stdout
2024-09-13T15:47:08.247 INFO:teuthology.orchestra.run.smithi017.stdout:/usr/bin/ceph: stdout [global]
2024-09-13T15:47:08.247 INFO:teuthology.orchestra.run.smithi017.stdout:/usr/bin/ceph: stdout fsid = 3334a620-71e7-11ef-bceb-c7b262605968
2024-09-13T15:47:08.247 INFO:teuthology.orchestra.run.smithi017.stdout:/usr/bin/ceph: stdout mon_osd_allow_pg_remap = true
2024-09-13T15:47:08.247 INFO:teuthology.orchestra.run.smithi017.stdout:/usr/bin/ceph: stdout mon_osd_allow_primary_affinity = true
2024-09-13T15:47:08.247 INFO:teuthology.orchestra.run.smithi017.stdout:/usr/bin/ceph: stdout mon_warn_on_no_sortbitwise = false
2024-09-13T15:47:08.247 INFO:teuthology.orchestra.run.smithi017.stdout:/usr/bin/ceph: stdout osd_crush_chooseleaf_type = 0
2024-09-13T15:47:08.247 INFO:teuthology.orchestra.run.smithi017.stdout:/usr/bin/ceph: stdout
2024-09-13T15:47:08.247 INFO:teuthology.orchestra.run.smithi017.stdout:/usr/bin/ceph: stdout [mgr]
2024-09-13T15:47:08.248 INFO:teuthology.orchestra.run.smithi017.stdout:/usr/bin/ceph: stdout mgr/telemetry/nag = false
2024-09-13T15:47:08.248 INFO:teuthology.orchestra.run.smithi017.stdout:/usr/bin/ceph: stdout
2024-09-13T15:47:08.248 INFO:teuthology.orchestra.run.smithi017.stdout:/usr/bin/ceph: stdout [osd]
2024-09-13T15:47:08.248 INFO:teuthology.orchestra.run.smithi017.stdout:/usr/bin/ceph: stdout mon_osd_backfillfull_ratio = 0.85
2024-09-13T15:47:08.248 INFO:teuthology.orchestra.run.smithi017.stdout:/usr/bin/ceph: stdout mon_osd_full_ratio = 0.9
2024-09-13T15:47:08.248 INFO:teuthology.orchestra.run.smithi017.stdout:/usr/bin/ceph: stdout mon_osd_nearfull_ratio = 0.8
2024-09-13T15:47:08.248 INFO:teuthology.orchestra.run.smithi017.stdout:/usr/bin/ceph: stdout osd_map_max_advance = 10
2024-09-13T15:47:08.248 INFO:teuthology.orchestra.run.smithi017.stdout:/usr/bin/ceph: stdout osd_sloppy_crc = true
2024-09-13T15:47:08.248 INFO:teuthology.orchestra.run.smithi017.stdout:/usr/bin/ceph: stderr
2024-09-13T15:47:07.454+0000 7f271da00640 1 Processor -- start
2024-09-13T15:47:08.248 INFO:teuthology.orchestra.run.smithi017.stdout:/usr/bin/ceph: stderr
2024-09-13T15:47:07.454+0000 7f271da00640 1 -- start start
2024-09-13T15:47:08.248 INFO:teuthology.orchestra.run.smithi017.stdout:/usr/bin/ceph: stderr
2024-09-13T15:47:07.454+0000 7f271da00640 1 --2- >> [v2:172.21.15.17:3300/0,v1:172.21.15.17:6789/0] conn(0x7f27181077f0 0x7f2718107bf0 unknown :-1 s=NONE pgs=0 cs=0 l=0 rev1=0 crypto rx=0 tx=0 comp rx=0 tx=0).connect
2024-09-13T15:47:08.248 INFO:teuthology.orchestra.run.smithi017.stdout:/usr/bin/ceph: stderr
2024-09-13T15:47:07.454+0000 7f271da00640 1 -- --> [v2:172.21.15.17:3300/0,v1:172.21.15.17:6789/0] -- mon_getmap magic: 0 v1 -- 0x7f27181081c0 con 0x7f27181077f0
2024-09-13T15:47:08.248 INFO:teuthology.orchestra.run.smithi017.stdout:/usr/bin/ceph: stderr
2024-09-13T15:47:07.455+0000 7f2716a00640 1 --2- >> [v2:172.21.15.17:3300/0,v1:172.21.15.17:6789/0] conn(0x7f27181077f0 0x7f2718107bf0 unknown :-1 s=BANNER_CONNECTING pgs=0 cs=0 l=0 rev1=0 crypto rx=0 tx=0 comp rx=0 tx=0)._handle_peer_banner_payload supported=3 required=0
2024-09-13T15:47:08.249 INFO:teuthology.orchestra.run.smithi017.stdout:/usr/bin/ceph: stderr
2024-09-13T15:47:07.455+0000 7f2716a00640 1 --2- >> [v2:172.21.15.17:3300/0,v1:172.21.15.17:6789/0] conn(0x7f27181077f0 0x7f2718107bf0 unknown :-1 s=HELLO_CONNECTING pgs=0 cs=0 l=0 rev1=1 crypto rx=0 tx=0 comp rx=0 tx=0).handle_hello peer v2:172.21.15.17:3300/0 says I am v2:172.21.15.17:39460/0 (socket says 172.21.15.17:39460)
2024-09-13T15:47:08.249 INFO:teuthology.orchestra.run.smithi017.stdout:/usr/bin/ceph: stderr
2024-09-13T15:47:07.455+0000 7f2716a00640 1 -- 172.21.15.17:0/1559684977 learned_addr learned my addr 172.21.15.17:0/1559684977 (peer_addr_for_me v2:172.21.15.17:0/0)
2024-09-13T15:47:08.249 INFO:teuthology.orchestra.run.smithi017.stdout:/usr/bin/ceph: stderr
2024-09-13T15:47:07.455+0000 7f2716a00640 1 -- 172.21.15.17:0/1559684977 --> [v2:172.21.15.17:3300/0,v1:172.21.15.17:6789/0] -- mon_subscribe({config=0+,monmap=0+}) v3 -- 0x7f2718108990 con 0x7f27181077f0
2024-09-13T15:47:08.249 INFO:teuthology.orchestra.run.smithi017.stdout:/usr/bin/ceph: stderr
2024-09-13T15:47:07.456+0000 7f2716a00640 1 --2- 172.21.15.17:0/1559684977 >> [v2:172.21.15.17:3300/0,v1:172.21.15.17:6789/0] conn(0x7f27181077f0 0x7f2718107bf0 secure :-1 s=READY pgs=18 cs=0 l=1 rev1=1 crypto rx=0x7f2708009820 tx=0x7f270802a270 comp rx=0 tx=0).ready entity=mon.0 client_cookie=fee089d993763e98 server_cookie=0 in_seq=0 out_seq=0
2024-09-13T15:47:08.249 INFO:teuthology.orchestra.run.smithi017.stdout:/usr/bin/ceph: stderr
2024-09-13T15:47:07.456+0000 7f2716000640 1 -- 172.21.15.17:0/1559684977 <== mon.0 v2:172.21.15.17:3300/0 1 ==== mon_map magic: 0 v1 ==== 205+0+0 (secure 0 0 0) 0x7f270802ae70 con 0x7f27181077f0
2024-09-13T15:47:08.249 INFO:teuthology.orchestra.run.smithi017.stdout:/usr/bin/ceph: stderr
2024-09-13T15:47:07.456+0000 7f2716000640 1 -- 172.21.15.17:0/1559684977 <== mon.0 v2:172.21.15.17:3300/0 2 ==== config(26 keys) v1 ==== 1074+0+0 (secure 0 0 0) 0x7f27080328e0 con 0x7f27181077f0
2024-09-13T15:47:08.249 INFO:teuthology.orchestra.run.smithi017.stdout:/usr/bin/ceph: stderr
2024-09-13T15:47:07.456+0000 7f2716000640 1 -- 172.21.15.17:0/1559684977 <== mon.0 v2:172.21.15.17:3300/0 3 ==== mon_map magic: 0 v1 ==== 205+0+0 (secure 0 0 0) 0x7f27080308c0 con 0x7f27181077f0
2024-09-13T15:47:08.249 INFO:teuthology.orchestra.run.smithi017.stdout:/usr/bin/ceph: stderr
2024-09-13T15:47:07.457+0000 7f271da00640 1 -- 172.21.15.17:0/1559684977 >> [v2:172.21.15.17:3300/0,v1:172.21.15.17:6789/0] conn(0x7f27181077f0 msgr2=0x7f2718107bf0 secure :-1 s=STATE_CONNECTION_ESTABLISHED l=1).mark_down
2024-09-13T15:47:08.249 INFO:teuthology.orchestra.run.smithi017.stdout:/usr/bin/ceph: stderr
2024-09-13T15:47:07.457+0000 7f271da00640 1 --2- 172.21.15.17:0/1559684977 >> [v2:172.21.15.17:3300/0,v1:172.21.15.17:6789/0] conn(0x7f27181077f0 0x7f2718107bf0 secure :-1 s=READY pgs=18 cs=0 l=1 rev1=1 crypto rx=0x7f2708009820 tx=0x7f270802a270 comp rx=0 tx=0).stop
2024-09-13T15:47:08.249 INFO:teuthology.orchestra.run.smithi017.stdout:/usr/bin/ceph: stderr
2024-09-13T15:47:07.457+0000 7f271da00640 1 -- 172.21.15.17:0/1559684977 shutdown_connections
2024-09-13T15:47:08.249 INFO:teuthology.orchestra.run.smithi017.stdout:/usr/bin/ceph: stderr
2024-09-13T15:47:07.457+0000 7f271da00640 1 --2- 172.21.15.17:0/1559684977 >> [v2:172.21.15.17:3300/0,v1:172.21.15.17:6789/0] conn(0x7f27181077f0 0x7f2718107bf0 unknown :-1 s=CLOSED pgs=18 cs=0 l=1 rev1=1 crypto rx=0 tx=0 comp rx=0 tx=0).stop
2024-09-13T15:47:08.249 INFO:teuthology.orchestra.run.smithi017.stdout:/usr/bin/ceph: stderr
2024-09-13T15:47:07.457+0000 7f271da00640 1 -- 172.21.15.17:0/1559684977 >> 172.21.15.17:0/1559684977 conn(0x7f271807ad80 msgr2=0x7f271807b1b0 unknown :-1 s=STATE_NONE l=0).mark_down
2024-09-13T15:47:08.249 INFO:teuthology.orchestra.run.smithi017.stdout:/usr/bin/ceph: stderr
2024-09-13T15:47:07.457+0000 7f271da00640 1 -- 172.21.15.17:0/1559684977 shutdown_connections
2024-09-13T15:47:08.250 INFO:teuthology.orchestra.run.smithi017.stdout:/usr/bin/ceph: stderr
2024-09-13T15:47:07.457+0000 7f271da00640 1 -- 172.21.15.17:0/1559684977 wait complete.
2024-09-13T15:47:08.250 INFO:teuthology.orchestra.run.smithi017.stdout:/usr/bin/ceph: stderr
2024-09-13T15:47:07.458+0000 7f271da00640 1 Processor -- start
2024-09-13T15:47:08.250 INFO:teuthology.orchestra.run.smithi017.stdout:/usr/bin/ceph: stderr
2024-09-13T15:47:07.458+0000 7f271da00640 1 -- start start
2024-09-13T15:47:08.250 INFO:teuthology.orchestra.run.smithi017.stdout:/usr/bin/ceph: stderr
2024-09-13T15:47:07.458+0000 7f271da00640 1 --2- >> [v2:172.21.15.17:3300/0,v1:172.21.15.17:6789/0] conn(0x7f27181077f0 0x7f271819b4a0 unknown :-1 s=NONE pgs=0 cs=0 l=1 rev1=0 crypto rx=0 tx=0 comp rx=0 tx=0).connect
2024-09-13T15:47:08.250 INFO:teuthology.orchestra.run.smithi017.stdout:/usr/bin/ceph: stderr
2024-09-13T15:47:07.458+0000 7f271da00640 1 -- --> [v2:172.21.15.17:3300/0,v1:172.21.15.17:6789/0] -- mon_getmap magic: 0 v1 -- 0x7f271819b9e0 con 0x7f27181077f0
2024-09-13T15:47:08.250 INFO:teuthology.orchestra.run.smithi017.stdout:/usr/bin/ceph: stderr
2024-09-13T15:47:07.459+0000 7f2716a00640 1 --2- >> [v2:172.21.15.17:3300/0,v1:172.21.15.17:6789/0] conn(0x7f27181077f0 0x7f271819b4a0 unknown :-1 s=BANNER_CONNECTING pgs=0 cs=0 l=1 rev1=0 crypto rx=0 tx=0 comp rx=0 tx=0)._handle_peer_banner_payload supported=3 required=0
2024-09-13T15:47:08.250 INFO:teuthology.orchestra.run.smithi017.stdout:/usr/bin/ceph: stderr
2024-09-13T15:47:07.459+0000 7f2716a00640 1 --2- >> [v2:172.21.15.17:3300/0,v1:172.21.15.17:6789/0] conn(0x7f27181077f0 0x7f271819b4a0 unknown :-1 s=HELLO_CONNECTING pgs=0 cs=0 l=1 rev1=1 crypto rx=0 tx=0 comp rx=0 tx=0).handle_hello peer v2:172.21.15.17:3300/0 says I am v2:172.21.15.17:39462/0 (socket says 172.21.15.17:39462)
2024-09-13T15:47:08.250 INFO:teuthology.orchestra.run.smithi017.stdout:/usr/bin/ceph: stderr
2024-09-13T15:47:07.459+0000 7f2716a00640 1 -- 172.21.15.17:0/781723175 learned_addr learned my addr 172.21.15.17:0/781723175 (peer_addr_for_me v2:172.21.15.17:0/0)
2024-09-13T15:47:08.250 INFO:teuthology.orchestra.run.smithi017.stdout:/usr/bin/ceph: stderr
2024-09-13T15:47:07.459+0000 7f2716a00640 1 -- 172.21.15.17:0/781723175 --> [v2:172.21.15.17:3300/0,v1:172.21.15.17:6789/0] -- mon_subscribe({config=0+,monmap=0+}) v3 -- 0x7f27080094d0 con 0x7f27181077f0
2024-09-13T15:47:08.250 INFO:teuthology.orchestra.run.smithi017.stdout:/usr/bin/ceph: stderr
2024-09-13T15:47:07.459+0000 7f2716a00640 1 --2- 172.21.15.17:0/781723175 >> [v2:172.21.15.17:3300/0,v1:172.21.15.17:6789/0] conn(0x7f27181077f0 0x7f271819b4a0 secure :-1 s=READY pgs=19 cs=0 l=1 rev1=1 crypto rx=0x7f27080305d0 tx=0x7f2708032670 comp rx=0 tx=0).ready entity=mon.0 client_cookie=0 server_cookie=0 in_seq=0 out_seq=0
2024-09-13T15:47:08.250 INFO:teuthology.orchestra.run.smithi017.stdout:/usr/bin/ceph: stderr
2024-09-13T15:47:07.460+0000 7f270fe00640 1 -- 172.21.15.17:0/781723175 <== mon.0 v2:172.21.15.17:3300/0 1 ==== mon_map magic: 0 v1 ==== 205+0+0 (secure 0 0 0) 0x7f2708032c60 con 0x7f27181077f0
2024-09-13T15:47:08.250 INFO:teuthology.orchestra.run.smithi017.stdout:/usr/bin/ceph: stderr
2024-09-13T15:47:07.460+0000 7f270fe00640 1 -- 172.21.15.17:0/781723175 <== mon.0 v2:172.21.15.17:3300/0 2 ==== config(26 keys) v1 ==== 1074+0+0 (secure 0 0 0) 0x7f2708032dc0 con 0x7f27181077f0
2024-09-13T15:47:08.250 INFO:teuthology.orchestra.run.smithi017.stdout:/usr/bin/ceph: stderr
2024-09-13T15:47:07.460+0000 7f270fe00640 1 -- 172.21.15.17:0/781723175 <== mon.0 v2:172.21.15.17:3300/0 3 ==== mon_map magic: 0 v1 ==== 205+0+0 (secure 0 0 0) 0x7f270803a740 con 0x7f27181077f0
2024-09-13T15:47:08.250 INFO:teuthology.orchestra.run.smithi017.stdout:/usr/bin/ceph: stderr
2024-09-13T15:47:07.460+0000 7f271da00640 1 -- 172.21.15.17:0/781723175 --> [v2:172.21.15.17:3300/0,v1:172.21.15.17:6789/0] -- mon_subscribe({mgrmap=0+}) v3 -- 0x7f271819bbe0 con 0x7f27181077f0
2024-09-13T15:47:08.250 INFO:teuthology.orchestra.run.smithi017.stdout:/usr/bin/ceph: stderr
2024-09-13T15:47:07.460+0000 7f271da00640 1 -- 172.21.15.17:0/781723175 --> [v2:172.21.15.17:3300/0,v1:172.21.15.17:6789/0] -- mon_subscribe({osdmap=0}) v3 -- 0x7f271819c080 con 0x7f27181077f0
2024-09-13T15:47:08.251 INFO:teuthology.orchestra.run.smithi017.stdout:/usr/bin/ceph: stderr
2024-09-13T15:47:07.461+0000 7f270fe00640 1 -- 172.21.15.17:0/781723175 <== mon.0 v2:172.21.15.17:3300/0 4 ==== mgrmap(e 4) v1 ==== 45530+0+0 (secure 0 0 0) 0x7f2708039040 con 0x7f27181077f0
2024-09-13T15:47:08.251 INFO:teuthology.orchestra.run.smithi017.stdout:/usr/bin/ceph: stderr
2024-09-13T15:47:07.461+0000 7f271da00640 1 -- 172.21.15.17:0/781723175 --> [v2:172.21.15.17:3300/0,v1:172.21.15.17:6789/0] -- mon_command({"prefix": "get_command_descriptions"} v 0) v1 -- 0x7f271810bbc0 con 0x7f27181077f0
2024-09-13T15:47:08.251 INFO:teuthology.orchestra.run.smithi017.stdout:/usr/bin/ceph: stderr
2024-09-13T15:47:07.461+0000 7f270fe00640 1 --2- 172.21.15.17:0/781723175 >> [v2:172.21.15.17:6800/1047258336,v1:172.21.15.17:6801/1047258336] conn(0x7f26fc038620 0x7f26fc03aae0 unknown :-1 s=NONE pgs=0 cs=0 l=1 rev1=0 crypto rx=0 tx=0 comp rx=0 tx=0).connect
2024-09-13T15:47:08.251 INFO:teuthology.orchestra.run.smithi017.stdout:/usr/bin/ceph: stderr
2024-09-13T15:47:07.461+0000 7f270fe00640 1 -- 172.21.15.17:0/781723175 <== mon.0 v2:172.21.15.17:3300/0 5 ==== osd_map(1..1 src has 1..1) v4 ==== 725+0+0 (secure 0 0 0) 0x7f270806b6b0 con 0x7f27181077f0
2024-09-13T15:47:08.251 INFO:teuthology.orchestra.run.smithi017.stdout:/usr/bin/ceph: stderr
2024-09-13T15:47:07.461+0000 7f270e000640 1 --2- 172.21.15.17:0/781723175 >> [v2:172.21.15.17:6800/1047258336,v1:172.21.15.17:6801/1047258336] conn(0x7f26fc038620 0x7f26fc03aae0 unknown :-1 s=BANNER_CONNECTING pgs=0 cs=0 l=1 rev1=0 crypto rx=0 tx=0 comp rx=0 tx=0)._handle_peer_banner_payload supported=3 required=0
2024-09-13T15:47:08.251 INFO:teuthology.orchestra.run.smithi017.stdout:/usr/bin/ceph: stderr
2024-09-13T15:47:07.462+0000 7f270e000640 1 --2- 172.21.15.17:0/781723175 >> [v2:172.21.15.17:6800/1047258336,v1:172.21.15.17:6801/1047258336] conn(0x7f26fc038620 0x7f26fc03aae0 secure :-1 s=READY pgs=7 cs=0 l=1 rev1=1 crypto rx=0x7f27000098c0 tx=0x7f2700006db0 comp rx=0 tx=0).ready entity=mgr.14100 client_cookie=0 server_cookie=0 in_seq=0 out_seq=0
2024-09-13T15:47:08.251 INFO:teuthology.orchestra.run.smithi017.stdout:/usr/bin/ceph: stderr
2024-09-13T15:47:07.467+0000 7f270fe00640 1 -- 172.21.15.17:0/781723175 <== mon.0 v2:172.21.15.17:3300/0 6 ==== mon_command_ack([{"prefix": "get_command_descriptions"}]=0 v0) v1 ==== 72+0+183819 (secure 0 0 0) 0x7f2708031580 con 0x7f27181077f0
2024-09-13T15:47:08.251 INFO:teuthology.orchestra.run.smithi017.stdout:/usr/bin/ceph: stderr
2024-09-13T15:47:07.646+0000 7f271da00640 1 -- 172.21.15.17:0/781723175 --> [v2:172.21.15.17:3300/0,v1:172.21.15.17:6789/0] -- mon_command({"prefix": "config assimilate-conf"} v 0) v1 -- 0x7f271810be00 con 0x7f27181077f0
2024-09-13T15:47:08.251 INFO:teuthology.orchestra.run.smithi017.stdout:/usr/bin/ceph: stderr
2024-09-13T15:47:07.648+0000 7f270fe00640 1 -- 172.21.15.17:0/781723175 <== mon.0 v2:172.21.15.17:3300/0 7 ==== mon_command_ack([{"prefix": "config assimilate-conf"}]=0 v3) v1 ==== 70+0+373 (secure 0 0 0) 0x7f270803f020 con 0x7f27181077f0
2024-09-13T15:47:08.251 INFO:teuthology.orchestra.run.smithi017.stdout:/usr/bin/ceph: stderr
2024-09-13T15:47:07.650+0000 7f271da00640 1 -- 172.21.15.17:0/781723175 >> [v2:172.21.15.17:6800/1047258336,v1:172.21.15.17:6801/1047258336] conn(0x7f26fc038620 msgr2=0x7f26fc03aae0 secure :-1 s=STATE_CONNECTION_ESTABLISHED l=1).mark_down
2024-09-13T15:47:08.251 INFO:teuthology.orchestra.run.smithi017.stdout:/usr/bin/ceph: stderr
2024-09-13T15:47:07.650+0000 7f271da00640 1 --2- 172.21.15.17:0/781723175 >> [v2:172.21.15.17:6800/1047258336,v1:172.21.15.17:6801/1047258336] conn(0x7f26fc038620 0x7f26fc03aae0 secure :-1 s=READY pgs=7 cs=0 l=1 rev1=1 crypto rx=0x7f27000098c0 tx=0x7f2700006db0 comp rx=0 tx=0).stop
2024-09-13T15:47:08.251 INFO:teuthology.orchestra.run.smithi017.stdout:/usr/bin/ceph: stderr
2024-09-13T15:47:07.650+0000 7f271da00640 1 -- 172.21.15.17:0/781723175 >> [v2:172.21.15.17:3300/0,v1:172.21.15.17:6789/0] conn(0x7f27181077f0 msgr2=0x7f271819b4a0 secure :-1 s=STATE_CONNECTION_ESTABLISHED l=1).mark_down
2024-09-13T15:47:08.251 INFO:teuthology.orchestra.run.smithi017.stdout:/usr/bin/ceph: stderr
2024-09-13T15:47:07.650+0000 7f271da00640 1 --2- 172.21.15.17:0/781723175 >> [v2:172.21.15.17:3300/0,v1:172.21.15.17:6789/0] conn(0x7f27181077f0 0x7f271819b4a0 secure :-1 s=READY pgs=19 cs=0 l=1 rev1=1 crypto rx=0x7f27080305d0 tx=0x7f2708032670 comp rx=0 tx=0).stop
2024-09-13T15:47:08.251 INFO:teuthology.orchestra.run.smithi017.stdout:/usr/bin/ceph: stderr
2024-09-13T15:47:07.650+0000 7f271da00640 1 -- 172.21.15.17:0/781723175 shutdown_connections
2024-09-13T15:47:08.251 INFO:teuthology.orchestra.run.smithi017.stdout:/usr/bin/ceph: stderr
2024-09-13T15:47:07.650+0000 7f271da00640 1 --2- 172.21.15.17:0/781723175 >> [v2:172.21.15.17:6800/1047258336,v1:172.21.15.17:6801/1047258336] conn(0x7f26fc038620 0x7f26fc03aae0 unknown :-1 s=CLOSED pgs=7 cs=0 l=1 rev1=1 crypto rx=0 tx=0 comp rx=0 tx=0).stop
2024-09-13T15:47:08.252 INFO:teuthology.orchestra.run.smithi017.stdout:/usr/bin/ceph: stderr
2024-09-13T15:47:07.650+0000 7f271da00640 1 --2- 172.21.15.17:0/781723175 >> [v2:172.21.15.17:3300/0,v1:172.21.15.17:6789/0] conn(0x7f27181077f0 0x7f271819b4a0 unknown :-1 s=CLOSED pgs=19 cs=0 l=1 rev1=1 crypto rx=0 tx=0 comp rx=0 tx=0).stop
2024-09-13T15:47:08.252 INFO:teuthology.orchestra.run.smithi017.stdout:/usr/bin/ceph: stderr
2024-09-13T15:47:07.650+0000 7f271da00640 1 -- 172.21.15.17:0/781723175 >> 172.21.15.17:0/781723175 conn(0x7f271807ad80 msgr2=0x7f27181054f0 unknown :-1 s=STATE_NONE l=0).mark_down
2024-09-13T15:47:08.252 INFO:teuthology.orchestra.run.smithi017.stdout:/usr/bin/ceph: stderr
2024-09-13T15:47:07.650+0000 7f271da00640 1 -- 172.21.15.17:0/781723175 shutdown_connections
2024-09-13T15:47:08.252 INFO:teuthology.orchestra.run.smithi017.stdout:/usr/bin/ceph: stderr
2024-09-13T15:47:07.650+0000 7f271da00640 1 -- 172.21.15.17:0/781723175 wait complete.
2024-09-13T15:47:08.252 INFO:teuthology.orchestra.run.smithi017.stdout:Enabling cephadm module...
2024-09-13T15:47:09.243 INFO:journalctl@ceph.mon.a.smithi017.stdout:Sep 13 15:47:09 smithi017 ceph-mon[30494]: from='client.? 172.21.15.17:0/13665340' entity='client.admin' cmd=[{"prefix": "mgr module enable", "module": "cephadm"}]: dispatch
2024-09-13T15:47:09.243 INFO:journalctl@ceph.mgr.x.smithi017.stdout:Sep 13 15:47:09 smithi017 ceph-3334a620-71e7-11ef-bceb-c7b262605968-mgr-x[30721]: ignoring --setuser ceph since I am not root
2024-09-13T15:47:09.243 INFO:journalctl@ceph.mgr.x.smithi017.stdout:Sep 13 15:47:09 smithi017 ceph-3334a620-71e7-11ef-bceb-c7b262605968-mgr-x[30721]: ignoring --setgroup ceph since I am not root
2024-09-13T15:47:09.243 INFO:journalctl@ceph.mgr.x.smithi017.stdout:Sep 13 15:47:09 smithi017 ceph-3334a620-71e7-11ef-bceb-c7b262605968-mgr-x[30721]:
2024-09-13T15:47:09.241+0000 7f9487e19040 -1 mgr[py] Module osd_perf_query has missing NOTIFY_TYPES member
2024-09-13T15:47:09.507 INFO:journalctl@ceph.mgr.x.smithi017.stdout:Sep 13 15:47:09 smithi017 ceph-3334a620-71e7-11ef-bceb-c7b262605968-mgr-x[30721]:
2024-09-13T15:47:09.313+0000 7f9487e19040 -1 mgr[py] Module osd_support has missing NOTIFY_TYPES member
2024-09-13T15:47:09.507 INFO:journalctl@ceph.mgr.x.smithi017.stdout:Sep 13 15:47:09 smithi017 ceph-3334a620-71e7-11ef-bceb-c7b262605968-mgr-x[30721]:
2024-09-13T15:47:09.505+0000 7f9487e19040 -1 mgr[py] Module diskprediction_local has missing NOTIFY_TYPES member
2024-09-13T15:47:09.693 INFO:teuthology.orchestra.run.smithi017.stdout:/usr/bin/ceph: stderr
2024-09-13T15:47:08.728+0000 7fa8f8e00640 1 Processor -- start
2024-09-13T15:47:09.693 INFO:teuthology.orchestra.run.smithi017.stdout:/usr/bin/ceph: stderr
2024-09-13T15:47:08.728+0000 7fa8f8e00640 1 -- start start
2024-09-13T15:47:09.693 INFO:teuthology.orchestra.run.smithi017.stdout:/usr/bin/ceph: stderr
2024-09-13T15:47:08.728+0000 7fa8f8e00640 1 --2- >> [v2:172.21.15.17:3300/0,v1:172.21.15.17:6789/0] conn(0x7fa8f4105580 0x7fa8f4105980 unknown :-1 s=NONE pgs=0 cs=0 l=0 rev1=0 crypto rx=0 tx=0 comp rx=0 tx=0).connect
2024-09-13T15:47:09.693 INFO:teuthology.orchestra.run.smithi017.stdout:/usr/bin/ceph: stderr
2024-09-13T15:47:08.728+0000 7fa8f8e00640 1 -- --> [v2:172.21.15.17:3300/0,v1:172.21.15.17:6789/0] -- mon_getmap magic: 0 v1 -- 0x7fa8f4105f50 con 0x7fa8f4105580
2024-09-13T15:47:09.694 INFO:teuthology.orchestra.run.smithi017.stdout:/usr/bin/ceph: stderr
2024-09-13T15:47:08.728+0000 7fa8f1e00640 1 --2- >> [v2:172.21.15.17:3300/0,v1:172.21.15.17:6789/0] conn(0x7fa8f4105580 0x7fa8f4105980 unknown :-1 s=BANNER_CONNECTING pgs=0 cs=0 l=0 rev1=0 crypto rx=0 tx=0 comp rx=0 tx=0)._handle_peer_banner_payload supported=3 required=0
2024-09-13T15:47:09.694 INFO:teuthology.orchestra.run.smithi017.stdout:/usr/bin/ceph: stderr
2024-09-13T15:47:08.728+0000 7fa8f1e00640 1 --2- >> [v2:172.21.15.17:3300/0,v1:172.21.15.17:6789/0] conn(0x7fa8f4105580 0x7fa8f4105980 unknown :-1 s=HELLO_CONNECTING pgs=0 cs=0 l=0 rev1=1 crypto rx=0 tx=0 comp rx=0 tx=0).handle_hello peer v2:172.21.15.17:3300/0 says I am v2:172.21.15.17:39476/0 (socket says 172.21.15.17:39476)
2024-09-13T15:47:09.694 INFO:teuthology.orchestra.run.smithi017.stdout:/usr/bin/ceph: stderr
2024-09-13T15:47:08.728+0000 7fa8f1e00640 1 -- 172.21.15.17:0/3162317559 learned_addr learned my addr 172.21.15.17:0/3162317559 (peer_addr_for_me v2:172.21.15.17:0/0)
2024-09-13T15:47:09.694 INFO:teuthology.orchestra.run.smithi017.stdout:/usr/bin/ceph: stderr
2024-09-13T15:47:08.728+0000 7fa8f1e00640 1 -- 172.21.15.17:0/3162317559 --> [v2:172.21.15.17:3300/0,v1:172.21.15.17:6789/0] -- mon_subscribe({config=0+,monmap=0+}) v3 -- 0x7fa8f4106780 con 0x7fa8f4105580
2024-09-13T15:47:09.694 INFO:teuthology.orchestra.run.smithi017.stdout:/usr/bin/ceph: stderr
2024-09-13T15:47:08.729+0000 7fa8f1e00640 1 --2- 172.21.15.17:0/3162317559 >> [v2:172.21.15.17:3300/0,v1:172.21.15.17:6789/0] conn(0x7fa8f4105580 0x7fa8f4105980 secure :-1 s=READY pgs=20 cs=0 l=1 rev1=1 crypto rx=0x7fa8e4009820 tx=0x7fa8e402a270 comp rx=0 tx=0).ready entity=mon.0 client_cookie=95f12fb043217fde server_cookie=0 in_seq=0 out_seq=0
2024-09-13T15:47:09.694 INFO:teuthology.orchestra.run.smithi017.stdout:/usr/bin/ceph: stderr
2024-09-13T15:47:08.730+0000 7fa8f1400640 1 -- 172.21.15.17:0/3162317559 <== mon.0 v2:172.21.15.17:3300/0 1 ==== mon_map magic: 0 v1 ==== 205+0+0 (secure 0 0 0) 0x7fa8e402ae70 con 0x7fa8f4105580
2024-09-13T15:47:09.694 INFO:teuthology.orchestra.run.smithi017.stdout:/usr/bin/ceph: stderr
2024-09-13T15:47:08.730+0000 7fa8f1400640 1 -- 172.21.15.17:0/3162317559 <== mon.0 v2:172.21.15.17:3300/0 2 ==== config(26 keys) v1 ==== 1074+0+0 (secure 0 0 0) 0x7fa8e40328e0 con 0x7fa8f4105580
2024-09-13T15:47:09.694 INFO:teuthology.orchestra.run.smithi017.stdout:/usr/bin/ceph: stderr
2024-09-13T15:47:08.730+0000 7fa8f1400640 1 -- 172.21.15.17:0/3162317559 <== mon.0 v2:172.21.15.17:3300/0 3 ==== mon_map magic: 0 v1 ==== 205+0+0 (secure 0 0 0) 0x7fa8e40308c0 con 0x7fa8f4105580
2024-09-13T15:47:09.694 INFO:teuthology.orchestra.run.smithi017.stdout:/usr/bin/ceph: stderr
2024-09-13T15:47:08.730+0000 7fa8f8e00640 1 -- 172.21.15.17:0/3162317559 >> [v2:172.21.15.17:3300/0,v1:172.21.15.17:6789/0] conn(0x7fa8f4105580 msgr2=0x7fa8f4105980 secure :-1 s=STATE_CONNECTION_ESTABLISHED l=1).mark_down
2024-09-13T15:47:09.694 INFO:teuthology.orchestra.run.smithi017.stdout:/usr/bin/ceph: stderr
2024-09-13T15:47:08.730+0000 7fa8f8e00640 1 --2- 172.21.15.17:0/3162317559 >> [v2:172.21.15.17:3300/0,v1:172.21.15.17:6789/0] conn(0x7fa8f4105580 0x7fa8f4105980 secure :-1 s=READY pgs=20 cs=0 l=1 rev1=1 crypto rx=0x7fa8e4009820 tx=0x7fa8e402a270 comp rx=0 tx=0).stop
2024-09-13T15:47:09.694 INFO:teuthology.orchestra.run.smithi017.stdout:/usr/bin/ceph: stderr
2024-09-13T15:47:08.730+0000 7fa8f8e00640 1 -- 172.21.15.17:0/3162317559 shutdown_connections
2024-09-13T15:47:09.695 INFO:teuthology.orchestra.run.smithi017.stdout:/usr/bin/ceph: stderr
2024-09-13T15:47:08.730+0000 7fa8f8e00640 1 --2- 172.21.15.17:0/3162317559 >> [v2:172.21.15.17:3300/0,v1:172.21.15.17:6789/0] conn(0x7fa8f4105580 0x7fa8f4105980 unknown :-1 s=CLOSED pgs=20 cs=0 l=1 rev1=1 crypto rx=0 tx=0 comp rx=0 tx=0).stop
2024-09-13T15:47:09.695 INFO:teuthology.orchestra.run.smithi017.stdout:/usr/bin/ceph: stderr
2024-09-13T15:47:08.730+0000 7fa8f8e00640 1 -- 172.21.15.17:0/3162317559 >> 172.21.15.17:0/3162317559 conn(0x7fa8f4100d10 msgr2=0x7fa8f4103150 unknown :-1 s=STATE_NONE l=0).mark_down
2024-09-13T15:47:09.695 INFO:teuthology.orchestra.run.smithi017.stdout:/usr/bin/ceph: stderr
2024-09-13T15:47:08.730+0000 7fa8f8e00640 1 -- 172.21.15.17:0/3162317559 shutdown_connections
2024-09-13T15:47:09.695 INFO:teuthology.orchestra.run.smithi017.stdout:/usr/bin/ceph: stderr
2024-09-13T15:47:08.730+0000 7fa8f8e00640 1 -- 172.21.15.17:0/3162317559 wait complete.
2024-09-13T15:47:09.695 INFO:teuthology.orchestra.run.smithi017.stdout:/usr/bin/ceph: stderr
2024-09-13T15:47:08.731+0000 7fa8f8e00640 1 Processor -- start
2024-09-13T15:47:09.695 INFO:teuthology.orchestra.run.smithi017.stdout:/usr/bin/ceph: stderr
2024-09-13T15:47:08.731+0000 7fa8f8e00640 1 -- start start
2024-09-13T15:47:09.695 INFO:teuthology.orchestra.run.smithi017.stdout:/usr/bin/ceph: stderr
2024-09-13T15:47:08.732+0000 7fa8f8e00640 1 --2- >> [v2:172.21.15.17:3300/0,v1:172.21.15.17:6789/0] conn(0x7fa8f4105580 0x7fa8f4199330 unknown :-1 s=NONE pgs=0 cs=0 l=1 rev1=0 crypto rx=0 tx=0 comp rx=0 tx=0).connect
2024-09-13T15:47:09.695 INFO:teuthology.orchestra.run.smithi017.stdout:/usr/bin/ceph: stderr
2024-09-13T15:47:08.732+0000 7fa8f8e00640 1 -- --> [v2:172.21.15.17:3300/0,v1:172.21.15.17:6789/0] -- mon_getmap magic: 0 v1 -- 0x7fa8f4199870 con 0x7fa8f4105580
2024-09-13T15:47:09.695 INFO:teuthology.orchestra.run.smithi017.stdout:/usr/bin/ceph: stderr
2024-09-13T15:47:08.732+0000 7fa8f1e00640 1 --2- >> [v2:172.21.15.17:3300/0,v1:172.21.15.17:6789/0] conn(0x7fa8f4105580 0x7fa8f4199330 unknown :-1 s=BANNER_CONNECTING pgs=0 cs=0 l=1 rev1=0 crypto rx=0 tx=0 comp rx=0 tx=0)._handle_peer_banner_payload supported=3 required=0
2024-09-13T15:47:09.695 INFO:teuthology.orchestra.run.smithi017.stdout:/usr/bin/ceph: stderr
2024-09-13T15:47:08.732+0000 7fa8f1e00640 1 --2- >> [v2:172.21.15.17:3300/0,v1:172.21.15.17:6789/0] conn(0x7fa8f4105580 0x7fa8f4199330 unknown :-1 s=HELLO_CONNECTING pgs=0 cs=0 l=1 rev1=1 crypto rx=0 tx=0 comp rx=0 tx=0).handle_hello peer v2:172.21.15.17:3300/0 says I am v2:172.21.15.17:39492/0 (socket says 172.21.15.17:39492)
2024-09-13T15:47:09.696 INFO:teuthology.orchestra.run.smithi017.stdout:/usr/bin/ceph: stderr
2024-09-13T15:47:08.732+0000 7fa8f1e00640 1 -- 172.21.15.17:0/13665340 learned_addr learned my addr 172.21.15.17:0/13665340 (peer_addr_for_me v2:172.21.15.17:0/0)
2024-09-13T15:47:09.696 INFO:teuthology.orchestra.run.smithi017.stdout:/usr/bin/ceph: stderr
2024-09-13T15:47:08.732+0000 7fa8f1e00640 1 -- 172.21.15.17:0/13665340 --> [v2:172.21.15.17:3300/0,v1:172.21.15.17:6789/0] -- mon_subscribe({config=0+,monmap=0+}) v3 -- 0x7fa8e40094d0 con 0x7fa8f4105580
2024-09-13T15:47:09.696 INFO:teuthology.orchestra.run.smithi017.stdout:/usr/bin/ceph: stderr
2024-09-13T15:47:08.733+0000 7fa8f1e00640 1 --2- 172.21.15.17:0/13665340 >> [v2:172.21.15.17:3300/0,v1:172.21.15.17:6789/0] conn(0x7fa8f4105580 0x7fa8f4199330 secure :-1 s=READY pgs=21 cs=0 l=1 rev1=1 crypto rx=0x7fa8e40305d0 tx=0x7fa8e4032670 comp rx=0 tx=0).ready entity=mon.0 client_cookie=0 server_cookie=0 in_seq=0 out_seq=0
2024-09-13T15:47:09.696 INFO:teuthology.orchestra.run.smithi017.stdout:/usr/bin/ceph: stderr
2024-09-13T15:47:08.733+0000 7fa8eb400640 1 -- 172.21.15.17:0/13665340 <== mon.0 v2:172.21.15.17:3300/0 1 ==== mon_map magic: 0 v1 ==== 205+0+0 (secure 0 0 0) 0x7fa8e4032d90 con 0x7fa8f4105580
2024-09-13T15:47:09.696 INFO:teuthology.orchestra.run.smithi017.stdout:/usr/bin/ceph: stderr
2024-09-13T15:47:08.733+0000 7fa8eb400640 1 -- 172.21.15.17:0/13665340 <== mon.0 v2:172.21.15.17:3300/0 2 ==== config(26 keys) v1 ==== 1074+0+0 (secure 0 0 0) 0x7fa8e403b8d0 con 0x7fa8f4105580
2024-09-13T15:47:09.696 INFO:teuthology.orchestra.run.smithi017.stdout:/usr/bin/ceph: stderr
2024-09-13T15:47:08.733+0000 7fa8eb400640 1 -- 172.21.15.17:0/13665340 <== mon.0 v2:172.21.15.17:3300/0 3 ==== mon_map magic: 0 v1 ==== 205+0+0 (secure 0 0 0) 0x7fa8e403a800 con 0x7fa8f4105580
2024-09-13T15:47:09.696 INFO:teuthology.orchestra.run.smithi017.stdout:/usr/bin/ceph: stderr
2024-09-13T15:47:08.733+0000 7fa8f8e00640 1 -- 172.21.15.17:0/13665340 --> [v2:172.21.15.17:3300/0,v1:172.21.15.17:6789/0] -- mon_subscribe({mgrmap=0+}) v3 -- 0x7fa8f4199a70 con 0x7fa8f4105580
2024-09-13T15:47:09.696 INFO:teuthology.orchestra.run.smithi017.stdout:/usr/bin/ceph: stderr
2024-09-13T15:47:08.733+0000 7fa8f8e00640 1 -- 172.21.15.17:0/13665340 --> [v2:172.21.15.17:3300/0,v1:172.21.15.17:6789/0] -- mon_subscribe({osdmap=0}) v3 -- 0x7fa8f4199f10 con 0x7fa8f4105580
2024-09-13T15:47:09.696 INFO:teuthology.orchestra.run.smithi017.stdout:/usr/bin/ceph: stderr
2024-09-13T15:47:08.734+0000 7fa8eb400640 1 -- 172.21.15.17:0/13665340 <== mon.0 v2:172.21.15.17:3300/0 4 ==== mgrmap(e 4) v1 ==== 45530+0+0 (secure 0 0 0) 0x7fa8e4039040 con 0x7fa8f4105580
2024-09-13T15:47:09.696 INFO:teuthology.orchestra.run.smithi017.stdout:/usr/bin/ceph: stderr
2024-09-13T15:47:08.734+0000 7fa8f8e00640 1 -- 172.21.15.17:0/13665340 --> [v2:172.21.15.17:3300/0,v1:172.21.15.17:6789/0] -- mon_command({"prefix": "get_command_descriptions"} v 0) v1 -- 0x7fa8f41099b0 con 0x7fa8f4105580
2024-09-13T15:47:09.696 INFO:teuthology.orchestra.run.smithi017.stdout:/usr/bin/ceph: stderr
2024-09-13T15:47:08.734+0000 7fa8eb400640 1 --2- 172.21.15.17:0/13665340 >> [v2:172.21.15.17:6800/1047258336,v1:172.21.15.17:6801/1047258336] conn(0x7fa8d8038670 0x7fa8d803ab30 unknown :-1 s=NONE pgs=0 cs=0 l=1 rev1=0 crypto rx=0 tx=0 comp rx=0 tx=0).connect
2024-09-13T15:47:09.696 INFO:teuthology.orchestra.run.smithi017.stdout:/usr/bin/ceph: stderr
2024-09-13T15:47:08.734+0000 7fa8eb400640 1 -- 172.21.15.17:0/13665340 <== mon.0 v2:172.21.15.17:3300/0 5 ==== osd_map(1..1 src has 1..1) v4 ==== 725+0+0 (secure 0 0 0) 0x7fa8e406b730 con 0x7fa8f4105580
2024-09-13T15:47:09.697 INFO:teuthology.orchestra.run.smithi017.stdout:/usr/bin/ceph: stderr
2024-09-13T15:47:08.735+0000 7fa8e9400640 1 --2- 172.21.15.17:0/13665340 >> [v2:172.21.15.17:6800/1047258336,v1:172.21.15.17:6801/1047258336] conn(0x7fa8d8038670 0x7fa8d803ab30 unknown :-1 s=BANNER_CONNECTING pgs=0 cs=0 l=1 rev1=0 crypto rx=0 tx=0 comp rx=0 tx=0)._handle_peer_banner_payload supported=3 required=0
2024-09-13T15:47:09.697 INFO:teuthology.orchestra.run.smithi017.stdout:/usr/bin/ceph: stderr
