2024-09-13T16:00:45.629+0000 7ffb77e00640 1 -- 172.21.15.86:0/590218536 wait complete.
2024-09-13T16:00:46.899 INFO:teuthology.orchestra.run.smithi086.stdout:/usr/bin/ceph: stderr
2024-09-13T16:00:45.630+0000 7ffb77e00640 1 Processor -- start
2024-09-13T16:00:46.899 INFO:teuthology.orchestra.run.smithi086.stdout:/usr/bin/ceph: stderr
2024-09-13T16:00:45.630+0000 7ffb77e00640 1 -- start start
2024-09-13T16:00:46.899 INFO:teuthology.orchestra.run.smithi086.stdout:/usr/bin/ceph: stderr
2024-09-13T16:00:45.630+0000 7ffb77e00640 1 --2- >> [v2:172.21.15.86:3300/0,v1:172.21.15.86:6789/0] conn(0x7ffb781055e0 0x7ffb781992f0 unknown :-1 s=NONE pgs=0 cs=0 l=1 rev1=0 crypto rx=0 tx=0 comp rx=0 tx=0).connect
2024-09-13T16:00:46.899 INFO:teuthology.orchestra.run.smithi086.stdout:/usr/bin/ceph: stderr
2024-09-13T16:00:45.630+0000 7ffb77e00640 1 -- --> [v2:172.21.15.86:3300/0,v1:172.21.15.86:6789/0] -- mon_getmap magic: 0 v1 -- 0x7ffb78199830 con 0x7ffb781055e0
2024-09-13T16:00:46.899 INFO:teuthology.orchestra.run.smithi086.stdout:/usr/bin/ceph: stderr
2024-09-13T16:00:45.630+0000 7ffb76a00640 1 --2- >> [v2:172.21.15.86:3300/0,v1:172.21.15.86:6789/0] conn(0x7ffb781055e0 0x7ffb781992f0 unknown :-1 s=BANNER_CONNECTING pgs=0 cs=0 l=1 rev1=0 crypto rx=0 tx=0 comp rx=0 tx=0)._handle_peer_banner_payload supported=3 required=0
2024-09-13T16:00:46.899 INFO:teuthology.orchestra.run.smithi086.stdout:/usr/bin/ceph: stderr
2024-09-13T16:00:45.630+0000 7ffb76a00640 1 --2- >> [v2:172.21.15.86:3300/0,v1:172.21.15.86:6789/0] conn(0x7ffb781055e0 0x7ffb781992f0 unknown :-1 s=HELLO_CONNECTING pgs=0 cs=0 l=1 rev1=1 crypto rx=0 tx=0 comp rx=0 tx=0).handle_hello peer v2:172.21.15.86:3300/0 says I am v2:172.21.15.86:59228/0 (socket says 172.21.15.86:59228)
2024-09-13T16:00:46.899 INFO:teuthology.orchestra.run.smithi086.stdout:/usr/bin/ceph: stderr
2024-09-13T16:00:45.630+0000 7ffb76a00640 1 -- 172.21.15.86:0/605019603 learned_addr learned my addr 172.21.15.86:0/605019603 (peer_addr_for_me v2:172.21.15.86:0/0)
2024-09-13T16:00:46.899 INFO:teuthology.orchestra.run.smithi086.stdout:/usr/bin/ceph: stderr
2024-09-13T16:00:45.631+0000 7ffb76a00640 1 -- 172.21.15.86:0/605019603 --> [v2:172.21.15.86:3300/0,v1:172.21.15.86:6789/0] -- mon_subscribe({config=0+,monmap=0+}) v3 -- 0x7ffb680094d0 con 0x7ffb781055e0
2024-09-13T16:00:46.899 INFO:teuthology.orchestra.run.smithi086.stdout:/usr/bin/ceph: stderr
2024-09-13T16:00:45.631+0000 7ffb76a00640 1 --2- 172.21.15.86:0/605019603 >> [v2:172.21.15.86:3300/0,v1:172.21.15.86:6789/0] conn(0x7ffb781055e0 0x7ffb781992f0 secure :-1 s=READY pgs=46 cs=0 l=1 rev1=1 crypto rx=0x7ffb68006f10 tx=0x7ffb68032670 comp rx=0 tx=0).ready entity=mon.0 client_cookie=0 server_cookie=0 in_seq=0 out_seq=0
2024-09-13T16:00:46.899 INFO:teuthology.orchestra.run.smithi086.stdout:/usr/bin/ceph: stderr
2024-09-13T16:00:45.631+0000 7ffb6f400640 1 -- 172.21.15.86:0/605019603 <== mon.0 v2:172.21.15.86:3300/0 1 ==== mon_map magic: 0 v1 ==== 205+0+0 (secure 0 0 0) 0x7ffb68032c80 con 0x7ffb781055e0
2024-09-13T16:00:46.899 INFO:teuthology.orchestra.run.smithi086.stdout:/usr/bin/ceph: stderr
2024-09-13T16:00:45.631+0000 7ffb6f400640 1 -- 172.21.15.86:0/605019603 <== mon.0 v2:172.21.15.86:3300/0 2 ==== config(27 keys) v1 ==== 1108+0+0 (secure 0 0 0) 0x7ffb68032de0 con 0x7ffb781055e0
2024-09-13T16:00:46.900 INFO:teuthology.orchestra.run.smithi086.stdout:/usr/bin/ceph: stderr
2024-09-13T16:00:45.631+0000 7ffb77e00640 1 -- 172.21.15.86:0/605019603 --> [v2:172.21.15.86:3300/0,v1:172.21.15.86:6789/0] -- mon_subscribe({mgrmap=0+}) v3 -- 0x7ffb78199a30 con 0x7ffb781055e0
2024-09-13T16:00:46.900 INFO:teuthology.orchestra.run.smithi086.stdout:/usr/bin/ceph: stderr
2024-09-13T16:00:45.631+0000 7ffb6f400640 1 -- 172.21.15.86:0/605019603 <== mon.0 v2:172.21.15.86:3300/0 3 ==== mon_map magic: 0 v1 ==== 205+0+0 (secure 0 0 0) 0x7ffb6803a6d0 con 0x7ffb781055e0
2024-09-13T16:00:46.900 INFO:teuthology.orchestra.run.smithi086.stdout:/usr/bin/ceph: stderr
2024-09-13T16:00:45.631+0000 7ffb77e00640 1 -- 172.21.15.86:0/605019603 --> [v2:172.21.15.86:3300/0,v1:172.21.15.86:6789/0] -- mon_subscribe({osdmap=0}) v3 -- 0x7ffb78199ed0 con 0x7ffb781055e0
2024-09-13T16:00:46.900 INFO:teuthology.orchestra.run.smithi086.stdout:/usr/bin/ceph: stderr
2024-09-13T16:00:45.632+0000 7ffb77e00640 1 -- 172.21.15.86:0/605019603 --> [v2:172.21.15.86:3300/0,v1:172.21.15.86:6789/0] -- mon_command({"prefix": "get_command_descriptions"} v 0) v1 -- 0x7ffb78107470 con 0x7ffb781055e0
2024-09-13T16:00:46.900 INFO:teuthology.orchestra.run.smithi086.stdout:/usr/bin/ceph: stderr
2024-09-13T16:00:45.633+0000 7ffb6f400640 1 -- 172.21.15.86:0/605019603 <== mon.0 v2:172.21.15.86:3300/0 4 ==== mgrmap(e 8) v1 ==== 45541+0+0 (secure 0 0 0) 0x7ffb68039040 con 0x7ffb781055e0
2024-09-13T16:00:46.900 INFO:teuthology.orchestra.run.smithi086.stdout:/usr/bin/ceph: stderr
2024-09-13T16:00:45.633+0000 7ffb6f400640 1 --2- 172.21.15.86:0/605019603 >> [v2:172.21.15.86:6800/3020585994,v1:172.21.15.86:6801/3020585994] conn(0x7ffb5c038670 0x7ffb5c03ab30 unknown :-1 s=NONE pgs=0 cs=0 l=1 rev1=0 crypto rx=0 tx=0 comp rx=0 tx=0).connect
2024-09-13T16:00:46.900 INFO:teuthology.orchestra.run.smithi086.stdout:/usr/bin/ceph: stderr
2024-09-13T16:00:45.633+0000 7ffb6f400640 1 -- 172.21.15.86:0/605019603 <== mon.0 v2:172.21.15.86:3300/0 5 ==== osd_map(2..2 src has 1..2) v4 ==== 940+0+0 (secure 0 0 0) 0x7ffb6806b990 con 0x7ffb781055e0
2024-09-13T16:00:46.901 INFO:teuthology.orchestra.run.smithi086.stdout:/usr/bin/ceph: stderr
2024-09-13T16:00:45.633+0000 7ffb76000640 1 --2- 172.21.15.86:0/605019603 >> [v2:172.21.15.86:6800/3020585994,v1:172.21.15.86:6801/3020585994] conn(0x7ffb5c038670 0x7ffb5c03ab30 unknown :-1 s=BANNER_CONNECTING pgs=0 cs=0 l=1 rev1=0 crypto rx=0 tx=0 comp rx=0 tx=0)._handle_peer_banner_payload supported=3 required=0
2024-09-13T16:00:46.901 INFO:teuthology.orchestra.run.smithi086.stdout:/usr/bin/ceph: stderr
2024-09-13T16:00:45.634+0000 7ffb76000640 1 --2- 172.21.15.86:0/605019603 >> [v2:172.21.15.86:6800/3020585994,v1:172.21.15.86:6801/3020585994] conn(0x7ffb5c038670 0x7ffb5c03ab30 secure :-1 s=READY pgs=12 cs=0 l=1 rev1=1 crypto rx=0x7ffb640098c0 tx=0x7ffb64006db0 comp rx=0 tx=0).ready entity=mgr.14118 client_cookie=0 server_cookie=0 in_seq=0 out_seq=0
2024-09-13T16:00:46.901 INFO:teuthology.orchestra.run.smithi086.stdout:/usr/bin/ceph: stderr
2024-09-13T16:00:45.638+0000 7ffb6f400640 1 -- 172.21.15.86:0/605019603 <== mon.0 v2:172.21.15.86:3300/0 6 ==== mon_command_ack([{"prefix": "get_command_descriptions"}]=0 v0) v1 ==== 72+0+183819 (secure 0 0 0) 0x7ffb68031580 con 0x7ffb781055e0
2024-09-13T16:00:46.901 INFO:teuthology.orchestra.run.smithi086.stdout:/usr/bin/ceph: stderr
2024-09-13T16:00:45.831+0000 7ffb77e00640 1 -- 172.21.15.86:0/605019603 --> [v2:172.21.15.86:6800/3020585994,v1:172.21.15.86:6801/3020585994] -- mgr_command(tid 0: {"prefix": "orch apply", "service_type": "mon", "unmanaged": true, "target": ["mon-mgr", ""]}) v1 -- 0x7ffb78102100 con 0x7ffb5c038670
2024-09-13T16:00:46.901 INFO:teuthology.orchestra.run.smithi086.stdout:/usr/bin/ceph: stderr
2024-09-13T16:00:45.837+0000 7ffb6f400640 1 -- 172.21.15.86:0/605019603 <== mgr.14118 v2:172.21.15.86:6800/3020585994 1 ==== mgr_command_reply(tid 0: 0 ) v1 ==== 8+0+24 (secure 0 0 0) 0x7ffb78102100 con 0x7ffb5c038670
2024-09-13T16:00:46.901 INFO:teuthology.orchestra.run.smithi086.stdout:/usr/bin/ceph: stderr
2024-09-13T16:00:45.839+0000 7ffb77e00640 1 -- 172.21.15.86:0/605019603 >> [v2:172.21.15.86:6800/3020585994,v1:172.21.15.86:6801/3020585994] conn(0x7ffb5c038670 msgr2=0x7ffb5c03ab30 secure :-1 s=STATE_CONNECTION_ESTABLISHED l=1).mark_down
2024-09-13T16:00:46.901 INFO:teuthology.orchestra.run.smithi086.stdout:/usr/bin/ceph: stderr
2024-09-13T16:00:45.839+0000 7ffb77e00640 1 --2- 172.21.15.86:0/605019603 >> [v2:172.21.15.86:6800/3020585994,v1:172.21.15.86:6801/3020585994] conn(0x7ffb5c038670 0x7ffb5c03ab30 secure :-1 s=READY pgs=12 cs=0 l=1 rev1=1 crypto rx=0x7ffb640098c0 tx=0x7ffb64006db0 comp rx=0 tx=0).stop
2024-09-13T16:00:46.901 INFO:teuthology.orchestra.run.smithi086.stdout:/usr/bin/ceph: stderr
2024-09-13T16:00:45.839+0000 7ffb77e00640 1 -- 172.21.15.86:0/605019603 >> [v2:172.21.15.86:3300/0,v1:172.21.15.86:6789/0] conn(0x7ffb781055e0 msgr2=0x7ffb781992f0 secure :-1 s=STATE_CONNECTION_ESTABLISHED l=1).mark_down
2024-09-13T16:00:46.901 INFO:teuthology.orchestra.run.smithi086.stdout:/usr/bin/ceph: stderr
2024-09-13T16:00:45.839+0000 7ffb77e00640 1 --2- 172.21.15.86:0/605019603 >> [v2:172.21.15.86:3300/0,v1:172.21.15.86:6789/0] conn(0x7ffb781055e0 0x7ffb781992f0 secure :-1 s=READY pgs=46 cs=0 l=1 rev1=1 crypto rx=0x7ffb68006f10 tx=0x7ffb68032670 comp rx=0 tx=0).stop
2024-09-13T16:00:46.901 INFO:teuthology.orchestra.run.smithi086.stdout:/usr/bin/ceph: stderr
2024-09-13T16:00:45.839+0000 7ffb77e00640 1 -- 172.21.15.86:0/605019603 shutdown_connections
2024-09-13T16:00:46.901 INFO:teuthology.orchestra.run.smithi086.stdout:/usr/bin/ceph: stderr
2024-09-13T16:00:45.839+0000 7ffb77e00640 1 --2- 172.21.15.86:0/605019603 >> [v2:172.21.15.86:6800/3020585994,v1:172.21.15.86:6801/3020585994] conn(0x7ffb5c038670 0x7ffb5c03ab30 unknown :-1 s=CLOSED pgs=12 cs=0 l=1 rev1=1 crypto rx=0 tx=0 comp rx=0 tx=0).stop
2024-09-13T16:00:46.901 INFO:teuthology.orchestra.run.smithi086.stdout:/usr/bin/ceph: stderr
2024-09-13T16:00:45.839+0000 7ffb77e00640 1 --2- 172.21.15.86:0/605019603 >> [v2:172.21.15.86:3300/0,v1:172.21.15.86:6789/0] conn(0x7ffb781055e0 0x7ffb781992f0 unknown :-1 s=CLOSED pgs=46 cs=0 l=1 rev1=1 crypto rx=0 tx=0 comp rx=0 tx=0).stop
2024-09-13T16:00:46.901 INFO:teuthology.orchestra.run.smithi086.stdout:/usr/bin/ceph: stderr
2024-09-13T16:00:45.839+0000 7ffb77e00640 1 -- 172.21.15.86:0/605019603 >> 172.21.15.86:0/605019603 conn(0x7ffb78100e10 msgr2=0x7ffb781019f0 unknown :-1 s=STATE_NONE l=0).mark_down
2024-09-13T16:00:46.902 INFO:teuthology.orchestra.run.smithi086.stdout:/usr/bin/ceph: stderr
2024-09-13T16:00:45.839+0000 7ffb77e00640 1 -- 172.21.15.86:0/605019603 shutdown_connections
2024-09-13T16:00:46.902 INFO:teuthology.orchestra.run.smithi086.stdout:/usr/bin/ceph: stderr
2024-09-13T16:00:45.839+0000 7ffb77e00640 1 -- 172.21.15.86:0/605019603 wait complete.
2024-09-13T16:00:46.902 INFO:teuthology.orchestra.run.smithi086.stdout:Deploying unmanaged mgr service...
2024-09-13T16:00:47.115 INFO:journalctl@ceph.mon.a.smithi086.stdout:Sep 13 16:00:46 smithi086 ceph-mon[30379]: from='client.14140 -' entity='client.admin' cmd=[{"prefix": "orch apply", "service_type": "mon", "unmanaged": true, "target": ["mon-mgr", ""]}]: dispatch
2024-09-13T16:00:47.115 INFO:journalctl@ceph.mon.a.smithi086.stdout:Sep 13 16:00:46 smithi086 ceph-mon[30379]: Saving service mon spec with placement count:5
2024-09-13T16:00:47.115 INFO:journalctl@ceph.mon.a.smithi086.stdout:Sep 13 16:00:46 smithi086 ceph-mon[30379]: from='mgr.14118 172.21.15.86:0/1152155267' entity='mgr.x'
2024-09-13T16:00:47.115 INFO:journalctl@ceph.mon.a.smithi086.stdout:Sep 13 16:00:46 smithi086 ceph-mon[30379]: from='mgr.14118 172.21.15.86:0/1152155267' entity='mgr.x'
2024-09-13T16:00:47.115 INFO:journalctl@ceph.mon.a.smithi086.stdout:Sep 13 16:00:46 smithi086 ceph-mon[30379]: from='mgr.14118 172.21.15.86:0/1152155267' entity='mgr.x'
2024-09-13T16:00:48.865 INFO:journalctl@ceph.mon.a.smithi086.stdout:Sep 13 16:00:48 smithi086 ceph-mon[30379]: from='client.14142 -' entity='client.admin' cmd=[{"prefix": "orch apply", "service_type": "mgr", "unmanaged": true, "target": ["mon-mgr", ""]}]: dispatch
2024-09-13T16:00:48.865 INFO:journalctl@ceph.mon.a.smithi086.stdout:Sep 13 16:00:48 smithi086 ceph-mon[30379]: Saving service mgr spec with placement count:2
2024-09-13T16:00:48.865 INFO:journalctl@ceph.mon.a.smithi086.stdout:Sep 13 16:00:48 smithi086 ceph-mon[30379]: from='mgr.14118 172.21.15.86:0/1152155267' entity='mgr.x'
2024-09-13T16:00:48.946 INFO:teuthology.orchestra.run.smithi086.stdout:/usr/bin/ceph: stdout Scheduled mgr update...
2024-09-13T16:00:48.946 INFO:teuthology.orchestra.run.smithi086.stdout:/usr/bin/ceph: stderr
2024-09-13T16:00:47.406+0000 7f5fd1e00640 1 Processor -- start
2024-09-13T16:00:48.946 INFO:teuthology.orchestra.run.smithi086.stdout:/usr/bin/ceph: stderr
2024-09-13T16:00:47.406+0000 7f5fd1e00640 1 -- start start
2024-09-13T16:00:48.946 INFO:teuthology.orchestra.run.smithi086.stdout:/usr/bin/ceph: stderr
2024-09-13T16:00:47.407+0000 7f5fd1e00640 1 --2- >> [v2:172.21.15.86:3300/0,v1:172.21.15.86:6789/0] conn(0x7f5fcc105680 0x7f5fcc105a80 unknown :-1 s=NONE pgs=0 cs=0 l=0 rev1=0 crypto rx=0 tx=0 comp rx=0 tx=0).connect
2024-09-13T16:00:48.946 INFO:teuthology.orchestra.run.smithi086.stdout:/usr/bin/ceph: stderr
2024-09-13T16:00:47.407+0000 7f5fd1e00640 1 -- --> [v2:172.21.15.86:3300/0,v1:172.21.15.86:6789/0] -- mon_getmap magic: 0 v1 -- 0x7f5fcc106050 con 0x7f5fcc105680
2024-09-13T16:00:48.947 INFO:teuthology.orchestra.run.smithi086.stdout:/usr/bin/ceph: stderr
2024-09-13T16:00:47.407+0000 7f5fd0a00640 1 --2- >> [v2:172.21.15.86:3300/0,v1:172.21.15.86:6789/0] conn(0x7f5fcc105680 0x7f5fcc105a80 unknown :-1 s=BANNER_CONNECTING pgs=0 cs=0 l=0 rev1=0 crypto rx=0 tx=0 comp rx=0 tx=0)._handle_peer_banner_payload supported=3 required=0
2024-09-13T16:00:48.947 INFO:teuthology.orchestra.run.smithi086.stdout:/usr/bin/ceph: stderr
2024-09-13T16:00:47.407+0000 7f5fd0a00640 1 --2- >> [v2:172.21.15.86:3300/0,v1:172.21.15.86:6789/0] conn(0x7f5fcc105680 0x7f5fcc105a80 unknown :-1 s=HELLO_CONNECTING pgs=0 cs=0 l=0 rev1=1 crypto rx=0 tx=0 comp rx=0 tx=0).handle_hello peer v2:172.21.15.86:3300/0 says I am v2:172.21.15.86:59240/0 (socket says 172.21.15.86:59240)
2024-09-13T16:00:48.947 INFO:teuthology.orchestra.run.smithi086.stdout:/usr/bin/ceph: stderr
2024-09-13T16:00:47.407+0000 7f5fd0a00640 1 -- 172.21.15.86:0/2571001181 learned_addr learned my addr 172.21.15.86:0/2571001181 (peer_addr_for_me v2:172.21.15.86:0/0)
2024-09-13T16:00:48.947 INFO:teuthology.orchestra.run.smithi086.stdout:/usr/bin/ceph: stderr
2024-09-13T16:00:47.408+0000 7f5fd0a00640 1 -- 172.21.15.86:0/2571001181 --> [v2:172.21.15.86:3300/0,v1:172.21.15.86:6789/0] -- mon_subscribe({config=0+,monmap=0+}) v3 -- 0x7f5fcc106880 con 0x7f5fcc105680
2024-09-13T16:00:48.947 INFO:teuthology.orchestra.run.smithi086.stdout:/usr/bin/ceph: stderr
2024-09-13T16:00:47.409+0000 7f5fd0a00640 1 --2- 172.21.15.86:0/2571001181 >> [v2:172.21.15.86:3300/0,v1:172.21.15.86:6789/0] conn(0x7f5fcc105680 0x7f5fcc105a80 secure :-1 s=READY pgs=47 cs=0 l=1 rev1=1 crypto rx=0x7f5fbc009820 tx=0x7f5fbc02a270 comp rx=0 tx=0).ready entity=mon.0 client_cookie=eca1c88d3067e49e server_cookie=0 in_seq=0 out_seq=0
2024-09-13T16:00:48.947 INFO:teuthology.orchestra.run.smithi086.stdout:/usr/bin/ceph: stderr
2024-09-13T16:00:47.409+0000 7f5fcb400640 1 -- 172.21.15.86:0/2571001181 <== mon.0 v2:172.21.15.86:3300/0 1 ==== mon_map magic: 0 v1 ==== 205+0+0 (secure 0 0 0) 0x7f5fbc02ae70 con 0x7f5fcc105680
2024-09-13T16:00:48.947 INFO:teuthology.orchestra.run.smithi086.stdout:/usr/bin/ceph: stderr
2024-09-13T16:00:47.409+0000 7f5fcb400640 1 -- 172.21.15.86:0/2571001181 <== mon.0 v2:172.21.15.86:3300/0 2 ==== config(27 keys) v1 ==== 1139+0+0 (secure 0 0 0) 0x7f5fbc032920 con 0x7f5fcc105680
2024-09-13T16:00:48.947 INFO:teuthology.orchestra.run.smithi086.stdout:/usr/bin/ceph: stderr
2024-09-13T16:00:47.409+0000 7f5fcb400640 1 -- 172.21.15.86:0/2571001181 <== mon.0 v2:172.21.15.86:3300/0 3 ==== mon_map magic: 0 v1 ==== 205+0+0 (secure 0 0 0) 0x7f5fbc030920 con 0x7f5fcc105680
2024-09-13T16:00:48.948 INFO:teuthology.orchestra.run.smithi086.stdout:/usr/bin/ceph: stderr
2024-09-13T16:00:47.409+0000 7f5fd1e00640 1 -- 172.21.15.86:0/2571001181 >> [v2:172.21.15.86:3300/0,v1:172.21.15.86:6789/0] conn(0x7f5fcc105680 msgr2=0x7f5fcc105a80 secure :-1 s=STATE_CONNECTION_ESTABLISHED l=1).mark_down
2024-09-13T16:00:48.948 INFO:teuthology.orchestra.run.smithi086.stdout:/usr/bin/ceph: stderr
2024-09-13T16:00:47.409+0000 7f5fd1e00640 1 --2- 172.21.15.86:0/2571001181 >> [v2:172.21.15.86:3300/0,v1:172.21.15.86:6789/0] conn(0x7f5fcc105680 0x7f5fcc105a80 secure :-1 s=READY pgs=47 cs=0 l=1 rev1=1 crypto rx=0x7f5fbc009820 tx=0x7f5fbc02a270 comp rx=0 tx=0).stop
2024-09-13T16:00:48.948 INFO:teuthology.orchestra.run.smithi086.stdout:/usr/bin/ceph: stderr
2024-09-13T16:00:47.410+0000 7f5fd1e00640 1 -- 172.21.15.86:0/2571001181 shutdown_connections
2024-09-13T16:00:48.948 INFO:teuthology.orchestra.run.smithi086.stdout:/usr/bin/ceph: stderr
2024-09-13T16:00:47.410+0000 7f5fd1e00640 1 --2- 172.21.15.86:0/2571001181 >> [v2:172.21.15.86:3300/0,v1:172.21.15.86:6789/0] conn(0x7f5fcc105680 0x7f5fcc105a80 unknown :-1 s=CLOSED pgs=47 cs=0 l=1 rev1=1 crypto rx=0 tx=0 comp rx=0 tx=0).stop
2024-09-13T16:00:48.948 INFO:teuthology.orchestra.run.smithi086.stdout:/usr/bin/ceph: stderr
2024-09-13T16:00:47.410+0000 7f5fd1e00640 1 -- 172.21.15.86:0/2571001181 >> 172.21.15.86:0/2571001181 conn(0x7f5fcc100e70 msgr2=0x7f5fcc103290 unknown :-1 s=STATE_NONE l=0).mark_down
2024-09-13T16:00:48.948 INFO:teuthology.orchestra.run.smithi086.stdout:/usr/bin/ceph: stderr
2024-09-13T16:00:47.410+0000 7f5fd1e00640 1 -- 172.21.15.86:0/2571001181 shutdown_connections
2024-09-13T16:00:48.948 INFO:teuthology.orchestra.run.smithi086.stdout:/usr/bin/ceph: stderr
2024-09-13T16:00:47.410+0000 7f5fd1e00640 1 -- 172.21.15.86:0/2571001181 wait complete.
2024-09-13T16:00:48.948 INFO:teuthology.orchestra.run.smithi086.stdout:/usr/bin/ceph: stderr
2024-09-13T16:00:47.411+0000 7f5fd1e00640 1 Processor -- start
2024-09-13T16:00:48.948 INFO:teuthology.orchestra.run.smithi086.stdout:/usr/bin/ceph: stderr
2024-09-13T16:00:47.411+0000 7f5fd1e00640 1 -- start start
2024-09-13T16:00:48.948 INFO:teuthology.orchestra.run.smithi086.stdout:/usr/bin/ceph: stderr
2024-09-13T16:00:47.411+0000 7f5fd1e00640 1 --2- >> [v2:172.21.15.86:3300/0,v1:172.21.15.86:6789/0] conn(0x7f5fcc105680 0x7f5fcc19b670 unknown :-1 s=NONE pgs=0 cs=0 l=1 rev1=0 crypto rx=0 tx=0 comp rx=0 tx=0).connect
2024-09-13T16:00:48.948 INFO:teuthology.orchestra.run.smithi086.stdout:/usr/bin/ceph: stderr
2024-09-13T16:00:47.411+0000 7f5fd1e00640 1 -- --> [v2:172.21.15.86:3300/0,v1:172.21.15.86:6789/0] -- mon_getmap magic: 0 v1 -- 0x7f5fcc19bbb0 con 0x7f5fcc105680
2024-09-13T16:00:48.948 INFO:teuthology.orchestra.run.smithi086.stdout:/usr/bin/ceph: stderr
2024-09-13T16:00:47.411+0000 7f5fd0a00640 1 --2- >> [v2:172.21.15.86:3300/0,v1:172.21.15.86:6789/0] conn(0x7f5fcc105680 0x7f5fcc19b670 unknown :-1 s=BANNER_CONNECTING pgs=0 cs=0 l=1 rev1=0 crypto rx=0 tx=0 comp rx=0 tx=0)._handle_peer_banner_payload supported=3 required=0
2024-09-13T16:00:48.949 INFO:teuthology.orchestra.run.smithi086.stdout:/usr/bin/ceph: stderr
2024-09-13T16:00:47.411+0000 7f5fd0a00640 1 --2- >> [v2:172.21.15.86:3300/0,v1:172.21.15.86:6789/0] conn(0x7f5fcc105680 0x7f5fcc19b670 unknown :-1 s=HELLO_CONNECTING pgs=0 cs=0 l=1 rev1=1 crypto rx=0 tx=0 comp rx=0 tx=0).handle_hello peer v2:172.21.15.86:3300/0 says I am v2:172.21.15.86:59248/0 (socket says 172.21.15.86:59248)
2024-09-13T16:00:48.949 INFO:teuthology.orchestra.run.smithi086.stdout:/usr/bin/ceph: stderr
2024-09-13T16:00:47.411+0000 7f5fd0a00640 1 -- 172.21.15.86:0/953651715 learned_addr learned my addr 172.21.15.86:0/953651715 (peer_addr_for_me v2:172.21.15.86:0/0)
2024-09-13T16:00:48.949 INFO:teuthology.orchestra.run.smithi086.stdout:/usr/bin/ceph: stderr
2024-09-13T16:00:47.412+0000 7f5fd0a00640 1 -- 172.21.15.86:0/953651715 --> [v2:172.21.15.86:3300/0,v1:172.21.15.86:6789/0] -- mon_subscribe({config=0+,monmap=0+}) v3 -- 0x7f5fbc0094d0 con 0x7f5fcc105680
2024-09-13T16:00:48.949 INFO:teuthology.orchestra.run.smithi086.stdout:/usr/bin/ceph: stderr
2024-09-13T16:00:47.412+0000 7f5fd0a00640 1 --2- 172.21.15.86:0/953651715 >> [v2:172.21.15.86:3300/0,v1:172.21.15.86:6789/0] conn(0x7f5fcc105680 0x7f5fcc19b670 secure :-1 s=READY pgs=48 cs=0 l=1 rev1=1 crypto rx=0x7f5fbc030460 tx=0x7f5fbc032670 comp rx=0 tx=0).ready entity=mon.0 client_cookie=0 server_cookie=0 in_seq=0 out_seq=0
2024-09-13T16:00:48.949 INFO:teuthology.orchestra.run.smithi086.stdout:/usr/bin/ceph: stderr
2024-09-13T16:00:47.412+0000 7f5fc9600640 1 -- 172.21.15.86:0/953651715 <== mon.0 v2:172.21.15.86:3300/0 1 ==== mon_map magic: 0 v1 ==== 205+0+0 (secure 0 0 0) 0x7f5fbc032dd0 con 0x7f5fcc105680
2024-09-13T16:00:48.949 INFO:teuthology.orchestra.run.smithi086.stdout:/usr/bin/ceph: stderr
2024-09-13T16:00:47.412+0000 7f5fc9600640 1 -- 172.21.15.86:0/953651715 <== mon.0 v2:172.21.15.86:3300/0 2 ==== config(27 keys) v1 ==== 1139+0+0 (secure 0 0 0) 0x7f5fbc03b910 con 0x7f5fcc105680
2024-09-13T16:00:48.949 INFO:teuthology.orchestra.run.smithi086.stdout:/usr/bin/ceph: stderr
2024-09-13T16:00:47.412+0000 7f5fc9600640 1 -- 172.21.15.86:0/953651715 <== mon.0 v2:172.21.15.86:3300/0 3 ==== mon_map magic: 0 v1 ==== 205+0+0 (secure 0 0 0) 0x7f5fbc03a820 con 0x7f5fcc105680
2024-09-13T16:00:48.949 INFO:teuthology.orchestra.run.smithi086.stdout:/usr/bin/ceph: stderr
2024-09-13T16:00:47.412+0000 7f5fd1e00640 1 -- 172.21.15.86:0/953651715 --> [v2:172.21.15.86:3300/0,v1:172.21.15.86:6789/0] -- mon_subscribe({mgrmap=0+}) v3 -- 0x7f5fcc19bdb0 con 0x7f5fcc105680
2024-09-13T16:00:48.949 INFO:teuthology.orchestra.run.smithi086.stdout:/usr/bin/ceph: stderr
2024-09-13T16:00:47.413+0000 7f5fd1e00640 1 -- 172.21.15.86:0/953651715 --> [v2:172.21.15.86:3300/0,v1:172.21.15.86:6789/0] -- mon_subscribe({osdmap=0}) v3 -- 0x7f5fcc19c250 con 0x7f5fcc105680
2024-09-13T16:00:48.949 INFO:teuthology.orchestra.run.smithi086.stdout:/usr/bin/ceph: stderr
2024-09-13T16:00:47.414+0000 7f5fc9600640 1 -- 172.21.15.86:0/953651715 <== mon.0 v2:172.21.15.86:3300/0 4 ==== mgrmap(e 8) v1 ==== 45541+0+0 (secure 0 0 0) 0x7f5fbc039040 con 0x7f5fcc105680
2024-09-13T16:00:48.949 INFO:teuthology.orchestra.run.smithi086.stdout:/usr/bin/ceph: stderr
2024-09-13T16:00:47.414+0000 7f5fc9600640 1 --2- 172.21.15.86:0/953651715 >> [v2:172.21.15.86:6800/3020585994,v1:172.21.15.86:6801/3020585994] conn(0x7f5fb0038670 0x7f5fb003ab30 unknown :-1 s=NONE pgs=0 cs=0 l=1 rev1=0 crypto rx=0 tx=0 comp rx=0 tx=0).connect
2024-09-13T16:00:48.949 INFO:teuthology.orchestra.run.smithi086.stdout:/usr/bin/ceph: stderr
2024-09-13T16:00:47.414+0000 7f5fd1e00640 1 -- 172.21.15.86:0/953651715 --> [v2:172.21.15.86:3300/0,v1:172.21.15.86:6789/0] -- mon_command({"prefix": "get_command_descriptions"} v 0) v1 -- 0x7f5fcc109ab0 con 0x7f5fcc105680
2024-09-13T16:00:48.949 INFO:teuthology.orchestra.run.smithi086.stdout:/usr/bin/ceph: stderr
2024-09-13T16:00:47.414+0000 7f5fc9600640 1 -- 172.21.15.86:0/953651715 <== mon.0 v2:172.21.15.86:3300/0 5 ==== osd_map(2..2 src has 1..2) v4 ==== 940+0+0 (secure 0 0 0) 0x7f5fbc06b8f0 con 0x7f5fcc105680
2024-09-13T16:00:48.950 INFO:teuthology.orchestra.run.smithi086.stdout:/usr/bin/ceph: stderr
2024-09-13T16:00:47.415+0000 7f5fcbe00640 1 --2- 172.21.15.86:0/953651715 >> [v2:172.21.15.86:6800/3020585994,v1:172.21.15.86:6801/3020585994] conn(0x7f5fb0038670 0x7f5fb003ab30 unknown :-1 s=BANNER_CONNECTING pgs=0 cs=0 l=1 rev1=0 crypto rx=0 tx=0 comp rx=0 tx=0)._handle_peer_banner_payload supported=3 required=0
2024-09-13T16:00:48.950 INFO:teuthology.orchestra.run.smithi086.stdout:/usr/bin/ceph: stderr
2024-09-13T16:00:47.415+0000 7f5fcbe00640 1 --2- 172.21.15.86:0/953651715 >> [v2:172.21.15.86:6800/3020585994,v1:172.21.15.86:6801/3020585994] conn(0x7f5fb0038670 0x7f5fb003ab30 secure :-1 s=READY pgs=13 cs=0 l=1 rev1=1 crypto rx=0x7f5fb80098c0 tx=0x7f5fb8006db0 comp rx=0 tx=0).ready entity=mgr.14118 client_cookie=0 server_cookie=0 in_seq=0 out_seq=0
2024-09-13T16:00:48.950 INFO:teuthology.orchestra.run.smithi086.stdout:/usr/bin/ceph: stderr
2024-09-13T16:00:47.419+0000 7f5fc9600640 1 -- 172.21.15.86:0/953651715 <== mon.0 v2:172.21.15.86:3300/0 6 ==== mon_command_ack([{"prefix": "get_command_descriptions"}]=0 v0) v1 ==== 72+0+183819 (secure 0 0 0) 0x7f5fbc0313a0 con 0x7f5fcc105680
2024-09-13T16:00:48.950 INFO:teuthology.orchestra.run.smithi086.stdout:/usr/bin/ceph: stderr
2024-09-13T16:00:47.627+0000 7f5fd1e00640 1 -- 172.21.15.86:0/953651715 --> [v2:172.21.15.86:6800/3020585994,v1:172.21.15.86:6801/3020585994] -- mgr_command(tid 0: {"prefix": "orch apply", "service_type": "mgr", "unmanaged": true, "target": ["mon-mgr", ""]}) v1 -- 0x7f5fcc19eb30 con 0x7f5fb0038670
2024-09-13T16:00:48.950 INFO:teuthology.orchestra.run.smithi086.stdout:/usr/bin/ceph: stderr
2024-09-13T16:00:47.632+0000 7f5fc9600640 1 -- 172.21.15.86:0/953651715 <== mgr.14118 v2:172.21.15.86:6800/3020585994 1 ==== mgr_command_reply(tid 0: 0 ) v1 ==== 8+0+24 (secure 0 0 0) 0x7f5fcc19eb30 con 0x7f5fb0038670
2024-09-13T16:00:48.950 INFO:teuthology.orchestra.run.smithi086.stdout:/usr/bin/ceph: stderr
2024-09-13T16:00:47.634+0000 7f5fd1e00640 1 -- 172.21.15.86:0/953651715 >> [v2:172.21.15.86:6800/3020585994,v1:172.21.15.86:6801/3020585994] conn(0x7f5fb0038670 msgr2=0x7f5fb003ab30 secure :-1 s=STATE_CONNECTION_ESTABLISHED l=1).mark_down
2024-09-13T16:00:48.950 INFO:teuthology.orchestra.run.smithi086.stdout:/usr/bin/ceph: stderr
2024-09-13T16:00:47.634+0000 7f5fd1e00640 1 --2- 172.21.15.86:0/953651715 >> [v2:172.21.15.86:6800/3020585994,v1:172.21.15.86:6801/3020585994] conn(0x7f5fb0038670 0x7f5fb003ab30 secure :-1 s=READY pgs=13 cs=0 l=1 rev1=1 crypto rx=0x7f5fb80098c0 tx=0x7f5fb8006db0 comp rx=0 tx=0).stop
2024-09-13T16:00:48.950 INFO:teuthology.orchestra.run.smithi086.stdout:/usr/bin/ceph: stderr
2024-09-13T16:00:47.634+0000 7f5fd1e00640 1 -- 172.21.15.86:0/953651715 >> [v2:172.21.15.86:3300/0,v1:172.21.15.86:6789/0] conn(0x7f5fcc105680 msgr2=0x7f5fcc19b670 secure :-1 s=STATE_CONNECTION_ESTABLISHED l=1).mark_down
2024-09-13T16:00:48.950 INFO:teuthology.orchestra.run.smithi086.stdout:/usr/bin/ceph: stderr
2024-09-13T16:00:47.634+0000 7f5fd1e00640 1 --2- 172.21.15.86:0/953651715 >> [v2:172.21.15.86:3300/0,v1:172.21.15.86:6789/0] conn(0x7f5fcc105680 0x7f5fcc19b670 secure :-1 s=READY pgs=48 cs=0 l=1 rev1=1 crypto rx=0x7f5fbc030460 tx=0x7f5fbc032670 comp rx=0 tx=0).stop
2024-09-13T16:00:48.950 INFO:teuthology.orchestra.run.smithi086.stdout:/usr/bin/ceph: stderr
2024-09-13T16:00:47.634+0000 7f5fd1e00640 1 -- 172.21.15.86:0/953651715 shutdown_connections
2024-09-13T16:00:48.950 INFO:teuthology.orchestra.run.smithi086.stdout:/usr/bin/ceph: stderr
2024-09-13T16:00:47.634+0000 7f5fd1e00640 1 --2- 172.21.15.86:0/953651715 >> [v2:172.21.15.86:6800/3020585994,v1:172.21.15.86:6801/3020585994] conn(0x7f5fb0038670 0x7f5fb003ab30 unknown :-1 s=CLOSED pgs=13 cs=0 l=1 rev1=1 crypto rx=0 tx=0 comp rx=0 tx=0).stop
2024-09-13T16:00:48.950 INFO:teuthology.orchestra.run.smithi086.stdout:/usr/bin/ceph: stderr
2024-09-13T16:00:47.634+0000 7f5fd1e00640 1 --2- 172.21.15.86:0/953651715 >> [v2:172.21.15.86:3300/0,v1:172.21.15.86:6789/0] conn(0x7f5fcc105680 0x7f5fcc19b670 unknown :-1 s=CLOSED pgs=48 cs=0 l=1 rev1=1 crypto rx=0 tx=0 comp rx=0 tx=0).stop
2024-09-13T16:00:48.950 INFO:teuthology.orchestra.run.smithi086.stdout:/usr/bin/ceph: stderr
2024-09-13T16:00:47.634+0000 7f5fd1e00640 1 -- 172.21.15.86:0/953651715 >> 172.21.15.86:0/953651715 conn(0x7f5fcc100e70 msgr2=0x7f5fcc101950 unknown :-1 s=STATE_NONE l=0).mark_down
2024-09-13T16:00:48.951 INFO:teuthology.orchestra.run.smithi086.stdout:/usr/bin/ceph: stderr
2024-09-13T16:00:47.635+0000 7f5fd1e00640 1 -- 172.21.15.86:0/953651715 shutdown_connections
2024-09-13T16:00:48.951 INFO:teuthology.orchestra.run.smithi086.stdout:/usr/bin/ceph: stderr
2024-09-13T16:00:47.635+0000 7f5fd1e00640 1 -- 172.21.15.86:0/953651715 wait complete.
2024-09-13T16:00:50.045 INFO:journalctl@ceph.mon.a.smithi086.stdout:Sep 13 16:00:49 smithi086 ceph-mon[30379]: from='mgr.14118 172.21.15.86:0/1152155267' entity='mgr.x'
2024-09-13T16:00:50.388 INFO:teuthology.orchestra.run.smithi086.stdout:/usr/bin/ceph: stderr
2024-09-13T16:00:49.480+0000 7fbd4ca00640 1 Processor -- start
2024-09-13T16:00:50.388 INFO:teuthology.orchestra.run.smithi086.stdout:/usr/bin/ceph: stderr
2024-09-13T16:00:49.480+0000 7fbd4ca00640 1 -- start start
2024-09-13T16:00:50.389 INFO:teuthology.orchestra.run.smithi086.stdout:/usr/bin/ceph: stderr
2024-09-13T16:00:49.481+0000 7fbd4ca00640 1 --2- >> [v2:172.21.15.86:3300/0,v1:172.21.15.86:6789/0] conn(0x7fbd48108fd0 0x7fbd481093d0 unknown :-1 s=NONE pgs=0 cs=0 l=0 rev1=0 crypto rx=0 tx=0 comp rx=0 tx=0).connect
2024-09-13T16:00:50.389 INFO:teuthology.orchestra.run.smithi086.stdout:/usr/bin/ceph: stderr
2024-09-13T16:00:49.481+0000 7fbd4ca00640 1 -- --> [v2:172.21.15.86:3300/0,v1:172.21.15.86:6789/0] -- mon_getmap magic: 0 v1 -- 0x7fbd481099a0 con 0x7fbd48108fd0
2024-09-13T16:00:50.389 INFO:teuthology.orchestra.run.smithi086.stdout:/usr/bin/ceph: stderr
2024-09-13T16:00:49.481+0000 7fbd45e00640 1 --2- >> [v2:172.21.15.86:3300/0,v1:172.21.15.86:6789/0] conn(0x7fbd48108fd0 0x7fbd481093d0 unknown :-1 s=BANNER_CONNECTING pgs=0 cs=0 l=0 rev1=0 crypto rx=0 tx=0 comp rx=0 tx=0)._handle_peer_banner_payload supported=3 required=0
2024-09-13T16:00:50.389 INFO:teuthology.orchestra.run.smithi086.stdout:/usr/bin/ceph: stderr
2024-09-13T16:00:49.481+0000 7fbd45e00640 1 --2- >> [v2:172.21.15.86:3300/0,v1:172.21.15.86:6789/0] conn(0x7fbd48108fd0 0x7fbd481093d0 unknown :-1 s=HELLO_CONNECTING pgs=0 cs=0 l=0 rev1=1 crypto rx=0 tx=0 comp rx=0 tx=0).handle_hello peer v2:172.21.15.86:3300/0 says I am v2:172.21.15.86:59256/0 (socket says 172.21.15.86:59256)
2024-09-13T16:00:50.389 INFO:teuthology.orchestra.run.smithi086.stdout:/usr/bin/ceph: stderr
2024-09-13T16:00:49.481+0000 7fbd45e00640 1 -- 172.21.15.86:0/3280456795 learned_addr learned my addr 172.21.15.86:0/3280456795 (peer_addr_for_me v2:172.21.15.86:0/0)
2024-09-13T16:00:50.389 INFO:teuthology.orchestra.run.smithi086.stdout:/usr/bin/ceph: stderr
2024-09-13T16:00:49.482+0000 7fbd45e00640 1 -- 172.21.15.86:0/3280456795 --> [v2:172.21.15.86:3300/0,v1:172.21.15.86:6789/0] -- mon_subscribe({config=0+,monmap=0+}) v3 -- 0x7fbd48109ae0 con 0x7fbd48108fd0
2024-09-13T16:00:50.389 INFO:teuthology.orchestra.run.smithi086.stdout:/usr/bin/ceph: stderr
2024-09-13T16:00:49.482+0000 7fbd45e00640 1 --2- 172.21.15.86:0/3280456795 >> [v2:172.21.15.86:3300/0,v1:172.21.15.86:6789/0] conn(0x7fbd48108fd0 0x7fbd481093d0 secure :-1 s=READY pgs=49 cs=0 l=1 rev1=1 crypto rx=0x7fbd40009e80 tx=0x7fbd4002a7a0 comp rx=0 tx=0).ready entity=mon.0 client_cookie=d658b99f5ca5b2f6 server_cookie=0 in_seq=0 out_seq=0
2024-09-13T16:00:50.389 INFO:teuthology.orchestra.run.smithi086.stdout:/usr/bin/ceph: stderr
2024-09-13T16:00:49.483+0000 7fbd44a00640 1 -- 172.21.15.86:0/3280456795 <== mon.0 v2:172.21.15.86:3300/0 1 ==== mon_map magic: 0 v1 ==== 205+0+0 (secure 0 0 0) 0x7fbd40031400 con 0x7fbd48108fd0
2024-09-13T16:00:50.389 INFO:teuthology.orchestra.run.smithi086.stdout:/usr/bin/ceph: stderr
2024-09-13T16:00:49.483+0000 7fbd44a00640 1 -- 172.21.15.86:0/3280456795 <== mon.0 v2:172.21.15.86:3300/0 2 ==== config(27 keys) v1 ==== 1139+0+0 (secure 0 0 0) 0x7fbd4002d050 con 0x7fbd48108fd0
2024-09-13T16:00:50.389 INFO:teuthology.orchestra.run.smithi086.stdout:/usr/bin/ceph: stderr
2024-09-13T16:00:49.483+0000 7fbd44a00640 1 -- 172.21.15.86:0/3280456795 <== mon.0 v2:172.21.15.86:3300/0 3 ==== mon_map magic: 0 v1 ==== 205+0+0 (secure 0 0 0) 0x7fbd400079b0 con 0x7fbd48108fd0
2024-09-13T16:00:50.389 INFO:teuthology.orchestra.run.smithi086.stdout:/usr/bin/ceph: stderr
2024-09-13T16:00:49.484+0000 7fbd4ca00640 1 -- 172.21.15.86:0/3280456795 >> [v2:172.21.15.86:3300/0,v1:172.21.15.86:6789/0] conn(0x7fbd48108fd0 msgr2=0x7fbd481093d0 secure :-1 s=STATE_CONNECTION_ESTABLISHED l=1).mark_down
2024-09-13T16:00:50.389 INFO:teuthology.orchestra.run.smithi086.stdout:/usr/bin/ceph: stderr
2024-09-13T16:00:49.484+0000 7fbd4ca00640 1 --2- 172.21.15.86:0/3280456795 >> [v2:172.21.15.86:3300/0,v1:172.21.15.86:6789/0] conn(0x7fbd48108fd0 0x7fbd481093d0 secure :-1 s=READY pgs=49 cs=0 l=1 rev1=1 crypto rx=0x7fbd40009e80 tx=0x7fbd4002a7a0 comp rx=0 tx=0).stop
2024-09-13T16:00:50.389 INFO:teuthology.orchestra.run.smithi086.stdout:/usr/bin/ceph: stderr
2024-09-13T16:00:49.484+0000 7fbd4ca00640 1 -- 172.21.15.86:0/3280456795 shutdown_connections
2024-09-13T16:00:50.390 INFO:teuthology.orchestra.run.smithi086.stdout:/usr/bin/ceph: stderr
2024-09-13T16:00:49.484+0000 7fbd4ca00640 1 --2- 172.21.15.86:0/3280456795 >> [v2:172.21.15.86:3300/0,v1:172.21.15.86:6789/0] conn(0x7fbd48108fd0 0x7fbd481093d0 unknown :-1 s=CLOSED pgs=49 cs=0 l=1 rev1=1 crypto rx=0 tx=0 comp rx=0 tx=0).stop
2024-09-13T16:00:50.390 INFO:teuthology.orchestra.run.smithi086.stdout:/usr/bin/ceph: stderr
2024-09-13T16:00:49.484+0000 7fbd4ca00640 1 -- 172.21.15.86:0/3280456795 >> 172.21.15.86:0/3280456795 conn(0x7fbd4807b060 msgr2=0x7fbd4807b470 unknown :-1 s=STATE_NONE l=0).mark_down
2024-09-13T16:00:50.390 INFO:teuthology.orchestra.run.smithi086.stdout:/usr/bin/ceph: stderr
2024-09-13T16:00:49.484+0000 7fbd4ca00640 1 -- 172.21.15.86:0/3280456795 shutdown_connections
2024-09-13T16:00:50.390 INFO:teuthology.orchestra.run.smithi086.stdout:/usr/bin/ceph: stderr
2024-09-13T16:00:49.484+0000 7fbd4ca00640 1 -- 172.21.15.86:0/3280456795 wait complete.
2024-09-13T16:00:50.390 INFO:teuthology.orchestra.run.smithi086.stdout:/usr/bin/ceph: stderr
2024-09-13T16:00:49.485+0000 7fbd4ca00640 1 Processor -- start
2024-09-13T16:00:50.390 INFO:teuthology.orchestra.run.smithi086.stdout:/usr/bin/ceph: stderr
2024-09-13T16:00:49.485+0000 7fbd4ca00640 1 -- start start
2024-09-13T16:00:50.390 INFO:teuthology.orchestra.run.smithi086.stdout:/usr/bin/ceph: stderr
2024-09-13T16:00:49.485+0000 7fbd4ca00640 1 --2- >> [v2:172.21.15.86:3300/0,v1:172.21.15.86:6789/0] conn(0x7fbd48108fd0 0x7fbd4819b7b0 unknown :-1 s=NONE pgs=0 cs=0 l=1 rev1=0 crypto rx=0 tx=0 comp rx=0 tx=0).connect
2024-09-13T16:00:50.390 INFO:teuthology.orchestra.run.smithi086.stdout:/usr/bin/ceph: stderr
2024-09-13T16:00:49.485+0000 7fbd4ca00640 1 -- --> [v2:172.21.15.86:3300/0,v1:172.21.15.86:6789/0] -- mon_getmap magic: 0 v1 -- 0x7fbd4819bcf0 con 0x7fbd48108fd0
2024-09-13T16:00:50.390 INFO:teuthology.orchestra.run.smithi086.stdout:/usr/bin/ceph: stderr
2024-09-13T16:00:49.485+0000 7fbd45e00640 1 --2- >> [v2:172.21.15.86:3300/0,v1:172.21.15.86:6789/0] conn(0x7fbd48108fd0 0x7fbd4819b7b0 unknown :-1 s=BANNER_CONNECTING pgs=0 cs=0 l=1 rev1=0 crypto rx=0 tx=0 comp rx=0 tx=0)._handle_peer_banner_payload supported=3 required=0
2024-09-13T16:00:50.390 INFO:teuthology.orchestra.run.smithi086.stdout:/usr/bin/ceph: stderr
2024-09-13T16:00:49.486+0000 7fbd45e00640 1 --2- >> [v2:172.21.15.86:3300/0,v1:172.21.15.86:6789/0] conn(0x7fbd48108fd0 0x7fbd4819b7b0 unknown :-1 s=HELLO_CONNECTING pgs=0 cs=0 l=1 rev1=1 crypto rx=0 tx=0 comp rx=0 tx=0).handle_hello peer v2:172.21.15.86:3300/0 says I am v2:172.21.15.86:59268/0 (socket says 172.21.15.86:59268)
2024-09-13T16:00:50.390 INFO:teuthology.orchestra.run.smithi086.stdout:/usr/bin/ceph: stderr
2024-09-13T16:00:49.486+0000 7fbd45e00640 1 -- 172.21.15.86:0/843441545 learned_addr learned my addr 172.21.15.86:0/843441545 (peer_addr_for_me v2:172.21.15.86:0/0)
2024-09-13T16:00:50.390 INFO:teuthology.orchestra.run.smithi086.stdout:/usr/bin/ceph: stderr
2024-09-13T16:00:49.486+0000 7fbd45e00640 1 -- 172.21.15.86:0/843441545 --> [v2:172.21.15.86:3300/0,v1:172.21.15.86:6789/0] -- mon_subscribe({config=0+,monmap=0+}) v3 -- 0x7fbd40009b30 con 0x7fbd48108fd0
2024-09-13T16:00:50.391 INFO:teuthology.orchestra.run.smithi086.stdout:/usr/bin/ceph: stderr
2024-09-13T16:00:49.486+0000 7fbd45e00640 1 --2- 172.21.15.86:0/843441545 >> [v2:172.21.15.86:3300/0,v1:172.21.15.86:6789/0] conn(0x7fbd48108fd0 0x7fbd4819b7b0 secure :-1 s=READY pgs=50 cs=0 l=1 rev1=1 crypto rx=0x7fbd400319a0 tx=0x7fbd400319d0 comp rx=0 tx=0).ready entity=mon.0 client_cookie=0 server_cookie=0 in_seq=0 out_seq=0
2024-09-13T16:00:50.391 INFO:teuthology.orchestra.run.smithi086.stdout:/usr/bin/ceph: stderr
2024-09-13T16:00:49.487+0000 7fbd3ea00640 1 -- 172.21.15.86:0/843441545 <== mon.0 v2:172.21.15.86:3300/0 1 ==== mon_map magic: 0 v1 ==== 205+0+0 (secure 0 0 0) 0x7fbd40031e50 con 0x7fbd48108fd0
2024-09-13T16:00:50.391 INFO:teuthology.orchestra.run.smithi086.stdout:/usr/bin/ceph: stderr
2024-09-13T16:00:49.487+0000 7fbd3ea00640 1 -- 172.21.15.86:0/843441545 <== mon.0 v2:172.21.15.86:3300/0 2 ==== config(27 keys) v1 ==== 1139+0+0 (secure 0 0 0) 0x7fbd4003b8f0 con 0x7fbd48108fd0
2024-09-13T16:00:50.391 INFO:teuthology.orchestra.run.smithi086.stdout:/usr/bin/ceph: stderr
2024-09-13T16:00:49.487+0000 7fbd3ea00640 1 -- 172.21.15.86:0/843441545 <== mon.0 v2:172.21.15.86:3300/0 3 ==== mon_map magic: 0 v1 ==== 205+0+0 (secure 0 0 0) 0x7fbd4003a9a0 con 0x7fbd48108fd0
2024-09-13T16:00:50.391 INFO:teuthology.orchestra.run.smithi086.stdout:/usr/bin/ceph: stderr
2024-09-13T16:00:49.487+0000 7fbd4ca00640 1 -- 172.21.15.86:0/843441545 --> [v2:172.21.15.86:3300/0,v1:172.21.15.86:6789/0] -- mon_subscribe({mgrmap=0+}) v3 -- 0x7fbd4819bef0 con 0x7fbd48108fd0
2024-09-13T16:00:50.391 INFO:teuthology.orchestra.run.smithi086.stdout:/usr/bin/ceph: stderr
2024-09-13T16:00:49.487+0000 7fbd4ca00640 1 -- 172.21.15.86:0/843441545 --> [v2:172.21.15.86:3300/0,v1:172.21.15.86:6789/0] -- mon_subscribe({osdmap=0}) v3 -- 0x7fbd4819c390 con 0x7fbd48108fd0
2024-09-13T16:00:50.391 INFO:teuthology.orchestra.run.smithi086.stdout:/usr/bin/ceph: stderr
2024-09-13T16:00:49.488+0000 7fbd3ea00640 1 -- 172.21.15.86:0/843441545 <== mon.0 v2:172.21.15.86:3300/0 4 ==== mgrmap(e 8) v1 ==== 45541+0+0 (secure 0 0 0) 0x7fbd40038050 con 0x7fbd48108fd0
2024-09-13T16:00:50.391 INFO:teuthology.orchestra.run.smithi086.stdout:/usr/bin/ceph: stderr
2024-09-13T16:00:49.488+0000 7fbd4ca00640 1 -- 172.21.15.86:0/843441545 --> [v2:172.21.15.86:3300/0,v1:172.21.15.86:6789/0] -- mon_command({"prefix": "get_command_descriptions"} v 0) v1 -- 0x7fbd4810bf10 con 0x7fbd48108fd0
2024-09-13T16:00:50.391 INFO:teuthology.orchestra.run.smithi086.stdout:/usr/bin/ceph: stderr
2024-09-13T16:00:49.488+0000 7fbd3ea00640 1 --2- 172.21.15.86:0/843441545 >> [v2:172.21.15.86:6800/3020585994,v1:172.21.15.86:6801/3020585994] conn(0x7fbd2c038670 0x7fbd2c03ab30 unknown :-1 s=NONE pgs=0 cs=0 l=1 rev1=0 crypto rx=0 tx=0 comp rx=0 tx=0).connect
2024-09-13T16:00:50.391 INFO:teuthology.orchestra.run.smithi086.stdout:/usr/bin/ceph: stderr
2024-09-13T16:00:49.488+0000 7fbd3ea00640 1 -- 172.21.15.86:0/843441545 <== mon.0 v2:172.21.15.86:3300/0 5 ==== osd_map(2..2 src has 1..2) v4 ==== 940+0+0 (secure 0 0 0) 0x7fbd4006c010 con 0x7fbd48108fd0
2024-09-13T16:00:50.391 INFO:teuthology.orchestra.run.smithi086.stdout:/usr/bin/ceph: stderr
2024-09-13T16:00:49.489+0000 7fbd45400640 1 --2- 172.21.15.86:0/843441545 >> [v2:172.21.15.86:6800/3020585994,v1:172.21.15.86:6801/3020585994] conn(0x7fbd2c038670 0x7fbd2c03ab30 unknown :-1 s=BANNER_CONNECTING pgs=0 cs=0 l=1 rev1=0 crypto rx=0 tx=0 comp rx=0 tx=0)._handle_peer_banner_payload supported=3 required=0
2024-09-13T16:00:50.391 INFO:teuthology.orchestra.run.smithi086.stdout:/usr/bin/ceph: stderr
2024-09-13T16:00:49.490+0000 7fbd45400640 1 --2- 172.21.15.86:0/843441545 >> [v2:172.21.15.86:6800/3020585994,v1:172.21.15.86:6801/3020585994] conn(0x7fbd2c038670 0x7fbd2c03ab30 secure :-1 s=READY pgs=14 cs=0 l=1 rev1=1 crypto rx=0x7fbd340098c0 tx=0x7fbd34006db0 comp rx=0 tx=0).ready entity=mgr.14118 client_cookie=0 server_cookie=0 in_seq=0 out_seq=0
2024-09-13T16:00:50.391 INFO:teuthology.orchestra.run.smithi086.stdout:/usr/bin/ceph: stderr
2024-09-13T16:00:49.494+0000 7fbd3ea00640 1 -- 172.21.15.86:0/843441545 <== mon.0 v2:172.21.15.86:3300/0 6 ==== mon_command_ack([{"prefix": "get_command_descriptions"}]=0 v0) v1 ==== 72+0+183819 (secure 0 0 0) 0x7fbd400384e0 con 0x7fbd48108fd0
2024-09-13T16:00:50.392 INFO:teuthology.orchestra.run.smithi086.stdout:/usr/bin/ceph: stderr
2024-09-13T16:00:49.673+0000 7fbd4ca00640 1 -- 172.21.15.86:0/843441545 --> [v2:172.21.15.86:3300/0,v1:172.21.15.86:6789/0] -- mon_command([{prefix=config set, name=mgr/cephadm/container_init}] v 0) v1 -- 0x7fbd4819ec70 con 0x7fbd48108fd0
2024-09-13T16:00:50.392 INFO:teuthology.orchestra.run.smithi086.stdout:/usr/bin/ceph: stderr
2024-09-13T16:00:49.678+0000 7fbd3ea00640 1 -- 172.21.15.86:0/843441545 <== mon.0 v2:172.21.15.86:3300/0 7 ==== mon_command_ack([{prefix=config set, name=mgr/cephadm/container_init}]=0 v7)=0 v7) v1 ==== 142+0+0 (secure 0 0 0) 0x7fbd40041020 con 0x7fbd48108fd0
2024-09-13T16:00:50.392 INFO:teuthology.orchestra.run.smithi086.stdout:/usr/bin/ceph: stderr
2024-09-13T16:00:49.680+0000 7fbd4ca00640 1 -- 172.21.15.86:0/843441545 >> [v2:172.21.15.86:6800/3020585994,v1:172.21.15.86:6801/3020585994] conn(0x7fbd2c038670 msgr2=0x7fbd2c03ab30 secure :-1 s=STATE_CONNECTION_ESTABLISHED l=1).mark_down
2024-09-13T16:00:50.392 INFO:teuthology.orchestra.run.smithi086.stdout:/usr/bin/ceph: stderr
2024-09-13T16:00:49.680+0000 7fbd4ca00640 1 --2- 172.21.15.86:0/843441545 >> [v2:172.21.15.86:6800/3020585994,v1:172.21.15.86:6801/3020585994] conn(0x7fbd2c038670 0x7fbd2c03ab30 secure :-1 s=READY pgs=14 cs=0 l=1 rev1=1 crypto rx=0x7fbd340098c0 tx=0x7fbd34006db0 comp rx=0 tx=0).stop
2024-09-13T16:00:50.392 INFO:teuthology.orchestra.run.smithi086.stdout:/usr/bin/ceph: stderr
2024-09-13T16:00:49.680+0000 7fbd4ca00640 1 -- 172.21.15.86:0/843441545 >> [v2:172.21.15.86:3300/0,v1:172.21.15.86:6789/0] conn(0x7fbd48108fd0 msgr2=0x7fbd4819b7b0 secure :-1 s=STATE_CONNECTION_ESTABLISHED l=1).mark_down
2024-09-13T16:00:50.392 INFO:teuthology.orchestra.run.smithi086.stdout:/usr/bin/ceph: stderr
2024-09-13T16:00:49.680+0000 7fbd4ca00640 1 --2- 172.21.15.86:0/843441545 >> [v2:172.21.15.86:3300/0,v1:172.21.15.86:6789/0] conn(0x7fbd48108fd0 0x7fbd4819b7b0 secure :-1 s=READY pgs=50 cs=0 l=1 rev1=1 crypto rx=0x7fbd400319a0 tx=0x7fbd400319d0 comp rx=0 tx=0).stop
2024-09-13T16:00:50.392 INFO:teuthology.orchestra.run.smithi086.stdout:/usr/bin/ceph: stderr
2024-09-13T16:00:49.681+0000 7fbd4ca00640 1 -- 172.21.15.86:0/843441545 shutdown_connections
2024-09-13T16:00:50.392 INFO:teuthology.orchestra.run.smithi086.stdout:/usr/bin/ceph: stderr
2024-09-13T16:00:49.681+0000 7fbd4ca00640 1 --2- 172.21.15.86:0/843441545 >> [v2:172.21.15.86:6800/3020585994,v1:172.21.15.86:6801/3020585994] conn(0x7fbd2c038670 0x7fbd2c03ab30 unknown :-1 s=CLOSED pgs=14 cs=0 l=1 rev1=1 crypto rx=0 tx=0 comp rx=0 tx=0).stop
2024-09-13T16:00:50.392 INFO:teuthology.orchestra.run.smithi086.stdout:/usr/bin/ceph: stderr
2024-09-13T16:00:49.681+0000 7fbd4ca00640 1 --2- 172.21.15.86:0/843441545 >> [v2:172.21.15.86:3300/0,v1:172.21.15.86:6789/0] conn(0x7fbd48108fd0 0x7fbd4819b7b0 unknown :-1 s=CLOSED pgs=50 cs=0 l=1 rev1=1 crypto rx=0 tx=0 comp rx=0 tx=0).stop
2024-09-13T16:00:50.392 INFO:teuthology.orchestra.run.smithi086.stdout:/usr/bin/ceph: stderr
2024-09-13T16:00:49.681+0000 7fbd4ca00640 1 -- 172.21.15.86:0/843441545 >> 172.21.15.86:0/843441545 conn(0x7fbd4807b060 msgr2=0x7fbd48105dc0 unknown :-1 s=STATE_NONE l=0).mark_down
2024-09-13T16:00:50.392 INFO:teuthology.orchestra.run.smithi086.stdout:/usr/bin/ceph: stderr
2024-09-13T16:00:49.681+0000 7fbd4ca00640 1 -- 172.21.15.86:0/843441545 shutdown_connections
2024-09-13T16:00:50.392 INFO:teuthology.orchestra.run.smithi086.stdout:/usr/bin/ceph: stderr
2024-09-13T16:00:49.681+0000 7fbd4ca00640 1 -- 172.21.15.86:0/843441545 wait complete.
2024-09-13T16:00:50.927 INFO:journalctl@ceph.mon.a.smithi086.stdout:Sep 13 16:00:50 smithi086 ceph-mon[30379]: from='client.? 172.21.15.86:0/843441545' entity='client.admin'
2024-09-13T16:00:50.927 INFO:journalctl@ceph.mon.a.smithi086.stdout:Sep 13 16:00:50 smithi086 ceph-mon[30379]: from='mgr.14118 172.21.15.86:0/1152155267' entity='mgr.x'
2024-09-13T16:00:52.324 INFO:journalctl@ceph.mon.a.smithi086.stdout:Sep 13 16:00:52 smithi086 ceph-mon[30379]: from='client.? 172.21.15.86:0/365073175' entity='client.admin'
2024-09-13T16:00:52.334 INFO:teuthology.orchestra.run.smithi086.stdout:/usr/bin/ceph: stderr
2024-09-13T16:00:50.920+0000 7fd039a00640 1 Processor -- start
2024-09-13T16:00:52.335 INFO:teuthology.orchestra.run.smithi086.stdout:/usr/bin/ceph: stderr
2024-09-13T16:00:50.920+0000 7fd039a00640 1 -- start start
2024-09-13T16:00:52.335 INFO:teuthology.orchestra.run.smithi086.stdout:/usr/bin/ceph: stderr
2024-09-13T16:00:50.920+0000 7fd039a00640 1 --2- >> [v2:172.21.15.86:3300/0,v1:172.21.15.86:6789/0] conn(0x7fd034108f80 0x7fd034109380 unknown :-1 s=NONE pgs=0 cs=0 l=0 rev1=0 crypto rx=0 tx=0 comp rx=0 tx=0).connect
2024-09-13T16:00:52.335 INFO:teuthology.orchestra.run.smithi086.stdout:/usr/bin/ceph: stderr
2024-09-13T16:00:50.920+0000 7fd039a00640 1 -- --> [v2:172.21.15.86:3300/0,v1:172.21.15.86:6789/0] -- mon_getmap magic: 0 v1 -- 0x7fd0341098c0 con 0x7fd034108f80
2024-09-13T16:00:52.335 INFO:teuthology.orchestra.run.smithi086.stdout:/usr/bin/ceph: stderr
2024-09-13T16:00:50.920+0000 7fd032a00640 1 --2- >> [v2:172.21.15.86:3300/0,v1:172.21.15.86:6789/0] conn(0x7fd034108f80 0x7fd034109380 unknown :-1 s=BANNER_CONNECTING pgs=0 cs=0 l=0 rev1=0 crypto rx=0 tx=0 comp rx=0 tx=0)._handle_peer_banner_payload supported=3 required=0
2024-09-13T16:00:52.335 INFO:teuthology.orchestra.run.smithi086.stdout:/usr/bin/ceph: stderr
2024-09-13T16:00:50.921+0000 7fd032a00640 1 --2- >> [v2:172.21.15.86:3300/0,v1:172.21.15.86:6789/0] conn(0x7fd034108f80 0x7fd034109380 unknown :-1 s=HELLO_CONNECTING pgs=0 cs=0 l=0 rev1=1 crypto rx=0 tx=0 comp rx=0 tx=0).handle_hello peer v2:172.21.15.86:3300/0 says I am v2:172.21.15.86:59272/0 (socket says 172.21.15.86:59272)
2024-09-13T16:00:52.335 INFO:teuthology.orchestra.run.smithi086.stdout:/usr/bin/ceph: stderr
2024-09-13T16:00:50.921+0000 7fd032a00640 1 -- 172.21.15.86:0/1614354037 learned_addr learned my addr 172.21.15.86:0/1614354037 (peer_addr_for_me v2:172.21.15.86:0/0)
2024-09-13T16:00:52.335 INFO:teuthology.orchestra.run.smithi086.stdout:/usr/bin/ceph: stderr
2024-09-13T16:00:50.921+0000 7fd032a00640 1 -- 172.21.15.86:0/1614354037 --> [v2:172.21.15.86:3300/0,v1:172.21.15.86:6789/0] -- mon_subscribe({config=0+,monmap=0+}) v3 -- 0x7fd034109a00 con 0x7fd034108f80
2024-09-13T16:00:52.335 INFO:teuthology.orchestra.run.smithi086.stdout:/usr/bin/ceph: stderr
2024-09-13T16:00:50.922+0000 7fd032a00640 1 --2- 172.21.15.86:0/1614354037 >> [v2:172.21.15.86:3300/0,v1:172.21.15.86:6789/0] conn(0x7fd034108f80 0x7fd034109380 secure :-1 s=READY pgs=51 cs=0 l=1 rev1=1 crypto rx=0x7fd024009820 tx=0x7fd02402a270 comp rx=0 tx=0).ready entity=mon.0 client_cookie=40d89e1617843d79 server_cookie=0 in_seq=0 out_seq=0
2024-09-13T16:00:52.335 INFO:teuthology.orchestra.run.smithi086.stdout:/usr/bin/ceph: stderr
2024-09-13T16:00:50.922+0000 7fd031600640 1 -- 172.21.15.86:0/1614354037 <== mon.0 v2:172.21.15.86:3300/0 1 ==== mon_map magic: 0 v1 ==== 205+0+0 (secure 0 0 0) 0x7fd02402ae70 con 0x7fd034108f80
2024-09-13T16:00:52.335 INFO:teuthology.orchestra.run.smithi086.stdout:/usr/bin/ceph: stderr
2024-09-13T16:00:50.922+0000 7fd031600640 1 -- 172.21.15.86:0/1614354037 <== mon.0 v2:172.21.15.86:3300/0 2 ==== config(27 keys) v1 ==== 1139+0+0 (secure 0 0 0) 0x7fd024032920 con 0x7fd034108f80
2024-09-13T16:00:52.335 INFO:teuthology.orchestra.run.smithi086.stdout:/usr/bin/ceph: stderr
2024-09-13T16:00:50.922+0000 7fd031600640 1 -- 172.21.15.86:0/1614354037 <== mon.0 v2:172.21.15.86:3300/0 3 ==== mon_map magic: 0 v1 ==== 205+0+0 (secure 0 0 0) 0x7fd024030920 con 0x7fd034108f80
2024-09-13T16:00:52.336 INFO:teuthology.orchestra.run.smithi086.stdout:/usr/bin/ceph: stderr
2024-09-13T16:00:50.923+0000 7fd039a00640 1 -- 172.21.15.86:0/1614354037 >> [v2:172.21.15.86:3300/0,v1:172.21.15.86:6789/0] conn(0x7fd034108f80 msgr2=0x7fd034109380 secure :-1 s=STATE_CONNECTION_ESTABLISHED l=1).mark_down
2024-09-13T16:00:52.336 INFO:teuthology.orchestra.run.smithi086.stdout:/usr/bin/ceph: stderr
2024-09-13T16:00:50.923+0000 7fd039a00640 1 --2- 172.21.15.86:0/1614354037 >> [v2:172.21.15.86:3300/0,v1:172.21.15.86:6789/0] conn(0x7fd034108f80 0x7fd034109380 secure :-1 s=READY pgs=51 cs=0 l=1 rev1=1 crypto rx=0x7fd024009820 tx=0x7fd02402a270 comp rx=0 tx=0).stop
2024-09-13T16:00:52.336 INFO:teuthology.orchestra.run.smithi086.stdout:/usr/bin/ceph: stderr
2024-09-13T16:00:50.923+0000 7fd039a00640 1 -- 172.21.15.86:0/1614354037 shutdown_connections
2024-09-13T16:00:52.336 INFO:teuthology.orchestra.run.smithi086.stdout:/usr/bin/ceph: stderr
2024-09-13T16:00:50.923+0000 7fd039a00640 1 --2- 172.21.15.86:0/1614354037 >> [v2:172.21.15.86:3300/0,v1:172.21.15.86:6789/0] conn(0x7fd034108f80 0x7fd034109380 unknown :-1 s=CLOSED pgs=51 cs=0 l=1 rev1=1 crypto rx=0 tx=0 comp rx=0 tx=0).stop
2024-09-13T16:00:52.336 INFO:teuthology.orchestra.run.smithi086.stdout:/usr/bin/ceph: stderr
2024-09-13T16:00:50.923+0000 7fd039a00640 1 -- 172.21.15.86:0/1614354037 >> 172.21.15.86:0/1614354037 conn(0x7fd03407b090 msgr2=0x7fd03407b4c0 unknown :-1 s=STATE_NONE l=0).mark_down
2024-09-13T16:00:52.336 INFO:teuthology.orchestra.run.smithi086.stdout:/usr/bin/ceph: stderr
2024-09-13T16:00:50.923+0000 7fd039a00640 1 -- 172.21.15.86:0/1614354037 shutdown_connections
2024-09-13T16:00:52.336 INFO:teuthology.orchestra.run.smithi086.stdout:/usr/bin/ceph: stderr
2024-09-13T16:00:50.923+0000 7fd039a00640 1 -- 172.21.15.86:0/1614354037 wait complete.
2024-09-13T16:00:52.336 INFO:teuthology.orchestra.run.smithi086.stdout:/usr/bin/ceph: stderr
2024-09-13T16:00:50.924+0000 7fd039a00640 1 Processor -- start
2024-09-13T16:00:52.336 INFO:teuthology.orchestra.run.smithi086.stdout:/usr/bin/ceph: stderr
2024-09-13T16:00:50.924+0000 7fd039a00640 1 -- start start
2024-09-13T16:00:52.336 INFO:teuthology.orchestra.run.smithi086.stdout:/usr/bin/ceph: stderr
2024-09-13T16:00:50.924+0000 7fd039a00640 1 --2- >> [v2:172.21.15.86:3300/0,v1:172.21.15.86:6789/0] conn(0x7fd034108f80 0x7fd03419b730 unknown :-1 s=NONE pgs=0 cs=0 l=1 rev1=0 crypto rx=0 tx=0 comp rx=0 tx=0).connect
2024-09-13T16:00:52.336 INFO:teuthology.orchestra.run.smithi086.stdout:/usr/bin/ceph: stderr
2024-09-13T16:00:50.924+0000 7fd039a00640 1 -- --> [v2:172.21.15.86:3300/0,v1:172.21.15.86:6789/0] -- mon_getmap magic: 0 v1 -- 0x7fd03419bc70 con 0x7fd034108f80
2024-09-13T16:00:52.336 INFO:teuthology.orchestra.run.smithi086.stdout:/usr/bin/ceph: stderr
