2024-09-13T16:00:34.076 INFO:teuthology.orchestra.run.smithi086.stdout:/usr/bin/ceph: stderr
2024-09-13T16:00:33.430+0000 7f7da8c00640 1 --2- 172.21.15.86:0/339047957 >> [v2:172.21.15.86:6800/3020585994,v1:172.21.15.86:6801/3020585994] conn(0x7f7d9003bf50 0x7f7d9003e340 unknown :-1 s=NONE pgs=0 cs=0 l=1 rev1=0 crypto rx=0 tx=0 comp rx=0 tx=0).connect
2024-09-13T16:00:34.076 INFO:teuthology.orchestra.run.smithi086.stdout:/usr/bin/ceph: stderr
2024-09-13T16:00:33.430+0000 7f7da8c00640 1 -- 172.21.15.86:0/339047957 --> [v2:172.21.15.86:6800/3020585994,v1:172.21.15.86:6801/3020585994] -- command(tid 0: {"prefix": "get_command_descriptions"}) v1 -- 0x7f7d9003b1f0 con 0x7f7d9003bf50
2024-09-13T16:00:34.076 INFO:teuthology.orchestra.run.smithi086.stdout:/usr/bin/ceph: stderr
2024-09-13T16:00:33.430+0000 7f7dab400640 1 --2- 172.21.15.86:0/339047957 >> [v2:172.21.15.86:6800/3020585994,v1:172.21.15.86:6801/3020585994] conn(0x7f7d9003bf50 0x7f7d9003e340 unknown :-1 s=BANNER_CONNECTING pgs=0 cs=0 l=1 rev1=0 crypto rx=0 tx=0 comp rx=0 tx=0)._handle_peer_banner_payload supported=3 required=0
2024-09-13T16:00:34.076 INFO:teuthology.orchestra.run.smithi086.stdout:/usr/bin/ceph: stderr
2024-09-13T16:00:33.431+0000 7f7dab400640 1 --2- 172.21.15.86:0/339047957 >> [v2:172.21.15.86:6800/3020585994,v1:172.21.15.86:6801/3020585994] conn(0x7f7d9003bf50 0x7f7d9003e340 secure :-1 s=READY pgs=2 cs=0 l=1 rev1=1 crypto rx=0x7f7d98003980 tx=0x7f7d98009290 comp rx=0 tx=0).ready entity=mgr.14118 client_cookie=0 server_cookie=0 in_seq=0 out_seq=0
2024-09-13T16:00:34.076 INFO:teuthology.orchestra.run.smithi086.stdout:/usr/bin/ceph: stderr
2024-09-13T16:00:33.432+0000 7f7da8c00640 1 -- 172.21.15.86:0/339047957 <== mgr.14118 v2:172.21.15.86:6800/3020585994 1 ==== command_reply(tid 0: 0 ) v1 ==== 8+0+7774 (secure 0 0 0) 0x7f7d9003b1f0 con 0x7f7d9003bf50
2024-09-13T16:00:34.076 INFO:teuthology.orchestra.run.smithi086.stdout:/usr/bin/ceph: stderr
2024-09-13T16:00:33.438+0000 7f7db2a00640 1 -- 172.21.15.86:0/339047957 --> [v2:172.21.15.86:6800/3020585994,v1:172.21.15.86:6801/3020585994] -- command(tid 1: {"prefix": "mgr_status"}) v1 -- 0x7f7dac109450 con 0x7f7d9003bf50
2024-09-13T16:00:34.076 INFO:teuthology.orchestra.run.smithi086.stdout:/usr/bin/ceph: stderr
2024-09-13T16:00:33.439+0000 7f7da8c00640 1 -- 172.21.15.86:0/339047957 <== mgr.14118 v2:172.21.15.86:6800/3020585994 2 ==== command_reply(tid 1: 0 ) v1 ==== 8+0+51 (secure 0 0 0) 0x7f7dac109450 con 0x7f7d9003bf50
2024-09-13T16:00:34.076 INFO:teuthology.orchestra.run.smithi086.stdout:/usr/bin/ceph: stderr
2024-09-13T16:00:33.439+0000 7f7db2a00640 1 -- 172.21.15.86:0/339047957 >> [v2:172.21.15.86:6800/3020585994,v1:172.21.15.86:6801/3020585994] conn(0x7f7d9003bf50 msgr2=0x7f7d9003e340 secure :-1 s=STATE_CONNECTION_ESTABLISHED l=1).mark_down
2024-09-13T16:00:34.077 INFO:teuthology.orchestra.run.smithi086.stdout:/usr/bin/ceph: stderr
2024-09-13T16:00:33.439+0000 7f7db2a00640 1 --2- 172.21.15.86:0/339047957 >> [v2:172.21.15.86:6800/3020585994,v1:172.21.15.86:6801/3020585994] conn(0x7f7d9003bf50 0x7f7d9003e340 secure :-1 s=READY pgs=2 cs=0 l=1 rev1=1 crypto rx=0x7f7d98003980 tx=0x7f7d98009290 comp rx=0 tx=0).stop
2024-09-13T16:00:34.077 INFO:teuthology.orchestra.run.smithi086.stdout:/usr/bin/ceph: stderr
2024-09-13T16:00:33.439+0000 7f7db2a00640 1 -- 172.21.15.86:0/339047957 >> [v2:172.21.15.86:3300/0,v1:172.21.15.86:6789/0] conn(0x7f7dac108fd0 msgr2=0x7f7dac19b780 secure :-1 s=STATE_CONNECTION_ESTABLISHED l=1).mark_down
2024-09-13T16:00:34.077 INFO:teuthology.orchestra.run.smithi086.stdout:/usr/bin/ceph: stderr
2024-09-13T16:00:33.439+0000 7f7db2a00640 1 --2- 172.21.15.86:0/339047957 >> [v2:172.21.15.86:3300/0,v1:172.21.15.86:6789/0] conn(0x7f7dac108fd0 0x7f7dac19b780 secure :-1 s=READY pgs=27 cs=0 l=1 rev1=1 crypto rx=0x7f7d9c02a790 tx=0x7f7d9c032670 comp rx=0 tx=0).stop
2024-09-13T16:00:34.077 INFO:teuthology.orchestra.run.smithi086.stdout:/usr/bin/ceph: stderr
2024-09-13T16:00:33.439+0000 7f7db2a00640 1 -- 172.21.15.86:0/339047957 shutdown_connections
2024-09-13T16:00:34.077 INFO:teuthology.orchestra.run.smithi086.stdout:/usr/bin/ceph: stderr
2024-09-13T16:00:33.439+0000 7f7db2a00640 1 --2- 172.21.15.86:0/339047957 >> [v2:172.21.15.86:6800/3020585994,v1:172.21.15.86:6801/3020585994] conn(0x7f7d9003bf50 0x7f7d9003e340 unknown :-1 s=CLOSED pgs=2 cs=0 l=1 rev1=1 crypto rx=0 tx=0 comp rx=0 tx=0).stop
2024-09-13T16:00:34.077 INFO:teuthology.orchestra.run.smithi086.stdout:/usr/bin/ceph: stderr
2024-09-13T16:00:33.439+0000 7f7db2a00640 1 --2- 172.21.15.86:0/339047957 >> [v2:172.21.15.86:6800/2495317297,v1:172.21.15.86:6801/2495317297] conn(0x7f7d90038620 0x7f7d9003aae0 unknown :-1 s=CLOSED pgs=0 cs=0 l=1 rev1=0 crypto rx=0 tx=0 comp rx=0 tx=0).stop
2024-09-13T16:00:34.077 INFO:teuthology.orchestra.run.smithi086.stdout:/usr/bin/ceph: stderr
2024-09-13T16:00:33.439+0000 7f7db2a00640 1 --2- 172.21.15.86:0/339047957 >> [v2:172.21.15.86:3300/0,v1:172.21.15.86:6789/0] conn(0x7f7dac108fd0 0x7f7dac19b780 unknown :-1 s=CLOSED pgs=27 cs=0 l=1 rev1=1 crypto rx=0 tx=0 comp rx=0 tx=0).stop
2024-09-13T16:00:34.077 INFO:teuthology.orchestra.run.smithi086.stdout:/usr/bin/ceph: stderr
2024-09-13T16:00:33.439+0000 7f7db2a00640 1 -- 172.21.15.86:0/339047957 >> 172.21.15.86:0/339047957 conn(0x7f7dac07b060 msgr2=0x7f7dac105db0 unknown :-1 s=STATE_NONE l=0).mark_down
2024-09-13T16:00:34.077 INFO:teuthology.orchestra.run.smithi086.stdout:/usr/bin/ceph: stderr
2024-09-13T16:00:33.439+0000 7f7db2a00640 1 -- 172.21.15.86:0/339047957 shutdown_connections
2024-09-13T16:00:34.077 INFO:teuthology.orchestra.run.smithi086.stdout:/usr/bin/ceph: stderr
2024-09-13T16:00:33.439+0000 7f7db2a00640 1 -- 172.21.15.86:0/339047957 wait complete.
2024-09-13T16:00:34.077 INFO:teuthology.orchestra.run.smithi086.stdout:mgr epoch 5 is available
2024-09-13T16:00:34.077 INFO:teuthology.orchestra.run.smithi086.stdout:Setting orchestrator backend to cephadm...
2024-09-13T16:00:34.618 INFO:journalctl@ceph.mon.a.smithi086.stdout:Sep 13 16:00:34 smithi086 ceph-mon[30379]: from='client.14122 -' entity='client.admin' cmd=[{"prefix": "get_command_descriptions"}]: dispatch
2024-09-13T16:00:34.618 INFO:journalctl@ceph.mon.a.smithi086.stdout:Sep 13 16:00:34 smithi086 ceph-mon[30379]: from='client.14122 -' entity='client.admin' cmd=[{"prefix": "mgr_status"}]: dispatch
2024-09-13T16:00:34.618 INFO:journalctl@ceph.mon.a.smithi086.stdout:Sep 13 16:00:34 smithi086 ceph-mon[30379]: [13/Sep/2024:16:00:33] ENGINE Bus STARTING
2024-09-13T16:00:34.618 INFO:journalctl@ceph.mon.a.smithi086.stdout:Sep 13 16:00:34 smithi086 ceph-mon[30379]: from='mgr.14118 172.21.15.86:0/1152155267' entity='mgr.x' cmd=[{"prefix": "config dump", "format": "json"}]: dispatch
2024-09-13T16:00:35.502 INFO:teuthology.orchestra.run.smithi086.stdout:/usr/bin/ceph: stderr
2024-09-13T16:00:34.615+0000 7f368d000640 1 Processor -- start
2024-09-13T16:00:35.502 INFO:teuthology.orchestra.run.smithi086.stdout:/usr/bin/ceph: stderr
2024-09-13T16:00:34.615+0000 7f368d000640 1 -- start start
2024-09-13T16:00:35.502 INFO:teuthology.orchestra.run.smithi086.stdout:/usr/bin/ceph: stderr
2024-09-13T16:00:34.616+0000 7f368d000640 1 --2- >> [v2:172.21.15.86:3300/0,v1:172.21.15.86:6789/0] conn(0x7f3688105650 0x7f3688105a50 unknown :-1 s=NONE pgs=0 cs=0 l=0 rev1=0 crypto rx=0 tx=0 comp rx=0 tx=0).connect
2024-09-13T16:00:35.502 INFO:teuthology.orchestra.run.smithi086.stdout:/usr/bin/ceph: stderr
2024-09-13T16:00:34.616+0000 7f368d000640 1 -- --> [v2:172.21.15.86:3300/0,v1:172.21.15.86:6789/0] -- mon_getmap magic: 0 v1 -- 0x7f3688106020 con 0x7f3688105650
2024-09-13T16:00:35.502 INFO:teuthology.orchestra.run.smithi086.stdout:/usr/bin/ceph: stderr
2024-09-13T16:00:34.616+0000 7f3687400640 1 --2- >> [v2:172.21.15.86:3300/0,v1:172.21.15.86:6789/0] conn(0x7f3688105650 0x7f3688105a50 unknown :-1 s=BANNER_CONNECTING pgs=0 cs=0 l=0 rev1=0 crypto rx=0 tx=0 comp rx=0 tx=0)._handle_peer_banner_payload supported=3 required=0
2024-09-13T16:00:35.502 INFO:teuthology.orchestra.run.smithi086.stdout:/usr/bin/ceph: stderr
2024-09-13T16:00:34.616+0000 7f3687400640 1 --2- >> [v2:172.21.15.86:3300/0,v1:172.21.15.86:6789/0] conn(0x7f3688105650 0x7f3688105a50 unknown :-1 s=HELLO_CONNECTING pgs=0 cs=0 l=0 rev1=1 crypto rx=0 tx=0 comp rx=0 tx=0).handle_hello peer v2:172.21.15.86:3300/0 says I am v2:172.21.15.86:45304/0 (socket says 172.21.15.86:45304)
2024-09-13T16:00:35.502 INFO:teuthology.orchestra.run.smithi086.stdout:/usr/bin/ceph: stderr
2024-09-13T16:00:34.616+0000 7f3687400640 1 -- 172.21.15.86:0/3133738236 learned_addr learned my addr 172.21.15.86:0/3133738236 (peer_addr_for_me v2:172.21.15.86:0/0)
2024-09-13T16:00:35.502 INFO:teuthology.orchestra.run.smithi086.stdout:/usr/bin/ceph: stderr
2024-09-13T16:00:34.617+0000 7f3687400640 1 -- 172.21.15.86:0/3133738236 --> [v2:172.21.15.86:3300/0,v1:172.21.15.86:6789/0] -- mon_subscribe({config=0+,monmap=0+}) v3 -- 0x7f3688106850 con 0x7f3688105650
2024-09-13T16:00:35.502 INFO:teuthology.orchestra.run.smithi086.stdout:/usr/bin/ceph: stderr
2024-09-13T16:00:34.618+0000 7f3687400640 1 --2- 172.21.15.86:0/3133738236 >> [v2:172.21.15.86:3300/0,v1:172.21.15.86:6789/0] conn(0x7f3688105650 0x7f3688105a50 secure :-1 s=READY pgs=35 cs=0 l=1 rev1=1 crypto rx=0x7f3678009820 tx=0x7f367802a270 comp rx=0 tx=0).ready entity=mon.0 client_cookie=dc64414482645ddb server_cookie=0 in_seq=0 out_seq=0
2024-09-13T16:00:35.502 INFO:teuthology.orchestra.run.smithi086.stdout:/usr/bin/ceph: stderr
2024-09-13T16:00:34.618+0000 7f3686a00640 1 -- 172.21.15.86:0/3133738236 <== mon.0 v2:172.21.15.86:3300/0 1 ==== mon_map magic: 0 v1 ==== 205+0+0 (secure 0 0 0) 0x7f367802ae70 con 0x7f3688105650
2024-09-13T16:00:35.503 INFO:teuthology.orchestra.run.smithi086.stdout:/usr/bin/ceph: stderr
2024-09-13T16:00:34.618+0000 7f3686a00640 1 -- 172.21.15.86:0/3133738236 <== mon.0 v2:172.21.15.86:3300/0 2 ==== config(27 keys) v1 ==== 1108+0+0 (secure 0 0 0) 0x7f3678032900 con 0x7f3688105650
2024-09-13T16:00:35.503 INFO:teuthology.orchestra.run.smithi086.stdout:/usr/bin/ceph: stderr
2024-09-13T16:00:34.618+0000 7f3686a00640 1 -- 172.21.15.86:0/3133738236 <== mon.0 v2:172.21.15.86:3300/0 3 ==== mon_map magic: 0 v1 ==== 205+0+0 (secure 0 0 0) 0x7f36780309d0 con 0x7f3688105650
2024-09-13T16:00:35.503 INFO:teuthology.orchestra.run.smithi086.stdout:/usr/bin/ceph: stderr
2024-09-13T16:00:34.619+0000 7f368d000640 1 -- 172.21.15.86:0/3133738236 >> [v2:172.21.15.86:3300/0,v1:172.21.15.86:6789/0] conn(0x7f3688105650 msgr2=0x7f3688105a50 secure :-1 s=STATE_CONNECTION_ESTABLISHED l=1).mark_down
2024-09-13T16:00:35.503 INFO:teuthology.orchestra.run.smithi086.stdout:/usr/bin/ceph: stderr
2024-09-13T16:00:34.619+0000 7f368d000640 1 --2- 172.21.15.86:0/3133738236 >> [v2:172.21.15.86:3300/0,v1:172.21.15.86:6789/0] conn(0x7f3688105650 0x7f3688105a50 secure :-1 s=READY pgs=35 cs=0 l=1 rev1=1 crypto rx=0x7f3678009820 tx=0x7f367802a270 comp rx=0 tx=0).stop
2024-09-13T16:00:35.503 INFO:teuthology.orchestra.run.smithi086.stdout:/usr/bin/ceph: stderr
2024-09-13T16:00:34.619+0000 7f368d000640 1 -- 172.21.15.86:0/3133738236 shutdown_connections
2024-09-13T16:00:35.503 INFO:teuthology.orchestra.run.smithi086.stdout:/usr/bin/ceph: stderr
2024-09-13T16:00:34.619+0000 7f368d000640 1 --2- 172.21.15.86:0/3133738236 >> [v2:172.21.15.86:3300/0,v1:172.21.15.86:6789/0] conn(0x7f3688105650 0x7f3688105a50 unknown :-1 s=CLOSED pgs=35 cs=0 l=1 rev1=1 crypto rx=0 tx=0 comp rx=0 tx=0).stop
2024-09-13T16:00:35.503 INFO:teuthology.orchestra.run.smithi086.stdout:/usr/bin/ceph: stderr
2024-09-13T16:00:34.619+0000 7f368d000640 1 -- 172.21.15.86:0/3133738236 >> 172.21.15.86:0/3133738236 conn(0x7f3688100e40 msgr2=0x7f3688103260 unknown :-1 s=STATE_NONE l=0).mark_down
2024-09-13T16:00:35.503 INFO:teuthology.orchestra.run.smithi086.stdout:/usr/bin/ceph: stderr
2024-09-13T16:00:34.619+0000 7f368d000640 1 -- 172.21.15.86:0/3133738236 shutdown_connections
2024-09-13T16:00:35.503 INFO:teuthology.orchestra.run.smithi086.stdout:/usr/bin/ceph: stderr
2024-09-13T16:00:34.619+0000 7f368d000640 1 -- 172.21.15.86:0/3133738236 wait complete.
2024-09-13T16:00:35.503 INFO:teuthology.orchestra.run.smithi086.stdout:/usr/bin/ceph: stderr
2024-09-13T16:00:34.620+0000 7f368d000640 1 Processor -- start
2024-09-13T16:00:35.503 INFO:teuthology.orchestra.run.smithi086.stdout:/usr/bin/ceph: stderr
2024-09-13T16:00:34.620+0000 7f368d000640 1 -- start start
2024-09-13T16:00:35.503 INFO:teuthology.orchestra.run.smithi086.stdout:/usr/bin/ceph: stderr
2024-09-13T16:00:34.621+0000 7f368d000640 1 --2- >> [v2:172.21.15.86:3300/0,v1:172.21.15.86:6789/0] conn(0x7f3688105650 0x7f368807c360 unknown :-1 s=NONE pgs=0 cs=0 l=1 rev1=0 crypto rx=0 tx=0 comp rx=0 tx=0).connect
2024-09-13T16:00:35.503 INFO:teuthology.orchestra.run.smithi086.stdout:/usr/bin/ceph: stderr
2024-09-13T16:00:34.621+0000 7f368d000640 1 -- --> [v2:172.21.15.86:3300/0,v1:172.21.15.86:6789/0] -- mon_getmap magic: 0 v1 -- 0x7f368807c8a0 con 0x7f3688105650
2024-09-13T16:00:35.503 INFO:teuthology.orchestra.run.smithi086.stdout:/usr/bin/ceph: stderr
2024-09-13T16:00:34.621+0000 7f3687400640 1 --2- >> [v2:172.21.15.86:3300/0,v1:172.21.15.86:6789/0] conn(0x7f3688105650 0x7f368807c360 unknown :-1 s=BANNER_CONNECTING pgs=0 cs=0 l=1 rev1=0 crypto rx=0 tx=0 comp rx=0 tx=0)._handle_peer_banner_payload supported=3 required=0
2024-09-13T16:00:35.504 INFO:teuthology.orchestra.run.smithi086.stdout:/usr/bin/ceph: stderr
2024-09-13T16:00:34.621+0000 7f3687400640 1 --2- >> [v2:172.21.15.86:3300/0,v1:172.21.15.86:6789/0] conn(0x7f3688105650 0x7f368807c360 unknown :-1 s=HELLO_CONNECTING pgs=0 cs=0 l=1 rev1=1 crypto rx=0 tx=0 comp rx=0 tx=0).handle_hello peer v2:172.21.15.86:3300/0 says I am v2:172.21.15.86:45310/0 (socket says 172.21.15.86:45310)
2024-09-13T16:00:35.504 INFO:teuthology.orchestra.run.smithi086.stdout:/usr/bin/ceph: stderr
2024-09-13T16:00:34.621+0000 7f3687400640 1 -- 172.21.15.86:0/2477326924 learned_addr learned my addr 172.21.15.86:0/2477326924 (peer_addr_for_me v2:172.21.15.86:0/0)
2024-09-13T16:00:35.504 INFO:teuthology.orchestra.run.smithi086.stdout:/usr/bin/ceph: stderr
2024-09-13T16:00:34.621+0000 7f3687400640 1 -- 172.21.15.86:0/2477326924 --> [v2:172.21.15.86:3300/0,v1:172.21.15.86:6789/0] -- mon_subscribe({config=0+,monmap=0+}) v3 -- 0x7f36780094d0 con 0x7f3688105650
2024-09-13T16:00:35.504 INFO:teuthology.orchestra.run.smithi086.stdout:/usr/bin/ceph: stderr
2024-09-13T16:00:34.621+0000 7f3687400640 1 --2- 172.21.15.86:0/2477326924 >> [v2:172.21.15.86:3300/0,v1:172.21.15.86:6789/0] conn(0x7f3688105650 0x7f368807c360 secure :-1 s=READY pgs=36 cs=0 l=1 rev1=1 crypto rx=0x7f36780097f0 tx=0x7f3678032670 comp rx=0 tx=0).ready entity=mon.0 client_cookie=0 server_cookie=0 in_seq=0 out_seq=0
2024-09-13T16:00:35.504 INFO:teuthology.orchestra.run.smithi086.stdout:/usr/bin/ceph: stderr
2024-09-13T16:00:34.622+0000 7f3684c00640 1 -- 172.21.15.86:0/2477326924 <== mon.0 v2:172.21.15.86:3300/0 1 ==== mon_map magic: 0 v1 ==== 205+0+0 (secure 0 0 0) 0x7f3678032db0 con 0x7f3688105650
2024-09-13T16:00:35.504 INFO:teuthology.orchestra.run.smithi086.stdout:/usr/bin/ceph: stderr
2024-09-13T16:00:34.622+0000 7f3684c00640 1 -- 172.21.15.86:0/2477326924 <== mon.0 v2:172.21.15.86:3300/0 2 ==== config(27 keys) v1 ==== 1108+0+0 (secure 0 0 0) 0x7f367803b8f0 con 0x7f3688105650
2024-09-13T16:00:35.504 INFO:teuthology.orchestra.run.smithi086.stdout:/usr/bin/ceph: stderr
2024-09-13T16:00:34.622+0000 7f3684c00640 1 -- 172.21.15.86:0/2477326924 <== mon.0 v2:172.21.15.86:3300/0 3 ==== mon_map magic: 0 v1 ==== 205+0+0 (secure 0 0 0) 0x7f367803a6e0 con 0x7f3688105650
2024-09-13T16:00:35.504 INFO:teuthology.orchestra.run.smithi086.stdout:/usr/bin/ceph: stderr
2024-09-13T16:00:34.622+0000 7f368d000640 1 -- 172.21.15.86:0/2477326924 --> [v2:172.21.15.86:3300/0,v1:172.21.15.86:6789/0] -- mon_subscribe({mgrmap=0+}) v3 -- 0x7f368807aa90 con 0x7f3688105650
2024-09-13T16:00:35.504 INFO:teuthology.orchestra.run.smithi086.stdout:/usr/bin/ceph: stderr
2024-09-13T16:00:34.622+0000 7f368d000640 1 -- 172.21.15.86:0/2477326924 --> [v2:172.21.15.86:3300/0,v1:172.21.15.86:6789/0] -- mon_subscribe({osdmap=0}) v3 -- 0x7f368807af30 con 0x7f3688105650
2024-09-13T16:00:35.504 INFO:teuthology.orchestra.run.smithi086.stdout:/usr/bin/ceph: stderr
2024-09-13T16:00:34.623+0000 7f3684c00640 1 -- 172.21.15.86:0/2477326924 <== mon.0 v2:172.21.15.86:3300/0 4 ==== mgrmap(e 8) v1 ==== 45541+0+0 (secure 0 0 0) 0x7f3678039040 con 0x7f3688105650
2024-09-13T16:00:35.504 INFO:teuthology.orchestra.run.smithi086.stdout:/usr/bin/ceph: stderr
2024-09-13T16:00:34.623+0000 7f368d000640 1 -- 172.21.15.86:0/2477326924 --> [v2:172.21.15.86:3300/0,v1:172.21.15.86:6789/0] -- mon_command({"prefix": "get_command_descriptions"} v 0) v1 -- 0x7f3688105ad0 con 0x7f3688105650
2024-09-13T16:00:35.504 INFO:teuthology.orchestra.run.smithi086.stdout:/usr/bin/ceph: stderr
2024-09-13T16:00:34.624+0000 7f3684c00640 1 --2- 172.21.15.86:0/2477326924 >> [v2:172.21.15.86:6800/3020585994,v1:172.21.15.86:6801/3020585994] conn(0x7f366c038670 0x7f366c03ab30 unknown :-1 s=NONE pgs=0 cs=0 l=1 rev1=0 crypto rx=0 tx=0 comp rx=0 tx=0).connect
2024-09-13T16:00:35.505 INFO:teuthology.orchestra.run.smithi086.stdout:/usr/bin/ceph: stderr
2024-09-13T16:00:34.624+0000 7f3684c00640 1 -- 172.21.15.86:0/2477326924 <== mon.0 v2:172.21.15.86:3300/0 5 ==== osd_map(2..2 src has 1..2) v4 ==== 940+0+0 (secure 0 0 0) 0x7f367806b520 con 0x7f3688105650
2024-09-13T16:00:35.505 INFO:teuthology.orchestra.run.smithi086.stdout:/usr/bin/ceph: stderr
2024-09-13T16:00:34.624+0000 7f367ea00640 1 --2- 172.21.15.86:0/2477326924 >> [v2:172.21.15.86:6800/3020585994,v1:172.21.15.86:6801/3020585994] conn(0x7f366c038670 0x7f366c03ab30 unknown :-1 s=BANNER_CONNECTING pgs=0 cs=0 l=1 rev1=0 crypto rx=0 tx=0 comp rx=0 tx=0)._handle_peer_banner_payload supported=3 required=0
2024-09-13T16:00:35.505 INFO:teuthology.orchestra.run.smithi086.stdout:/usr/bin/ceph: stderr
2024-09-13T16:00:34.624+0000 7f367ea00640 1 --2- 172.21.15.86:0/2477326924 >> [v2:172.21.15.86:6800/3020585994,v1:172.21.15.86:6801/3020585994] conn(0x7f366c038670 0x7f366c03ab30 secure :-1 s=READY pgs=7 cs=0 l=1 rev1=1 crypto rx=0x7f36700098c0 tx=0x7f3670006db0 comp rx=0 tx=0).ready entity=mgr.14118 client_cookie=0 server_cookie=0 in_seq=0 out_seq=0
2024-09-13T16:00:35.505 INFO:teuthology.orchestra.run.smithi086.stdout:/usr/bin/ceph: stderr
2024-09-13T16:00:34.629+0000 7f3684c00640 1 -- 172.21.15.86:0/2477326924 <== mon.0 v2:172.21.15.86:3300/0 6 ==== mon_command_ack([{"prefix": "get_command_descriptions"}]=0 v0) v1 ==== 72+0+183819 (secure 0 0 0) 0x7f3678041640 con 0x7f3688105650
2024-09-13T16:00:35.505 INFO:teuthology.orchestra.run.smithi086.stdout:/usr/bin/ceph: stderr
2024-09-13T16:00:34.815+0000 7f368d000640 1 -- 172.21.15.86:0/2477326924 --> [v2:172.21.15.86:6800/3020585994,v1:172.21.15.86:6801/3020585994] -- mgr_command(tid 0: {"prefix": "orch set backend", "module_name": "cephadm", "target": ["mon-mgr", ""]}) v1 -- 0x7f368807b5a0 con 0x7f366c038670
2024-09-13T16:00:35.505 INFO:teuthology.orchestra.run.smithi086.stdout:/usr/bin/ceph: stderr
2024-09-13T16:00:34.830+0000 7f3684c00640 1 -- 172.21.15.86:0/2477326924 <== mgr.14118 v2:172.21.15.86:6800/3020585994 1 ==== mgr_command_reply(tid 0: 0 ) v1 ==== 8+0+0 (secure 0 0 0) 0x7f368807b5a0 con 0x7f366c038670
2024-09-13T16:00:35.505 INFO:teuthology.orchestra.run.smithi086.stdout:/usr/bin/ceph: stderr
2024-09-13T16:00:34.832+0000 7f368d000640 1 -- 172.21.15.86:0/2477326924 >> [v2:172.21.15.86:6800/3020585994,v1:172.21.15.86:6801/3020585994] conn(0x7f366c038670 msgr2=0x7f366c03ab30 secure :-1 s=STATE_CONNECTION_ESTABLISHED l=1).mark_down
2024-09-13T16:00:35.505 INFO:teuthology.orchestra.run.smithi086.stdout:/usr/bin/ceph: stderr
2024-09-13T16:00:34.832+0000 7f368d000640 1 --2- 172.21.15.86:0/2477326924 >> [v2:172.21.15.86:6800/3020585994,v1:172.21.15.86:6801/3020585994] conn(0x7f366c038670 0x7f366c03ab30 secure :-1 s=READY pgs=7 cs=0 l=1 rev1=1 crypto rx=0x7f36700098c0 tx=0x7f3670006db0 comp rx=0 tx=0).stop
2024-09-13T16:00:35.505 INFO:teuthology.orchestra.run.smithi086.stdout:/usr/bin/ceph: stderr
2024-09-13T16:00:34.832+0000 7f368d000640 1 -- 172.21.15.86:0/2477326924 >> [v2:172.21.15.86:3300/0,v1:172.21.15.86:6789/0] conn(0x7f3688105650 msgr2=0x7f368807c360 secure :-1 s=STATE_CONNECTION_ESTABLISHED l=1).mark_down
2024-09-13T16:00:35.505 INFO:teuthology.orchestra.run.smithi086.stdout:/usr/bin/ceph: stderr
2024-09-13T16:00:34.832+0000 7f368d000640 1 --2- 172.21.15.86:0/2477326924 >> [v2:172.21.15.86:3300/0,v1:172.21.15.86:6789/0] conn(0x7f3688105650 0x7f368807c360 secure :-1 s=READY pgs=36 cs=0 l=1 rev1=1 crypto rx=0x7f36780097f0 tx=0x7f3678032670 comp rx=0 tx=0).stop
2024-09-13T16:00:35.506 INFO:teuthology.orchestra.run.smithi086.stdout:/usr/bin/ceph: stderr
2024-09-13T16:00:34.832+0000 7f368d000640 1 -- 172.21.15.86:0/2477326924 shutdown_connections
2024-09-13T16:00:35.506 INFO:teuthology.orchestra.run.smithi086.stdout:/usr/bin/ceph: stderr
2024-09-13T16:00:34.832+0000 7f368d000640 1 --2- 172.21.15.86:0/2477326924 >> [v2:172.21.15.86:6800/3020585994,v1:172.21.15.86:6801/3020585994] conn(0x7f366c038670 0x7f366c03ab30 unknown :-1 s=CLOSED pgs=7 cs=0 l=1 rev1=1 crypto rx=0 tx=0 comp rx=0 tx=0).stop
2024-09-13T16:00:35.506 INFO:teuthology.orchestra.run.smithi086.stdout:/usr/bin/ceph: stderr
2024-09-13T16:00:34.832+0000 7f368d000640 1 --2- 172.21.15.86:0/2477326924 >> [v2:172.21.15.86:3300/0,v1:172.21.15.86:6789/0] conn(0x7f3688105650 0x7f368807c360 unknown :-1 s=CLOSED pgs=36 cs=0 l=1 rev1=1 crypto rx=0 tx=0 comp rx=0 tx=0).stop
2024-09-13T16:00:35.506 INFO:teuthology.orchestra.run.smithi086.stdout:/usr/bin/ceph: stderr
2024-09-13T16:00:34.832+0000 7f368d000640 1 -- 172.21.15.86:0/2477326924 >> 172.21.15.86:0/2477326924 conn(0x7f3688100e40 msgr2=0x7f3688101a00 unknown :-1 s=STATE_NONE l=0).mark_down
2024-09-13T16:00:35.506 INFO:teuthology.orchestra.run.smithi086.stdout:/usr/bin/ceph: stderr
2024-09-13T16:00:34.833+0000 7f368d000640 1 -- 172.21.15.86:0/2477326924 shutdown_connections
2024-09-13T16:00:35.506 INFO:teuthology.orchestra.run.smithi086.stdout:/usr/bin/ceph: stderr
2024-09-13T16:00:34.833+0000 7f368d000640 1 -- 172.21.15.86:0/2477326924 wait complete.
2024-09-13T16:00:35.740 INFO:journalctl@ceph.mon.a.smithi086.stdout:Sep 13 16:00:35 smithi086 ceph-mon[30379]: [13/Sep/2024:16:00:33] ENGINE Serving on https://172.21.15.86:7150
2024-09-13T16:00:35.740 INFO:journalctl@ceph.mon.a.smithi086.stdout:Sep 13 16:00:35 smithi086 ceph-mon[30379]: [13/Sep/2024:16:00:33] ENGINE Error in HTTPServer.serve
2024-09-13T16:00:35.740 INFO:journalctl@ceph.mon.a.smithi086.stdout: Traceback (most recent call last):
2024-09-13T16:00:35.740 INFO:journalctl@ceph.mon.a.smithi086.stdout: File "/lib/python3.9/site-packages/cheroot/server.py", line 1823, in serve
2024-09-13T16:00:35.740 INFO:journalctl@ceph.mon.a.smithi086.stdout: self._connections.run(self.expiration_interval)
2024-09-13T16:00:35.740 INFO:journalctl@ceph.mon.a.smithi086.stdout: File "/lib/python3.9/site-packages/cheroot/connections.py", line 203, in run
2024-09-13T16:00:35.740 INFO:journalctl@ceph.mon.a.smithi086.stdout: self._run(expiration_interval)
2024-09-13T16:00:35.741 INFO:journalctl@ceph.mon.a.smithi086.stdout: File "/lib/python3.9/site-packages/cheroot/connections.py", line 246, in _run
2024-09-13T16:00:35.741 INFO:journalctl@ceph.mon.a.smithi086.stdout: new_conn = self._from_server_socket(self.server.socket)
2024-09-13T16:00:35.741 INFO:journalctl@ceph.mon.a.smithi086.stdout: File "/lib/python3.9/site-packages/cheroot/connections.py", line 300, in _from_server_socket
2024-09-13T16:00:35.741 INFO:journalctl@ceph.mon.a.smithi086.stdout: s, ssl_env = self.server.ssl_adapter.wrap(s)
2024-09-13T16:00:35.741 INFO:journalctl@ceph.mon.a.smithi086.stdout: File "/lib/python3.9/site-packages/cheroot/ssl/builtin.py", line 277, in wrap
2024-09-13T16:00:35.741 INFO:journalctl@ceph.mon.a.smithi086.stdout: s = self.context.wrap_socket(
2024-09-13T16:00:35.741 INFO:journalctl@ceph.mon.a.smithi086.stdout: File "/lib64/python3.9/ssl.py", line 501, in wrap_socket
2024-09-13T16:00:35.741 INFO:journalctl@ceph.mon.a.smithi086.stdout: return self.sslsocket_class._create(
2024-09-13T16:00:35.741 INFO:journalctl@ceph.mon.a.smithi086.stdout: File "/lib64/python3.9/ssl.py", line 1074, in _create
2024-09-13T16:00:35.741 INFO:journalctl@ceph.mon.a.smithi086.stdout: self.do_handshake()
2024-09-13T16:00:35.741 INFO:journalctl@ceph.mon.a.smithi086.stdout: File "/lib64/python3.9/ssl.py", line 1343, in do_handshake
2024-09-13T16:00:35.741 INFO:journalctl@ceph.mon.a.smithi086.stdout: self._sslobj.do_handshake()
2024-09-13T16:00:35.741 INFO:journalctl@ceph.mon.a.smithi086.stdout: ssl.SSLZeroReturnError: TLS/SSL connection has been closed (EOF) (_ssl.c:1133)
2024-09-13T16:00:35.741 INFO:journalctl@ceph.mon.a.smithi086.stdout:Sep 13 16:00:35 smithi086 ceph-mon[30379]: [13/Sep/2024:16:00:33] ENGINE Serving on http://172.21.15.86:8765
2024-09-13T16:00:35.742 INFO:journalctl@ceph.mon.a.smithi086.stdout:Sep 13 16:00:35 smithi086 ceph-mon[30379]: [13/Sep/2024:16:00:33] ENGINE Bus STARTED
2024-09-13T16:00:35.742 INFO:journalctl@ceph.mon.a.smithi086.stdout:Sep 13 16:00:35 smithi086 ceph-mon[30379]: mgrmap e8: x(active, since 2s)
2024-09-13T16:00:35.742 INFO:journalctl@ceph.mon.a.smithi086.stdout:Sep 13 16:00:35 smithi086 ceph-mon[30379]: from='mgr.14118 172.21.15.86:0/1152155267' entity='mgr.x'
2024-09-13T16:00:35.742 INFO:journalctl@ceph.mon.a.smithi086.stdout:Sep 13 16:00:35 smithi086 ceph-mon[30379]: from='mgr.14118 172.21.15.86:0/1152155267' entity='mgr.x' cmd=[{"prefix": "config dump", "format": "json"}]: dispatch
2024-09-13T16:00:36.746 INFO:journalctl@ceph.mon.a.smithi086.stdout:Sep 13 16:00:36 smithi086 ceph-mon[30379]: from='client.14130 -' entity='client.admin' cmd=[{"prefix": "orch set backend", "module_name": "cephadm", "target": ["mon-mgr", ""]}]: dispatch
2024-09-13T16:00:36.820 INFO:teuthology.orchestra.run.smithi086.stdout:/usr/bin/ceph: stdout value unchanged
2024-09-13T16:00:36.820 INFO:teuthology.orchestra.run.smithi086.stdout:/usr/bin/ceph: stderr
2024-09-13T16:00:35.936+0000 7f19a2600640 1 Processor -- start
2024-09-13T16:00:36.820 INFO:teuthology.orchestra.run.smithi086.stdout:/usr/bin/ceph: stderr
2024-09-13T16:00:35.936+0000 7f19a2600640 1 -- start start
2024-09-13T16:00:36.820 INFO:teuthology.orchestra.run.smithi086.stdout:/usr/bin/ceph: stderr
2024-09-13T16:00:35.937+0000 7f19a2600640 1 --2- >> [v2:172.21.15.86:3300/0,v1:172.21.15.86:6789/0] conn(0x7f199c105680 0x7f199c105a80 unknown :-1 s=NONE pgs=0 cs=0 l=0 rev1=0 crypto rx=0 tx=0 comp rx=0 tx=0).connect
2024-09-13T16:00:36.821 INFO:teuthology.orchestra.run.smithi086.stdout:/usr/bin/ceph: stderr
2024-09-13T16:00:35.937+0000 7f19a2600640 1 -- --> [v2:172.21.15.86:3300/0,v1:172.21.15.86:6789/0] -- mon_getmap magic: 0 v1 -- 0x7f199c106050 con 0x7f199c105680
2024-09-13T16:00:36.821 INFO:teuthology.orchestra.run.smithi086.stdout:/usr/bin/ceph: stderr
2024-09-13T16:00:35.937+0000 7f19a1200640 1 --2- >> [v2:172.21.15.86:3300/0,v1:172.21.15.86:6789/0] conn(0x7f199c105680 0x7f199c105a80 unknown :-1 s=BANNER_CONNECTING pgs=0 cs=0 l=0 rev1=0 crypto rx=0 tx=0 comp rx=0 tx=0)._handle_peer_banner_payload supported=3 required=0
2024-09-13T16:00:36.821 INFO:teuthology.orchestra.run.smithi086.stdout:/usr/bin/ceph: stderr
2024-09-13T16:00:35.937+0000 7f19a1200640 1 --2- >> [v2:172.21.15.86:3300/0,v1:172.21.15.86:6789/0] conn(0x7f199c105680 0x7f199c105a80 unknown :-1 s=HELLO_CONNECTING pgs=0 cs=0 l=0 rev1=1 crypto rx=0 tx=0 comp rx=0 tx=0).handle_hello peer v2:172.21.15.86:3300/0 says I am v2:172.21.15.86:45318/0 (socket says 172.21.15.86:45318)
2024-09-13T16:00:36.821 INFO:teuthology.orchestra.run.smithi086.stdout:/usr/bin/ceph: stderr
2024-09-13T16:00:35.937+0000 7f19a1200640 1 -- 172.21.15.86:0/3633016435 learned_addr learned my addr 172.21.15.86:0/3633016435 (peer_addr_for_me v2:172.21.15.86:0/0)
2024-09-13T16:00:36.821 INFO:teuthology.orchestra.run.smithi086.stdout:/usr/bin/ceph: stderr
2024-09-13T16:00:35.937+0000 7f19a1200640 1 -- 172.21.15.86:0/3633016435 --> [v2:172.21.15.86:3300/0,v1:172.21.15.86:6789/0] -- mon_subscribe({config=0+,monmap=0+}) v3 -- 0x7f199c1067e0 con 0x7f199c105680
2024-09-13T16:00:36.821 INFO:teuthology.orchestra.run.smithi086.stdout:/usr/bin/ceph: stderr
2024-09-13T16:00:35.938+0000 7f19a1200640 1 --2- 172.21.15.86:0/3633016435 >> [v2:172.21.15.86:3300/0,v1:172.21.15.86:6789/0] conn(0x7f199c105680 0x7f199c105a80 secure :-1 s=READY pgs=37 cs=0 l=1 rev1=1 crypto rx=0x7f198c009e80 tx=0x7f198c02a7a0 comp rx=0 tx=0).ready entity=mon.0 client_cookie=91a83b973121df99 server_cookie=0 in_seq=0 out_seq=0
2024-09-13T16:00:36.821 INFO:teuthology.orchestra.run.smithi086.stdout:/usr/bin/ceph: stderr
2024-09-13T16:00:35.939+0000 7f199b400640 1 -- 172.21.15.86:0/3633016435 <== mon.0 v2:172.21.15.86:3300/0 1 ==== mon_map magic: 0 v1 ==== 205+0+0 (secure 0 0 0) 0x7f198c031400 con 0x7f199c105680
2024-09-13T16:00:36.821 INFO:teuthology.orchestra.run.smithi086.stdout:/usr/bin/ceph: stderr
2024-09-13T16:00:35.939+0000 7f199b400640 1 -- 172.21.15.86:0/3633016435 <== mon.0 v2:172.21.15.86:3300/0 2 ==== config(27 keys) v1 ==== 1108+0+0 (secure 0 0 0) 0x7f198c02d050 con 0x7f199c105680
2024-09-13T16:00:36.821 INFO:teuthology.orchestra.run.smithi086.stdout:/usr/bin/ceph: stderr
2024-09-13T16:00:35.939+0000 7f199b400640 1 -- 172.21.15.86:0/3633016435 <== mon.0 v2:172.21.15.86:3300/0 3 ==== mon_map magic: 0 v1 ==== 205+0+0 (secure 0 0 0) 0x7f198c007a00 con 0x7f199c105680
2024-09-13T16:00:36.821 INFO:teuthology.orchestra.run.smithi086.stdout:/usr/bin/ceph: stderr
2024-09-13T16:00:35.939+0000 7f19a2600640 1 -- 172.21.15.86:0/3633016435 >> [v2:172.21.15.86:3300/0,v1:172.21.15.86:6789/0] conn(0x7f199c105680 msgr2=0x7f199c105a80 secure :-1 s=STATE_CONNECTION_ESTABLISHED l=1).mark_down
2024-09-13T16:00:36.821 INFO:teuthology.orchestra.run.smithi086.stdout:/usr/bin/ceph: stderr
2024-09-13T16:00:35.939+0000 7f19a2600640 1 --2- 172.21.15.86:0/3633016435 >> [v2:172.21.15.86:3300/0,v1:172.21.15.86:6789/0] conn(0x7f199c105680 0x7f199c105a80 secure :-1 s=READY pgs=37 cs=0 l=1 rev1=1 crypto rx=0x7f198c009e80 tx=0x7f198c02a7a0 comp rx=0 tx=0).stop
2024-09-13T16:00:36.821 INFO:teuthology.orchestra.run.smithi086.stdout:/usr/bin/ceph: stderr
2024-09-13T16:00:35.939+0000 7f19a2600640 1 -- 172.21.15.86:0/3633016435 shutdown_connections
2024-09-13T16:00:36.822 INFO:teuthology.orchestra.run.smithi086.stdout:/usr/bin/ceph: stderr
2024-09-13T16:00:35.939+0000 7f19a2600640 1 --2- 172.21.15.86:0/3633016435 >> [v2:172.21.15.86:3300/0,v1:172.21.15.86:6789/0] conn(0x7f199c105680 0x7f199c105a80 unknown :-1 s=CLOSED pgs=37 cs=0 l=1 rev1=1 crypto rx=0 tx=0 comp rx=0 tx=0).stop
2024-09-13T16:00:36.822 INFO:teuthology.orchestra.run.smithi086.stdout:/usr/bin/ceph: stderr
2024-09-13T16:00:35.939+0000 7f19a2600640 1 -- 172.21.15.86:0/3633016435 >> 172.21.15.86:0/3633016435 conn(0x7f199c100e70 msgr2=0x7f199c103290 unknown :-1 s=STATE_NONE l=0).mark_down
2024-09-13T16:00:36.822 INFO:teuthology.orchestra.run.smithi086.stdout:/usr/bin/ceph: stderr
2024-09-13T16:00:35.940+0000 7f19a2600640 1 -- 172.21.15.86:0/3633016435 shutdown_connections
2024-09-13T16:00:36.822 INFO:teuthology.orchestra.run.smithi086.stdout:/usr/bin/ceph: stderr
2024-09-13T16:00:35.940+0000 7f19a2600640 1 -- 172.21.15.86:0/3633016435 wait complete.
2024-09-13T16:00:36.822 INFO:teuthology.orchestra.run.smithi086.stdout:/usr/bin/ceph: stderr
2024-09-13T16:00:35.940+0000 7f19a2600640 1 Processor -- start
2024-09-13T16:00:36.822 INFO:teuthology.orchestra.run.smithi086.stdout:/usr/bin/ceph: stderr
2024-09-13T16:00:35.941+0000 7f19a2600640 1 -- start start
2024-09-13T16:00:36.822 INFO:teuthology.orchestra.run.smithi086.stdout:/usr/bin/ceph: stderr
2024-09-13T16:00:35.941+0000 7f19a2600640 1 --2- >> [v2:172.21.15.86:3300/0,v1:172.21.15.86:6789/0] conn(0x7f199c105680 0x7f199c19b5f0 unknown :-1 s=NONE pgs=0 cs=0 l=1 rev1=0 crypto rx=0 tx=0 comp rx=0 tx=0).connect
2024-09-13T16:00:36.822 INFO:teuthology.orchestra.run.smithi086.stdout:/usr/bin/ceph: stderr
2024-09-13T16:00:35.941+0000 7f19a2600640 1 -- --> [v2:172.21.15.86:3300/0,v1:172.21.15.86:6789/0] -- mon_getmap magic: 0 v1 -- 0x7f199c19bb30 con 0x7f199c105680
2024-09-13T16:00:36.822 INFO:teuthology.orchestra.run.smithi086.stdout:/usr/bin/ceph: stderr
2024-09-13T16:00:35.941+0000 7f19a1200640 1 --2- >> [v2:172.21.15.86:3300/0,v1:172.21.15.86:6789/0] conn(0x7f199c105680 0x7f199c19b5f0 unknown :-1 s=BANNER_CONNECTING pgs=0 cs=0 l=1 rev1=0 crypto rx=0 tx=0 comp rx=0 tx=0)._handle_peer_banner_payload supported=3 required=0
2024-09-13T16:00:36.822 INFO:teuthology.orchestra.run.smithi086.stdout:/usr/bin/ceph: stderr
2024-09-13T16:00:35.941+0000 7f19a1200640 1 --2- >> [v2:172.21.15.86:3300/0,v1:172.21.15.86:6789/0] conn(0x7f199c105680 0x7f199c19b5f0 unknown :-1 s=HELLO_CONNECTING pgs=0 cs=0 l=1 rev1=1 crypto rx=0 tx=0 comp rx=0 tx=0).handle_hello peer v2:172.21.15.86:3300/0 says I am v2:172.21.15.86:45322/0 (socket says 172.21.15.86:45322)
2024-09-13T16:00:36.822 INFO:teuthology.orchestra.run.smithi086.stdout:/usr/bin/ceph: stderr
2024-09-13T16:00:35.941+0000 7f19a1200640 1 -- 172.21.15.86:0/1328838698 learned_addr learned my addr 172.21.15.86:0/1328838698 (peer_addr_for_me v2:172.21.15.86:0/0)
2024-09-13T16:00:36.822 INFO:teuthology.orchestra.run.smithi086.stdout:/usr/bin/ceph: stderr
2024-09-13T16:00:35.941+0000 7f19a1200640 1 -- 172.21.15.86:0/1328838698 --> [v2:172.21.15.86:3300/0,v1:172.21.15.86:6789/0] -- mon_subscribe({config=0+,monmap=0+}) v3 -- 0x7f198c009b30 con 0x7f199c105680
2024-09-13T16:00:36.822 INFO:teuthology.orchestra.run.smithi086.stdout:/usr/bin/ceph: stderr
2024-09-13T16:00:35.942+0000 7f19a1200640 1 --2- 172.21.15.86:0/1328838698 >> [v2:172.21.15.86:3300/0,v1:172.21.15.86:6789/0] conn(0x7f199c105680 0x7f199c19b5f0 secure :-1 s=READY pgs=38 cs=0 l=1 rev1=1 crypto rx=0x7f198c02acc0 tx=0x7f198c031930 comp rx=0 tx=0).ready entity=mon.0 client_cookie=0 server_cookie=0 in_seq=0 out_seq=0
2024-09-13T16:00:36.822 INFO:teuthology.orchestra.run.smithi086.stdout:/usr/bin/ceph: stderr
2024-09-13T16:00:35.942+0000 7f1999600640 1 -- 172.21.15.86:0/1328838698 <== mon.0 v2:172.21.15.86:3300/0 1 ==== mon_map magic: 0 v1 ==== 205+0+0 (secure 0 0 0) 0x7f198c031d80 con 0x7f199c105680
2024-09-13T16:00:36.823 INFO:teuthology.orchestra.run.smithi086.stdout:/usr/bin/ceph: stderr
2024-09-13T16:00:35.942+0000 7f1999600640 1 -- 172.21.15.86:0/1328838698 <== mon.0 v2:172.21.15.86:3300/0 2 ==== config(27 keys) v1 ==== 1108+0+0 (secure 0 0 0) 0x7f198c03d910 con 0x7f199c105680
2024-09-13T16:00:36.823 INFO:teuthology.orchestra.run.smithi086.stdout:/usr/bin/ceph: stderr
2024-09-13T16:00:35.942+0000 7f1999600640 1 -- 172.21.15.86:0/1328838698 <== mon.0 v2:172.21.15.86:3300/0 3 ==== mon_map magic: 0 v1 ==== 205+0+0 (secure 0 0 0) 0x7f198c03b990 con 0x7f199c105680
2024-09-13T16:00:36.823 INFO:teuthology.orchestra.run.smithi086.stdout:/usr/bin/ceph: stderr
2024-09-13T16:00:35.942+0000 7f19a2600640 1 -- 172.21.15.86:0/1328838698 --> [v2:172.21.15.86:3300/0,v1:172.21.15.86:6789/0] -- mon_subscribe({mgrmap=0+}) v3 -- 0x7f199c19bd30 con 0x7f199c105680
2024-09-13T16:00:36.823 INFO:teuthology.orchestra.run.smithi086.stdout:/usr/bin/ceph: stderr
2024-09-13T16:00:35.942+0000 7f19a2600640 1 -- 172.21.15.86:0/1328838698 --> [v2:172.21.15.86:3300/0,v1:172.21.15.86:6789/0] -- mon_subscribe({osdmap=0}) v3 -- 0x7f199c19c230 con 0x7f199c105680
2024-09-13T16:00:36.823 INFO:teuthology.orchestra.run.smithi086.stdout:/usr/bin/ceph: stderr
2024-09-13T16:00:35.943+0000 7f1999600640 1 -- 172.21.15.86:0/1328838698 <== mon.0 v2:172.21.15.86:3300/0 4 ==== mgrmap(e 8) v1 ==== 45541+0+0 (secure 0 0 0) 0x7f198c03da80 con 0x7f199c105680
2024-09-13T16:00:36.823 INFO:teuthology.orchestra.run.smithi086.stdout:/usr/bin/ceph: stderr
2024-09-13T16:00:35.943+0000 7f19a2600640 1 -- 172.21.15.86:0/1328838698 --> [v2:172.21.15.86:3300/0,v1:172.21.15.86:6789/0] -- mon_command({"prefix": "get_command_descriptions"} v 0) v1 -- 0x7f199c109a10 con 0x7f199c105680
2024-09-13T16:00:36.823 INFO:teuthology.orchestra.run.smithi086.stdout:/usr/bin/ceph: stderr
2024-09-13T16:00:35.943+0000 7f1999600640 1 --2- 172.21.15.86:0/1328838698 >> [v2:172.21.15.86:6800/3020585994,v1:172.21.15.86:6801/3020585994] conn(0x7f1980038670 0x7f198003ab30 unknown :-1 s=NONE pgs=0 cs=0 l=1 rev1=0 crypto rx=0 tx=0 comp rx=0 tx=0).connect
2024-09-13T16:00:36.823 INFO:teuthology.orchestra.run.smithi086.stdout:/usr/bin/ceph: stderr
2024-09-13T16:00:35.944+0000 7f1999600640 1 -- 172.21.15.86:0/1328838698 <== mon.0 v2:172.21.15.86:3300/0 5 ==== osd_map(2..2 src has 1..2) v4 ==== 940+0+0 (secure 0 0 0) 0x7f198c06c1f0 con 0x7f199c105680
2024-09-13T16:00:36.823 INFO:teuthology.orchestra.run.smithi086.stdout:/usr/bin/ceph: stderr
2024-09-13T16:00:35.944+0000 7f199be00640 1 --2- 172.21.15.86:0/1328838698 >> [v2:172.21.15.86:6800/3020585994,v1:172.21.15.86:6801/3020585994] conn(0x7f1980038670 0x7f198003ab30 unknown :-1 s=BANNER_CONNECTING pgs=0 cs=0 l=1 rev1=0 crypto rx=0 tx=0 comp rx=0 tx=0)._handle_peer_banner_payload supported=3 required=0
2024-09-13T16:00:36.823 INFO:teuthology.orchestra.run.smithi086.stdout:/usr/bin/ceph: stderr
2024-09-13T16:00:35.944+0000 7f199be00640 1 --2- 172.21.15.86:0/1328838698 >> [v2:172.21.15.86:6800/3020585994,v1:172.21.15.86:6801/3020585994] conn(0x7f1980038670 0x7f198003ab30 secure :-1 s=READY pgs=8 cs=0 l=1 rev1=1 crypto rx=0x7f19880098c0 tx=0x7f1988006db0 comp rx=0 tx=0).ready entity=mgr.14118 client_cookie=0 server_cookie=0 in_seq=0 out_seq=0
2024-09-13T16:00:36.823 INFO:teuthology.orchestra.run.smithi086.stdout:/usr/bin/ceph: stderr
2024-09-13T16:00:35.948+0000 7f1999600640 1 -- 172.21.15.86:0/1328838698 <== mon.0 v2:172.21.15.86:3300/0 6 ==== mon_command_ack([{"prefix": "get_command_descriptions"}]=0 v0) v1 ==== 72+0+183819 (secure 0 0 0) 0x7f198c030540 con 0x7f199c105680
2024-09-13T16:00:36.823 INFO:teuthology.orchestra.run.smithi086.stdout:/usr/bin/ceph: stderr
2024-09-13T16:00:36.119+0000 7f19a2600640 1 -- 172.21.15.86:0/1328838698 --> [v2:172.21.15.86:6800/3020585994,v1:172.21.15.86:6801/3020585994] -- mgr_command(tid 0: {"prefix": "cephadm set-user", "user": "root", "target": ["mon-mgr", ""]}) v1 -- 0x7f199c1020c0 con 0x7f1980038670
2024-09-13T16:00:36.823 INFO:teuthology.orchestra.run.smithi086.stdout:/usr/bin/ceph: stderr
2024-09-13T16:00:36.120+0000 7f1999600640 1 -- 172.21.15.86:0/1328838698 <== mgr.14118 v2:172.21.15.86:6800/3020585994 1 ==== mgr_command_reply(tid 0: 0 ) v1 ==== 8+0+16 (secure 0 0 0) 0x7f199c1020c0 con 0x7f1980038670
2024-09-13T16:00:36.824 INFO:teuthology.orchestra.run.smithi086.stdout:/usr/bin/ceph: stderr
2024-09-13T16:00:36.123+0000 7f19a2600640 1 -- 172.21.15.86:0/1328838698 >> [v2:172.21.15.86:6800/3020585994,v1:172.21.15.86:6801/3020585994] conn(0x7f1980038670 msgr2=0x7f198003ab30 secure :-1 s=STATE_CONNECTION_ESTABLISHED l=1).mark_down
2024-09-13T16:00:36.824 INFO:teuthology.orchestra.run.smithi086.stdout:/usr/bin/ceph: stderr
2024-09-13T16:00:36.123+0000 7f19a2600640 1 --2- 172.21.15.86:0/1328838698 >> [v2:172.21.15.86:6800/3020585994,v1:172.21.15.86:6801/3020585994] conn(0x7f1980038670 0x7f198003ab30 secure :-1 s=READY pgs=8 cs=0 l=1 rev1=1 crypto rx=0x7f19880098c0 tx=0x7f1988006db0 comp rx=0 tx=0).stop
2024-09-13T16:00:36.824 INFO:teuthology.orchestra.run.smithi086.stdout:/usr/bin/ceph: stderr
2024-09-13T16:00:36.123+0000 7f19a2600640 1 -- 172.21.15.86:0/1328838698 >> [v2:172.21.15.86:3300/0,v1:172.21.15.86:6789/0] conn(0x7f199c105680 msgr2=0x7f199c19b5f0 secure :-1 s=STATE_CONNECTION_ESTABLISHED l=1).mark_down
2024-09-13T16:00:36.824 INFO:teuthology.orchestra.run.smithi086.stdout:/usr/bin/ceph: stderr
2024-09-13T16:00:36.123+0000 7f19a2600640 1 --2- 172.21.15.86:0/1328838698 >> [v2:172.21.15.86:3300/0,v1:172.21.15.86:6789/0] conn(0x7f199c105680 0x7f199c19b5f0 secure :-1 s=READY pgs=38 cs=0 l=1 rev1=1 crypto rx=0x7f198c02acc0 tx=0x7f198c031930 comp rx=0 tx=0).stop
2024-09-13T16:00:36.824 INFO:teuthology.orchestra.run.smithi086.stdout:/usr/bin/ceph: stderr
2024-09-13T16:00:36.123+0000 7f19a2600640 1 -- 172.21.15.86:0/1328838698 shutdown_connections
2024-09-13T16:00:36.824 INFO:teuthology.orchestra.run.smithi086.stdout:/usr/bin/ceph: stderr
2024-09-13T16:00:36.123+0000 7f19a2600640 1 --2- 172.21.15.86:0/1328838698 >> [v2:172.21.15.86:6800/3020585994,v1:172.21.15.86:6801/3020585994] conn(0x7f1980038670 0x7f198003ab30 unknown :-1 s=CLOSED pgs=8 cs=0 l=1 rev1=1 crypto rx=0 tx=0 comp rx=0 tx=0).stop
2024-09-13T16:00:36.824 INFO:teuthology.orchestra.run.smithi086.stdout:/usr/bin/ceph: stderr
2024-09-13T16:00:36.123+0000 7f19a2600640 1 --2- 172.21.15.86:0/1328838698 >> [v2:172.21.15.86:3300/0,v1:172.21.15.86:6789/0] conn(0x7f199c105680 0x7f199c19b5f0 unknown :-1 s=CLOSED pgs=38 cs=0 l=1 rev1=1 crypto rx=0 tx=0 comp rx=0 tx=0).stop
2024-09-13T16:00:36.824 INFO:teuthology.orchestra.run.smithi086.stdout:/usr/bin/ceph: stderr
2024-09-13T16:00:36.123+0000 7f19a2600640 1 -- 172.21.15.86:0/1328838698 >> 172.21.15.86:0/1328838698 conn(0x7f199c100e70 msgr2=0x7f199c1019b0 unknown :-1 s=STATE_NONE l=0).mark_down
2024-09-13T16:00:36.824 INFO:teuthology.orchestra.run.smithi086.stdout:/usr/bin/ceph: stderr
2024-09-13T16:00:36.123+0000 7f19a2600640 1 -- 172.21.15.86:0/1328838698 shutdown_connections
2024-09-13T16:00:36.824 INFO:teuthology.orchestra.run.smithi086.stdout:/usr/bin/ceph: stderr
2024-09-13T16:00:36.123+0000 7f19a2600640 1 -- 172.21.15.86:0/1328838698 wait complete.
2024-09-13T16:00:36.824 INFO:teuthology.orchestra.run.smithi086.stdout:Generating ssh key...
2024-09-13T16:00:37.734 INFO:journalctl@ceph.mon.a.smithi086.stdout:Sep 13 16:00:37 smithi086 ceph-mon[30379]: from='client.14132 -' entity='client.admin' cmd=[{"prefix": "cephadm set-user", "user": "root", "target": ["mon-mgr", ""]}]: dispatch
2024-09-13T16:00:37.734 INFO:journalctl@ceph.mgr.x.smithi086.stdout:Sep 13 16:00:37 smithi086 ceph-1ecdfbda-71e9-11ef-bceb-c7b262605968-mgr-x[30602]: Generating public/private rsa key pair.
2024-09-13T16:00:37.735 INFO:journalctl@ceph.mgr.x.smithi086.stdout:Sep 13 16:00:37 smithi086 ceph-1ecdfbda-71e9-11ef-bceb-c7b262605968-mgr-x[30602]: Your identification has been saved in /tmp/tmp4zjrxy4t/key
2024-09-13T16:00:37.735 INFO:journalctl@ceph.mgr.x.smithi086.stdout:Sep 13 16:00:37 smithi086 ceph-1ecdfbda-71e9-11ef-bceb-c7b262605968-mgr-x[30602]: Your public key has been saved in /tmp/tmp4zjrxy4t/key.pub
2024-09-13T16:00:37.735 INFO:journalctl@ceph.mgr.x.smithi086.stdout:Sep 13 16:00:37 smithi086 ceph-1ecdfbda-71e9-11ef-bceb-c7b262605968-mgr-x[30602]: The key fingerprint is:
2024-09-13T16:00:37.735 INFO:journalctl@ceph.mgr.x.smithi086.stdout:Sep 13 16:00:37 smithi086 ceph-1ecdfbda-71e9-11ef-bceb-c7b262605968-mgr-x[30602]: SHA256:+bOyiO+tICm7ftfoz5UQpiglND+ibbnpZ7oRsmr7O5Y ceph-1ecdfbda-71e9-11ef-bceb-c7b262605968
2024-09-13T16:00:37.735 INFO:journalctl@ceph.mgr.x.smithi086.stdout:Sep 13 16:00:37 smithi086 ceph-1ecdfbda-71e9-11ef-bceb-c7b262605968-mgr-x[30602]: The key's randomart image is:
2024-09-13T16:00:37.735 INFO:journalctl@ceph.mgr.x.smithi086.stdout:Sep 13 16:00:37 smithi086 ceph-1ecdfbda-71e9-11ef-bceb-c7b262605968-mgr-x[30602]: +---[RSA 3072]----+
2024-09-13T16:00:37.735 INFO:journalctl@ceph.mgr.x.smithi086.stdout:Sep 13 16:00:37 smithi086 ceph-1ecdfbda-71e9-11ef-bceb-c7b262605968-mgr-x[30602]: | o |
2024-09-13T16:00:37.735 INFO:journalctl@ceph.mgr.x.smithi086.stdout:Sep 13 16:00:37 smithi086 ceph-1ecdfbda-71e9-11ef-bceb-c7b262605968-mgr-x[30602]: |. o |
2024-09-13T16:00:37.735 INFO:journalctl@ceph.mgr.x.smithi086.stdout:Sep 13 16:00:37 smithi086 ceph-1ecdfbda-71e9-11ef-bceb-c7b262605968-mgr-x[30602]: | o + o |
2024-09-13T16:00:37.735 INFO:journalctl@ceph.mgr.x.smithi086.stdout:Sep 13 16:00:37 smithi086 ceph-1ecdfbda-71e9-11ef-bceb-c7b262605968-mgr-x[30602]: |..+.o o .. |
2024-09-13T16:00:37.735 INFO:journalctl@ceph.mgr.x.smithi086.stdout:Sep 13 16:00:37 smithi086 ceph-1ecdfbda-71e9-11ef-bceb-c7b262605968-mgr-x[30602]: |o.=. . .S |
2024-09-13T16:00:37.735 INFO:journalctl@ceph.mgr.x.smithi086.stdout:Sep 13 16:00:37 smithi086 ceph-1ecdfbda-71e9-11ef-bceb-c7b262605968-mgr-x[30602]: | +.= ... |
2024-09-13T16:00:37.735 INFO:journalctl@ceph.mgr.x.smithi086.stdout:Sep 13 16:00:37 smithi086 ceph-1ecdfbda-71e9-11ef-bceb-c7b262605968-mgr-x[30602]: |o * o o oo |
2024-09-13T16:00:37.735 INFO:journalctl@ceph.mgr.x.smithi086.stdout:Sep 13 16:00:37 smithi086 ceph-1ecdfbda-71e9-11ef-bceb-c7b262605968-mgr-x[30602]: |.= Eo=.+o o |
2024-09-13T16:00:37.735 INFO:journalctl@ceph.mgr.x.smithi086.stdout:Sep 13 16:00:37 smithi086 ceph-1ecdfbda-71e9-11ef-bceb-c7b262605968-mgr-x[30602]: |*+OB*+*+oo. |
2024-09-13T16:00:37.736 INFO:journalctl@ceph.mgr.x.smithi086.stdout:Sep 13 16:00:37 smithi086 ceph-1ecdfbda-71e9-11ef-bceb-c7b262605968-mgr-x[30602]: +----[SHA256]-----+
2024-09-13T16:00:38.314 INFO:teuthology.orchestra.run.smithi086.stdout:/usr/bin/ceph: stderr
2024-09-13T16:00:37.275+0000 7f4944a00640 1 Processor -- start
2024-09-13T16:00:38.314 INFO:teuthology.orchestra.run.smithi086.stdout:/usr/bin/ceph: stderr
2024-09-13T16:00:37.275+0000 7f4944a00640 1 -- start start
2024-09-13T16:00:38.314 INFO:teuthology.orchestra.run.smithi086.stdout:/usr/bin/ceph: stderr
2024-09-13T16:00:37.276+0000 7f4944a00640 1 --2- >> [v2:172.21.15.86:3300/0,v1:172.21.15.86:6789/0] conn(0x7f49401057b0 0x7f4940105bb0 unknown :-1 s=NONE pgs=0 cs=0 l=0 rev1=0 crypto rx=0 tx=0 comp rx=0 tx=0).connect
2024-09-13T16:00:38.314 INFO:teuthology.orchestra.run.smithi086.stdout:/usr/bin/ceph: stderr
2024-09-13T16:00:37.276+0000 7f4944a00640 1 -- --> [v2:172.21.15.86:3300/0,v1:172.21.15.86:6789/0] -- mon_getmap magic: 0 v1 -- 0x7f4940106180 con 0x7f49401057b0
2024-09-13T16:00:38.314 INFO:teuthology.orchestra.run.smithi086.stdout:/usr/bin/ceph: stderr
2024-09-13T16:00:37.276+0000 7f493de00640 1 --2- >> [v2:172.21.15.86:3300/0,v1:172.21.15.86:6789/0] conn(0x7f49401057b0 0x7f4940105bb0 unknown :-1 s=BANNER_CONNECTING pgs=0 cs=0 l=0 rev1=0 crypto rx=0 tx=0 comp rx=0 tx=0)._handle_peer_banner_payload supported=3 required=0
2024-09-13T16:00:38.314 INFO:teuthology.orchestra.run.smithi086.stdout:/usr/bin/ceph: stderr
2024-09-13T16:00:37.276+0000 7f493de00640 1 --2- >> [v2:172.21.15.86:3300/0,v1:172.21.15.86:6789/0] conn(0x7f49401057b0 0x7f4940105bb0 unknown :-1 s=HELLO_CONNECTING pgs=0 cs=0 l=0 rev1=1 crypto rx=0 tx=0 comp rx=0 tx=0).handle_hello peer v2:172.21.15.86:3300/0 says I am v2:172.21.15.86:45324/0 (socket says 172.21.15.86:45324)
2024-09-13T16:00:38.314 INFO:teuthology.orchestra.run.smithi086.stdout:/usr/bin/ceph: stderr
2024-09-13T16:00:37.276+0000 7f493de00640 1 -- 172.21.15.86:0/698123143 learned_addr learned my addr 172.21.15.86:0/698123143 (peer_addr_for_me v2:172.21.15.86:0/0)
2024-09-13T16:00:38.314 INFO:teuthology.orchestra.run.smithi086.stdout:/usr/bin/ceph: stderr
2024-09-13T16:00:37.277+0000 7f493de00640 1 -- 172.21.15.86:0/698123143 --> [v2:172.21.15.86:3300/0,v1:172.21.15.86:6789/0] -- mon_subscribe({config=0+,monmap=0+}) v3 -- 0x7f49401069b0 con 0x7f49401057b0
2024-09-13T16:00:38.314 INFO:teuthology.orchestra.run.smithi086.stdout:/usr/bin/ceph: stderr
2024-09-13T16:00:37.277+0000 7f493de00640 1 --2- 172.21.15.86:0/698123143 >> [v2:172.21.15.86:3300/0,v1:172.21.15.86:6789/0] conn(0x7f49401057b0 0x7f4940105bb0 secure :-1 s=READY pgs=39 cs=0 l=1 rev1=1 crypto rx=0x7f4930009e80 tx=0x7f493002a7a0 comp rx=0 tx=0).ready entity=mon.0 client_cookie=f477e70d85e87f4d server_cookie=0 in_seq=0 out_seq=0
2024-09-13T16:00:38.315 INFO:teuthology.orchestra.run.smithi086.stdout:/usr/bin/ceph: stderr
2024-09-13T16:00:37.278+0000 7f493ca00640 1 -- 172.21.15.86:0/698123143 <== mon.0 v2:172.21.15.86:3300/0 1 ==== mon_map magic: 0 v1 ==== 205+0+0 (secure 0 0 0) 0x7f4930031400 con 0x7f49401057b0
2024-09-13T16:00:38.315 INFO:teuthology.orchestra.run.smithi086.stdout:/usr/bin/ceph: stderr
2024-09-13T16:00:37.278+0000 7f493ca00640 1 -- 172.21.15.86:0/698123143 <== mon.0 v2:172.21.15.86:3300/0 2 ==== config(27 keys) v1 ==== 1108+0+0 (secure 0 0 0) 0x7f493002d050 con 0x7f49401057b0
2024-09-13T16:00:38.315 INFO:teuthology.orchestra.run.smithi086.stdout:/usr/bin/ceph: stderr
2024-09-13T16:00:37.278+0000 7f493ca00640 1 -- 172.21.15.86:0/698123143 <== mon.0 v2:172.21.15.86:3300/0 3 ==== mon_map magic: 0 v1 ==== 205+0+0 (secure 0 0 0) 0x7f4930007a00 con 0x7f49401057b0
2024-09-13T16:00:38.315 INFO:teuthology.orchestra.run.smithi086.stdout:/usr/bin/ceph: stderr
2024-09-13T16:00:37.278+0000 7f4944a00640 1 -- 172.21.15.86:0/698123143 >> [v2:172.21.15.86:3300/0,v1:172.21.15.86:6789/0] conn(0x7f49401057b0 msgr2=0x7f4940105bb0 secure :-1 s=STATE_CONNECTION_ESTABLISHED l=1).mark_down
2024-09-13T16:00:38.315 INFO:teuthology.orchestra.run.smithi086.stdout:/usr/bin/ceph: stderr
2024-09-13T16:00:37.278+0000 7f4944a00640 1 --2- 172.21.15.86:0/698123143 >> [v2:172.21.15.86:3300/0,v1:172.21.15.86:6789/0] conn(0x7f49401057b0 0x7f4940105bb0 secure :-1 s=READY pgs=39 cs=0 l=1 rev1=1 crypto rx=0x7f4930009e80 tx=0x7f493002a7a0 comp rx=0 tx=0).stop
2024-09-13T16:00:38.315 INFO:teuthology.orchestra.run.smithi086.stdout:/usr/bin/ceph: stderr
2024-09-13T16:00:37.278+0000 7f4944a00640 1 -- 172.21.15.86:0/698123143 shutdown_connections
2024-09-13T16:00:38.315 INFO:teuthology.orchestra.run.smithi086.stdout:/usr/bin/ceph: stderr
2024-09-13T16:00:37.278+0000 7f4944a00640 1 --2- 172.21.15.86:0/698123143 >> [v2:172.21.15.86:3300/0,v1:172.21.15.86:6789/0] conn(0x7f49401057b0 0x7f4940105bb0 unknown :-1 s=CLOSED pgs=39 cs=0 l=1 rev1=1 crypto rx=0 tx=0 comp rx=0 tx=0).stop
2024-09-13T16:00:38.315 INFO:teuthology.orchestra.run.smithi086.stdout:/usr/bin/ceph: stderr
2024-09-13T16:00:37.278+0000 7f4944a00640 1 -- 172.21.15.86:0/698123143 >> 172.21.15.86:0/698123143 conn(0x7f4940100fe0 msgr2=0x7f4940103400 unknown :-1 s=STATE_NONE l=0).mark_down
2024-09-13T16:00:38.315 INFO:teuthology.orchestra.run.smithi086.stdout:/usr/bin/ceph: stderr
