2024-09-13T16:01:03.774+0000 7fb1dc000640 1 -- --> [v2:172.21.15.86:3300/0,v1:172.21.15.86:6789/0] -- mon_getmap magic: 0 v1 -- 0x7fb1d407ffa0 con 0x7fb1d407f660
2024-09-13T16:01:05.646 INFO:teuthology.orchestra.run.smithi086.stdout:/usr/bin/ceph: stderr
2024-09-13T16:01:03.774+0000 7fb1d9600640 1 --2- >> [v2:172.21.15.86:3300/0,v1:172.21.15.86:6789/0] conn(0x7fb1d407f660 0x7fb1d407fa60 unknown :-1 s=BANNER_CONNECTING pgs=0 cs=0 l=0 rev1=0 crypto rx=0 tx=0 comp rx=0 tx=0)._handle_peer_banner_payload supported=3 required=0
2024-09-13T16:01:05.646 INFO:teuthology.orchestra.run.smithi086.stdout:/usr/bin/ceph: stderr
2024-09-13T16:01:03.774+0000 7fb1d9600640 1 --2- >> [v2:172.21.15.86:3300/0,v1:172.21.15.86:6789/0] conn(0x7fb1d407f660 0x7fb1d407fa60 unknown :-1 s=HELLO_CONNECTING pgs=0 cs=0 l=0 rev1=1 crypto rx=0 tx=0 comp rx=0 tx=0).handle_hello peer v2:172.21.15.86:3300/0 says I am v2:172.21.15.86:37324/0 (socket says 172.21.15.86:37324)
2024-09-13T16:01:05.646 INFO:teuthology.orchestra.run.smithi086.stdout:/usr/bin/ceph: stderr
2024-09-13T16:01:03.774+0000 7fb1d9600640 1 -- 172.21.15.86:0/2352421041 learned_addr learned my addr 172.21.15.86:0/2352421041 (peer_addr_for_me v2:172.21.15.86:0/0)
2024-09-13T16:01:05.646 INFO:teuthology.orchestra.run.smithi086.stdout:/usr/bin/ceph: stderr
2024-09-13T16:01:03.775+0000 7fb1d9600640 1 -- 172.21.15.86:0/2352421041 --> [v2:172.21.15.86:3300/0,v1:172.21.15.86:6789/0] -- mon_subscribe({config=0+,monmap=0+}) v3 -- 0x7fb1d40800e0 con 0x7fb1d407f660
2024-09-13T16:01:05.646 INFO:teuthology.orchestra.run.smithi086.stdout:/usr/bin/ceph: stderr
2024-09-13T16:01:03.776+0000 7fb1d9600640 1 --2- 172.21.15.86:0/2352421041 >> [v2:172.21.15.86:3300/0,v1:172.21.15.86:6789/0] conn(0x7fb1d407f660 0x7fb1d407fa60 secure :-1 s=READY pgs=70 cs=0 l=1 rev1=1 crypto rx=0x7fb1c8009820 tx=0x7fb1c802a270 comp rx=0 tx=0).ready entity=mon.0 client_cookie=1db35132d862f1dc server_cookie=0 in_seq=0 out_seq=0
2024-09-13T16:01:05.646 INFO:teuthology.orchestra.run.smithi086.stdout:/usr/bin/ceph: stderr
2024-09-13T16:01:03.776+0000 7fb1d3e00640 1 -- 172.21.15.86:0/2352421041 <== mon.0 v2:172.21.15.86:3300/0 1 ==== mon_map magic: 0 v1 ==== 205+0+0 (secure 0 0 0) 0x7fb1c802ae70 con 0x7fb1d407f660
2024-09-13T16:01:05.646 INFO:teuthology.orchestra.run.smithi086.stdout:/usr/bin/ceph: stderr
2024-09-13T16:01:03.776+0000 7fb1d3e00640 1 -- 172.21.15.86:0/2352421041 <== mon.0 v2:172.21.15.86:3300/0 2 ==== config(27 keys) v1 ==== 1139+0+0 (secure 0 0 0) 0x7fb1c8032920 con 0x7fb1d407f660
2024-09-13T16:01:05.647 INFO:teuthology.orchestra.run.smithi086.stdout:/usr/bin/ceph: stderr
2024-09-13T16:01:03.776+0000 7fb1d3e00640 1 -- 172.21.15.86:0/2352421041 <== mon.0 v2:172.21.15.86:3300/0 3 ==== mon_map magic: 0 v1 ==== 205+0+0 (secure 0 0 0) 0x7fb1c8030920 con 0x7fb1d407f660
2024-09-13T16:01:05.647 INFO:teuthology.orchestra.run.smithi086.stdout:/usr/bin/ceph: stderr
2024-09-13T16:01:03.777+0000 7fb1dc000640 1 -- 172.21.15.86:0/2352421041 >> [v2:172.21.15.86:3300/0,v1:172.21.15.86:6789/0] conn(0x7fb1d407f660 msgr2=0x7fb1d407fa60 secure :-1 s=STATE_CONNECTION_ESTABLISHED l=1).mark_down
2024-09-13T16:01:05.647 INFO:teuthology.orchestra.run.smithi086.stdout:/usr/bin/ceph: stderr
2024-09-13T16:01:03.777+0000 7fb1dc000640 1 --2- 172.21.15.86:0/2352421041 >> [v2:172.21.15.86:3300/0,v1:172.21.15.86:6789/0] conn(0x7fb1d407f660 0x7fb1d407fa60 secure :-1 s=READY pgs=70 cs=0 l=1 rev1=1 crypto rx=0x7fb1c8009820 tx=0x7fb1c802a270 comp rx=0 tx=0).stop
2024-09-13T16:01:05.647 INFO:teuthology.orchestra.run.smithi086.stdout:/usr/bin/ceph: stderr
2024-09-13T16:01:03.777+0000 7fb1dc000640 1 -- 172.21.15.86:0/2352421041 shutdown_connections
2024-09-13T16:01:05.647 INFO:teuthology.orchestra.run.smithi086.stdout:/usr/bin/ceph: stderr
2024-09-13T16:01:03.777+0000 7fb1dc000640 1 --2- 172.21.15.86:0/2352421041 >> [v2:172.21.15.86:3300/0,v1:172.21.15.86:6789/0] conn(0x7fb1d407f660 0x7fb1d407fa60 unknown :-1 s=CLOSED pgs=70 cs=0 l=1 rev1=1 crypto rx=0 tx=0 comp rx=0 tx=0).stop
2024-09-13T16:01:05.647 INFO:teuthology.orchestra.run.smithi086.stdout:/usr/bin/ceph: stderr
2024-09-13T16:01:03.777+0000 7fb1dc000640 1 -- 172.21.15.86:0/2352421041 >> 172.21.15.86:0/2352421041 conn(0x7fb1d407b010 msgr2=0x7fb1d407d430 unknown :-1 s=STATE_NONE l=0).mark_down
2024-09-13T16:01:05.647 INFO:teuthology.orchestra.run.smithi086.stdout:/usr/bin/ceph: stderr
2024-09-13T16:01:03.777+0000 7fb1dc000640 1 -- 172.21.15.86:0/2352421041 shutdown_connections
2024-09-13T16:01:05.647 INFO:teuthology.orchestra.run.smithi086.stdout:/usr/bin/ceph: stderr
2024-09-13T16:01:03.777+0000 7fb1dc000640 1 -- 172.21.15.86:0/2352421041 wait complete.
2024-09-13T16:01:05.647 INFO:teuthology.orchestra.run.smithi086.stdout:/usr/bin/ceph: stderr
2024-09-13T16:01:03.778+0000 7fb1dc000640 1 Processor -- start
2024-09-13T16:01:05.647 INFO:teuthology.orchestra.run.smithi086.stdout:/usr/bin/ceph: stderr
2024-09-13T16:01:03.778+0000 7fb1dc000640 1 -- start start
2024-09-13T16:01:05.647 INFO:teuthology.orchestra.run.smithi086.stdout:/usr/bin/ceph: stderr
2024-09-13T16:01:03.778+0000 7fb1dc000640 1 --2- >> [v2:172.21.15.86:3300/0,v1:172.21.15.86:6789/0] conn(0x7fb1d407f660 0x7fb1d419fb80 unknown :-1 s=NONE pgs=0 cs=0 l=1 rev1=0 crypto rx=0 tx=0 comp rx=0 tx=0).connect
2024-09-13T16:01:05.647 INFO:teuthology.orchestra.run.smithi086.stdout:/usr/bin/ceph: stderr
2024-09-13T16:01:03.778+0000 7fb1dc000640 1 -- --> [v2:172.21.15.86:3300/0,v1:172.21.15.86:6789/0] -- mon_getmap magic: 0 v1 -- 0x7fb1d41a00c0 con 0x7fb1d407f660
2024-09-13T16:01:05.647 INFO:teuthology.orchestra.run.smithi086.stdout:/usr/bin/ceph: stderr
2024-09-13T16:01:03.778+0000 7fb1d9600640 1 --2- >> [v2:172.21.15.86:3300/0,v1:172.21.15.86:6789/0] conn(0x7fb1d407f660 0x7fb1d419fb80 unknown :-1 s=BANNER_CONNECTING pgs=0 cs=0 l=1 rev1=0 crypto rx=0 tx=0 comp rx=0 tx=0)._handle_peer_banner_payload supported=3 required=0
2024-09-13T16:01:05.648 INFO:teuthology.orchestra.run.smithi086.stdout:/usr/bin/ceph: stderr
2024-09-13T16:01:03.779+0000 7fb1d9600640 1 --2- >> [v2:172.21.15.86:3300/0,v1:172.21.15.86:6789/0] conn(0x7fb1d407f660 0x7fb1d419fb80 unknown :-1 s=HELLO_CONNECTING pgs=0 cs=0 l=1 rev1=1 crypto rx=0 tx=0 comp rx=0 tx=0).handle_hello peer v2:172.21.15.86:3300/0 says I am v2:172.21.15.86:37334/0 (socket says 172.21.15.86:37334)
2024-09-13T16:01:05.648 INFO:teuthology.orchestra.run.smithi086.stdout:/usr/bin/ceph: stderr
2024-09-13T16:01:03.779+0000 7fb1d9600640 1 -- 172.21.15.86:0/2768322551 learned_addr learned my addr 172.21.15.86:0/2768322551 (peer_addr_for_me v2:172.21.15.86:0/0)
2024-09-13T16:01:05.648 INFO:teuthology.orchestra.run.smithi086.stdout:/usr/bin/ceph: stderr
2024-09-13T16:01:03.779+0000 7fb1d9600640 1 -- 172.21.15.86:0/2768322551 --> [v2:172.21.15.86:3300/0,v1:172.21.15.86:6789/0] -- mon_subscribe({config=0+,monmap=0+}) v3 -- 0x7fb1c80094d0 con 0x7fb1d407f660
2024-09-13T16:01:05.648 INFO:teuthology.orchestra.run.smithi086.stdout:/usr/bin/ceph: stderr
2024-09-13T16:01:03.779+0000 7fb1d9600640 1 --2- 172.21.15.86:0/2768322551 >> [v2:172.21.15.86:3300/0,v1:172.21.15.86:6789/0] conn(0x7fb1d407f660 0x7fb1d419fb80 secure :-1 s=READY pgs=71 cs=0 l=1 rev1=1 crypto rx=0x7fb1c8030670 tx=0x7fb1c8032670 comp rx=0 tx=0).ready entity=mon.0 client_cookie=0 server_cookie=0 in_seq=0 out_seq=0
2024-09-13T16:01:05.648 INFO:teuthology.orchestra.run.smithi086.stdout:/usr/bin/ceph: stderr
2024-09-13T16:01:03.779+0000 7fb1d2000640 1 -- 172.21.15.86:0/2768322551 <== mon.0 v2:172.21.15.86:3300/0 1 ==== mon_map magic: 0 v1 ==== 205+0+0 (secure 0 0 0) 0x7fb1c8032e90 con 0x7fb1d407f660
2024-09-13T16:01:05.648 INFO:teuthology.orchestra.run.smithi086.stdout:/usr/bin/ceph: stderr
2024-09-13T16:01:03.779+0000 7fb1dc000640 1 -- 172.21.15.86:0/2768322551 --> [v2:172.21.15.86:3300/0,v1:172.21.15.86:6789/0] -- mon_subscribe({mgrmap=0+}) v3 -- 0x7fb1d41a02c0 con 0x7fb1d407f660
2024-09-13T16:01:05.648 INFO:teuthology.orchestra.run.smithi086.stdout:/usr/bin/ceph: stderr
2024-09-13T16:01:03.779+0000 7fb1d2000640 1 -- 172.21.15.86:0/2768322551 <== mon.0 v2:172.21.15.86:3300/0 2 ==== config(27 keys) v1 ==== 1139+0+0 (secure 0 0 0) 0x7fb1c803b910 con 0x7fb1d407f660
2024-09-13T16:01:05.648 INFO:teuthology.orchestra.run.smithi086.stdout:/usr/bin/ceph: stderr
2024-09-13T16:01:03.779+0000 7fb1d2000640 1 -- 172.21.15.86:0/2768322551 <== mon.0 v2:172.21.15.86:3300/0 3 ==== mon_map magic: 0 v1 ==== 205+0+0 (secure 0 0 0) 0x7fb1c803a7d0 con 0x7fb1d407f660
2024-09-13T16:01:05.648 INFO:teuthology.orchestra.run.smithi086.stdout:/usr/bin/ceph: stderr
2024-09-13T16:01:03.780+0000 7fb1dc000640 1 -- 172.21.15.86:0/2768322551 --> [v2:172.21.15.86:3300/0,v1:172.21.15.86:6789/0] -- mon_subscribe({osdmap=0}) v3 -- 0x7fb1d41a0760 con 0x7fb1d407f660
2024-09-13T16:01:05.648 INFO:teuthology.orchestra.run.smithi086.stdout:/usr/bin/ceph: stderr
2024-09-13T16:01:03.781+0000 7fb1d2000640 1 -- 172.21.15.86:0/2768322551 <== mon.0 v2:172.21.15.86:3300/0 4 ==== mgrmap(e 12) v1 ==== 45554+0+0 (secure 0 0 0) 0x7fb1c8039040 con 0x7fb1d407f660
2024-09-13T16:01:05.648 INFO:teuthology.orchestra.run.smithi086.stdout:/usr/bin/ceph: stderr
2024-09-13T16:01:03.781+0000 7fb1dc000640 1 -- 172.21.15.86:0/2768322551 --> [v2:172.21.15.86:3300/0,v1:172.21.15.86:6789/0] -- mon_command({"prefix": "get_command_descriptions"} v 0) v1 -- 0x7fb1d4110050 con 0x7fb1d407f660
2024-09-13T16:01:05.648 INFO:teuthology.orchestra.run.smithi086.stdout:/usr/bin/ceph: stderr
2024-09-13T16:01:03.781+0000 7fb1d2000640 1 --2- 172.21.15.86:0/2768322551 >> [v2:172.21.15.86:6800/1239909622,v1:172.21.15.86:6801/1239909622] conn(0x7fb1bc0386c0 0x7fb1bc03ab80 unknown :-1 s=NONE pgs=0 cs=0 l=1 rev1=0 crypto rx=0 tx=0 comp rx=0 tx=0).connect
2024-09-13T16:01:05.648 INFO:teuthology.orchestra.run.smithi086.stdout:/usr/bin/ceph: stderr
2024-09-13T16:01:03.781+0000 7fb1d2000640 1 -- 172.21.15.86:0/2768322551 <== mon.0 v2:172.21.15.86:3300/0 5 ==== osd_map(3..3 src has 1..3) v4 ==== 1155+0+0 (secure 0 0 0) 0x7fb1c806ba80 con 0x7fb1d407f660
2024-09-13T16:01:05.649 INFO:teuthology.orchestra.run.smithi086.stdout:/usr/bin/ceph: stderr
2024-09-13T16:01:03.781+0000 7fb1d8c00640 1 --2- 172.21.15.86:0/2768322551 >> [v2:172.21.15.86:6800/1239909622,v1:172.21.15.86:6801/1239909622] conn(0x7fb1bc0386c0 0x7fb1bc03ab80 unknown :-1 s=BANNER_CONNECTING pgs=0 cs=0 l=1 rev1=0 crypto rx=0 tx=0 comp rx=0 tx=0)._handle_peer_banner_payload supported=3 required=0
2024-09-13T16:01:05.649 INFO:teuthology.orchestra.run.smithi086.stdout:/usr/bin/ceph: stderr
2024-09-13T16:01:03.782+0000 7fb1d8c00640 1 --2- 172.21.15.86:0/2768322551 >> [v2:172.21.15.86:6800/1239909622,v1:172.21.15.86:6801/1239909622] conn(0x7fb1bc0386c0 0x7fb1bc03ab80 secure :-1 s=READY pgs=8 cs=0 l=1 rev1=1 crypto rx=0x7fb1c00098c0 tx=0x7fb1c0006db0 comp rx=0 tx=0).ready entity=mgr.14150 client_cookie=0 server_cookie=0 in_seq=0 out_seq=0
2024-09-13T16:01:05.649 INFO:teuthology.orchestra.run.smithi086.stdout:/usr/bin/ceph: stderr
2024-09-13T16:01:03.786+0000 7fb1d2000640 1 -- 172.21.15.86:0/2768322551 <== mon.0 v2:172.21.15.86:3300/0 6 ==== mon_command_ack([{"prefix": "get_command_descriptions"}]=0 v0) v1 ==== 72+0+183819 (secure 0 0 0) 0x7fb1c8031580 con 0x7fb1d407f660
2024-09-13T16:01:05.649 INFO:teuthology.orchestra.run.smithi086.stdout:/usr/bin/ceph: stderr
2024-09-13T16:01:03.994+0000 7fb1dc000640 1 -- 172.21.15.86:0/2768322551 --> [v2:172.21.15.86:6800/1239909622,v1:172.21.15.86:6801/1239909622] -- mgr_command(tid 0: {"prefix": "dashboard ac-user-create", "username": "admin", "rolename": "administrator", "force_password": true, "pwd_update_required": true, "target": ["mon-mgr", ""]}) v1 -- 0x7fb1d41a3100 con 0x7fb1bc0386c0
2024-09-13T16:01:05.649 INFO:teuthology.orchestra.run.smithi086.stdout:/usr/bin/ceph: stderr
2024-09-13T16:01:04.221+0000 7fb1d2000640 1 -- 172.21.15.86:0/2768322551 <== mgr.14150 v2:172.21.15.86:6800/1239909622 1 ==== mgr_command_reply(tid 0: 0 ) v1 ==== 8+0+252 (secure 0 0 0) 0x7fb1d41a3100 con 0x7fb1bc0386c0
2024-09-13T16:01:05.649 INFO:teuthology.orchestra.run.smithi086.stdout:/usr/bin/ceph: stderr
2024-09-13T16:01:04.223+0000 7fb1dc000640 1 -- 172.21.15.86:0/2768322551 >> [v2:172.21.15.86:6800/1239909622,v1:172.21.15.86:6801/1239909622] conn(0x7fb1bc0386c0 msgr2=0x7fb1bc03ab80 secure :-1 s=STATE_CONNECTION_ESTABLISHED l=1).mark_down
2024-09-13T16:01:05.649 INFO:teuthology.orchestra.run.smithi086.stdout:/usr/bin/ceph: stderr
2024-09-13T16:01:04.223+0000 7fb1dc000640 1 --2- 172.21.15.86:0/2768322551 >> [v2:172.21.15.86:6800/1239909622,v1:172.21.15.86:6801/1239909622] conn(0x7fb1bc0386c0 0x7fb1bc03ab80 secure :-1 s=READY pgs=8 cs=0 l=1 rev1=1 crypto rx=0x7fb1c00098c0 tx=0x7fb1c0006db0 comp rx=0 tx=0).stop
2024-09-13T16:01:05.649 INFO:teuthology.orchestra.run.smithi086.stdout:/usr/bin/ceph: stderr
2024-09-13T16:01:04.223+0000 7fb1dc000640 1 -- 172.21.15.86:0/2768322551 >> [v2:172.21.15.86:3300/0,v1:172.21.15.86:6789/0] conn(0x7fb1d407f660 msgr2=0x7fb1d419fb80 secure :-1 s=STATE_CONNECTION_ESTABLISHED l=1).mark_down
2024-09-13T16:01:05.649 INFO:teuthology.orchestra.run.smithi086.stdout:/usr/bin/ceph: stderr
2024-09-13T16:01:04.223+0000 7fb1dc000640 1 --2- 172.21.15.86:0/2768322551 >> [v2:172.21.15.86:3300/0,v1:172.21.15.86:6789/0] conn(0x7fb1d407f660 0x7fb1d419fb80 secure :-1 s=READY pgs=71 cs=0 l=1 rev1=1 crypto rx=0x7fb1c8030670 tx=0x7fb1c8032670 comp rx=0 tx=0).stop
2024-09-13T16:01:05.649 INFO:teuthology.orchestra.run.smithi086.stdout:/usr/bin/ceph: stderr
2024-09-13T16:01:04.223+0000 7fb1dc000640 1 -- 172.21.15.86:0/2768322551 shutdown_connections
2024-09-13T16:01:05.649 INFO:teuthology.orchestra.run.smithi086.stdout:/usr/bin/ceph: stderr
2024-09-13T16:01:04.223+0000 7fb1dc000640 1 --2- 172.21.15.86:0/2768322551 >> [v2:172.21.15.86:6800/1239909622,v1:172.21.15.86:6801/1239909622] conn(0x7fb1bc0386c0 0x7fb1bc03ab80 unknown :-1 s=CLOSED pgs=8 cs=0 l=1 rev1=1 crypto rx=0 tx=0 comp rx=0 tx=0).stop
2024-09-13T16:01:05.649 INFO:teuthology.orchestra.run.smithi086.stdout:/usr/bin/ceph: stderr
2024-09-13T16:01:04.223+0000 7fb1dc000640 1 --2- 172.21.15.86:0/2768322551 >> [v2:172.21.15.86:3300/0,v1:172.21.15.86:6789/0] conn(0x7fb1d407f660 0x7fb1d419fb80 unknown :-1 s=CLOSED pgs=71 cs=0 l=1 rev1=1 crypto rx=0 tx=0 comp rx=0 tx=0).stop
2024-09-13T16:01:05.650 INFO:teuthology.orchestra.run.smithi086.stdout:/usr/bin/ceph: stderr
2024-09-13T16:01:04.223+0000 7fb1dc000640 1 -- 172.21.15.86:0/2768322551 >> 172.21.15.86:0/2768322551 conn(0x7fb1d407b010 msgr2=0x7fb1d407bc50 unknown :-1 s=STATE_NONE l=0).mark_down
2024-09-13T16:01:05.650 INFO:teuthology.orchestra.run.smithi086.stdout:/usr/bin/ceph: stderr
2024-09-13T16:01:04.223+0000 7fb1dc000640 1 -- 172.21.15.86:0/2768322551 shutdown_connections
2024-09-13T16:01:05.650 INFO:teuthology.orchestra.run.smithi086.stdout:/usr/bin/ceph: stderr
2024-09-13T16:01:04.223+0000 7fb1dc000640 1 -- 172.21.15.86:0/2768322551 wait complete.
2024-09-13T16:01:05.650 INFO:teuthology.orchestra.run.smithi086.stdout:Fetching dashboard port number...
2024-09-13T16:01:06.942 INFO:teuthology.orchestra.run.smithi086.stdout:/usr/bin/ceph: stdout 8443
2024-09-13T16:01:06.942 INFO:teuthology.orchestra.run.smithi086.stdout:/usr/bin/ceph: stderr
2024-09-13T16:01:06.133+0000 7f964fe00640 1 Processor -- start
2024-09-13T16:01:06.942 INFO:teuthology.orchestra.run.smithi086.stdout:/usr/bin/ceph: stderr
2024-09-13T16:01:06.133+0000 7f964fe00640 1 -- start start
2024-09-13T16:01:06.942 INFO:teuthology.orchestra.run.smithi086.stdout:/usr/bin/ceph: stderr
2024-09-13T16:01:06.133+0000 7f964fe00640 1 --2- >> [v2:172.21.15.86:3300/0,v1:172.21.15.86:6789/0] conn(0x7f9648071ee0 0x7f9648070500 unknown :-1 s=NONE pgs=0 cs=0 l=0 rev1=0 crypto rx=0 tx=0 comp rx=0 tx=0).connect
2024-09-13T16:01:06.942 INFO:teuthology.orchestra.run.smithi086.stdout:/usr/bin/ceph: stderr
2024-09-13T16:01:06.133+0000 7f964fe00640 1 -- --> [v2:172.21.15.86:3300/0,v1:172.21.15.86:6789/0] -- mon_getmap magic: 0 v1 -- 0x7f96480722e0 con 0x7f9648071ee0
2024-09-13T16:01:06.942 INFO:teuthology.orchestra.run.smithi086.stdout:/usr/bin/ceph: stderr
2024-09-13T16:01:06.134+0000 7f964d400640 1 --2- >> [v2:172.21.15.86:3300/0,v1:172.21.15.86:6789/0] conn(0x7f9648071ee0 0x7f9648070500 unknown :-1 s=BANNER_CONNECTING pgs=0 cs=0 l=0 rev1=0 crypto rx=0 tx=0 comp rx=0 tx=0)._handle_peer_banner_payload supported=3 required=0
2024-09-13T16:01:06.942 INFO:teuthology.orchestra.run.smithi086.stdout:/usr/bin/ceph: stderr
2024-09-13T16:01:06.134+0000 7f964d400640 1 --2- >> [v2:172.21.15.86:3300/0,v1:172.21.15.86:6789/0] conn(0x7f9648071ee0 0x7f9648070500 unknown :-1 s=HELLO_CONNECTING pgs=0 cs=0 l=0 rev1=1 crypto rx=0 tx=0 comp rx=0 tx=0).handle_hello peer v2:172.21.15.86:3300/0 says I am v2:172.21.15.86:37350/0 (socket says 172.21.15.86:37350)
2024-09-13T16:01:06.942 INFO:teuthology.orchestra.run.smithi086.stdout:/usr/bin/ceph: stderr
2024-09-13T16:01:06.134+0000 7f964d400640 1 -- 172.21.15.86:0/922363224 learned_addr learned my addr 172.21.15.86:0/922363224 (peer_addr_for_me v2:172.21.15.86:0/0)
2024-09-13T16:01:06.942 INFO:teuthology.orchestra.run.smithi086.stdout:/usr/bin/ceph: stderr
2024-09-13T16:01:06.134+0000 7f964d400640 1 -- 172.21.15.86:0/922363224 --> [v2:172.21.15.86:3300/0,v1:172.21.15.86:6789/0] -- mon_subscribe({config=0+,monmap=0+}) v3 -- 0x7f9648072420 con 0x7f9648071ee0
2024-09-13T16:01:06.942 INFO:teuthology.orchestra.run.smithi086.stdout:/usr/bin/ceph: stderr
2024-09-13T16:01:06.135+0000 7f964d400640 1 --2- 172.21.15.86:0/922363224 >> [v2:172.21.15.86:3300/0,v1:172.21.15.86:6789/0] conn(0x7f9648071ee0 0x7f9648070500 secure :-1 s=READY pgs=72 cs=0 l=1 rev1=1 crypto rx=0x7f963c009820 tx=0x7f963c02a300 comp rx=0 tx=0).ready entity=mon.0 client_cookie=4df26284907b9e5a server_cookie=0 in_seq=0 out_seq=0
2024-09-13T16:01:06.942 INFO:teuthology.orchestra.run.smithi086.stdout:/usr/bin/ceph: stderr
2024-09-13T16:01:06.136+0000 7f9647e00640 1 -- 172.21.15.86:0/922363224 <== mon.0 v2:172.21.15.86:3300/0 1 ==== mon_map magic: 0 v1 ==== 205+0+0 (secure 0 0 0) 0x7f963c032440 con 0x7f9648071ee0
2024-09-13T16:01:06.943 INFO:teuthology.orchestra.run.smithi086.stdout:/usr/bin/ceph: stderr
2024-09-13T16:01:06.136+0000 7f9647e00640 1 -- 172.21.15.86:0/922363224 <== mon.0 v2:172.21.15.86:3300/0 2 ==== config(27 keys) v1 ==== 1139+0+0 (secure 0 0 0) 0x7f963c032a80 con 0x7f9648071ee0
2024-09-13T16:01:06.943 INFO:teuthology.orchestra.run.smithi086.stdout:/usr/bin/ceph: stderr
2024-09-13T16:01:06.136+0000 7f9647e00640 1 -- 172.21.15.86:0/922363224 <== mon.0 v2:172.21.15.86:3300/0 3 ==== mon_map magic: 0 v1 ==== 205+0+0 (secure 0 0 0) 0x7f963c0309b0 con 0x7f9648071ee0
2024-09-13T16:01:06.943 INFO:teuthology.orchestra.run.smithi086.stdout:/usr/bin/ceph: stderr
2024-09-13T16:01:06.136+0000 7f964fe00640 1 -- 172.21.15.86:0/922363224 >> [v2:172.21.15.86:3300/0,v1:172.21.15.86:6789/0] conn(0x7f9648071ee0 msgr2=0x7f9648070500 secure :-1 s=STATE_CONNECTION_ESTABLISHED l=1).mark_down
2024-09-13T16:01:06.943 INFO:teuthology.orchestra.run.smithi086.stdout:/usr/bin/ceph: stderr
2024-09-13T16:01:06.136+0000 7f964fe00640 1 --2- 172.21.15.86:0/922363224 >> [v2:172.21.15.86:3300/0,v1:172.21.15.86:6789/0] conn(0x7f9648071ee0 0x7f9648070500 secure :-1 s=READY pgs=72 cs=0 l=1 rev1=1 crypto rx=0x7f963c009820 tx=0x7f963c02a300 comp rx=0 tx=0).stop
2024-09-13T16:01:06.943 INFO:teuthology.orchestra.run.smithi086.stdout:/usr/bin/ceph: stderr
2024-09-13T16:01:06.136+0000 7f964fe00640 1 -- 172.21.15.86:0/922363224 shutdown_connections
2024-09-13T16:01:06.943 INFO:teuthology.orchestra.run.smithi086.stdout:/usr/bin/ceph: stderr
2024-09-13T16:01:06.136+0000 7f964fe00640 1 --2- 172.21.15.86:0/922363224 >> [v2:172.21.15.86:3300/0,v1:172.21.15.86:6789/0] conn(0x7f9648071ee0 0x7f9648070500 unknown :-1 s=CLOSED pgs=72 cs=0 l=1 rev1=1 crypto rx=0 tx=0 comp rx=0 tx=0).stop
2024-09-13T16:01:06.943 INFO:teuthology.orchestra.run.smithi086.stdout:/usr/bin/ceph: stderr
2024-09-13T16:01:06.136+0000 7f964fe00640 1 -- 172.21.15.86:0/922363224 >> 172.21.15.86:0/922363224 conn(0x7f964806c5c0 msgr2=0x7f964806e9e0 unknown :-1 s=STATE_NONE l=0).mark_down
2024-09-13T16:01:06.943 INFO:teuthology.orchestra.run.smithi086.stdout:/usr/bin/ceph: stderr
2024-09-13T16:01:06.136+0000 7f964fe00640 1 -- 172.21.15.86:0/922363224 shutdown_connections
2024-09-13T16:01:06.943 INFO:teuthology.orchestra.run.smithi086.stdout:/usr/bin/ceph: stderr
2024-09-13T16:01:06.137+0000 7f964fe00640 1 -- 172.21.15.86:0/922363224 wait complete.
2024-09-13T16:01:06.943 INFO:teuthology.orchestra.run.smithi086.stdout:/usr/bin/ceph: stderr
2024-09-13T16:01:06.138+0000 7f964fe00640 1 Processor -- start
2024-09-13T16:01:06.943 INFO:teuthology.orchestra.run.smithi086.stdout:/usr/bin/ceph: stderr
2024-09-13T16:01:06.138+0000 7f964fe00640 1 -- start start
2024-09-13T16:01:06.943 INFO:teuthology.orchestra.run.smithi086.stdout:/usr/bin/ceph: stderr
2024-09-13T16:01:06.138+0000 7f964fe00640 1 --2- >> [v2:172.21.15.86:3300/0,v1:172.21.15.86:6789/0] conn(0x7f9648071ee0 0x7f96481a8390 unknown :-1 s=NONE pgs=0 cs=0 l=1 rev1=0 crypto rx=0 tx=0 comp rx=0 tx=0).connect
2024-09-13T16:01:06.943 INFO:teuthology.orchestra.run.smithi086.stdout:/usr/bin/ceph: stderr
2024-09-13T16:01:06.138+0000 7f964fe00640 1 -- --> [v2:172.21.15.86:3300/0,v1:172.21.15.86:6789/0] -- mon_getmap magic: 0 v1 -- 0x7f96481a88d0 con 0x7f9648071ee0
2024-09-13T16:01:06.943 INFO:teuthology.orchestra.run.smithi086.stdout:/usr/bin/ceph: stderr
2024-09-13T16:01:06.139+0000 7f964d400640 1 --2- >> [v2:172.21.15.86:3300/0,v1:172.21.15.86:6789/0] conn(0x7f9648071ee0 0x7f96481a8390 unknown :-1 s=BANNER_CONNECTING pgs=0 cs=0 l=1 rev1=0 crypto rx=0 tx=0 comp rx=0 tx=0)._handle_peer_banner_payload supported=3 required=0
2024-09-13T16:01:06.944 INFO:teuthology.orchestra.run.smithi086.stdout:/usr/bin/ceph: stderr
2024-09-13T16:01:06.139+0000 7f964d400640 1 --2- >> [v2:172.21.15.86:3300/0,v1:172.21.15.86:6789/0] conn(0x7f9648071ee0 0x7f96481a8390 unknown :-1 s=HELLO_CONNECTING pgs=0 cs=0 l=1 rev1=1 crypto rx=0 tx=0 comp rx=0 tx=0).handle_hello peer v2:172.21.15.86:3300/0 says I am v2:172.21.15.86:37354/0 (socket says 172.21.15.86:37354)
2024-09-13T16:01:06.944 INFO:teuthology.orchestra.run.smithi086.stdout:/usr/bin/ceph: stderr
2024-09-13T16:01:06.139+0000 7f964d400640 1 -- 172.21.15.86:0/3163018131 learned_addr learned my addr 172.21.15.86:0/3163018131 (peer_addr_for_me v2:172.21.15.86:0/0)
2024-09-13T16:01:06.944 INFO:teuthology.orchestra.run.smithi086.stdout:/usr/bin/ceph: stderr
2024-09-13T16:01:06.139+0000 7f964d400640 1 -- 172.21.15.86:0/3163018131 --> [v2:172.21.15.86:3300/0,v1:172.21.15.86:6789/0] -- mon_subscribe({config=0+,monmap=0+}) v3 -- 0x7f963c0094d0 con 0x7f9648071ee0
2024-09-13T16:01:06.944 INFO:teuthology.orchestra.run.smithi086.stdout:/usr/bin/ceph: stderr
2024-09-13T16:01:06.139+0000 7f964d400640 1 --2- 172.21.15.86:0/3163018131 >> [v2:172.21.15.86:3300/0,v1:172.21.15.86:6789/0] conn(0x7f9648071ee0 0x7f96481a8390 secure :-1 s=READY pgs=73 cs=0 l=1 rev1=1 crypto rx=0x7f963c0097f0 tx=0x7f963c0307a0 comp rx=0 tx=0).ready entity=mon.0 client_cookie=0 server_cookie=0 in_seq=0 out_seq=0
2024-09-13T16:01:06.944 INFO:teuthology.orchestra.run.smithi086.stdout:/usr/bin/ceph: stderr
2024-09-13T16:01:06.139+0000 7f9646000640 1 -- 172.21.15.86:0/3163018131 <== mon.0 v2:172.21.15.86:3300/0 1 ==== mon_map magic: 0 v1 ==== 205+0+0 (secure 0 0 0) 0x7f963c030c70 con 0x7f9648071ee0
2024-09-13T16:01:06.944 INFO:teuthology.orchestra.run.smithi086.stdout:/usr/bin/ceph: stderr
2024-09-13T16:01:06.140+0000 7f9646000640 1 -- 172.21.15.86:0/3163018131 <== mon.0 v2:172.21.15.86:3300/0 2 ==== config(27 keys) v1 ==== 1139+0+0 (secure 0 0 0) 0x7f963c030dd0 con 0x7f9648071ee0
2024-09-13T16:01:06.944 INFO:teuthology.orchestra.run.smithi086.stdout:/usr/bin/ceph: stderr
2024-09-13T16:01:06.140+0000 7f9646000640 1 -- 172.21.15.86:0/3163018131 <== mon.0 v2:172.21.15.86:3300/0 3 ==== mon_map magic: 0 v1 ==== 205+0+0 (secure 0 0 0) 0x7f963c03a760 con 0x7f9648071ee0
2024-09-13T16:01:06.944 INFO:teuthology.orchestra.run.smithi086.stdout:/usr/bin/ceph: stderr
2024-09-13T16:01:06.140+0000 7f964fe00640 1 -- 172.21.15.86:0/3163018131 --> [v2:172.21.15.86:3300/0,v1:172.21.15.86:6789/0] -- mon_subscribe({mgrmap=0+}) v3 -- 0x7f96481a8ad0 con 0x7f9648071ee0
2024-09-13T16:01:06.944 INFO:teuthology.orchestra.run.smithi086.stdout:/usr/bin/ceph: stderr
2024-09-13T16:01:06.140+0000 7f964fe00640 1 -- 172.21.15.86:0/3163018131 --> [v2:172.21.15.86:3300/0,v1:172.21.15.86:6789/0] -- mon_subscribe({osdmap=0}) v3 -- 0x7f96481a8f70 con 0x7f9648071ee0
2024-09-13T16:01:06.944 INFO:teuthology.orchestra.run.smithi086.stdout:/usr/bin/ceph: stderr
2024-09-13T16:01:06.141+0000 7f964fe00640 1 -- 172.21.15.86:0/3163018131 --> [v2:172.21.15.86:3300/0,v1:172.21.15.86:6789/0] -- mon_command({"prefix": "get_command_descriptions"} v 0) v1 -- 0x7f964810ff60 con 0x7f9648071ee0
2024-09-13T16:01:06.944 INFO:teuthology.orchestra.run.smithi086.stdout:/usr/bin/ceph: stderr
2024-09-13T16:01:06.141+0000 7f9646000640 1 -- 172.21.15.86:0/3163018131 <== mon.0 v2:172.21.15.86:3300/0 4 ==== mgrmap(e 12) v1 ==== 45554+0+0 (secure 0 0 0) 0x7f963c039040 con 0x7f9648071ee0
2024-09-13T16:01:06.944 INFO:teuthology.orchestra.run.smithi086.stdout:/usr/bin/ceph: stderr
2024-09-13T16:01:06.141+0000 7f9646000640 1 --2- 172.21.15.86:0/3163018131 >> [v2:172.21.15.86:6800/1239909622,v1:172.21.15.86:6801/1239909622] conn(0x7f96300386c0 0x7f963003ab80 unknown :-1 s=NONE pgs=0 cs=0 l=1 rev1=0 crypto rx=0 tx=0 comp rx=0 tx=0).connect
2024-09-13T16:01:06.945 INFO:teuthology.orchestra.run.smithi086.stdout:/usr/bin/ceph: stderr
2024-09-13T16:01:06.141+0000 7f9646000640 1 -- 172.21.15.86:0/3163018131 <== mon.0 v2:172.21.15.86:3300/0 5 ==== osd_map(3..3 src has 1..3) v4 ==== 1155+0+0 (secure 0 0 0) 0x7f963c06b950 con 0x7f9648071ee0
2024-09-13T16:01:06.945 INFO:teuthology.orchestra.run.smithi086.stdout:/usr/bin/ceph: stderr
2024-09-13T16:01:06.142+0000 7f964ca00640 1 --2- 172.21.15.86:0/3163018131 >> [v2:172.21.15.86:6800/1239909622,v1:172.21.15.86:6801/1239909622] conn(0x7f96300386c0 0x7f963003ab80 unknown :-1 s=BANNER_CONNECTING pgs=0 cs=0 l=1 rev1=0 crypto rx=0 tx=0 comp rx=0 tx=0)._handle_peer_banner_payload supported=3 required=0
2024-09-13T16:01:06.945 INFO:teuthology.orchestra.run.smithi086.stdout:/usr/bin/ceph: stderr
2024-09-13T16:01:06.142+0000 7f964ca00640 1 --2- 172.21.15.86:0/3163018131 >> [v2:172.21.15.86:6800/1239909622,v1:172.21.15.86:6801/1239909622] conn(0x7f96300386c0 0x7f963003ab80 secure :-1 s=READY pgs=9 cs=0 l=1 rev1=1 crypto rx=0x7f96340098c0 tx=0x7f9634006db0 comp rx=0 tx=0).ready entity=mgr.14150 client_cookie=0 server_cookie=0 in_seq=0 out_seq=0
2024-09-13T16:01:06.945 INFO:teuthology.orchestra.run.smithi086.stdout:/usr/bin/ceph: stderr
2024-09-13T16:01:06.146+0000 7f9646000640 1 -- 172.21.15.86:0/3163018131 <== mon.0 v2:172.21.15.86:3300/0 6 ==== mon_command_ack([{"prefix": "get_command_descriptions"}]=0 v0) v1 ==== 72+0+183819 (secure 0 0 0) 0x7f963c0313a0 con 0x7f9648071ee0
2024-09-13T16:01:06.945 INFO:teuthology.orchestra.run.smithi086.stdout:/usr/bin/ceph: stderr
2024-09-13T16:01:06.222+0000 7f9646000640 1 -- 172.21.15.86:0/3163018131 <== mon.0 v2:172.21.15.86:3300/0 7 ==== mgrmap(e 13) v1 ==== 45597+0+0 (secure 0 0 0) 0x7f963c03b480 con 0x7f9648071ee0
2024-09-13T16:01:06.945 INFO:teuthology.orchestra.run.smithi086.stdout:/usr/bin/ceph: stderr
2024-09-13T16:01:06.320+0000 7f964fe00640 1 -- 172.21.15.86:0/3163018131 --> [v2:172.21.15.86:3300/0,v1:172.21.15.86:6789/0] -- mon_command({"prefix": "config get", "who": "mgr", "key": "mgr/dashboard/ssl_server_port"} v 0) v1 -- 0x7f96481101a0 con 0x7f9648071ee0
2024-09-13T16:01:06.945 INFO:teuthology.orchestra.run.smithi086.stdout:/usr/bin/ceph: stderr
2024-09-13T16:01:06.320+0000 7f9646000640 1 -- 172.21.15.86:0/3163018131 <== mon.0 v2:172.21.15.86:3300/0 8 ==== mon_command_ack([{"prefix": "config get", "who": "mgr", "key": "mgr/dashboard/ssl_server_port"}]=0 v8) v1 ==== 112+0+5 (secure 0 0 0) 0x7f963c03f020 con 0x7f9648071ee0
2024-09-13T16:01:06.945 INFO:teuthology.orchestra.run.smithi086.stdout:/usr/bin/ceph: stderr
2024-09-13T16:01:06.322+0000 7f964fe00640 1 -- 172.21.15.86:0/3163018131 >> [v2:172.21.15.86:6800/1239909622,v1:172.21.15.86:6801/1239909622] conn(0x7f96300386c0 msgr2=0x7f963003ab80 secure :-1 s=STATE_CONNECTION_ESTABLISHED l=1).mark_down
2024-09-13T16:01:06.945 INFO:teuthology.orchestra.run.smithi086.stdout:/usr/bin/ceph: stderr
2024-09-13T16:01:06.322+0000 7f964fe00640 1 --2- 172.21.15.86:0/3163018131 >> [v2:172.21.15.86:6800/1239909622,v1:172.21.15.86:6801/1239909622] conn(0x7f96300386c0 0x7f963003ab80 secure :-1 s=READY pgs=9 cs=0 l=1 rev1=1 crypto rx=0x7f96340098c0 tx=0x7f9634006db0 comp rx=0 tx=0).stop
2024-09-13T16:01:06.945 INFO:teuthology.orchestra.run.smithi086.stdout:/usr/bin/ceph: stderr
2024-09-13T16:01:06.322+0000 7f964fe00640 1 -- 172.21.15.86:0/3163018131 >> [v2:172.21.15.86:3300/0,v1:172.21.15.86:6789/0] conn(0x7f9648071ee0 msgr2=0x7f96481a8390 secure :-1 s=STATE_CONNECTION_ESTABLISHED l=1).mark_down
2024-09-13T16:01:06.945 INFO:teuthology.orchestra.run.smithi086.stdout:/usr/bin/ceph: stderr
2024-09-13T16:01:06.322+0000 7f964fe00640 1 --2- 172.21.15.86:0/3163018131 >> [v2:172.21.15.86:3300/0,v1:172.21.15.86:6789/0] conn(0x7f9648071ee0 0x7f96481a8390 secure :-1 s=READY pgs=73 cs=0 l=1 rev1=1 crypto rx=0x7f963c0097f0 tx=0x7f963c0307a0 comp rx=0 tx=0).stop
2024-09-13T16:01:06.945 INFO:teuthology.orchestra.run.smithi086.stdout:/usr/bin/ceph: stderr
2024-09-13T16:01:06.322+0000 7f964fe00640 1 -- 172.21.15.86:0/3163018131 shutdown_connections
2024-09-13T16:01:06.946 INFO:teuthology.orchestra.run.smithi086.stdout:/usr/bin/ceph: stderr
2024-09-13T16:01:06.322+0000 7f964fe00640 1 --2- 172.21.15.86:0/3163018131 >> [v2:172.21.15.86:6800/1239909622,v1:172.21.15.86:6801/1239909622] conn(0x7f96300386c0 0x7f963003ab80 unknown :-1 s=CLOSED pgs=9 cs=0 l=1 rev1=1 crypto rx=0 tx=0 comp rx=0 tx=0).stop
2024-09-13T16:01:06.946 INFO:teuthology.orchestra.run.smithi086.stdout:/usr/bin/ceph: stderr
2024-09-13T16:01:06.322+0000 7f964fe00640 1 --2- 172.21.15.86:0/3163018131 >> [v2:172.21.15.86:3300/0,v1:172.21.15.86:6789/0] conn(0x7f9648071ee0 0x7f96481a8390 unknown :-1 s=CLOSED pgs=73 cs=0 l=1 rev1=1 crypto rx=0 tx=0 comp rx=0 tx=0).stop
2024-09-13T16:01:06.946 INFO:teuthology.orchestra.run.smithi086.stdout:/usr/bin/ceph: stderr
2024-09-13T16:01:06.322+0000 7f964fe00640 1 -- 172.21.15.86:0/3163018131 >> 172.21.15.86:0/3163018131 conn(0x7f964806c5c0 msgr2=0x7f964806e2b0 unknown :-1 s=STATE_NONE l=0).mark_down
2024-09-13T16:01:06.946 INFO:teuthology.orchestra.run.smithi086.stdout:/usr/bin/ceph: stderr
2024-09-13T16:01:06.323+0000 7f964fe00640 1 -- 172.21.15.86:0/3163018131 shutdown_connections
2024-09-13T16:01:06.946 INFO:teuthology.orchestra.run.smithi086.stdout:/usr/bin/ceph: stderr
2024-09-13T16:01:06.323+0000 7f964fe00640 1 -- 172.21.15.86:0/3163018131 wait complete.
2024-09-13T16:01:06.958 INFO:teuthology.orchestra.run.smithi086.stdout:Non-zero exit code 1 from systemctl is-enabled firewalld.service
2024-09-13T16:01:06.958 INFO:teuthology.orchestra.run.smithi086.stdout:systemctl: stdout disabled
2024-09-13T16:01:06.971 INFO:teuthology.orchestra.run.smithi086.stdout:Non-zero exit code 3 from systemctl is-active firewalld.service
2024-09-13T16:01:06.971 INFO:teuthology.orchestra.run.smithi086.stdout:systemctl: stdout inactive
2024-09-13T16:01:06.971 INFO:teuthology.orchestra.run.smithi086.stdout:firewalld.service is not enabled
2024-09-13T16:01:06.971 INFO:teuthology.orchestra.run.smithi086.stdout:Not possible to open ports <[8443]>. firewalld.service is not available
2024-09-13T16:01:06.974 INFO:teuthology.orchestra.run.smithi086.stdout:Ceph Dashboard is now available at:
2024-09-13T16:01:06.974 INFO:teuthology.orchestra.run.smithi086.stdout:
2024-09-13T16:01:06.974 INFO:teuthology.orchestra.run.smithi086.stdout: URL: https://smithi086.front.sepia.ceph.com:8443/
2024-09-13T16:01:06.974 INFO:teuthology.orchestra.run.smithi086.stdout: User: admin
2024-09-13T16:01:06.974 INFO:teuthology.orchestra.run.smithi086.stdout: Password: i7sw4w0zxv
2024-09-13T16:01:06.975 INFO:teuthology.orchestra.run.smithi086.stdout:
2024-09-13T16:01:06.975 INFO:teuthology.orchestra.run.smithi086.stdout:Saving cluster configuration to /var/lib/ceph/1ecdfbda-71e9-11ef-bceb-c7b262605968/config directory
2024-09-13T16:01:06.975 INFO:teuthology.orchestra.run.smithi086.stdout:Enabling autotune for osd_memory_target
2024-09-13T16:01:07.492 INFO:journalctl@ceph.mon.a.smithi086.stdout:Sep 13 16:01:07 smithi086 ceph-mon[30379]: mgrmap e13: x(active, since 6s)
2024-09-13T16:01:07.493 INFO:journalctl@ceph.mon.a.smithi086.stdout:Sep 13 16:01:07 smithi086 ceph-mon[30379]: from='client.? 172.21.15.86:0/3163018131' entity='client.admin' cmd=[{"prefix": "config get", "who": "mgr", "key": "mgr/dashboard/ssl_server_port"}]: dispatch
2024-09-13T16:01:08.315 INFO:teuthology.orchestra.run.smithi086.stdout:/usr/bin/ceph: stderr
2024-09-13T16:01:07.507+0000 7f4fcb200640 1 Processor -- start
2024-09-13T16:01:08.315 INFO:teuthology.orchestra.run.smithi086.stdout:/usr/bin/ceph: stderr
2024-09-13T16:01:07.508+0000 7f4fcb200640 1 -- start start
2024-09-13T16:01:08.315 INFO:teuthology.orchestra.run.smithi086.stdout:/usr/bin/ceph: stderr
2024-09-13T16:01:07.508+0000 7f4fcb200640 1 --2- >> [v2:172.21.15.86:3300/0,v1:172.21.15.86:6789/0] conn(0x7f4fcc107880 0x7f4fcc107c80 unknown :-1 s=NONE pgs=0 cs=0 l=0 rev1=0 crypto rx=0 tx=0 comp rx=0 tx=0).connect
2024-09-13T16:01:08.315 INFO:teuthology.orchestra.run.smithi086.stdout:/usr/bin/ceph: stderr
2024-09-13T16:01:07.508+0000 7f4fcb200640 1 -- --> [v2:172.21.15.86:3300/0,v1:172.21.15.86:6789/0] -- mon_getmap magic: 0 v1 -- 0x7f4fcc108250 con 0x7f4fcc107880
2024-09-13T16:01:08.315 INFO:teuthology.orchestra.run.smithi086.stdout:/usr/bin/ceph: stderr
2024-09-13T16:01:07.508+0000 7f4fc9e00640 1 --2- >> [v2:172.21.15.86:3300/0,v1:172.21.15.86:6789/0] conn(0x7f4fcc107880 0x7f4fcc107c80 unknown :-1 s=BANNER_CONNECTING pgs=0 cs=0 l=0 rev1=0 crypto rx=0 tx=0 comp rx=0 tx=0)._handle_peer_banner_payload supported=3 required=0
2024-09-13T16:01:08.315 INFO:teuthology.orchestra.run.smithi086.stdout:/usr/bin/ceph: stderr
2024-09-13T16:01:07.508+0000 7f4fc9e00640 1 --2- >> [v2:172.21.15.86:3300/0,v1:172.21.15.86:6789/0] conn(0x7f4fcc107880 0x7f4fcc107c80 unknown :-1 s=HELLO_CONNECTING pgs=0 cs=0 l=0 rev1=1 crypto rx=0 tx=0 comp rx=0 tx=0).handle_hello peer v2:172.21.15.86:3300/0 says I am v2:172.21.15.86:37370/0 (socket says 172.21.15.86:37370)
2024-09-13T16:01:08.315 INFO:teuthology.orchestra.run.smithi086.stdout:/usr/bin/ceph: stderr
2024-09-13T16:01:07.508+0000 7f4fc9e00640 1 -- 172.21.15.86:0/254971856 learned_addr learned my addr 172.21.15.86:0/254971856 (peer_addr_for_me v2:172.21.15.86:0/0)
2024-09-13T16:01:08.315 INFO:teuthology.orchestra.run.smithi086.stdout:/usr/bin/ceph: stderr
2024-09-13T16:01:07.509+0000 7f4fc9e00640 1 -- 172.21.15.86:0/254971856 --> [v2:172.21.15.86:3300/0,v1:172.21.15.86:6789/0] -- mon_subscribe({config=0+,monmap=0+}) v3 -- 0x7f4fcc108a80 con 0x7f4fcc107880
2024-09-13T16:01:08.315 INFO:teuthology.orchestra.run.smithi086.stdout:/usr/bin/ceph: stderr
2024-09-13T16:01:07.510+0000 7f4fc9e00640 1 --2- 172.21.15.86:0/254971856 >> [v2:172.21.15.86:3300/0,v1:172.21.15.86:6789/0] conn(0x7f4fcc107880 0x7f4fcc107c80 secure :-1 s=READY pgs=74 cs=0 l=1 rev1=1 crypto rx=0x7f4fbc009820 tx=0x7f4fbc02a270 comp rx=0 tx=0).ready entity=mon.0 client_cookie=32272b230a6617dc server_cookie=0 in_seq=0 out_seq=0
2024-09-13T16:01:08.315 INFO:teuthology.orchestra.run.smithi086.stdout:/usr/bin/ceph: stderr
2024-09-13T16:01:07.510+0000 7f4fc9400640 1 -- 172.21.15.86:0/254971856 <== mon.0 v2:172.21.15.86:3300/0 1 ==== mon_map magic: 0 v1 ==== 205+0+0 (secure 0 0 0) 0x7f4fbc02ae70 con 0x7f4fcc107880
2024-09-13T16:01:08.315 INFO:teuthology.orchestra.run.smithi086.stdout:/usr/bin/ceph: stderr
2024-09-13T16:01:07.510+0000 7f4fc9400640 1 -- 172.21.15.86:0/254971856 <== mon.0 v2:172.21.15.86:3300/0 2 ==== config(27 keys) v1 ==== 1139+0+0 (secure 0 0 0) 0x7f4fbc032920 con 0x7f4fcc107880
2024-09-13T16:01:08.316 INFO:teuthology.orchestra.run.smithi086.stdout:/usr/bin/ceph: stderr
2024-09-13T16:01:07.510+0000 7f4fc9400640 1 -- 172.21.15.86:0/254971856 <== mon.0 v2:172.21.15.86:3300/0 3 ==== mon_map magic: 0 v1 ==== 205+0+0 (secure 0 0 0) 0x7f4fbc030920 con 0x7f4fcc107880
2024-09-13T16:01:08.316 INFO:teuthology.orchestra.run.smithi086.stdout:/usr/bin/ceph: stderr
2024-09-13T16:01:07.510+0000 7f4fcb200640 1 -- 172.21.15.86:0/254971856 >> [v2:172.21.15.86:3300/0,v1:172.21.15.86:6789/0] conn(0x7f4fcc107880 msgr2=0x7f4fcc107c80 secure :-1 s=STATE_CONNECTION_ESTABLISHED l=1).mark_down
2024-09-13T16:01:08.316 INFO:teuthology.orchestra.run.smithi086.stdout:/usr/bin/ceph: stderr
2024-09-13T16:01:07.510+0000 7f4fcb200640 1 --2- 172.21.15.86:0/254971856 >> [v2:172.21.15.86:3300/0,v1:172.21.15.86:6789/0] conn(0x7f4fcc107880 0x7f4fcc107c80 secure :-1 s=READY pgs=74 cs=0 l=1 rev1=1 crypto rx=0x7f4fbc009820 tx=0x7f4fbc02a270 comp rx=0 tx=0).stop
2024-09-13T16:01:08.316 INFO:teuthology.orchestra.run.smithi086.stdout:/usr/bin/ceph: stderr
2024-09-13T16:01:07.511+0000 7f4fcb200640 1 -- 172.21.15.86:0/254971856 shutdown_connections
2024-09-13T16:01:08.316 INFO:teuthology.orchestra.run.smithi086.stdout:/usr/bin/ceph: stderr
2024-09-13T16:01:07.511+0000 7f4fcb200640 1 --2- 172.21.15.86:0/254971856 >> [v2:172.21.15.86:3300/0,v1:172.21.15.86:6789/0] conn(0x7f4fcc107880 0x7f4fcc107c80 unknown :-1 s=CLOSED pgs=74 cs=0 l=1 rev1=1 crypto rx=0 tx=0 comp rx=0 tx=0).stop
2024-09-13T16:01:08.316 INFO:teuthology.orchestra.run.smithi086.stdout:/usr/bin/ceph: stderr
2024-09-13T16:01:07.511+0000 7f4fcb200640 1 -- 172.21.15.86:0/254971856 >> 172.21.15.86:0/254971856 conn(0x7f4fcc07ae90 msgr2=0x7f4fcc07b2a0 unknown :-1 s=STATE_NONE l=0).mark_down
2024-09-13T16:01:08.316 INFO:teuthology.orchestra.run.smithi086.stdout:/usr/bin/ceph: stderr
2024-09-13T16:01:07.511+0000 7f4fcb200640 1 -- 172.21.15.86:0/254971856 shutdown_connections
2024-09-13T16:01:08.316 INFO:teuthology.orchestra.run.smithi086.stdout:/usr/bin/ceph: stderr
2024-09-13T16:01:07.511+0000 7f4fcb200640 1 -- 172.21.15.86:0/254971856 wait complete.
2024-09-13T16:01:08.316 INFO:teuthology.orchestra.run.smithi086.stdout:/usr/bin/ceph: stderr
2024-09-13T16:01:07.512+0000 7f4fcb200640 1 Processor -- start
2024-09-13T16:01:08.316 INFO:teuthology.orchestra.run.smithi086.stdout:/usr/bin/ceph: stderr
2024-09-13T16:01:07.512+0000 7f4fcb200640 1 -- start start
2024-09-13T16:01:08.317 INFO:teuthology.orchestra.run.smithi086.stdout:/usr/bin/ceph: stderr
2024-09-13T16:01:07.512+0000 7f4fcb200640 1 --2- >> [v2:172.21.15.86:3300/0,v1:172.21.15.86:6789/0] conn(0x7f4fcc107880 0x7f4fcc19b610 unknown :-1 s=NONE pgs=0 cs=0 l=1 rev1=0 crypto rx=0 tx=0 comp rx=0 tx=0).connect
2024-09-13T16:01:08.317 INFO:teuthology.orchestra.run.smithi086.stdout:/usr/bin/ceph: stderr
2024-09-13T16:01:07.512+0000 7f4fcb200640 1 -- --> [v2:172.21.15.86:3300/0,v1:172.21.15.86:6789/0] -- mon_getmap magic: 0 v1 -- 0x7f4fcc19bb50 con 0x7f4fcc107880
2024-09-13T16:01:08.317 INFO:teuthology.orchestra.run.smithi086.stdout:/usr/bin/ceph: stderr
2024-09-13T16:01:07.512+0000 7f4fc9e00640 1 --2- >> [v2:172.21.15.86:3300/0,v1:172.21.15.86:6789/0] conn(0x7f4fcc107880 0x7f4fcc19b610 unknown :-1 s=BANNER_CONNECTING pgs=0 cs=0 l=1 rev1=0 crypto rx=0 tx=0 comp rx=0 tx=0)._handle_peer_banner_payload supported=3 required=0
2024-09-13T16:01:08.317 INFO:teuthology.orchestra.run.smithi086.stdout:/usr/bin/ceph: stderr
2024-09-13T16:01:07.512+0000 7f4fc9e00640 1 --2- >> [v2:172.21.15.86:3300/0,v1:172.21.15.86:6789/0] conn(0x7f4fcc107880 0x7f4fcc19b610 unknown :-1 s=HELLO_CONNECTING pgs=0 cs=0 l=1 rev1=1 crypto rx=0 tx=0 comp rx=0 tx=0).handle_hello peer v2:172.21.15.86:3300/0 says I am v2:172.21.15.86:37374/0 (socket says 172.21.15.86:37374)
2024-09-13T16:01:08.317 INFO:teuthology.orchestra.run.smithi086.stdout:/usr/bin/ceph: stderr
2024-09-13T16:01:07.512+0000 7f4fc9e00640 1 -- 172.21.15.86:0/2392958997 learned_addr learned my addr 172.21.15.86:0/2392958997 (peer_addr_for_me v2:172.21.15.86:0/0)
2024-09-13T16:01:08.317 INFO:teuthology.orchestra.run.smithi086.stdout:/usr/bin/ceph: stderr
2024-09-13T16:01:07.513+0000 7f4fc9e00640 1 -- 172.21.15.86:0/2392958997 --> [v2:172.21.15.86:3300/0,v1:172.21.15.86:6789/0] -- mon_subscribe({config=0+,monmap=0+}) v3 -- 0x7f4fbc0094d0 con 0x7f4fcc107880
2024-09-13T16:01:08.317 INFO:teuthology.orchestra.run.smithi086.stdout:/usr/bin/ceph: stderr
2024-09-13T16:01:07.513+0000 7f4fc9e00640 1 --2- 172.21.15.86:0/2392958997 >> [v2:172.21.15.86:3300/0,v1:172.21.15.86:6789/0] conn(0x7f4fcc107880 0x7f4fcc19b610 secure :-1 s=READY pgs=75 cs=0 l=1 rev1=1 crypto rx=0x7f4fbc030670 tx=0x7f4fbc032670 comp rx=0 tx=0).ready entity=mon.0 client_cookie=0 server_cookie=0 in_seq=0 out_seq=0
2024-09-13T16:01:08.317 INFO:teuthology.orchestra.run.smithi086.stdout:/usr/bin/ceph: stderr
2024-09-13T16:01:07.513+0000 7f4fc3400640 1 -- 172.21.15.86:0/2392958997 <== mon.0 v2:172.21.15.86:3300/0 1 ==== mon_map magic: 0 v1 ==== 205+0+0 (secure 0 0 0) 0x7f4fbc032dd0 con 0x7f4fcc107880
2024-09-13T16:01:08.317 INFO:teuthology.orchestra.run.smithi086.stdout:/usr/bin/ceph: stderr
2024-09-13T16:01:07.513+0000 7f4fc3400640 1 -- 172.21.15.86:0/2392958997 <== mon.0 v2:172.21.15.86:3300/0 2 ==== config(27 keys) v1 ==== 1139+0+0 (secure 0 0 0) 0x7f4fbc03b910 con 0x7f4fcc107880
2024-09-13T16:01:08.317 INFO:teuthology.orchestra.run.smithi086.stdout:/usr/bin/ceph: stderr
2024-09-13T16:01:07.513+0000 7f4fc3400640 1 -- 172.21.15.86:0/2392958997 <== mon.0 v2:172.21.15.86:3300/0 3 ==== mon_map magic: 0 v1 ==== 205+0+0 (secure 0 0 0) 0x7f4fbc03a830 con 0x7f4fcc107880
2024-09-13T16:01:08.317 INFO:teuthology.orchestra.run.smithi086.stdout:/usr/bin/ceph: stderr
2024-09-13T16:01:07.513+0000 7f4fcb200640 1 -- 172.21.15.86:0/2392958997 --> [v2:172.21.15.86:3300/0,v1:172.21.15.86:6789/0] -- mon_subscribe({mgrmap=0+}) v3 -- 0x7f4fcc19bd50 con 0x7f4fcc107880
2024-09-13T16:01:08.317 INFO:teuthology.orchestra.run.smithi086.stdout:/usr/bin/ceph: stderr
2024-09-13T16:01:07.513+0000 7f4fcb200640 1 -- 172.21.15.86:0/2392958997 --> [v2:172.21.15.86:3300/0,v1:172.21.15.86:6789/0] -- mon_subscribe({osdmap=0}) v3 -- 0x7f4fcc19c1f0 con 0x7f4fcc107880
2024-09-13T16:01:08.317 INFO:teuthology.orchestra.run.smithi086.stdout:/usr/bin/ceph: stderr
2024-09-13T16:01:07.514+0000 7f4fc3400640 1 -- 172.21.15.86:0/2392958997 <== mon.0 v2:172.21.15.86:3300/0 4 ==== mgrmap(e 13) v1 ==== 45597+0+0 (secure 0 0 0) 0x7f4fbc039040 con 0x7f4fcc107880
2024-09-13T16:01:08.318 INFO:teuthology.orchestra.run.smithi086.stdout:/usr/bin/ceph: stderr
2024-09-13T16:01:07.514+0000 7f4fcb200640 1 -- 172.21.15.86:0/2392958997 --> [v2:172.21.15.86:3300/0,v1:172.21.15.86:6789/0] -- mon_command({"prefix": "get_command_descriptions"} v 0) v1 -- 0x7f4fcc10bcb0 con 0x7f4fcc107880
2024-09-13T16:01:08.318 INFO:teuthology.orchestra.run.smithi086.stdout:/usr/bin/ceph: stderr
2024-09-13T16:01:07.515+0000 7f4fc3400640 1 --2- 172.21.15.86:0/2392958997 >> [v2:172.21.15.86:6800/1239909622,v1:172.21.15.86:6801/1239909622] conn(0x7f4fb0038760 0x7f4fb003ac20 unknown :-1 s=NONE pgs=0 cs=0 l=1 rev1=0 crypto rx=0 tx=0 comp rx=0 tx=0).connect
2024-09-13T16:01:08.318 INFO:teuthology.orchestra.run.smithi086.stdout:/usr/bin/ceph: stderr
2024-09-13T16:01:07.515+0000 7f4fc3400640 1 -- 172.21.15.86:0/2392958997 <== mon.0 v2:172.21.15.86:3300/0 5 ==== osd_map(3..3 src has 1..3) v4 ==== 1155+0+0 (secure 0 0 0) 0x7f4fbc06bbd0 con 0x7f4fcc107880
2024-09-13T16:01:08.318 INFO:teuthology.orchestra.run.smithi086.stdout:/usr/bin/ceph: stderr
2024-09-13T16:01:07.515+0000 7f4fc1400640 1 --2- 172.21.15.86:0/2392958997 >> [v2:172.21.15.86:6800/1239909622,v1:172.21.15.86:6801/1239909622] conn(0x7f4fb0038760 0x7f4fb003ac20 unknown :-1 s=BANNER_CONNECTING pgs=0 cs=0 l=1 rev1=0 crypto rx=0 tx=0 comp rx=0 tx=0)._handle_peer_banner_payload supported=3 required=0
2024-09-13T16:01:08.318 INFO:teuthology.orchestra.run.smithi086.stdout:/usr/bin/ceph: stderr
2024-09-13T16:01:07.516+0000 7f4fc1400640 1 --2- 172.21.15.86:0/2392958997 >> [v2:172.21.15.86:6800/1239909622,v1:172.21.15.86:6801/1239909622] conn(0x7f4fb0038760 0x7f4fb003ac20 secure :-1 s=READY pgs=10 cs=0 l=1 rev1=1 crypto rx=0x7f4fb40098c0 tx=0x7f4fb4006db0 comp rx=0 tx=0).ready entity=mgr.14150 client_cookie=0 server_cookie=0 in_seq=0 out_seq=0
2024-09-13T16:01:08.318 INFO:teuthology.orchestra.run.smithi086.stdout:/usr/bin/ceph: stderr
2024-09-13T16:01:07.520+0000 7f4fc3400640 1 -- 172.21.15.86:0/2392958997 <== mon.0 v2:172.21.15.86:3300/0 6 ==== mon_command_ack([{"prefix": "get_command_descriptions"}]=0 v0) v1 ==== 72+0+183819 (secure 0 0 0) 0x7f4fbc03be10 con 0x7f4fcc107880
2024-09-13T16:01:08.318 INFO:teuthology.orchestra.run.smithi086.stdout:/usr/bin/ceph: stderr
2024-09-13T16:01:07.688+0000 7f4fcb200640 1 -- 172.21.15.86:0/2392958997 --> [v2:172.21.15.86:3300/0,v1:172.21.15.86:6789/0] -- mon_command([{prefix=config set, name=osd_memory_target_autotune}] v 0) v1 -- 0x7f4fcc19ead0 con 0x7f4fcc107880
2024-09-13T16:01:08.318 INFO:teuthology.orchestra.run.smithi086.stdout:/usr/bin/ceph: stderr
2024-09-13T16:01:07.689+0000 7f4fc3400640 1 -- 172.21.15.86:0/2392958997 <== mon.0 v2:172.21.15.86:3300/0 7 ==== mon_command_ack([{prefix=config set, name=osd_memory_target_autotune}]=0 v8)=0 v8) v1 ==== 127+0+0 (secure 0 0 0) 0x7f4fbc03f030 con 0x7f4fcc107880
2024-09-13T16:01:08.318 INFO:teuthology.orchestra.run.smithi086.stdout:/usr/bin/ceph: stderr
2024-09-13T16:01:07.691+0000 7f4fcb200640 1 -- 172.21.15.86:0/2392958997 >> [v2:172.21.15.86:6800/1239909622,v1:172.21.15.86:6801/1239909622] conn(0x7f4fb0038760 msgr2=0x7f4fb003ac20 secure :-1 s=STATE_CONNECTION_ESTABLISHED l=1).mark_down
2024-09-13T16:01:08.318 INFO:teuthology.orchestra.run.smithi086.stdout:/usr/bin/ceph: stderr
2024-09-13T16:01:07.691+0000 7f4fcb200640 1 --2- 172.21.15.86:0/2392958997 >> [v2:172.21.15.86:6800/1239909622,v1:172.21.15.86:6801/1239909622] conn(0x7f4fb0038760 0x7f4fb003ac20 secure :-1 s=READY pgs=10 cs=0 l=1 rev1=1 crypto rx=0x7f4fb40098c0 tx=0x7f4fb4006db0 comp rx=0 tx=0).stop
2024-09-13T16:01:08.318 INFO:teuthology.orchestra.run.smithi086.stdout:/usr/bin/ceph: stderr
2024-09-13T16:01:07.691+0000 7f4fcb200640 1 -- 172.21.15.86:0/2392958997 >> [v2:172.21.15.86:3300/0,v1:172.21.15.86:6789/0] conn(0x7f4fcc107880 msgr2=0x7f4fcc19b610 secure :-1 s=STATE_CONNECTION_ESTABLISHED l=1).mark_down
2024-09-13T16:01:08.318 INFO:teuthology.orchestra.run.smithi086.stdout:/usr/bin/ceph: stderr
2024-09-13T16:01:07.691+0000 7f4fcb200640 1 --2- 172.21.15.86:0/2392958997 >> [v2:172.21.15.86:3300/0,v1:172.21.15.86:6789/0] conn(0x7f4fcc107880 0x7f4fcc19b610 secure :-1 s=READY pgs=75 cs=0 l=1 rev1=1 crypto rx=0x7f4fbc030670 tx=0x7f4fbc032670 comp rx=0 tx=0).stop
2024-09-13T16:01:08.319 INFO:teuthology.orchestra.run.smithi086.stdout:/usr/bin/ceph: stderr
2024-09-13T16:01:07.691+0000 7f4fcb200640 1 -- 172.21.15.86:0/2392958997 shutdown_connections
2024-09-13T16:01:08.319 INFO:teuthology.orchestra.run.smithi086.stdout:/usr/bin/ceph: stderr
2024-09-13T16:01:07.691+0000 7f4fcb200640 1 --2- 172.21.15.86:0/2392958997 >> [v2:172.21.15.86:6800/1239909622,v1:172.21.15.86:6801/1239909622] conn(0x7f4fb0038760 0x7f4fb003ac20 unknown :-1 s=CLOSED pgs=10 cs=0 l=1 rev1=1 crypto rx=0 tx=0 comp rx=0 tx=0).stop
2024-09-13T16:01:08.319 INFO:teuthology.orchestra.run.smithi086.stdout:/usr/bin/ceph: stderr
2024-09-13T16:01:07.691+0000 7f4fcb200640 1 --2- 172.21.15.86:0/2392958997 >> [v2:172.21.15.86:3300/0,v1:172.21.15.86:6789/0] conn(0x7f4fcc107880 0x7f4fcc19b610 unknown :-1 s=CLOSED pgs=75 cs=0 l=1 rev1=1 crypto rx=0 tx=0 comp rx=0 tx=0).stop
2024-09-13T16:01:08.319 INFO:teuthology.orchestra.run.smithi086.stdout:/usr/bin/ceph: stderr
2024-09-13T16:01:07.691+0000 7f4fcb200640 1 -- 172.21.15.86:0/2392958997 >> 172.21.15.86:0/2392958997 conn(0x7f4fcc07ae90 msgr2=0x7f4fcc104cb0 unknown :-1 s=STATE_NONE l=0).mark_down
2024-09-13T16:01:08.319 INFO:teuthology.orchestra.run.smithi086.stdout:/usr/bin/ceph: stderr
2024-09-13T16:01:07.691+0000 7f4fcb200640 1 -- 172.21.15.86:0/2392958997 shutdown_connections
2024-09-13T16:01:08.319 INFO:teuthology.orchestra.run.smithi086.stdout:/usr/bin/ceph: stderr
2024-09-13T16:01:07.691+0000 7f4fcb200640 1 -- 172.21.15.86:0/2392958997 wait complete.
2024-09-13T16:01:09.806 INFO:teuthology.orchestra.run.smithi086.stdout:/usr/bin/ceph: stderr
2024-09-13T16:01:08.845+0000 7f77a3200640 1 Processor -- start
2024-09-13T16:01:09.806 INFO:teuthology.orchestra.run.smithi086.stdout:/usr/bin/ceph: stderr
2024-09-13T16:01:08.845+0000 7f77a3200640 1 -- start start
2024-09-13T16:01:09.806 INFO:teuthology.orchestra.run.smithi086.stdout:/usr/bin/ceph: stderr
2024-09-13T16:01:08.845+0000 7f77a3200640 1 --2- >> [v2:172.21.15.86:3300/0,v1:172.21.15.86:6789/0] conn(0x7f77a41055e0 0x7f77a41059e0 unknown :-1 s=NONE pgs=0 cs=0 l=0 rev1=0 crypto rx=0 tx=0 comp rx=0 tx=0).connect
2024-09-13T16:01:09.806 INFO:teuthology.orchestra.run.smithi086.stdout:/usr/bin/ceph: stderr
2024-09-13T16:01:08.845+0000 7f77a3200640 1 -- --> [v2:172.21.15.86:3300/0,v1:172.21.15.86:6789/0] -- mon_getmap magic: 0 v1 -- 0x7f77a4105f20 con 0x7f77a41055e0
2024-09-13T16:01:09.806 INFO:teuthology.orchestra.run.smithi086.stdout:/usr/bin/ceph: stderr
2024-09-13T16:01:08.845+0000 7f77a1e00640 1 --2- >> [v2:172.21.15.86:3300/0,v1:172.21.15.86:6789/0] conn(0x7f77a41055e0 0x7f77a41059e0 unknown :-1 s=BANNER_CONNECTING pgs=0 cs=0 l=0 rev1=0 crypto rx=0 tx=0 comp rx=0 tx=0)._handle_peer_banner_payload supported=3 required=0
2024-09-13T16:01:09.806 INFO:teuthology.orchestra.run.smithi086.stdout:/usr/bin/ceph: stderr
2024-09-13T16:01:08.845+0000 7f77a1e00640 1 --2- >> [v2:172.21.15.86:3300/0,v1:172.21.15.86:6789/0] conn(0x7f77a41055e0 0x7f77a41059e0 unknown :-1 s=HELLO_CONNECTING pgs=0 cs=0 l=0 rev1=1 crypto rx=0 tx=0 comp rx=0 tx=0).handle_hello peer v2:172.21.15.86:3300/0 says I am v2:172.21.15.86:37378/0 (socket says 172.21.15.86:37378)
