2024-09-13T16:21:56.981+0000 7f53c77fe640 1 --2- 172.21.15.16:0/1503469933 >> [v2:172.21.15.16:3300/0,v1:172.21.15.16:6789/0] conn(0x7f53c8105f90 0x7f53c819b3a0 secure :-1 s=READY pgs=52 cs=0 l=1 rev1=1 crypto rx=0x7f53b80097f0 tx=0x7f53b8032db0 comp rx=0 tx=0).ready entity=mon.0 client_cookie=0 server_cookie=0 in_seq=0 out_seq=0
2024-09-13T16:21:58.346 INFO:teuthology.orchestra.run.smithi016.stdout:/usr/bin/ceph: stderr
2024-09-13T16:21:56.981+0000 7f53c4ff9640 1 -- 172.21.15.16:0/1503469933 <== mon.0 v2:172.21.15.16:3300/0 1 ==== mon_map magic: 0 v1 ==== 205+0+0 (secure 0 0 0) 0x7f53b8030da0 con 0x7f53c8105f90
2024-09-13T16:21:58.346 INFO:teuthology.orchestra.run.smithi016.stdout:/usr/bin/ceph: stderr
2024-09-13T16:21:56.981+0000 7f53c4ff9640 1 -- 172.21.15.16:0/1503469933 <== mon.0 v2:172.21.15.16:3300/0 2 ==== config(25 keys) v1 ==== 1067+0+0 (secure 0 0 0) 0x7f53b803b8c0 con 0x7f53c8105f90
2024-09-13T16:21:58.347 INFO:teuthology.orchestra.run.smithi016.stdout:/usr/bin/ceph: stderr
2024-09-13T16:21:56.981+0000 7f53c4ff9640 1 -- 172.21.15.16:0/1503469933 <== mon.0 v2:172.21.15.16:3300/0 3 ==== mon_map magic: 0 v1 ==== 205+0+0 (secure 0 0 0) 0x7f53b803a570 con 0x7f53c8105f90
2024-09-13T16:21:58.347 INFO:teuthology.orchestra.run.smithi016.stdout:/usr/bin/ceph: stderr
2024-09-13T16:21:56.981+0000 7f53ce126640 1 -- 172.21.15.16:0/1503469933 --> [v2:172.21.15.16:3300/0,v1:172.21.15.16:6789/0] -- mon_subscribe({mgrmap=0+}) v3 -- 0x7f53c819bae0 con 0x7f53c8105f90
2024-09-13T16:21:58.347 INFO:teuthology.orchestra.run.smithi016.stdout:/usr/bin/ceph: stderr
2024-09-13T16:21:56.981+0000 7f53ce126640 1 -- 172.21.15.16:0/1503469933 --> [v2:172.21.15.16:3300/0,v1:172.21.15.16:6789/0] -- mon_subscribe({osdmap=0}) v3 -- 0x7f53c819bf80 con 0x7f53c8105f90
2024-09-13T16:21:58.347 INFO:teuthology.orchestra.run.smithi016.stdout:/usr/bin/ceph: stderr
2024-09-13T16:21:56.982+0000 7f53ce126640 1 -- 172.21.15.16:0/1503469933 --> [v2:172.21.15.16:3300/0,v1:172.21.15.16:6789/0] -- mon_command({"prefix": "get_command_descriptions"} v 0) v1 -- 0x7f53c81096c0 con 0x7f53c8105f90
2024-09-13T16:21:58.347 INFO:teuthology.orchestra.run.smithi016.stdout:/usr/bin/ceph: stderr
2024-09-13T16:21:56.983+0000 7f53c4ff9640 1 -- 172.21.15.16:0/1503469933 <== mon.0 v2:172.21.15.16:3300/0 4 ==== mgrmap(e 8) v1 ==== 45541+0+0 (secure 0 0 0) 0x7f53b8039040 con 0x7f53c8105f90
2024-09-13T16:21:58.347 INFO:teuthology.orchestra.run.smithi016.stdout:/usr/bin/ceph: stderr
2024-09-13T16:21:56.983+0000 7f53c4ff9640 1 --2- 172.21.15.16:0/1503469933 >> [v2:172.21.15.16:6800/1756940569,v1:172.21.15.16:6801/1756940569] conn(0x7f53b0038620 0x7f53b003aae0 unknown :-1 s=NONE pgs=0 cs=0 l=1 rev1=0 crypto rx=0 tx=0 comp rx=0 tx=0).connect
2024-09-13T16:21:58.347 INFO:teuthology.orchestra.run.smithi016.stdout:/usr/bin/ceph: stderr
2024-09-13T16:21:56.983+0000 7f53c4ff9640 1 -- 172.21.15.16:0/1503469933 <== mon.0 v2:172.21.15.16:3300/0 5 ==== osd_map(2..2 src has 1..2) v4 ==== 940+0+0 (secure 0 0 0) 0x7f53b806b960 con 0x7f53c8105f90
2024-09-13T16:21:58.347 INFO:teuthology.orchestra.run.smithi016.stdout:/usr/bin/ceph: stderr
2024-09-13T16:21:56.983+0000 7f53c6ffd640 1 --2- 172.21.15.16:0/1503469933 >> [v2:172.21.15.16:6800/1756940569,v1:172.21.15.16:6801/1756940569] conn(0x7f53b0038620 0x7f53b003aae0 unknown :-1 s=BANNER_CONNECTING pgs=0 cs=0 l=1 rev1=0 crypto rx=0 tx=0 comp rx=0 tx=0)._handle_peer_banner_payload supported=3 required=0
2024-09-13T16:21:58.347 INFO:teuthology.orchestra.run.smithi016.stdout:/usr/bin/ceph: stderr
2024-09-13T16:21:56.983+0000 7f53c6ffd640 1 --2- 172.21.15.16:0/1503469933 >> [v2:172.21.15.16:6800/1756940569,v1:172.21.15.16:6801/1756940569] conn(0x7f53b0038620 0x7f53b003aae0 secure :-1 s=READY pgs=15 cs=0 l=1 rev1=1 crypto rx=0x7f53bc0098c0 tx=0x7f53bc006db0 comp rx=0 tx=0).ready entity=mgr.14118 client_cookie=0 server_cookie=0 in_seq=0 out_seq=0
2024-09-13T16:21:58.347 INFO:teuthology.orchestra.run.smithi016.stdout:/usr/bin/ceph: stderr
2024-09-13T16:21:56.987+0000 7f53c4ff9640 1 -- 172.21.15.16:0/1503469933 <== mon.0 v2:172.21.15.16:3300/0 6 ==== mon_command_ack([{"prefix": "get_command_descriptions"}]=0 v0) v1 ==== 72+0+183819 (secure 0 0 0) 0x7f53b803bdb0 con 0x7f53c8105f90
2024-09-13T16:21:58.347 INFO:teuthology.orchestra.run.smithi016.stdout:/usr/bin/ceph: stderr
2024-09-13T16:21:57.161+0000 7f53ce126640 1 -- 172.21.15.16:0/1503469933 --> [v2:172.21.15.16:3300/0,v1:172.21.15.16:6789/0] -- mon_command([{prefix=config set, name=mgr/dashboard/ssl_server_port}] v 0) v1 -- 0x7f53c8109900 con 0x7f53c8105f90
2024-09-13T16:21:58.347 INFO:teuthology.orchestra.run.smithi016.stdout:/usr/bin/ceph: stderr
2024-09-13T16:21:57.164+0000 7f53c4ff9640 1 -- 172.21.15.16:0/1503469933 <== mon.0 v2:172.21.15.16:3300/0 7 ==== mon_command_ack([{prefix=config set, name=mgr/dashboard/ssl_server_port}]=0 v8)=0 v8) v1 ==== 130+0+0 (secure 0 0 0) 0x7f53b803f070 con 0x7f53c8105f90
2024-09-13T16:21:58.347 INFO:teuthology.orchestra.run.smithi016.stdout:/usr/bin/ceph: stderr
2024-09-13T16:21:57.166+0000 7f53ce126640 1 -- 172.21.15.16:0/1503469933 >> [v2:172.21.15.16:6800/1756940569,v1:172.21.15.16:6801/1756940569] conn(0x7f53b0038620 msgr2=0x7f53b003aae0 secure :-1 s=STATE_CONNECTION_ESTABLISHED l=1).mark_down
2024-09-13T16:21:58.348 INFO:teuthology.orchestra.run.smithi016.stdout:/usr/bin/ceph: stderr
2024-09-13T16:21:57.166+0000 7f53ce126640 1 --2- 172.21.15.16:0/1503469933 >> [v2:172.21.15.16:6800/1756940569,v1:172.21.15.16:6801/1756940569] conn(0x7f53b0038620 0x7f53b003aae0 secure :-1 s=READY pgs=15 cs=0 l=1 rev1=1 crypto rx=0x7f53bc0098c0 tx=0x7f53bc006db0 comp rx=0 tx=0).stop
2024-09-13T16:21:58.348 INFO:teuthology.orchestra.run.smithi016.stdout:/usr/bin/ceph: stderr
2024-09-13T16:21:57.166+0000 7f53ce126640 1 -- 172.21.15.16:0/1503469933 >> [v2:172.21.15.16:3300/0,v1:172.21.15.16:6789/0] conn(0x7f53c8105f90 msgr2=0x7f53c819b3a0 secure :-1 s=STATE_CONNECTION_ESTABLISHED l=1).mark_down
2024-09-13T16:21:58.348 INFO:teuthology.orchestra.run.smithi016.stdout:/usr/bin/ceph: stderr
2024-09-13T16:21:57.166+0000 7f53ce126640 1 --2- 172.21.15.16:0/1503469933 >> [v2:172.21.15.16:3300/0,v1:172.21.15.16:6789/0] conn(0x7f53c8105f90 0x7f53c819b3a0 secure :-1 s=READY pgs=52 cs=0 l=1 rev1=1 crypto rx=0x7f53b80097f0 tx=0x7f53b8032db0 comp rx=0 tx=0).stop
2024-09-13T16:21:58.348 INFO:teuthology.orchestra.run.smithi016.stdout:/usr/bin/ceph: stderr
2024-09-13T16:21:57.166+0000 7f53ce126640 1 -- 172.21.15.16:0/1503469933 shutdown_connections
2024-09-13T16:21:58.348 INFO:teuthology.orchestra.run.smithi016.stdout:/usr/bin/ceph: stderr
2024-09-13T16:21:57.166+0000 7f53ce126640 1 --2- 172.21.15.16:0/1503469933 >> [v2:172.21.15.16:6800/1756940569,v1:172.21.15.16:6801/1756940569] conn(0x7f53b0038620 0x7f53b003aae0 unknown :-1 s=CLOSED pgs=15 cs=0 l=1 rev1=1 crypto rx=0 tx=0 comp rx=0 tx=0).stop
2024-09-13T16:21:58.348 INFO:teuthology.orchestra.run.smithi016.stdout:/usr/bin/ceph: stderr
2024-09-13T16:21:57.166+0000 7f53ce126640 1 --2- 172.21.15.16:0/1503469933 >> [v2:172.21.15.16:3300/0,v1:172.21.15.16:6789/0] conn(0x7f53c8105f90 0x7f53c819b3a0 unknown :-1 s=CLOSED pgs=52 cs=0 l=1 rev1=1 crypto rx=0 tx=0 comp rx=0 tx=0).stop
2024-09-13T16:21:58.348 INFO:teuthology.orchestra.run.smithi016.stdout:/usr/bin/ceph: stderr
2024-09-13T16:21:57.166+0000 7f53ce126640 1 -- 172.21.15.16:0/1503469933 >> 172.21.15.16:0/1503469933 conn(0x7f53c80ffbb0 msgr2=0x7f53c81006f0 unknown :-1 s=STATE_NONE l=0).mark_down
2024-09-13T16:21:58.348 INFO:teuthology.orchestra.run.smithi016.stdout:/usr/bin/ceph: stderr
2024-09-13T16:21:57.167+0000 7f53ce126640 1 -- 172.21.15.16:0/1503469933 shutdown_connections
2024-09-13T16:21:58.348 INFO:teuthology.orchestra.run.smithi016.stdout:/usr/bin/ceph: stderr
2024-09-13T16:21:57.167+0000 7f53ce126640 1 -- 172.21.15.16:0/1503469933 wait complete.
2024-09-13T16:21:58.348 INFO:teuthology.orchestra.run.smithi016.stdout:Enabling the dashboard module...
2024-09-13T16:21:59.813 INFO:journalctl@ceph.mon.a.smithi016.stdout:Sep 13 16:21:59 smithi016 ceph-mon[31187]: from='client.? 172.21.15.16:0/884196114' entity='client.admin' cmd=[{"prefix": "mgr module enable", "module": "dashboard"}]: dispatch
2024-09-13T16:21:59.813 INFO:journalctl@ceph.mgr.x.smithi016.stdout:Sep 13 16:21:59 smithi016 ceph-0d241f6a-71ec-11ef-bceb-c7b262605968-mgr-x[31417]: ignoring --setuser ceph since I am not root
2024-09-13T16:21:59.813 INFO:journalctl@ceph.mgr.x.smithi016.stdout:Sep 13 16:21:59 smithi016 ceph-0d241f6a-71ec-11ef-bceb-c7b262605968-mgr-x[31417]: ignoring --setgroup ceph since I am not root
2024-09-13T16:21:59.814 INFO:journalctl@ceph.mgr.x.smithi016.stdout:Sep 13 16:21:59 smithi016 ceph-0d241f6a-71ec-11ef-bceb-c7b262605968-mgr-x[31417]:
2024-09-13T16:21:59.629+0000 7fa3303b2040 -1 mgr[py] Module osd_perf_query has missing NOTIFY_TYPES member
2024-09-13T16:21:59.814 INFO:journalctl@ceph.mgr.x.smithi016.stdout:Sep 13 16:21:59 smithi016 ceph-0d241f6a-71ec-11ef-bceb-c7b262605968-mgr-x[31417]:
2024-09-13T16:21:59.688+0000 7fa3303b2040 -1 mgr[py] Module osd_support has missing NOTIFY_TYPES member
2024-09-13T16:22:00.068 INFO:journalctl@ceph.mgr.x.smithi016.stdout:Sep 13 16:21:59 smithi016 ceph-0d241f6a-71ec-11ef-bceb-c7b262605968-mgr-x[31417]:
2024-09-13T16:21:59.846+0000 7fa3303b2040 -1 mgr[py] Module diskprediction_local has missing NOTIFY_TYPES member
2024-09-13T16:22:00.068 INFO:journalctl@ceph.mgr.x.smithi016.stdout:Sep 13 16:21:59 smithi016 ceph-0d241f6a-71ec-11ef-bceb-c7b262605968-mgr-x[31417]:
2024-09-13T16:21:59.915+0000 7fa3303b2040 -1 mgr[py] Module crash has missing NOTIFY_TYPES member
2024-09-13T16:22:00.069 INFO:journalctl@ceph.mgr.x.smithi016.stdout:Sep 13 16:22:00 smithi016 ceph-0d241f6a-71ec-11ef-bceb-c7b262605968-mgr-x[31417]:
2024-09-13T16:22:00.067+0000 7fa3303b2040 -1 mgr[py] Module test_orchestrator has missing NOTIFY_TYPES member
2024-09-13T16:22:00.105 INFO:teuthology.orchestra.run.smithi016.stdout:/usr/bin/ceph: stderr
2024-09-13T16:21:59.199+0000 7f7091845640 1 Processor -- start
2024-09-13T16:22:00.105 INFO:teuthology.orchestra.run.smithi016.stdout:/usr/bin/ceph: stderr
2024-09-13T16:21:59.199+0000 7f7091845640 1 -- start start
2024-09-13T16:22:00.105 INFO:teuthology.orchestra.run.smithi016.stdout:/usr/bin/ceph: stderr
2024-09-13T16:21:59.199+0000 7f7091845640 1 --2- >> [v2:172.21.15.16:3300/0,v1:172.21.15.16:6789/0] conn(0x7f708c07be30 0x7f708c07a290 unknown :-1 s=NONE pgs=0 cs=0 l=0 rev1=0 crypto rx=0 tx=0 comp rx=0 tx=0).connect
2024-09-13T16:22:00.105 INFO:teuthology.orchestra.run.smithi016.stdout:/usr/bin/ceph: stderr
2024-09-13T16:21:59.199+0000 7f7091845640 1 -- --> [v2:172.21.15.16:3300/0,v1:172.21.15.16:6789/0] -- mon_getmap magic: 0 v1 -- 0x7f708c07a860 con 0x7f708c07be30
2024-09-13T16:22:00.105 INFO:teuthology.orchestra.run.smithi016.stdout:/usr/bin/ceph: stderr
2024-09-13T16:21:59.199+0000 7f708affd640 1 --2- >> [v2:172.21.15.16:3300/0,v1:172.21.15.16:6789/0] conn(0x7f708c07be30 0x7f708c07a290 unknown :-1 s=BANNER_CONNECTING pgs=0 cs=0 l=0 rev1=0 crypto rx=0 tx=0 comp rx=0 tx=0)._handle_peer_banner_payload supported=3 required=0
2024-09-13T16:22:00.105 INFO:teuthology.orchestra.run.smithi016.stdout:/usr/bin/ceph: stderr
2024-09-13T16:21:59.199+0000 7f708affd640 1 --2- >> [v2:172.21.15.16:3300/0,v1:172.21.15.16:6789/0] conn(0x7f708c07be30 0x7f708c07a290 unknown :-1 s=HELLO_CONNECTING pgs=0 cs=0 l=0 rev1=1 crypto rx=0 tx=0 comp rx=0 tx=0).handle_hello peer v2:172.21.15.16:3300/0 says I am v2:172.21.15.16:49882/0 (socket says 172.21.15.16:49882)
2024-09-13T16:22:00.105 INFO:teuthology.orchestra.run.smithi016.stdout:/usr/bin/ceph: stderr
2024-09-13T16:21:59.199+0000 7f708affd640 1 -- 172.21.15.16:0/2392963375 learned_addr learned my addr 172.21.15.16:0/2392963375 (peer_addr_for_me v2:172.21.15.16:0/0)
2024-09-13T16:22:00.105 INFO:teuthology.orchestra.run.smithi016.stdout:/usr/bin/ceph: stderr
2024-09-13T16:21:59.199+0000 7f708affd640 1 -- 172.21.15.16:0/2392963375 --> [v2:172.21.15.16:3300/0,v1:172.21.15.16:6789/0] -- mon_subscribe({config=0+,monmap=0+}) v3 -- 0x7f708c07a9a0 con 0x7f708c07be30
2024-09-13T16:22:00.105 INFO:teuthology.orchestra.run.smithi016.stdout:/usr/bin/ceph: stderr
2024-09-13T16:21:59.200+0000 7f708affd640 1 --2- 172.21.15.16:0/2392963375 >> [v2:172.21.15.16:3300/0,v1:172.21.15.16:6789/0] conn(0x7f708c07be30 0x7f708c07a290 secure :-1 s=READY pgs=53 cs=0 l=1 rev1=1 crypto rx=0x7f707c009820 tx=0x7f707c02a270 comp rx=0 tx=0).ready entity=mon.0 client_cookie=9f6e047062154919 server_cookie=0 in_seq=0 out_seq=0
2024-09-13T16:22:00.106 INFO:teuthology.orchestra.run.smithi016.stdout:/usr/bin/ceph: stderr
2024-09-13T16:21:59.200+0000 7f708a7fc640 1 -- 172.21.15.16:0/2392963375 <== mon.0 v2:172.21.15.16:3300/0 1 ==== mon_map magic: 0 v1 ==== 205+0+0 (secure 0 0 0) 0x7f707c02ae70 con 0x7f708c07be30
2024-09-13T16:22:00.106 INFO:teuthology.orchestra.run.smithi016.stdout:/usr/bin/ceph: stderr
2024-09-13T16:21:59.200+0000 7f708a7fc640 1 -- 172.21.15.16:0/2392963375 <== mon.0 v2:172.21.15.16:3300/0 2 ==== config(25 keys) v1 ==== 1067+0+0 (secure 0 0 0) 0x7f707c0328d0 con 0x7f708c07be30
2024-09-13T16:22:00.106 INFO:teuthology.orchestra.run.smithi016.stdout:/usr/bin/ceph: stderr
2024-09-13T16:21:59.200+0000 7f708a7fc640 1 -- 172.21.15.16:0/2392963375 <== mon.0 v2:172.21.15.16:3300/0 3 ==== mon_map magic: 0 v1 ==== 205+0+0 (secure 0 0 0) 0x7f707c0307a0 con 0x7f708c07be30
2024-09-13T16:22:00.106 INFO:teuthology.orchestra.run.smithi016.stdout:/usr/bin/ceph: stderr
2024-09-13T16:21:59.201+0000 7f7091845640 1 -- 172.21.15.16:0/2392963375 >> [v2:172.21.15.16:3300/0,v1:172.21.15.16:6789/0] conn(0x7f708c07be30 msgr2=0x7f708c07a290 secure :-1 s=STATE_CONNECTION_ESTABLISHED l=1).mark_down
2024-09-13T16:22:00.106 INFO:teuthology.orchestra.run.smithi016.stdout:/usr/bin/ceph: stderr
2024-09-13T16:21:59.201+0000 7f7091845640 1 --2- 172.21.15.16:0/2392963375 >> [v2:172.21.15.16:3300/0,v1:172.21.15.16:6789/0] conn(0x7f708c07be30 0x7f708c07a290 secure :-1 s=READY pgs=53 cs=0 l=1 rev1=1 crypto rx=0x7f707c009820 tx=0x7f707c02a270 comp rx=0 tx=0).stop
2024-09-13T16:22:00.106 INFO:teuthology.orchestra.run.smithi016.stdout:/usr/bin/ceph: stderr
2024-09-13T16:21:59.201+0000 7f7091845640 1 -- 172.21.15.16:0/2392963375 shutdown_connections
2024-09-13T16:22:00.106 INFO:teuthology.orchestra.run.smithi016.stdout:/usr/bin/ceph: stderr
2024-09-13T16:21:59.201+0000 7f7091845640 1 --2- 172.21.15.16:0/2392963375 >> [v2:172.21.15.16:3300/0,v1:172.21.15.16:6789/0] conn(0x7f708c07be30 0x7f708c07a290 unknown :-1 s=CLOSED pgs=53 cs=0 l=1 rev1=1 crypto rx=0 tx=0 comp rx=0 tx=0).stop
2024-09-13T16:22:00.106 INFO:teuthology.orchestra.run.smithi016.stdout:/usr/bin/ceph: stderr
2024-09-13T16:21:59.201+0000 7f7091845640 1 -- 172.21.15.16:0/2392963375 >> 172.21.15.16:0/2392963375 conn(0x7f708c100cb0 msgr2=0x7f708c1030f0 unknown :-1 s=STATE_NONE l=0).mark_down
2024-09-13T16:22:00.106 INFO:teuthology.orchestra.run.smithi016.stdout:/usr/bin/ceph: stderr
2024-09-13T16:21:59.201+0000 7f7091845640 1 -- 172.21.15.16:0/2392963375 shutdown_connections
2024-09-13T16:22:00.106 INFO:teuthology.orchestra.run.smithi016.stdout:/usr/bin/ceph: stderr
2024-09-13T16:21:59.201+0000 7f7091845640 1 -- 172.21.15.16:0/2392963375 wait complete.
2024-09-13T16:22:00.106 INFO:teuthology.orchestra.run.smithi016.stdout:/usr/bin/ceph: stderr
2024-09-13T16:21:59.202+0000 7f7091845640 1 Processor -- start
2024-09-13T16:22:00.106 INFO:teuthology.orchestra.run.smithi016.stdout:/usr/bin/ceph: stderr
2024-09-13T16:21:59.202+0000 7f7091845640 1 -- start start
2024-09-13T16:22:00.106 INFO:teuthology.orchestra.run.smithi016.stdout:/usr/bin/ceph: stderr
2024-09-13T16:21:59.202+0000 7f7091845640 1 --2- >> [v2:172.21.15.16:3300/0,v1:172.21.15.16:6789/0] conn(0x7f708c07be30 0x7f708c19b3f0 unknown :-1 s=NONE pgs=0 cs=0 l=1 rev1=0 crypto rx=0 tx=0 comp rx=0 tx=0).connect
2024-09-13T16:22:00.106 INFO:teuthology.orchestra.run.smithi016.stdout:/usr/bin/ceph: stderr
2024-09-13T16:21:59.202+0000 7f7091845640 1 -- --> [v2:172.21.15.16:3300/0,v1:172.21.15.16:6789/0] -- mon_getmap magic: 0 v1 -- 0x7f708c19b930 con 0x7f708c07be30
2024-09-13T16:22:00.107 INFO:teuthology.orchestra.run.smithi016.stdout:/usr/bin/ceph: stderr
2024-09-13T16:21:59.202+0000 7f708affd640 1 --2- >> [v2:172.21.15.16:3300/0,v1:172.21.15.16:6789/0] conn(0x7f708c07be30 0x7f708c19b3f0 unknown :-1 s=BANNER_CONNECTING pgs=0 cs=0 l=1 rev1=0 crypto rx=0 tx=0 comp rx=0 tx=0)._handle_peer_banner_payload supported=3 required=0
2024-09-13T16:22:00.107 INFO:teuthology.orchestra.run.smithi016.stdout:/usr/bin/ceph: stderr
2024-09-13T16:21:59.202+0000 7f708affd640 1 --2- >> [v2:172.21.15.16:3300/0,v1:172.21.15.16:6789/0] conn(0x7f708c07be30 0x7f708c19b3f0 unknown :-1 s=HELLO_CONNECTING pgs=0 cs=0 l=1 rev1=1 crypto rx=0 tx=0 comp rx=0 tx=0).handle_hello peer v2:172.21.15.16:3300/0 says I am v2:172.21.15.16:49898/0 (socket says 172.21.15.16:49898)
2024-09-13T16:22:00.107 INFO:teuthology.orchestra.run.smithi016.stdout:/usr/bin/ceph: stderr
2024-09-13T16:21:59.202+0000 7f708affd640 1 -- 172.21.15.16:0/884196114 learned_addr learned my addr 172.21.15.16:0/884196114 (peer_addr_for_me v2:172.21.15.16:0/0)
2024-09-13T16:22:00.107 INFO:teuthology.orchestra.run.smithi016.stdout:/usr/bin/ceph: stderr
2024-09-13T16:21:59.203+0000 7f708affd640 1 -- 172.21.15.16:0/884196114 --> [v2:172.21.15.16:3300/0,v1:172.21.15.16:6789/0] -- mon_subscribe({config=0+,monmap=0+}) v3 -- 0x7f707c0094d0 con 0x7f708c07be30
2024-09-13T16:22:00.107 INFO:teuthology.orchestra.run.smithi016.stdout:/usr/bin/ceph: stderr
2024-09-13T16:21:59.203+0000 7f708affd640 1 --2- 172.21.15.16:0/884196114 >> [v2:172.21.15.16:3300/0,v1:172.21.15.16:6789/0] conn(0x7f708c07be30 0x7f708c19b3f0 secure :-1 s=READY pgs=54 cs=0 l=1 rev1=1 crypto rx=0x7f707c0097f0 tx=0x7f707c032d90 comp rx=0 tx=0).ready entity=mon.0 client_cookie=0 server_cookie=0 in_seq=0 out_seq=0
2024-09-13T16:22:00.107 INFO:teuthology.orchestra.run.smithi016.stdout:/usr/bin/ceph: stderr
2024-09-13T16:21:59.203+0000 7f7090843640 1 -- 172.21.15.16:0/884196114 <== mon.0 v2:172.21.15.16:3300/0 1 ==== mon_map magic: 0 v1 ==== 205+0+0 (secure 0 0 0) 0x7f707c030da0 con 0x7f708c07be30
2024-09-13T16:22:00.107 INFO:teuthology.orchestra.run.smithi016.stdout:/usr/bin/ceph: stderr
2024-09-13T16:21:59.203+0000 7f7090843640 1 -- 172.21.15.16:0/884196114 <== mon.0 v2:172.21.15.16:3300/0 2 ==== config(25 keys) v1 ==== 1067+0+0 (secure 0 0 0) 0x7f707c03c890 con 0x7f708c07be30
2024-09-13T16:22:00.107 INFO:teuthology.orchestra.run.smithi016.stdout:/usr/bin/ceph: stderr
2024-09-13T16:21:59.203+0000 7f7091845640 1 -- 172.21.15.16:0/884196114 --> [v2:172.21.15.16:3300/0,v1:172.21.15.16:6789/0] -- mon_subscribe({mgrmap=0+}) v3 -- 0x7f708c19bb30 con 0x7f708c07be30
2024-09-13T16:22:00.107 INFO:teuthology.orchestra.run.smithi016.stdout:/usr/bin/ceph: stderr
2024-09-13T16:21:59.203+0000 7f7091845640 1 -- 172.21.15.16:0/884196114 --> [v2:172.21.15.16:3300/0,v1:172.21.15.16:6789/0] -- mon_subscribe({osdmap=0}) v3 -- 0x7f708c19bfd0 con 0x7f708c07be30
2024-09-13T16:22:00.107 INFO:teuthology.orchestra.run.smithi016.stdout:/usr/bin/ceph: stderr
2024-09-13T16:21:59.203+0000 7f7090843640 1 -- 172.21.15.16:0/884196114 <== mon.0 v2:172.21.15.16:3300/0 3 ==== mon_map magic: 0 v1 ==== 205+0+0 (secure 0 0 0) 0x7f707c03a5d0 con 0x7f708c07be30
2024-09-13T16:22:00.107 INFO:teuthology.orchestra.run.smithi016.stdout:/usr/bin/ceph: stderr
2024-09-13T16:21:59.204+0000 7f7090843640 1 -- 172.21.15.16:0/884196114 <== mon.0 v2:172.21.15.16:3300/0 4 ==== mgrmap(e 8) v1 ==== 45541+0+0 (secure 0 0 0) 0x7f707c03c400 con 0x7f708c07be30
2024-09-13T16:22:00.107 INFO:teuthology.orchestra.run.smithi016.stdout:/usr/bin/ceph: stderr
2024-09-13T16:21:59.204+0000 7f7090843640 1 --2- 172.21.15.16:0/884196114 >> [v2:172.21.15.16:6800/1756940569,v1:172.21.15.16:6801/1756940569] conn(0x7f7078038670 0x7f707803ab30 unknown :-1 s=NONE pgs=0 cs=0 l=1 rev1=0 crypto rx=0 tx=0 comp rx=0 tx=0).connect
2024-09-13T16:22:00.107 INFO:teuthology.orchestra.run.smithi016.stdout:/usr/bin/ceph: stderr
2024-09-13T16:21:59.204+0000 7f7091845640 1 -- 172.21.15.16:0/884196114 --> [v2:172.21.15.16:3300/0,v1:172.21.15.16:6789/0] -- mon_command({"prefix": "get_command_descriptions"} v 0) v1 -- 0x7f708c10b950 con 0x7f708c07be30
2024-09-13T16:22:00.108 INFO:teuthology.orchestra.run.smithi016.stdout:/usr/bin/ceph: stderr
2024-09-13T16:21:59.205+0000 7f7090843640 1 -- 172.21.15.16:0/884196114 <== mon.0 v2:172.21.15.16:3300/0 5 ==== osd_map(2..2 src has 1..2) v4 ==== 940+0+0 (secure 0 0 0) 0x7f707c06bb20 con 0x7f708c07be30
2024-09-13T16:22:00.108 INFO:teuthology.orchestra.run.smithi016.stdout:/usr/bin/ceph: stderr
2024-09-13T16:21:59.205+0000 7f7083fff640 1 --2- 172.21.15.16:0/884196114 >> [v2:172.21.15.16:6800/1756940569,v1:172.21.15.16:6801/1756940569] conn(0x7f7078038670 0x7f707803ab30 unknown :-1 s=BANNER_CONNECTING pgs=0 cs=0 l=1 rev1=0 crypto rx=0 tx=0 comp rx=0 tx=0)._handle_peer_banner_payload supported=3 required=0
2024-09-13T16:22:00.108 INFO:teuthology.orchestra.run.smithi016.stdout:/usr/bin/ceph: stderr
2024-09-13T16:21:59.205+0000 7f7083fff640 1 --2- 172.21.15.16:0/884196114 >> [v2:172.21.15.16:6800/1756940569,v1:172.21.15.16:6801/1756940569] conn(0x7f7078038670 0x7f707803ab30 secure :-1 s=READY pgs=16 cs=0 l=1 rev1=1 crypto rx=0x7f70740098c0 tx=0x7f7074006db0 comp rx=0 tx=0).ready entity=mgr.14118 client_cookie=0 server_cookie=0 in_seq=0 out_seq=0
2024-09-13T16:22:00.108 INFO:teuthology.orchestra.run.smithi016.stdout:/usr/bin/ceph: stderr
2024-09-13T16:21:59.209+0000 7f7090843640 1 -- 172.21.15.16:0/884196114 <== mon.0 v2:172.21.15.16:3300/0 6 ==== mon_command_ack([{"prefix": "get_command_descriptions"}]=0 v0) v1 ==== 72+0+183819 (secure 0 0 0) 0x7f707c031d30 con 0x7f708c07be30
2024-09-13T16:22:00.108 INFO:teuthology.orchestra.run.smithi016.stdout:/usr/bin/ceph: stderr
2024-09-13T16:21:59.426+0000 7f7091845640 1 -- 172.21.15.16:0/884196114 --> [v2:172.21.15.16:3300/0,v1:172.21.15.16:6789/0] -- mon_command({"prefix": "mgr module enable", "module": "dashboard"} v 0) v1 -- 0x7f708c10bb90 con 0x7f708c07be30
2024-09-13T16:22:00.108 INFO:teuthology.orchestra.run.smithi016.stdout:/usr/bin/ceph: stderr
2024-09-13T16:21:59.479+0000 7f7090843640 1 -- 172.21.15.16:0/884196114 <== mon.0 v2:172.21.15.16:3300/0 7 ==== mgrmap(e 9) v1 ==== 45554+0+0 (secure 0 0 0) 0x7f707c043d70 con 0x7f708c07be30
2024-09-13T16:22:00.108 INFO:teuthology.orchestra.run.smithi016.stdout:/usr/bin/ceph: stderr
2024-09-13T16:21:59.480+0000 7f7090843640 1 -- 172.21.15.16:0/884196114 <== mon.0 v2:172.21.15.16:3300/0 8 ==== mon_command_ack([{"prefix": "mgr module enable", "module": "dashboard"}]=0 v9) v1 ==== 88+0+0 (secure 0 0 0) 0x7f707c03cce0 con 0x7f708c07be30
2024-09-13T16:22:00.108 INFO:teuthology.orchestra.run.smithi016.stdout:/usr/bin/ceph: stderr
2024-09-13T16:21:59.483+0000 7f7091845640 1 -- 172.21.15.16:0/884196114 >> [v2:172.21.15.16:6800/1756940569,v1:172.21.15.16:6801/1756940569] conn(0x7f7078038670 msgr2=0x7f707803ab30 secure :-1 s=STATE_CONNECTION_ESTABLISHED l=1).mark_down
2024-09-13T16:22:00.108 INFO:teuthology.orchestra.run.smithi016.stdout:/usr/bin/ceph: stderr
2024-09-13T16:21:59.483+0000 7f7091845640 1 --2- 172.21.15.16:0/884196114 >> [v2:172.21.15.16:6800/1756940569,v1:172.21.15.16:6801/1756940569] conn(0x7f7078038670 0x7f707803ab30 secure :-1 s=READY pgs=16 cs=0 l=1 rev1=1 crypto rx=0x7f70740098c0 tx=0x7f7074006db0 comp rx=0 tx=0).stop
2024-09-13T16:22:00.108 INFO:teuthology.orchestra.run.smithi016.stdout:/usr/bin/ceph: stderr
2024-09-13T16:21:59.483+0000 7f7091845640 1 -- 172.21.15.16:0/884196114 >> [v2:172.21.15.16:3300/0,v1:172.21.15.16:6789/0] conn(0x7f708c07be30 msgr2=0x7f708c19b3f0 secure :-1 s=STATE_CONNECTION_ESTABLISHED l=1).mark_down
2024-09-13T16:22:00.108 INFO:teuthology.orchestra.run.smithi016.stdout:/usr/bin/ceph: stderr
2024-09-13T16:21:59.483+0000 7f7091845640 1 --2- 172.21.15.16:0/884196114 >> [v2:172.21.15.16:3300/0,v1:172.21.15.16:6789/0] conn(0x7f708c07be30 0x7f708c19b3f0 secure :-1 s=READY pgs=54 cs=0 l=1 rev1=1 crypto rx=0x7f707c0097f0 tx=0x7f707c032d90 comp rx=0 tx=0).stop
2024-09-13T16:22:00.108 INFO:teuthology.orchestra.run.smithi016.stdout:/usr/bin/ceph: stderr
2024-09-13T16:21:59.483+0000 7f7091845640 1 -- 172.21.15.16:0/884196114 shutdown_connections
2024-09-13T16:22:00.109 INFO:teuthology.orchestra.run.smithi016.stdout:/usr/bin/ceph: stderr
2024-09-13T16:21:59.483+0000 7f7091845640 1 --2- 172.21.15.16:0/884196114 >> [v2:172.21.15.16:6800/1756940569,v1:172.21.15.16:6801/1756940569] conn(0x7f7078038670 0x7f707803ab30 unknown :-1 s=CLOSED pgs=16 cs=0 l=1 rev1=1 crypto rx=0 tx=0 comp rx=0 tx=0).stop
2024-09-13T16:22:00.109 INFO:teuthology.orchestra.run.smithi016.stdout:/usr/bin/ceph: stderr
2024-09-13T16:21:59.483+0000 7f7091845640 1 --2- 172.21.15.16:0/884196114 >> [v2:172.21.15.16:3300/0,v1:172.21.15.16:6789/0] conn(0x7f708c07be30 0x7f708c19b3f0 unknown :-1 s=CLOSED pgs=54 cs=0 l=1 rev1=1 crypto rx=0 tx=0 comp rx=0 tx=0).stop
2024-09-13T16:22:00.109 INFO:teuthology.orchestra.run.smithi016.stdout:/usr/bin/ceph: stderr
2024-09-13T16:21:59.483+0000 7f7091845640 1 -- 172.21.15.16:0/884196114 >> 172.21.15.16:0/884196114 conn(0x7f708c100cb0 msgr2=0x7f708c101840 unknown :-1 s=STATE_NONE l=0).mark_down
2024-09-13T16:22:00.109 INFO:teuthology.orchestra.run.smithi016.stdout:/usr/bin/ceph: stderr
2024-09-13T16:21:59.484+0000 7f7091845640 1 -- 172.21.15.16:0/884196114 shutdown_connections
2024-09-13T16:22:00.109 INFO:teuthology.orchestra.run.smithi016.stdout:/usr/bin/ceph: stderr
2024-09-13T16:21:59.484+0000 7f7091845640 1 -- 172.21.15.16:0/884196114 wait complete.
2024-09-13T16:22:00.354 INFO:journalctl@ceph.mgr.x.smithi016.stdout:Sep 13 16:22:00 smithi016 ceph-0d241f6a-71ec-11ef-bceb-c7b262605968-mgr-x[31417]:
2024-09-13T16:22:00.216+0000 7fa3303b2040 -1 mgr[py] Module snap_schedule has missing NOTIFY_TYPES member
2024-09-13T16:22:00.614 INFO:journalctl@ceph.mon.a.smithi016.stdout:Sep 13 16:22:00 smithi016 ceph-mon[31187]: from='client.? 172.21.15.16:0/884196114' entity='client.admin' cmd='[{"prefix": "mgr module enable", "module": "dashboard"}]': finished
2024-09-13T16:22:00.614 INFO:journalctl@ceph.mon.a.smithi016.stdout:Sep 13 16:22:00 smithi016 ceph-mon[31187]: mgrmap e9: x(active, since 19s)
2024-09-13T16:22:00.614 INFO:journalctl@ceph.mgr.x.smithi016.stdout:Sep 13 16:22:00 smithi016 ceph-0d241f6a-71ec-11ef-bceb-c7b262605968-mgr-x[31417]:
2024-09-13T16:22:00.549+0000 7fa3303b2040 -1 mgr[py] Module prometheus has missing NOTIFY_TYPES member
2024-09-13T16:22:00.614 INFO:journalctl@ceph.mgr.x.smithi016.stdout:Sep 13 16:22:00 smithi016 ceph-0d241f6a-71ec-11ef-bceb-c7b262605968-mgr-x[31417]:
2024-09-13T16:22:00.613+0000 7fa3303b2040 -1 mgr[py] Module selftest has missing NOTIFY_TYPES member
2024-09-13T16:22:01.077 INFO:journalctl@ceph.mgr.x.smithi016.stdout:Sep 13 16:22:00 smithi016 ceph-0d241f6a-71ec-11ef-bceb-c7b262605968-mgr-x[31417]:
2024-09-13T16:22:00.807+0000 7fa3303b2040 -1 mgr[py] Module volumes has missing NOTIFY_TYPES member
2024-09-13T16:22:01.378 INFO:teuthology.orchestra.run.smithi016.stdout:/usr/bin/ceph: stdout {
2024-09-13T16:22:01.378 INFO:teuthology.orchestra.run.smithi016.stdout:/usr/bin/ceph: stdout "epoch": 9,
2024-09-13T16:22:01.379 INFO:teuthology.orchestra.run.smithi016.stdout:/usr/bin/ceph: stdout "available": true,
2024-09-13T16:22:01.379 INFO:teuthology.orchestra.run.smithi016.stdout:/usr/bin/ceph: stdout "active_name": "x",
2024-09-13T16:22:01.379 INFO:teuthology.orchestra.run.smithi016.stdout:/usr/bin/ceph: stdout "num_standby": 0
2024-09-13T16:22:01.379 INFO:teuthology.orchestra.run.smithi016.stdout:/usr/bin/ceph: stdout }
2024-09-13T16:22:01.379 INFO:teuthology.orchestra.run.smithi016.stdout:/usr/bin/ceph: stderr
2024-09-13T16:22:00.537+0000 7f96d25b8640 1 Processor -- start
2024-09-13T16:22:01.379 INFO:teuthology.orchestra.run.smithi016.stdout:/usr/bin/ceph: stderr
2024-09-13T16:22:00.537+0000 7f96d25b8640 1 -- start start
2024-09-13T16:22:01.379 INFO:teuthology.orchestra.run.smithi016.stdout:/usr/bin/ceph: stderr
2024-09-13T16:22:00.537+0000 7f96d25b8640 1 --2- >> [v2:172.21.15.16:3300/0,v1:172.21.15.16:6789/0] conn(0x7f96cc105fe0 0x7f96cc1083d0 unknown :-1 s=NONE pgs=0 cs=0 l=0 rev1=0 crypto rx=0 tx=0 comp rx=0 tx=0).connect
2024-09-13T16:22:01.379 INFO:teuthology.orchestra.run.smithi016.stdout:/usr/bin/ceph: stderr
2024-09-13T16:22:00.537+0000 7f96d25b8640 1 -- --> [v2:172.21.15.16:3300/0,v1:172.21.15.16:6789/0] -- mon_getmap magic: 0 v1 -- 0x7f96cc079e00 con 0x7f96cc105fe0
2024-09-13T16:22:01.379 INFO:teuthology.orchestra.run.smithi016.stdout:/usr/bin/ceph: stderr
2024-09-13T16:22:00.538+0000 7f96cbfff640 1 --2- >> [v2:172.21.15.16:3300/0,v1:172.21.15.16:6789/0] conn(0x7f96cc105fe0 0x7f96cc1083d0 unknown :-1 s=BANNER_CONNECTING pgs=0 cs=0 l=0 rev1=0 crypto rx=0 tx=0 comp rx=0 tx=0)._handle_peer_banner_payload supported=3 required=0
2024-09-13T16:22:01.379 INFO:teuthology.orchestra.run.smithi016.stdout:/usr/bin/ceph: stderr
2024-09-13T16:22:00.538+0000 7f96cbfff640 1 --2- >> [v2:172.21.15.16:3300/0,v1:172.21.15.16:6789/0] conn(0x7f96cc105fe0 0x7f96cc1083d0 unknown :-1 s=HELLO_CONNECTING pgs=0 cs=0 l=0 rev1=1 crypto rx=0 tx=0 comp rx=0 tx=0).handle_hello peer v2:172.21.15.16:3300/0 says I am v2:172.21.15.16:49914/0 (socket says 172.21.15.16:49914)
2024-09-13T16:22:01.379 INFO:teuthology.orchestra.run.smithi016.stdout:/usr/bin/ceph: stderr
2024-09-13T16:22:00.538+0000 7f96cbfff640 1 -- 172.21.15.16:0/3441415876 learned_addr learned my addr 172.21.15.16:0/3441415876 (peer_addr_for_me v2:172.21.15.16:0/0)
2024-09-13T16:22:01.379 INFO:teuthology.orchestra.run.smithi016.stdout:/usr/bin/ceph: stderr
2024-09-13T16:22:00.538+0000 7f96cbfff640 1 -- 172.21.15.16:0/3441415876 --> [v2:172.21.15.16:3300/0,v1:172.21.15.16:6789/0] -- mon_subscribe({config=0+,monmap=0+}) v3 -- 0x7f96cc108910 con 0x7f96cc105fe0
2024-09-13T16:22:01.380 INFO:teuthology.orchestra.run.smithi016.stdout:/usr/bin/ceph: stderr
2024-09-13T16:22:00.539+0000 7f96cbfff640 1 --2- 172.21.15.16:0/3441415876 >> [v2:172.21.15.16:3300/0,v1:172.21.15.16:6789/0] conn(0x7f96cc105fe0 0x7f96cc1083d0 secure :-1 s=READY pgs=57 cs=0 l=1 rev1=1 crypto rx=0x7f96bc009820 tx=0x7f96bc02a270 comp rx=0 tx=0).ready entity=mon.0 client_cookie=bc0a15ee0425eede server_cookie=0 in_seq=0 out_seq=0
2024-09-13T16:22:01.380 INFO:teuthology.orchestra.run.smithi016.stdout:/usr/bin/ceph: stderr
2024-09-13T16:22:00.539+0000 7f96cb7fe640 1 -- 172.21.15.16:0/3441415876 <== mon.0 v2:172.21.15.16:3300/0 1 ==== mon_map magic: 0 v1 ==== 205+0+0 (secure 0 0 0) 0x7f96bc02ae70 con 0x7f96cc105fe0
2024-09-13T16:22:01.380 INFO:teuthology.orchestra.run.smithi016.stdout:/usr/bin/ceph: stderr
2024-09-13T16:22:00.539+0000 7f96cb7fe640 1 -- 172.21.15.16:0/3441415876 <== mon.0 v2:172.21.15.16:3300/0 2 ==== config(25 keys) v1 ==== 1067+0+0 (secure 0 0 0) 0x7f96bc0328d0 con 0x7f96cc105fe0
2024-09-13T16:22:01.380 INFO:teuthology.orchestra.run.smithi016.stdout:/usr/bin/ceph: stderr
2024-09-13T16:22:00.539+0000 7f96cb7fe640 1 -- 172.21.15.16:0/3441415876 <== mon.0 v2:172.21.15.16:3300/0 3 ==== mon_map magic: 0 v1 ==== 205+0+0 (secure 0 0 0) 0x7f96bc0307a0 con 0x7f96cc105fe0
2024-09-13T16:22:01.380 INFO:teuthology.orchestra.run.smithi016.stdout:/usr/bin/ceph: stderr
2024-09-13T16:22:00.539+0000 7f96d25b8640 1 -- 172.21.15.16:0/3441415876 >> [v2:172.21.15.16:3300/0,v1:172.21.15.16:6789/0] conn(0x7f96cc105fe0 msgr2=0x7f96cc1083d0 secure :-1 s=STATE_CONNECTION_ESTABLISHED l=1).mark_down
2024-09-13T16:22:01.380 INFO:teuthology.orchestra.run.smithi016.stdout:/usr/bin/ceph: stderr
2024-09-13T16:22:00.539+0000 7f96d25b8640 1 --2- 172.21.15.16:0/3441415876 >> [v2:172.21.15.16:3300/0,v1:172.21.15.16:6789/0] conn(0x7f96cc105fe0 0x7f96cc1083d0 secure :-1 s=READY pgs=57 cs=0 l=1 rev1=1 crypto rx=0x7f96bc009820 tx=0x7f96bc02a270 comp rx=0 tx=0).stop
2024-09-13T16:22:01.380 INFO:teuthology.orchestra.run.smithi016.stdout:/usr/bin/ceph: stderr
2024-09-13T16:22:00.539+0000 7f96d25b8640 1 -- 172.21.15.16:0/3441415876 shutdown_connections
2024-09-13T16:22:01.380 INFO:teuthology.orchestra.run.smithi016.stdout:/usr/bin/ceph: stderr
2024-09-13T16:22:00.539+0000 7f96d25b8640 1 --2- 172.21.15.16:0/3441415876 >> [v2:172.21.15.16:3300/0,v1:172.21.15.16:6789/0] conn(0x7f96cc105fe0 0x7f96cc1083d0 unknown :-1 s=CLOSED pgs=57 cs=0 l=1 rev1=1 crypto rx=0 tx=0 comp rx=0 tx=0).stop
2024-09-13T16:22:01.380 INFO:teuthology.orchestra.run.smithi016.stdout:/usr/bin/ceph: stderr
2024-09-13T16:22:00.539+0000 7f96d25b8640 1 -- 172.21.15.16:0/3441415876 >> 172.21.15.16:0/3441415876 conn(0x7f96cc0ffbe0 msgr2=0x7f96cc102000 unknown :-1 s=STATE_NONE l=0).mark_down
2024-09-13T16:22:01.380 INFO:teuthology.orchestra.run.smithi016.stdout:/usr/bin/ceph: stderr
2024-09-13T16:22:00.540+0000 7f96d25b8640 1 -- 172.21.15.16:0/3441415876 shutdown_connections
2024-09-13T16:22:01.380 INFO:teuthology.orchestra.run.smithi016.stdout:/usr/bin/ceph: stderr
2024-09-13T16:22:00.540+0000 7f96d25b8640 1 -- 172.21.15.16:0/3441415876 wait complete.
2024-09-13T16:22:01.380 INFO:teuthology.orchestra.run.smithi016.stdout:/usr/bin/ceph: stderr
2024-09-13T16:22:00.540+0000 7f96d25b8640 1 Processor -- start
2024-09-13T16:22:01.380 INFO:teuthology.orchestra.run.smithi016.stdout:/usr/bin/ceph: stderr
2024-09-13T16:22:00.540+0000 7f96d25b8640 1 -- start start
2024-09-13T16:22:01.381 INFO:teuthology.orchestra.run.smithi016.stdout:/usr/bin/ceph: stderr
2024-09-13T16:22:00.540+0000 7f96d25b8640 1 --2- >> [v2:172.21.15.16:3300/0,v1:172.21.15.16:6789/0] conn(0x7f96cc105fe0 0x7f96cc19b3c0 unknown :-1 s=NONE pgs=0 cs=0 l=1 rev1=0 crypto rx=0 tx=0 comp rx=0 tx=0).connect
2024-09-13T16:22:01.381 INFO:teuthology.orchestra.run.smithi016.stdout:/usr/bin/ceph: stderr
2024-09-13T16:22:00.540+0000 7f96d25b8640 1 -- --> [v2:172.21.15.16:3300/0,v1:172.21.15.16:6789/0] -- mon_getmap magic: 0 v1 -- 0x7f96cc19b900 con 0x7f96cc105fe0
2024-09-13T16:22:01.381 INFO:teuthology.orchestra.run.smithi016.stdout:/usr/bin/ceph: stderr
2024-09-13T16:22:00.540+0000 7f96cbfff640 1 --2- >> [v2:172.21.15.16:3300/0,v1:172.21.15.16:6789/0] conn(0x7f96cc105fe0 0x7f96cc19b3c0 unknown :-1 s=BANNER_CONNECTING pgs=0 cs=0 l=1 rev1=0 crypto rx=0 tx=0 comp rx=0 tx=0)._handle_peer_banner_payload supported=3 required=0
2024-09-13T16:22:01.381 INFO:teuthology.orchestra.run.smithi016.stdout:/usr/bin/ceph: stderr
2024-09-13T16:22:00.540+0000 7f96cbfff640 1 --2- >> [v2:172.21.15.16:3300/0,v1:172.21.15.16:6789/0] conn(0x7f96cc105fe0 0x7f96cc19b3c0 unknown :-1 s=HELLO_CONNECTING pgs=0 cs=0 l=1 rev1=1 crypto rx=0 tx=0 comp rx=0 tx=0).handle_hello peer v2:172.21.15.16:3300/0 says I am v2:172.21.15.16:49920/0 (socket says 172.21.15.16:49920)
2024-09-13T16:22:01.381 INFO:teuthology.orchestra.run.smithi016.stdout:/usr/bin/ceph: stderr
2024-09-13T16:22:00.541+0000 7f96cbfff640 1 -- 172.21.15.16:0/3227335636 learned_addr learned my addr 172.21.15.16:0/3227335636 (peer_addr_for_me v2:172.21.15.16:0/0)
2024-09-13T16:22:01.381 INFO:teuthology.orchestra.run.smithi016.stdout:/usr/bin/ceph: stderr
2024-09-13T16:22:00.541+0000 7f96cbfff640 1 -- 172.21.15.16:0/3227335636 --> [v2:172.21.15.16:3300/0,v1:172.21.15.16:6789/0] -- mon_subscribe({config=0+,monmap=0+}) v3 -- 0x7f96bc0094d0 con 0x7f96cc105fe0
2024-09-13T16:22:01.381 INFO:teuthology.orchestra.run.smithi016.stdout:/usr/bin/ceph: stderr
2024-09-13T16:22:00.541+0000 7f96cbfff640 1 --2- 172.21.15.16:0/3227335636 >> [v2:172.21.15.16:3300/0,v1:172.21.15.16:6789/0] conn(0x7f96cc105fe0 0x7f96cc19b3c0 secure :-1 s=READY pgs=58 cs=0 l=1 rev1=1 crypto rx=0x7f96bc0097f0 tx=0x7f96bc032db0 comp rx=0 tx=0).ready entity=mon.0 client_cookie=0 server_cookie=0 in_seq=0 out_seq=0
2024-09-13T16:22:01.381 INFO:teuthology.orchestra.run.smithi016.stdout:/usr/bin/ceph: stderr
2024-09-13T16:22:00.541+0000 7f96c9ffb640 1 -- 172.21.15.16:0/3227335636 <== mon.0 v2:172.21.15.16:3300/0 1 ==== mon_map magic: 0 v1 ==== 205+0+0 (secure 0 0 0) 0x7f96bc030da0 con 0x7f96cc105fe0
2024-09-13T16:22:01.381 INFO:teuthology.orchestra.run.smithi016.stdout:/usr/bin/ceph: stderr
2024-09-13T16:22:00.541+0000 7f96c9ffb640 1 -- 172.21.15.16:0/3227335636 <== mon.0 v2:172.21.15.16:3300/0 2 ==== config(25 keys) v1 ==== 1067+0+0 (secure 0 0 0) 0x7f96bc03b8c0 con 0x7f96cc105fe0
2024-09-13T16:22:01.381 INFO:teuthology.orchestra.run.smithi016.stdout:/usr/bin/ceph: stderr
2024-09-13T16:22:00.541+0000 7f96d25b8640 1 -- 172.21.15.16:0/3227335636 --> [v2:172.21.15.16:3300/0,v1:172.21.15.16:6789/0] -- mon_subscribe({mgrmap=0+}) v3 -- 0x7f96cc19bb00 con 0x7f96cc105fe0
2024-09-13T16:22:01.381 INFO:teuthology.orchestra.run.smithi016.stdout:/usr/bin/ceph: stderr
2024-09-13T16:22:00.541+0000 7f96c9ffb640 1 -- 172.21.15.16:0/3227335636 <== mon.0 v2:172.21.15.16:3300/0 3 ==== mon_map magic: 0 v1 ==== 205+0+0 (secure 0 0 0) 0x7f96bc03a570 con 0x7f96cc105fe0
2024-09-13T16:22:01.381 INFO:teuthology.orchestra.run.smithi016.stdout:/usr/bin/ceph: stderr
2024-09-13T16:22:00.541+0000 7f96d25b8640 1 -- 172.21.15.16:0/3227335636 --> [v2:172.21.15.16:3300/0,v1:172.21.15.16:6789/0] -- mon_subscribe({osdmap=0}) v3 -- 0x7f96cc19bfa0 con 0x7f96cc105fe0
2024-09-13T16:22:01.381 INFO:teuthology.orchestra.run.smithi016.stdout:/usr/bin/ceph: stderr
2024-09-13T16:22:00.542+0000 7f96d25b8640 1 -- 172.21.15.16:0/3227335636 --> [v2:172.21.15.16:3300/0,v1:172.21.15.16:6789/0] -- mon_command({"prefix": "get_command_descriptions"} v 0) v1 -- 0x7f96cc1096b0 con 0x7f96cc105fe0
2024-09-13T16:22:01.381 INFO:teuthology.orchestra.run.smithi016.stdout:/usr/bin/ceph: stderr
2024-09-13T16:22:00.542+0000 7f96c9ffb640 1 -- 172.21.15.16:0/3227335636 <== mon.0 v2:172.21.15.16:3300/0 4 ==== mgrmap(e 9) v1 ==== 45554+0+0 (secure 0 0 0) 0x7f96bc039040 con 0x7f96cc105fe0
2024-09-13T16:22:01.382 INFO:teuthology.orchestra.run.smithi016.stdout:/usr/bin/ceph: stderr
2024-09-13T16:22:00.543+0000 7f96c9ffb640 1 --2- 172.21.15.16:0/3227335636 >> [v2:172.21.15.16:6800/1756940569,v1:172.21.15.16:6801/1756940569] conn(0x7f96b8038670 0x7f96b803ab30 unknown :-1 s=NONE pgs=0 cs=0 l=1 rev1=0 crypto rx=0 tx=0 comp rx=0 tx=0).connect
2024-09-13T16:22:01.382 INFO:teuthology.orchestra.run.smithi016.stdout:/usr/bin/ceph: stderr
2024-09-13T16:22:00.543+0000 7f96c9ffb640 1 -- 172.21.15.16:0/3227335636 <== mon.0 v2:172.21.15.16:3300/0 5 ==== osd_map(2..2 src has 1..2) v4 ==== 940+0+0 (secure 0 0 0) 0x7f96bc06b930 con 0x7f96cc105fe0
2024-09-13T16:22:01.382 INFO:teuthology.orchestra.run.smithi016.stdout:/usr/bin/ceph: stderr
2024-09-13T16:22:00.543+0000 7f96c3fff640 1 -- 172.21.15.16:0/3227335636 >> [v2:172.21.15.16:6800/1756940569,v1:172.21.15.16:6801/1756940569] conn(0x7f96b8038670 msgr2=0x7f96b803ab30 unknown :-1 s=STATE_CONNECTING_RE l=1).process reconnect failed to v2:172.21.15.16:6800/1756940569
2024-09-13T16:22:01.382 INFO:teuthology.orchestra.run.smithi016.stdout:/usr/bin/ceph: stderr
2024-09-13T16:22:00.543+0000 7f96c3fff640 1 --2- 172.21.15.16:0/3227335636 >> [v2:172.21.15.16:6800/1756940569,v1:172.21.15.16:6801/1756940569] conn(0x7f96b8038670 0x7f96b803ab30 unknown :-1 s=START_CONNECT pgs=0 cs=0 l=1 rev1=0 crypto rx=0 tx=0 comp rx=0 tx=0)._fault waiting 0.200000
2024-09-13T16:22:01.382 INFO:teuthology.orchestra.run.smithi016.stdout:/usr/bin/ceph: stderr
2024-09-13T16:22:00.547+0000 7f96c9ffb640 1 -- 172.21.15.16:0/3227335636 <== mon.0 v2:172.21.15.16:3300/0 6 ==== mon_command_ack([{"prefix": "get_command_descriptions"}]=0 v0) v1 ==== 72+0+183819 (secure 0 0 0) 0x7f96bc03ba30 con 0x7f96cc105fe0
2024-09-13T16:22:01.382 INFO:teuthology.orchestra.run.smithi016.stdout:/usr/bin/ceph: stderr
2024-09-13T16:22:00.744+0000 7f96c3fff640 1 -- 172.21.15.16:0/3227335636 >> [v2:172.21.15.16:6800/1756940569,v1:172.21.15.16:6801/1756940569] conn(0x7f96b8038670 msgr2=0x7f96b803ab30 unknown :-1 s=STATE_CONNECTING_RE l=1).process reconnect failed to v2:172.21.15.16:6800/1756940569
2024-09-13T16:22:01.382 INFO:teuthology.orchestra.run.smithi016.stdout:/usr/bin/ceph: stderr
2024-09-13T16:22:00.744+0000 7f96c3fff640 1 --2- 172.21.15.16:0/3227335636 >> [v2:172.21.15.16:6800/1756940569,v1:172.21.15.16:6801/1756940569] conn(0x7f96b8038670 0x7f96b803ab30 unknown :-1 s=START_CONNECT pgs=0 cs=0 l=1 rev1=0 crypto rx=0 tx=0 comp rx=0 tx=0)._fault waiting 0.400000
2024-09-13T16:22:01.382 INFO:teuthology.orchestra.run.smithi016.stdout:/usr/bin/ceph: stderr
2024-09-13T16:22:00.770+0000 7f96d25b8640 1 -- 172.21.15.16:0/3227335636 --> [v2:172.21.15.16:3300/0,v1:172.21.15.16:6789/0] -- mon_command({"prefix": "mgr stat"} v 0) v1 -- 0x7f96cc19e8e0 con 0x7f96cc105fe0
2024-09-13T16:22:01.382 INFO:teuthology.orchestra.run.smithi016.stdout:/usr/bin/ceph: stderr
2024-09-13T16:22:00.770+0000 7f96c9ffb640 1 -- 172.21.15.16:0/3227335636 <== mon.0 v2:172.21.15.16:3300/0 7 ==== mon_command_ack([{"prefix": "mgr stat"}]=0 v9) v1 ==== 56+0+88 (secure 0 0 0) 0x7f96bc03f070 con 0x7f96cc105fe0
2024-09-13T16:22:01.382 INFO:teuthology.orchestra.run.smithi016.stdout:/usr/bin/ceph: stderr
2024-09-13T16:22:00.773+0000 7f96d25b8640 1 -- 172.21.15.16:0/3227335636 >> [v2:172.21.15.16:6800/1756940569,v1:172.21.15.16:6801/1756940569] conn(0x7f96b8038670 msgr2=0x7f96b803ab30 unknown :-1 s=STATE_CONNECTING l=1).mark_down
2024-09-13T16:22:01.382 INFO:teuthology.orchestra.run.smithi016.stdout:/usr/bin/ceph: stderr
2024-09-13T16:22:00.773+0000 7f96d25b8640 1 --2- 172.21.15.16:0/3227335636 >> [v2:172.21.15.16:6800/1756940569,v1:172.21.15.16:6801/1756940569] conn(0x7f96b8038670 0x7f96b803ab30 unknown :-1 s=START_CONNECT pgs=0 cs=0 l=1 rev1=0 crypto rx=0 tx=0 comp rx=0 tx=0).stop
2024-09-13T16:22:01.382 INFO:teuthology.orchestra.run.smithi016.stdout:/usr/bin/ceph: stderr
2024-09-13T16:22:00.773+0000 7f96d25b8640 1 -- 172.21.15.16:0/3227335636 >> [v2:172.21.15.16:3300/0,v1:172.21.15.16:6789/0] conn(0x7f96cc105fe0 msgr2=0x7f96cc19b3c0 secure :-1 s=STATE_CONNECTION_ESTABLISHED l=1).mark_down
2024-09-13T16:22:01.382 INFO:teuthology.orchestra.run.smithi016.stdout:/usr/bin/ceph: stderr
2024-09-13T16:22:00.773+0000 7f96d25b8640 1 --2- 172.21.15.16:0/3227335636 >> [v2:172.21.15.16:3300/0,v1:172.21.15.16:6789/0] conn(0x7f96cc105fe0 0x7f96cc19b3c0 secure :-1 s=READY pgs=58 cs=0 l=1 rev1=1 crypto rx=0x7f96bc0097f0 tx=0x7f96bc032db0 comp rx=0 tx=0).stop
2024-09-13T16:22:01.382 INFO:teuthology.orchestra.run.smithi016.stdout:/usr/bin/ceph: stderr
2024-09-13T16:22:00.773+0000 7f96d25b8640 1 -- 172.21.15.16:0/3227335636 shutdown_connections
2024-09-13T16:22:01.383 INFO:teuthology.orchestra.run.smithi016.stdout:/usr/bin/ceph: stderr
2024-09-13T16:22:00.773+0000 7f96d25b8640 1 --2- 172.21.15.16:0/3227335636 >> [v2:172.21.15.16:6800/1756940569,v1:172.21.15.16:6801/1756940569] conn(0x7f96b8038670 0x7f96b803ab30 unknown :-1 s=CLOSED pgs=0 cs=0 l=1 rev1=0 crypto rx=0 tx=0 comp rx=0 tx=0).stop
2024-09-13T16:22:01.383 INFO:teuthology.orchestra.run.smithi016.stdout:/usr/bin/ceph: stderr
2024-09-13T16:22:00.773+0000 7f96d25b8640 1 --2- 172.21.15.16:0/3227335636 >> [v2:172.21.15.16:3300/0,v1:172.21.15.16:6789/0] conn(0x7f96cc105fe0 0x7f96cc19b3c0 unknown :-1 s=CLOSED pgs=58 cs=0 l=1 rev1=1 crypto rx=0 tx=0 comp rx=0 tx=0).stop
2024-09-13T16:22:01.383 INFO:teuthology.orchestra.run.smithi016.stdout:/usr/bin/ceph: stderr
2024-09-13T16:22:00.773+0000 7f96d25b8640 1 -- 172.21.15.16:0/3227335636 >> 172.21.15.16:0/3227335636 conn(0x7f96cc0ffbe0 msgr2=0x7f96cc1006c0 unknown :-1 s=STATE_NONE l=0).mark_down
2024-09-13T16:22:01.383 INFO:teuthology.orchestra.run.smithi016.stdout:/usr/bin/ceph: stderr
2024-09-13T16:22:00.773+0000 7f96d25b8640 1 -- 172.21.15.16:0/3227335636 shutdown_connections
2024-09-13T16:22:01.383 INFO:teuthology.orchestra.run.smithi016.stdout:/usr/bin/ceph: stderr
2024-09-13T16:22:00.773+0000 7f96d25b8640 1 -- 172.21.15.16:0/3227335636 wait complete.
2024-09-13T16:22:01.383 INFO:teuthology.orchestra.run.smithi016.stdout:Waiting for the mgr to restart...
2024-09-13T16:22:01.383 INFO:teuthology.orchestra.run.smithi016.stdout:Waiting for mgr epoch 9...
2024-09-13T16:22:01.722 INFO:journalctl@ceph.mon.a.smithi016.stdout:Sep 13 16:22:01 smithi016 ceph-mon[31187]: from='client.? 172.21.15.16:0/3227335636' entity='client.admin' cmd=[{"prefix": "mgr stat"}]: dispatch
2024-09-13T16:22:02.010 INFO:journalctl@ceph.mgr.x.smithi016.stdout:Sep 13 16:22:01 smithi016 ceph-0d241f6a-71ec-11ef-bceb-c7b262605968-mgr-x[31417]:
2024-09-13T16:22:01.731+0000 7fa3303b2040 -1 mgr[py] Module telemetry has missing NOTIFY_TYPES member
2024-09-13T16:22:02.010 INFO:journalctl@ceph.mgr.x.smithi016.stdout:Sep 13 16:22:01 smithi016 ceph-0d241f6a-71ec-11ef-bceb-c7b262605968-mgr-x[31417]:
2024-09-13T16:22:01.802+0000 7fa3303b2040 -1 mgr[py] Module balancer has missing NOTIFY_TYPES member
2024-09-13T16:22:02.669 INFO:journalctl@ceph.mgr.x.smithi016.stdout:Sep 13 16:22:02 smithi016 ceph-0d241f6a-71ec-11ef-bceb-c7b262605968-mgr-x[31417]:
2024-09-13T16:22:02.547+0000 7fa3303b2040 -1 mgr[py] Module rook has missing NOTIFY_TYPES member
2024-09-13T16:22:02.669 INFO:journalctl@ceph.mgr.x.smithi016.stdout:Sep 13 16:22:02 smithi016 ceph-0d241f6a-71ec-11ef-bceb-c7b262605968-mgr-x[31417]:
2024-09-13T16:22:02.667+0000 7fa3303b2040 -1 mgr[py] Module iostat has missing NOTIFY_TYPES member
2024-09-13T16:22:03.032 INFO:journalctl@ceph.mgr.x.smithi016.stdout:Sep 13 16:22:02 smithi016 ceph-0d241f6a-71ec-11ef-bceb-c7b262605968-mgr-x[31417]:
2024-09-13T16:22:02.814+0000 7fa3303b2040 -1 mgr[py] Module orchestrator has missing NOTIFY_TYPES member
2024-09-13T16:22:03.033 INFO:journalctl@ceph.mgr.x.smithi016.stdout:Sep 13 16:22:02 smithi016 ceph-0d241f6a-71ec-11ef-bceb-c7b262605968-mgr-x[31417]:
2024-09-13T16:22:02.877+0000 7fa3303b2040 -1 mgr[py] Module devicehealth has missing NOTIFY_TYPES member
2024-09-13T16:22:03.033 INFO:journalctl@ceph.mgr.x.smithi016.stdout:Sep 13 16:22:03 smithi016 ceph-0d241f6a-71ec-11ef-bceb-c7b262605968-mgr-x[31417]:
2024-09-13T16:22:03.030+0000 7fa3303b2040 -1 mgr[py] Module rgw has missing NOTIFY_TYPES member
2024-09-13T16:22:03.328 INFO:journalctl@ceph.mgr.x.smithi016.stdout:Sep 13 16:22:03 smithi016 ceph-0d241f6a-71ec-11ef-bceb-c7b262605968-mgr-x[31417]:
2024-09-13T16:22:03.101+0000 7fa3303b2040 -1 mgr[py] Module alerts has missing NOTIFY_TYPES member
2024-09-13T16:22:03.328 INFO:journalctl@ceph.mgr.x.smithi016.stdout:Sep 13 16:22:03 smithi016 ceph-0d241f6a-71ec-11ef-bceb-c7b262605968-mgr-x[31417]:
2024-09-13T16:22:03.163+0000 7fa3303b2040 -1 mgr[py] Module progress has missing NOTIFY_TYPES member
2024-09-13T16:22:03.328 INFO:journalctl@ceph.mgr.x.smithi016.stdout:Sep 13 16:22:03 smithi016 ceph-0d241f6a-71ec-11ef-bceb-c7b262605968-mgr-x[31417]:
2024-09-13T16:22:03.326+0000 7fa3303b2040 -1 mgr[py] Module nfs has missing NOTIFY_TYPES member
2024-09-13T16:22:03.604 INFO:journalctl@ceph.mgr.x.smithi016.stdout:Sep 13 16:22:03 smithi016 ceph-0d241f6a-71ec-11ef-bceb-c7b262605968-mgr-x[31417]:
2024-09-13T16:22:03.393+0000 7fa3303b2040 -1 mgr[py] Module status has missing NOTIFY_TYPES member
2024-09-13T16:22:03.604 INFO:journalctl@ceph.mgr.x.smithi016.stdout:Sep 13 16:22:03 smithi016 ceph-0d241f6a-71ec-11ef-bceb-c7b262605968-mgr-x[31417]:
2024-09-13T16:22:03.462+0000 7fa3303b2040 -1 mgr[py] Module pg_autoscaler has missing NOTIFY_TYPES member
2024-09-13T16:22:03.604 INFO:journalctl@ceph.mgr.x.smithi016.stdout:Sep 13 16:22:03 smithi016 ceph-0d241f6a-71ec-11ef-bceb-c7b262605968-mgr-x[31417]:
2024-09-13T16:22:03.548+0000 7fa3303b2040 -1 mgr[py] Module rbd_support has missing NOTIFY_TYPES member
2024-09-13T16:22:04.104 INFO:journalctl@ceph.mgr.x.smithi016.stdout:Sep 13 16:22:03 smithi016 ceph-0d241f6a-71ec-11ef-bceb-c7b262605968-mgr-x[31417]:
2024-09-13T16:22:03.609+0000 7fa3303b2040 -1 mgr[py] Module influx has missing NOTIFY_TYPES member
2024-09-13T16:22:04.104 INFO:journalctl@ceph.mgr.x.smithi016.stdout:Sep 13 16:22:03 smithi016 ceph-0d241f6a-71ec-11ef-bceb-c7b262605968-mgr-x[31417]:
2024-09-13T16:22:03.671+0000 7fa3303b2040 -1 mgr[py] Module zabbix has missing NOTIFY_TYPES member
2024-09-13T16:22:04.735 INFO:journalctl@ceph.mgr.x.smithi016.stdout:Sep 13 16:22:04 smithi016 ceph-0d241f6a-71ec-11ef-bceb-c7b262605968-mgr-x[31417]:
2024-09-13T16:22:04.482+0000 7fa3303b2040 -1 mgr[py] Module telegraf has missing NOTIFY_TYPES member
2024-09-13T16:22:04.735 INFO:journalctl@ceph.mon.a.smithi016.stdout:Sep 13 16:22:04 smithi016 ceph-mon[31187]: Active manager daemon x restarted
2024-09-13T16:22:04.736 INFO:journalctl@ceph.mon.a.smithi016.stdout:Sep 13 16:22:04 smithi016 ceph-mon[31187]: Activating manager daemon x
2024-09-13T16:22:04.736 INFO:journalctl@ceph.mon.a.smithi016.stdout:Sep 13 16:22:04 smithi016 ceph-mon[31187]: osdmap e3: 0 total, 0 up, 0 in
2024-09-13T16:22:04.736 INFO:journalctl@ceph.mon.a.smithi016.stdout:Sep 13 16:22:04 smithi016 ceph-mon[31187]: mgrmap e10: x(active, starting, since 0.0033059s)
2024-09-13T16:22:04.736 INFO:journalctl@ceph.mon.a.smithi016.stdout:Sep 13 16:22:04 smithi016 ceph-mon[31187]: from='mgr.14150 172.21.15.16:0/4196472327' entity='mgr.x' cmd=[{"prefix": "mon metadata", "id": "a"}]: dispatch
2024-09-13T16:22:04.736 INFO:journalctl@ceph.mon.a.smithi016.stdout:Sep 13 16:22:04 smithi016 ceph-mon[31187]: from='mgr.14150 172.21.15.16:0/4196472327' entity='mgr.x' cmd=[{"prefix": "mgr metadata", "who": "x", "id": "x"}]: dispatch
2024-09-13T16:22:04.736 INFO:journalctl@ceph.mon.a.smithi016.stdout:Sep 13 16:22:04 smithi016 ceph-mon[31187]: from='mgr.14150 172.21.15.16:0/4196472327' entity='mgr.x' cmd=[{"prefix": "mds metadata"}]: dispatch
2024-09-13T16:22:04.736 INFO:journalctl@ceph.mon.a.smithi016.stdout:Sep 13 16:22:04 smithi016 ceph-mon[31187]: from='mgr.14150 172.21.15.16:0/4196472327' entity='mgr.x' cmd=[{"prefix": "osd metadata"}]: dispatch
2024-09-13T16:22:04.736 INFO:journalctl@ceph.mon.a.smithi016.stdout:Sep 13 16:22:04 smithi016 ceph-mon[31187]: from='mgr.14150 172.21.15.16:0/4196472327' entity='mgr.x' cmd=[{"prefix": "mon metadata"}]: dispatch
2024-09-13T16:22:04.736 INFO:journalctl@ceph.mon.a.smithi016.stdout:Sep 13 16:22:04 smithi016 ceph-mon[31187]: Manager daemon x is now available
