2024-09-13T17:04:48.437 INFO:journalctl@ceph.mon.a.smithi087.stdout:Sep 13 17:04:48 smithi087 ceph-mon[30934]: osdmap e3: 0 total, 0 up, 0 in
2024-09-13T17:04:48.437 INFO:journalctl@ceph.mon.a.smithi087.stdout:Sep 13 17:04:48 smithi087 ceph-mon[30934]: mgrmap e10: x(active, starting, since 0.00331226s)
2024-09-13T17:04:48.437 INFO:journalctl@ceph.mon.a.smithi087.stdout:Sep 13 17:04:48 smithi087 ceph-mon[30934]: from='mgr.14150 172.21.15.87:0/179211550' entity='mgr.x' cmd=[{"prefix": "mon metadata", "id": "a"}]: dispatch
2024-09-13T17:04:48.437 INFO:journalctl@ceph.mon.a.smithi087.stdout:Sep 13 17:04:48 smithi087 ceph-mon[30934]: from='mgr.14150 172.21.15.87:0/179211550' entity='mgr.x' cmd=[{"prefix": "mgr metadata", "who": "x", "id": "x"}]: dispatch
2024-09-13T17:04:48.438 INFO:journalctl@ceph.mon.a.smithi087.stdout:Sep 13 17:04:48 smithi087 ceph-mon[30934]: from='mgr.14150 172.21.15.87:0/179211550' entity='mgr.x' cmd=[{"prefix": "mds metadata"}]: dispatch
2024-09-13T17:04:48.438 INFO:journalctl@ceph.mon.a.smithi087.stdout:Sep 13 17:04:48 smithi087 ceph-mon[30934]: from='mgr.14150 172.21.15.87:0/179211550' entity='mgr.x' cmd=[{"prefix": "osd metadata"}]: dispatch
2024-09-13T17:04:48.438 INFO:journalctl@ceph.mon.a.smithi087.stdout:Sep 13 17:04:48 smithi087 ceph-mon[30934]: from='mgr.14150 172.21.15.87:0/179211550' entity='mgr.x' cmd=[{"prefix": "mon metadata"}]: dispatch
2024-09-13T17:04:48.438 INFO:journalctl@ceph.mon.a.smithi087.stdout:Sep 13 17:04:48 smithi087 ceph-mon[30934]: Manager daemon x is now available
2024-09-13T17:04:48.438 INFO:journalctl@ceph.mon.a.smithi087.stdout:Sep 13 17:04:48 smithi087 ceph-mon[30934]: from='mgr.14150 172.21.15.87:0/179211550' entity='mgr.x' cmd=[{"prefix": "config dump", "format": "json"}]: dispatch
2024-09-13T17:04:48.438 INFO:journalctl@ceph.mon.a.smithi087.stdout:Sep 13 17:04:48 smithi087 ceph-mon[30934]: from='mgr.14150 172.21.15.87:0/179211550' entity='mgr.x' cmd=[{"prefix":"config rm","who":"mgr","name":"mgr/rbd_support/x/mirror_snapshot_schedule"}]: dispatch
2024-09-13T17:04:48.438 INFO:journalctl@ceph.mon.a.smithi087.stdout:Sep 13 17:04:48 smithi087 ceph-mon[30934]: from='mgr.14150 172.21.15.87:0/179211550' entity='mgr.x' cmd=[{"prefix":"config rm","who":"mgr","name":"mgr/rbd_support/x/trash_purge_schedule"}]: dispatch
2024-09-13T17:04:48.438 INFO:journalctl@ceph.mgr.x.smithi087.stdout:Sep 13 17:04:47 smithi087 ceph-043d5bae-71f2-11ef-bceb-c7b262605968-mgr-x[31158]:
2024-09-13T17:04:47.987+0000 7effdf56f040 -1 mgr[py] Module telegraf has missing NOTIFY_TYPES member
2024-09-13T17:04:49.470 INFO:journalctl@ceph.mgr.x.smithi087.stdout:Sep 13 17:04:49 smithi087 ceph-043d5bae-71f2-11ef-bceb-c7b262605968-mgr-x[31158]:
2024-09-13T17:04:49.176+0000 7eff459f9640 -1 log_channel(cephadm) log [ERR] : [13/Sep/2024:17:04:49] ENGINE Error in HTTPServer.serve
2024-09-13T17:04:49.471 INFO:journalctl@ceph.mgr.x.smithi087.stdout:Sep 13 17:04:49 smithi087 ceph-043d5bae-71f2-11ef-bceb-c7b262605968-mgr-x[31158]: Traceback (most recent call last):
2024-09-13T17:04:49.471 INFO:journalctl@ceph.mgr.x.smithi087.stdout:Sep 13 17:04:49 smithi087 ceph-043d5bae-71f2-11ef-bceb-c7b262605968-mgr-x[31158]: File "/lib/python3.9/site-packages/cheroot/server.py", line 1823, in serve
2024-09-13T17:04:49.471 INFO:journalctl@ceph.mgr.x.smithi087.stdout:Sep 13 17:04:49 smithi087 ceph-043d5bae-71f2-11ef-bceb-c7b262605968-mgr-x[31158]: self._connections.run(self.expiration_interval)
2024-09-13T17:04:49.471 INFO:journalctl@ceph.mgr.x.smithi087.stdout:Sep 13 17:04:49 smithi087 ceph-043d5bae-71f2-11ef-bceb-c7b262605968-mgr-x[31158]: File "/lib/python3.9/site-packages/cheroot/connections.py", line 203, in run
2024-09-13T17:04:49.471 INFO:journalctl@ceph.mgr.x.smithi087.stdout:Sep 13 17:04:49 smithi087 ceph-043d5bae-71f2-11ef-bceb-c7b262605968-mgr-x[31158]: self._run(expiration_interval)
2024-09-13T17:04:49.471 INFO:journalctl@ceph.mgr.x.smithi087.stdout:Sep 13 17:04:49 smithi087 ceph-043d5bae-71f2-11ef-bceb-c7b262605968-mgr-x[31158]: File "/lib/python3.9/site-packages/cheroot/connections.py", line 246, in _run
2024-09-13T17:04:49.471 INFO:journalctl@ceph.mgr.x.smithi087.stdout:Sep 13 17:04:49 smithi087 ceph-043d5bae-71f2-11ef-bceb-c7b262605968-mgr-x[31158]: new_conn = self._from_server_socket(self.server.socket)
2024-09-13T17:04:49.471 INFO:journalctl@ceph.mgr.x.smithi087.stdout:Sep 13 17:04:49 smithi087 ceph-043d5bae-71f2-11ef-bceb-c7b262605968-mgr-x[31158]: File "/lib/python3.9/site-packages/cheroot/connections.py", line 300, in _from_server_socket
2024-09-13T17:04:49.471 INFO:journalctl@ceph.mgr.x.smithi087.stdout:Sep 13 17:04:49 smithi087 ceph-043d5bae-71f2-11ef-bceb-c7b262605968-mgr-x[31158]: s, ssl_env = self.server.ssl_adapter.wrap(s)
2024-09-13T17:04:49.471 INFO:journalctl@ceph.mgr.x.smithi087.stdout:Sep 13 17:04:49 smithi087 ceph-043d5bae-71f2-11ef-bceb-c7b262605968-mgr-x[31158]: File "/lib/python3.9/site-packages/cheroot/ssl/builtin.py", line 277, in wrap
2024-09-13T17:04:49.471 INFO:journalctl@ceph.mgr.x.smithi087.stdout:Sep 13 17:04:49 smithi087 ceph-043d5bae-71f2-11ef-bceb-c7b262605968-mgr-x[31158]: s = self.context.wrap_socket(
2024-09-13T17:04:49.471 INFO:journalctl@ceph.mgr.x.smithi087.stdout:Sep 13 17:04:49 smithi087 ceph-043d5bae-71f2-11ef-bceb-c7b262605968-mgr-x[31158]: File "/lib64/python3.9/ssl.py", line 501, in wrap_socket
2024-09-13T17:04:49.472 INFO:journalctl@ceph.mgr.x.smithi087.stdout:Sep 13 17:04:49 smithi087 ceph-043d5bae-71f2-11ef-bceb-c7b262605968-mgr-x[31158]: return self.sslsocket_class._create(
2024-09-13T17:04:49.472 INFO:journalctl@ceph.mgr.x.smithi087.stdout:Sep 13 17:04:49 smithi087 ceph-043d5bae-71f2-11ef-bceb-c7b262605968-mgr-x[31158]: File "/lib64/python3.9/ssl.py", line 1074, in _create
2024-09-13T17:04:49.472 INFO:journalctl@ceph.mgr.x.smithi087.stdout:Sep 13 17:04:49 smithi087 ceph-043d5bae-71f2-11ef-bceb-c7b262605968-mgr-x[31158]: self.do_handshake()
2024-09-13T17:04:49.472 INFO:journalctl@ceph.mgr.x.smithi087.stdout:Sep 13 17:04:49 smithi087 ceph-043d5bae-71f2-11ef-bceb-c7b262605968-mgr-x[31158]: File "/lib64/python3.9/ssl.py", line 1343, in do_handshake
2024-09-13T17:04:49.472 INFO:journalctl@ceph.mgr.x.smithi087.stdout:Sep 13 17:04:49 smithi087 ceph-043d5bae-71f2-11ef-bceb-c7b262605968-mgr-x[31158]: self._sslobj.do_handshake()
2024-09-13T17:04:49.472 INFO:journalctl@ceph.mgr.x.smithi087.stdout:Sep 13 17:04:49 smithi087 ceph-043d5bae-71f2-11ef-bceb-c7b262605968-mgr-x[31158]: ssl.SSLZeroReturnError: TLS/SSL connection has been closed (EOF) (_ssl.c:1133)
2024-09-13T17:04:49.472 INFO:journalctl@ceph.mgr.x.smithi087.stdout:Sep 13 17:04:49 smithi087 ceph-043d5bae-71f2-11ef-bceb-c7b262605968-mgr-x[31158]:
2024-09-13T17:04:49.754 INFO:teuthology.orchestra.run.smithi087.stdout:/usr/bin/ceph: stdout {
2024-09-13T17:04:49.754 INFO:teuthology.orchestra.run.smithi087.stdout:/usr/bin/ceph: stdout "mgrmap_epoch": 11,
2024-09-13T17:04:49.755 INFO:teuthology.orchestra.run.smithi087.stdout:/usr/bin/ceph: stdout "initialized": true
2024-09-13T17:04:49.755 INFO:teuthology.orchestra.run.smithi087.stdout:/usr/bin/ceph: stdout }
2024-09-13T17:04:49.755 INFO:teuthology.orchestra.run.smithi087.stdout:/usr/bin/ceph: stderr
2024-09-13T17:04:45.655+0000 7f44d069a640 1 Processor -- start
2024-09-13T17:04:49.755 INFO:teuthology.orchestra.run.smithi087.stdout:/usr/bin/ceph: stderr
2024-09-13T17:04:45.655+0000 7f44d069a640 1 -- start start
2024-09-13T17:04:49.755 INFO:teuthology.orchestra.run.smithi087.stdout:/usr/bin/ceph: stderr
2024-09-13T17:04:45.655+0000 7f44d069a640 1 --2- >> [v2:172.21.15.87:3300/0,v1:172.21.15.87:6789/0] conn(0x7f44c8106140 0x7f44c8108530 unknown :-1 s=NONE pgs=0 cs=0 l=0 rev1=0 crypto rx=0 tx=0 comp rx=0 tx=0).connect
2024-09-13T17:04:49.755 INFO:teuthology.orchestra.run.smithi087.stdout:/usr/bin/ceph: stderr
2024-09-13T17:04:45.655+0000 7f44d069a640 1 -- --> [v2:172.21.15.87:3300/0,v1:172.21.15.87:6789/0] -- mon_getmap magic: 0 v1 -- 0x7f44c8079d90 con 0x7f44c8106140
2024-09-13T17:04:49.755 INFO:teuthology.orchestra.run.smithi087.stdout:/usr/bin/ceph: stderr
2024-09-13T17:04:45.655+0000 7f44ce436640 1 --2- >> [v2:172.21.15.87:3300/0,v1:172.21.15.87:6789/0] conn(0x7f44c8106140 0x7f44c8108530 unknown :-1 s=BANNER_CONNECTING pgs=0 cs=0 l=0 rev1=0 crypto rx=0 tx=0 comp rx=0 tx=0)._handle_peer_banner_payload supported=3 required=0
2024-09-13T17:04:49.755 INFO:teuthology.orchestra.run.smithi087.stdout:/usr/bin/ceph: stderr
2024-09-13T17:04:45.655+0000 7f44ce436640 1 --2- >> [v2:172.21.15.87:3300/0,v1:172.21.15.87:6789/0] conn(0x7f44c8106140 0x7f44c8108530 unknown :-1 s=HELLO_CONNECTING pgs=0 cs=0 l=0 rev1=1 crypto rx=0 tx=0 comp rx=0 tx=0).handle_hello peer v2:172.21.15.87:3300/0 says I am v2:172.21.15.87:46300/0 (socket says 172.21.15.87:46300)
2024-09-13T17:04:49.755 INFO:teuthology.orchestra.run.smithi087.stdout:/usr/bin/ceph: stderr
2024-09-13T17:04:45.655+0000 7f44ce436640 1 -- 172.21.15.87:0/1149772273 learned_addr learned my addr 172.21.15.87:0/1149772273 (peer_addr_for_me v2:172.21.15.87:0/0)
2024-09-13T17:04:49.755 INFO:teuthology.orchestra.run.smithi087.stdout:/usr/bin/ceph: stderr
2024-09-13T17:04:45.655+0000 7f44ce436640 1 -- 172.21.15.87:0/1149772273 --> [v2:172.21.15.87:3300/0,v1:172.21.15.87:6789/0] -- mon_subscribe({config=0+,monmap=0+}) v3 -- 0x7f44c8108a70 con 0x7f44c8106140
2024-09-13T17:04:49.756 INFO:teuthology.orchestra.run.smithi087.stdout:/usr/bin/ceph: stderr
2024-09-13T17:04:45.656+0000 7f44ce436640 1 --2- 172.21.15.87:0/1149772273 >> [v2:172.21.15.87:3300/0,v1:172.21.15.87:6789/0] conn(0x7f44c8106140 0x7f44c8108530 secure :-1 s=READY pgs=59 cs=0 l=1 rev1=1 crypto rx=0x7f44c4009820 tx=0x7f44c402a270 comp rx=0 tx=0).ready entity=mon.0 client_cookie=7737366036cadbed server_cookie=0 in_seq=0 out_seq=0
2024-09-13T17:04:49.756 INFO:teuthology.orchestra.run.smithi087.stdout:/usr/bin/ceph: stderr
2024-09-13T17:04:45.656+0000 7f44cd434640 1 -- 172.21.15.87:0/1149772273 <== mon.0 v2:172.21.15.87:3300/0 1 ==== mon_map magic: 0 v1 ==== 205+0+0 (secure 0 0 0) 0x7f44c402ae70 con 0x7f44c8106140
2024-09-13T17:04:49.756 INFO:teuthology.orchestra.run.smithi087.stdout:/usr/bin/ceph: stderr
2024-09-13T17:04:45.656+0000 7f44cd434640 1 -- 172.21.15.87:0/1149772273 <== mon.0 v2:172.21.15.87:3300/0 2 ==== config(26 keys) v1 ==== 1101+0+0 (secure 0 0 0) 0x7f44c40328f0 con 0x7f44c8106140
2024-09-13T17:04:49.756 INFO:teuthology.orchestra.run.smithi087.stdout:/usr/bin/ceph: stderr
2024-09-13T17:04:45.656+0000 7f44cd434640 1 -- 172.21.15.87:0/1149772273 <== mon.0 v2:172.21.15.87:3300/0 3 ==== mon_map magic: 0 v1 ==== 205+0+0 (secure 0 0 0) 0x7f44c4030850 con 0x7f44c8106140
2024-09-13T17:04:49.756 INFO:teuthology.orchestra.run.smithi087.stdout:/usr/bin/ceph: stderr
2024-09-13T17:04:45.657+0000 7f44d069a640 1 -- 172.21.15.87:0/1149772273 >> [v2:172.21.15.87:3300/0,v1:172.21.15.87:6789/0] conn(0x7f44c8106140 msgr2=0x7f44c8108530 secure :-1 s=STATE_CONNECTION_ESTABLISHED l=1).mark_down
2024-09-13T17:04:49.756 INFO:teuthology.orchestra.run.smithi087.stdout:/usr/bin/ceph: stderr
2024-09-13T17:04:45.657+0000 7f44d069a640 1 --2- 172.21.15.87:0/1149772273 >> [v2:172.21.15.87:3300/0,v1:172.21.15.87:6789/0] conn(0x7f44c8106140 0x7f44c8108530 secure :-1 s=READY pgs=59 cs=0 l=1 rev1=1 crypto rx=0x7f44c4009820 tx=0x7f44c402a270 comp rx=0 tx=0).stop
2024-09-13T17:04:49.756 INFO:teuthology.orchestra.run.smithi087.stdout:/usr/bin/ceph: stderr
2024-09-13T17:04:45.657+0000 7f44d069a640 1 -- 172.21.15.87:0/1149772273 shutdown_connections
2024-09-13T17:04:49.756 INFO:teuthology.orchestra.run.smithi087.stdout:/usr/bin/ceph: stderr
2024-09-13T17:04:45.657+0000 7f44d069a640 1 --2- 172.21.15.87:0/1149772273 >> [v2:172.21.15.87:3300/0,v1:172.21.15.87:6789/0] conn(0x7f44c8106140 0x7f44c8108530 unknown :-1 s=CLOSED pgs=59 cs=0 l=1 rev1=1 crypto rx=0 tx=0 comp rx=0 tx=0).stop
2024-09-13T17:04:49.756 INFO:teuthology.orchestra.run.smithi087.stdout:/usr/bin/ceph: stderr
2024-09-13T17:04:45.657+0000 7f44d069a640 1 -- 172.21.15.87:0/1149772273 >> 172.21.15.87:0/1149772273 conn(0x7f44c80ffda0 msgr2=0x7f44c81021c0 unknown :-1 s=STATE_NONE l=0).mark_down
2024-09-13T17:04:49.756 INFO:teuthology.orchestra.run.smithi087.stdout:/usr/bin/ceph: stderr
2024-09-13T17:04:45.657+0000 7f44d069a640 1 -- 172.21.15.87:0/1149772273 shutdown_connections
2024-09-13T17:04:49.756 INFO:teuthology.orchestra.run.smithi087.stdout:/usr/bin/ceph: stderr
2024-09-13T17:04:45.657+0000 7f44d069a640 1 -- 172.21.15.87:0/1149772273 wait complete.
2024-09-13T17:04:49.756 INFO:teuthology.orchestra.run.smithi087.stdout:/usr/bin/ceph: stderr
2024-09-13T17:04:45.658+0000 7f44d069a640 1 Processor -- start
2024-09-13T17:04:49.757 INFO:teuthology.orchestra.run.smithi087.stdout:/usr/bin/ceph: stderr
2024-09-13T17:04:45.658+0000 7f44d069a640 1 -- start start
2024-09-13T17:04:49.757 INFO:teuthology.orchestra.run.smithi087.stdout:/usr/bin/ceph: stderr
2024-09-13T17:04:45.658+0000 7f44d069a640 1 --2- >> [v2:172.21.15.87:3300/0,v1:172.21.15.87:6789/0] conn(0x7f44c8106140 0x7f44c8199420 unknown :-1 s=NONE pgs=0 cs=0 l=1 rev1=0 crypto rx=0 tx=0 comp rx=0 tx=0).connect
2024-09-13T17:04:49.757 INFO:teuthology.orchestra.run.smithi087.stdout:/usr/bin/ceph: stderr
2024-09-13T17:04:45.658+0000 7f44d069a640 1 -- --> [v2:172.21.15.87:3300/0,v1:172.21.15.87:6789/0] -- mon_getmap magic: 0 v1 -- 0x7f44c8199960 con 0x7f44c8106140
2024-09-13T17:04:49.757 INFO:teuthology.orchestra.run.smithi087.stdout:/usr/bin/ceph: stderr
2024-09-13T17:04:45.658+0000 7f44ce436640 1 --2- >> [v2:172.21.15.87:3300/0,v1:172.21.15.87:6789/0] conn(0x7f44c8106140 0x7f44c8199420 unknown :-1 s=BANNER_CONNECTING pgs=0 cs=0 l=1 rev1=0 crypto rx=0 tx=0 comp rx=0 tx=0)._handle_peer_banner_payload supported=3 required=0
2024-09-13T17:04:49.757 INFO:teuthology.orchestra.run.smithi087.stdout:/usr/bin/ceph: stderr
2024-09-13T17:04:45.658+0000 7f44ce436640 1 --2- >> [v2:172.21.15.87:3300/0,v1:172.21.15.87:6789/0] conn(0x7f44c8106140 0x7f44c8199420 unknown :-1 s=HELLO_CONNECTING pgs=0 cs=0 l=1 rev1=1 crypto rx=0 tx=0 comp rx=0 tx=0).handle_hello peer v2:172.21.15.87:3300/0 says I am v2:172.21.15.87:46310/0 (socket says 172.21.15.87:46310)
2024-09-13T17:04:49.757 INFO:teuthology.orchestra.run.smithi087.stdout:/usr/bin/ceph: stderr
2024-09-13T17:04:45.658+0000 7f44ce436640 1 -- 172.21.15.87:0/2175517103 learned_addr learned my addr 172.21.15.87:0/2175517103 (peer_addr_for_me v2:172.21.15.87:0/0)
2024-09-13T17:04:49.757 INFO:teuthology.orchestra.run.smithi087.stdout:/usr/bin/ceph: stderr
2024-09-13T17:04:45.658+0000 7f44ce436640 1 -- 172.21.15.87:0/2175517103 --> [v2:172.21.15.87:3300/0,v1:172.21.15.87:6789/0] -- mon_subscribe({config=0+,monmap=0+}) v3 -- 0x7f44c40094d0 con 0x7f44c8106140
2024-09-13T17:04:49.757 INFO:teuthology.orchestra.run.smithi087.stdout:/usr/bin/ceph: stderr
2024-09-13T17:04:45.659+0000 7f44ce436640 1 --2- 172.21.15.87:0/2175517103 >> [v2:172.21.15.87:3300/0,v1:172.21.15.87:6789/0] conn(0x7f44c8106140 0x7f44c8199420 secure :-1 s=READY pgs=60 cs=0 l=1 rev1=1 crypto rx=0x7f44c4030560 tx=0x7f44c4030d90 comp rx=0 tx=0).ready entity=mon.0 client_cookie=0 server_cookie=0 in_seq=0 out_seq=0
2024-09-13T17:04:49.757 INFO:teuthology.orchestra.run.smithi087.stdout:/usr/bin/ceph: stderr
2024-09-13T17:04:45.659+0000 7f44bf7fe640 1 -- 172.21.15.87:0/2175517103 <== mon.0 v2:172.21.15.87:3300/0 1 ==== mon_map magic: 0 v1 ==== 205+0+0 (secure 0 0 0) 0x7f44c4032da0 con 0x7f44c8106140
2024-09-13T17:04:49.757 INFO:teuthology.orchestra.run.smithi087.stdout:/usr/bin/ceph: stderr
2024-09-13T17:04:45.659+0000 7f44bf7fe640 1 -- 172.21.15.87:0/2175517103 <== mon.0 v2:172.21.15.87:3300/0 2 ==== config(26 keys) v1 ==== 1101+0+0 (secure 0 0 0) 0x7f44c403b8e0 con 0x7f44c8106140
2024-09-13T17:04:49.757 INFO:teuthology.orchestra.run.smithi087.stdout:/usr/bin/ceph: stderr
2024-09-13T17:04:45.659+0000 7f44d069a640 1 -- 172.21.15.87:0/2175517103 --> [v2:172.21.15.87:3300/0,v1:172.21.15.87:6789/0] -- mon_subscribe({mgrmap=0+}) v3 -- 0x7f44c8199b60 con 0x7f44c8106140
2024-09-13T17:04:49.757 INFO:teuthology.orchestra.run.smithi087.stdout:/usr/bin/ceph: stderr
2024-09-13T17:04:45.659+0000 7f44d069a640 1 -- 172.21.15.87:0/2175517103 --> [v2:172.21.15.87:3300/0,v1:172.21.15.87:6789/0] -- mon_subscribe({osdmap=0}) v3 -- 0x7f44c819a000 con 0x7f44c8106140
2024-09-13T17:04:49.757 INFO:teuthology.orchestra.run.smithi087.stdout:/usr/bin/ceph: stderr
2024-09-13T17:04:45.660+0000 7f44bf7fe640 1 -- 172.21.15.87:0/2175517103 <== mon.0 v2:172.21.15.87:3300/0 3 ==== mon_map magic: 0 v1 ==== 205+0+0 (secure 0 0 0) 0x7f44c403a660 con 0x7f44c8106140
2024-09-13T17:04:49.757 INFO:teuthology.orchestra.run.smithi087.stdout:/usr/bin/ceph: stderr
2024-09-13T17:04:45.660+0000 7f44bf7fe640 1 -- 172.21.15.87:0/2175517103 <== mon.0 v2:172.21.15.87:3300/0 4 ==== mgrmap(e 9) v1 ==== 45554+0+0 (secure 0 0 0) 0x7f44c4039040 con 0x7f44c8106140
2024-09-13T17:04:49.758 INFO:teuthology.orchestra.run.smithi087.stdout:/usr/bin/ceph: stderr
2024-09-13T17:04:45.660+0000 7f44bf7fe640 1 --2- 172.21.15.87:0/2175517103 >> [v2:172.21.15.87:6800/4144176457,v1:172.21.15.87:6801/4144176457] conn(0x7f44b40386c0 0x7f44b403ab80 unknown :-1 s=NONE pgs=0 cs=0 l=1 rev1=0 crypto rx=0 tx=0 comp rx=0 tx=0).connect
2024-09-13T17:04:49.758 INFO:teuthology.orchestra.run.smithi087.stdout:/usr/bin/ceph: stderr
2024-09-13T17:04:45.660+0000 7f44bf7fe640 1 -- 172.21.15.87:0/2175517103 --> [v2:172.21.15.87:6800/4144176457,v1:172.21.15.87:6801/4144176457] -- command(tid 0: {"prefix": "get_command_descriptions"}) v1 -- 0x7f44b403b290 con 0x7f44b40386c0
2024-09-13T17:04:49.758 INFO:teuthology.orchestra.run.smithi087.stdout:/usr/bin/ceph: stderr
2024-09-13T17:04:45.660+0000 7f44bf7fe640 1 -- 172.21.15.87:0/2175517103 <== mon.0 v2:172.21.15.87:3300/0 5 ==== osd_map(2..2 src has 1..2) v4 ==== 940+0+0 (secure 0 0 0) 0x7f44c406c9b0 con 0x7f44c8106140
2024-09-13T17:04:49.758 INFO:teuthology.orchestra.run.smithi087.stdout:/usr/bin/ceph: stderr
2024-09-13T17:04:45.660+0000 7f44cdc35640 1 -- 172.21.15.87:0/2175517103 >> [v2:172.21.15.87:6800/4144176457,v1:172.21.15.87:6801/4144176457] conn(0x7f44b40386c0 msgr2=0x7f44b403ab80 unknown :-1 s=STATE_CONNECTING_RE l=1).process reconnect failed to v2:172.21.15.87:6800/4144176457
2024-09-13T17:04:49.758 INFO:teuthology.orchestra.run.smithi087.stdout:/usr/bin/ceph: stderr
2024-09-13T17:04:45.660+0000 7f44cdc35640 1 --2- 172.21.15.87:0/2175517103 >> [v2:172.21.15.87:6800/4144176457,v1:172.21.15.87:6801/4144176457] conn(0x7f44b40386c0 0x7f44b403ab80 unknown :-1 s=START_CONNECT pgs=0 cs=0 l=1 rev1=0 crypto rx=0 tx=0 comp rx=0 tx=0)._fault waiting 0.200000
2024-09-13T17:04:49.758 INFO:teuthology.orchestra.run.smithi087.stdout:/usr/bin/ceph: stderr
2024-09-13T17:04:45.861+0000 7f44cdc35640 1 -- 172.21.15.87:0/2175517103 >> [v2:172.21.15.87:6800/4144176457,v1:172.21.15.87:6801/4144176457] conn(0x7f44b40386c0 msgr2=0x7f44b403ab80 unknown :-1 s=STATE_CONNECTING_RE l=1).process reconnect failed to v2:172.21.15.87:6800/4144176457
2024-09-13T17:04:49.758 INFO:teuthology.orchestra.run.smithi087.stdout:/usr/bin/ceph: stderr
2024-09-13T17:04:45.861+0000 7f44cdc35640 1 --2- 172.21.15.87:0/2175517103 >> [v2:172.21.15.87:6800/4144176457,v1:172.21.15.87:6801/4144176457] conn(0x7f44b40386c0 0x7f44b403ab80 unknown :-1 s=START_CONNECT pgs=0 cs=0 l=1 rev1=0 crypto rx=0 tx=0 comp rx=0 tx=0)._fault waiting 0.400000
2024-09-13T17:04:49.758 INFO:teuthology.orchestra.run.smithi087.stdout:/usr/bin/ceph: stderr
2024-09-13T17:04:46.262+0000 7f44cdc35640 1 -- 172.21.15.87:0/2175517103 >> [v2:172.21.15.87:6800/4144176457,v1:172.21.15.87:6801/4144176457] conn(0x7f44b40386c0 msgr2=0x7f44b403ab80 unknown :-1 s=STATE_CONNECTING_RE l=1).process reconnect failed to v2:172.21.15.87:6800/4144176457
2024-09-13T17:04:49.758 INFO:teuthology.orchestra.run.smithi087.stdout:/usr/bin/ceph: stderr
2024-09-13T17:04:46.262+0000 7f44cdc35640 1 --2- 172.21.15.87:0/2175517103 >> [v2:172.21.15.87:6800/4144176457,v1:172.21.15.87:6801/4144176457] conn(0x7f44b40386c0 0x7f44b403ab80 unknown :-1 s=START_CONNECT pgs=0 cs=0 l=1 rev1=0 crypto rx=0 tx=0 comp rx=0 tx=0)._fault waiting 0.800000
2024-09-13T17:04:49.758 INFO:teuthology.orchestra.run.smithi087.stdout:/usr/bin/ceph: stderr
2024-09-13T17:04:47.063+0000 7f44cdc35640 1 -- 172.21.15.87:0/2175517103 >> [v2:172.21.15.87:6800/4144176457,v1:172.21.15.87:6801/4144176457] conn(0x7f44b40386c0 msgr2=0x7f44b403ab80 unknown :-1 s=STATE_CONNECTING_RE l=1).process reconnect failed to v2:172.21.15.87:6800/4144176457
2024-09-13T17:04:49.758 INFO:teuthology.orchestra.run.smithi087.stdout:/usr/bin/ceph: stderr
2024-09-13T17:04:47.063+0000 7f44cdc35640 1 --2- 172.21.15.87:0/2175517103 >> [v2:172.21.15.87:6800/4144176457,v1:172.21.15.87:6801/4144176457] conn(0x7f44b40386c0 0x7f44b403ab80 unknown :-1 s=START_CONNECT pgs=0 cs=0 l=1 rev1=0 crypto rx=0 tx=0 comp rx=0 tx=0)._fault waiting 1.600000
2024-09-13T17:04:49.758 INFO:teuthology.orchestra.run.smithi087.stdout:/usr/bin/ceph: stderr
2024-09-13T17:04:47.990+0000 7f44bf7fe640 1 -- 172.21.15.87:0/2175517103 <== mon.0 v2:172.21.15.87:3300/0 6 ==== mgrmap(e 10) v1 ==== 45321+0+0 (secure 0 0 0) 0x7f44c406b7e0 con 0x7f44c8106140
2024-09-13T17:04:49.758 INFO:teuthology.orchestra.run.smithi087.stdout:/usr/bin/ceph: stderr
2024-09-13T17:04:47.991+0000 7f44bf7fe640 1 -- 172.21.15.87:0/2175517103 >> [v2:172.21.15.87:6800/4144176457,v1:172.21.15.87:6801/4144176457] conn(0x7f44b40386c0 msgr2=0x7f44b403ab80 unknown :-1 s=STATE_CONNECTING l=1).mark_down
2024-09-13T17:04:49.759 INFO:teuthology.orchestra.run.smithi087.stdout:/usr/bin/ceph: stderr
2024-09-13T17:04:47.991+0000 7f44bf7fe640 1 --2- 172.21.15.87:0/2175517103 >> [v2:172.21.15.87:6800/4144176457,v1:172.21.15.87:6801/4144176457] conn(0x7f44b40386c0 0x7f44b403ab80 unknown :-1 s=START_CONNECT pgs=0 cs=0 l=1 rev1=0 crypto rx=0 tx=0 comp rx=0 tx=0).stop
2024-09-13T17:04:49.759 INFO:teuthology.orchestra.run.smithi087.stdout:/usr/bin/ceph: stderr
2024-09-13T17:04:48.991+0000 7f44bf7fe640 1 -- 172.21.15.87:0/2175517103 <== mon.0 v2:172.21.15.87:3300/0 7 ==== mgrmap(e 11) v1 ==== 45448+0+0 (secure 0 0 0) 0x7f44c4044450 con 0x7f44c8106140
2024-09-13T17:04:49.759 INFO:teuthology.orchestra.run.smithi087.stdout:/usr/bin/ceph: stderr
2024-09-13T17:04:48.992+0000 7f44bf7fe640 1 --2- 172.21.15.87:0/2175517103 >> [v2:172.21.15.87:6800/701043027,v1:172.21.15.87:6801/701043027] conn(0x7f44b403bfb0 0x7f44b403e3a0 unknown :-1 s=NONE pgs=0 cs=0 l=1 rev1=0 crypto rx=0 tx=0 comp rx=0 tx=0).connect
2024-09-13T17:04:49.759 INFO:teuthology.orchestra.run.smithi087.stdout:/usr/bin/ceph: stderr
2024-09-13T17:04:48.992+0000 7f44bf7fe640 1 -- 172.21.15.87:0/2175517103 --> [v2:172.21.15.87:6800/701043027,v1:172.21.15.87:6801/701043027] -- command(tid 0: {"prefix": "get_command_descriptions"}) v1 -- 0x7f44b403b290 con 0x7f44b403bfb0
2024-09-13T17:04:49.759 INFO:teuthology.orchestra.run.smithi087.stdout:/usr/bin/ceph: stderr
2024-09-13T17:04:48.993+0000 7f44cdc35640 1 --2- 172.21.15.87:0/2175517103 >> [v2:172.21.15.87:6800/701043027,v1:172.21.15.87:6801/701043027] conn(0x7f44b403bfb0 0x7f44b403e3a0 unknown :-1 s=BANNER_CONNECTING pgs=0 cs=0 l=1 rev1=0 crypto rx=0 tx=0 comp rx=0 tx=0)._handle_peer_banner_payload supported=3 required=0
2024-09-13T17:04:49.759 INFO:teuthology.orchestra.run.smithi087.stdout:/usr/bin/ceph: stderr
2024-09-13T17:04:48.993+0000 7f44cdc35640 1 --2- 172.21.15.87:0/2175517103 >> [v2:172.21.15.87:6800/701043027,v1:172.21.15.87:6801/701043027] conn(0x7f44b403bfb0 0x7f44b403e3a0 secure :-1 s=READY pgs=3 cs=0 l=1 rev1=1 crypto rx=0x7f44b8003980 tx=0x7f44b8006e10 comp rx=0 tx=0).ready entity=mgr.14150 client_cookie=0 server_cookie=0 in_seq=0 out_seq=0
2024-09-13T17:04:49.759 INFO:teuthology.orchestra.run.smithi087.stdout:/usr/bin/ceph: stderr
2024-09-13T17:04:48.994+0000 7f44bf7fe640 1 -- 172.21.15.87:0/2175517103 <== mgr.14150 v2:172.21.15.87:6800/701043027 1 ==== command_reply(tid 0: 0 ) v1 ==== 8+0+7774 (secure 0 0 0) 0x7f44b403b290 con 0x7f44b403bfb0
2024-09-13T17:04:49.759 INFO:teuthology.orchestra.run.smithi087.stdout:/usr/bin/ceph: stderr
2024-09-13T17:04:48.999+0000 7f44d069a640 1 -- 172.21.15.87:0/2175517103 --> [v2:172.21.15.87:6800/701043027,v1:172.21.15.87:6801/701043027] -- command(tid 1: {"prefix": "mgr_status"}) v1 -- 0x7f44ac0025a0 con 0x7f44b403bfb0
2024-09-13T17:04:49.759 INFO:teuthology.orchestra.run.smithi087.stdout:/usr/bin/ceph: stderr
2024-09-13T17:04:48.999+0000 7f44bf7fe640 1 -- 172.21.15.87:0/2175517103 <== mgr.14150 v2:172.21.15.87:6800/701043027 2 ==== command_reply(tid 1: 0 ) v1 ==== 8+0+52 (secure 0 0 0) 0x7f44ac0025a0 con 0x7f44b403bfb0
2024-09-13T17:04:49.759 INFO:teuthology.orchestra.run.smithi087.stdout:/usr/bin/ceph: stderr
2024-09-13T17:04:49.000+0000 7f44d069a640 1 -- 172.21.15.87:0/2175517103 >> [v2:172.21.15.87:6800/701043027,v1:172.21.15.87:6801/701043027] conn(0x7f44b403bfb0 msgr2=0x7f44b403e3a0 secure :-1 s=STATE_CONNECTION_ESTABLISHED l=1).mark_down
2024-09-13T17:04:49.759 INFO:teuthology.orchestra.run.smithi087.stdout:/usr/bin/ceph: stderr
2024-09-13T17:04:49.000+0000 7f44d069a640 1 --2- 172.21.15.87:0/2175517103 >> [v2:172.21.15.87:6800/701043027,v1:172.21.15.87:6801/701043027] conn(0x7f44b403bfb0 0x7f44b403e3a0 secure :-1 s=READY pgs=3 cs=0 l=1 rev1=1 crypto rx=0x7f44b8003980 tx=0x7f44b8006e10 comp rx=0 tx=0).stop
2024-09-13T17:04:49.759 INFO:teuthology.orchestra.run.smithi087.stdout:/usr/bin/ceph: stderr
2024-09-13T17:04:49.000+0000 7f44d069a640 1 -- 172.21.15.87:0/2175517103 >> [v2:172.21.15.87:3300/0,v1:172.21.15.87:6789/0] conn(0x7f44c8106140 msgr2=0x7f44c8199420 secure :-1 s=STATE_CONNECTION_ESTABLISHED l=1).mark_down
2024-09-13T17:04:49.760 INFO:teuthology.orchestra.run.smithi087.stdout:/usr/bin/ceph: stderr
2024-09-13T17:04:49.000+0000 7f44d069a640 1 --2- 172.21.15.87:0/2175517103 >> [v2:172.21.15.87:3300/0,v1:172.21.15.87:6789/0] conn(0x7f44c8106140 0x7f44c8199420 secure :-1 s=READY pgs=60 cs=0 l=1 rev1=1 crypto rx=0x7f44c4030560 tx=0x7f44c4030d90 comp rx=0 tx=0).stop
2024-09-13T17:04:49.760 INFO:teuthology.orchestra.run.smithi087.stdout:/usr/bin/ceph: stderr
2024-09-13T17:04:49.000+0000 7f44d069a640 1 -- 172.21.15.87:0/2175517103 shutdown_connections
2024-09-13T17:04:49.760 INFO:teuthology.orchestra.run.smithi087.stdout:/usr/bin/ceph: stderr
2024-09-13T17:04:49.000+0000 7f44d069a640 1 --2- 172.21.15.87:0/2175517103 >> [v2:172.21.15.87:6800/701043027,v1:172.21.15.87:6801/701043027] conn(0x7f44b403bfb0 0x7f44b403e3a0 unknown :-1 s=CLOSED pgs=3 cs=0 l=1 rev1=1 crypto rx=0 tx=0 comp rx=0 tx=0).stop
2024-09-13T17:04:49.760 INFO:teuthology.orchestra.run.smithi087.stdout:/usr/bin/ceph: stderr
2024-09-13T17:04:49.000+0000 7f44d069a640 1 --2- 172.21.15.87:0/2175517103 >> [v2:172.21.15.87:6800/4144176457,v1:172.21.15.87:6801/4144176457] conn(0x7f44b40386c0 0x7f44b403ab80 unknown :-1 s=CLOSED pgs=0 cs=0 l=1 rev1=0 crypto rx=0 tx=0 comp rx=0 tx=0).stop
2024-09-13T17:04:49.760 INFO:teuthology.orchestra.run.smithi087.stdout:/usr/bin/ceph: stderr
2024-09-13T17:04:49.000+0000 7f44d069a640 1 --2- 172.21.15.87:0/2175517103 >> [v2:172.21.15.87:3300/0,v1:172.21.15.87:6789/0] conn(0x7f44c8106140 0x7f44c8199420 unknown :-1 s=CLOSED pgs=60 cs=0 l=1 rev1=1 crypto rx=0 tx=0 comp rx=0 tx=0).stop
2024-09-13T17:04:49.760 INFO:teuthology.orchestra.run.smithi087.stdout:/usr/bin/ceph: stderr
2024-09-13T17:04:49.000+0000 7f44d069a640 1 -- 172.21.15.87:0/2175517103 >> 172.21.15.87:0/2175517103 conn(0x7f44c80ffda0 msgr2=0x7f44c8100a50 unknown :-1 s=STATE_NONE l=0).mark_down
2024-09-13T17:04:49.761 INFO:teuthology.orchestra.run.smithi087.stdout:/usr/bin/ceph: stderr
2024-09-13T17:04:49.000+0000 7f44d069a640 1 -- 172.21.15.87:0/2175517103 shutdown_connections
2024-09-13T17:04:49.761 INFO:teuthology.orchestra.run.smithi087.stdout:/usr/bin/ceph: stderr
2024-09-13T17:04:49.000+0000 7f44d069a640 1 -- 172.21.15.87:0/2175517103 wait complete.
2024-09-13T17:04:49.761 INFO:teuthology.orchestra.run.smithi087.stdout:mgr epoch 9 is available
2024-09-13T17:04:49.761 INFO:teuthology.orchestra.run.smithi087.stdout:Generating a dashboard self-signed certificate...
2024-09-13T17:04:50.005 INFO:journalctl@ceph.mon.a.smithi087.stdout:Sep 13 17:04:49 smithi087 ceph-mon[30934]: [13/Sep/2024:17:04:48] ENGINE Bus STARTING
2024-09-13T17:04:50.005 INFO:journalctl@ceph.mon.a.smithi087.stdout:Sep 13 17:04:49 smithi087 ceph-mon[30934]: from='client.14154 -' entity='client.admin' cmd=[{"prefix": "get_command_descriptions"}]: dispatch
2024-09-13T17:04:50.005 INFO:journalctl@ceph.mon.a.smithi087.stdout:Sep 13 17:04:49 smithi087 ceph-mon[30934]: mgrmap e11: x(active, since 1.00575s)
2024-09-13T17:04:50.005 INFO:journalctl@ceph.mon.a.smithi087.stdout:Sep 13 17:04:49 smithi087 ceph-mon[30934]: from='client.14154 -' entity='client.admin' cmd=[{"prefix": "mgr_status"}]: dispatch
2024-09-13T17:04:50.005 INFO:journalctl@ceph.mon.a.smithi087.stdout:Sep 13 17:04:49 smithi087 ceph-mon[30934]: [13/Sep/2024:17:04:49] ENGINE Serving on http://172.21.15.87:8765
2024-09-13T17:04:50.005 INFO:journalctl@ceph.mon.a.smithi087.stdout:Sep 13 17:04:49 smithi087 ceph-mon[30934]: [13/Sep/2024:17:04:49] ENGINE Serving on https://172.21.15.87:7150
2024-09-13T17:04:50.006 INFO:journalctl@ceph.mon.a.smithi087.stdout:Sep 13 17:04:49 smithi087 ceph-mon[30934]: [13/Sep/2024:17:04:49] ENGINE Bus STARTED
2024-09-13T17:04:50.006 INFO:journalctl@ceph.mon.a.smithi087.stdout:Sep 13 17:04:49 smithi087 ceph-mon[30934]: [13/Sep/2024:17:04:49] ENGINE Error in HTTPServer.serve
2024-09-13T17:04:50.006 INFO:journalctl@ceph.mon.a.smithi087.stdout: Traceback (most recent call last):
2024-09-13T17:04:50.006 INFO:journalctl@ceph.mon.a.smithi087.stdout: File "/lib/python3.9/site-packages/cheroot/server.py", line 1823, in serve
2024-09-13T17:04:50.006 INFO:journalctl@ceph.mon.a.smithi087.stdout: self._connections.run(self.expiration_interval)
2024-09-13T17:04:50.006 INFO:journalctl@ceph.mon.a.smithi087.stdout: File "/lib/python3.9/site-packages/cheroot/connections.py", line 203, in run
2024-09-13T17:04:50.006 INFO:journalctl@ceph.mon.a.smithi087.stdout: self._run(expiration_interval)
2024-09-13T17:04:50.006 INFO:journalctl@ceph.mon.a.smithi087.stdout: File "/lib/python3.9/site-packages/cheroot/connections.py", line 246, in _run
2024-09-13T17:04:50.006 INFO:journalctl@ceph.mon.a.smithi087.stdout: new_conn = self._from_server_socket(self.server.socket)
2024-09-13T17:04:50.006 INFO:journalctl@ceph.mon.a.smithi087.stdout: File "/lib/python3.9/site-packages/cheroot/connections.py", line 300, in _from_server_socket
2024-09-13T17:04:50.006 INFO:journalctl@ceph.mon.a.smithi087.stdout: s, ssl_env = self.server.ssl_adapter.wrap(s)
2024-09-13T17:04:50.006 INFO:journalctl@ceph.mon.a.smithi087.stdout: File "/lib/python3.9/site-packages/cheroot/ssl/builtin.py", line 277, in wrap
2024-09-13T17:04:50.006 INFO:journalctl@ceph.mon.a.smithi087.stdout: s = self.context.wrap_socket(
2024-09-13T17:04:50.006 INFO:journalctl@ceph.mon.a.smithi087.stdout: File "/lib64/python3.9/ssl.py", line 501, in wrap_socket
2024-09-13T17:04:50.007 INFO:journalctl@ceph.mon.a.smithi087.stdout: return self.sslsocket_class._create(
2024-09-13T17:04:50.007 INFO:journalctl@ceph.mon.a.smithi087.stdout: File "/lib64/python3.9/ssl.py", line 1074, in _create
2024-09-13T17:04:50.007 INFO:journalctl@ceph.mon.a.smithi087.stdout: self.do_handshake()
2024-09-13T17:04:50.007 INFO:journalctl@ceph.mon.a.smithi087.stdout: File "/lib64/python3.9/ssl.py", line 1343, in do_handshake
2024-09-13T17:04:50.007 INFO:journalctl@ceph.mon.a.smithi087.stdout: self._sslobj.do_handshake()
2024-09-13T17:04:50.007 INFO:journalctl@ceph.mon.a.smithi087.stdout: ssl.SSLZeroReturnError: TLS/SSL connection has been closed (EOF) (_ssl.c:1133)
2024-09-13T17:04:50.007 INFO:journalctl@ceph.mon.a.smithi087.stdout:Sep 13 17:04:49 smithi087 ceph-mon[30934]: from='mgr.14150 172.21.15.87:0/179211550' entity='mgr.x'
2024-09-13T17:04:50.984 INFO:teuthology.orchestra.run.smithi087.stdout:/usr/bin/ceph: stdout Self-signed certificate created
2024-09-13T17:04:50.984 INFO:teuthology.orchestra.run.smithi087.stdout:/usr/bin/ceph: stderr
2024-09-13T17:04:50.199+0000 7fb9fa329640 1 Processor -- start
2024-09-13T17:04:50.984 INFO:teuthology.orchestra.run.smithi087.stdout:/usr/bin/ceph: stderr
2024-09-13T17:04:50.199+0000 7fb9fa329640 1 -- start start
2024-09-13T17:04:50.984 INFO:teuthology.orchestra.run.smithi087.stdout:/usr/bin/ceph: stderr
2024-09-13T17:04:50.199+0000 7fb9fa329640 1 --2- >> [v2:172.21.15.87:3300/0,v1:172.21.15.87:6789/0] conn(0x7fb9f4104ae0 0x7fb9f4104ee0 unknown :-1 s=NONE pgs=0 cs=0 l=0 rev1=0 crypto rx=0 tx=0 comp rx=0 tx=0).connect
2024-09-13T17:04:50.985 INFO:teuthology.orchestra.run.smithi087.stdout:/usr/bin/ceph: stderr
2024-09-13T17:04:50.199+0000 7fb9fa329640 1 -- --> [v2:172.21.15.87:3300/0,v1:172.21.15.87:6789/0] -- mon_getmap magic: 0 v1 -- 0x7fb9f41054b0 con 0x7fb9f4104ae0
2024-09-13T17:04:50.985 INFO:teuthology.orchestra.run.smithi087.stdout:/usr/bin/ceph: stderr
2024-09-13T17:04:50.199+0000 7fb9f3fff640 1 --2- >> [v2:172.21.15.87:3300/0,v1:172.21.15.87:6789/0] conn(0x7fb9f4104ae0 0x7fb9f4104ee0 unknown :-1 s=BANNER_CONNECTING pgs=0 cs=0 l=0 rev1=0 crypto rx=0 tx=0 comp rx=0 tx=0)._handle_peer_banner_payload supported=3 required=0
2024-09-13T17:04:50.985 INFO:teuthology.orchestra.run.smithi087.stdout:/usr/bin/ceph: stderr
2024-09-13T17:04:50.199+0000 7fb9f3fff640 1 --2- >> [v2:172.21.15.87:3300/0,v1:172.21.15.87:6789/0] conn(0x7fb9f4104ae0 0x7fb9f4104ee0 unknown :-1 s=HELLO_CONNECTING pgs=0 cs=0 l=0 rev1=1 crypto rx=0 tx=0 comp rx=0 tx=0).handle_hello peer v2:172.21.15.87:3300/0 says I am v2:172.21.15.87:54364/0 (socket says 172.21.15.87:54364)
2024-09-13T17:04:50.985 INFO:teuthology.orchestra.run.smithi087.stdout:/usr/bin/ceph: stderr
2024-09-13T17:04:50.199+0000 7fb9f3fff640 1 -- 172.21.15.87:0/1384303513 learned_addr learned my addr 172.21.15.87:0/1384303513 (peer_addr_for_me v2:172.21.15.87:0/0)
2024-09-13T17:04:50.985 INFO:teuthology.orchestra.run.smithi087.stdout:/usr/bin/ceph: stderr
2024-09-13T17:04:50.199+0000 7fb9f3fff640 1 -- 172.21.15.87:0/1384303513 --> [v2:172.21.15.87:3300/0,v1:172.21.15.87:6789/0] -- mon_subscribe({config=0+,monmap=0+}) v3 -- 0x7fb9f4105800 con 0x7fb9f4104ae0
2024-09-13T17:04:50.985 INFO:teuthology.orchestra.run.smithi087.stdout:/usr/bin/ceph: stderr
2024-09-13T17:04:50.200+0000 7fb9f3fff640 1 --2- 172.21.15.87:0/1384303513 >> [v2:172.21.15.87:3300/0,v1:172.21.15.87:6789/0] conn(0x7fb9f4104ae0 0x7fb9f4104ee0 secure :-1 s=READY pgs=68 cs=0 l=1 rev1=1 crypto rx=0x7fb9e4009820 tx=0x7fb9e402a270 comp rx=0 tx=0).ready entity=mon.0 client_cookie=4c9303955d55dedc server_cookie=0 in_seq=0 out_seq=0
2024-09-13T17:04:50.985 INFO:teuthology.orchestra.run.smithi087.stdout:/usr/bin/ceph: stderr
2024-09-13T17:04:50.200+0000 7fb9f37fe640 1 -- 172.21.15.87:0/1384303513 <== mon.0 v2:172.21.15.87:3300/0 1 ==== mon_map magic: 0 v1 ==== 205+0+0 (secure 0 0 0) 0x7fb9e402ae70 con 0x7fb9f4104ae0
2024-09-13T17:04:50.985 INFO:teuthology.orchestra.run.smithi087.stdout:/usr/bin/ceph: stderr
2024-09-13T17:04:50.200+0000 7fb9f37fe640 1 -- 172.21.15.87:0/1384303513 <== mon.0 v2:172.21.15.87:3300/0 2 ==== config(26 keys) v1 ==== 1101+0+0 (secure 0 0 0) 0x7fb9e40328f0 con 0x7fb9f4104ae0
2024-09-13T17:04:50.985 INFO:teuthology.orchestra.run.smithi087.stdout:/usr/bin/ceph: stderr
2024-09-13T17:04:50.200+0000 7fb9f37fe640 1 -- 172.21.15.87:0/1384303513 <== mon.0 v2:172.21.15.87:3300/0 3 ==== mon_map magic: 0 v1 ==== 205+0+0 (secure 0 0 0) 0x7fb9e4030850 con 0x7fb9f4104ae0
2024-09-13T17:04:50.985 INFO:teuthology.orchestra.run.smithi087.stdout:/usr/bin/ceph: stderr
2024-09-13T17:04:50.201+0000 7fb9fa329640 1 -- 172.21.15.87:0/1384303513 >> [v2:172.21.15.87:3300/0,v1:172.21.15.87:6789/0] conn(0x7fb9f4104ae0 msgr2=0x7fb9f4104ee0 secure :-1 s=STATE_CONNECTION_ESTABLISHED l=1).mark_down
2024-09-13T17:04:50.985 INFO:teuthology.orchestra.run.smithi087.stdout:/usr/bin/ceph: stderr
2024-09-13T17:04:50.201+0000 7fb9fa329640 1 --2- 172.21.15.87:0/1384303513 >> [v2:172.21.15.87:3300/0,v1:172.21.15.87:6789/0] conn(0x7fb9f4104ae0 0x7fb9f4104ee0 secure :-1 s=READY pgs=68 cs=0 l=1 rev1=1 crypto rx=0x7fb9e4009820 tx=0x7fb9e402a270 comp rx=0 tx=0).stop
2024-09-13T17:04:50.985 INFO:teuthology.orchestra.run.smithi087.stdout:/usr/bin/ceph: stderr
2024-09-13T17:04:50.201+0000 7fb9fa329640 1 -- 172.21.15.87:0/1384303513 shutdown_connections
2024-09-13T17:04:50.986 INFO:teuthology.orchestra.run.smithi087.stdout:/usr/bin/ceph: stderr
2024-09-13T17:04:50.201+0000 7fb9fa329640 1 --2- 172.21.15.87:0/1384303513 >> [v2:172.21.15.87:3300/0,v1:172.21.15.87:6789/0] conn(0x7fb9f4104ae0 0x7fb9f4104ee0 unknown :-1 s=CLOSED pgs=68 cs=0 l=1 rev1=1 crypto rx=0 tx=0 comp rx=0 tx=0).stop
2024-09-13T17:04:50.986 INFO:teuthology.orchestra.run.smithi087.stdout:/usr/bin/ceph: stderr
2024-09-13T17:04:50.201+0000 7fb9fa329640 1 -- 172.21.15.87:0/1384303513 >> 172.21.15.87:0/1384303513 conn(0x7fb9f40ff510 msgr2=0x7fb9f4101930 unknown :-1 s=STATE_NONE l=0).mark_down
2024-09-13T17:04:50.986 INFO:teuthology.orchestra.run.smithi087.stdout:/usr/bin/ceph: stderr
2024-09-13T17:04:50.201+0000 7fb9fa329640 1 -- 172.21.15.87:0/1384303513 shutdown_connections
2024-09-13T17:04:50.986 INFO:teuthology.orchestra.run.smithi087.stdout:/usr/bin/ceph: stderr
2024-09-13T17:04:50.201+0000 7fb9fa329640 1 -- 172.21.15.87:0/1384303513 wait complete.
2024-09-13T17:04:50.986 INFO:teuthology.orchestra.run.smithi087.stdout:/usr/bin/ceph: stderr
2024-09-13T17:04:50.201+0000 7fb9fa329640 1 Processor -- start
2024-09-13T17:04:50.986 INFO:teuthology.orchestra.run.smithi087.stdout:/usr/bin/ceph: stderr
2024-09-13T17:04:50.202+0000 7fb9fa329640 1 -- start start
2024-09-13T17:04:50.986 INFO:teuthology.orchestra.run.smithi087.stdout:/usr/bin/ceph: stderr
2024-09-13T17:04:50.202+0000 7fb9fa329640 1 --2- >> [v2:172.21.15.87:3300/0,v1:172.21.15.87:6789/0] conn(0x7fb9f4104ae0 0x7fb9f4198330 unknown :-1 s=NONE pgs=0 cs=0 l=1 rev1=0 crypto rx=0 tx=0 comp rx=0 tx=0).connect
2024-09-13T17:04:50.986 INFO:teuthology.orchestra.run.smithi087.stdout:/usr/bin/ceph: stderr
2024-09-13T17:04:50.202+0000 7fb9fa329640 1 -- --> [v2:172.21.15.87:3300/0,v1:172.21.15.87:6789/0] -- mon_getmap magic: 0 v1 -- 0x7fb9f4198870 con 0x7fb9f4104ae0
2024-09-13T17:04:50.986 INFO:teuthology.orchestra.run.smithi087.stdout:/usr/bin/ceph: stderr
2024-09-13T17:04:50.202+0000 7fb9f3fff640 1 --2- >> [v2:172.21.15.87:3300/0,v1:172.21.15.87:6789/0] conn(0x7fb9f4104ae0 0x7fb9f4198330 unknown :-1 s=BANNER_CONNECTING pgs=0 cs=0 l=1 rev1=0 crypto rx=0 tx=0 comp rx=0 tx=0)._handle_peer_banner_payload supported=3 required=0
2024-09-13T17:04:50.986 INFO:teuthology.orchestra.run.smithi087.stdout:/usr/bin/ceph: stderr
2024-09-13T17:04:50.202+0000 7fb9f3fff640 1 --2- >> [v2:172.21.15.87:3300/0,v1:172.21.15.87:6789/0] conn(0x7fb9f4104ae0 0x7fb9f4198330 unknown :-1 s=HELLO_CONNECTING pgs=0 cs=0 l=1 rev1=1 crypto rx=0 tx=0 comp rx=0 tx=0).handle_hello peer v2:172.21.15.87:3300/0 says I am v2:172.21.15.87:54378/0 (socket says 172.21.15.87:54378)
2024-09-13T17:04:50.986 INFO:teuthology.orchestra.run.smithi087.stdout:/usr/bin/ceph: stderr
2024-09-13T17:04:50.202+0000 7fb9f3fff640 1 -- 172.21.15.87:0/334220328 learned_addr learned my addr 172.21.15.87:0/334220328 (peer_addr_for_me v2:172.21.15.87:0/0)
2024-09-13T17:04:50.986 INFO:teuthology.orchestra.run.smithi087.stdout:/usr/bin/ceph: stderr
2024-09-13T17:04:50.202+0000 7fb9f3fff640 1 -- 172.21.15.87:0/334220328 --> [v2:172.21.15.87:3300/0,v1:172.21.15.87:6789/0] -- mon_subscribe({config=0+,monmap=0+}) v3 -- 0x7fb9e40094d0 con 0x7fb9f4104ae0
2024-09-13T17:04:50.986 INFO:teuthology.orchestra.run.smithi087.stdout:/usr/bin/ceph: stderr
2024-09-13T17:04:50.202+0000 7fb9f3fff640 1 --2- 172.21.15.87:0/334220328 >> [v2:172.21.15.87:3300/0,v1:172.21.15.87:6789/0] conn(0x7fb9f4104ae0 0x7fb9f4198330 secure :-1 s=READY pgs=69 cs=0 l=1 rev1=1 crypto rx=0x7fb9e4030560 tx=0x7fb9e4030d90 comp rx=0 tx=0).ready entity=mon.0 client_cookie=0 server_cookie=0 in_seq=0 out_seq=0
2024-09-13T17:04:50.987 INFO:teuthology.orchestra.run.smithi087.stdout:/usr/bin/ceph: stderr
2024-09-13T17:04:50.202+0000 7fb9f1ffb640 1 -- 172.21.15.87:0/334220328 <== mon.0 v2:172.21.15.87:3300/0 1 ==== mon_map magic: 0 v1 ==== 205+0+0 (secure 0 0 0) 0x7fb9e4032da0 con 0x7fb9f4104ae0
2024-09-13T17:04:50.987 INFO:teuthology.orchestra.run.smithi087.stdout:/usr/bin/ceph: stderr
2024-09-13T17:04:50.202+0000 7fb9f1ffb640 1 -- 172.21.15.87:0/334220328 <== mon.0 v2:172.21.15.87:3300/0 2 ==== config(26 keys) v1 ==== 1101+0+0 (secure 0 0 0) 0x7fb9e403b8e0 con 0x7fb9f4104ae0
2024-09-13T17:04:50.987 INFO:teuthology.orchestra.run.smithi087.stdout:/usr/bin/ceph: stderr
2024-09-13T17:04:50.202+0000 7fb9fa329640 1 -- 172.21.15.87:0/334220328 --> [v2:172.21.15.87:3300/0,v1:172.21.15.87:6789/0] -- mon_subscribe({mgrmap=0+}) v3 -- 0x7fb9f4198a70 con 0x7fb9f4104ae0
2024-09-13T17:04:50.987 INFO:teuthology.orchestra.run.smithi087.stdout:/usr/bin/ceph: stderr
2024-09-13T17:04:50.202+0000 7fb9f1ffb640 1 -- 172.21.15.87:0/334220328 <== mon.0 v2:172.21.15.87:3300/0 3 ==== mon_map magic: 0 v1 ==== 205+0+0 (secure 0 0 0) 0x7fb9e403a800 con 0x7fb9f4104ae0
2024-09-13T17:04:50.987 INFO:teuthology.orchestra.run.smithi087.stdout:/usr/bin/ceph: stderr
2024-09-13T17:04:50.202+0000 7fb9fa329640 1 -- 172.21.15.87:0/334220328 --> [v2:172.21.15.87:3300/0,v1:172.21.15.87:6789/0] -- mon_subscribe({osdmap=0}) v3 -- 0x7fb9f4198f10 con 0x7fb9f4104ae0
2024-09-13T17:04:50.987 INFO:teuthology.orchestra.run.smithi087.stdout:/usr/bin/ceph: stderr
2024-09-13T17:04:50.203+0000 7fb9f1ffb640 1 -- 172.21.15.87:0/334220328 <== mon.0 v2:172.21.15.87:3300/0 4 ==== mgrmap(e 11) v1 ==== 45448+0+0 (secure 0 0 0) 0x7fb9e4039040 con 0x7fb9f4104ae0
2024-09-13T17:04:50.987 INFO:teuthology.orchestra.run.smithi087.stdout:/usr/bin/ceph: stderr
2024-09-13T17:04:50.203+0000 7fb9f1ffb640 1 --2- 172.21.15.87:0/334220328 >> [v2:172.21.15.87:6800/701043027,v1:172.21.15.87:6801/701043027] conn(0x7fb9e0038550 0x7fb9e003aa10 unknown :-1 s=NONE pgs=0 cs=0 l=1 rev1=0 crypto rx=0 tx=0 comp rx=0 tx=0).connect
2024-09-13T17:04:50.987 INFO:teuthology.orchestra.run.smithi087.stdout:/usr/bin/ceph: stderr
2024-09-13T17:04:50.203+0000 7fb9fa329640 1 -- 172.21.15.87:0/334220328 --> [v2:172.21.15.87:3300/0,v1:172.21.15.87:6789/0] -- mon_command({"prefix": "get_command_descriptions"} v 0) v1 -- 0x7fb9f4108a30 con 0x7fb9f4104ae0
2024-09-13T17:04:50.987 INFO:teuthology.orchestra.run.smithi087.stdout:/usr/bin/ceph: stderr
2024-09-13T17:04:50.203+0000 7fb9f1ffb640 1 -- 172.21.15.87:0/334220328 <== mon.0 v2:172.21.15.87:3300/0 5 ==== osd_map(3..3 src has 1..3) v4 ==== 1155+0+0 (secure 0 0 0) 0x7fb9e406b9a0 con 0x7fb9f4104ae0
2024-09-13T17:04:50.987 INFO:teuthology.orchestra.run.smithi087.stdout:/usr/bin/ceph: stderr
2024-09-13T17:04:50.203+0000 7fb9ebfff640 1 --2- 172.21.15.87:0/334220328 >> [v2:172.21.15.87:6800/701043027,v1:172.21.15.87:6801/701043027] conn(0x7fb9e0038550 0x7fb9e003aa10 unknown :-1 s=BANNER_CONNECTING pgs=0 cs=0 l=1 rev1=0 crypto rx=0 tx=0 comp rx=0 tx=0)._handle_peer_banner_payload supported=3 required=0
2024-09-13T17:04:50.987 INFO:teuthology.orchestra.run.smithi087.stdout:/usr/bin/ceph: stderr
2024-09-13T17:04:50.204+0000 7fb9ebfff640 1 --2- 172.21.15.87:0/334220328 >> [v2:172.21.15.87:6800/701043027,v1:172.21.15.87:6801/701043027] conn(0x7fb9e0038550 0x7fb9e003aa10 secure :-1 s=READY pgs=7 cs=0 l=1 rev1=1 crypto rx=0x7fb9dc0098c0 tx=0x7fb9dc006db0 comp rx=0 tx=0).ready entity=mgr.14150 client_cookie=0 server_cookie=0 in_seq=0 out_seq=0
2024-09-13T17:04:50.987 INFO:teuthology.orchestra.run.smithi087.stdout:/usr/bin/ceph: stderr
2024-09-13T17:04:50.208+0000 7fb9f1ffb640 1 -- 172.21.15.87:0/334220328 <== mon.0 v2:172.21.15.87:3300/0 6 ==== mon_command_ack([{"prefix": "get_command_descriptions"}]=0 v0) v1 ==== 72+0+183819 (secure 0 0 0) 0x7fb9e403f020 con 0x7fb9f4104ae0
2024-09-13T17:04:50.987 INFO:teuthology.orchestra.run.smithi087.stdout:/usr/bin/ceph: stderr
2024-09-13T17:04:50.354+0000 7fb9f1ffb640 1 -- 172.21.15.87:0/334220328 <== mon.0 v2:172.21.15.87:3300/0 7 ==== mgrmap(e 12) v1 ==== 45554+0+0 (secure 0 0 0) 0x7fb9e4066820 con 0x7fb9f4104ae0
2024-09-13T17:04:50.988 INFO:teuthology.orchestra.run.smithi087.stdout:/usr/bin/ceph: stderr
2024-09-13T17:04:50.396+0000 7fb9fa329640 1 -- 172.21.15.87:0/334220328 --> [v2:172.21.15.87:6800/701043027,v1:172.21.15.87:6801/701043027] -- mgr_command(tid 0: {"prefix": "dashboard create-self-signed-cert", "target": ["mon-mgr", ""]}) v1 -- 0x7fb9f419b7f0 con 0x7fb9e0038550
2024-09-13T17:04:50.988 INFO:teuthology.orchestra.run.smithi087.stdout:/usr/bin/ceph: stderr
2024-09-13T17:04:50.445+0000 7fb9f1ffb640 1 -- 172.21.15.87:0/334220328 <== mgr.14150 v2:172.21.15.87:6800/701043027 1 ==== mgr_command_reply(tid 0: 0 ) v1 ==== 8+0+32 (secure 0 0 0) 0x7fb9f419b7f0 con 0x7fb9e0038550
2024-09-13T17:04:50.988 INFO:teuthology.orchestra.run.smithi087.stdout:/usr/bin/ceph: stderr
2024-09-13T17:04:50.448+0000 7fb9fa329640 1 -- 172.21.15.87:0/334220328 >> [v2:172.21.15.87:6800/701043027,v1:172.21.15.87:6801/701043027] conn(0x7fb9e0038550 msgr2=0x7fb9e003aa10 secure :-1 s=STATE_CONNECTION_ESTABLISHED l=1).mark_down
2024-09-13T17:04:50.988 INFO:teuthology.orchestra.run.smithi087.stdout:/usr/bin/ceph: stderr
2024-09-13T17:04:50.448+0000 7fb9fa329640 1 --2- 172.21.15.87:0/334220328 >> [v2:172.21.15.87:6800/701043027,v1:172.21.15.87:6801/701043027] conn(0x7fb9e0038550 0x7fb9e003aa10 secure :-1 s=READY pgs=7 cs=0 l=1 rev1=1 crypto rx=0x7fb9dc0098c0 tx=0x7fb9dc006db0 comp rx=0 tx=0).stop
2024-09-13T17:04:50.988 INFO:teuthology.orchestra.run.smithi087.stdout:/usr/bin/ceph: stderr
2024-09-13T17:04:50.448+0000 7fb9fa329640 1 -- 172.21.15.87:0/334220328 >> [v2:172.21.15.87:3300/0,v1:172.21.15.87:6789/0] conn(0x7fb9f4104ae0 msgr2=0x7fb9f4198330 secure :-1 s=STATE_CONNECTION_ESTABLISHED l=1).mark_down
2024-09-13T17:04:50.988 INFO:teuthology.orchestra.run.smithi087.stdout:/usr/bin/ceph: stderr
2024-09-13T17:04:50.448+0000 7fb9fa329640 1 --2- 172.21.15.87:0/334220328 >> [v2:172.21.15.87:3300/0,v1:172.21.15.87:6789/0] conn(0x7fb9f4104ae0 0x7fb9f4198330 secure :-1 s=READY pgs=69 cs=0 l=1 rev1=1 crypto rx=0x7fb9e4030560 tx=0x7fb9e4030d90 comp rx=0 tx=0).stop
2024-09-13T17:04:50.988 INFO:teuthology.orchestra.run.smithi087.stdout:/usr/bin/ceph: stderr
2024-09-13T17:04:50.448+0000 7fb9fa329640 1 -- 172.21.15.87:0/334220328 shutdown_connections
2024-09-13T17:04:50.988 INFO:teuthology.orchestra.run.smithi087.stdout:/usr/bin/ceph: stderr
2024-09-13T17:04:50.448+0000 7fb9fa329640 1 --2- 172.21.15.87:0/334220328 >> [v2:172.21.15.87:6800/701043027,v1:172.21.15.87:6801/701043027] conn(0x7fb9e0038550 0x7fb9e003aa10 unknown :-1 s=CLOSED pgs=7 cs=0 l=1 rev1=1 crypto rx=0 tx=0 comp rx=0 tx=0).stop
2024-09-13T17:04:50.988 INFO:teuthology.orchestra.run.smithi087.stdout:/usr/bin/ceph: stderr
2024-09-13T17:04:50.448+0000 7fb9fa329640 1 --2- 172.21.15.87:0/334220328 >> [v2:172.21.15.87:3300/0,v1:172.21.15.87:6789/0] conn(0x7fb9f4104ae0 0x7fb9f4198330 unknown :-1 s=CLOSED pgs=69 cs=0 l=1 rev1=1 crypto rx=0 tx=0 comp rx=0 tx=0).stop
2024-09-13T17:04:50.988 INFO:teuthology.orchestra.run.smithi087.stdout:/usr/bin/ceph: stderr
2024-09-13T17:04:50.448+0000 7fb9fa329640 1 -- 172.21.15.87:0/334220328 >> 172.21.15.87:0/334220328 conn(0x7fb9f40ff510 msgr2=0x7fb9f41000c0 unknown :-1 s=STATE_NONE l=0).mark_down
2024-09-13T17:04:50.988 INFO:teuthology.orchestra.run.smithi087.stdout:/usr/bin/ceph: stderr
2024-09-13T17:04:50.448+0000 7fb9fa329640 1 -- 172.21.15.87:0/334220328 shutdown_connections
2024-09-13T17:04:50.988 INFO:teuthology.orchestra.run.smithi087.stdout:/usr/bin/ceph: stderr
2024-09-13T17:04:50.448+0000 7fb9fa329640 1 -- 172.21.15.87:0/334220328 wait complete.
2024-09-13T17:04:50.988 INFO:teuthology.orchestra.run.smithi087.stdout:Creating initial admin user...
2024-09-13T17:04:51.447 INFO:journalctl@ceph.mon.a.smithi087.stdout:Sep 13 17:04:51 smithi087 ceph-mon[30934]: from='mgr.14150 172.21.15.87:0/179211550' entity='mgr.x'
2024-09-13T17:04:51.447 INFO:journalctl@ceph.mon.a.smithi087.stdout:Sep 13 17:04:51 smithi087 ceph-mon[30934]: mgrmap e12: x(active, since 2s)
2024-09-13T17:04:51.447 INFO:journalctl@ceph.mon.a.smithi087.stdout:Sep 13 17:04:51 smithi087 ceph-mon[30934]: from='client.14162 -' entity='client.admin' cmd=[{"prefix": "dashboard create-self-signed-cert", "target": ["mon-mgr", ""]}]: dispatch
2024-09-13T17:04:51.447 INFO:journalctl@ceph.mon.a.smithi087.stdout:Sep 13 17:04:51 smithi087 ceph-mon[30934]: from='mgr.14150 172.21.15.87:0/179211550' entity='mgr.x'
2024-09-13T17:04:51.447 INFO:journalctl@ceph.mon.a.smithi087.stdout:Sep 13 17:04:51 smithi087 ceph-mon[30934]: from='mgr.14150 172.21.15.87:0/179211550' entity='mgr.x'
2024-09-13T17:04:52.956 INFO:teuthology.orchestra.run.smithi087.stdout:/usr/bin/ceph: stdout {"username": "admin", "password": "$2b$12$pBYk4lTQT4P9zzcLc8Tlq.mLZ/Qk83V//1xiGKE8JHzWlq.I1G3aO", "roles": ["administrator"], "name": null, "email": null, "lastUpdate": 1726247091, "enabled": true, "pwdExpirationDate": null, "pwdUpdateRequired": true}
2024-09-13T17:04:52.956 INFO:teuthology.orchestra.run.smithi087.stdout:/usr/bin/ceph: stderr
2024-09-13T17:04:51.349+0000 7f3129713640 1 Processor -- start
2024-09-13T17:04:52.956 INFO:teuthology.orchestra.run.smithi087.stdout:/usr/bin/ceph: stderr
2024-09-13T17:04:51.349+0000 7f3129713640 1 -- start start
2024-09-13T17:04:52.956 INFO:teuthology.orchestra.run.smithi087.stdout:/usr/bin/ceph: stderr
2024-09-13T17:04:51.350+0000 7f3129713640 1 --2- >> [v2:172.21.15.87:3300/0,v1:172.21.15.87:6789/0] conn(0x7f31241056f0 0x7f3124105af0 unknown :-1 s=NONE pgs=0 cs=0 l=0 rev1=0 crypto rx=0 tx=0 comp rx=0 tx=0).connect
2024-09-13T17:04:52.956 INFO:teuthology.orchestra.run.smithi087.stdout:/usr/bin/ceph: stderr
2024-09-13T17:04:51.350+0000 7f3129713640 1 -- --> [v2:172.21.15.87:3300/0,v1:172.21.15.87:6789/0] -- mon_getmap magic: 0 v1 -- 0x7f3124106030 con 0x7f31241056f0
2024-09-13T17:04:52.956 INFO:teuthology.orchestra.run.smithi087.stdout:/usr/bin/ceph: stderr
