2024-09-13T17:17:10.350 INFO:teuthology.orchestra.run.smithi044.stdout:/usr/bin/ceph: stdout "num_standbys": 0,
2024-09-13T17:17:10.350 INFO:teuthology.orchestra.run.smithi044.stdout:/usr/bin/ceph: stdout "modules": [
2024-09-13T17:17:10.350 INFO:teuthology.orchestra.run.smithi044.stdout:/usr/bin/ceph: stdout "iostat",
2024-09-13T17:17:10.351 INFO:teuthology.orchestra.run.smithi044.stdout:/usr/bin/ceph: stdout "nfs",
2024-09-13T17:17:10.351 INFO:teuthology.orchestra.run.smithi044.stdout:/usr/bin/ceph: stdout "restful"
2024-09-13T17:17:10.351 INFO:teuthology.orchestra.run.smithi044.stdout:/usr/bin/ceph: stdout ],
2024-09-13T17:17:10.351 INFO:teuthology.orchestra.run.smithi044.stdout:/usr/bin/ceph: stdout "services": {}
2024-09-13T17:17:10.351 INFO:teuthology.orchestra.run.smithi044.stdout:/usr/bin/ceph: stdout },
2024-09-13T17:17:10.351 INFO:teuthology.orchestra.run.smithi044.stdout:/usr/bin/ceph: stdout "servicemap": {
2024-09-13T17:17:10.351 INFO:teuthology.orchestra.run.smithi044.stdout:/usr/bin/ceph: stdout "epoch": 1,
2024-09-13T17:17:10.351 INFO:teuthology.orchestra.run.smithi044.stdout:/usr/bin/ceph: stdout "modified": "2024-09-13T17:16:55.306262+0000",
2024-09-13T17:17:10.351 INFO:teuthology.orchestra.run.smithi044.stdout:/usr/bin/ceph: stdout "services": {}
2024-09-13T17:17:10.351 INFO:teuthology.orchestra.run.smithi044.stdout:/usr/bin/ceph: stdout },
2024-09-13T17:17:10.351 INFO:teuthology.orchestra.run.smithi044.stdout:/usr/bin/ceph: stdout "progress_events": {}
2024-09-13T17:17:10.351 INFO:teuthology.orchestra.run.smithi044.stdout:/usr/bin/ceph: stdout }
2024-09-13T17:17:10.351 INFO:teuthology.orchestra.run.smithi044.stdout:/usr/bin/ceph: stderr
2024-09-13T17:17:09.515+0000 7fb10dbe2640 1 Processor -- start
2024-09-13T17:17:10.351 INFO:teuthology.orchestra.run.smithi044.stdout:/usr/bin/ceph: stderr
2024-09-13T17:17:09.515+0000 7fb10dbe2640 1 -- start start
2024-09-13T17:17:10.351 INFO:teuthology.orchestra.run.smithi044.stdout:/usr/bin/ceph: stderr
2024-09-13T17:17:09.515+0000 7fb10dbe2640 1 --2- >> [v2:172.21.15.44:3300/0,v1:172.21.15.44:6789/0] conn(0x7fb108105640 0x7fb108105a40 unknown :-1 s=NONE pgs=0 cs=0 l=0 rev1=0 crypto rx=0 tx=0 comp rx=0 tx=0).connect
2024-09-13T17:17:10.352 INFO:teuthology.orchestra.run.smithi044.stdout:/usr/bin/ceph: stderr
2024-09-13T17:17:09.515+0000 7fb10dbe2640 1 -- --> [v2:172.21.15.44:3300/0,v1:172.21.15.44:6789/0] -- mon_getmap magic: 0 v1 -- 0x7fb108106010 con 0x7fb108105640
2024-09-13T17:17:10.352 INFO:teuthology.orchestra.run.smithi044.stdout:/usr/bin/ceph: stderr
2024-09-13T17:17:09.515+0000 7fb1077fe640 1 --2- >> [v2:172.21.15.44:3300/0,v1:172.21.15.44:6789/0] conn(0x7fb108105640 0x7fb108105a40 unknown :-1 s=BANNER_CONNECTING pgs=0 cs=0 l=0 rev1=0 crypto rx=0 tx=0 comp rx=0 tx=0)._handle_peer_banner_payload supported=3 required=0
2024-09-13T17:17:10.352 INFO:teuthology.orchestra.run.smithi044.stdout:/usr/bin/ceph: stderr
2024-09-13T17:17:09.515+0000 7fb1077fe640 1 --2- >> [v2:172.21.15.44:3300/0,v1:172.21.15.44:6789/0] conn(0x7fb108105640 0x7fb108105a40 unknown :-1 s=HELLO_CONNECTING pgs=0 cs=0 l=0 rev1=1 crypto rx=0 tx=0 comp rx=0 tx=0).handle_hello peer v2:172.21.15.44:3300/0 says I am v2:172.21.15.44:59616/0 (socket says 172.21.15.44:59616)
2024-09-13T17:17:10.352 INFO:teuthology.orchestra.run.smithi044.stdout:/usr/bin/ceph: stderr
2024-09-13T17:17:09.515+0000 7fb1077fe640 1 -- 172.21.15.44:0/3814060231 learned_addr learned my addr 172.21.15.44:0/3814060231 (peer_addr_for_me v2:172.21.15.44:0/0)
2024-09-13T17:17:10.352 INFO:teuthology.orchestra.run.smithi044.stdout:/usr/bin/ceph: stderr
2024-09-13T17:17:09.516+0000 7fb1077fe640 1 -- 172.21.15.44:0/3814060231 --> [v2:172.21.15.44:3300/0,v1:172.21.15.44:6789/0] -- mon_subscribe({config=0+,monmap=0+}) v3 -- 0x7fb108106840 con 0x7fb108105640
2024-09-13T17:17:10.352 INFO:teuthology.orchestra.run.smithi044.stdout:/usr/bin/ceph: stderr
2024-09-13T17:17:09.516+0000 7fb1077fe640 1 --2- 172.21.15.44:0/3814060231 >> [v2:172.21.15.44:3300/0,v1:172.21.15.44:6789/0] conn(0x7fb108105640 0x7fb108105a40 secure :-1 s=READY pgs=16 cs=0 l=1 rev1=1 crypto rx=0x7fb0f8009820 tx=0x7fb0f802a270 comp rx=0 tx=0).ready entity=mon.0 client_cookie=f716e9452601ce2e server_cookie=0 in_seq=0 out_seq=0
2024-09-13T17:17:10.352 INFO:teuthology.orchestra.run.smithi044.stdout:/usr/bin/ceph: stderr
2024-09-13T17:17:09.517+0000 7fb1067fc640 1 -- 172.21.15.44:0/3814060231 <== mon.0 v2:172.21.15.44:3300/0 1 ==== mon_map magic: 0 v1 ==== 205+0+0 (secure 0 0 0) 0x7fb0f802ae70 con 0x7fb108105640
2024-09-13T17:17:10.352 INFO:teuthology.orchestra.run.smithi044.stdout:/usr/bin/ceph: stderr
2024-09-13T17:17:09.517+0000 7fb1067fc640 1 -- 172.21.15.44:0/3814060231 <== mon.0 v2:172.21.15.44:3300/0 2 ==== config(25 keys) v1 ==== 1036+0+0 (secure 0 0 0) 0x7fb0f80328b0 con 0x7fb108105640
2024-09-13T17:17:10.352 INFO:teuthology.orchestra.run.smithi044.stdout:/usr/bin/ceph: stderr
2024-09-13T17:17:09.517+0000 7fb1067fc640 1 -- 172.21.15.44:0/3814060231 <== mon.0 v2:172.21.15.44:3300/0 3 ==== mon_map magic: 0 v1 ==== 205+0+0 (secure 0 0 0) 0x7fb0f8030850 con 0x7fb108105640
2024-09-13T17:17:10.352 INFO:teuthology.orchestra.run.smithi044.stdout:/usr/bin/ceph: stderr
2024-09-13T17:17:09.517+0000 7fb10dbe2640 1 -- 172.21.15.44:0/3814060231 >> [v2:172.21.15.44:3300/0,v1:172.21.15.44:6789/0] conn(0x7fb108105640 msgr2=0x7fb108105a40 secure :-1 s=STATE_CONNECTION_ESTABLISHED l=1).mark_down
2024-09-13T17:17:10.352 INFO:teuthology.orchestra.run.smithi044.stdout:/usr/bin/ceph: stderr
2024-09-13T17:17:09.517+0000 7fb10dbe2640 1 --2- 172.21.15.44:0/3814060231 >> [v2:172.21.15.44:3300/0,v1:172.21.15.44:6789/0] conn(0x7fb108105640 0x7fb108105a40 secure :-1 s=READY pgs=16 cs=0 l=1 rev1=1 crypto rx=0x7fb0f8009820 tx=0x7fb0f802a270 comp rx=0 tx=0).stop
2024-09-13T17:17:10.352 INFO:teuthology.orchestra.run.smithi044.stdout:/usr/bin/ceph: stderr
2024-09-13T17:17:09.517+0000 7fb10dbe2640 1 -- 172.21.15.44:0/3814060231 shutdown_connections
2024-09-13T17:17:10.353 INFO:teuthology.orchestra.run.smithi044.stdout:/usr/bin/ceph: stderr
2024-09-13T17:17:09.517+0000 7fb10dbe2640 1 --2- 172.21.15.44:0/3814060231 >> [v2:172.21.15.44:3300/0,v1:172.21.15.44:6789/0] conn(0x7fb108105640 0x7fb108105a40 unknown :-1 s=CLOSED pgs=16 cs=0 l=1 rev1=1 crypto rx=0 tx=0 comp rx=0 tx=0).stop
2024-09-13T17:17:10.353 INFO:teuthology.orchestra.run.smithi044.stdout:/usr/bin/ceph: stderr
2024-09-13T17:17:09.517+0000 7fb10dbe2640 1 -- 172.21.15.44:0/3814060231 >> 172.21.15.44:0/3814060231 conn(0x7fb108100df0 msgr2=0x7fb108103210 unknown :-1 s=STATE_NONE l=0).mark_down
2024-09-13T17:17:10.353 INFO:teuthology.orchestra.run.smithi044.stdout:/usr/bin/ceph: stderr
2024-09-13T17:17:09.517+0000 7fb10dbe2640 1 -- 172.21.15.44:0/3814060231 shutdown_connections
2024-09-13T17:17:10.353 INFO:teuthology.orchestra.run.smithi044.stdout:/usr/bin/ceph: stderr
2024-09-13T17:17:09.517+0000 7fb10dbe2640 1 -- 172.21.15.44:0/3814060231 wait complete.
2024-09-13T17:17:10.353 INFO:teuthology.orchestra.run.smithi044.stdout:/usr/bin/ceph: stderr
2024-09-13T17:17:09.518+0000 7fb10dbe2640 1 Processor -- start
2024-09-13T17:17:10.353 INFO:teuthology.orchestra.run.smithi044.stdout:/usr/bin/ceph: stderr
2024-09-13T17:17:09.518+0000 7fb10dbe2640 1 -- start start
2024-09-13T17:17:10.353 INFO:teuthology.orchestra.run.smithi044.stdout:/usr/bin/ceph: stderr
2024-09-13T17:17:09.518+0000 7fb10dbe2640 1 --2- >> [v2:172.21.15.44:3300/0,v1:172.21.15.44:6789/0] conn(0x7fb108105640 0x7fb10807bb40 unknown :-1 s=NONE pgs=0 cs=0 l=1 rev1=0 crypto rx=0 tx=0 comp rx=0 tx=0).connect
2024-09-13T17:17:10.353 INFO:teuthology.orchestra.run.smithi044.stdout:/usr/bin/ceph: stderr
2024-09-13T17:17:09.518+0000 7fb10dbe2640 1 -- --> [v2:172.21.15.44:3300/0,v1:172.21.15.44:6789/0] -- mon_getmap magic: 0 v1 -- 0x7fb10807c080 con 0x7fb108105640
2024-09-13T17:17:10.353 INFO:teuthology.orchestra.run.smithi044.stdout:/usr/bin/ceph: stderr
2024-09-13T17:17:09.519+0000 7fb1077fe640 1 --2- >> [v2:172.21.15.44:3300/0,v1:172.21.15.44:6789/0] conn(0x7fb108105640 0x7fb10807bb40 unknown :-1 s=BANNER_CONNECTING pgs=0 cs=0 l=1 rev1=0 crypto rx=0 tx=0 comp rx=0 tx=0)._handle_peer_banner_payload supported=3 required=0
2024-09-13T17:17:10.353 INFO:teuthology.orchestra.run.smithi044.stdout:/usr/bin/ceph: stderr
2024-09-13T17:17:09.519+0000 7fb1077fe640 1 --2- >> [v2:172.21.15.44:3300/0,v1:172.21.15.44:6789/0] conn(0x7fb108105640 0x7fb10807bb40 unknown :-1 s=HELLO_CONNECTING pgs=0 cs=0 l=1 rev1=1 crypto rx=0 tx=0 comp rx=0 tx=0).handle_hello peer v2:172.21.15.44:3300/0 says I am v2:172.21.15.44:59624/0 (socket says 172.21.15.44:59624)
2024-09-13T17:17:10.353 INFO:teuthology.orchestra.run.smithi044.stdout:/usr/bin/ceph: stderr
2024-09-13T17:17:09.519+0000 7fb1077fe640 1 -- 172.21.15.44:0/3112137373 learned_addr learned my addr 172.21.15.44:0/3112137373 (peer_addr_for_me v2:172.21.15.44:0/0)
2024-09-13T17:17:10.353 INFO:teuthology.orchestra.run.smithi044.stdout:/usr/bin/ceph: stderr
2024-09-13T17:17:09.519+0000 7fb1077fe640 1 -- 172.21.15.44:0/3112137373 --> [v2:172.21.15.44:3300/0,v1:172.21.15.44:6789/0] -- mon_subscribe({config=0+,monmap=0+}) v3 -- 0x7fb0f80094d0 con 0x7fb108105640
2024-09-13T17:17:10.353 INFO:teuthology.orchestra.run.smithi044.stdout:/usr/bin/ceph: stderr
2024-09-13T17:17:09.519+0000 7fb1077fe640 1 --2- 172.21.15.44:0/3112137373 >> [v2:172.21.15.44:3300/0,v1:172.21.15.44:6789/0] conn(0x7fb108105640 0x7fb10807bb40 secure :-1 s=READY pgs=17 cs=0 l=1 rev1=1 crypto rx=0x7fb0f8030560 tx=0x7fb0f8030d90 comp rx=0 tx=0).ready entity=mon.0 client_cookie=0 server_cookie=0 in_seq=0 out_seq=0
2024-09-13T17:17:10.353 INFO:teuthology.orchestra.run.smithi044.stdout:/usr/bin/ceph: stderr
2024-09-13T17:17:09.519+0000 7fb104ff9640 1 -- 172.21.15.44:0/3112137373 <== mon.0 v2:172.21.15.44:3300/0 1 ==== mon_map magic: 0 v1 ==== 205+0+0 (secure 0 0 0) 0x7fb0f8032d60 con 0x7fb108105640
2024-09-13T17:17:10.354 INFO:teuthology.orchestra.run.smithi044.stdout:/usr/bin/ceph: stderr
2024-09-13T17:17:09.519+0000 7fb104ff9640 1 -- 172.21.15.44:0/3112137373 <== mon.0 v2:172.21.15.44:3300/0 2 ==== config(25 keys) v1 ==== 1036+0+0 (secure 0 0 0) 0x7fb0f803b8a0 con 0x7fb108105640
2024-09-13T17:17:10.354 INFO:teuthology.orchestra.run.smithi044.stdout:/usr/bin/ceph: stderr
2024-09-13T17:17:09.519+0000 7fb104ff9640 1 -- 172.21.15.44:0/3112137373 <== mon.0 v2:172.21.15.44:3300/0 3 ==== mon_map magic: 0 v1 ==== 205+0+0 (secure 0 0 0) 0x7fb0f803a5f0 con 0x7fb108105640
2024-09-13T17:17:10.354 INFO:teuthology.orchestra.run.smithi044.stdout:/usr/bin/ceph: stderr
2024-09-13T17:17:09.519+0000 7fb10dbe2640 1 -- 172.21.15.44:0/3112137373 --> [v2:172.21.15.44:3300/0,v1:172.21.15.44:6789/0] -- mon_subscribe({mgrmap=0+}) v3 -- 0x7fb1081076c0 con 0x7fb108105640
2024-09-13T17:17:10.354 INFO:teuthology.orchestra.run.smithi044.stdout:/usr/bin/ceph: stderr
2024-09-13T17:17:09.519+0000 7fb10dbe2640 1 -- 172.21.15.44:0/3112137373 --> [v2:172.21.15.44:3300/0,v1:172.21.15.44:6789/0] -- mon_subscribe({osdmap=0}) v3 -- 0x7fb10807a510 con 0x7fb108105640
2024-09-13T17:17:10.354 INFO:teuthology.orchestra.run.smithi044.stdout:/usr/bin/ceph: stderr
2024-09-13T17:17:09.520+0000 7fb104ff9640 1 -- 172.21.15.44:0/3112137373 <== mon.0 v2:172.21.15.44:3300/0 4 ==== mgrmap(e 3) v1 ==== 45424+0+0 (secure 0 0 0) 0x7fb0f8039040 con 0x7fb108105640
2024-09-13T17:17:10.354 INFO:teuthology.orchestra.run.smithi044.stdout:/usr/bin/ceph: stderr
2024-09-13T17:17:09.520+0000 7fb10dbe2640 1 -- 172.21.15.44:0/3112137373 --> [v2:172.21.15.44:3300/0,v1:172.21.15.44:6789/0] -- mon_command({"prefix": "get_command_descriptions"} v 0) v1 -- 0x7fb108105ac0 con 0x7fb108105640
2024-09-13T17:17:10.354 INFO:teuthology.orchestra.run.smithi044.stdout:/usr/bin/ceph: stderr
2024-09-13T17:17:09.521+0000 7fb104ff9640 1 --2- 172.21.15.44:0/3112137373 >> [v2:172.21.15.44:6800/3711196986,v1:172.21.15.44:6801/3711196986] conn(0x7fb0f00385c0 0x7fb0f003aa80 unknown :-1 s=NONE pgs=0 cs=0 l=1 rev1=0 crypto rx=0 tx=0 comp rx=0 tx=0).connect
2024-09-13T17:17:10.354 INFO:teuthology.orchestra.run.smithi044.stdout:/usr/bin/ceph: stderr
2024-09-13T17:17:09.521+0000 7fb104ff9640 1 -- 172.21.15.44:0/3112137373 <== mon.0 v2:172.21.15.44:3300/0 5 ==== osd_map(1..1 src has 1..1) v4 ==== 725+0+0 (secure 0 0 0) 0x7fb0f806b240 con 0x7fb108105640
2024-09-13T17:17:10.354 INFO:teuthology.orchestra.run.smithi044.stdout:/usr/bin/ceph: stderr
2024-09-13T17:17:09.521+0000 7fb106ffd640 1 --2- 172.21.15.44:0/3112137373 >> [v2:172.21.15.44:6800/3711196986,v1:172.21.15.44:6801/3711196986] conn(0x7fb0f00385c0 0x7fb0f003aa80 unknown :-1 s=BANNER_CONNECTING pgs=0 cs=0 l=1 rev1=0 crypto rx=0 tx=0 comp rx=0 tx=0)._handle_peer_banner_payload supported=3 required=0
2024-09-13T17:17:10.354 INFO:teuthology.orchestra.run.smithi044.stdout:/usr/bin/ceph: stderr
2024-09-13T17:17:09.521+0000 7fb106ffd640 1 --2- 172.21.15.44:0/3112137373 >> [v2:172.21.15.44:6800/3711196986,v1:172.21.15.44:6801/3711196986] conn(0x7fb0f00385c0 0x7fb0f003aa80 secure :-1 s=READY pgs=6 cs=0 l=1 rev1=1 crypto rx=0x7fb0fc0098c0 tx=0x7fb0fc006db0 comp rx=0 tx=0).ready entity=mgr.14100 client_cookie=0 server_cookie=0 in_seq=0 out_seq=0
2024-09-13T17:17:10.354 INFO:teuthology.orchestra.run.smithi044.stdout:/usr/bin/ceph: stderr
2024-09-13T17:17:09.526+0000 7fb104ff9640 1 -- 172.21.15.44:0/3112137373 <== mon.0 v2:172.21.15.44:3300/0 6 ==== mon_command_ack([{"prefix": "get_command_descriptions"}]=0 v0) v1 ==== 72+0+183819 (secure 0 0 0) 0x7fb0f80319f0 con 0x7fb108105640
2024-09-13T17:17:10.354 INFO:teuthology.orchestra.run.smithi044.stdout:/usr/bin/ceph: stderr
2024-09-13T17:17:09.567+0000 7fb104ff9640 1 -- 172.21.15.44:0/3112137373 <== mon.0 v2:172.21.15.44:3300/0 7 ==== mgrmap(e 4) v1 ==== 45530+0+0 (secure 0 0 0) 0x7fb0f8038d00 con 0x7fb108105640
2024-09-13T17:17:10.354 INFO:teuthology.orchestra.run.smithi044.stdout:/usr/bin/ceph: stderr
2024-09-13T17:17:09.769+0000 7fb10dbe2640 1 -- 172.21.15.44:0/3112137373 --> [v2:172.21.15.44:3300/0,v1:172.21.15.44:6789/0] -- mon_command({"prefix": "status", "format": "json-pretty"} v 0) v1 -- 0x7fb108073df0 con 0x7fb108105640
2024-09-13T17:17:10.355 INFO:teuthology.orchestra.run.smithi044.stdout:/usr/bin/ceph: stderr
2024-09-13T17:17:09.770+0000 7fb104ff9640 1 -- 172.21.15.44:0/3112137373 <== mon.0 v2:172.21.15.44:3300/0 8 ==== mon_command_ack([{"prefix": "status", "format": "json-pretty"}]=0 v0) v1 ==== 79+0+1237 (secure 0 0 0) 0x7fb0f8037090 con 0x7fb108105640
2024-09-13T17:17:10.355 INFO:teuthology.orchestra.run.smithi044.stdout:/usr/bin/ceph: stderr
2024-09-13T17:17:09.772+0000 7fb10dbe2640 1 -- 172.21.15.44:0/3112137373 >> [v2:172.21.15.44:6800/3711196986,v1:172.21.15.44:6801/3711196986] conn(0x7fb0f00385c0 msgr2=0x7fb0f003aa80 secure :-1 s=STATE_CONNECTION_ESTABLISHED l=1).mark_down
2024-09-13T17:17:10.355 INFO:teuthology.orchestra.run.smithi044.stdout:/usr/bin/ceph: stderr
2024-09-13T17:17:09.772+0000 7fb10dbe2640 1 --2- 172.21.15.44:0/3112137373 >> [v2:172.21.15.44:6800/3711196986,v1:172.21.15.44:6801/3711196986] conn(0x7fb0f00385c0 0x7fb0f003aa80 secure :-1 s=READY pgs=6 cs=0 l=1 rev1=1 crypto rx=0x7fb0fc0098c0 tx=0x7fb0fc006db0 comp rx=0 tx=0).stop
2024-09-13T17:17:10.355 INFO:teuthology.orchestra.run.smithi044.stdout:/usr/bin/ceph: stderr
2024-09-13T17:17:09.772+0000 7fb10dbe2640 1 -- 172.21.15.44:0/3112137373 >> [v2:172.21.15.44:3300/0,v1:172.21.15.44:6789/0] conn(0x7fb108105640 msgr2=0x7fb10807bb40 secure :-1 s=STATE_CONNECTION_ESTABLISHED l=1).mark_down
2024-09-13T17:17:10.355 INFO:teuthology.orchestra.run.smithi044.stdout:/usr/bin/ceph: stderr
2024-09-13T17:17:09.772+0000 7fb10dbe2640 1 --2- 172.21.15.44:0/3112137373 >> [v2:172.21.15.44:3300/0,v1:172.21.15.44:6789/0] conn(0x7fb108105640 0x7fb10807bb40 secure :-1 s=READY pgs=17 cs=0 l=1 rev1=1 crypto rx=0x7fb0f8030560 tx=0x7fb0f8030d90 comp rx=0 tx=0).stop
2024-09-13T17:17:10.355 INFO:teuthology.orchestra.run.smithi044.stdout:/usr/bin/ceph: stderr
2024-09-13T17:17:09.772+0000 7fb10dbe2640 1 -- 172.21.15.44:0/3112137373 shutdown_connections
2024-09-13T17:17:10.355 INFO:teuthology.orchestra.run.smithi044.stdout:/usr/bin/ceph: stderr
2024-09-13T17:17:09.772+0000 7fb10dbe2640 1 --2- 172.21.15.44:0/3112137373 >> [v2:172.21.15.44:6800/3711196986,v1:172.21.15.44:6801/3711196986] conn(0x7fb0f00385c0 0x7fb0f003aa80 unknown :-1 s=CLOSED pgs=6 cs=0 l=1 rev1=1 crypto rx=0 tx=0 comp rx=0 tx=0).stop
2024-09-13T17:17:10.355 INFO:teuthology.orchestra.run.smithi044.stdout:/usr/bin/ceph: stderr
2024-09-13T17:17:09.772+0000 7fb10dbe2640 1 --2- 172.21.15.44:0/3112137373 >> [v2:172.21.15.44:3300/0,v1:172.21.15.44:6789/0] conn(0x7fb108105640 0x7fb10807bb40 unknown :-1 s=CLOSED pgs=17 cs=0 l=1 rev1=1 crypto rx=0 tx=0 comp rx=0 tx=0).stop
2024-09-13T17:17:10.355 INFO:teuthology.orchestra.run.smithi044.stdout:/usr/bin/ceph: stderr
2024-09-13T17:17:09.772+0000 7fb10dbe2640 1 -- 172.21.15.44:0/3112137373 >> 172.21.15.44:0/3112137373 conn(0x7fb108100df0 msgr2=0x7fb1081019d0 unknown :-1 s=STATE_NONE l=0).mark_down
2024-09-13T17:17:10.355 INFO:teuthology.orchestra.run.smithi044.stdout:/usr/bin/ceph: stderr
2024-09-13T17:17:09.772+0000 7fb10dbe2640 1 -- 172.21.15.44:0/3112137373 shutdown_connections
2024-09-13T17:17:10.355 INFO:teuthology.orchestra.run.smithi044.stdout:/usr/bin/ceph: stderr
2024-09-13T17:17:09.772+0000 7fb10dbe2640 1 -- 172.21.15.44:0/3112137373 wait complete.
2024-09-13T17:17:10.355 INFO:teuthology.orchestra.run.smithi044.stdout:mgr is available
2024-09-13T17:17:10.856 INFO:journalctl@ceph.mon.a.smithi044.stdout:Sep 13 17:17:10 smithi044 ceph-mon[31175]: mgrmap e4: x(active, since 2s)
2024-09-13T17:17:10.856 INFO:journalctl@ceph.mon.a.smithi044.stdout:Sep 13 17:17:10 smithi044 ceph-mon[31175]: from='client.? 172.21.15.44:0/3112137373' entity='client.admin' cmd=[{"prefix": "status", "format": "json-pretty"}]: dispatch
2024-09-13T17:17:11.501 INFO:teuthology.orchestra.run.smithi044.stdout:/usr/bin/ceph: stdout
2024-09-13T17:17:11.501 INFO:teuthology.orchestra.run.smithi044.stdout:/usr/bin/ceph: stdout [global]
2024-09-13T17:17:11.501 INFO:teuthology.orchestra.run.smithi044.stdout:/usr/bin/ceph: stdout fsid = ce020790-71f3-11ef-bceb-c7b262605968
2024-09-13T17:17:11.501 INFO:teuthology.orchestra.run.smithi044.stdout:/usr/bin/ceph: stdout mon_osd_allow_pg_remap = true
2024-09-13T17:17:11.501 INFO:teuthology.orchestra.run.smithi044.stdout:/usr/bin/ceph: stdout mon_osd_allow_primary_affinity = true
2024-09-13T17:17:11.501 INFO:teuthology.orchestra.run.smithi044.stdout:/usr/bin/ceph: stdout mon_warn_on_no_sortbitwise = false
2024-09-13T17:17:11.501 INFO:teuthology.orchestra.run.smithi044.stdout:/usr/bin/ceph: stdout osd_crush_chooseleaf_type = 0
2024-09-13T17:17:11.501 INFO:teuthology.orchestra.run.smithi044.stdout:/usr/bin/ceph: stdout
2024-09-13T17:17:11.501 INFO:teuthology.orchestra.run.smithi044.stdout:/usr/bin/ceph: stdout [mgr]
2024-09-13T17:17:11.502 INFO:teuthology.orchestra.run.smithi044.stdout:/usr/bin/ceph: stdout mgr/telemetry/nag = false
2024-09-13T17:17:11.502 INFO:teuthology.orchestra.run.smithi044.stdout:/usr/bin/ceph: stdout
2024-09-13T17:17:11.502 INFO:teuthology.orchestra.run.smithi044.stdout:/usr/bin/ceph: stdout [osd]
2024-09-13T17:17:11.502 INFO:teuthology.orchestra.run.smithi044.stdout:/usr/bin/ceph: stdout mon_osd_backfillfull_ratio = 0.85
2024-09-13T17:17:11.502 INFO:teuthology.orchestra.run.smithi044.stdout:/usr/bin/ceph: stdout mon_osd_full_ratio = 0.9
2024-09-13T17:17:11.502 INFO:teuthology.orchestra.run.smithi044.stdout:/usr/bin/ceph: stdout mon_osd_nearfull_ratio = 0.8
2024-09-13T17:17:11.502 INFO:teuthology.orchestra.run.smithi044.stdout:/usr/bin/ceph: stdout osd_map_max_advance = 10
2024-09-13T17:17:11.502 INFO:teuthology.orchestra.run.smithi044.stdout:/usr/bin/ceph: stdout osd_sloppy_crc = true
2024-09-13T17:17:11.502 INFO:teuthology.orchestra.run.smithi044.stdout:/usr/bin/ceph: stderr
2024-09-13T17:17:10.736+0000 7f9cc57eb640 1 Processor -- start
2024-09-13T17:17:11.502 INFO:teuthology.orchestra.run.smithi044.stdout:/usr/bin/ceph: stderr
2024-09-13T17:17:10.736+0000 7f9cc57eb640 1 -- start start
2024-09-13T17:17:11.502 INFO:teuthology.orchestra.run.smithi044.stdout:/usr/bin/ceph: stderr
2024-09-13T17:17:10.736+0000 7f9cc57eb640 1 --2- >> [v2:172.21.15.44:3300/0,v1:172.21.15.44:6789/0] conn(0x7f9cc0106130 0x7f9cc0108520 unknown :-1 s=NONE pgs=0 cs=0 l=0 rev1=0 crypto rx=0 tx=0 comp rx=0 tx=0).connect
2024-09-13T17:17:11.502 INFO:teuthology.orchestra.run.smithi044.stdout:/usr/bin/ceph: stderr
2024-09-13T17:17:10.736+0000 7f9cc57eb640 1 -- --> [v2:172.21.15.44:3300/0,v1:172.21.15.44:6789/0] -- mon_getmap magic: 0 v1 -- 0x7f9cc0079e50 con 0x7f9cc0106130
2024-09-13T17:17:11.502 INFO:teuthology.orchestra.run.smithi044.stdout:/usr/bin/ceph: stderr
2024-09-13T17:17:10.736+0000 7f9cbeffd640 1 --2- >> [v2:172.21.15.44:3300/0,v1:172.21.15.44:6789/0] conn(0x7f9cc0106130 0x7f9cc0108520 unknown :-1 s=BANNER_CONNECTING pgs=0 cs=0 l=0 rev1=0 crypto rx=0 tx=0 comp rx=0 tx=0)._handle_peer_banner_payload supported=3 required=0
2024-09-13T17:17:11.502 INFO:teuthology.orchestra.run.smithi044.stdout:/usr/bin/ceph: stderr
2024-09-13T17:17:10.736+0000 7f9cbeffd640 1 --2- >> [v2:172.21.15.44:3300/0,v1:172.21.15.44:6789/0] conn(0x7f9cc0106130 0x7f9cc0108520 unknown :-1 s=HELLO_CONNECTING pgs=0 cs=0 l=0 rev1=1 crypto rx=0 tx=0 comp rx=0 tx=0).handle_hello peer v2:172.21.15.44:3300/0 says I am v2:172.21.15.44:59638/0 (socket says 172.21.15.44:59638)
2024-09-13T17:17:11.503 INFO:teuthology.orchestra.run.smithi044.stdout:/usr/bin/ceph: stderr
2024-09-13T17:17:10.736+0000 7f9cbeffd640 1 -- 172.21.15.44:0/1686580708 learned_addr learned my addr 172.21.15.44:0/1686580708 (peer_addr_for_me v2:172.21.15.44:0/0)
2024-09-13T17:17:11.503 INFO:teuthology.orchestra.run.smithi044.stdout:/usr/bin/ceph: stderr
2024-09-13T17:17:10.737+0000 7f9cbeffd640 1 -- 172.21.15.44:0/1686580708 --> [v2:172.21.15.44:3300/0,v1:172.21.15.44:6789/0] -- mon_subscribe({config=0+,monmap=0+}) v3 -- 0x7f9cc0108a60 con 0x7f9cc0106130
2024-09-13T17:17:11.503 INFO:teuthology.orchestra.run.smithi044.stdout:/usr/bin/ceph: stderr
2024-09-13T17:17:10.737+0000 7f9cbeffd640 1 --2- 172.21.15.44:0/1686580708 >> [v2:172.21.15.44:3300/0,v1:172.21.15.44:6789/0] conn(0x7f9cc0106130 0x7f9cc0108520 secure :-1 s=READY pgs=18 cs=0 l=1 rev1=1 crypto rx=0x7f9cb0009820 tx=0x7f9cb002a270 comp rx=0 tx=0).ready entity=mon.0 client_cookie=1b8ad999037c8f21 server_cookie=0 in_seq=0 out_seq=0
2024-09-13T17:17:11.503 INFO:teuthology.orchestra.run.smithi044.stdout:/usr/bin/ceph: stderr
2024-09-13T17:17:10.738+0000 7f9cbdffb640 1 -- 172.21.15.44:0/1686580708 <== mon.0 v2:172.21.15.44:3300/0 1 ==== mon_map magic: 0 v1 ==== 205+0+0 (secure 0 0 0) 0x7f9cb002ae70 con 0x7f9cc0106130
2024-09-13T17:17:11.503 INFO:teuthology.orchestra.run.smithi044.stdout:/usr/bin/ceph: stderr
2024-09-13T17:17:10.738+0000 7f9cbdffb640 1 -- 172.21.15.44:0/1686580708 <== mon.0 v2:172.21.15.44:3300/0 2 ==== config(25 keys) v1 ==== 1036+0+0 (secure 0 0 0) 0x7f9cb00328b0 con 0x7f9cc0106130
2024-09-13T17:17:11.503 INFO:teuthology.orchestra.run.smithi044.stdout:/usr/bin/ceph: stderr
2024-09-13T17:17:10.738+0000 7f9cbdffb640 1 -- 172.21.15.44:0/1686580708 <== mon.0 v2:172.21.15.44:3300/0 3 ==== mon_map magic: 0 v1 ==== 205+0+0 (secure 0 0 0) 0x7f9cb0030850 con 0x7f9cc0106130
2024-09-13T17:17:11.503 INFO:teuthology.orchestra.run.smithi044.stdout:/usr/bin/ceph: stderr
2024-09-13T17:17:10.738+0000 7f9cc57eb640 1 -- 172.21.15.44:0/1686580708 >> [v2:172.21.15.44:3300/0,v1:172.21.15.44:6789/0] conn(0x7f9cc0106130 msgr2=0x7f9cc0108520 secure :-1 s=STATE_CONNECTION_ESTABLISHED l=1).mark_down
2024-09-13T17:17:11.503 INFO:teuthology.orchestra.run.smithi044.stdout:/usr/bin/ceph: stderr
2024-09-13T17:17:10.738+0000 7f9cc57eb640 1 --2- 172.21.15.44:0/1686580708 >> [v2:172.21.15.44:3300/0,v1:172.21.15.44:6789/0] conn(0x7f9cc0106130 0x7f9cc0108520 secure :-1 s=READY pgs=18 cs=0 l=1 rev1=1 crypto rx=0x7f9cb0009820 tx=0x7f9cb002a270 comp rx=0 tx=0).stop
2024-09-13T17:17:11.503 INFO:teuthology.orchestra.run.smithi044.stdout:/usr/bin/ceph: stderr
2024-09-13T17:17:10.738+0000 7f9cc57eb640 1 -- 172.21.15.44:0/1686580708 shutdown_connections
2024-09-13T17:17:11.503 INFO:teuthology.orchestra.run.smithi044.stdout:/usr/bin/ceph: stderr
2024-09-13T17:17:10.738+0000 7f9cc57eb640 1 --2- 172.21.15.44:0/1686580708 >> [v2:172.21.15.44:3300/0,v1:172.21.15.44:6789/0] conn(0x7f9cc0106130 0x7f9cc0108520 unknown :-1 s=CLOSED pgs=18 cs=0 l=1 rev1=1 crypto rx=0 tx=0 comp rx=0 tx=0).stop
2024-09-13T17:17:11.503 INFO:teuthology.orchestra.run.smithi044.stdout:/usr/bin/ceph: stderr
2024-09-13T17:17:10.738+0000 7f9cc57eb640 1 -- 172.21.15.44:0/1686580708 >> 172.21.15.44:0/1686580708 conn(0x7f9cc00ffcf0 msgr2=0x7f9cc0102110 unknown :-1 s=STATE_NONE l=0).mark_down
2024-09-13T17:17:11.503 INFO:teuthology.orchestra.run.smithi044.stdout:/usr/bin/ceph: stderr
2024-09-13T17:17:10.738+0000 7f9cc57eb640 1 -- 172.21.15.44:0/1686580708 shutdown_connections
2024-09-13T17:17:11.504 INFO:teuthology.orchestra.run.smithi044.stdout:/usr/bin/ceph: stderr
2024-09-13T17:17:10.738+0000 7f9cc57eb640 1 -- 172.21.15.44:0/1686580708 wait complete.
2024-09-13T17:17:11.504 INFO:teuthology.orchestra.run.smithi044.stdout:/usr/bin/ceph: stderr
2024-09-13T17:17:10.739+0000 7f9cc57eb640 1 Processor -- start
2024-09-13T17:17:11.504 INFO:teuthology.orchestra.run.smithi044.stdout:/usr/bin/ceph: stderr
2024-09-13T17:17:10.739+0000 7f9cc57eb640 1 -- start start
2024-09-13T17:17:11.504 INFO:teuthology.orchestra.run.smithi044.stdout:/usr/bin/ceph: stderr
2024-09-13T17:17:10.739+0000 7f9cc57eb640 1 --2- >> [v2:172.21.15.44:3300/0,v1:172.21.15.44:6789/0] conn(0x7f9cc0106130 0x7f9cc0199550 unknown :-1 s=NONE pgs=0 cs=0 l=1 rev1=0 crypto rx=0 tx=0 comp rx=0 tx=0).connect
2024-09-13T17:17:11.504 INFO:teuthology.orchestra.run.smithi044.stdout:/usr/bin/ceph: stderr
2024-09-13T17:17:10.739+0000 7f9cc57eb640 1 -- --> [v2:172.21.15.44:3300/0,v1:172.21.15.44:6789/0] -- mon_getmap magic: 0 v1 -- 0x7f9cc0199a90 con 0x7f9cc0106130
2024-09-13T17:17:11.504 INFO:teuthology.orchestra.run.smithi044.stdout:/usr/bin/ceph: stderr
2024-09-13T17:17:10.739+0000 7f9cbeffd640 1 --2- >> [v2:172.21.15.44:3300/0,v1:172.21.15.44:6789/0] conn(0x7f9cc0106130 0x7f9cc0199550 unknown :-1 s=BANNER_CONNECTING pgs=0 cs=0 l=1 rev1=0 crypto rx=0 tx=0 comp rx=0 tx=0)._handle_peer_banner_payload supported=3 required=0
2024-09-13T17:17:11.504 INFO:teuthology.orchestra.run.smithi044.stdout:/usr/bin/ceph: stderr
2024-09-13T17:17:10.739+0000 7f9cbeffd640 1 --2- >> [v2:172.21.15.44:3300/0,v1:172.21.15.44:6789/0] conn(0x7f9cc0106130 0x7f9cc0199550 unknown :-1 s=HELLO_CONNECTING pgs=0 cs=0 l=1 rev1=1 crypto rx=0 tx=0 comp rx=0 tx=0).handle_hello peer v2:172.21.15.44:3300/0 says I am v2:172.21.15.44:59650/0 (socket says 172.21.15.44:59650)
2024-09-13T17:17:11.504 INFO:teuthology.orchestra.run.smithi044.stdout:/usr/bin/ceph: stderr
2024-09-13T17:17:10.739+0000 7f9cbeffd640 1 -- 172.21.15.44:0/895386967 learned_addr learned my addr 172.21.15.44:0/895386967 (peer_addr_for_me v2:172.21.15.44:0/0)
2024-09-13T17:17:11.504 INFO:teuthology.orchestra.run.smithi044.stdout:/usr/bin/ceph: stderr
2024-09-13T17:17:10.740+0000 7f9cbeffd640 1 -- 172.21.15.44:0/895386967 --> [v2:172.21.15.44:3300/0,v1:172.21.15.44:6789/0] -- mon_subscribe({config=0+,monmap=0+}) v3 -- 0x7f9cb00094d0 con 0x7f9cc0106130
2024-09-13T17:17:11.504 INFO:teuthology.orchestra.run.smithi044.stdout:/usr/bin/ceph: stderr
2024-09-13T17:17:10.740+0000 7f9cbeffd640 1 --2- 172.21.15.44:0/895386967 >> [v2:172.21.15.44:3300/0,v1:172.21.15.44:6789/0] conn(0x7f9cc0106130 0x7f9cc0199550 secure :-1 s=READY pgs=19 cs=0 l=1 rev1=1 crypto rx=0x7f9cb00097f0 tx=0x7f9cb0030d40 comp rx=0 tx=0).ready entity=mon.0 client_cookie=0 server_cookie=0 in_seq=0 out_seq=0
2024-09-13T17:17:11.504 INFO:teuthology.orchestra.run.smithi044.stdout:/usr/bin/ceph: stderr
2024-09-13T17:17:10.740+0000 7f9ca7fff640 1 -- 172.21.15.44:0/895386967 <== mon.0 v2:172.21.15.44:3300/0 1 ==== mon_map magic: 0 v1 ==== 205+0+0 (secure 0 0 0) 0x7f9cb0032c30 con 0x7f9cc0106130
2024-09-13T17:17:11.504 INFO:teuthology.orchestra.run.smithi044.stdout:/usr/bin/ceph: stderr
2024-09-13T17:17:10.740+0000 7f9ca7fff640 1 -- 172.21.15.44:0/895386967 <== mon.0 v2:172.21.15.44:3300/0 2 ==== config(25 keys) v1 ==== 1036+0+0 (secure 0 0 0) 0x7f9cb0032d90 con 0x7f9cc0106130
2024-09-13T17:17:11.505 INFO:teuthology.orchestra.run.smithi044.stdout:/usr/bin/ceph: stderr
2024-09-13T17:17:10.740+0000 7f9cc57eb640 1 -- 172.21.15.44:0/895386967 --> [v2:172.21.15.44:3300/0,v1:172.21.15.44:6789/0] -- mon_subscribe({mgrmap=0+}) v3 -- 0x7f9cc0199c90 con 0x7f9cc0106130
2024-09-13T17:17:11.505 INFO:teuthology.orchestra.run.smithi044.stdout:/usr/bin/ceph: stderr
2024-09-13T17:17:10.740+0000 7f9ca7fff640 1 -- 172.21.15.44:0/895386967 <== mon.0 v2:172.21.15.44:3300/0 3 ==== mon_map magic: 0 v1 ==== 205+0+0 (secure 0 0 0) 0x7f9cb003a5b0 con 0x7f9cc0106130
2024-09-13T17:17:11.505 INFO:teuthology.orchestra.run.smithi044.stdout:/usr/bin/ceph: stderr
2024-09-13T17:17:10.740+0000 7f9cc57eb640 1 -- 172.21.15.44:0/895386967 --> [v2:172.21.15.44:3300/0,v1:172.21.15.44:6789/0] -- mon_subscribe({osdmap=0}) v3 -- 0x7f9cc019a130 con 0x7f9cc0106130
2024-09-13T17:17:11.505 INFO:teuthology.orchestra.run.smithi044.stdout:/usr/bin/ceph: stderr
2024-09-13T17:17:10.741+0000 7f9ca7fff640 1 -- 172.21.15.44:0/895386967 <== mon.0 v2:172.21.15.44:3300/0 4 ==== mgrmap(e 4) v1 ==== 45530+0+0 (secure 0 0 0) 0x7f9cb0039040 con 0x7f9cc0106130
2024-09-13T17:17:11.505 INFO:teuthology.orchestra.run.smithi044.stdout:/usr/bin/ceph: stderr
2024-09-13T17:17:10.741+0000 7f9ca7fff640 1 --2- 172.21.15.44:0/895386967 >> [v2:172.21.15.44:6800/3711196986,v1:172.21.15.44:6801/3711196986] conn(0x7f9ca80386e0 0x7f9ca803aba0 unknown :-1 s=NONE pgs=0 cs=0 l=1 rev1=0 crypto rx=0 tx=0 comp rx=0 tx=0).connect
2024-09-13T17:17:11.505 INFO:teuthology.orchestra.run.smithi044.stdout:/usr/bin/ceph: stderr
2024-09-13T17:17:10.741+0000 7f9ca7fff640 1 -- 172.21.15.44:0/895386967 <== mon.0 v2:172.21.15.44:3300/0 5 ==== osd_map(1..1 src has 1..1) v4 ==== 725+0+0 (secure 0 0 0) 0x7f9cb006b4a0 con 0x7f9cc0106130
2024-09-13T17:17:11.505 INFO:teuthology.orchestra.run.smithi044.stdout:/usr/bin/ceph: stderr
2024-09-13T17:17:10.741+0000 7f9cc57eb640 1 -- 172.21.15.44:0/895386967 --> [v2:172.21.15.44:3300/0,v1:172.21.15.44:6789/0] -- mon_command({"prefix": "get_command_descriptions"} v 0) v1 -- 0x7f9cc0073df0 con 0x7f9cc0106130
2024-09-13T17:17:11.505 INFO:teuthology.orchestra.run.smithi044.stdout:/usr/bin/ceph: stderr
2024-09-13T17:17:10.741+0000 7f9cbe7fc640 1 --2- 172.21.15.44:0/895386967 >> [v2:172.21.15.44:6800/3711196986,v1:172.21.15.44:6801/3711196986] conn(0x7f9ca80386e0 0x7f9ca803aba0 unknown :-1 s=BANNER_CONNECTING pgs=0 cs=0 l=1 rev1=0 crypto rx=0 tx=0 comp rx=0 tx=0)._handle_peer_banner_payload supported=3 required=0
2024-09-13T17:17:11.505 INFO:teuthology.orchestra.run.smithi044.stdout:/usr/bin/ceph: stderr
2024-09-13T17:17:10.742+0000 7f9cbe7fc640 1 --2- 172.21.15.44:0/895386967 >> [v2:172.21.15.44:6800/3711196986,v1:172.21.15.44:6801/3711196986] conn(0x7f9ca80386e0 0x7f9ca803aba0 secure :-1 s=READY pgs=7 cs=0 l=1 rev1=1 crypto rx=0x7f9cb40098c0 tx=0x7f9cb4006db0 comp rx=0 tx=0).ready entity=mgr.14100 client_cookie=0 server_cookie=0 in_seq=0 out_seq=0
2024-09-13T17:17:11.505 INFO:teuthology.orchestra.run.smithi044.stdout:/usr/bin/ceph: stderr
2024-09-13T17:17:10.746+0000 7f9ca7fff640 1 -- 172.21.15.44:0/895386967 <== mon.0 v2:172.21.15.44:3300/0 6 ==== mon_command_ack([{"prefix": "get_command_descriptions"}]=0 v0) v1 ==== 72+0+183819 (secure 0 0 0) 0x7f9cb0037070 con 0x7f9cc0106130
2024-09-13T17:17:11.505 INFO:teuthology.orchestra.run.smithi044.stdout:/usr/bin/ceph: stderr
2024-09-13T17:17:10.917+0000 7f9cc57eb640 1 -- 172.21.15.44:0/895386967 --> [v2:172.21.15.44:3300/0,v1:172.21.15.44:6789/0] -- mon_command({"prefix": "config assimilate-conf"} v 0) v1 -- 0x7f9cc019dbf0 con 0x7f9cc0106130
2024-09-13T17:17:11.505 INFO:teuthology.orchestra.run.smithi044.stdout:/usr/bin/ceph: stderr
2024-09-13T17:17:10.918+0000 7f9ca7fff640 1 -- 172.21.15.44:0/895386967 <== mon.0 v2:172.21.15.44:3300/0 7 ==== mon_command_ack([{"prefix": "config assimilate-conf"}]=0 v3) v1 ==== 70+0+373 (secure 0 0 0) 0x7f9cb0068030 con 0x7f9cc0106130
2024-09-13T17:17:11.506 INFO:teuthology.orchestra.run.smithi044.stdout:/usr/bin/ceph: stderr
2024-09-13T17:17:10.920+0000 7f9cc57eb640 1 -- 172.21.15.44:0/895386967 >> [v2:172.21.15.44:6800/3711196986,v1:172.21.15.44:6801/3711196986] conn(0x7f9ca80386e0 msgr2=0x7f9ca803aba0 secure :-1 s=STATE_CONNECTION_ESTABLISHED l=1).mark_down
2024-09-13T17:17:11.506 INFO:teuthology.orchestra.run.smithi044.stdout:/usr/bin/ceph: stderr
2024-09-13T17:17:10.920+0000 7f9cc57eb640 1 --2- 172.21.15.44:0/895386967 >> [v2:172.21.15.44:6800/3711196986,v1:172.21.15.44:6801/3711196986] conn(0x7f9ca80386e0 0x7f9ca803aba0 secure :-1 s=READY pgs=7 cs=0 l=1 rev1=1 crypto rx=0x7f9cb40098c0 tx=0x7f9cb4006db0 comp rx=0 tx=0).stop
2024-09-13T17:17:11.506 INFO:teuthology.orchestra.run.smithi044.stdout:/usr/bin/ceph: stderr
2024-09-13T17:17:10.921+0000 7f9cc57eb640 1 -- 172.21.15.44:0/895386967 >> [v2:172.21.15.44:3300/0,v1:172.21.15.44:6789/0] conn(0x7f9cc0106130 msgr2=0x7f9cc0199550 secure :-1 s=STATE_CONNECTION_ESTABLISHED l=1).mark_down
2024-09-13T17:17:11.506 INFO:teuthology.orchestra.run.smithi044.stdout:/usr/bin/ceph: stderr
2024-09-13T17:17:10.921+0000 7f9cc57eb640 1 --2- 172.21.15.44:0/895386967 >> [v2:172.21.15.44:3300/0,v1:172.21.15.44:6789/0] conn(0x7f9cc0106130 0x7f9cc0199550 secure :-1 s=READY pgs=19 cs=0 l=1 rev1=1 crypto rx=0x7f9cb00097f0 tx=0x7f9cb0030d40 comp rx=0 tx=0).stop
2024-09-13T17:17:11.506 INFO:teuthology.orchestra.run.smithi044.stdout:/usr/bin/ceph: stderr
2024-09-13T17:17:10.921+0000 7f9cc57eb640 1 -- 172.21.15.44:0/895386967 shutdown_connections
2024-09-13T17:17:11.506 INFO:teuthology.orchestra.run.smithi044.stdout:/usr/bin/ceph: stderr
2024-09-13T17:17:10.921+0000 7f9cc57eb640 1 --2- 172.21.15.44:0/895386967 >> [v2:172.21.15.44:6800/3711196986,v1:172.21.15.44:6801/3711196986] conn(0x7f9ca80386e0 0x7f9ca803aba0 unknown :-1 s=CLOSED pgs=7 cs=0 l=1 rev1=1 crypto rx=0 tx=0 comp rx=0 tx=0).stop
2024-09-13T17:17:11.506 INFO:teuthology.orchestra.run.smithi044.stdout:/usr/bin/ceph: stderr
2024-09-13T17:17:10.921+0000 7f9cc57eb640 1 --2- 172.21.15.44:0/895386967 >> [v2:172.21.15.44:3300/0,v1:172.21.15.44:6789/0] conn(0x7f9cc0106130 0x7f9cc0199550 unknown :-1 s=CLOSED pgs=19 cs=0 l=1 rev1=1 crypto rx=0 tx=0 comp rx=0 tx=0).stop
2024-09-13T17:17:11.506 INFO:teuthology.orchestra.run.smithi044.stdout:/usr/bin/ceph: stderr
2024-09-13T17:17:10.921+0000 7f9cc57eb640 1 -- 172.21.15.44:0/895386967 >> 172.21.15.44:0/895386967 conn(0x7f9cc00ffcf0 msgr2=0x7f9cc0100930 unknown :-1 s=STATE_NONE l=0).mark_down
2024-09-13T17:17:11.506 INFO:teuthology.orchestra.run.smithi044.stdout:/usr/bin/ceph: stderr
2024-09-13T17:17:10.921+0000 7f9cc57eb640 1 -- 172.21.15.44:0/895386967 shutdown_connections
2024-09-13T17:17:11.506 INFO:teuthology.orchestra.run.smithi044.stdout:/usr/bin/ceph: stderr
2024-09-13T17:17:10.921+0000 7f9cc57eb640 1 -- 172.21.15.44:0/895386967 wait complete.
2024-09-13T17:17:11.506 INFO:teuthology.orchestra.run.smithi044.stdout:Enabling cephadm module...
2024-09-13T17:17:11.835 INFO:journalctl@ceph.mon.a.smithi044.stdout:Sep 13 17:17:11 smithi044 ceph-mon[31175]: from='client.? 172.21.15.44:0/895386967' entity='client.admin' cmd=[{"prefix": "config assimilate-conf"}]: dispatch
2024-09-13T17:17:12.856 INFO:journalctl@ceph.mon.a.smithi044.stdout:Sep 13 17:17:12 smithi044 ceph-mon[31175]: from='client.? 172.21.15.44:0/893398424' entity='client.admin' cmd=[{"prefix": "mgr module enable", "module": "cephadm"}]: dispatch
2024-09-13T17:17:12.857 INFO:journalctl@ceph.mgr.x.smithi044.stdout:Sep 13 17:17:12 smithi044 ceph-ce020790-71f3-11ef-bceb-c7b262605968-mgr-x[31404]: ignoring --setuser ceph since I am not root
2024-09-13T17:17:12.857 INFO:journalctl@ceph.mgr.x.smithi044.stdout:Sep 13 17:17:12 smithi044 ceph-ce020790-71f3-11ef-bceb-c7b262605968-mgr-x[31404]: ignoring --setgroup ceph since I am not root
2024-09-13T17:17:12.857 INFO:journalctl@ceph.mgr.x.smithi044.stdout:Sep 13 17:17:12 smithi044 ceph-ce020790-71f3-11ef-bceb-c7b262605968-mgr-x[31404]:
2024-09-13T17:17:12.714+0000 7f0b7168c040 -1 mgr[py] Module osd_perf_query has missing NOTIFY_TYPES member
2024-09-13T17:17:12.857 INFO:journalctl@ceph.mgr.x.smithi044.stdout:Sep 13 17:17:12 smithi044 ceph-ce020790-71f3-11ef-bceb-c7b262605968-mgr-x[31404]:
2024-09-13T17:17:12.773+0000 7f0b7168c040 -1 mgr[py] Module osd_support has missing NOTIFY_TYPES member
2024-09-13T17:17:13.137 INFO:teuthology.orchestra.run.smithi044.stdout:/usr/bin/ceph: stderr
2024-09-13T17:17:11.920+0000 7f76cb5c8640 1 Processor -- start
2024-09-13T17:17:13.138 INFO:teuthology.orchestra.run.smithi044.stdout:/usr/bin/ceph: stderr
2024-09-13T17:17:11.920+0000 7f76cb5c8640 1 -- start start
2024-09-13T17:17:13.138 INFO:teuthology.orchestra.run.smithi044.stdout:/usr/bin/ceph: stderr
2024-09-13T17:17:11.920+0000 7f76cb5c8640 1 --2- >> [v2:172.21.15.44:3300/0,v1:172.21.15.44:6789/0] conn(0x7f76c41060b0 0x7f76c41084a0 unknown :-1 s=NONE pgs=0 cs=0 l=0 rev1=0 crypto rx=0 tx=0 comp rx=0 tx=0).connect
2024-09-13T17:17:13.138 INFO:teuthology.orchestra.run.smithi044.stdout:/usr/bin/ceph: stderr
2024-09-13T17:17:11.920+0000 7f76cb5c8640 1 -- --> [v2:172.21.15.44:3300/0,v1:172.21.15.44:6789/0] -- mon_getmap magic: 0 v1 -- 0x7f76c4079ed0 con 0x7f76c41060b0
2024-09-13T17:17:13.138 INFO:teuthology.orchestra.run.smithi044.stdout:/usr/bin/ceph: stderr
2024-09-13T17:17:11.920+0000 7f76c9364640 1 --2- >> [v2:172.21.15.44:3300/0,v1:172.21.15.44:6789/0] conn(0x7f76c41060b0 0x7f76c41084a0 unknown :-1 s=BANNER_CONNECTING pgs=0 cs=0 l=0 rev1=0 crypto rx=0 tx=0 comp rx=0 tx=0)._handle_peer_banner_payload supported=3 required=0
2024-09-13T17:17:13.138 INFO:teuthology.orchestra.run.smithi044.stdout:/usr/bin/ceph: stderr
2024-09-13T17:17:11.920+0000 7f76c9364640 1 --2- >> [v2:172.21.15.44:3300/0,v1:172.21.15.44:6789/0] conn(0x7f76c41060b0 0x7f76c41084a0 unknown :-1 s=HELLO_CONNECTING pgs=0 cs=0 l=0 rev1=1 crypto rx=0 tx=0 comp rx=0 tx=0).handle_hello peer v2:172.21.15.44:3300/0 says I am v2:172.21.15.44:59652/0 (socket says 172.21.15.44:59652)
2024-09-13T17:17:13.138 INFO:teuthology.orchestra.run.smithi044.stdout:/usr/bin/ceph: stderr
2024-09-13T17:17:11.920+0000 7f76c9364640 1 -- 172.21.15.44:0/2192050432 learned_addr learned my addr 172.21.15.44:0/2192050432 (peer_addr_for_me v2:172.21.15.44:0/0)
2024-09-13T17:17:13.138 INFO:teuthology.orchestra.run.smithi044.stdout:/usr/bin/ceph: stderr
2024-09-13T17:17:11.921+0000 7f76c9364640 1 -- 172.21.15.44:0/2192050432 --> [v2:172.21.15.44:3300/0,v1:172.21.15.44:6789/0] -- mon_subscribe({config=0+,monmap=0+}) v3 -- 0x7f76c41089e0 con 0x7f76c41060b0
2024-09-13T17:17:13.138 INFO:teuthology.orchestra.run.smithi044.stdout:/usr/bin/ceph: stderr
2024-09-13T17:17:11.921+0000 7f76c9364640 1 --2- 172.21.15.44:0/2192050432 >> [v2:172.21.15.44:3300/0,v1:172.21.15.44:6789/0] conn(0x7f76c41060b0 0x7f76c41084a0 secure :-1 s=READY pgs=20 cs=0 l=1 rev1=1 crypto rx=0x7f76c0009820 tx=0x7f76c002a270 comp rx=0 tx=0).ready entity=mon.0 client_cookie=37e83fc381c435a8 server_cookie=0 in_seq=0 out_seq=0
2024-09-13T17:17:13.139 INFO:teuthology.orchestra.run.smithi044.stdout:/usr/bin/ceph: stderr
2024-09-13T17:17:11.922+0000 7f76b7fff640 1 -- 172.21.15.44:0/2192050432 <== mon.0 v2:172.21.15.44:3300/0 1 ==== mon_map magic: 0 v1 ==== 205+0+0 (secure 0 0 0) 0x7f76c002ae70 con 0x7f76c41060b0
2024-09-13T17:17:13.139 INFO:teuthology.orchestra.run.smithi044.stdout:/usr/bin/ceph: stderr
2024-09-13T17:17:11.922+0000 7f76b7fff640 1 -- 172.21.15.44:0/2192050432 <== mon.0 v2:172.21.15.44:3300/0 2 ==== config(25 keys) v1 ==== 1036+0+0 (secure 0 0 0) 0x7f76c00328b0 con 0x7f76c41060b0
2024-09-13T17:17:13.139 INFO:teuthology.orchestra.run.smithi044.stdout:/usr/bin/ceph: stderr
2024-09-13T17:17:11.922+0000 7f76b7fff640 1 -- 172.21.15.44:0/2192050432 <== mon.0 v2:172.21.15.44:3300/0 3 ==== mon_map magic: 0 v1 ==== 205+0+0 (secure 0 0 0) 0x7f76c0030850 con 0x7f76c41060b0
2024-09-13T17:17:13.139 INFO:teuthology.orchestra.run.smithi044.stdout:/usr/bin/ceph: stderr
2024-09-13T17:17:11.922+0000 7f76cb5c8640 1 -- 172.21.15.44:0/2192050432 >> [v2:172.21.15.44:3300/0,v1:172.21.15.44:6789/0] conn(0x7f76c41060b0 msgr2=0x7f76c41084a0 secure :-1 s=STATE_CONNECTION_ESTABLISHED l=1).mark_down
2024-09-13T17:17:13.139 INFO:teuthology.orchestra.run.smithi044.stdout:/usr/bin/ceph: stderr
2024-09-13T17:17:11.922+0000 7f76cb5c8640 1 --2- 172.21.15.44:0/2192050432 >> [v2:172.21.15.44:3300/0,v1:172.21.15.44:6789/0] conn(0x7f76c41060b0 0x7f76c41084a0 secure :-1 s=READY pgs=20 cs=0 l=1 rev1=1 crypto rx=0x7f76c0009820 tx=0x7f76c002a270 comp rx=0 tx=0).stop
2024-09-13T17:17:13.139 INFO:teuthology.orchestra.run.smithi044.stdout:/usr/bin/ceph: stderr
2024-09-13T17:17:11.922+0000 7f76cb5c8640 1 -- 172.21.15.44:0/2192050432 shutdown_connections
2024-09-13T17:17:13.139 INFO:teuthology.orchestra.run.smithi044.stdout:/usr/bin/ceph: stderr
2024-09-13T17:17:11.922+0000 7f76cb5c8640 1 --2- 172.21.15.44:0/2192050432 >> [v2:172.21.15.44:3300/0,v1:172.21.15.44:6789/0] conn(0x7f76c41060b0 0x7f76c41084a0 unknown :-1 s=CLOSED pgs=20 cs=0 l=1 rev1=1 crypto rx=0 tx=0 comp rx=0 tx=0).stop
2024-09-13T17:17:13.139 INFO:teuthology.orchestra.run.smithi044.stdout:/usr/bin/ceph: stderr
2024-09-13T17:17:11.922+0000 7f76cb5c8640 1 -- 172.21.15.44:0/2192050432 >> 172.21.15.44:0/2192050432 conn(0x7f76c40ffcf0 msgr2=0x7f76c4102110 unknown :-1 s=STATE_NONE l=0).mark_down
2024-09-13T17:17:13.139 INFO:teuthology.orchestra.run.smithi044.stdout:/usr/bin/ceph: stderr
2024-09-13T17:17:11.922+0000 7f76cb5c8640 1 -- 172.21.15.44:0/2192050432 shutdown_connections
2024-09-13T17:17:13.139 INFO:teuthology.orchestra.run.smithi044.stdout:/usr/bin/ceph: stderr
2024-09-13T17:17:11.922+0000 7f76cb5c8640 1 -- 172.21.15.44:0/2192050432 wait complete.
2024-09-13T17:17:13.139 INFO:teuthology.orchestra.run.smithi044.stdout:/usr/bin/ceph: stderr
2024-09-13T17:17:11.923+0000 7f76cb5c8640 1 Processor -- start
2024-09-13T17:17:13.139 INFO:teuthology.orchestra.run.smithi044.stdout:/usr/bin/ceph: stderr
2024-09-13T17:17:11.923+0000 7f76cb5c8640 1 -- start start
2024-09-13T17:17:13.139 INFO:teuthology.orchestra.run.smithi044.stdout:/usr/bin/ceph: stderr
2024-09-13T17:17:11.923+0000 7f76cb5c8640 1 --2- >> [v2:172.21.15.44:3300/0,v1:172.21.15.44:6789/0] conn(0x7f76c41060b0 0x7f76c4199540 unknown :-1 s=NONE pgs=0 cs=0 l=1 rev1=0 crypto rx=0 tx=0 comp rx=0 tx=0).connect
2024-09-13T17:17:13.139 INFO:teuthology.orchestra.run.smithi044.stdout:/usr/bin/ceph: stderr
2024-09-13T17:17:11.923+0000 7f76cb5c8640 1 -- --> [v2:172.21.15.44:3300/0,v1:172.21.15.44:6789/0] -- mon_getmap magic: 0 v1 -- 0x7f76c4199a80 con 0x7f76c41060b0
2024-09-13T17:17:13.140 INFO:teuthology.orchestra.run.smithi044.stdout:/usr/bin/ceph: stderr
2024-09-13T17:17:11.923+0000 7f76c9364640 1 --2- >> [v2:172.21.15.44:3300/0,v1:172.21.15.44:6789/0] conn(0x7f76c41060b0 0x7f76c4199540 unknown :-1 s=BANNER_CONNECTING pgs=0 cs=0 l=1 rev1=0 crypto rx=0 tx=0 comp rx=0 tx=0)._handle_peer_banner_payload supported=3 required=0
2024-09-13T17:17:13.140 INFO:teuthology.orchestra.run.smithi044.stdout:/usr/bin/ceph: stderr
2024-09-13T17:17:11.923+0000 7f76c9364640 1 --2- >> [v2:172.21.15.44:3300/0,v1:172.21.15.44:6789/0] conn(0x7f76c41060b0 0x7f76c4199540 unknown :-1 s=HELLO_CONNECTING pgs=0 cs=0 l=1 rev1=1 crypto rx=0 tx=0 comp rx=0 tx=0).handle_hello peer v2:172.21.15.44:3300/0 says I am v2:172.21.15.44:59662/0 (socket says 172.21.15.44:59662)
2024-09-13T17:17:13.140 INFO:teuthology.orchestra.run.smithi044.stdout:/usr/bin/ceph: stderr
2024-09-13T17:17:11.923+0000 7f76c9364640 1 -- 172.21.15.44:0/893398424 learned_addr learned my addr 172.21.15.44:0/893398424 (peer_addr_for_me v2:172.21.15.44:0/0)
2024-09-13T17:17:13.140 INFO:teuthology.orchestra.run.smithi044.stdout:/usr/bin/ceph: stderr
2024-09-13T17:17:11.924+0000 7f76c9364640 1 -- 172.21.15.44:0/893398424 --> [v2:172.21.15.44:3300/0,v1:172.21.15.44:6789/0] -- mon_subscribe({config=0+,monmap=0+}) v3 -- 0x7f76c00094d0 con 0x7f76c41060b0
2024-09-13T17:17:13.140 INFO:teuthology.orchestra.run.smithi044.stdout:/usr/bin/ceph: stderr
2024-09-13T17:17:11.924+0000 7f76c9364640 1 --2- 172.21.15.44:0/893398424 >> [v2:172.21.15.44:3300/0,v1:172.21.15.44:6789/0] conn(0x7f76c41060b0 0x7f76c4199540 secure :-1 s=READY pgs=21 cs=0 l=1 rev1=1 crypto rx=0x7f76c00097f0 tx=0x7f76c0030d40 comp rx=0 tx=0).ready entity=mon.0 client_cookie=0 server_cookie=0 in_seq=0 out_seq=0
2024-09-13T17:17:13.140 INFO:teuthology.orchestra.run.smithi044.stdout:/usr/bin/ceph: stderr
2024-09-13T17:17:11.924+0000 7f76b67fc640 1 -- 172.21.15.44:0/893398424 <== mon.0 v2:172.21.15.44:3300/0 1 ==== mon_map magic: 0 v1 ==== 205+0+0 (secure 0 0 0) 0x7f76c0032c30 con 0x7f76c41060b0
2024-09-13T17:17:13.140 INFO:teuthology.orchestra.run.smithi044.stdout:/usr/bin/ceph: stderr
2024-09-13T17:17:11.924+0000 7f76b67fc640 1 -- 172.21.15.44:0/893398424 <== mon.0 v2:172.21.15.44:3300/0 2 ==== config(25 keys) v1 ==== 1036+0+0 (secure 0 0 0) 0x7f76c0032d90 con 0x7f76c41060b0
2024-09-13T17:17:13.140 INFO:teuthology.orchestra.run.smithi044.stdout:/usr/bin/ceph: stderr
2024-09-13T17:17:11.924+0000 7f76cb5c8640 1 -- 172.21.15.44:0/893398424 --> [v2:172.21.15.44:3300/0,v1:172.21.15.44:6789/0] -- mon_subscribe({mgrmap=0+}) v3 -- 0x7f76c4199c80 con 0x7f76c41060b0
2024-09-13T17:17:13.140 INFO:teuthology.orchestra.run.smithi044.stdout:/usr/bin/ceph: stderr
2024-09-13T17:17:11.924+0000 7f76b67fc640 1 -- 172.21.15.44:0/893398424 <== mon.0 v2:172.21.15.44:3300/0 3 ==== mon_map magic: 0 v1 ==== 205+0+0 (secure 0 0 0) 0x7f76c003a5b0 con 0x7f76c41060b0
2024-09-13T17:17:13.140 INFO:teuthology.orchestra.run.smithi044.stdout:/usr/bin/ceph: stderr
2024-09-13T17:17:11.924+0000 7f76cb5c8640 1 -- 172.21.15.44:0/893398424 --> [v2:172.21.15.44:3300/0,v1:172.21.15.44:6789/0] -- mon_subscribe({osdmap=0}) v3 -- 0x7f76c419a120 con 0x7f76c41060b0
2024-09-13T17:17:13.140 INFO:teuthology.orchestra.run.smithi044.stdout:/usr/bin/ceph: stderr
2024-09-13T17:17:11.925+0000 7f76b67fc640 1 -- 172.21.15.44:0/893398424 <== mon.0 v2:172.21.15.44:3300/0 4 ==== mgrmap(e 4) v1 ==== 45530+0+0 (secure 0 0 0) 0x7f76c0039040 con 0x7f76c41060b0
2024-09-13T17:17:13.140 INFO:teuthology.orchestra.run.smithi044.stdout:/usr/bin/ceph: stderr
2024-09-13T17:17:11.925+0000 7f76b67fc640 1 --2- 172.21.15.44:0/893398424 >> [v2:172.21.15.44:6800/3711196986,v1:172.21.15.44:6801/3711196986] conn(0x7f76b00386e0 0x7f76b003aba0 unknown :-1 s=NONE pgs=0 cs=0 l=1 rev1=0 crypto rx=0 tx=0 comp rx=0 tx=0).connect
2024-09-13T17:17:13.140 INFO:teuthology.orchestra.run.smithi044.stdout:/usr/bin/ceph: stderr
2024-09-13T17:17:11.925+0000 7f76cb5c8640 1 -- 172.21.15.44:0/893398424 --> [v2:172.21.15.44:3300/0,v1:172.21.15.44:6789/0] -- mon_command({"prefix": "get_command_descriptions"} v 0) v1 -- 0x7f76c4073df0 con 0x7f76c41060b0
2024-09-13T17:17:13.140 INFO:teuthology.orchestra.run.smithi044.stdout:/usr/bin/ceph: stderr
2024-09-13T17:17:11.925+0000 7f76b67fc640 1 -- 172.21.15.44:0/893398424 <== mon.0 v2:172.21.15.44:3300/0 5 ==== osd_map(1..1 src has 1..1) v4 ==== 725+0+0 (secure 0 0 0) 0x7f76c006b600 con 0x7f76c41060b0
2024-09-13T17:17:13.141 INFO:teuthology.orchestra.run.smithi044.stdout:/usr/bin/ceph: stderr
2024-09-13T17:17:11.925+0000 7f76c8b63640 1 --2- 172.21.15.44:0/893398424 >> [v2:172.21.15.44:6800/3711196986,v1:172.21.15.44:6801/3711196986] conn(0x7f76b00386e0 0x7f76b003aba0 unknown :-1 s=BANNER_CONNECTING pgs=0 cs=0 l=1 rev1=0 crypto rx=0 tx=0 comp rx=0 tx=0)._handle_peer_banner_payload supported=3 required=0
2024-09-13T17:17:13.141 INFO:teuthology.orchestra.run.smithi044.stdout:/usr/bin/ceph: stderr
2024-09-13T17:17:11.926+0000 7f76c8b63640 1 --2- 172.21.15.44:0/893398424 >> [v2:172.21.15.44:6800/3711196986,v1:172.21.15.44:6801/3711196986] conn(0x7f76b00386e0 0x7f76b003aba0 secure :-1 s=READY pgs=8 cs=0 l=1 rev1=1 crypto rx=0x7f76b80098c0 tx=0x7f76b8006db0 comp rx=0 tx=0).ready entity=mgr.14100 client_cookie=0 server_cookie=0 in_seq=0 out_seq=0
2024-09-13T17:17:13.141 INFO:teuthology.orchestra.run.smithi044.stdout:/usr/bin/ceph: stderr
2024-09-13T17:17:11.930+0000 7f76b67fc640 1 -- 172.21.15.44:0/893398424 <== mon.0 v2:172.21.15.44:3300/0 6 ==== mon_command_ack([{"prefix": "get_command_descriptions"}]=0 v0) v1 ==== 72+0+183819 (secure 0 0 0) 0x7f76c003f070 con 0x7f76c41060b0
2024-09-13T17:17:13.141 INFO:teuthology.orchestra.run.smithi044.stdout:/usr/bin/ceph: stderr
2024-09-13T17:17:12.149+0000 7f76cb5c8640 1 -- 172.21.15.44:0/893398424 --> [v2:172.21.15.44:3300/0,v1:172.21.15.44:6789/0] -- mon_command({"prefix": "mgr module enable", "module": "cephadm"} v 0) v1 -- 0x7f76c41097a0 con 0x7f76c41060b0
2024-09-13T17:17:13.141 INFO:teuthology.orchestra.run.smithi044.stdout:/usr/bin/ceph: stderr
2024-09-13T17:17:12.571+0000 7f76b67fc640 1 -- 172.21.15.44:0/893398424 <== mon.0 v2:172.21.15.44:3300/0 7 ==== mgrmap(e 5) v1 ==== 45541+0+0 (secure 0 0 0) 0x7f76c00313a0 con 0x7f76c41060b0
2024-09-13T17:17:13.141 INFO:teuthology.orchestra.run.smithi044.stdout:/usr/bin/ceph: stderr
2024-09-13T17:17:12.572+0000 7f76b67fc640 1 -- 172.21.15.44:0/893398424 <== mon.0 v2:172.21.15.44:3300/0 8 ==== mon_command_ack([{"prefix": "mgr module enable", "module": "cephadm"}]=0 v5) v1 ==== 86+0+0 (secure 0 0 0) 0x7f76c005a2b0 con 0x7f76c41060b0
2024-09-13T17:17:13.141 INFO:teuthology.orchestra.run.smithi044.stdout:/usr/bin/ceph: stderr
2024-09-13T17:17:12.575+0000 7f76cb5c8640 1 -- 172.21.15.44:0/893398424 >> [v2:172.21.15.44:6800/3711196986,v1:172.21.15.44:6801/3711196986] conn(0x7f76b00386e0 msgr2=0x7f76b003aba0 secure :-1 s=STATE_CONNECTION_ESTABLISHED l=1).mark_down
2024-09-13T17:17:13.141 INFO:teuthology.orchestra.run.smithi044.stdout:/usr/bin/ceph: stderr
