2024-09-13T17:17:18.610+0000 7f4692957640 1 -- 172.21.15.44:0/1419575156 shutdown_connections
2024-09-13T17:17:19.242 INFO:teuthology.orchestra.run.smithi044.stdout:/usr/bin/ceph: stderr
2024-09-13T17:17:18.610+0000 7f4692957640 1 -- 172.21.15.44:0/1419575156 wait complete.
2024-09-13T17:17:19.242 INFO:teuthology.orchestra.run.smithi044.stdout:mgr epoch 5 is available
2024-09-13T17:17:19.242 INFO:teuthology.orchestra.run.smithi044.stdout:Setting orchestrator backend to cephadm...
2024-09-13T17:17:19.772 INFO:journalctl@ceph.mon.a.smithi044.stdout:Sep 13 17:17:19 smithi044 ceph-mon[31175]: from='client.14122 -' entity='client.admin' cmd=[{"prefix": "get_command_descriptions"}]: dispatch
2024-09-13T17:17:19.773 INFO:journalctl@ceph.mon.a.smithi044.stdout:Sep 13 17:17:19 smithi044 ceph-mon[31175]: mgrmap e7: x(active, since 1.00511s)
2024-09-13T17:17:19.773 INFO:journalctl@ceph.mon.a.smithi044.stdout:Sep 13 17:17:19 smithi044 ceph-mon[31175]: from='client.14122 -' entity='client.admin' cmd=[{"prefix": "mgr_status"}]: dispatch
2024-09-13T17:17:19.773 INFO:journalctl@ceph.mon.a.smithi044.stdout:Sep 13 17:17:19 smithi044 ceph-mon[31175]: from='mgr.14118 172.21.15.44:0/1938676771' entity='mgr.x'
2024-09-13T17:17:19.773 INFO:journalctl@ceph.mon.a.smithi044.stdout:Sep 13 17:17:19 smithi044 ceph-mon[31175]: from='mgr.14118 172.21.15.44:0/1938676771' entity='mgr.x'
2024-09-13T17:17:20.382 INFO:teuthology.orchestra.run.smithi044.stdout:/usr/bin/ceph: stderr
2024-09-13T17:17:19.575+0000 7fc346227640 1 Processor -- start
2024-09-13T17:17:20.382 INFO:teuthology.orchestra.run.smithi044.stdout:/usr/bin/ceph: stderr
2024-09-13T17:17:19.575+0000 7fc346227640 1 -- start start
2024-09-13T17:17:20.383 INFO:teuthology.orchestra.run.smithi044.stdout:/usr/bin/ceph: stderr
2024-09-13T17:17:19.575+0000 7fc346227640 1 --2- >> [v2:172.21.15.44:3300/0,v1:172.21.15.44:6789/0] conn(0x7fc340103f20 0x7fc340104320 unknown :-1 s=NONE pgs=0 cs=0 l=0 rev1=0 crypto rx=0 tx=0 comp rx=0 tx=0).connect
2024-09-13T17:17:20.383 INFO:teuthology.orchestra.run.smithi044.stdout:/usr/bin/ceph: stderr
2024-09-13T17:17:19.575+0000 7fc346227640 1 -- --> [v2:172.21.15.44:3300/0,v1:172.21.15.44:6789/0] -- mon_getmap magic: 0 v1 -- 0x7fc340079e50 con 0x7fc340103f20
2024-09-13T17:17:20.383 INFO:teuthology.orchestra.run.smithi044.stdout:/usr/bin/ceph: stderr
2024-09-13T17:17:19.575+0000 7fc33f7fe640 1 --2- >> [v2:172.21.15.44:3300/0,v1:172.21.15.44:6789/0] conn(0x7fc340103f20 0x7fc340104320 unknown :-1 s=BANNER_CONNECTING pgs=0 cs=0 l=0 rev1=0 crypto rx=0 tx=0 comp rx=0 tx=0)._handle_peer_banner_payload supported=3 required=0
2024-09-13T17:17:20.383 INFO:teuthology.orchestra.run.smithi044.stdout:/usr/bin/ceph: stderr
2024-09-13T17:17:19.575+0000 7fc33f7fe640 1 --2- >> [v2:172.21.15.44:3300/0,v1:172.21.15.44:6789/0] conn(0x7fc340103f20 0x7fc340104320 unknown :-1 s=HELLO_CONNECTING pgs=0 cs=0 l=0 rev1=1 crypto rx=0 tx=0 comp rx=0 tx=0).handle_hello peer v2:172.21.15.44:3300/0 says I am v2:172.21.15.44:45590/0 (socket says 172.21.15.44:45590)
2024-09-13T17:17:20.383 INFO:teuthology.orchestra.run.smithi044.stdout:/usr/bin/ceph: stderr
2024-09-13T17:17:19.575+0000 7fc33f7fe640 1 -- 172.21.15.44:0/4240425888 learned_addr learned my addr 172.21.15.44:0/4240425888 (peer_addr_for_me v2:172.21.15.44:0/0)
2024-09-13T17:17:20.383 INFO:teuthology.orchestra.run.smithi044.stdout:/usr/bin/ceph: stderr
2024-09-13T17:17:19.575+0000 7fc33f7fe640 1 -- 172.21.15.44:0/4240425888 --> [v2:172.21.15.44:3300/0,v1:172.21.15.44:6789/0] -- mon_subscribe({config=0+,monmap=0+}) v3 -- 0x7fc340104860 con 0x7fc340103f20
2024-09-13T17:17:20.383 INFO:teuthology.orchestra.run.smithi044.stdout:/usr/bin/ceph: stderr
2024-09-13T17:17:19.576+0000 7fc33f7fe640 1 --2- 172.21.15.44:0/4240425888 >> [v2:172.21.15.44:3300/0,v1:172.21.15.44:6789/0] conn(0x7fc340103f20 0x7fc340104320 secure :-1 s=READY pgs=35 cs=0 l=1 rev1=1 crypto rx=0x7fc330009820 tx=0x7fc33002a270 comp rx=0 tx=0).ready entity=mon.0 client_cookie=f081983cd6610178 server_cookie=0 in_seq=0 out_seq=0
2024-09-13T17:17:20.383 INFO:teuthology.orchestra.run.smithi044.stdout:/usr/bin/ceph: stderr
2024-09-13T17:17:19.576+0000 7fc33e7fc640 1 -- 172.21.15.44:0/4240425888 <== mon.0 v2:172.21.15.44:3300/0 1 ==== mon_map magic: 0 v1 ==== 205+0+0 (secure 0 0 0) 0x7fc33002ae70 con 0x7fc340103f20
2024-09-13T17:17:20.383 INFO:teuthology.orchestra.run.smithi044.stdout:/usr/bin/ceph: stderr
2024-09-13T17:17:19.576+0000 7fc33e7fc640 1 -- 172.21.15.44:0/4240425888 <== mon.0 v2:172.21.15.44:3300/0 2 ==== config(25 keys) v1 ==== 1036+0+0 (secure 0 0 0) 0x7fc3300328b0 con 0x7fc340103f20
2024-09-13T17:17:20.383 INFO:teuthology.orchestra.run.smithi044.stdout:/usr/bin/ceph: stderr
2024-09-13T17:17:19.576+0000 7fc33e7fc640 1 -- 172.21.15.44:0/4240425888 <== mon.0 v2:172.21.15.44:3300/0 3 ==== mon_map magic: 0 v1 ==== 205+0+0 (secure 0 0 0) 0x7fc330030850 con 0x7fc340103f20
2024-09-13T17:17:20.383 INFO:teuthology.orchestra.run.smithi044.stdout:/usr/bin/ceph: stderr
2024-09-13T17:17:19.577+0000 7fc346227640 1 -- 172.21.15.44:0/4240425888 >> [v2:172.21.15.44:3300/0,v1:172.21.15.44:6789/0] conn(0x7fc340103f20 msgr2=0x7fc340104320 secure :-1 s=STATE_CONNECTION_ESTABLISHED l=1).mark_down
2024-09-13T17:17:20.383 INFO:teuthology.orchestra.run.smithi044.stdout:/usr/bin/ceph: stderr
2024-09-13T17:17:19.577+0000 7fc346227640 1 --2- 172.21.15.44:0/4240425888 >> [v2:172.21.15.44:3300/0,v1:172.21.15.44:6789/0] conn(0x7fc340103f20 0x7fc340104320 secure :-1 s=READY pgs=35 cs=0 l=1 rev1=1 crypto rx=0x7fc330009820 tx=0x7fc33002a270 comp rx=0 tx=0).stop
2024-09-13T17:17:20.383 INFO:teuthology.orchestra.run.smithi044.stdout:/usr/bin/ceph: stderr
2024-09-13T17:17:19.577+0000 7fc346227640 1 -- 172.21.15.44:0/4240425888 shutdown_connections
2024-09-13T17:17:20.384 INFO:teuthology.orchestra.run.smithi044.stdout:/usr/bin/ceph: stderr
2024-09-13T17:17:19.577+0000 7fc346227640 1 --2- 172.21.15.44:0/4240425888 >> [v2:172.21.15.44:3300/0,v1:172.21.15.44:6789/0] conn(0x7fc340103f20 0x7fc340104320 unknown :-1 s=CLOSED pgs=35 cs=0 l=1 rev1=1 crypto rx=0 tx=0 comp rx=0 tx=0).stop
2024-09-13T17:17:20.384 INFO:teuthology.orchestra.run.smithi044.stdout:/usr/bin/ceph: stderr
2024-09-13T17:17:19.577+0000 7fc346227640 1 -- 172.21.15.44:0/4240425888 >> 172.21.15.44:0/4240425888 conn(0x7fc3400ffcf0 msgr2=0x7fc340102110 unknown :-1 s=STATE_NONE l=0).mark_down
2024-09-13T17:17:20.384 INFO:teuthology.orchestra.run.smithi044.stdout:/usr/bin/ceph: stderr
2024-09-13T17:17:19.577+0000 7fc346227640 1 -- 172.21.15.44:0/4240425888 shutdown_connections
2024-09-13T17:17:20.384 INFO:teuthology.orchestra.run.smithi044.stdout:/usr/bin/ceph: stderr
2024-09-13T17:17:19.577+0000 7fc346227640 1 -- 172.21.15.44:0/4240425888 wait complete.
2024-09-13T17:17:20.384 INFO:teuthology.orchestra.run.smithi044.stdout:/usr/bin/ceph: stderr
2024-09-13T17:17:19.577+0000 7fc346227640 1 Processor -- start
2024-09-13T17:17:20.384 INFO:teuthology.orchestra.run.smithi044.stdout:/usr/bin/ceph: stderr
2024-09-13T17:17:19.578+0000 7fc346227640 1 -- start start
2024-09-13T17:17:20.384 INFO:teuthology.orchestra.run.smithi044.stdout:/usr/bin/ceph: stderr
2024-09-13T17:17:19.578+0000 7fc346227640 1 --2- >> [v2:172.21.15.44:3300/0,v1:172.21.15.44:6789/0] conn(0x7fc340103f20 0x7fc34019b760 unknown :-1 s=NONE pgs=0 cs=0 l=1 rev1=0 crypto rx=0 tx=0 comp rx=0 tx=0).connect
2024-09-13T17:17:20.384 INFO:teuthology.orchestra.run.smithi044.stdout:/usr/bin/ceph: stderr
2024-09-13T17:17:19.578+0000 7fc346227640 1 -- --> [v2:172.21.15.44:3300/0,v1:172.21.15.44:6789/0] -- mon_getmap magic: 0 v1 -- 0x7fc34019bca0 con 0x7fc340103f20
2024-09-13T17:17:20.384 INFO:teuthology.orchestra.run.smithi044.stdout:/usr/bin/ceph: stderr
2024-09-13T17:17:19.578+0000 7fc33f7fe640 1 --2- >> [v2:172.21.15.44:3300/0,v1:172.21.15.44:6789/0] conn(0x7fc340103f20 0x7fc34019b760 unknown :-1 s=BANNER_CONNECTING pgs=0 cs=0 l=1 rev1=0 crypto rx=0 tx=0 comp rx=0 tx=0)._handle_peer_banner_payload supported=3 required=0
2024-09-13T17:17:20.384 INFO:teuthology.orchestra.run.smithi044.stdout:/usr/bin/ceph: stderr
2024-09-13T17:17:19.578+0000 7fc33f7fe640 1 --2- >> [v2:172.21.15.44:3300/0,v1:172.21.15.44:6789/0] conn(0x7fc340103f20 0x7fc34019b760 unknown :-1 s=HELLO_CONNECTING pgs=0 cs=0 l=1 rev1=1 crypto rx=0 tx=0 comp rx=0 tx=0).handle_hello peer v2:172.21.15.44:3300/0 says I am v2:172.21.15.44:45602/0 (socket says 172.21.15.44:45602)
2024-09-13T17:17:20.384 INFO:teuthology.orchestra.run.smithi044.stdout:/usr/bin/ceph: stderr
2024-09-13T17:17:19.578+0000 7fc33f7fe640 1 -- 172.21.15.44:0/2843222383 learned_addr learned my addr 172.21.15.44:0/2843222383 (peer_addr_for_me v2:172.21.15.44:0/0)
2024-09-13T17:17:20.384 INFO:teuthology.orchestra.run.smithi044.stdout:/usr/bin/ceph: stderr
2024-09-13T17:17:19.578+0000 7fc33f7fe640 1 -- 172.21.15.44:0/2843222383 --> [v2:172.21.15.44:3300/0,v1:172.21.15.44:6789/0] -- mon_subscribe({config=0+,monmap=0+}) v3 -- 0x7fc3300094d0 con 0x7fc340103f20
2024-09-13T17:17:20.384 INFO:teuthology.orchestra.run.smithi044.stdout:/usr/bin/ceph: stderr
2024-09-13T17:17:19.578+0000 7fc33f7fe640 1 --2- 172.21.15.44:0/2843222383 >> [v2:172.21.15.44:3300/0,v1:172.21.15.44:6789/0] conn(0x7fc340103f20 0x7fc34019b760 secure :-1 s=READY pgs=36 cs=0 l=1 rev1=1 crypto rx=0x7fc3300097f0 tx=0x7fc330030d40 comp rx=0 tx=0).ready entity=mon.0 client_cookie=0 server_cookie=0 in_seq=0 out_seq=0
2024-09-13T17:17:20.385 INFO:teuthology.orchestra.run.smithi044.stdout:/usr/bin/ceph: stderr
2024-09-13T17:17:19.579+0000 7fc33cff9640 1 -- 172.21.15.44:0/2843222383 <== mon.0 v2:172.21.15.44:3300/0 1 ==== mon_map magic: 0 v1 ==== 205+0+0 (secure 0 0 0) 0x7fc330032c30 con 0x7fc340103f20
2024-09-13T17:17:20.385 INFO:teuthology.orchestra.run.smithi044.stdout:/usr/bin/ceph: stderr
2024-09-13T17:17:19.579+0000 7fc33cff9640 1 -- 172.21.15.44:0/2843222383 <== mon.0 v2:172.21.15.44:3300/0 2 ==== config(25 keys) v1 ==== 1036+0+0 (secure 0 0 0) 0x7fc330032d90 con 0x7fc340103f20
2024-09-13T17:17:20.385 INFO:teuthology.orchestra.run.smithi044.stdout:/usr/bin/ceph: stderr
2024-09-13T17:17:19.579+0000 7fc346227640 1 -- 172.21.15.44:0/2843222383 --> [v2:172.21.15.44:3300/0,v1:172.21.15.44:6789/0] -- mon_subscribe({mgrmap=0+}) v3 -- 0x7fc34019bea0 con 0x7fc340103f20
2024-09-13T17:17:20.385 INFO:teuthology.orchestra.run.smithi044.stdout:/usr/bin/ceph: stderr
2024-09-13T17:17:19.579+0000 7fc33cff9640 1 -- 172.21.15.44:0/2843222383 <== mon.0 v2:172.21.15.44:3300/0 3 ==== mon_map magic: 0 v1 ==== 205+0+0 (secure 0 0 0) 0x7fc33003a5b0 con 0x7fc340103f20
2024-09-13T17:17:20.385 INFO:teuthology.orchestra.run.smithi044.stdout:/usr/bin/ceph: stderr
2024-09-13T17:17:19.579+0000 7fc346227640 1 -- 172.21.15.44:0/2843222383 --> [v2:172.21.15.44:3300/0,v1:172.21.15.44:6789/0] -- mon_subscribe({osdmap=0}) v3 -- 0x7fc34019c340 con 0x7fc340103f20
2024-09-13T17:17:20.385 INFO:teuthology.orchestra.run.smithi044.stdout:/usr/bin/ceph: stderr
2024-09-13T17:17:19.580+0000 7fc33cff9640 1 -- 172.21.15.44:0/2843222383 <== mon.0 v2:172.21.15.44:3300/0 4 ==== mgrmap(e 7) v1 ==== 45435+0+0 (secure 0 0 0) 0x7fc330039040 con 0x7fc340103f20
2024-09-13T17:17:20.385 INFO:teuthology.orchestra.run.smithi044.stdout:/usr/bin/ceph: stderr
2024-09-13T17:17:19.580+0000 7fc346227640 1 -- 172.21.15.44:0/2843222383 --> [v2:172.21.15.44:3300/0,v1:172.21.15.44:6789/0] -- mon_command({"prefix": "get_command_descriptions"} v 0) v1 -- 0x7fc3401951c0 con 0x7fc340103f20
2024-09-13T17:17:20.385 INFO:teuthology.orchestra.run.smithi044.stdout:/usr/bin/ceph: stderr
2024-09-13T17:17:19.580+0000 7fc33cff9640 1 --2- 172.21.15.44:0/2843222383 >> [v2:172.21.15.44:6800/2265862199,v1:172.21.15.44:6801/2265862199] conn(0x7fc3280385c0 0x7fc32803aa80 unknown :-1 s=NONE pgs=0 cs=0 l=1 rev1=0 crypto rx=0 tx=0 comp rx=0 tx=0).connect
2024-09-13T17:17:20.385 INFO:teuthology.orchestra.run.smithi044.stdout:/usr/bin/ceph: stderr
2024-09-13T17:17:19.580+0000 7fc33cff9640 1 -- 172.21.15.44:0/2843222383 <== mon.0 v2:172.21.15.44:3300/0 5 ==== osd_map(2..2 src has 1..2) v4 ==== 940+0+0 (secure 0 0 0) 0x7fc33006b850 con 0x7fc340103f20
2024-09-13T17:17:20.385 INFO:teuthology.orchestra.run.smithi044.stdout:/usr/bin/ceph: stderr
2024-09-13T17:17:19.580+0000 7fc33effd640 1 --2- 172.21.15.44:0/2843222383 >> [v2:172.21.15.44:6800/2265862199,v1:172.21.15.44:6801/2265862199] conn(0x7fc3280385c0 0x7fc32803aa80 unknown :-1 s=BANNER_CONNECTING pgs=0 cs=0 l=1 rev1=0 crypto rx=0 tx=0 comp rx=0 tx=0)._handle_peer_banner_payload supported=3 required=0
2024-09-13T17:17:20.385 INFO:teuthology.orchestra.run.smithi044.stdout:/usr/bin/ceph: stderr
2024-09-13T17:17:19.581+0000 7fc33effd640 1 --2- 172.21.15.44:0/2843222383 >> [v2:172.21.15.44:6800/2265862199,v1:172.21.15.44:6801/2265862199] conn(0x7fc3280385c0 0x7fc32803aa80 secure :-1 s=READY pgs=7 cs=0 l=1 rev1=1 crypto rx=0x7fc3340098c0 tx=0x7fc334006db0 comp rx=0 tx=0).ready entity=mgr.14118 client_cookie=0 server_cookie=0 in_seq=0 out_seq=0
2024-09-13T17:17:20.385 INFO:teuthology.orchestra.run.smithi044.stdout:/usr/bin/ceph: stderr
2024-09-13T17:17:19.585+0000 7fc33cff9640 1 -- 172.21.15.44:0/2843222383 <== mon.0 v2:172.21.15.44:3300/0 6 ==== mon_command_ack([{"prefix": "get_command_descriptions"}]=0 v0) v1 ==== 72+0+183819 (secure 0 0 0) 0x7fc33004b6c0 con 0x7fc340103f20
2024-09-13T17:17:20.385 INFO:teuthology.orchestra.run.smithi044.stdout:/usr/bin/ceph: stderr
2024-09-13T17:17:19.697+0000 7fc33cff9640 1 -- 172.21.15.44:0/2843222383 <== mon.0 v2:172.21.15.44:3300/0 7 ==== mgrmap(e 8) v1 ==== 45541+0+0 (secure 0 0 0) 0x7fc330044400 con 0x7fc340103f20
2024-09-13T17:17:20.386 INFO:teuthology.orchestra.run.smithi044.stdout:/usr/bin/ceph: stderr
2024-09-13T17:17:19.771+0000 7fc346227640 1 -- 172.21.15.44:0/2843222383 --> [v2:172.21.15.44:6800/2265862199,v1:172.21.15.44:6801/2265862199] -- mgr_command(tid 0: {"prefix": "orch set backend", "module_name": "cephadm", "target": ["mon-mgr", ""]}) v1 -- 0x7fc3400608f0 con 0x7fc3280385c0
2024-09-13T17:17:20.386 INFO:teuthology.orchestra.run.smithi044.stdout:/usr/bin/ceph: stderr
2024-09-13T17:17:19.780+0000 7fc33cff9640 1 -- 172.21.15.44:0/2843222383 <== mgr.14118 v2:172.21.15.44:6800/2265862199 1 ==== mgr_command_reply(tid 0: 0 ) v1 ==== 8+0+0 (secure 0 0 0) 0x7fc3400608f0 con 0x7fc3280385c0
2024-09-13T17:17:20.386 INFO:teuthology.orchestra.run.smithi044.stdout:/usr/bin/ceph: stderr
2024-09-13T17:17:19.782+0000 7fc346227640 1 -- 172.21.15.44:0/2843222383 >> [v2:172.21.15.44:6800/2265862199,v1:172.21.15.44:6801/2265862199] conn(0x7fc3280385c0 msgr2=0x7fc32803aa80 secure :-1 s=STATE_CONNECTION_ESTABLISHED l=1).mark_down
2024-09-13T17:17:20.386 INFO:teuthology.orchestra.run.smithi044.stdout:/usr/bin/ceph: stderr
2024-09-13T17:17:19.782+0000 7fc346227640 1 --2- 172.21.15.44:0/2843222383 >> [v2:172.21.15.44:6800/2265862199,v1:172.21.15.44:6801/2265862199] conn(0x7fc3280385c0 0x7fc32803aa80 secure :-1 s=READY pgs=7 cs=0 l=1 rev1=1 crypto rx=0x7fc3340098c0 tx=0x7fc334006db0 comp rx=0 tx=0).stop
2024-09-13T17:17:20.386 INFO:teuthology.orchestra.run.smithi044.stdout:/usr/bin/ceph: stderr
2024-09-13T17:17:19.782+0000 7fc346227640 1 -- 172.21.15.44:0/2843222383 >> [v2:172.21.15.44:3300/0,v1:172.21.15.44:6789/0] conn(0x7fc340103f20 msgr2=0x7fc34019b760 secure :-1 s=STATE_CONNECTION_ESTABLISHED l=1).mark_down
2024-09-13T17:17:20.386 INFO:teuthology.orchestra.run.smithi044.stdout:/usr/bin/ceph: stderr
2024-09-13T17:17:19.782+0000 7fc346227640 1 --2- 172.21.15.44:0/2843222383 >> [v2:172.21.15.44:3300/0,v1:172.21.15.44:6789/0] conn(0x7fc340103f20 0x7fc34019b760 secure :-1 s=READY pgs=36 cs=0 l=1 rev1=1 crypto rx=0x7fc3300097f0 tx=0x7fc330030d40 comp rx=0 tx=0).stop
2024-09-13T17:17:20.386 INFO:teuthology.orchestra.run.smithi044.stdout:/usr/bin/ceph: stderr
2024-09-13T17:17:19.782+0000 7fc346227640 1 -- 172.21.15.44:0/2843222383 shutdown_connections
2024-09-13T17:17:20.386 INFO:teuthology.orchestra.run.smithi044.stdout:/usr/bin/ceph: stderr
2024-09-13T17:17:19.782+0000 7fc346227640 1 --2- 172.21.15.44:0/2843222383 >> [v2:172.21.15.44:6800/2265862199,v1:172.21.15.44:6801/2265862199] conn(0x7fc3280385c0 0x7fc32803aa80 unknown :-1 s=CLOSED pgs=7 cs=0 l=1 rev1=1 crypto rx=0 tx=0 comp rx=0 tx=0).stop
2024-09-13T17:17:20.386 INFO:teuthology.orchestra.run.smithi044.stdout:/usr/bin/ceph: stderr
2024-09-13T17:17:19.782+0000 7fc346227640 1 --2- 172.21.15.44:0/2843222383 >> [v2:172.21.15.44:3300/0,v1:172.21.15.44:6789/0] conn(0x7fc340103f20 0x7fc34019b760 unknown :-1 s=CLOSED pgs=36 cs=0 l=1 rev1=1 crypto rx=0 tx=0 comp rx=0 tx=0).stop
2024-09-13T17:17:20.386 INFO:teuthology.orchestra.run.smithi044.stdout:/usr/bin/ceph: stderr
2024-09-13T17:17:19.782+0000 7fc346227640 1 -- 172.21.15.44:0/2843222383 >> 172.21.15.44:0/2843222383 conn(0x7fc3400ffcf0 msgr2=0x7fc340192390 unknown :-1 s=STATE_NONE l=0).mark_down
2024-09-13T17:17:20.386 INFO:teuthology.orchestra.run.smithi044.stdout:/usr/bin/ceph: stderr
2024-09-13T17:17:19.782+0000 7fc346227640 1 -- 172.21.15.44:0/2843222383 shutdown_connections
2024-09-13T17:17:20.386 INFO:teuthology.orchestra.run.smithi044.stdout:/usr/bin/ceph: stderr
2024-09-13T17:17:19.782+0000 7fc346227640 1 -- 172.21.15.44:0/2843222383 wait complete.
2024-09-13T17:17:20.697 INFO:journalctl@ceph.mgr.x.smithi044.stdout:Sep 13 17:17:20 smithi044 ceph-ce020790-71f3-11ef-bceb-c7b262605968-mgr-x[31404]:
2024-09-13T17:17:20.448+0000 7f0adeb77640 -1 log_channel(cephadm) log [ERR] : [13/Sep/2024:17:17:20] ENGINE Error in HTTPServer.serve
2024-09-13T17:17:20.698 INFO:journalctl@ceph.mgr.x.smithi044.stdout:Sep 13 17:17:20 smithi044 ceph-ce020790-71f3-11ef-bceb-c7b262605968-mgr-x[31404]: Traceback (most recent call last):
2024-09-13T17:17:20.698 INFO:journalctl@ceph.mgr.x.smithi044.stdout:Sep 13 17:17:20 smithi044 ceph-ce020790-71f3-11ef-bceb-c7b262605968-mgr-x[31404]: File "/lib/python3.9/site-packages/cheroot/server.py", line 1823, in serve
2024-09-13T17:17:20.698 INFO:journalctl@ceph.mgr.x.smithi044.stdout:Sep 13 17:17:20 smithi044 ceph-ce020790-71f3-11ef-bceb-c7b262605968-mgr-x[31404]: self._connections.run(self.expiration_interval)
2024-09-13T17:17:20.698 INFO:journalctl@ceph.mgr.x.smithi044.stdout:Sep 13 17:17:20 smithi044 ceph-ce020790-71f3-11ef-bceb-c7b262605968-mgr-x[31404]: File "/lib/python3.9/site-packages/cheroot/connections.py", line 203, in run
2024-09-13T17:17:20.698 INFO:journalctl@ceph.mgr.x.smithi044.stdout:Sep 13 17:17:20 smithi044 ceph-ce020790-71f3-11ef-bceb-c7b262605968-mgr-x[31404]: self._run(expiration_interval)
2024-09-13T17:17:20.698 INFO:journalctl@ceph.mgr.x.smithi044.stdout:Sep 13 17:17:20 smithi044 ceph-ce020790-71f3-11ef-bceb-c7b262605968-mgr-x[31404]: File "/lib/python3.9/site-packages/cheroot/connections.py", line 246, in _run
2024-09-13T17:17:20.698 INFO:journalctl@ceph.mgr.x.smithi044.stdout:Sep 13 17:17:20 smithi044 ceph-ce020790-71f3-11ef-bceb-c7b262605968-mgr-x[31404]: new_conn = self._from_server_socket(self.server.socket)
2024-09-13T17:17:20.698 INFO:journalctl@ceph.mgr.x.smithi044.stdout:Sep 13 17:17:20 smithi044 ceph-ce020790-71f3-11ef-bceb-c7b262605968-mgr-x[31404]: File "/lib/python3.9/site-packages/cheroot/connections.py", line 300, in _from_server_socket
2024-09-13T17:17:20.698 INFO:journalctl@ceph.mgr.x.smithi044.stdout:Sep 13 17:17:20 smithi044 ceph-ce020790-71f3-11ef-bceb-c7b262605968-mgr-x[31404]: s, ssl_env = self.server.ssl_adapter.wrap(s)
2024-09-13T17:17:20.698 INFO:journalctl@ceph.mgr.x.smithi044.stdout:Sep 13 17:17:20 smithi044 ceph-ce020790-71f3-11ef-bceb-c7b262605968-mgr-x[31404]: File "/lib/python3.9/site-packages/cheroot/ssl/builtin.py", line 277, in wrap
2024-09-13T17:17:20.698 INFO:journalctl@ceph.mgr.x.smithi044.stdout:Sep 13 17:17:20 smithi044 ceph-ce020790-71f3-11ef-bceb-c7b262605968-mgr-x[31404]: s = self.context.wrap_socket(
2024-09-13T17:17:20.698 INFO:journalctl@ceph.mgr.x.smithi044.stdout:Sep 13 17:17:20 smithi044 ceph-ce020790-71f3-11ef-bceb-c7b262605968-mgr-x[31404]: File "/lib64/python3.9/ssl.py", line 501, in wrap_socket
2024-09-13T17:17:20.699 INFO:journalctl@ceph.mgr.x.smithi044.stdout:Sep 13 17:17:20 smithi044 ceph-ce020790-71f3-11ef-bceb-c7b262605968-mgr-x[31404]: return self.sslsocket_class._create(
2024-09-13T17:17:20.699 INFO:journalctl@ceph.mgr.x.smithi044.stdout:Sep 13 17:17:20 smithi044 ceph-ce020790-71f3-11ef-bceb-c7b262605968-mgr-x[31404]: File "/lib64/python3.9/ssl.py", line 1074, in _create
2024-09-13T17:17:20.699 INFO:journalctl@ceph.mgr.x.smithi044.stdout:Sep 13 17:17:20 smithi044 ceph-ce020790-71f3-11ef-bceb-c7b262605968-mgr-x[31404]: self.do_handshake()
2024-09-13T17:17:20.699 INFO:journalctl@ceph.mgr.x.smithi044.stdout:Sep 13 17:17:20 smithi044 ceph-ce020790-71f3-11ef-bceb-c7b262605968-mgr-x[31404]: File "/lib64/python3.9/ssl.py", line 1343, in do_handshake
2024-09-13T17:17:20.699 INFO:journalctl@ceph.mgr.x.smithi044.stdout:Sep 13 17:17:20 smithi044 ceph-ce020790-71f3-11ef-bceb-c7b262605968-mgr-x[31404]: self._sslobj.do_handshake()
2024-09-13T17:17:20.699 INFO:journalctl@ceph.mgr.x.smithi044.stdout:Sep 13 17:17:20 smithi044 ceph-ce020790-71f3-11ef-bceb-c7b262605968-mgr-x[31404]: ssl.SSLZeroReturnError: TLS/SSL connection has been closed (EOF) (_ssl.c:1133)
2024-09-13T17:17:20.699 INFO:journalctl@ceph.mgr.x.smithi044.stdout:Sep 13 17:17:20 smithi044 ceph-ce020790-71f3-11ef-bceb-c7b262605968-mgr-x[31404]:
2024-09-13T17:17:20.964 INFO:journalctl@ceph.mon.a.smithi044.stdout:Sep 13 17:17:20 smithi044 ceph-mon[31175]: mgrmap e8: x(active, since 2s)
2024-09-13T17:17:20.964 INFO:journalctl@ceph.mon.a.smithi044.stdout:Sep 13 17:17:20 smithi044 ceph-mon[31175]: from='client.14130 -' entity='client.admin' cmd=[{"prefix": "orch set backend", "module_name": "cephadm", "target": ["mon-mgr", ""]}]: dispatch
2024-09-13T17:17:20.964 INFO:journalctl@ceph.mon.a.smithi044.stdout:Sep 13 17:17:20 smithi044 ceph-mon[31175]: from='mgr.14118 172.21.15.44:0/1938676771' entity='mgr.x'
2024-09-13T17:17:20.964 INFO:journalctl@ceph.mon.a.smithi044.stdout:Sep 13 17:17:20 smithi044 ceph-mon[31175]: from='mgr.14118 172.21.15.44:0/1938676771' entity='mgr.x' cmd=[{"prefix": "config dump", "format": "json"}]: dispatch
2024-09-13T17:17:20.964 INFO:journalctl@ceph.mon.a.smithi044.stdout:Sep 13 17:17:20 smithi044 ceph-mon[31175]: [13/Sep/2024:17:17:20] ENGINE Bus STARTING
2024-09-13T17:17:20.964 INFO:journalctl@ceph.mon.a.smithi044.stdout:Sep 13 17:17:20 smithi044 ceph-mon[31175]: [13/Sep/2024:17:17:20] ENGINE Serving on https://172.21.15.44:7150
2024-09-13T17:17:20.964 INFO:journalctl@ceph.mon.a.smithi044.stdout:Sep 13 17:17:20 smithi044 ceph-mon[31175]: [13/Sep/2024:17:17:20] ENGINE Error in HTTPServer.serve
2024-09-13T17:17:20.964 INFO:journalctl@ceph.mon.a.smithi044.stdout: Traceback (most recent call last):
2024-09-13T17:17:20.964 INFO:journalctl@ceph.mon.a.smithi044.stdout: File "/lib/python3.9/site-packages/cheroot/server.py", line 1823, in serve
2024-09-13T17:17:20.964 INFO:journalctl@ceph.mon.a.smithi044.stdout: self._connections.run(self.expiration_interval)
2024-09-13T17:17:20.964 INFO:journalctl@ceph.mon.a.smithi044.stdout: File "/lib/python3.9/site-packages/cheroot/connections.py", line 203, in run
2024-09-13T17:17:20.964 INFO:journalctl@ceph.mon.a.smithi044.stdout: self._run(expiration_interval)
2024-09-13T17:17:20.965 INFO:journalctl@ceph.mon.a.smithi044.stdout: File "/lib/python3.9/site-packages/cheroot/connections.py", line 246, in _run
2024-09-13T17:17:20.965 INFO:journalctl@ceph.mon.a.smithi044.stdout: new_conn = self._from_server_socket(self.server.socket)
2024-09-13T17:17:20.965 INFO:journalctl@ceph.mon.a.smithi044.stdout: File "/lib/python3.9/site-packages/cheroot/connections.py", line 300, in _from_server_socket
2024-09-13T17:17:20.965 INFO:journalctl@ceph.mon.a.smithi044.stdout: s, ssl_env = self.server.ssl_adapter.wrap(s)
2024-09-13T17:17:20.965 INFO:journalctl@ceph.mon.a.smithi044.stdout: File "/lib/python3.9/site-packages/cheroot/ssl/builtin.py", line 277, in wrap
2024-09-13T17:17:20.965 INFO:journalctl@ceph.mon.a.smithi044.stdout: s = self.context.wrap_socket(
2024-09-13T17:17:20.965 INFO:journalctl@ceph.mon.a.smithi044.stdout: File "/lib64/python3.9/ssl.py", line 501, in wrap_socket
2024-09-13T17:17:20.965 INFO:journalctl@ceph.mon.a.smithi044.stdout: return self.sslsocket_class._create(
2024-09-13T17:17:20.965 INFO:journalctl@ceph.mon.a.smithi044.stdout: File "/lib64/python3.9/ssl.py", line 1074, in _create
2024-09-13T17:17:20.965 INFO:journalctl@ceph.mon.a.smithi044.stdout: self.do_handshake()
2024-09-13T17:17:20.965 INFO:journalctl@ceph.mon.a.smithi044.stdout: File "/lib64/python3.9/ssl.py", line 1343, in do_handshake
2024-09-13T17:17:20.965 INFO:journalctl@ceph.mon.a.smithi044.stdout: self._sslobj.do_handshake()
2024-09-13T17:17:20.966 INFO:journalctl@ceph.mon.a.smithi044.stdout: ssl.SSLZeroReturnError: TLS/SSL connection has been closed (EOF) (_ssl.c:1133)
2024-09-13T17:17:20.966 INFO:journalctl@ceph.mon.a.smithi044.stdout:Sep 13 17:17:20 smithi044 ceph-mon[31175]: [13/Sep/2024:17:17:20] ENGINE Serving on http://172.21.15.44:8765
2024-09-13T17:17:20.966 INFO:journalctl@ceph.mon.a.smithi044.stdout:Sep 13 17:17:20 smithi044 ceph-mon[31175]: [13/Sep/2024:17:17:20] ENGINE Bus STARTED
2024-09-13T17:17:20.966 INFO:journalctl@ceph.mon.a.smithi044.stdout:Sep 13 17:17:20 smithi044 ceph-mon[31175]: from='mgr.14118 172.21.15.44:0/1938676771' entity='mgr.x' cmd=[{"prefix": "config dump", "format": "json"}]: dispatch
2024-09-13T17:17:21.558 INFO:teuthology.orchestra.run.smithi044.stdout:/usr/bin/ceph: stdout value unchanged
2024-09-13T17:17:21.558 INFO:teuthology.orchestra.run.smithi044.stdout:/usr/bin/ceph: stderr
2024-09-13T17:17:20.781+0000 7fec26366640 1 Processor -- start
2024-09-13T17:17:21.559 INFO:teuthology.orchestra.run.smithi044.stdout:/usr/bin/ceph: stderr
2024-09-13T17:17:20.781+0000 7fec26366640 1 -- start start
2024-09-13T17:17:21.559 INFO:teuthology.orchestra.run.smithi044.stdout:/usr/bin/ceph: stderr
2024-09-13T17:17:20.781+0000 7fec26366640 1 --2- >> [v2:172.21.15.44:3300/0,v1:172.21.15.44:6789/0] conn(0x7fec20104540 0x7fec20104940 unknown :-1 s=NONE pgs=0 cs=0 l=0 rev1=0 crypto rx=0 tx=0 comp rx=0 tx=0).connect
2024-09-13T17:17:21.559 INFO:teuthology.orchestra.run.smithi044.stdout:/usr/bin/ceph: stderr
2024-09-13T17:17:20.781+0000 7fec26366640 1 -- --> [v2:172.21.15.44:3300/0,v1:172.21.15.44:6789/0] -- mon_getmap magic: 0 v1 -- 0x7fec20104f10 con 0x7fec20104540
2024-09-13T17:17:21.559 INFO:teuthology.orchestra.run.smithi044.stdout:/usr/bin/ceph: stderr
2024-09-13T17:17:20.781+0000 7fec1ffff640 1 --2- >> [v2:172.21.15.44:3300/0,v1:172.21.15.44:6789/0] conn(0x7fec20104540 0x7fec20104940 unknown :-1 s=BANNER_CONNECTING pgs=0 cs=0 l=0 rev1=0 crypto rx=0 tx=0 comp rx=0 tx=0)._handle_peer_banner_payload supported=3 required=0
2024-09-13T17:17:21.559 INFO:teuthology.orchestra.run.smithi044.stdout:/usr/bin/ceph: stderr
2024-09-13T17:17:20.781+0000 7fec1ffff640 1 --2- >> [v2:172.21.15.44:3300/0,v1:172.21.15.44:6789/0] conn(0x7fec20104540 0x7fec20104940 unknown :-1 s=HELLO_CONNECTING pgs=0 cs=0 l=0 rev1=1 crypto rx=0 tx=0 comp rx=0 tx=0).handle_hello peer v2:172.21.15.44:3300/0 says I am v2:172.21.15.44:45610/0 (socket says 172.21.15.44:45610)
2024-09-13T17:17:21.559 INFO:teuthology.orchestra.run.smithi044.stdout:/usr/bin/ceph: stderr
2024-09-13T17:17:20.781+0000 7fec1ffff640 1 -- 172.21.15.44:0/3156856311 learned_addr learned my addr 172.21.15.44:0/3156856311 (peer_addr_for_me v2:172.21.15.44:0/0)
2024-09-13T17:17:21.559 INFO:teuthology.orchestra.run.smithi044.stdout:/usr/bin/ceph: stderr
2024-09-13T17:17:20.782+0000 7fec1ffff640 1 -- 172.21.15.44:0/3156856311 --> [v2:172.21.15.44:3300/0,v1:172.21.15.44:6789/0] -- mon_subscribe({config=0+,monmap=0+}) v3 -- 0x7fec20105740 con 0x7fec20104540
2024-09-13T17:17:21.559 INFO:teuthology.orchestra.run.smithi044.stdout:/usr/bin/ceph: stderr
2024-09-13T17:17:20.782+0000 7fec1ffff640 1 --2- 172.21.15.44:0/3156856311 >> [v2:172.21.15.44:3300/0,v1:172.21.15.44:6789/0] conn(0x7fec20104540 0x7fec20104940 secure :-1 s=READY pgs=37 cs=0 l=1 rev1=1 crypto rx=0x7fec1000bac0 tx=0x7fec1002c920 comp rx=0 tx=0).ready entity=mon.0 client_cookie=b3145b25ae894e38 server_cookie=0 in_seq=0 out_seq=0
2024-09-13T17:17:21.559 INFO:teuthology.orchestra.run.smithi044.stdout:/usr/bin/ceph: stderr
2024-09-13T17:17:20.783+0000 7fec1effd640 1 -- 172.21.15.44:0/3156856311 <== mon.0 v2:172.21.15.44:3300/0 1 ==== mon_map magic: 0 v1 ==== 205+0+0 (secure 0 0 0) 0x7fec1002f070 con 0x7fec20104540
2024-09-13T17:17:21.559 INFO:teuthology.orchestra.run.smithi044.stdout:/usr/bin/ceph: stderr
2024-09-13T17:17:20.783+0000 7fec1effd640 1 -- 172.21.15.44:0/3156856311 <== mon.0 v2:172.21.15.44:3300/0 2 ==== config(25 keys) v1 ==== 1036+0+0 (secure 0 0 0) 0x7fec10032b40 con 0x7fec20104540
2024-09-13T17:17:21.559 INFO:teuthology.orchestra.run.smithi044.stdout:/usr/bin/ceph: stderr
2024-09-13T17:17:20.783+0000 7fec1effd640 1 -- 172.21.15.44:0/3156856311 <== mon.0 v2:172.21.15.44:3300/0 3 ==== mon_map magic: 0 v1 ==== 205+0+0 (secure 0 0 0) 0x7fec10033ba0 con 0x7fec20104540
2024-09-13T17:17:21.559 INFO:teuthology.orchestra.run.smithi044.stdout:/usr/bin/ceph: stderr
2024-09-13T17:17:20.783+0000 7fec26366640 1 -- 172.21.15.44:0/3156856311 >> [v2:172.21.15.44:3300/0,v1:172.21.15.44:6789/0] conn(0x7fec20104540 msgr2=0x7fec20104940 secure :-1 s=STATE_CONNECTION_ESTABLISHED l=1).mark_down
2024-09-13T17:17:21.560 INFO:teuthology.orchestra.run.smithi044.stdout:/usr/bin/ceph: stderr
2024-09-13T17:17:20.783+0000 7fec26366640 1 --2- 172.21.15.44:0/3156856311 >> [v2:172.21.15.44:3300/0,v1:172.21.15.44:6789/0] conn(0x7fec20104540 0x7fec20104940 secure :-1 s=READY pgs=37 cs=0 l=1 rev1=1 crypto rx=0x7fec1000bac0 tx=0x7fec1002c920 comp rx=0 tx=0).stop
2024-09-13T17:17:21.560 INFO:teuthology.orchestra.run.smithi044.stdout:/usr/bin/ceph: stderr
2024-09-13T17:17:20.783+0000 7fec26366640 1 -- 172.21.15.44:0/3156856311 shutdown_connections
2024-09-13T17:17:21.560 INFO:teuthology.orchestra.run.smithi044.stdout:/usr/bin/ceph: stderr
2024-09-13T17:17:20.783+0000 7fec26366640 1 --2- 172.21.15.44:0/3156856311 >> [v2:172.21.15.44:3300/0,v1:172.21.15.44:6789/0] conn(0x7fec20104540 0x7fec20104940 unknown :-1 s=CLOSED pgs=37 cs=0 l=1 rev1=1 crypto rx=0 tx=0 comp rx=0 tx=0).stop
2024-09-13T17:17:21.560 INFO:teuthology.orchestra.run.smithi044.stdout:/usr/bin/ceph: stderr
2024-09-13T17:17:20.783+0000 7fec26366640 1 -- 172.21.15.44:0/3156856311 >> 172.21.15.44:0/3156856311 conn(0x7fec200ffcf0 msgr2=0x7fec20102110 unknown :-1 s=STATE_NONE l=0).mark_down
2024-09-13T17:17:21.560 INFO:teuthology.orchestra.run.smithi044.stdout:/usr/bin/ceph: stderr
2024-09-13T17:17:20.783+0000 7fec26366640 1 -- 172.21.15.44:0/3156856311 shutdown_connections
2024-09-13T17:17:21.560 INFO:teuthology.orchestra.run.smithi044.stdout:/usr/bin/ceph: stderr
2024-09-13T17:17:20.783+0000 7fec26366640 1 -- 172.21.15.44:0/3156856311 wait complete.
2024-09-13T17:17:21.560 INFO:teuthology.orchestra.run.smithi044.stdout:/usr/bin/ceph: stderr
2024-09-13T17:17:20.784+0000 7fec26366640 1 Processor -- start
2024-09-13T17:17:21.560 INFO:teuthology.orchestra.run.smithi044.stdout:/usr/bin/ceph: stderr
2024-09-13T17:17:20.784+0000 7fec26366640 1 -- start start
2024-09-13T17:17:21.560 INFO:teuthology.orchestra.run.smithi044.stdout:/usr/bin/ceph: stderr
2024-09-13T17:17:20.784+0000 7fec26366640 1 --2- >> [v2:172.21.15.44:3300/0,v1:172.21.15.44:6789/0] conn(0x7fec20104540 0x7fec201973c0 unknown :-1 s=NONE pgs=0 cs=0 l=1 rev1=0 crypto rx=0 tx=0 comp rx=0 tx=0).connect
2024-09-13T17:17:21.560 INFO:teuthology.orchestra.run.smithi044.stdout:/usr/bin/ceph: stderr
2024-09-13T17:17:20.784+0000 7fec26366640 1 -- --> [v2:172.21.15.44:3300/0,v1:172.21.15.44:6789/0] -- mon_getmap magic: 0 v1 -- 0x7fec20197900 con 0x7fec20104540
2024-09-13T17:17:21.560 INFO:teuthology.orchestra.run.smithi044.stdout:/usr/bin/ceph: stderr
2024-09-13T17:17:20.784+0000 7fec1ffff640 1 --2- >> [v2:172.21.15.44:3300/0,v1:172.21.15.44:6789/0] conn(0x7fec20104540 0x7fec201973c0 unknown :-1 s=BANNER_CONNECTING pgs=0 cs=0 l=1 rev1=0 crypto rx=0 tx=0 comp rx=0 tx=0)._handle_peer_banner_payload supported=3 required=0
2024-09-13T17:17:21.560 INFO:teuthology.orchestra.run.smithi044.stdout:/usr/bin/ceph: stderr
2024-09-13T17:17:20.784+0000 7fec1ffff640 1 --2- >> [v2:172.21.15.44:3300/0,v1:172.21.15.44:6789/0] conn(0x7fec20104540 0x7fec201973c0 unknown :-1 s=HELLO_CONNECTING pgs=0 cs=0 l=1 rev1=1 crypto rx=0 tx=0 comp rx=0 tx=0).handle_hello peer v2:172.21.15.44:3300/0 says I am v2:172.21.15.44:45618/0 (socket says 172.21.15.44:45618)
2024-09-13T17:17:21.561 INFO:teuthology.orchestra.run.smithi044.stdout:/usr/bin/ceph: stderr
2024-09-13T17:17:20.784+0000 7fec1ffff640 1 -- 172.21.15.44:0/1470855523 learned_addr learned my addr 172.21.15.44:0/1470855523 (peer_addr_for_me v2:172.21.15.44:0/0)
2024-09-13T17:17:21.561 INFO:teuthology.orchestra.run.smithi044.stdout:/usr/bin/ceph: stderr
2024-09-13T17:17:20.784+0000 7fec1ffff640 1 -- 172.21.15.44:0/1470855523 --> [v2:172.21.15.44:3300/0,v1:172.21.15.44:6789/0] -- mon_subscribe({config=0+,monmap=0+}) v3 -- 0x7fec1000b770 con 0x7fec20104540
2024-09-13T17:17:21.561 INFO:teuthology.orchestra.run.smithi044.stdout:/usr/bin/ceph: stderr
2024-09-13T17:17:20.785+0000 7fec1ffff640 1 --2- 172.21.15.44:0/1470855523 >> [v2:172.21.15.44:3300/0,v1:172.21.15.44:6789/0] conn(0x7fec20104540 0x7fec201973c0 secure :-1 s=READY pgs=38 cs=0 l=1 rev1=1 crypto rx=0x7fec1000bbe0 tx=0x7fec100327d0 comp rx=0 tx=0).ready entity=mon.0 client_cookie=0 server_cookie=0 in_seq=0 out_seq=0
2024-09-13T17:17:21.561 INFO:teuthology.orchestra.run.smithi044.stdout:/usr/bin/ceph: stderr
2024-09-13T17:17:20.785+0000 7fec1d7fa640 1 -- 172.21.15.44:0/1470855523 <== mon.0 v2:172.21.15.44:3300/0 1 ==== mon_map magic: 0 v1 ==== 205+0+0 (secure 0 0 0) 0x7fec1003c600 con 0x7fec20104540
2024-09-13T17:17:21.561 INFO:teuthology.orchestra.run.smithi044.stdout:/usr/bin/ceph: stderr
2024-09-13T17:17:20.785+0000 7fec1d7fa640 1 -- 172.21.15.44:0/1470855523 <== mon.0 v2:172.21.15.44:3300/0 2 ==== config(25 keys) v1 ==== 1036+0+0 (secure 0 0 0) 0x7fec1003cbd0 con 0x7fec20104540
2024-09-13T17:17:21.561 INFO:teuthology.orchestra.run.smithi044.stdout:/usr/bin/ceph: stderr
2024-09-13T17:17:20.785+0000 7fec26366640 1 -- 172.21.15.44:0/1470855523 --> [v2:172.21.15.44:3300/0,v1:172.21.15.44:6789/0] -- mon_subscribe({mgrmap=0+}) v3 -- 0x7fec20197b00 con 0x7fec20104540
2024-09-13T17:17:21.561 INFO:teuthology.orchestra.run.smithi044.stdout:/usr/bin/ceph: stderr
2024-09-13T17:17:20.785+0000 7fec1d7fa640 1 -- 172.21.15.44:0/1470855523 <== mon.0 v2:172.21.15.44:3300/0 3 ==== mon_map magic: 0 v1 ==== 205+0+0 (secure 0 0 0) 0x7fec1003b9f0 con 0x7fec20104540
2024-09-13T17:17:21.561 INFO:teuthology.orchestra.run.smithi044.stdout:/usr/bin/ceph: stderr
2024-09-13T17:17:20.785+0000 7fec26366640 1 -- 172.21.15.44:0/1470855523 --> [v2:172.21.15.44:3300/0,v1:172.21.15.44:6789/0] -- mon_subscribe({osdmap=0}) v3 -- 0x7fec20198000 con 0x7fec20104540
2024-09-13T17:17:21.561 INFO:teuthology.orchestra.run.smithi044.stdout:/usr/bin/ceph: stderr
2024-09-13T17:17:20.786+0000 7fec1d7fa640 1 -- 172.21.15.44:0/1470855523 <== mon.0 v2:172.21.15.44:3300/0 4 ==== mgrmap(e 8) v1 ==== 45541+0+0 (secure 0 0 0) 0x7fec1003bb50 con 0x7fec20104540
2024-09-13T17:17:21.561 INFO:teuthology.orchestra.run.smithi044.stdout:/usr/bin/ceph: stderr
2024-09-13T17:17:20.786+0000 7fec26366640 1 -- 172.21.15.44:0/1470855523 --> [v2:172.21.15.44:3300/0,v1:172.21.15.44:6789/0] -- mon_command({"prefix": "get_command_descriptions"} v 0) v1 -- 0x7fec20078ff0 con 0x7fec20104540
2024-09-13T17:17:21.561 INFO:teuthology.orchestra.run.smithi044.stdout:/usr/bin/ceph: stderr
2024-09-13T17:17:20.786+0000 7fec1d7fa640 1 --2- 172.21.15.44:0/1470855523 >> [v2:172.21.15.44:6800/2265862199,v1:172.21.15.44:6801/2265862199] conn(0x7fec08038730 0x7fec0803abf0 unknown :-1 s=NONE pgs=0 cs=0 l=1 rev1=0 crypto rx=0 tx=0 comp rx=0 tx=0).connect
2024-09-13T17:17:21.561 INFO:teuthology.orchestra.run.smithi044.stdout:/usr/bin/ceph: stderr
2024-09-13T17:17:20.786+0000 7fec1d7fa640 1 -- 172.21.15.44:0/1470855523 <== mon.0 v2:172.21.15.44:3300/0 5 ==== osd_map(2..2 src has 1..2) v4 ==== 940+0+0 (secure 0 0 0) 0x7fec1006ea80 con 0x7fec20104540
2024-09-13T17:17:21.562 INFO:teuthology.orchestra.run.smithi044.stdout:/usr/bin/ceph: stderr
2024-09-13T17:17:20.786+0000 7fec1f7fe640 1 --2- 172.21.15.44:0/1470855523 >> [v2:172.21.15.44:6800/2265862199,v1:172.21.15.44:6801/2265862199] conn(0x7fec08038730 0x7fec0803abf0 unknown :-1 s=BANNER_CONNECTING pgs=0 cs=0 l=1 rev1=0 crypto rx=0 tx=0 comp rx=0 tx=0)._handle_peer_banner_payload supported=3 required=0
2024-09-13T17:17:21.562 INFO:teuthology.orchestra.run.smithi044.stdout:/usr/bin/ceph: stderr
2024-09-13T17:17:20.787+0000 7fec1f7fe640 1 --2- 172.21.15.44:0/1470855523 >> [v2:172.21.15.44:6800/2265862199,v1:172.21.15.44:6801/2265862199] conn(0x7fec08038730 0x7fec0803abf0 secure :-1 s=READY pgs=8 cs=0 l=1 rev1=1 crypto rx=0x7fec140098c0 tx=0x7fec14006db0 comp rx=0 tx=0).ready entity=mgr.14118 client_cookie=0 server_cookie=0 in_seq=0 out_seq=0
2024-09-13T17:17:21.562 INFO:teuthology.orchestra.run.smithi044.stdout:/usr/bin/ceph: stderr
2024-09-13T17:17:20.791+0000 7fec1d7fa640 1 -- 172.21.15.44:0/1470855523 <== mon.0 v2:172.21.15.44:3300/0 6 ==== mon_command_ack([{"prefix": "get_command_descriptions"}]=0 v0) v1 ==== 72+0+183819 (secure 0 0 0) 0x7fec1004fce0 con 0x7fec20104540
2024-09-13T17:17:21.562 INFO:teuthology.orchestra.run.smithi044.stdout:/usr/bin/ceph: stderr
2024-09-13T17:17:20.962+0000 7fec26366640 1 -- 172.21.15.44:0/1470855523 --> [v2:172.21.15.44:6800/2265862199,v1:172.21.15.44:6801/2265862199] -- mgr_command(tid 0: {"prefix": "cephadm set-user", "user": "root", "target": ["mon-mgr", ""]}) v1 -- 0x7fec200608f0 con 0x7fec08038730
2024-09-13T17:17:21.562 INFO:teuthology.orchestra.run.smithi044.stdout:/usr/bin/ceph: stderr
2024-09-13T17:17:20.963+0000 7fec1d7fa640 1 -- 172.21.15.44:0/1470855523 <== mgr.14118 v2:172.21.15.44:6800/2265862199 1 ==== mgr_command_reply(tid 0: 0 ) v1 ==== 8+0+16 (secure 0 0 0) 0x7fec200608f0 con 0x7fec08038730
2024-09-13T17:17:21.562 INFO:teuthology.orchestra.run.smithi044.stdout:/usr/bin/ceph: stderr
2024-09-13T17:17:20.965+0000 7fec26366640 1 -- 172.21.15.44:0/1470855523 >> [v2:172.21.15.44:6800/2265862199,v1:172.21.15.44:6801/2265862199] conn(0x7fec08038730 msgr2=0x7fec0803abf0 secure :-1 s=STATE_CONNECTION_ESTABLISHED l=1).mark_down
2024-09-13T17:17:21.562 INFO:teuthology.orchestra.run.smithi044.stdout:/usr/bin/ceph: stderr
2024-09-13T17:17:20.965+0000 7fec26366640 1 --2- 172.21.15.44:0/1470855523 >> [v2:172.21.15.44:6800/2265862199,v1:172.21.15.44:6801/2265862199] conn(0x7fec08038730 0x7fec0803abf0 secure :-1 s=READY pgs=8 cs=0 l=1 rev1=1 crypto rx=0x7fec140098c0 tx=0x7fec14006db0 comp rx=0 tx=0).stop
2024-09-13T17:17:21.562 INFO:teuthology.orchestra.run.smithi044.stdout:/usr/bin/ceph: stderr
2024-09-13T17:17:20.965+0000 7fec26366640 1 -- 172.21.15.44:0/1470855523 >> [v2:172.21.15.44:3300/0,v1:172.21.15.44:6789/0] conn(0x7fec20104540 msgr2=0x7fec201973c0 secure :-1 s=STATE_CONNECTION_ESTABLISHED l=1).mark_down
2024-09-13T17:17:21.562 INFO:teuthology.orchestra.run.smithi044.stdout:/usr/bin/ceph: stderr
2024-09-13T17:17:20.965+0000 7fec26366640 1 --2- 172.21.15.44:0/1470855523 >> [v2:172.21.15.44:3300/0,v1:172.21.15.44:6789/0] conn(0x7fec20104540 0x7fec201973c0 secure :-1 s=READY pgs=38 cs=0 l=1 rev1=1 crypto rx=0x7fec1000bbe0 tx=0x7fec100327d0 comp rx=0 tx=0).stop
2024-09-13T17:17:21.562 INFO:teuthology.orchestra.run.smithi044.stdout:/usr/bin/ceph: stderr
2024-09-13T17:17:20.965+0000 7fec26366640 1 -- 172.21.15.44:0/1470855523 shutdown_connections
2024-09-13T17:17:21.562 INFO:teuthology.orchestra.run.smithi044.stdout:/usr/bin/ceph: stderr
2024-09-13T17:17:20.965+0000 7fec26366640 1 --2- 172.21.15.44:0/1470855523 >> [v2:172.21.15.44:6800/2265862199,v1:172.21.15.44:6801/2265862199] conn(0x7fec08038730 0x7fec0803abf0 unknown :-1 s=CLOSED pgs=8 cs=0 l=1 rev1=1 crypto rx=0 tx=0 comp rx=0 tx=0).stop
2024-09-13T17:17:21.562 INFO:teuthology.orchestra.run.smithi044.stdout:/usr/bin/ceph: stderr
2024-09-13T17:17:20.965+0000 7fec26366640 1 --2- 172.21.15.44:0/1470855523 >> [v2:172.21.15.44:3300/0,v1:172.21.15.44:6789/0] conn(0x7fec20104540 0x7fec201973c0 unknown :-1 s=CLOSED pgs=38 cs=0 l=1 rev1=1 crypto rx=0 tx=0 comp rx=0 tx=0).stop
2024-09-13T17:17:21.562 INFO:teuthology.orchestra.run.smithi044.stdout:/usr/bin/ceph: stderr
2024-09-13T17:17:20.965+0000 7fec26366640 1 -- 172.21.15.44:0/1470855523 >> 172.21.15.44:0/1470855523 conn(0x7fec200ffcf0 msgr2=0x7fec2018dbd0 unknown :-1 s=STATE_NONE l=0).mark_down
2024-09-13T17:17:21.563 INFO:teuthology.orchestra.run.smithi044.stdout:/usr/bin/ceph: stderr
2024-09-13T17:17:20.965+0000 7fec26366640 1 -- 172.21.15.44:0/1470855523 shutdown_connections
2024-09-13T17:17:21.563 INFO:teuthology.orchestra.run.smithi044.stdout:/usr/bin/ceph: stderr
2024-09-13T17:17:20.965+0000 7fec26366640 1 -- 172.21.15.44:0/1470855523 wait complete.
2024-09-13T17:17:21.563 INFO:teuthology.orchestra.run.smithi044.stdout:Generating ssh key...
2024-09-13T17:17:21.822 INFO:journalctl@ceph.mon.a.smithi044.stdout:Sep 13 17:17:21 smithi044 ceph-mon[31175]: from='client.14132 -' entity='client.admin' cmd=[{"prefix": "cephadm set-user", "user": "root", "target": ["mon-mgr", ""]}]: dispatch
2024-09-13T17:17:22.857 INFO:journalctl@ceph.mgr.x.smithi044.stdout:Sep 13 17:17:22 smithi044 ceph-ce020790-71f3-11ef-bceb-c7b262605968-mgr-x[31404]: Generating public/private rsa key pair.
2024-09-13T17:17:22.857 INFO:journalctl@ceph.mgr.x.smithi044.stdout:Sep 13 17:17:22 smithi044 ceph-ce020790-71f3-11ef-bceb-c7b262605968-mgr-x[31404]: Your identification has been saved in /tmp/tmpud26o0zf/key
2024-09-13T17:17:22.857 INFO:journalctl@ceph.mgr.x.smithi044.stdout:Sep 13 17:17:22 smithi044 ceph-ce020790-71f3-11ef-bceb-c7b262605968-mgr-x[31404]: Your public key has been saved in /tmp/tmpud26o0zf/key.pub
2024-09-13T17:17:22.857 INFO:journalctl@ceph.mgr.x.smithi044.stdout:Sep 13 17:17:22 smithi044 ceph-ce020790-71f3-11ef-bceb-c7b262605968-mgr-x[31404]: The key fingerprint is:
2024-09-13T17:17:22.857 INFO:journalctl@ceph.mgr.x.smithi044.stdout:Sep 13 17:17:22 smithi044 ceph-ce020790-71f3-11ef-bceb-c7b262605968-mgr-x[31404]: SHA256:ooJqqu6JzLovVCAQvnTMXhz1coz18Ars67Y77vYwfbg ceph-ce020790-71f3-11ef-bceb-c7b262605968
2024-09-13T17:17:22.857 INFO:journalctl@ceph.mgr.x.smithi044.stdout:Sep 13 17:17:22 smithi044 ceph-ce020790-71f3-11ef-bceb-c7b262605968-mgr-x[31404]: The key's randomart image is:
2024-09-13T17:17:22.857 INFO:journalctl@ceph.mgr.x.smithi044.stdout:Sep 13 17:17:22 smithi044 ceph-ce020790-71f3-11ef-bceb-c7b262605968-mgr-x[31404]: +---[RSA 3072]----+
2024-09-13T17:17:22.857 INFO:journalctl@ceph.mgr.x.smithi044.stdout:Sep 13 17:17:22 smithi044 ceph-ce020790-71f3-11ef-bceb-c7b262605968-mgr-x[31404]: |+. ... o |
2024-09-13T17:17:22.858 INFO:journalctl@ceph.mgr.x.smithi044.stdout:Sep 13 17:17:22 smithi044 ceph-ce020790-71f3-11ef-bceb-c7b262605968-mgr-x[31404]: |o.o . o = + |
2024-09-13T17:17:22.858 INFO:journalctl@ceph.mgr.x.smithi044.stdout:Sep 13 17:17:22 smithi044 ceph-ce020790-71f3-11ef-bceb-c7b262605968-mgr-x[31404]: |.o.+ o = + o |
2024-09-13T17:17:22.858 INFO:journalctl@ceph.mgr.x.smithi044.stdout:Sep 13 17:17:22 smithi044 ceph-ce020790-71f3-11ef-bceb-c7b262605968-mgr-x[31404]: |. +.. . + . |
2024-09-13T17:17:22.858 INFO:journalctl@ceph.mgr.x.smithi044.stdout:Sep 13 17:17:22 smithi044 ceph-ce020790-71f3-11ef-bceb-c7b262605968-mgr-x[31404]: | ... ..S. |
2024-09-13T17:17:22.858 INFO:journalctl@ceph.mgr.x.smithi044.stdout:Sep 13 17:17:22 smithi044 ceph-ce020790-71f3-11ef-bceb-c7b262605968-mgr-x[31404]: | o . .o . |
2024-09-13T17:17:22.858 INFO:journalctl@ceph.mgr.x.smithi044.stdout:Sep 13 17:17:22 smithi044 ceph-ce020790-71f3-11ef-bceb-c7b262605968-mgr-x[31404]: |o . . + o . |
2024-09-13T17:17:22.858 INFO:journalctl@ceph.mgr.x.smithi044.stdout:Sep 13 17:17:22 smithi044 ceph-ce020790-71f3-11ef-bceb-c7b262605968-mgr-x[31404]: |*... .+o o |
2024-09-13T17:17:22.858 INFO:journalctl@ceph.mgr.x.smithi044.stdout:Sep 13 17:17:22 smithi044 ceph-ce020790-71f3-11ef-bceb-c7b262605968-mgr-x[31404]: |#X. =*=E |
2024-09-13T17:17:22.858 INFO:journalctl@ceph.mgr.x.smithi044.stdout:Sep 13 17:17:22 smithi044 ceph-ce020790-71f3-11ef-bceb-c7b262605968-mgr-x[31404]: +----[SHA256]-----+
2024-09-13T17:17:23.130 INFO:teuthology.orchestra.run.smithi044.stdout:/usr/bin/ceph: stderr
2024-09-13T17:17:22.010+0000 7ff138f00640 1 Processor -- start
2024-09-13T17:17:23.130 INFO:teuthology.orchestra.run.smithi044.stdout:/usr/bin/ceph: stderr
2024-09-13T17:17:22.010+0000 7ff138f00640 1 -- start start
2024-09-13T17:17:23.130 INFO:teuthology.orchestra.run.smithi044.stdout:/usr/bin/ceph: stderr
2024-09-13T17:17:22.010+0000 7ff138f00640 1 --2- >> [v2:172.21.15.44:3300/0,v1:172.21.15.44:6789/0] conn(0x7ff134105640 0x7ff134105a40 unknown :-1 s=NONE pgs=0 cs=0 l=0 rev1=0 crypto rx=0 tx=0 comp rx=0 tx=0).connect
2024-09-13T17:17:23.130 INFO:teuthology.orchestra.run.smithi044.stdout:/usr/bin/ceph: stderr
2024-09-13T17:17:22.010+0000 7ff138f00640 1 -- --> [v2:172.21.15.44:3300/0,v1:172.21.15.44:6789/0] -- mon_getmap magic: 0 v1 -- 0x7ff134106010 con 0x7ff134105640
2024-09-13T17:17:23.130 INFO:teuthology.orchestra.run.smithi044.stdout:/usr/bin/ceph: stderr
2024-09-13T17:17:22.010+0000 7ff13259c640 1 --2- >> [v2:172.21.15.44:3300/0,v1:172.21.15.44:6789/0] conn(0x7ff134105640 0x7ff134105a40 unknown :-1 s=BANNER_CONNECTING pgs=0 cs=0 l=0 rev1=0 crypto rx=0 tx=0 comp rx=0 tx=0)._handle_peer_banner_payload supported=3 required=0
2024-09-13T17:17:23.130 INFO:teuthology.orchestra.run.smithi044.stdout:/usr/bin/ceph: stderr
2024-09-13T17:17:22.010+0000 7ff13259c640 1 --2- >> [v2:172.21.15.44:3300/0,v1:172.21.15.44:6789/0] conn(0x7ff134105640 0x7ff134105a40 unknown :-1 s=HELLO_CONNECTING pgs=0 cs=0 l=0 rev1=1 crypto rx=0 tx=0 comp rx=0 tx=0).handle_hello peer v2:172.21.15.44:3300/0 says I am v2:172.21.15.44:45632/0 (socket says 172.21.15.44:45632)
2024-09-13T17:17:23.130 INFO:teuthology.orchestra.run.smithi044.stdout:/usr/bin/ceph: stderr
2024-09-13T17:17:22.010+0000 7ff13259c640 1 -- 172.21.15.44:0/2599164621 learned_addr learned my addr 172.21.15.44:0/2599164621 (peer_addr_for_me v2:172.21.15.44:0/0)
2024-09-13T17:17:23.130 INFO:teuthology.orchestra.run.smithi044.stdout:/usr/bin/ceph: stderr
2024-09-13T17:17:22.011+0000 7ff13259c640 1 -- 172.21.15.44:0/2599164621 --> [v2:172.21.15.44:3300/0,v1:172.21.15.44:6789/0] -- mon_subscribe({config=0+,monmap=0+}) v3 -- 0x7ff134106840 con 0x7ff134105640
2024-09-13T17:17:23.130 INFO:teuthology.orchestra.run.smithi044.stdout:/usr/bin/ceph: stderr
2024-09-13T17:17:22.011+0000 7ff13259c640 1 --2- 172.21.15.44:0/2599164621 >> [v2:172.21.15.44:3300/0,v1:172.21.15.44:6789/0] conn(0x7ff134105640 0x7ff134105a40 secure :-1 s=READY pgs=39 cs=0 l=1 rev1=1 crypto rx=0x7ff124009820 tx=0x7ff12402a270 comp rx=0 tx=0).ready entity=mon.0 client_cookie=2e1364773e04a1f5 server_cookie=0 in_seq=0 out_seq=0
2024-09-13T17:17:23.131 INFO:teuthology.orchestra.run.smithi044.stdout:/usr/bin/ceph: stderr
2024-09-13T17:17:22.012+0000 7ff13159a640 1 -- 172.21.15.44:0/2599164621 <== mon.0 v2:172.21.15.44:3300/0 1 ==== mon_map magic: 0 v1 ==== 205+0+0 (secure 0 0 0) 0x7ff12402ae70 con 0x7ff134105640
2024-09-13T17:17:23.131 INFO:teuthology.orchestra.run.smithi044.stdout:/usr/bin/ceph: stderr
2024-09-13T17:17:22.012+0000 7ff13159a640 1 -- 172.21.15.44:0/2599164621 <== mon.0 v2:172.21.15.44:3300/0 2 ==== config(25 keys) v1 ==== 1036+0+0 (secure 0 0 0) 0x7ff1240328b0 con 0x7ff134105640
2024-09-13T17:17:23.131 INFO:teuthology.orchestra.run.smithi044.stdout:/usr/bin/ceph: stderr
2024-09-13T17:17:22.012+0000 7ff13159a640 1 -- 172.21.15.44:0/2599164621 <== mon.0 v2:172.21.15.44:3300/0 3 ==== mon_map magic: 0 v1 ==== 205+0+0 (secure 0 0 0) 0x7ff124030850 con 0x7ff134105640
2024-09-13T17:17:23.131 INFO:teuthology.orchestra.run.smithi044.stdout:/usr/bin/ceph: stderr
2024-09-13T17:17:22.012+0000 7ff138f00640 1 -- 172.21.15.44:0/2599164621 >> [v2:172.21.15.44:3300/0,v1:172.21.15.44:6789/0] conn(0x7ff134105640 msgr2=0x7ff134105a40 secure :-1 s=STATE_CONNECTION_ESTABLISHED l=1).mark_down
2024-09-13T17:17:23.131 INFO:teuthology.orchestra.run.smithi044.stdout:/usr/bin/ceph: stderr
2024-09-13T17:17:22.012+0000 7ff138f00640 1 --2- 172.21.15.44:0/2599164621 >> [v2:172.21.15.44:3300/0,v1:172.21.15.44:6789/0] conn(0x7ff134105640 0x7ff134105a40 secure :-1 s=READY pgs=39 cs=0 l=1 rev1=1 crypto rx=0x7ff124009820 tx=0x7ff12402a270 comp rx=0 tx=0).stop
2024-09-13T17:17:23.131 INFO:teuthology.orchestra.run.smithi044.stdout:/usr/bin/ceph: stderr
2024-09-13T17:17:22.012+0000 7ff138f00640 1 -- 172.21.15.44:0/2599164621 shutdown_connections
2024-09-13T17:17:23.131 INFO:teuthology.orchestra.run.smithi044.stdout:/usr/bin/ceph: stderr
2024-09-13T17:17:22.012+0000 7ff138f00640 1 --2- 172.21.15.44:0/2599164621 >> [v2:172.21.15.44:3300/0,v1:172.21.15.44:6789/0] conn(0x7ff134105640 0x7ff134105a40 unknown :-1 s=CLOSED pgs=39 cs=0 l=1 rev1=1 crypto rx=0 tx=0 comp rx=0 tx=0).stop
2024-09-13T17:17:23.131 INFO:teuthology.orchestra.run.smithi044.stdout:/usr/bin/ceph: stderr
2024-09-13T17:17:22.012+0000 7ff138f00640 1 -- 172.21.15.44:0/2599164621 >> 172.21.15.44:0/2599164621 conn(0x7ff134100df0 msgr2=0x7ff134103210 unknown :-1 s=STATE_NONE l=0).mark_down
2024-09-13T17:17:23.131 INFO:teuthology.orchestra.run.smithi044.stdout:/usr/bin/ceph: stderr
2024-09-13T17:17:22.012+0000 7ff138f00640 1 -- 172.21.15.44:0/2599164621 shutdown_connections
2024-09-13T17:17:23.131 INFO:teuthology.orchestra.run.smithi044.stdout:/usr/bin/ceph: stderr
2024-09-13T17:17:22.012+0000 7ff138f00640 1 -- 172.21.15.44:0/2599164621 wait complete.
2024-09-13T17:17:23.131 INFO:teuthology.orchestra.run.smithi044.stdout:/usr/bin/ceph: stderr
2024-09-13T17:17:22.013+0000 7ff138f00640 1 Processor -- start
2024-09-13T17:17:23.131 INFO:teuthology.orchestra.run.smithi044.stdout:/usr/bin/ceph: stderr
2024-09-13T17:17:22.013+0000 7ff138f00640 1 -- start start
