2024-09-13T17:17:44.871+0000 7f11e9ebb640 1 -- 172.21.15.44:0/4169334457 --> [v2:172.21.15.44:3300/0,v1:172.21.15.44:6789/0] -- mon_subscribe({config=0+,monmap=0+}) v3 -- 0x7f11e41089e0 con 0x7f11e41060b0
2024-09-13T17:17:46.019 INFO:teuthology.orchestra.run.smithi044.stdout:/usr/bin/ceph: stderr
2024-09-13T17:17:44.872+0000 7f11e9ebb640 1 --2- 172.21.15.44:0/4169334457 >> [v2:172.21.15.44:3300/0,v1:172.21.15.44:6789/0] conn(0x7f11e41060b0 0x7f11e41084a0 secure :-1 s=READY pgs=70 cs=0 l=1 rev1=1 crypto rx=0x7f11e0009820 tx=0x7f11e002a270 comp rx=0 tx=0).ready entity=mon.0 client_cookie=d1d5b567039d8c80 server_cookie=0 in_seq=0 out_seq=0
2024-09-13T17:17:46.019 INFO:teuthology.orchestra.run.smithi044.stdout:/usr/bin/ceph: stderr
2024-09-13T17:17:44.872+0000 7f11e8eb9640 1 -- 172.21.15.44:0/4169334457 <== mon.0 v2:172.21.15.44:3300/0 1 ==== mon_map magic: 0 v1 ==== 205+0+0 (secure 0 0 0) 0x7f11e002ae70 con 0x7f11e41060b0
2024-09-13T17:17:46.019 INFO:teuthology.orchestra.run.smithi044.stdout:/usr/bin/ceph: stderr
2024-09-13T17:17:44.872+0000 7f11e8eb9640 1 -- 172.21.15.44:0/4169334457 <== mon.0 v2:172.21.15.44:3300/0 2 ==== config(25 keys) v1 ==== 1067+0+0 (secure 0 0 0) 0x7f11e00328d0 con 0x7f11e41060b0
2024-09-13T17:17:46.019 INFO:teuthology.orchestra.run.smithi044.stdout:/usr/bin/ceph: stderr
2024-09-13T17:17:44.872+0000 7f11e8eb9640 1 -- 172.21.15.44:0/4169334457 <== mon.0 v2:172.21.15.44:3300/0 3 ==== mon_map magic: 0 v1 ==== 205+0+0 (secure 0 0 0) 0x7f11e00307a0 con 0x7f11e41060b0
2024-09-13T17:17:46.020 INFO:teuthology.orchestra.run.smithi044.stdout:/usr/bin/ceph: stderr
2024-09-13T17:17:44.873+0000 7f11ec11f640 1 -- 172.21.15.44:0/4169334457 >> [v2:172.21.15.44:3300/0,v1:172.21.15.44:6789/0] conn(0x7f11e41060b0 msgr2=0x7f11e41084a0 secure :-1 s=STATE_CONNECTION_ESTABLISHED l=1).mark_down
2024-09-13T17:17:46.020 INFO:teuthology.orchestra.run.smithi044.stdout:/usr/bin/ceph: stderr
2024-09-13T17:17:44.873+0000 7f11ec11f640 1 --2- 172.21.15.44:0/4169334457 >> [v2:172.21.15.44:3300/0,v1:172.21.15.44:6789/0] conn(0x7f11e41060b0 0x7f11e41084a0 secure :-1 s=READY pgs=70 cs=0 l=1 rev1=1 crypto rx=0x7f11e0009820 tx=0x7f11e002a270 comp rx=0 tx=0).stop
2024-09-13T17:17:46.020 INFO:teuthology.orchestra.run.smithi044.stdout:/usr/bin/ceph: stderr
2024-09-13T17:17:44.873+0000 7f11ec11f640 1 -- 172.21.15.44:0/4169334457 shutdown_connections
2024-09-13T17:17:46.020 INFO:teuthology.orchestra.run.smithi044.stdout:/usr/bin/ceph: stderr
2024-09-13T17:17:44.873+0000 7f11ec11f640 1 --2- 172.21.15.44:0/4169334457 >> [v2:172.21.15.44:3300/0,v1:172.21.15.44:6789/0] conn(0x7f11e41060b0 0x7f11e41084a0 unknown :-1 s=CLOSED pgs=70 cs=0 l=1 rev1=1 crypto rx=0 tx=0 comp rx=0 tx=0).stop
2024-09-13T17:17:46.020 INFO:teuthology.orchestra.run.smithi044.stdout:/usr/bin/ceph: stderr
2024-09-13T17:17:44.873+0000 7f11ec11f640 1 -- 172.21.15.44:0/4169334457 >> 172.21.15.44:0/4169334457 conn(0x7f11e40ffcf0 msgr2=0x7f11e4102110 unknown :-1 s=STATE_NONE l=0).mark_down
2024-09-13T17:17:46.020 INFO:teuthology.orchestra.run.smithi044.stdout:/usr/bin/ceph: stderr
2024-09-13T17:17:44.873+0000 7f11ec11f640 1 -- 172.21.15.44:0/4169334457 shutdown_connections
2024-09-13T17:17:46.020 INFO:teuthology.orchestra.run.smithi044.stdout:/usr/bin/ceph: stderr
2024-09-13T17:17:44.873+0000 7f11ec11f640 1 -- 172.21.15.44:0/4169334457 wait complete.
2024-09-13T17:17:46.020 INFO:teuthology.orchestra.run.smithi044.stdout:/usr/bin/ceph: stderr
2024-09-13T17:17:44.873+0000 7f11ec11f640 1 Processor -- start
2024-09-13T17:17:46.020 INFO:teuthology.orchestra.run.smithi044.stdout:/usr/bin/ceph: stderr
2024-09-13T17:17:44.874+0000 7f11ec11f640 1 -- start start
2024-09-13T17:17:46.020 INFO:teuthology.orchestra.run.smithi044.stdout:/usr/bin/ceph: stderr
2024-09-13T17:17:44.874+0000 7f11ec11f640 1 --2- >> [v2:172.21.15.44:3300/0,v1:172.21.15.44:6789/0] conn(0x7f11e41060b0 0x7f11e4199570 unknown :-1 s=NONE pgs=0 cs=0 l=1 rev1=0 crypto rx=0 tx=0 comp rx=0 tx=0).connect
2024-09-13T17:17:46.020 INFO:teuthology.orchestra.run.smithi044.stdout:/usr/bin/ceph: stderr
2024-09-13T17:17:44.874+0000 7f11ec11f640 1 -- --> [v2:172.21.15.44:3300/0,v1:172.21.15.44:6789/0] -- mon_getmap magic: 0 v1 -- 0x7f11e4199ab0 con 0x7f11e41060b0
2024-09-13T17:17:46.020 INFO:teuthology.orchestra.run.smithi044.stdout:/usr/bin/ceph: stderr
2024-09-13T17:17:44.874+0000 7f11e9ebb640 1 --2- >> [v2:172.21.15.44:3300/0,v1:172.21.15.44:6789/0] conn(0x7f11e41060b0 0x7f11e4199570 unknown :-1 s=BANNER_CONNECTING pgs=0 cs=0 l=1 rev1=0 crypto rx=0 tx=0 comp rx=0 tx=0)._handle_peer_banner_payload supported=3 required=0
2024-09-13T17:17:46.020 INFO:teuthology.orchestra.run.smithi044.stdout:/usr/bin/ceph: stderr
2024-09-13T17:17:44.874+0000 7f11e9ebb640 1 --2- >> [v2:172.21.15.44:3300/0,v1:172.21.15.44:6789/0] conn(0x7f11e41060b0 0x7f11e4199570 unknown :-1 s=HELLO_CONNECTING pgs=0 cs=0 l=1 rev1=1 crypto rx=0 tx=0 comp rx=0 tx=0).handle_hello peer v2:172.21.15.44:3300/0 says I am v2:172.21.15.44:53604/0 (socket says 172.21.15.44:53604)
2024-09-13T17:17:46.020 INFO:teuthology.orchestra.run.smithi044.stdout:/usr/bin/ceph: stderr
2024-09-13T17:17:44.874+0000 7f11e9ebb640 1 -- 172.21.15.44:0/1402467979 learned_addr learned my addr 172.21.15.44:0/1402467979 (peer_addr_for_me v2:172.21.15.44:0/0)
2024-09-13T17:17:46.021 INFO:teuthology.orchestra.run.smithi044.stdout:/usr/bin/ceph: stderr
2024-09-13T17:17:44.874+0000 7f11e9ebb640 1 -- 172.21.15.44:0/1402467979 --> [v2:172.21.15.44:3300/0,v1:172.21.15.44:6789/0] -- mon_subscribe({config=0+,monmap=0+}) v3 -- 0x7f11e00094d0 con 0x7f11e41060b0
2024-09-13T17:17:46.021 INFO:teuthology.orchestra.run.smithi044.stdout:/usr/bin/ceph: stderr
2024-09-13T17:17:44.874+0000 7f11e9ebb640 1 --2- 172.21.15.44:0/1402467979 >> [v2:172.21.15.44:3300/0,v1:172.21.15.44:6789/0] conn(0x7f11e41060b0 0x7f11e4199570 secure :-1 s=READY pgs=71 cs=0 l=1 rev1=1 crypto rx=0x7f11e00097f0 tx=0x7f11e0032c70 comp rx=0 tx=0).ready entity=mon.0 client_cookie=0 server_cookie=0 in_seq=0 out_seq=0
2024-09-13T17:17:46.021 INFO:teuthology.orchestra.run.smithi044.stdout:/usr/bin/ceph: stderr
2024-09-13T17:17:44.874+0000 7f11daffd640 1 -- 172.21.15.44:0/1402467979 <== mon.0 v2:172.21.15.44:3300/0 1 ==== mon_map magic: 0 v1 ==== 205+0+0 (secure 0 0 0) 0x7f11e0030c70 con 0x7f11e41060b0
2024-09-13T17:17:46.021 INFO:teuthology.orchestra.run.smithi044.stdout:/usr/bin/ceph: stderr
2024-09-13T17:17:44.874+0000 7f11daffd640 1 -- 172.21.15.44:0/1402467979 <== mon.0 v2:172.21.15.44:3300/0 2 ==== config(25 keys) v1 ==== 1067+0+0 (secure 0 0 0) 0x7f11e0030dd0 con 0x7f11e41060b0
2024-09-13T17:17:46.021 INFO:teuthology.orchestra.run.smithi044.stdout:/usr/bin/ceph: stderr
2024-09-13T17:17:44.874+0000 7f11ec11f640 1 -- 172.21.15.44:0/1402467979 --> [v2:172.21.15.44:3300/0,v1:172.21.15.44:6789/0] -- mon_subscribe({mgrmap=0+}) v3 -- 0x7f11e4199cb0 con 0x7f11e41060b0
2024-09-13T17:17:46.021 INFO:teuthology.orchestra.run.smithi044.stdout:/usr/bin/ceph: stderr
2024-09-13T17:17:44.874+0000 7f11daffd640 1 -- 172.21.15.44:0/1402467979 <== mon.0 v2:172.21.15.44:3300/0 3 ==== mon_map magic: 0 v1 ==== 205+0+0 (secure 0 0 0) 0x7f11e003a5b0 con 0x7f11e41060b0
2024-09-13T17:17:46.021 INFO:teuthology.orchestra.run.smithi044.stdout:/usr/bin/ceph: stderr
2024-09-13T17:17:44.875+0000 7f11ec11f640 1 -- 172.21.15.44:0/1402467979 --> [v2:172.21.15.44:3300/0,v1:172.21.15.44:6789/0] -- mon_subscribe({osdmap=0}) v3 -- 0x7f11e419a150 con 0x7f11e41060b0
2024-09-13T17:17:46.021 INFO:teuthology.orchestra.run.smithi044.stdout:/usr/bin/ceph: stderr
2024-09-13T17:17:44.875+0000 7f11daffd640 1 -- 172.21.15.44:0/1402467979 <== mon.0 v2:172.21.15.44:3300/0 4 ==== mgrmap(e 12) v1 ==== 45554+0+0 (secure 0 0 0) 0x7f11e0039040 con 0x7f11e41060b0
2024-09-13T17:17:46.021 INFO:teuthology.orchestra.run.smithi044.stdout:/usr/bin/ceph: stderr
2024-09-13T17:17:44.875+0000 7f11ec11f640 1 -- 172.21.15.44:0/1402467979 --> [v2:172.21.15.44:3300/0,v1:172.21.15.44:6789/0] -- mon_command({"prefix": "get_command_descriptions"} v 0) v1 -- 0x7f11e4073df0 con 0x7f11e41060b0
2024-09-13T17:17:46.021 INFO:teuthology.orchestra.run.smithi044.stdout:/usr/bin/ceph: stderr
2024-09-13T17:17:44.876+0000 7f11daffd640 1 --2- 172.21.15.44:0/1402467979 >> [v2:172.21.15.44:6800/322597156,v1:172.21.15.44:6801/322597156] conn(0x7f11d0038780 0x7f11d003ac40 unknown :-1 s=NONE pgs=0 cs=0 l=1 rev1=0 crypto rx=0 tx=0 comp rx=0 tx=0).connect
2024-09-13T17:17:46.021 INFO:teuthology.orchestra.run.smithi044.stdout:/usr/bin/ceph: stderr
2024-09-13T17:17:44.876+0000 7f11daffd640 1 -- 172.21.15.44:0/1402467979 <== mon.0 v2:172.21.15.44:3300/0 5 ==== osd_map(3..3 src has 1..3) v4 ==== 1155+0+0 (secure 0 0 0) 0x7f11e006bb10 con 0x7f11e41060b0
2024-09-13T17:17:46.021 INFO:teuthology.orchestra.run.smithi044.stdout:/usr/bin/ceph: stderr
2024-09-13T17:17:44.876+0000 7f11e96ba640 1 --2- 172.21.15.44:0/1402467979 >> [v2:172.21.15.44:6800/322597156,v1:172.21.15.44:6801/322597156] conn(0x7f11d0038780 0x7f11d003ac40 unknown :-1 s=BANNER_CONNECTING pgs=0 cs=0 l=1 rev1=0 crypto rx=0 tx=0 comp rx=0 tx=0)._handle_peer_banner_payload supported=3 required=0
2024-09-13T17:17:46.021 INFO:teuthology.orchestra.run.smithi044.stdout:/usr/bin/ceph: stderr
2024-09-13T17:17:44.876+0000 7f11e96ba640 1 --2- 172.21.15.44:0/1402467979 >> [v2:172.21.15.44:6800/322597156,v1:172.21.15.44:6801/322597156] conn(0x7f11d0038780 0x7f11d003ac40 secure :-1 s=READY pgs=8 cs=0 l=1 rev1=1 crypto rx=0x7f11d40098c0 tx=0x7f11d4006db0 comp rx=0 tx=0).ready entity=mgr.14150 client_cookie=0 server_cookie=0 in_seq=0 out_seq=0
2024-09-13T17:17:46.021 INFO:teuthology.orchestra.run.smithi044.stdout:/usr/bin/ceph: stderr
2024-09-13T17:17:44.880+0000 7f11daffd640 1 -- 172.21.15.44:0/1402467979 <== mon.0 v2:172.21.15.44:3300/0 6 ==== mon_command_ack([{"prefix": "get_command_descriptions"}]=0 v0) v1 ==== 72+0+183819 (secure 0 0 0) 0x7f11e003ae60 con 0x7f11e41060b0
2024-09-13T17:17:46.022 INFO:teuthology.orchestra.run.smithi044.stdout:/usr/bin/ceph: stderr
2024-09-13T17:17:45.079+0000 7f11ec11f640 1 -- 172.21.15.44:0/1402467979 --> [v2:172.21.15.44:6800/322597156,v1:172.21.15.44:6801/322597156] -- mgr_command(tid 0: {"prefix": "dashboard ac-user-create", "username": "admin", "rolename": "administrator", "force_password": true, "pwd_update_required": true, "target": ["mon-mgr", ""]}) v1 -- 0x7f11e4061900 con 0x7f11d0038780
2024-09-13T17:17:46.022 INFO:teuthology.orchestra.run.smithi044.stdout:/usr/bin/ceph: stderr
2024-09-13T17:17:45.332+0000 7f11daffd640 1 -- 172.21.15.44:0/1402467979 <== mgr.14150 v2:172.21.15.44:6800/322597156 1 ==== mgr_command_reply(tid 0: 0 ) v1 ==== 8+0+252 (secure 0 0 0) 0x7f11e4061900 con 0x7f11d0038780
2024-09-13T17:17:46.022 INFO:teuthology.orchestra.run.smithi044.stdout:/usr/bin/ceph: stderr
2024-09-13T17:17:45.334+0000 7f11ec11f640 1 -- 172.21.15.44:0/1402467979 >> [v2:172.21.15.44:6800/322597156,v1:172.21.15.44:6801/322597156] conn(0x7f11d0038780 msgr2=0x7f11d003ac40 secure :-1 s=STATE_CONNECTION_ESTABLISHED l=1).mark_down
2024-09-13T17:17:46.022 INFO:teuthology.orchestra.run.smithi044.stdout:/usr/bin/ceph: stderr
2024-09-13T17:17:45.334+0000 7f11ec11f640 1 --2- 172.21.15.44:0/1402467979 >> [v2:172.21.15.44:6800/322597156,v1:172.21.15.44:6801/322597156] conn(0x7f11d0038780 0x7f11d003ac40 secure :-1 s=READY pgs=8 cs=0 l=1 rev1=1 crypto rx=0x7f11d40098c0 tx=0x7f11d4006db0 comp rx=0 tx=0).stop
2024-09-13T17:17:46.022 INFO:teuthology.orchestra.run.smithi044.stdout:/usr/bin/ceph: stderr
2024-09-13T17:17:45.334+0000 7f11ec11f640 1 -- 172.21.15.44:0/1402467979 >> [v2:172.21.15.44:3300/0,v1:172.21.15.44:6789/0] conn(0x7f11e41060b0 msgr2=0x7f11e4199570 secure :-1 s=STATE_CONNECTION_ESTABLISHED l=1).mark_down
2024-09-13T17:17:46.022 INFO:teuthology.orchestra.run.smithi044.stdout:/usr/bin/ceph: stderr
2024-09-13T17:17:45.334+0000 7f11ec11f640 1 --2- 172.21.15.44:0/1402467979 >> [v2:172.21.15.44:3300/0,v1:172.21.15.44:6789/0] conn(0x7f11e41060b0 0x7f11e4199570 secure :-1 s=READY pgs=71 cs=0 l=1 rev1=1 crypto rx=0x7f11e00097f0 tx=0x7f11e0032c70 comp rx=0 tx=0).stop
2024-09-13T17:17:46.022 INFO:teuthology.orchestra.run.smithi044.stdout:/usr/bin/ceph: stderr
2024-09-13T17:17:45.334+0000 7f11ec11f640 1 -- 172.21.15.44:0/1402467979 shutdown_connections
2024-09-13T17:17:46.022 INFO:teuthology.orchestra.run.smithi044.stdout:/usr/bin/ceph: stderr
2024-09-13T17:17:45.334+0000 7f11ec11f640 1 --2- 172.21.15.44:0/1402467979 >> [v2:172.21.15.44:6800/322597156,v1:172.21.15.44:6801/322597156] conn(0x7f11d0038780 0x7f11d003ac40 unknown :-1 s=CLOSED pgs=8 cs=0 l=1 rev1=1 crypto rx=0 tx=0 comp rx=0 tx=0).stop
2024-09-13T17:17:46.022 INFO:teuthology.orchestra.run.smithi044.stdout:/usr/bin/ceph: stderr
2024-09-13T17:17:45.334+0000 7f11ec11f640 1 --2- 172.21.15.44:0/1402467979 >> [v2:172.21.15.44:3300/0,v1:172.21.15.44:6789/0] conn(0x7f11e41060b0 0x7f11e4199570 unknown :-1 s=CLOSED pgs=71 cs=0 l=1 rev1=1 crypto rx=0 tx=0 comp rx=0 tx=0).stop
2024-09-13T17:17:46.022 INFO:teuthology.orchestra.run.smithi044.stdout:/usr/bin/ceph: stderr
2024-09-13T17:17:45.334+0000 7f11ec11f640 1 -- 172.21.15.44:0/1402467979 >> 172.21.15.44:0/1402467979 conn(0x7f11e40ffcf0 msgr2=0x7f11e4100930 unknown :-1 s=STATE_NONE l=0).mark_down
2024-09-13T17:17:46.022 INFO:teuthology.orchestra.run.smithi044.stdout:/usr/bin/ceph: stderr
2024-09-13T17:17:45.334+0000 7f11ec11f640 1 -- 172.21.15.44:0/1402467979 shutdown_connections
2024-09-13T17:17:46.022 INFO:teuthology.orchestra.run.smithi044.stdout:/usr/bin/ceph: stderr
2024-09-13T17:17:45.334+0000 7f11ec11f640 1 -- 172.21.15.44:0/1402467979 wait complete.
2024-09-13T17:17:46.022 INFO:teuthology.orchestra.run.smithi044.stdout:Fetching dashboard port number...
2024-09-13T17:17:46.857 INFO:journalctl@ceph.mon.a.smithi044.stdout:Sep 13 17:17:46 smithi044 ceph-mon[31175]: from='client.14164 -' entity='client.admin' cmd=[{"prefix": "dashboard ac-user-create", "username": "admin", "rolename": "administrator", "force_password": true, "pwd_update_required": true, "target": ["mon-mgr", ""]}]: dispatch
2024-09-13T17:17:47.738 INFO:journalctl@ceph.mon.a.smithi044.stdout:Sep 13 17:17:47 smithi044 ceph-mon[31175]: from='client.? 172.21.15.44:0/1740194140' entity='client.admin' cmd=[{"prefix": "config get", "who": "mgr", "key": "mgr/dashboard/ssl_server_port"}]: dispatch
2024-09-13T17:17:48.056 INFO:teuthology.orchestra.run.smithi044.stdout:/usr/bin/ceph: stdout 8443
2024-09-13T17:17:48.056 INFO:teuthology.orchestra.run.smithi044.stdout:/usr/bin/ceph: stderr
2024-09-13T17:17:47.265+0000 7fab1a4a5640 1 Processor -- start
2024-09-13T17:17:48.056 INFO:teuthology.orchestra.run.smithi044.stdout:/usr/bin/ceph: stderr
2024-09-13T17:17:47.265+0000 7fab1a4a5640 1 -- start start
2024-09-13T17:17:48.056 INFO:teuthology.orchestra.run.smithi044.stdout:/usr/bin/ceph: stderr
2024-09-13T17:17:47.265+0000 7fab1a4a5640 1 --2- >> [v2:172.21.15.44:3300/0,v1:172.21.15.44:6789/0] conn(0x7fab14105640 0x7fab14105a40 unknown :-1 s=NONE pgs=0 cs=0 l=0 rev1=0 crypto rx=0 tx=0 comp rx=0 tx=0).connect
2024-09-13T17:17:48.056 INFO:teuthology.orchestra.run.smithi044.stdout:/usr/bin/ceph: stderr
2024-09-13T17:17:47.266+0000 7fab1a4a5640 1 -- --> [v2:172.21.15.44:3300/0,v1:172.21.15.44:6789/0] -- mon_getmap magic: 0 v1 -- 0x7fab14106010 con 0x7fab14105640
2024-09-13T17:17:48.056 INFO:teuthology.orchestra.run.smithi044.stdout:/usr/bin/ceph: stderr
2024-09-13T17:17:47.266+0000 7fab13fff640 1 --2- >> [v2:172.21.15.44:3300/0,v1:172.21.15.44:6789/0] conn(0x7fab14105640 0x7fab14105a40 unknown :-1 s=BANNER_CONNECTING pgs=0 cs=0 l=0 rev1=0 crypto rx=0 tx=0 comp rx=0 tx=0)._handle_peer_banner_payload supported=3 required=0
2024-09-13T17:17:48.056 INFO:teuthology.orchestra.run.smithi044.stdout:/usr/bin/ceph: stderr
2024-09-13T17:17:47.266+0000 7fab13fff640 1 --2- >> [v2:172.21.15.44:3300/0,v1:172.21.15.44:6789/0] conn(0x7fab14105640 0x7fab14105a40 unknown :-1 s=HELLO_CONNECTING pgs=0 cs=0 l=0 rev1=1 crypto rx=0 tx=0 comp rx=0 tx=0).handle_hello peer v2:172.21.15.44:3300/0 says I am v2:172.21.15.44:53608/0 (socket says 172.21.15.44:53608)
2024-09-13T17:17:48.057 INFO:teuthology.orchestra.run.smithi044.stdout:/usr/bin/ceph: stderr
2024-09-13T17:17:47.266+0000 7fab13fff640 1 -- 172.21.15.44:0/103896679 learned_addr learned my addr 172.21.15.44:0/103896679 (peer_addr_for_me v2:172.21.15.44:0/0)
2024-09-13T17:17:48.057 INFO:teuthology.orchestra.run.smithi044.stdout:/usr/bin/ceph: stderr
2024-09-13T17:17:47.266+0000 7fab13fff640 1 -- 172.21.15.44:0/103896679 --> [v2:172.21.15.44:3300/0,v1:172.21.15.44:6789/0] -- mon_subscribe({config=0+,monmap=0+}) v3 -- 0x7fab14106840 con 0x7fab14105640
2024-09-13T17:17:48.057 INFO:teuthology.orchestra.run.smithi044.stdout:/usr/bin/ceph: stderr
2024-09-13T17:17:47.267+0000 7fab13fff640 1 --2- 172.21.15.44:0/103896679 >> [v2:172.21.15.44:3300/0,v1:172.21.15.44:6789/0] conn(0x7fab14105640 0x7fab14105a40 secure :-1 s=READY pgs=72 cs=0 l=1 rev1=1 crypto rx=0x7fab04009820 tx=0x7fab0402a270 comp rx=0 tx=0).ready entity=mon.0 client_cookie=61b467ec8f55bc54 server_cookie=0 in_seq=0 out_seq=0
2024-09-13T17:17:48.057 INFO:teuthology.orchestra.run.smithi044.stdout:/usr/bin/ceph: stderr
2024-09-13T17:17:47.267+0000 7fab12ffd640 1 -- 172.21.15.44:0/103896679 <== mon.0 v2:172.21.15.44:3300/0 1 ==== mon_map magic: 0 v1 ==== 205+0+0 (secure 0 0 0) 0x7fab0402ae70 con 0x7fab14105640
2024-09-13T17:17:48.057 INFO:teuthology.orchestra.run.smithi044.stdout:/usr/bin/ceph: stderr
2024-09-13T17:17:47.267+0000 7fab12ffd640 1 -- 172.21.15.44:0/103896679 <== mon.0 v2:172.21.15.44:3300/0 2 ==== config(25 keys) v1 ==== 1067+0+0 (secure 0 0 0) 0x7fab040328d0 con 0x7fab14105640
2024-09-13T17:17:48.057 INFO:teuthology.orchestra.run.smithi044.stdout:/usr/bin/ceph: stderr
2024-09-13T17:17:47.267+0000 7fab12ffd640 1 -- 172.21.15.44:0/103896679 <== mon.0 v2:172.21.15.44:3300/0 3 ==== mon_map magic: 0 v1 ==== 205+0+0 (secure 0 0 0) 0x7fab040307a0 con 0x7fab14105640
2024-09-13T17:17:48.057 INFO:teuthology.orchestra.run.smithi044.stdout:/usr/bin/ceph: stderr
2024-09-13T17:17:47.268+0000 7fab1a4a5640 1 -- 172.21.15.44:0/103896679 >> [v2:172.21.15.44:3300/0,v1:172.21.15.44:6789/0] conn(0x7fab14105640 msgr2=0x7fab14105a40 secure :-1 s=STATE_CONNECTION_ESTABLISHED l=1).mark_down
2024-09-13T17:17:48.057 INFO:teuthology.orchestra.run.smithi044.stdout:/usr/bin/ceph: stderr
2024-09-13T17:17:47.268+0000 7fab1a4a5640 1 --2- 172.21.15.44:0/103896679 >> [v2:172.21.15.44:3300/0,v1:172.21.15.44:6789/0] conn(0x7fab14105640 0x7fab14105a40 secure :-1 s=READY pgs=72 cs=0 l=1 rev1=1 crypto rx=0x7fab04009820 tx=0x7fab0402a270 comp rx=0 tx=0).stop
2024-09-13T17:17:48.057 INFO:teuthology.orchestra.run.smithi044.stdout:/usr/bin/ceph: stderr
2024-09-13T17:17:47.268+0000 7fab1a4a5640 1 -- 172.21.15.44:0/103896679 shutdown_connections
2024-09-13T17:17:48.057 INFO:teuthology.orchestra.run.smithi044.stdout:/usr/bin/ceph: stderr
2024-09-13T17:17:47.268+0000 7fab1a4a5640 1 --2- 172.21.15.44:0/103896679 >> [v2:172.21.15.44:3300/0,v1:172.21.15.44:6789/0] conn(0x7fab14105640 0x7fab14105a40 unknown :-1 s=CLOSED pgs=72 cs=0 l=1 rev1=1 crypto rx=0 tx=0 comp rx=0 tx=0).stop
2024-09-13T17:17:48.057 INFO:teuthology.orchestra.run.smithi044.stdout:/usr/bin/ceph: stderr
2024-09-13T17:17:47.268+0000 7fab1a4a5640 1 -- 172.21.15.44:0/103896679 >> 172.21.15.44:0/103896679 conn(0x7fab14100df0 msgr2=0x7fab14103210 unknown :-1 s=STATE_NONE l=0).mark_down
2024-09-13T17:17:48.057 INFO:teuthology.orchestra.run.smithi044.stdout:/usr/bin/ceph: stderr
2024-09-13T17:17:47.268+0000 7fab1a4a5640 1 -- 172.21.15.44:0/103896679 shutdown_connections
2024-09-13T17:17:48.057 INFO:teuthology.orchestra.run.smithi044.stdout:/usr/bin/ceph: stderr
2024-09-13T17:17:47.268+0000 7fab1a4a5640 1 -- 172.21.15.44:0/103896679 wait complete.
2024-09-13T17:17:48.058 INFO:teuthology.orchestra.run.smithi044.stdout:/usr/bin/ceph: stderr
2024-09-13T17:17:47.268+0000 7fab1a4a5640 1 Processor -- start
2024-09-13T17:17:48.058 INFO:teuthology.orchestra.run.smithi044.stdout:/usr/bin/ceph: stderr
2024-09-13T17:17:47.268+0000 7fab1a4a5640 1 -- start start
2024-09-13T17:17:48.058 INFO:teuthology.orchestra.run.smithi044.stdout:/usr/bin/ceph: stderr
2024-09-13T17:17:47.269+0000 7fab1a4a5640 1 --2- >> [v2:172.21.15.44:3300/0,v1:172.21.15.44:6789/0] conn(0x7fab14105640 0x7fab1407bb90 unknown :-1 s=NONE pgs=0 cs=0 l=1 rev1=0 crypto rx=0 tx=0 comp rx=0 tx=0).connect
2024-09-13T17:17:48.058 INFO:teuthology.orchestra.run.smithi044.stdout:/usr/bin/ceph: stderr
2024-09-13T17:17:47.269+0000 7fab1a4a5640 1 -- --> [v2:172.21.15.44:3300/0,v1:172.21.15.44:6789/0] -- mon_getmap magic: 0 v1 -- 0x7fab1407c0d0 con 0x7fab14105640
2024-09-13T17:17:48.058 INFO:teuthology.orchestra.run.smithi044.stdout:/usr/bin/ceph: stderr
2024-09-13T17:17:47.269+0000 7fab13fff640 1 --2- >> [v2:172.21.15.44:3300/0,v1:172.21.15.44:6789/0] conn(0x7fab14105640 0x7fab1407bb90 unknown :-1 s=BANNER_CONNECTING pgs=0 cs=0 l=1 rev1=0 crypto rx=0 tx=0 comp rx=0 tx=0)._handle_peer_banner_payload supported=3 required=0
2024-09-13T17:17:48.058 INFO:teuthology.orchestra.run.smithi044.stdout:/usr/bin/ceph: stderr
2024-09-13T17:17:47.269+0000 7fab13fff640 1 --2- >> [v2:172.21.15.44:3300/0,v1:172.21.15.44:6789/0] conn(0x7fab14105640 0x7fab1407bb90 unknown :-1 s=HELLO_CONNECTING pgs=0 cs=0 l=1 rev1=1 crypto rx=0 tx=0 comp rx=0 tx=0).handle_hello peer v2:172.21.15.44:3300/0 says I am v2:172.21.15.44:53620/0 (socket says 172.21.15.44:53620)
2024-09-13T17:17:48.058 INFO:teuthology.orchestra.run.smithi044.stdout:/usr/bin/ceph: stderr
2024-09-13T17:17:47.269+0000 7fab13fff640 1 -- 172.21.15.44:0/1740194140 learned_addr learned my addr 172.21.15.44:0/1740194140 (peer_addr_for_me v2:172.21.15.44:0/0)
2024-09-13T17:17:48.058 INFO:teuthology.orchestra.run.smithi044.stdout:/usr/bin/ceph: stderr
2024-09-13T17:17:47.269+0000 7fab13fff640 1 -- 172.21.15.44:0/1740194140 --> [v2:172.21.15.44:3300/0,v1:172.21.15.44:6789/0] -- mon_subscribe({config=0+,monmap=0+}) v3 -- 0x7fab040094d0 con 0x7fab14105640
2024-09-13T17:17:48.058 INFO:teuthology.orchestra.run.smithi044.stdout:/usr/bin/ceph: stderr
2024-09-13T17:17:47.269+0000 7fab13fff640 1 --2- 172.21.15.44:0/1740194140 >> [v2:172.21.15.44:3300/0,v1:172.21.15.44:6789/0] conn(0x7fab14105640 0x7fab1407bb90 secure :-1 s=READY pgs=73 cs=0 l=1 rev1=1 crypto rx=0x7fab04030410 tx=0x7fab04030d50 comp rx=0 tx=0).ready entity=mon.0 client_cookie=0 server_cookie=0 in_seq=0 out_seq=0
2024-09-13T17:17:48.058 INFO:teuthology.orchestra.run.smithi044.stdout:/usr/bin/ceph: stderr
2024-09-13T17:17:47.269+0000 7fab117fa640 1 -- 172.21.15.44:0/1740194140 <== mon.0 v2:172.21.15.44:3300/0 1 ==== mon_map magic: 0 v1 ==== 205+0+0 (secure 0 0 0) 0x7fab04032c50 con 0x7fab14105640
2024-09-13T17:17:48.058 INFO:teuthology.orchestra.run.smithi044.stdout:/usr/bin/ceph: stderr
2024-09-13T17:17:47.269+0000 7fab117fa640 1 -- 172.21.15.44:0/1740194140 <== mon.0 v2:172.21.15.44:3300/0 2 ==== config(25 keys) v1 ==== 1067+0+0 (secure 0 0 0) 0x7fab04032db0 con 0x7fab14105640
2024-09-13T17:17:48.058 INFO:teuthology.orchestra.run.smithi044.stdout:/usr/bin/ceph: stderr
2024-09-13T17:17:47.270+0000 7fab1a4a5640 1 -- 172.21.15.44:0/1740194140 --> [v2:172.21.15.44:3300/0,v1:172.21.15.44:6789/0] -- mon_subscribe({mgrmap=0+}) v3 -- 0x7fab1407a2c0 con 0x7fab14105640
2024-09-13T17:17:48.058 INFO:teuthology.orchestra.run.smithi044.stdout:/usr/bin/ceph: stderr
2024-09-13T17:17:47.270+0000 7fab117fa640 1 -- 172.21.15.44:0/1740194140 <== mon.0 v2:172.21.15.44:3300/0 3 ==== mon_map magic: 0 v1 ==== 205+0+0 (secure 0 0 0) 0x7fab0403a520 con 0x7fab14105640
2024-09-13T17:17:48.058 INFO:teuthology.orchestra.run.smithi044.stdout:/usr/bin/ceph: stderr
2024-09-13T17:17:47.270+0000 7fab1a4a5640 1 -- 172.21.15.44:0/1740194140 --> [v2:172.21.15.44:3300/0,v1:172.21.15.44:6789/0] -- mon_subscribe({osdmap=0}) v3 -- 0x7fab1407a760 con 0x7fab14105640
2024-09-13T17:17:48.058 INFO:teuthology.orchestra.run.smithi044.stdout:/usr/bin/ceph: stderr
2024-09-13T17:17:47.270+0000 7fab117fa640 1 -- 172.21.15.44:0/1740194140 <== mon.0 v2:172.21.15.44:3300/0 4 ==== mgrmap(e 12) v1 ==== 45554+0+0 (secure 0 0 0) 0x7fab04039040 con 0x7fab14105640
2024-09-13T17:17:48.059 INFO:teuthology.orchestra.run.smithi044.stdout:/usr/bin/ceph: stderr
2024-09-13T17:17:47.271+0000 7fab1a4a5640 1 -- 172.21.15.44:0/1740194140 --> [v2:172.21.15.44:3300/0,v1:172.21.15.44:6789/0] -- mon_command({"prefix": "get_command_descriptions"} v 0) v1 -- 0x7fab14105ac0 con 0x7fab14105640
2024-09-13T17:17:48.059 INFO:teuthology.orchestra.run.smithi044.stdout:/usr/bin/ceph: stderr
2024-09-13T17:17:47.271+0000 7fab117fa640 1 --2- 172.21.15.44:0/1740194140 >> [v2:172.21.15.44:6800/322597156,v1:172.21.15.44:6801/322597156] conn(0x7faafc038780 0x7faafc03ac40 unknown :-1 s=NONE pgs=0 cs=0 l=1 rev1=0 crypto rx=0 tx=0 comp rx=0 tx=0).connect
2024-09-13T17:17:48.059 INFO:teuthology.orchestra.run.smithi044.stdout:/usr/bin/ceph: stderr
2024-09-13T17:17:47.271+0000 7fab117fa640 1 -- 172.21.15.44:0/1740194140 <== mon.0 v2:172.21.15.44:3300/0 5 ==== osd_map(3..3 src has 1..3) v4 ==== 1155+0+0 (secure 0 0 0) 0x7fab0406b8f0 con 0x7fab14105640
2024-09-13T17:17:48.059 INFO:teuthology.orchestra.run.smithi044.stdout:/usr/bin/ceph: stderr
2024-09-13T17:17:47.271+0000 7fab137fe640 1 --2- 172.21.15.44:0/1740194140 >> [v2:172.21.15.44:6800/322597156,v1:172.21.15.44:6801/322597156] conn(0x7faafc038780 0x7faafc03ac40 unknown :-1 s=BANNER_CONNECTING pgs=0 cs=0 l=1 rev1=0 crypto rx=0 tx=0 comp rx=0 tx=0)._handle_peer_banner_payload supported=3 required=0
2024-09-13T17:17:48.059 INFO:teuthology.orchestra.run.smithi044.stdout:/usr/bin/ceph: stderr
2024-09-13T17:17:47.271+0000 7fab137fe640 1 --2- 172.21.15.44:0/1740194140 >> [v2:172.21.15.44:6800/322597156,v1:172.21.15.44:6801/322597156] conn(0x7faafc038780 0x7faafc03ac40 secure :-1 s=READY pgs=9 cs=0 l=1 rev1=1 crypto rx=0x7fab080098c0 tx=0x7fab08006db0 comp rx=0 tx=0).ready entity=mgr.14150 client_cookie=0 server_cookie=0 in_seq=0 out_seq=0
2024-09-13T17:17:48.059 INFO:teuthology.orchestra.run.smithi044.stdout:/usr/bin/ceph: stderr
2024-09-13T17:17:47.275+0000 7fab117fa640 1 -- 172.21.15.44:0/1740194140 <== mon.0 v2:172.21.15.44:3300/0 6 ==== mon_command_ack([{"prefix": "get_command_descriptions"}]=0 v0) v1 ==== 72+0+183819 (secure 0 0 0) 0x7fab0404b710 con 0x7fab14105640
2024-09-13T17:17:48.059 INFO:teuthology.orchestra.run.smithi044.stdout:/usr/bin/ceph: stderr
2024-09-13T17:17:47.448+0000 7fab1a4a5640 1 -- 172.21.15.44:0/1740194140 --> [v2:172.21.15.44:3300/0,v1:172.21.15.44:6789/0] -- mon_command({"prefix": "config get", "who": "mgr", "key": "mgr/dashboard/ssl_server_port"} v 0) v1 -- 0x7fab14073df0 con 0x7fab14105640
2024-09-13T17:17:48.059 INFO:teuthology.orchestra.run.smithi044.stdout:/usr/bin/ceph: stderr
2024-09-13T17:17:47.448+0000 7fab117fa640 1 -- 172.21.15.44:0/1740194140 <== mon.0 v2:172.21.15.44:3300/0 7 ==== mon_command_ack([{"prefix": "config get", "who": "mgr", "key": "mgr/dashboard/ssl_server_port"}]=0 v8) v1 ==== 112+0+5 (secure 0 0 0) 0x7fab04037030 con 0x7fab14105640
2024-09-13T17:17:48.059 INFO:teuthology.orchestra.run.smithi044.stdout:/usr/bin/ceph: stderr
2024-09-13T17:17:47.450+0000 7fab1a4a5640 1 -- 172.21.15.44:0/1740194140 >> [v2:172.21.15.44:6800/322597156,v1:172.21.15.44:6801/322597156] conn(0x7faafc038780 msgr2=0x7faafc03ac40 secure :-1 s=STATE_CONNECTION_ESTABLISHED l=1).mark_down
2024-09-13T17:17:48.059 INFO:teuthology.orchestra.run.smithi044.stdout:/usr/bin/ceph: stderr
2024-09-13T17:17:47.450+0000 7fab1a4a5640 1 --2- 172.21.15.44:0/1740194140 >> [v2:172.21.15.44:6800/322597156,v1:172.21.15.44:6801/322597156] conn(0x7faafc038780 0x7faafc03ac40 secure :-1 s=READY pgs=9 cs=0 l=1 rev1=1 crypto rx=0x7fab080098c0 tx=0x7fab08006db0 comp rx=0 tx=0).stop
2024-09-13T17:17:48.059 INFO:teuthology.orchestra.run.smithi044.stdout:/usr/bin/ceph: stderr
2024-09-13T17:17:47.450+0000 7fab1a4a5640 1 -- 172.21.15.44:0/1740194140 >> [v2:172.21.15.44:3300/0,v1:172.21.15.44:6789/0] conn(0x7fab14105640 msgr2=0x7fab1407bb90 secure :-1 s=STATE_CONNECTION_ESTABLISHED l=1).mark_down
2024-09-13T17:17:48.059 INFO:teuthology.orchestra.run.smithi044.stdout:/usr/bin/ceph: stderr
2024-09-13T17:17:47.450+0000 7fab1a4a5640 1 --2- 172.21.15.44:0/1740194140 >> [v2:172.21.15.44:3300/0,v1:172.21.15.44:6789/0] conn(0x7fab14105640 0x7fab1407bb90 secure :-1 s=READY pgs=73 cs=0 l=1 rev1=1 crypto rx=0x7fab04030410 tx=0x7fab04030d50 comp rx=0 tx=0).stop
2024-09-13T17:17:48.060 INFO:teuthology.orchestra.run.smithi044.stdout:/usr/bin/ceph: stderr
2024-09-13T17:17:47.451+0000 7fab1a4a5640 1 -- 172.21.15.44:0/1740194140 shutdown_connections
2024-09-13T17:17:48.060 INFO:teuthology.orchestra.run.smithi044.stdout:/usr/bin/ceph: stderr
2024-09-13T17:17:47.451+0000 7fab1a4a5640 1 --2- 172.21.15.44:0/1740194140 >> [v2:172.21.15.44:6800/322597156,v1:172.21.15.44:6801/322597156] conn(0x7faafc038780 0x7faafc03ac40 unknown :-1 s=CLOSED pgs=9 cs=0 l=1 rev1=1 crypto rx=0 tx=0 comp rx=0 tx=0).stop
2024-09-13T17:17:48.060 INFO:teuthology.orchestra.run.smithi044.stdout:/usr/bin/ceph: stderr
2024-09-13T17:17:47.451+0000 7fab1a4a5640 1 --2- 172.21.15.44:0/1740194140 >> [v2:172.21.15.44:3300/0,v1:172.21.15.44:6789/0] conn(0x7fab14105640 0x7fab1407bb90 unknown :-1 s=CLOSED pgs=73 cs=0 l=1 rev1=1 crypto rx=0 tx=0 comp rx=0 tx=0).stop
2024-09-13T17:17:48.060 INFO:teuthology.orchestra.run.smithi044.stdout:/usr/bin/ceph: stderr
2024-09-13T17:17:47.451+0000 7fab1a4a5640 1 -- 172.21.15.44:0/1740194140 >> 172.21.15.44:0/1740194140 conn(0x7fab14100df0 msgr2=0x7fab141019d0 unknown :-1 s=STATE_NONE l=0).mark_down
2024-09-13T17:17:48.060 INFO:teuthology.orchestra.run.smithi044.stdout:/usr/bin/ceph: stderr
2024-09-13T17:17:47.451+0000 7fab1a4a5640 1 -- 172.21.15.44:0/1740194140 shutdown_connections
2024-09-13T17:17:48.060 INFO:teuthology.orchestra.run.smithi044.stdout:/usr/bin/ceph: stderr
2024-09-13T17:17:47.451+0000 7fab1a4a5640 1 -- 172.21.15.44:0/1740194140 wait complete.
2024-09-13T17:17:48.062 INFO:teuthology.orchestra.run.smithi044.stdout:Non-zero exit code 1 from systemctl is-enabled firewalld.service
2024-09-13T17:17:48.062 INFO:teuthology.orchestra.run.smithi044.stdout:systemctl: stdout disabled
2024-09-13T17:17:48.069 INFO:teuthology.orchestra.run.smithi044.stdout:Non-zero exit code 3 from systemctl is-active firewalld.service
2024-09-13T17:17:48.070 INFO:teuthology.orchestra.run.smithi044.stdout:systemctl: stdout inactive
2024-09-13T17:17:48.070 INFO:teuthology.orchestra.run.smithi044.stdout:firewalld.service is not enabled
2024-09-13T17:17:48.070 INFO:teuthology.orchestra.run.smithi044.stdout:Not possible to open ports <[8443]>. firewalld.service is not available
2024-09-13T17:17:48.071 INFO:teuthology.orchestra.run.smithi044.stdout:Ceph Dashboard is now available at:
2024-09-13T17:17:48.071 INFO:teuthology.orchestra.run.smithi044.stdout:
2024-09-13T17:17:48.071 INFO:teuthology.orchestra.run.smithi044.stdout: URL: https://smithi044.front.sepia.ceph.com:8443/
2024-09-13T17:17:48.071 INFO:teuthology.orchestra.run.smithi044.stdout: User: admin
2024-09-13T17:17:48.072 INFO:teuthology.orchestra.run.smithi044.stdout: Password: 3khdygcqm4
2024-09-13T17:17:48.072 INFO:teuthology.orchestra.run.smithi044.stdout:
2024-09-13T17:17:48.072 INFO:teuthology.orchestra.run.smithi044.stdout:Saving cluster configuration to /var/lib/ceph/ce020790-71f3-11ef-bceb-c7b262605968/config directory
2024-09-13T17:17:48.072 INFO:teuthology.orchestra.run.smithi044.stdout:Enabling autotune for osd_memory_target
2024-09-13T17:17:48.606 INFO:journalctl@ceph.mon.a.smithi044.stdout:Sep 13 17:17:48 smithi044 ceph-mon[31175]: mgrmap e13: x(active, since 6s)
2024-09-13T17:17:49.262 INFO:teuthology.orchestra.run.smithi044.stdout:/usr/bin/ceph: stderr
2024-09-13T17:17:48.489+0000 7efe97b34640 1 Processor -- start
2024-09-13T17:17:49.262 INFO:teuthology.orchestra.run.smithi044.stdout:/usr/bin/ceph: stderr
2024-09-13T17:17:48.489+0000 7efe97b34640 1 -- start start
2024-09-13T17:17:49.262 INFO:teuthology.orchestra.run.smithi044.stdout:/usr/bin/ceph: stderr
2024-09-13T17:17:48.490+0000 7efe97b34640 1 --2- >> [v2:172.21.15.44:3300/0,v1:172.21.15.44:6789/0] conn(0x7efe901060b0 0x7efe901084a0 unknown :-1 s=NONE pgs=0 cs=0 l=0 rev1=0 crypto rx=0 tx=0 comp rx=0 tx=0).connect
2024-09-13T17:17:49.262 INFO:teuthology.orchestra.run.smithi044.stdout:/usr/bin/ceph: stderr
2024-09-13T17:17:48.490+0000 7efe97b34640 1 -- --> [v2:172.21.15.44:3300/0,v1:172.21.15.44:6789/0] -- mon_getmap magic: 0 v1 -- 0x7efe90079ed0 con 0x7efe901060b0
2024-09-13T17:17:49.262 INFO:teuthology.orchestra.run.smithi044.stdout:/usr/bin/ceph: stderr
2024-09-13T17:17:48.490+0000 7efe958d0640 1 --2- >> [v2:172.21.15.44:3300/0,v1:172.21.15.44:6789/0] conn(0x7efe901060b0 0x7efe901084a0 unknown :-1 s=BANNER_CONNECTING pgs=0 cs=0 l=0 rev1=0 crypto rx=0 tx=0 comp rx=0 tx=0)._handle_peer_banner_payload supported=3 required=0
2024-09-13T17:17:49.262 INFO:teuthology.orchestra.run.smithi044.stdout:/usr/bin/ceph: stderr
2024-09-13T17:17:48.490+0000 7efe958d0640 1 --2- >> [v2:172.21.15.44:3300/0,v1:172.21.15.44:6789/0] conn(0x7efe901060b0 0x7efe901084a0 unknown :-1 s=HELLO_CONNECTING pgs=0 cs=0 l=0 rev1=1 crypto rx=0 tx=0 comp rx=0 tx=0).handle_hello peer v2:172.21.15.44:3300/0 says I am v2:172.21.15.44:53632/0 (socket says 172.21.15.44:53632)
2024-09-13T17:17:49.262 INFO:teuthology.orchestra.run.smithi044.stdout:/usr/bin/ceph: stderr
2024-09-13T17:17:48.490+0000 7efe958d0640 1 -- 172.21.15.44:0/2606317291 learned_addr learned my addr 172.21.15.44:0/2606317291 (peer_addr_for_me v2:172.21.15.44:0/0)
2024-09-13T17:17:49.262 INFO:teuthology.orchestra.run.smithi044.stdout:/usr/bin/ceph: stderr
2024-09-13T17:17:48.490+0000 7efe958d0640 1 -- 172.21.15.44:0/2606317291 --> [v2:172.21.15.44:3300/0,v1:172.21.15.44:6789/0] -- mon_subscribe({config=0+,monmap=0+}) v3 -- 0x7efe901089e0 con 0x7efe901060b0
2024-09-13T17:17:49.262 INFO:teuthology.orchestra.run.smithi044.stdout:/usr/bin/ceph: stderr
2024-09-13T17:17:48.491+0000 7efe958d0640 1 --2- 172.21.15.44:0/2606317291 >> [v2:172.21.15.44:3300/0,v1:172.21.15.44:6789/0] conn(0x7efe901060b0 0x7efe901084a0 secure :-1 s=READY pgs=74 cs=0 l=1 rev1=1 crypto rx=0x7efe8c009820 tx=0x7efe8c02a270 comp rx=0 tx=0).ready entity=mon.0 client_cookie=22fcaad0e872b8f4 server_cookie=0 in_seq=0 out_seq=0
2024-09-13T17:17:49.263 INFO:teuthology.orchestra.run.smithi044.stdout:/usr/bin/ceph: stderr
2024-09-13T17:17:48.491+0000 7efe948ce640 1 -- 172.21.15.44:0/2606317291 <== mon.0 v2:172.21.15.44:3300/0 1 ==== mon_map magic: 0 v1 ==== 205+0+0 (secure 0 0 0) 0x7efe8c02ae70 con 0x7efe901060b0
2024-09-13T17:17:49.263 INFO:teuthology.orchestra.run.smithi044.stdout:/usr/bin/ceph: stderr
2024-09-13T17:17:48.491+0000 7efe948ce640 1 -- 172.21.15.44:0/2606317291 <== mon.0 v2:172.21.15.44:3300/0 2 ==== config(25 keys) v1 ==== 1067+0+0 (secure 0 0 0) 0x7efe8c0328d0 con 0x7efe901060b0
2024-09-13T17:17:49.263 INFO:teuthology.orchestra.run.smithi044.stdout:/usr/bin/ceph: stderr
2024-09-13T17:17:48.491+0000 7efe948ce640 1 -- 172.21.15.44:0/2606317291 <== mon.0 v2:172.21.15.44:3300/0 3 ==== mon_map magic: 0 v1 ==== 205+0+0 (secure 0 0 0) 0x7efe8c0307a0 con 0x7efe901060b0
2024-09-13T17:17:49.263 INFO:teuthology.orchestra.run.smithi044.stdout:/usr/bin/ceph: stderr
2024-09-13T17:17:48.491+0000 7efe97b34640 1 -- 172.21.15.44:0/2606317291 >> [v2:172.21.15.44:3300/0,v1:172.21.15.44:6789/0] conn(0x7efe901060b0 msgr2=0x7efe901084a0 secure :-1 s=STATE_CONNECTION_ESTABLISHED l=1).mark_down
2024-09-13T17:17:49.263 INFO:teuthology.orchestra.run.smithi044.stdout:/usr/bin/ceph: stderr
2024-09-13T17:17:48.491+0000 7efe97b34640 1 --2- 172.21.15.44:0/2606317291 >> [v2:172.21.15.44:3300/0,v1:172.21.15.44:6789/0] conn(0x7efe901060b0 0x7efe901084a0 secure :-1 s=READY pgs=74 cs=0 l=1 rev1=1 crypto rx=0x7efe8c009820 tx=0x7efe8c02a270 comp rx=0 tx=0).stop
2024-09-13T17:17:49.263 INFO:teuthology.orchestra.run.smithi044.stdout:/usr/bin/ceph: stderr
2024-09-13T17:17:48.491+0000 7efe97b34640 1 -- 172.21.15.44:0/2606317291 shutdown_connections
2024-09-13T17:17:49.263 INFO:teuthology.orchestra.run.smithi044.stdout:/usr/bin/ceph: stderr
2024-09-13T17:17:48.491+0000 7efe97b34640 1 --2- 172.21.15.44:0/2606317291 >> [v2:172.21.15.44:3300/0,v1:172.21.15.44:6789/0] conn(0x7efe901060b0 0x7efe901084a0 unknown :-1 s=CLOSED pgs=74 cs=0 l=1 rev1=1 crypto rx=0 tx=0 comp rx=0 tx=0).stop
2024-09-13T17:17:49.263 INFO:teuthology.orchestra.run.smithi044.stdout:/usr/bin/ceph: stderr
2024-09-13T17:17:48.492+0000 7efe97b34640 1 -- 172.21.15.44:0/2606317291 >> 172.21.15.44:0/2606317291 conn(0x7efe900ffcf0 msgr2=0x7efe90102110 unknown :-1 s=STATE_NONE l=0).mark_down
2024-09-13T17:17:49.263 INFO:teuthology.orchestra.run.smithi044.stdout:/usr/bin/ceph: stderr
2024-09-13T17:17:48.492+0000 7efe97b34640 1 -- 172.21.15.44:0/2606317291 shutdown_connections
2024-09-13T17:17:49.263 INFO:teuthology.orchestra.run.smithi044.stdout:/usr/bin/ceph: stderr
2024-09-13T17:17:48.492+0000 7efe97b34640 1 -- 172.21.15.44:0/2606317291 wait complete.
2024-09-13T17:17:49.263 INFO:teuthology.orchestra.run.smithi044.stdout:/usr/bin/ceph: stderr
2024-09-13T17:17:48.492+0000 7efe97b34640 1 Processor -- start
2024-09-13T17:17:49.263 INFO:teuthology.orchestra.run.smithi044.stdout:/usr/bin/ceph: stderr
2024-09-13T17:17:48.492+0000 7efe97b34640 1 -- start start
2024-09-13T17:17:49.263 INFO:teuthology.orchestra.run.smithi044.stdout:/usr/bin/ceph: stderr
2024-09-13T17:17:48.492+0000 7efe97b34640 1 --2- >> [v2:172.21.15.44:3300/0,v1:172.21.15.44:6789/0] conn(0x7efe901060b0 0x7efe90199560 unknown :-1 s=NONE pgs=0 cs=0 l=1 rev1=0 crypto rx=0 tx=0 comp rx=0 tx=0).connect
2024-09-13T17:17:49.264 INFO:teuthology.orchestra.run.smithi044.stdout:/usr/bin/ceph: stderr
2024-09-13T17:17:48.492+0000 7efe97b34640 1 -- --> [v2:172.21.15.44:3300/0,v1:172.21.15.44:6789/0] -- mon_getmap magic: 0 v1 -- 0x7efe90199aa0 con 0x7efe901060b0
2024-09-13T17:17:49.264 INFO:teuthology.orchestra.run.smithi044.stdout:/usr/bin/ceph: stderr
2024-09-13T17:17:48.493+0000 7efe958d0640 1 --2- >> [v2:172.21.15.44:3300/0,v1:172.21.15.44:6789/0] conn(0x7efe901060b0 0x7efe90199560 unknown :-1 s=BANNER_CONNECTING pgs=0 cs=0 l=1 rev1=0 crypto rx=0 tx=0 comp rx=0 tx=0)._handle_peer_banner_payload supported=3 required=0
2024-09-13T17:17:49.264 INFO:teuthology.orchestra.run.smithi044.stdout:/usr/bin/ceph: stderr
2024-09-13T17:17:48.493+0000 7efe958d0640 1 --2- >> [v2:172.21.15.44:3300/0,v1:172.21.15.44:6789/0] conn(0x7efe901060b0 0x7efe90199560 unknown :-1 s=HELLO_CONNECTING pgs=0 cs=0 l=1 rev1=1 crypto rx=0 tx=0 comp rx=0 tx=0).handle_hello peer v2:172.21.15.44:3300/0 says I am v2:172.21.15.44:53638/0 (socket says 172.21.15.44:53638)
2024-09-13T17:17:49.264 INFO:teuthology.orchestra.run.smithi044.stdout:/usr/bin/ceph: stderr
2024-09-13T17:17:48.493+0000 7efe958d0640 1 -- 172.21.15.44:0/3756024728 learned_addr learned my addr 172.21.15.44:0/3756024728 (peer_addr_for_me v2:172.21.15.44:0/0)
2024-09-13T17:17:49.264 INFO:teuthology.orchestra.run.smithi044.stdout:/usr/bin/ceph: stderr
2024-09-13T17:17:48.493+0000 7efe958d0640 1 -- 172.21.15.44:0/3756024728 --> [v2:172.21.15.44:3300/0,v1:172.21.15.44:6789/0] -- mon_subscribe({config=0+,monmap=0+}) v3 -- 0x7efe8c0094d0 con 0x7efe901060b0
2024-09-13T17:17:49.264 INFO:teuthology.orchestra.run.smithi044.stdout:/usr/bin/ceph: stderr
2024-09-13T17:17:48.493+0000 7efe958d0640 1 --2- 172.21.15.44:0/3756024728 >> [v2:172.21.15.44:3300/0,v1:172.21.15.44:6789/0] conn(0x7efe901060b0 0x7efe90199560 secure :-1 s=READY pgs=75 cs=0 l=1 rev1=1 crypto rx=0x7efe8c030410 tx=0x7efe8c030d50 comp rx=0 tx=0).ready entity=mon.0 client_cookie=0 server_cookie=0 in_seq=0 out_seq=0
2024-09-13T17:17:49.264 INFO:teuthology.orchestra.run.smithi044.stdout:/usr/bin/ceph: stderr
2024-09-13T17:17:48.493+0000 7efe86ffd640 1 -- 172.21.15.44:0/3756024728 <== mon.0 v2:172.21.15.44:3300/0 1 ==== mon_map magic: 0 v1 ==== 205+0+0 (secure 0 0 0) 0x7efe8c032c50 con 0x7efe901060b0
2024-09-13T17:17:49.264 INFO:teuthology.orchestra.run.smithi044.stdout:/usr/bin/ceph: stderr
2024-09-13T17:17:48.493+0000 7efe86ffd640 1 -- 172.21.15.44:0/3756024728 <== mon.0 v2:172.21.15.44:3300/0 2 ==== config(25 keys) v1 ==== 1067+0+0 (secure 0 0 0) 0x7efe8c032db0 con 0x7efe901060b0
2024-09-13T17:17:49.264 INFO:teuthology.orchestra.run.smithi044.stdout:/usr/bin/ceph: stderr
2024-09-13T17:17:48.493+0000 7efe97b34640 1 -- 172.21.15.44:0/3756024728 --> [v2:172.21.15.44:3300/0,v1:172.21.15.44:6789/0] -- mon_subscribe({mgrmap=0+}) v3 -- 0x7efe90199ca0 con 0x7efe901060b0
2024-09-13T17:17:49.264 INFO:teuthology.orchestra.run.smithi044.stdout:/usr/bin/ceph: stderr
2024-09-13T17:17:48.493+0000 7efe86ffd640 1 -- 172.21.15.44:0/3756024728 <== mon.0 v2:172.21.15.44:3300/0 3 ==== mon_map magic: 0 v1 ==== 205+0+0 (secure 0 0 0) 0x7efe8c03a5b0 con 0x7efe901060b0
2024-09-13T17:17:49.264 INFO:teuthology.orchestra.run.smithi044.stdout:/usr/bin/ceph: stderr
2024-09-13T17:17:48.493+0000 7efe97b34640 1 -- 172.21.15.44:0/3756024728 --> [v2:172.21.15.44:3300/0,v1:172.21.15.44:6789/0] -- mon_subscribe({osdmap=0}) v3 -- 0x7efe9019a140 con 0x7efe901060b0
2024-09-13T17:17:49.264 INFO:teuthology.orchestra.run.smithi044.stdout:/usr/bin/ceph: stderr
2024-09-13T17:17:48.494+0000 7efe86ffd640 1 -- 172.21.15.44:0/3756024728 <== mon.0 v2:172.21.15.44:3300/0 4 ==== mgrmap(e 13) v1 ==== 45597+0+0 (secure 0 0 0) 0x7efe8c039040 con 0x7efe901060b0
2024-09-13T17:17:49.264 INFO:teuthology.orchestra.run.smithi044.stdout:/usr/bin/ceph: stderr
2024-09-13T17:17:48.494+0000 7efe86ffd640 1 --2- 172.21.15.44:0/3756024728 >> [v2:172.21.15.44:6800/322597156,v1:172.21.15.44:6801/322597156] conn(0x7efe7c038820 0x7efe7c03ace0 unknown :-1 s=NONE pgs=0 cs=0 l=1 rev1=0 crypto rx=0 tx=0 comp rx=0 tx=0).connect
2024-09-13T17:17:49.264 INFO:teuthology.orchestra.run.smithi044.stdout:/usr/bin/ceph: stderr
2024-09-13T17:17:48.494+0000 7efe97b34640 1 -- 172.21.15.44:0/3756024728 --> [v2:172.21.15.44:3300/0,v1:172.21.15.44:6789/0] -- mon_command({"prefix": "get_command_descriptions"} v 0) v1 -- 0x7efe90073df0 con 0x7efe901060b0
2024-09-13T17:17:49.265 INFO:teuthology.orchestra.run.smithi044.stdout:/usr/bin/ceph: stderr
2024-09-13T17:17:48.494+0000 7efe86ffd640 1 -- 172.21.15.44:0/3756024728 <== mon.0 v2:172.21.15.44:3300/0 5 ==== osd_map(3..3 src has 1..3) v4 ==== 1155+0+0 (secure 0 0 0) 0x7efe8c06ba10 con 0x7efe901060b0
2024-09-13T17:17:49.265 INFO:teuthology.orchestra.run.smithi044.stdout:/usr/bin/ceph: stderr
2024-09-13T17:17:48.494+0000 7efe950cf640 1 --2- 172.21.15.44:0/3756024728 >> [v2:172.21.15.44:6800/322597156,v1:172.21.15.44:6801/322597156] conn(0x7efe7c038820 0x7efe7c03ace0 unknown :-1 s=BANNER_CONNECTING pgs=0 cs=0 l=1 rev1=0 crypto rx=0 tx=0 comp rx=0 tx=0)._handle_peer_banner_payload supported=3 required=0
2024-09-13T17:17:49.265 INFO:teuthology.orchestra.run.smithi044.stdout:/usr/bin/ceph: stderr
2024-09-13T17:17:48.495+0000 7efe950cf640 1 --2- 172.21.15.44:0/3756024728 >> [v2:172.21.15.44:6800/322597156,v1:172.21.15.44:6801/322597156] conn(0x7efe7c038820 0x7efe7c03ace0 secure :-1 s=READY pgs=10 cs=0 l=1 rev1=1 crypto rx=0x7efe800098c0 tx=0x7efe80006db0 comp rx=0 tx=0).ready entity=mgr.14150 client_cookie=0 server_cookie=0 in_seq=0 out_seq=0
2024-09-13T17:17:49.265 INFO:teuthology.orchestra.run.smithi044.stdout:/usr/bin/ceph: stderr
2024-09-13T17:17:48.499+0000 7efe86ffd640 1 -- 172.21.15.44:0/3756024728 <== mon.0 v2:172.21.15.44:3300/0 6 ==== mon_command_ack([{"prefix": "get_command_descriptions"}]=0 v0) v1 ==== 72+0+183819 (secure 0 0 0) 0x7efe8c03f080 con 0x7efe901060b0
2024-09-13T17:17:49.265 INFO:teuthology.orchestra.run.smithi044.stdout:/usr/bin/ceph: stderr
2024-09-13T17:17:48.670+0000 7efe97b34640 1 -- 172.21.15.44:0/3756024728 --> [v2:172.21.15.44:3300/0,v1:172.21.15.44:6789/0] -- mon_command([{prefix=config set, name=osd_memory_target_autotune}] v 0) v1 -- 0x7efe901097e0 con 0x7efe901060b0
2024-09-13T17:17:49.265 INFO:teuthology.orchestra.run.smithi044.stdout:/usr/bin/ceph: stderr
2024-09-13T17:17:48.670+0000 7efe86ffd640 1 -- 172.21.15.44:0/3756024728 <== mon.0 v2:172.21.15.44:3300/0 7 ==== mon_command_ack([{prefix=config set, name=osd_memory_target_autotune}]=0 v8)=0 v8) v1 ==== 127+0+0 (secure 0 0 0) 0x7efe8c037020 con 0x7efe901060b0
2024-09-13T17:17:49.265 INFO:teuthology.orchestra.run.smithi044.stdout:/usr/bin/ceph: stderr
2024-09-13T17:17:48.672+0000 7efe97b34640 1 -- 172.21.15.44:0/3756024728 >> [v2:172.21.15.44:6800/322597156,v1:172.21.15.44:6801/322597156] conn(0x7efe7c038820 msgr2=0x7efe7c03ace0 secure :-1 s=STATE_CONNECTION_ESTABLISHED l=1).mark_down
2024-09-13T17:17:49.265 INFO:teuthology.orchestra.run.smithi044.stdout:/usr/bin/ceph: stderr
2024-09-13T17:17:48.672+0000 7efe97b34640 1 --2- 172.21.15.44:0/3756024728 >> [v2:172.21.15.44:6800/322597156,v1:172.21.15.44:6801/322597156] conn(0x7efe7c038820 0x7efe7c03ace0 secure :-1 s=READY pgs=10 cs=0 l=1 rev1=1 crypto rx=0x7efe800098c0 tx=0x7efe80006db0 comp rx=0 tx=0).stop
2024-09-13T17:17:49.265 INFO:teuthology.orchestra.run.smithi044.stdout:/usr/bin/ceph: stderr
2024-09-13T17:17:48.672+0000 7efe97b34640 1 -- 172.21.15.44:0/3756024728 >> [v2:172.21.15.44:3300/0,v1:172.21.15.44:6789/0] conn(0x7efe901060b0 msgr2=0x7efe90199560 secure :-1 s=STATE_CONNECTION_ESTABLISHED l=1).mark_down
2024-09-13T17:17:49.265 INFO:teuthology.orchestra.run.smithi044.stdout:/usr/bin/ceph: stderr
2024-09-13T17:17:48.672+0000 7efe97b34640 1 --2- 172.21.15.44:0/3756024728 >> [v2:172.21.15.44:3300/0,v1:172.21.15.44:6789/0] conn(0x7efe901060b0 0x7efe90199560 secure :-1 s=READY pgs=75 cs=0 l=1 rev1=1 crypto rx=0x7efe8c030410 tx=0x7efe8c030d50 comp rx=0 tx=0).stop
2024-09-13T17:17:49.265 INFO:teuthology.orchestra.run.smithi044.stdout:/usr/bin/ceph: stderr
2024-09-13T17:17:48.672+0000 7efe97b34640 1 -- 172.21.15.44:0/3756024728 shutdown_connections
2024-09-13T17:17:49.266 INFO:teuthology.orchestra.run.smithi044.stdout:/usr/bin/ceph: stderr
2024-09-13T17:17:48.672+0000 7efe97b34640 1 --2- 172.21.15.44:0/3756024728 >> [v2:172.21.15.44:6800/322597156,v1:172.21.15.44:6801/322597156] conn(0x7efe7c038820 0x7efe7c03ace0 unknown :-1 s=CLOSED pgs=10 cs=0 l=1 rev1=1 crypto rx=0 tx=0 comp rx=0 tx=0).stop
2024-09-13T17:17:49.266 INFO:teuthology.orchestra.run.smithi044.stdout:/usr/bin/ceph: stderr
2024-09-13T17:17:48.672+0000 7efe97b34640 1 --2- 172.21.15.44:0/3756024728 >> [v2:172.21.15.44:3300/0,v1:172.21.15.44:6789/0] conn(0x7efe901060b0 0x7efe90199560 unknown :-1 s=CLOSED pgs=75 cs=0 l=1 rev1=1 crypto rx=0 tx=0 comp rx=0 tx=0).stop
2024-09-13T17:17:49.266 INFO:teuthology.orchestra.run.smithi044.stdout:/usr/bin/ceph: stderr
2024-09-13T17:17:48.672+0000 7efe97b34640 1 -- 172.21.15.44:0/3756024728 >> 172.21.15.44:0/3756024728 conn(0x7efe900ffcf0 msgr2=0x7efe901008d0 unknown :-1 s=STATE_NONE l=0).mark_down
2024-09-13T17:17:49.266 INFO:teuthology.orchestra.run.smithi044.stdout:/usr/bin/ceph: stderr
2024-09-13T17:17:48.672+0000 7efe97b34640 1 -- 172.21.15.44:0/3756024728 shutdown_connections
2024-09-13T17:17:49.266 INFO:teuthology.orchestra.run.smithi044.stdout:/usr/bin/ceph: stderr
2024-09-13T17:17:48.672+0000 7efe97b34640 1 -- 172.21.15.44:0/3756024728 wait complete.
2024-09-13T17:17:50.518 INFO:teuthology.orchestra.run.smithi044.stdout:/usr/bin/ceph: stderr
2024-09-13T17:17:49.668+0000 7fac80da4640 1 Processor -- start
2024-09-13T17:17:50.518 INFO:teuthology.orchestra.run.smithi044.stdout:/usr/bin/ceph: stderr
2024-09-13T17:17:49.668+0000 7fac80da4640 1 -- start start
2024-09-13T17:17:50.518 INFO:teuthology.orchestra.run.smithi044.stdout:/usr/bin/ceph: stderr
2024-09-13T17:17:49.668+0000 7fac80da4640 1 --2- >> [v2:172.21.15.44:3300/0,v1:172.21.15.44:6789/0] conn(0x7fac7c106130 0x7fac7c108520 unknown :-1 s=NONE pgs=0 cs=0 l=0 rev1=0 crypto rx=0 tx=0 comp rx=0 tx=0).connect
2024-09-13T17:17:50.518 INFO:teuthology.orchestra.run.smithi044.stdout:/usr/bin/ceph: stderr
2024-09-13T17:17:49.668+0000 7fac80da4640 1 -- --> [v2:172.21.15.44:3300/0,v1:172.21.15.44:6789/0] -- mon_getmap magic: 0 v1 -- 0x7fac7c079e50 con 0x7fac7c106130
2024-09-13T17:17:50.518 INFO:teuthology.orchestra.run.smithi044.stdout:/usr/bin/ceph: stderr
2024-09-13T17:17:49.668+0000 7fac7a59c640 1 --2- >> [v2:172.21.15.44:3300/0,v1:172.21.15.44:6789/0] conn(0x7fac7c106130 0x7fac7c108520 unknown :-1 s=BANNER_CONNECTING pgs=0 cs=0 l=0 rev1=0 crypto rx=0 tx=0 comp rx=0 tx=0)._handle_peer_banner_payload supported=3 required=0
2024-09-13T17:17:50.518 INFO:teuthology.orchestra.run.smithi044.stdout:/usr/bin/ceph: stderr
2024-09-13T17:17:49.668+0000 7fac7a59c640 1 --2- >> [v2:172.21.15.44:3300/0,v1:172.21.15.44:6789/0] conn(0x7fac7c106130 0x7fac7c108520 unknown :-1 s=HELLO_CONNECTING pgs=0 cs=0 l=0 rev1=1 crypto rx=0 tx=0 comp rx=0 tx=0).handle_hello peer v2:172.21.15.44:3300/0 says I am v2:172.21.15.44:48944/0 (socket says 172.21.15.44:48944)
2024-09-13T17:17:50.518 INFO:teuthology.orchestra.run.smithi044.stdout:/usr/bin/ceph: stderr
2024-09-13T17:17:49.668+0000 7fac7a59c640 1 -- 172.21.15.44:0/3297777942 learned_addr learned my addr 172.21.15.44:0/3297777942 (peer_addr_for_me v2:172.21.15.44:0/0)
2024-09-13T17:17:50.518 INFO:teuthology.orchestra.run.smithi044.stdout:/usr/bin/ceph: stderr
2024-09-13T17:17:49.669+0000 7fac7a59c640 1 -- 172.21.15.44:0/3297777942 --> [v2:172.21.15.44:3300/0,v1:172.21.15.44:6789/0] -- mon_subscribe({config=0+,monmap=0+}) v3 -- 0x7fac7c108a60 con 0x7fac7c106130
2024-09-13T17:17:50.518 INFO:teuthology.orchestra.run.smithi044.stdout:/usr/bin/ceph: stderr
2024-09-13T17:17:49.669+0000 7fac7a59c640 1 --2- 172.21.15.44:0/3297777942 >> [v2:172.21.15.44:3300/0,v1:172.21.15.44:6789/0] conn(0x7fac7c106130 0x7fac7c108520 secure :-1 s=READY pgs=76 cs=0 l=1 rev1=1 crypto rx=0x7fac6c009820 tx=0x7fac6c02a270 comp rx=0 tx=0).ready entity=mon.0 client_cookie=650c7291943b4274 server_cookie=0 in_seq=0 out_seq=0
2024-09-13T17:17:50.518 INFO:teuthology.orchestra.run.smithi044.stdout:/usr/bin/ceph: stderr
2024-09-13T17:17:49.670+0000 7fac79d9b640 1 -- 172.21.15.44:0/3297777942 <== mon.0 v2:172.21.15.44:3300/0 1 ==== mon_map magic: 0 v1 ==== 205+0+0 (secure 0 0 0) 0x7fac6c02ae70 con 0x7fac7c106130
