2024-09-13T17:29:45.067 INFO:teuthology.orchestra.run.smithi094.stdout:/usr/bin/ceph: stderr
2024-09-13T17:29:44.171+0000 7f73cd600640 1 -- 172.21.15.94:0/3446686653 wait complete.
2024-09-13T17:29:45.067 INFO:teuthology.orchestra.run.smithi094.stdout:/usr/bin/ceph: stderr
2024-09-13T17:29:44.172+0000 7f73cd600640 1 Processor -- start
2024-09-13T17:29:45.067 INFO:teuthology.orchestra.run.smithi094.stdout:/usr/bin/ceph: stderr
2024-09-13T17:29:44.172+0000 7f73cd600640 1 -- start start
2024-09-13T17:29:45.067 INFO:teuthology.orchestra.run.smithi094.stdout:/usr/bin/ceph: stderr
2024-09-13T17:29:44.173+0000 7f73cd600640 1 --2- >> [v2:172.21.15.94:3300/0,v1:172.21.15.94:6789/0] conn(0x7f73c8107c60 0x7f73c819ba30 unknown :-1 s=NONE pgs=0 cs=0 l=1 rev1=0 crypto rx=0 tx=0 comp rx=0 tx=0).connect
2024-09-13T17:29:45.067 INFO:teuthology.orchestra.run.smithi094.stdout:/usr/bin/ceph: stderr
2024-09-13T17:29:44.173+0000 7f73cd600640 1 -- --> [v2:172.21.15.94:3300/0,v1:172.21.15.94:6789/0] -- mon_getmap magic: 0 v1 -- 0x7f73c819bf70 con 0x7f73c8107c60
2024-09-13T17:29:45.067 INFO:teuthology.orchestra.run.smithi094.stdout:/usr/bin/ceph: stderr
2024-09-13T17:29:44.173+0000 7f73c6a00640 1 --2- >> [v2:172.21.15.94:3300/0,v1:172.21.15.94:6789/0] conn(0x7f73c8107c60 0x7f73c819ba30 unknown :-1 s=BANNER_CONNECTING pgs=0 cs=0 l=1 rev1=0 crypto rx=0 tx=0 comp rx=0 tx=0)._handle_peer_banner_payload supported=3 required=0
2024-09-13T17:29:45.068 INFO:teuthology.orchestra.run.smithi094.stdout:/usr/bin/ceph: stderr
2024-09-13T17:29:44.173+0000 7f73c6a00640 1 --2- >> [v2:172.21.15.94:3300/0,v1:172.21.15.94:6789/0] conn(0x7f73c8107c60 0x7f73c819ba30 unknown :-1 s=HELLO_CONNECTING pgs=0 cs=0 l=1 rev1=1 crypto rx=0 tx=0 comp rx=0 tx=0).handle_hello peer v2:172.21.15.94:3300/0 says I am v2:172.21.15.94:46920/0 (socket says 172.21.15.94:46920)
2024-09-13T17:29:45.068 INFO:teuthology.orchestra.run.smithi094.stdout:/usr/bin/ceph: stderr
2024-09-13T17:29:44.173+0000 7f73c6a00640 1 -- 172.21.15.94:0/1409068036 learned_addr learned my addr 172.21.15.94:0/1409068036 (peer_addr_for_me v2:172.21.15.94:0/0)
2024-09-13T17:29:45.068 INFO:teuthology.orchestra.run.smithi094.stdout:/usr/bin/ceph: stderr
2024-09-13T17:29:44.174+0000 7f73c6a00640 1 -- 172.21.15.94:0/1409068036 --> [v2:172.21.15.94:3300/0,v1:172.21.15.94:6789/0] -- mon_subscribe({config=0+,monmap=0+}) v3 -- 0x7f73b80094d0 con 0x7f73c8107c60
2024-09-13T17:29:45.068 INFO:teuthology.orchestra.run.smithi094.stdout:/usr/bin/ceph: stderr
2024-09-13T17:29:44.174+0000 7f73c6a00640 1 --2- 172.21.15.94:0/1409068036 >> [v2:172.21.15.94:3300/0,v1:172.21.15.94:6789/0] conn(0x7f73c8107c60 0x7f73c819ba30 secure :-1 s=READY pgs=52 cs=0 l=1 rev1=1 crypto rx=0x7f73b80097f0 tx=0x7f73b8032650 comp rx=0 tx=0).ready entity=mon.0 client_cookie=0 server_cookie=0 in_seq=0 out_seq=0
2024-09-13T17:29:45.068 INFO:teuthology.orchestra.run.smithi094.stdout:/usr/bin/ceph: stderr
2024-09-13T17:29:44.174+0000 7f73bf400640 1 -- 172.21.15.94:0/1409068036 <== mon.0 v2:172.21.15.94:3300/0 1 ==== mon_map magic: 0 v1 ==== 205+0+0 (secure 0 0 0) 0x7f73b8032cc0 con 0x7f73c8107c60
2024-09-13T17:29:45.068 INFO:teuthology.orchestra.run.smithi094.stdout:/usr/bin/ceph: stderr
2024-09-13T17:29:44.174+0000 7f73bf400640 1 -- 172.21.15.94:0/1409068036 <== mon.0 v2:172.21.15.94:3300/0 2 ==== config(28 keys) v1 ==== 1174+0+0 (secure 0 0 0) 0x7f73b8032e20 con 0x7f73c8107c60
2024-09-13T17:29:45.068 INFO:teuthology.orchestra.run.smithi094.stdout:/usr/bin/ceph: stderr
2024-09-13T17:29:44.174+0000 7f73cd600640 1 -- 172.21.15.94:0/1409068036 --> [v2:172.21.15.94:3300/0,v1:172.21.15.94:6789/0] -- mon_subscribe({mgrmap=0+}) v3 -- 0x7f73c819c170 con 0x7f73c8107c60
2024-09-13T17:29:45.068 INFO:teuthology.orchestra.run.smithi094.stdout:/usr/bin/ceph: stderr
2024-09-13T17:29:44.174+0000 7f73bf400640 1 -- 172.21.15.94:0/1409068036 <== mon.0 v2:172.21.15.94:3300/0 3 ==== mon_map magic: 0 v1 ==== 205+0+0 (secure 0 0 0) 0x7f73b803a7f0 con 0x7f73c8107c60
2024-09-13T17:29:45.068 INFO:teuthology.orchestra.run.smithi094.stdout:/usr/bin/ceph: stderr
2024-09-13T17:29:44.174+0000 7f73cd600640 1 -- 172.21.15.94:0/1409068036 --> [v2:172.21.15.94:3300/0,v1:172.21.15.94:6789/0] -- mon_subscribe({osdmap=0}) v3 -- 0x7f73c819c610 con 0x7f73c8107c60
2024-09-13T17:29:45.068 INFO:teuthology.orchestra.run.smithi094.stdout:/usr/bin/ceph: stderr
2024-09-13T17:29:44.175+0000 7f73bf400640 1 -- 172.21.15.94:0/1409068036 <== mon.0 v2:172.21.15.94:3300/0 4 ==== mgrmap(e 8) v1 ==== 45541+0+0 (secure 0 0 0) 0x7f73b8039040 con 0x7f73c8107c60
2024-09-13T17:29:45.068 INFO:teuthology.orchestra.run.smithi094.stdout:/usr/bin/ceph: stderr
2024-09-13T17:29:44.176+0000 7f73cd600640 1 -- 172.21.15.94:0/1409068036 --> [v2:172.21.15.94:3300/0,v1:172.21.15.94:6789/0] -- mon_command({"prefix": "get_command_descriptions"} v 0) v1 -- 0x7f73c810c040 con 0x7f73c8107c60
2024-09-13T17:29:45.068 INFO:teuthology.orchestra.run.smithi094.stdout:/usr/bin/ceph: stderr
2024-09-13T17:29:44.176+0000 7f73bf400640 1 --2- 172.21.15.94:0/1409068036 >> [v2:172.21.15.94:6800/2619032844,v1:172.21.15.94:6801/2619032844] conn(0x7f73ac038670 0x7f73ac03ab30 unknown :-1 s=NONE pgs=0 cs=0 l=1 rev1=0 crypto rx=0 tx=0 comp rx=0 tx=0).connect
2024-09-13T17:29:45.068 INFO:teuthology.orchestra.run.smithi094.stdout:/usr/bin/ceph: stderr
2024-09-13T17:29:44.176+0000 7f73bf400640 1 -- 172.21.15.94:0/1409068036 <== mon.0 v2:172.21.15.94:3300/0 5 ==== osd_map(2..2 src has 1..2) v4 ==== 940+0+0 (secure 0 0 0) 0x7f73b806b670 con 0x7f73c8107c60
2024-09-13T17:29:45.069 INFO:teuthology.orchestra.run.smithi094.stdout:/usr/bin/ceph: stderr
2024-09-13T17:29:44.176+0000 7f73c6000640 1 --2- 172.21.15.94:0/1409068036 >> [v2:172.21.15.94:6800/2619032844,v1:172.21.15.94:6801/2619032844] conn(0x7f73ac038670 0x7f73ac03ab30 unknown :-1 s=BANNER_CONNECTING pgs=0 cs=0 l=1 rev1=0 crypto rx=0 tx=0 comp rx=0 tx=0)._handle_peer_banner_payload supported=3 required=0
2024-09-13T17:29:45.069 INFO:teuthology.orchestra.run.smithi094.stdout:/usr/bin/ceph: stderr
2024-09-13T17:29:44.177+0000 7f73c6000640 1 --2- 172.21.15.94:0/1409068036 >> [v2:172.21.15.94:6800/2619032844,v1:172.21.15.94:6801/2619032844] conn(0x7f73ac038670 0x7f73ac03ab30 secure :-1 s=READY pgs=15 cs=0 l=1 rev1=1 crypto rx=0x7f73b40098c0 tx=0x7f73b4006db0 comp rx=0 tx=0).ready entity=mgr.14118 client_cookie=0 server_cookie=0 in_seq=0 out_seq=0
2024-09-13T17:29:45.069 INFO:teuthology.orchestra.run.smithi094.stdout:/usr/bin/ceph: stderr
2024-09-13T17:29:44.181+0000 7f73bf400640 1 -- 172.21.15.94:0/1409068036 <== mon.0 v2:172.21.15.94:3300/0 6 ==== mon_command_ack([{"prefix": "get_command_descriptions"}]=0 v0) v1 ==== 72+0+183819 (secure 0 0 0) 0x7f73b804b710 con 0x7f73c8107c60
2024-09-13T17:29:45.069 INFO:teuthology.orchestra.run.smithi094.stdout:/usr/bin/ceph: stderr
2024-09-13T17:29:44.362+0000 7f73cd600640 1 -- 172.21.15.94:0/1409068036 --> [v2:172.21.15.94:3300/0,v1:172.21.15.94:6789/0] -- mon_command([{prefix=config set, name=mgr/dashboard/ssl_server_port}] v 0) v1 -- 0x7f73c819eef0 con 0x7f73c8107c60
2024-09-13T17:29:45.069 INFO:teuthology.orchestra.run.smithi094.stdout:/usr/bin/ceph: stderr
2024-09-13T17:29:44.366+0000 7f73bf400640 1 -- 172.21.15.94:0/1409068036 <== mon.0 v2:172.21.15.94:3300/0 7 ==== mon_command_ack([{prefix=config set, name=mgr/dashboard/ssl_server_port}]=0 v8)=0 v8) v1 ==== 130+0+0 (secure 0 0 0) 0x7f73b80370c0 con 0x7f73c8107c60
2024-09-13T17:29:45.069 INFO:teuthology.orchestra.run.smithi094.stdout:/usr/bin/ceph: stderr
2024-09-13T17:29:44.369+0000 7f73cd600640 1 -- 172.21.15.94:0/1409068036 >> [v2:172.21.15.94:6800/2619032844,v1:172.21.15.94:6801/2619032844] conn(0x7f73ac038670 msgr2=0x7f73ac03ab30 secure :-1 s=STATE_CONNECTION_ESTABLISHED l=1).mark_down
2024-09-13T17:29:45.069 INFO:teuthology.orchestra.run.smithi094.stdout:/usr/bin/ceph: stderr
2024-09-13T17:29:44.369+0000 7f73cd600640 1 --2- 172.21.15.94:0/1409068036 >> [v2:172.21.15.94:6800/2619032844,v1:172.21.15.94:6801/2619032844] conn(0x7f73ac038670 0x7f73ac03ab30 secure :-1 s=READY pgs=15 cs=0 l=1 rev1=1 crypto rx=0x7f73b40098c0 tx=0x7f73b4006db0 comp rx=0 tx=0).stop
2024-09-13T17:29:45.069 INFO:teuthology.orchestra.run.smithi094.stdout:/usr/bin/ceph: stderr
2024-09-13T17:29:44.369+0000 7f73cd600640 1 -- 172.21.15.94:0/1409068036 >> [v2:172.21.15.94:3300/0,v1:172.21.15.94:6789/0] conn(0x7f73c8107c60 msgr2=0x7f73c819ba30 secure :-1 s=STATE_CONNECTION_ESTABLISHED l=1).mark_down
2024-09-13T17:29:45.069 INFO:teuthology.orchestra.run.smithi094.stdout:/usr/bin/ceph: stderr
2024-09-13T17:29:44.369+0000 7f73cd600640 1 --2- 172.21.15.94:0/1409068036 >> [v2:172.21.15.94:3300/0,v1:172.21.15.94:6789/0] conn(0x7f73c8107c60 0x7f73c819ba30 secure :-1 s=READY pgs=52 cs=0 l=1 rev1=1 crypto rx=0x7f73b80097f0 tx=0x7f73b8032650 comp rx=0 tx=0).stop
2024-09-13T17:29:45.069 INFO:teuthology.orchestra.run.smithi094.stdout:/usr/bin/ceph: stderr
2024-09-13T17:29:44.369+0000 7f73cd600640 1 -- 172.21.15.94:0/1409068036 shutdown_connections
2024-09-13T17:29:45.069 INFO:teuthology.orchestra.run.smithi094.stdout:/usr/bin/ceph: stderr
2024-09-13T17:29:44.369+0000 7f73cd600640 1 --2- 172.21.15.94:0/1409068036 >> [v2:172.21.15.94:6800/2619032844,v1:172.21.15.94:6801/2619032844] conn(0x7f73ac038670 0x7f73ac03ab30 unknown :-1 s=CLOSED pgs=15 cs=0 l=1 rev1=1 crypto rx=0 tx=0 comp rx=0 tx=0).stop
2024-09-13T17:29:45.069 INFO:teuthology.orchestra.run.smithi094.stdout:/usr/bin/ceph: stderr
2024-09-13T17:29:44.369+0000 7f73cd600640 1 --2- 172.21.15.94:0/1409068036 >> [v2:172.21.15.94:3300/0,v1:172.21.15.94:6789/0] conn(0x7f73c8107c60 0x7f73c819ba30 unknown :-1 s=CLOSED pgs=52 cs=0 l=1 rev1=1 crypto rx=0 tx=0 comp rx=0 tx=0).stop
2024-09-13T17:29:45.069 INFO:teuthology.orchestra.run.smithi094.stdout:/usr/bin/ceph: stderr
2024-09-13T17:29:44.369+0000 7f73cd600640 1 -- 172.21.15.94:0/1409068036 >> 172.21.15.94:0/1409068036 conn(0x7f73c807b360 msgr2=0x7f73c81056a0 unknown :-1 s=STATE_NONE l=0).mark_down
2024-09-13T17:29:45.070 INFO:teuthology.orchestra.run.smithi094.stdout:/usr/bin/ceph: stderr
2024-09-13T17:29:44.369+0000 7f73cd600640 1 -- 172.21.15.94:0/1409068036 shutdown_connections
2024-09-13T17:29:45.070 INFO:teuthology.orchestra.run.smithi094.stdout:/usr/bin/ceph: stderr
2024-09-13T17:29:44.370+0000 7f73cd600640 1 -- 172.21.15.94:0/1409068036 wait complete.
2024-09-13T17:29:45.070 INFO:teuthology.orchestra.run.smithi094.stdout:Enabling the dashboard module...
2024-09-13T17:29:45.321 INFO:journalctl@ceph.mon.a.smithi094.stdout:Sep 13 17:29:45 smithi094 ceph-mon[30818]: from='mgr.14118 172.21.15.94:0/2691062213' entity='mgr.x'
2024-09-13T17:29:45.321 INFO:journalctl@ceph.mon.a.smithi094.stdout:Sep 13 17:29:45 smithi094 ceph-mon[30818]: from='client.? 172.21.15.94:0/1409068036' entity='client.admin'
2024-09-13T17:29:46.403 INFO:journalctl@ceph.mon.a.smithi094.stdout:Sep 13 17:29:46 smithi094 ceph-mon[30818]: from='client.? 172.21.15.94:0/3413658715' entity='client.admin' cmd=[{"prefix": "mgr module enable", "module": "dashboard"}]: dispatch
2024-09-13T17:29:46.403 INFO:journalctl@ceph.mon.a.smithi094.stdout:Sep 13 17:29:46 smithi094 ceph-mon[30818]: from='mgr.14118 172.21.15.94:0/2691062213' entity='mgr.x'
2024-09-13T17:29:46.403 INFO:journalctl@ceph.mgr.x.smithi094.stdout:Sep 13 17:29:46 smithi094 ceph-82bee710-71f5-11ef-bceb-c7b262605968-mgr-x[31041]: ignoring --setuser ceph since I am not root
2024-09-13T17:29:46.403 INFO:journalctl@ceph.mgr.x.smithi094.stdout:Sep 13 17:29:46 smithi094 ceph-82bee710-71f5-11ef-bceb-c7b262605968-mgr-x[31041]: ignoring --setgroup ceph since I am not root
2024-09-13T17:29:46.404 INFO:journalctl@ceph.mgr.x.smithi094.stdout:Sep 13 17:29:46 smithi094 ceph-82bee710-71f5-11ef-bceb-c7b262605968-mgr-x[31041]:
2024-09-13T17:29:46.331+0000 7f099ac94040 -1 mgr[py] Module osd_perf_query has missing NOTIFY_TYPES member
2024-09-13T17:29:46.404 INFO:journalctl@ceph.mgr.x.smithi094.stdout:Sep 13 17:29:46 smithi094 ceph-82bee710-71f5-11ef-bceb-c7b262605968-mgr-x[31041]:
2024-09-13T17:29:46.400+0000 7f099ac94040 -1 mgr[py] Module osd_support has missing NOTIFY_TYPES member
2024-09-13T17:29:46.665 INFO:journalctl@ceph.mgr.x.smithi094.stdout:Sep 13 17:29:46 smithi094 ceph-82bee710-71f5-11ef-bceb-c7b262605968-mgr-x[31041]:
2024-09-13T17:29:46.585+0000 7f099ac94040 -1 mgr[py] Module diskprediction_local has missing NOTIFY_TYPES member
2024-09-13T17:29:46.812 INFO:teuthology.orchestra.run.smithi094.stdout:/usr/bin/ceph: stderr
2024-09-13T17:29:45.560+0000 7f1eedc00640 1 Processor -- start
2024-09-13T17:29:46.812 INFO:teuthology.orchestra.run.smithi094.stdout:/usr/bin/ceph: stderr
2024-09-13T17:29:45.560+0000 7f1eedc00640 1 -- start start
2024-09-13T17:29:46.812 INFO:teuthology.orchestra.run.smithi094.stdout:/usr/bin/ceph: stderr
2024-09-13T17:29:45.560+0000 7f1eedc00640 1 --2- >> [v2:172.21.15.94:3300/0,v1:172.21.15.94:6789/0] conn(0x7f1ee8107d40 0x7f1ee8108160 unknown :-1 s=NONE pgs=0 cs=0 l=0 rev1=0 crypto rx=0 tx=0 comp rx=0 tx=0).connect
2024-09-13T17:29:46.812 INFO:teuthology.orchestra.run.smithi094.stdout:/usr/bin/ceph: stderr
2024-09-13T17:29:45.560+0000 7f1eedc00640 1 -- --> [v2:172.21.15.94:3300/0,v1:172.21.15.94:6789/0] -- mon_getmap magic: 0 v1 -- 0x7f1ee8108730 con 0x7f1ee8107d40
2024-09-13T17:29:46.812 INFO:teuthology.orchestra.run.smithi094.stdout:/usr/bin/ceph: stderr
2024-09-13T17:29:45.561+0000 7f1ee6a00640 1 --2- >> [v2:172.21.15.94:3300/0,v1:172.21.15.94:6789/0] conn(0x7f1ee8107d40 0x7f1ee8108160 unknown :-1 s=BANNER_CONNECTING pgs=0 cs=0 l=0 rev1=0 crypto rx=0 tx=0 comp rx=0 tx=0)._handle_peer_banner_payload supported=3 required=0
2024-09-13T17:29:46.812 INFO:teuthology.orchestra.run.smithi094.stdout:/usr/bin/ceph: stderr
2024-09-13T17:29:45.561+0000 7f1ee6a00640 1 --2- >> [v2:172.21.15.94:3300/0,v1:172.21.15.94:6789/0] conn(0x7f1ee8107d40 0x7f1ee8108160 unknown :-1 s=HELLO_CONNECTING pgs=0 cs=0 l=0 rev1=1 crypto rx=0 tx=0 comp rx=0 tx=0).handle_hello peer v2:172.21.15.94:3300/0 says I am v2:172.21.15.94:46936/0 (socket says 172.21.15.94:46936)
2024-09-13T17:29:46.812 INFO:teuthology.orchestra.run.smithi094.stdout:/usr/bin/ceph: stderr
2024-09-13T17:29:45.561+0000 7f1ee6a00640 1 -- 172.21.15.94:0/246645500 learned_addr learned my addr 172.21.15.94:0/246645500 (peer_addr_for_me v2:172.21.15.94:0/0)
2024-09-13T17:29:46.812 INFO:teuthology.orchestra.run.smithi094.stdout:/usr/bin/ceph: stderr
2024-09-13T17:29:45.561+0000 7f1ee6a00640 1 -- 172.21.15.94:0/246645500 --> [v2:172.21.15.94:3300/0,v1:172.21.15.94:6789/0] -- mon_subscribe({config=0+,monmap=0+}) v3 -- 0x7f1ee8108ef0 con 0x7f1ee8107d40
2024-09-13T17:29:46.812 INFO:teuthology.orchestra.run.smithi094.stdout:/usr/bin/ceph: stderr
2024-09-13T17:29:45.562+0000 7f1ee6a00640 1 --2- 172.21.15.94:0/246645500 >> [v2:172.21.15.94:3300/0,v1:172.21.15.94:6789/0] conn(0x7f1ee8107d40 0x7f1ee8108160 secure :-1 s=READY pgs=53 cs=0 l=1 rev1=1 crypto rx=0x7f1ed8009820 tx=0x7f1ed802a270 comp rx=0 tx=0).ready entity=mon.0 client_cookie=923af440f00a3f54 server_cookie=0 in_seq=0 out_seq=0
2024-09-13T17:29:46.812 INFO:teuthology.orchestra.run.smithi094.stdout:/usr/bin/ceph: stderr
2024-09-13T17:29:45.563+0000 7f1ee5600640 1 -- 172.21.15.94:0/246645500 <== mon.0 v2:172.21.15.94:3300/0 1 ==== mon_map magic: 0 v1 ==== 205+0+0 (secure 0 0 0) 0x7f1ed802ae70 con 0x7f1ee8107d40
2024-09-13T17:29:46.812 INFO:teuthology.orchestra.run.smithi094.stdout:/usr/bin/ceph: stderr
2024-09-13T17:29:45.563+0000 7f1ee5600640 1 -- 172.21.15.94:0/246645500 <== mon.0 v2:172.21.15.94:3300/0 2 ==== config(28 keys) v1 ==== 1174+0+0 (secure 0 0 0) 0x7f1ed8032940 con 0x7f1ee8107d40
2024-09-13T17:29:46.813 INFO:teuthology.orchestra.run.smithi094.stdout:/usr/bin/ceph: stderr
2024-09-13T17:29:45.563+0000 7f1ee5600640 1 -- 172.21.15.94:0/246645500 <== mon.0 v2:172.21.15.94:3300/0 3 ==== mon_map magic: 0 v1 ==== 205+0+0 (secure 0 0 0) 0x7f1ed80309e0 con 0x7f1ee8107d40
2024-09-13T17:29:46.813 INFO:teuthology.orchestra.run.smithi094.stdout:/usr/bin/ceph: stderr
2024-09-13T17:29:45.563+0000 7f1eedc00640 1 -- 172.21.15.94:0/246645500 >> [v2:172.21.15.94:3300/0,v1:172.21.15.94:6789/0] conn(0x7f1ee8107d40 msgr2=0x7f1ee8108160 secure :-1 s=STATE_CONNECTION_ESTABLISHED l=1).mark_down
2024-09-13T17:29:46.813 INFO:teuthology.orchestra.run.smithi094.stdout:/usr/bin/ceph: stderr
2024-09-13T17:29:45.563+0000 7f1eedc00640 1 --2- 172.21.15.94:0/246645500 >> [v2:172.21.15.94:3300/0,v1:172.21.15.94:6789/0] conn(0x7f1ee8107d40 0x7f1ee8108160 secure :-1 s=READY pgs=53 cs=0 l=1 rev1=1 crypto rx=0x7f1ed8009820 tx=0x7f1ed802a270 comp rx=0 tx=0).stop
2024-09-13T17:29:46.813 INFO:teuthology.orchestra.run.smithi094.stdout:/usr/bin/ceph: stderr
2024-09-13T17:29:45.563+0000 7f1eedc00640 1 -- 172.21.15.94:0/246645500 shutdown_connections
2024-09-13T17:29:46.813 INFO:teuthology.orchestra.run.smithi094.stdout:/usr/bin/ceph: stderr
2024-09-13T17:29:45.563+0000 7f1eedc00640 1 --2- 172.21.15.94:0/246645500 >> [v2:172.21.15.94:3300/0,v1:172.21.15.94:6789/0] conn(0x7f1ee8107d40 0x7f1ee8108160 unknown :-1 s=CLOSED pgs=53 cs=0 l=1 rev1=1 crypto rx=0 tx=0 comp rx=0 tx=0).stop
2024-09-13T17:29:46.813 INFO:teuthology.orchestra.run.smithi094.stdout:/usr/bin/ceph: stderr
2024-09-13T17:29:45.563+0000 7f1eedc00640 1 -- 172.21.15.94:0/246645500 >> 172.21.15.94:0/246645500 conn(0x7f1ee807b430 msgr2=0x7f1ee807b840 unknown :-1 s=STATE_NONE l=0).mark_down
2024-09-13T17:29:46.813 INFO:teuthology.orchestra.run.smithi094.stdout:/usr/bin/ceph: stderr
2024-09-13T17:29:45.563+0000 7f1eedc00640 1 -- 172.21.15.94:0/246645500 shutdown_connections
2024-09-13T17:29:46.813 INFO:teuthology.orchestra.run.smithi094.stdout:/usr/bin/ceph: stderr
2024-09-13T17:29:45.564+0000 7f1eedc00640 1 -- 172.21.15.94:0/246645500 wait complete.
2024-09-13T17:29:46.813 INFO:teuthology.orchestra.run.smithi094.stdout:/usr/bin/ceph: stderr
2024-09-13T17:29:45.564+0000 7f1eedc00640 1 Processor -- start
2024-09-13T17:29:46.813 INFO:teuthology.orchestra.run.smithi094.stdout:/usr/bin/ceph: stderr
2024-09-13T17:29:45.565+0000 7f1eedc00640 1 -- start start
2024-09-13T17:29:46.813 INFO:teuthology.orchestra.run.smithi094.stdout:/usr/bin/ceph: stderr
2024-09-13T17:29:45.565+0000 7f1eedc00640 1 --2- >> [v2:172.21.15.94:3300/0,v1:172.21.15.94:6789/0] conn(0x7f1ee8107d40 0x7f1ee819baa0 unknown :-1 s=NONE pgs=0 cs=0 l=1 rev1=0 crypto rx=0 tx=0 comp rx=0 tx=0).connect
2024-09-13T17:29:46.813 INFO:teuthology.orchestra.run.smithi094.stdout:/usr/bin/ceph: stderr
2024-09-13T17:29:45.565+0000 7f1eedc00640 1 -- --> [v2:172.21.15.94:3300/0,v1:172.21.15.94:6789/0] -- mon_getmap magic: 0 v1 -- 0x7f1ee819bfe0 con 0x7f1ee8107d40
2024-09-13T17:29:46.814 INFO:teuthology.orchestra.run.smithi094.stdout:/usr/bin/ceph: stderr
2024-09-13T17:29:45.565+0000 7f1ee6a00640 1 --2- >> [v2:172.21.15.94:3300/0,v1:172.21.15.94:6789/0] conn(0x7f1ee8107d40 0x7f1ee819baa0 unknown :-1 s=BANNER_CONNECTING pgs=0 cs=0 l=1 rev1=0 crypto rx=0 tx=0 comp rx=0 tx=0)._handle_peer_banner_payload supported=3 required=0
2024-09-13T17:29:46.814 INFO:teuthology.orchestra.run.smithi094.stdout:/usr/bin/ceph: stderr
2024-09-13T17:29:45.565+0000 7f1ee6a00640 1 --2- >> [v2:172.21.15.94:3300/0,v1:172.21.15.94:6789/0] conn(0x7f1ee8107d40 0x7f1ee819baa0 unknown :-1 s=HELLO_CONNECTING pgs=0 cs=0 l=1 rev1=1 crypto rx=0 tx=0 comp rx=0 tx=0).handle_hello peer v2:172.21.15.94:3300/0 says I am v2:172.21.15.94:46944/0 (socket says 172.21.15.94:46944)
2024-09-13T17:29:46.814 INFO:teuthology.orchestra.run.smithi094.stdout:/usr/bin/ceph: stderr
2024-09-13T17:29:45.565+0000 7f1ee6a00640 1 -- 172.21.15.94:0/3413658715 learned_addr learned my addr 172.21.15.94:0/3413658715 (peer_addr_for_me v2:172.21.15.94:0/0)
2024-09-13T17:29:46.814 INFO:teuthology.orchestra.run.smithi094.stdout:/usr/bin/ceph: stderr
2024-09-13T17:29:45.565+0000 7f1ee6a00640 1 -- 172.21.15.94:0/3413658715 --> [v2:172.21.15.94:3300/0,v1:172.21.15.94:6789/0] -- mon_subscribe({config=0+,monmap=0+}) v3 -- 0x7f1ed80094d0 con 0x7f1ee8107d40
2024-09-13T17:29:46.814 INFO:teuthology.orchestra.run.smithi094.stdout:/usr/bin/ceph: stderr
2024-09-13T17:29:45.566+0000 7f1ee6a00640 1 --2- 172.21.15.94:0/3413658715 >> [v2:172.21.15.94:3300/0,v1:172.21.15.94:6789/0] conn(0x7f1ee8107d40 0x7f1ee819baa0 secure :-1 s=READY pgs=54 cs=0 l=1 rev1=1 crypto rx=0x7f1ed80097f0 tx=0x7f1ed8032650 comp rx=0 tx=0).ready entity=mon.0 client_cookie=0 server_cookie=0 in_seq=0 out_seq=0
2024-09-13T17:29:46.814 INFO:teuthology.orchestra.run.smithi094.stdout:/usr/bin/ceph: stderr
2024-09-13T17:29:45.566+0000 7f1edf400640 1 -- 172.21.15.94:0/3413658715 <== mon.0 v2:172.21.15.94:3300/0 1 ==== mon_map magic: 0 v1 ==== 205+0+0 (secure 0 0 0) 0x7f1ed8032cc0 con 0x7f1ee8107d40
2024-09-13T17:29:46.814 INFO:teuthology.orchestra.run.smithi094.stdout:/usr/bin/ceph: stderr
2024-09-13T17:29:45.566+0000 7f1edf400640 1 -- 172.21.15.94:0/3413658715 <== mon.0 v2:172.21.15.94:3300/0 2 ==== config(28 keys) v1 ==== 1174+0+0 (secure 0 0 0) 0x7f1ed8032e20 con 0x7f1ee8107d40
2024-09-13T17:29:46.814 INFO:teuthology.orchestra.run.smithi094.stdout:/usr/bin/ceph: stderr
2024-09-13T17:29:45.566+0000 7f1edf400640 1 -- 172.21.15.94:0/3413658715 <== mon.0 v2:172.21.15.94:3300/0 3 ==== mon_map magic: 0 v1 ==== 205+0+0 (secure 0 0 0) 0x7f1ed803a7f0 con 0x7f1ee8107d40
2024-09-13T17:29:46.814 INFO:teuthology.orchestra.run.smithi094.stdout:/usr/bin/ceph: stderr
2024-09-13T17:29:45.566+0000 7f1eedc00640 1 -- 172.21.15.94:0/3413658715 --> [v2:172.21.15.94:3300/0,v1:172.21.15.94:6789/0] -- mon_subscribe({mgrmap=0+}) v3 -- 0x7f1ee819c1e0 con 0x7f1ee8107d40
2024-09-13T17:29:46.814 INFO:teuthology.orchestra.run.smithi094.stdout:/usr/bin/ceph: stderr
2024-09-13T17:29:45.566+0000 7f1eedc00640 1 -- 172.21.15.94:0/3413658715 --> [v2:172.21.15.94:3300/0,v1:172.21.15.94:6789/0] -- mon_subscribe({osdmap=0}) v3 -- 0x7f1ee819c680 con 0x7f1ee8107d40
2024-09-13T17:29:46.814 INFO:teuthology.orchestra.run.smithi094.stdout:/usr/bin/ceph: stderr
2024-09-13T17:29:45.567+0000 7f1eedc00640 1 -- 172.21.15.94:0/3413658715 --> [v2:172.21.15.94:3300/0,v1:172.21.15.94:6789/0] -- mon_command({"prefix": "get_command_descriptions"} v 0) v1 -- 0x7f1ee810c120 con 0x7f1ee8107d40
2024-09-13T17:29:46.814 INFO:teuthology.orchestra.run.smithi094.stdout:/usr/bin/ceph: stderr
2024-09-13T17:29:45.568+0000 7f1edf400640 1 -- 172.21.15.94:0/3413658715 <== mon.0 v2:172.21.15.94:3300/0 4 ==== mgrmap(e 8) v1 ==== 45541+0+0 (secure 0 0 0) 0x7f1ed8039040 con 0x7f1ee8107d40
2024-09-13T17:29:46.814 INFO:teuthology.orchestra.run.smithi094.stdout:/usr/bin/ceph: stderr
2024-09-13T17:29:45.568+0000 7f1edf400640 1 --2- 172.21.15.94:0/3413658715 >> [v2:172.21.15.94:6800/2619032844,v1:172.21.15.94:6801/2619032844] conn(0x7f1ecc038670 0x7f1ecc03ab30 unknown :-1 s=NONE pgs=0 cs=0 l=1 rev1=0 crypto rx=0 tx=0 comp rx=0 tx=0).connect
2024-09-13T17:29:46.814 INFO:teuthology.orchestra.run.smithi094.stdout:/usr/bin/ceph: stderr
2024-09-13T17:29:45.568+0000 7f1edf400640 1 -- 172.21.15.94:0/3413658715 <== mon.0 v2:172.21.15.94:3300/0 5 ==== osd_map(2..2 src has 1..2) v4 ==== 940+0+0 (secure 0 0 0) 0x7f1ed806b700 con 0x7f1ee8107d40
2024-09-13T17:29:46.815 INFO:teuthology.orchestra.run.smithi094.stdout:/usr/bin/ceph: stderr
2024-09-13T17:29:45.568+0000 7f1ee6000640 1 --2- 172.21.15.94:0/3413658715 >> [v2:172.21.15.94:6800/2619032844,v1:172.21.15.94:6801/2619032844] conn(0x7f1ecc038670 0x7f1ecc03ab30 unknown :-1 s=BANNER_CONNECTING pgs=0 cs=0 l=1 rev1=0 crypto rx=0 tx=0 comp rx=0 tx=0)._handle_peer_banner_payload supported=3 required=0
2024-09-13T17:29:46.815 INFO:teuthology.orchestra.run.smithi094.stdout:/usr/bin/ceph: stderr
2024-09-13T17:29:45.569+0000 7f1ee6000640 1 --2- 172.21.15.94:0/3413658715 >> [v2:172.21.15.94:6800/2619032844,v1:172.21.15.94:6801/2619032844] conn(0x7f1ecc038670 0x7f1ecc03ab30 secure :-1 s=READY pgs=16 cs=0 l=1 rev1=1 crypto rx=0x7f1ed40098c0 tx=0x7f1ed4006db0 comp rx=0 tx=0).ready entity=mgr.14118 client_cookie=0 server_cookie=0 in_seq=0 out_seq=0
2024-09-13T17:29:46.815 INFO:teuthology.orchestra.run.smithi094.stdout:/usr/bin/ceph: stderr
2024-09-13T17:29:45.574+0000 7f1edf400640 1 -- 172.21.15.94:0/3413658715 <== mon.0 v2:172.21.15.94:3300/0 6 ==== mon_command_ack([{"prefix": "get_command_descriptions"}]=0 v0) v1 ==== 72+0+183819 (secure 0 0 0) 0x7f1ed80313a0 con 0x7f1ee8107d40
2024-09-13T17:29:46.815 INFO:teuthology.orchestra.run.smithi094.stdout:/usr/bin/ceph: stderr
2024-09-13T17:29:45.818+0000 7f1eedc00640 1 -- 172.21.15.94:0/3413658715 --> [v2:172.21.15.94:3300/0,v1:172.21.15.94:6789/0] -- mon_command({"prefix": "mgr module enable", "module": "dashboard"} v 0) v1 -- 0x7f1ee810c330 con 0x7f1ee8107d40
2024-09-13T17:29:46.815 INFO:teuthology.orchestra.run.smithi094.stdout:/usr/bin/ceph: stderr
2024-09-13T17:29:46.098+0000 7f1edf400640 1 -- 172.21.15.94:0/3413658715 <== mon.0 v2:172.21.15.94:3300/0 7 ==== mgrmap(e 9) v1 ==== 45554+0+0 (secure 0 0 0) 0x7f1ed803a9a0 con 0x7f1ee8107d40
2024-09-13T17:29:46.815 INFO:teuthology.orchestra.run.smithi094.stdout:/usr/bin/ceph: stderr
2024-09-13T17:29:46.100+0000 7f1edf400640 1 -- 172.21.15.94:0/3413658715 <== mon.0 v2:172.21.15.94:3300/0 8 ==== mon_command_ack([{"prefix": "mgr module enable", "module": "dashboard"}]=0 v9) v1 ==== 88+0+0 (secure 0 0 0) 0x7f1ed80412c0 con 0x7f1ee8107d40
2024-09-13T17:29:46.815 INFO:teuthology.orchestra.run.smithi094.stdout:/usr/bin/ceph: stderr
2024-09-13T17:29:46.102+0000 7f1eedc00640 1 -- 172.21.15.94:0/3413658715 >> [v2:172.21.15.94:6800/2619032844,v1:172.21.15.94:6801/2619032844] conn(0x7f1ecc038670 msgr2=0x7f1ecc03ab30 secure :-1 s=STATE_CONNECTION_ESTABLISHED l=1).mark_down
2024-09-13T17:29:46.815 INFO:teuthology.orchestra.run.smithi094.stdout:/usr/bin/ceph: stderr
2024-09-13T17:29:46.102+0000 7f1eedc00640 1 --2- 172.21.15.94:0/3413658715 >> [v2:172.21.15.94:6800/2619032844,v1:172.21.15.94:6801/2619032844] conn(0x7f1ecc038670 0x7f1ecc03ab30 secure :-1 s=READY pgs=16 cs=0 l=1 rev1=1 crypto rx=0x7f1ed40098c0 tx=0x7f1ed4006db0 comp rx=0 tx=0).stop
2024-09-13T17:29:46.815 INFO:teuthology.orchestra.run.smithi094.stdout:/usr/bin/ceph: stderr
2024-09-13T17:29:46.102+0000 7f1eedc00640 1 -- 172.21.15.94:0/3413658715 >> [v2:172.21.15.94:3300/0,v1:172.21.15.94:6789/0] conn(0x7f1ee8107d40 msgr2=0x7f1ee819baa0 secure :-1 s=STATE_CONNECTION_ESTABLISHED l=1).mark_down
2024-09-13T17:29:46.815 INFO:teuthology.orchestra.run.smithi094.stdout:/usr/bin/ceph: stderr
2024-09-13T17:29:46.102+0000 7f1eedc00640 1 --2- 172.21.15.94:0/3413658715 >> [v2:172.21.15.94:3300/0,v1:172.21.15.94:6789/0] conn(0x7f1ee8107d40 0x7f1ee819baa0 secure :-1 s=READY pgs=54 cs=0 l=1 rev1=1 crypto rx=0x7f1ed80097f0 tx=0x7f1ed8032650 comp rx=0 tx=0).stop
2024-09-13T17:29:46.815 INFO:teuthology.orchestra.run.smithi094.stdout:/usr/bin/ceph: stderr
2024-09-13T17:29:46.102+0000 7f1eedc00640 1 -- 172.21.15.94:0/3413658715 shutdown_connections
2024-09-13T17:29:46.815 INFO:teuthology.orchestra.run.smithi094.stdout:/usr/bin/ceph: stderr
2024-09-13T17:29:46.102+0000 7f1eedc00640 1 --2- 172.21.15.94:0/3413658715 >> [v2:172.21.15.94:6800/2619032844,v1:172.21.15.94:6801/2619032844] conn(0x7f1ecc038670 0x7f1ecc03ab30 unknown :-1 s=CLOSED pgs=16 cs=0 l=1 rev1=1 crypto rx=0 tx=0 comp rx=0 tx=0).stop
2024-09-13T17:29:46.816 INFO:teuthology.orchestra.run.smithi094.stdout:/usr/bin/ceph: stderr
2024-09-13T17:29:46.102+0000 7f1eedc00640 1 --2- 172.21.15.94:0/3413658715 >> [v2:172.21.15.94:3300/0,v1:172.21.15.94:6789/0] conn(0x7f1ee8107d40 0x7f1ee819baa0 unknown :-1 s=CLOSED pgs=54 cs=0 l=1 rev1=1 crypto rx=0 tx=0 comp rx=0 tx=0).stop
2024-09-13T17:29:46.816 INFO:teuthology.orchestra.run.smithi094.stdout:/usr/bin/ceph: stderr
2024-09-13T17:29:46.102+0000 7f1eedc00640 1 -- 172.21.15.94:0/3413658715 >> 172.21.15.94:0/3413658715 conn(0x7f1ee807b430 msgr2=0x7f1ee8105500 unknown :-1 s=STATE_NONE l=0).mark_down
2024-09-13T17:29:46.816 INFO:teuthology.orchestra.run.smithi094.stdout:/usr/bin/ceph: stderr
2024-09-13T17:29:46.102+0000 7f1eedc00640 1 -- 172.21.15.94:0/3413658715 shutdown_connections
2024-09-13T17:29:46.816 INFO:teuthology.orchestra.run.smithi094.stdout:/usr/bin/ceph: stderr
2024-09-13T17:29:46.102+0000 7f1eedc00640 1 -- 172.21.15.94:0/3413658715 wait complete.
2024-09-13T17:29:46.949 INFO:journalctl@ceph.mgr.x.smithi094.stdout:Sep 13 17:29:46 smithi094 ceph-82bee710-71f5-11ef-bceb-c7b262605968-mgr-x[31041]:
2024-09-13T17:29:46.663+0000 7f099ac94040 -1 mgr[py] Module crash has missing NOTIFY_TYPES member
2024-09-13T17:29:46.949 INFO:journalctl@ceph.mgr.x.smithi094.stdout:Sep 13 17:29:46 smithi094 ceph-82bee710-71f5-11ef-bceb-c7b262605968-mgr-x[31041]:
2024-09-13T17:29:46.839+0000 7f099ac94040 -1 mgr[py] Module test_orchestrator has missing NOTIFY_TYPES member
2024-09-13T17:29:47.199 INFO:journalctl@ceph.mon.a.smithi094.stdout:Sep 13 17:29:47 smithi094 ceph-mon[30818]: from='client.? 172.21.15.94:0/3413658715' entity='client.admin' cmd='[{"prefix": "mgr module enable", "module": "dashboard"}]': finished
2024-09-13T17:29:47.200 INFO:journalctl@ceph.mon.a.smithi094.stdout:Sep 13 17:29:47 smithi094 ceph-mon[30818]: mgrmap e9: x(active, since 19s)
2024-09-13T17:29:47.200 INFO:journalctl@ceph.mgr.x.smithi094.stdout:Sep 13 17:29:47 smithi094 ceph-82bee710-71f5-11ef-bceb-c7b262605968-mgr-x[31041]:
2024-09-13T17:29:47.007+0000 7f099ac94040 -1 mgr[py] Module snap_schedule has missing NOTIFY_TYPES member
2024-09-13T17:29:47.453 INFO:journalctl@ceph.mgr.x.smithi094.stdout:Sep 13 17:29:47 smithi094 ceph-82bee710-71f5-11ef-bceb-c7b262605968-mgr-x[31041]:
2024-09-13T17:29:47.378+0000 7f099ac94040 -1 mgr[py] Module prometheus has missing NOTIFY_TYPES member
2024-09-13T17:29:47.720 INFO:journalctl@ceph.mgr.x.smithi094.stdout:Sep 13 17:29:47 smithi094 ceph-82bee710-71f5-11ef-bceb-c7b262605968-mgr-x[31041]:
2024-09-13T17:29:47.451+0000 7f099ac94040 -1 mgr[py] Module selftest has missing NOTIFY_TYPES member
2024-09-13T17:29:47.720 INFO:journalctl@ceph.mgr.x.smithi094.stdout:Sep 13 17:29:47 smithi094 ceph-82bee710-71f5-11ef-bceb-c7b262605968-mgr-x[31041]:
2024-09-13T17:29:47.671+0000 7f099ac94040 -1 mgr[py] Module volumes has missing NOTIFY_TYPES member
2024-09-13T17:29:48.205 INFO:journalctl@ceph.mon.a.smithi094.stdout:Sep 13 17:29:48 smithi094 ceph-mon[30818]: from='client.? 172.21.15.94:0/1889283120' entity='client.admin' cmd=[{"prefix": "mgr stat"}]: dispatch
2024-09-13T17:29:48.210 INFO:teuthology.orchestra.run.smithi094.stdout:/usr/bin/ceph: stdout {
2024-09-13T17:29:48.216 INFO:teuthology.orchestra.run.smithi094.stdout:/usr/bin/ceph: stdout "epoch": 9,
2024-09-13T17:29:48.216 INFO:teuthology.orchestra.run.smithi094.stdout:/usr/bin/ceph: stdout "available": true,
2024-09-13T17:29:48.216 INFO:teuthology.orchestra.run.smithi094.stdout:/usr/bin/ceph: stdout "active_name": "x",
2024-09-13T17:29:48.216 INFO:teuthology.orchestra.run.smithi094.stdout:/usr/bin/ceph: stdout "num_standby": 0
2024-09-13T17:29:48.216 INFO:teuthology.orchestra.run.smithi094.stdout:/usr/bin/ceph: stdout }
2024-09-13T17:29:48.216 INFO:teuthology.orchestra.run.smithi094.stdout:/usr/bin/ceph: stderr
2024-09-13T17:29:47.298+0000 7fc5c9c00640 1 Processor -- start
2024-09-13T17:29:48.217 INFO:teuthology.orchestra.run.smithi094.stdout:/usr/bin/ceph: stderr
2024-09-13T17:29:47.298+0000 7fc5c9c00640 1 -- start start
2024-09-13T17:29:48.217 INFO:teuthology.orchestra.run.smithi094.stdout:/usr/bin/ceph: stderr
2024-09-13T17:29:47.299+0000 7fc5c9c00640 1 --2- >> [v2:172.21.15.94:3300/0,v1:172.21.15.94:6789/0] conn(0x7fc5c407ad60 0x7fc5c40791c0 unknown :-1 s=NONE pgs=0 cs=0 l=0 rev1=0 crypto rx=0 tx=0 comp rx=0 tx=0).connect
2024-09-13T17:29:48.217 INFO:teuthology.orchestra.run.smithi094.stdout:/usr/bin/ceph: stderr
2024-09-13T17:29:47.299+0000 7fc5c9c00640 1 -- --> [v2:172.21.15.94:3300/0,v1:172.21.15.94:6789/0] -- mon_getmap magic: 0 v1 -- 0x7fc5c4079790 con 0x7fc5c407ad60
2024-09-13T17:29:48.217 INFO:teuthology.orchestra.run.smithi094.stdout:/usr/bin/ceph: stderr
2024-09-13T17:29:47.299+0000 7fc5c3e00640 1 --2- >> [v2:172.21.15.94:3300/0,v1:172.21.15.94:6789/0] conn(0x7fc5c407ad60 0x7fc5c40791c0 unknown :-1 s=BANNER_CONNECTING pgs=0 cs=0 l=0 rev1=0 crypto rx=0 tx=0 comp rx=0 tx=0)._handle_peer_banner_payload supported=3 required=0
2024-09-13T17:29:48.217 INFO:teuthology.orchestra.run.smithi094.stdout:/usr/bin/ceph: stderr
2024-09-13T17:29:47.299+0000 7fc5c3e00640 1 --2- >> [v2:172.21.15.94:3300/0,v1:172.21.15.94:6789/0] conn(0x7fc5c407ad60 0x7fc5c40791c0 unknown :-1 s=HELLO_CONNECTING pgs=0 cs=0 l=0 rev1=1 crypto rx=0 tx=0 comp rx=0 tx=0).handle_hello peer v2:172.21.15.94:3300/0 says I am v2:172.21.15.94:46970/0 (socket says 172.21.15.94:46970)
2024-09-13T17:29:48.217 INFO:teuthology.orchestra.run.smithi094.stdout:/usr/bin/ceph: stderr
2024-09-13T17:29:47.299+0000 7fc5c3e00640 1 -- 172.21.15.94:0/3954395822 learned_addr learned my addr 172.21.15.94:0/3954395822 (peer_addr_for_me v2:172.21.15.94:0/0)
2024-09-13T17:29:48.217 INFO:teuthology.orchestra.run.smithi094.stdout:/usr/bin/ceph: stderr
2024-09-13T17:29:47.299+0000 7fc5c3e00640 1 -- 172.21.15.94:0/3954395822 --> [v2:172.21.15.94:3300/0,v1:172.21.15.94:6789/0] -- mon_subscribe({config=0+,monmap=0+}) v3 -- 0x7fc5c40798d0 con 0x7fc5c407ad60
2024-09-13T17:29:48.217 INFO:teuthology.orchestra.run.smithi094.stdout:/usr/bin/ceph: stderr
2024-09-13T17:29:47.300+0000 7fc5c3e00640 1 --2- 172.21.15.94:0/3954395822 >> [v2:172.21.15.94:3300/0,v1:172.21.15.94:6789/0] conn(0x7fc5c407ad60 0x7fc5c40791c0 secure :-1 s=READY pgs=57 cs=0 l=1 rev1=1 crypto rx=0x7fc5b4009820 tx=0x7fc5b402a270 comp rx=0 tx=0).ready entity=mon.0 client_cookie=3398cb761a496db server_cookie=0 in_seq=0 out_seq=0
2024-09-13T17:29:48.217 INFO:teuthology.orchestra.run.smithi094.stdout:/usr/bin/ceph: stderr
2024-09-13T17:29:47.301+0000 7fc5c3400640 1 -- 172.21.15.94:0/3954395822 <== mon.0 v2:172.21.15.94:3300/0 1 ==== mon_map magic: 0 v1 ==== 205+0+0 (secure 0 0 0) 0x7fc5b402ae70 con 0x7fc5c407ad60
2024-09-13T17:29:48.217 INFO:teuthology.orchestra.run.smithi094.stdout:/usr/bin/ceph: stderr
2024-09-13T17:29:47.301+0000 7fc5c3400640 1 -- 172.21.15.94:0/3954395822 <== mon.0 v2:172.21.15.94:3300/0 2 ==== config(28 keys) v1 ==== 1174+0+0 (secure 0 0 0) 0x7fc5b4032940 con 0x7fc5c407ad60
2024-09-13T17:29:48.217 INFO:teuthology.orchestra.run.smithi094.stdout:/usr/bin/ceph: stderr
2024-09-13T17:29:47.301+0000 7fc5c3400640 1 -- 172.21.15.94:0/3954395822 <== mon.0 v2:172.21.15.94:3300/0 3 ==== mon_map magic: 0 v1 ==== 205+0+0 (secure 0 0 0) 0x7fc5b40309e0 con 0x7fc5c407ad60
2024-09-13T17:29:48.217 INFO:teuthology.orchestra.run.smithi094.stdout:/usr/bin/ceph: stderr
2024-09-13T17:29:47.301+0000 7fc5c9c00640 1 -- 172.21.15.94:0/3954395822 >> [v2:172.21.15.94:3300/0,v1:172.21.15.94:6789/0] conn(0x7fc5c407ad60 msgr2=0x7fc5c40791c0 secure :-1 s=STATE_CONNECTION_ESTABLISHED l=1).mark_down
2024-09-13T17:29:48.217 INFO:teuthology.orchestra.run.smithi094.stdout:/usr/bin/ceph: stderr
2024-09-13T17:29:47.301+0000 7fc5c9c00640 1 --2- 172.21.15.94:0/3954395822 >> [v2:172.21.15.94:3300/0,v1:172.21.15.94:6789/0] conn(0x7fc5c407ad60 0x7fc5c40791c0 secure :-1 s=READY pgs=57 cs=0 l=1 rev1=1 crypto rx=0x7fc5b4009820 tx=0x7fc5b402a270 comp rx=0 tx=0).stop
2024-09-13T17:29:48.217 INFO:teuthology.orchestra.run.smithi094.stdout:/usr/bin/ceph: stderr
2024-09-13T17:29:47.301+0000 7fc5c9c00640 1 -- 172.21.15.94:0/3954395822 shutdown_connections
2024-09-13T17:29:48.218 INFO:teuthology.orchestra.run.smithi094.stdout:/usr/bin/ceph: stderr
2024-09-13T17:29:47.301+0000 7fc5c9c00640 1 --2- 172.21.15.94:0/3954395822 >> [v2:172.21.15.94:3300/0,v1:172.21.15.94:6789/0] conn(0x7fc5c407ad60 0x7fc5c40791c0 unknown :-1 s=CLOSED pgs=57 cs=0 l=1 rev1=1 crypto rx=0 tx=0 comp rx=0 tx=0).stop
2024-09-13T17:29:48.218 INFO:teuthology.orchestra.run.smithi094.stdout:/usr/bin/ceph: stderr
2024-09-13T17:29:47.301+0000 7fc5c9c00640 1 -- 172.21.15.94:0/3954395822 >> 172.21.15.94:0/3954395822 conn(0x7fc5c4100ff0 msgr2=0x7fc5c4103450 unknown :-1 s=STATE_NONE l=0).mark_down
2024-09-13T17:29:48.218 INFO:teuthology.orchestra.run.smithi094.stdout:/usr/bin/ceph: stderr
2024-09-13T17:29:47.301+0000 7fc5c9c00640 1 -- 172.21.15.94:0/3954395822 shutdown_connections
2024-09-13T17:29:48.218 INFO:teuthology.orchestra.run.smithi094.stdout:/usr/bin/ceph: stderr
2024-09-13T17:29:47.301+0000 7fc5c9c00640 1 -- 172.21.15.94:0/3954395822 wait complete.
2024-09-13T17:29:48.218 INFO:teuthology.orchestra.run.smithi094.stdout:/usr/bin/ceph: stderr
2024-09-13T17:29:47.302+0000 7fc5c9c00640 1 Processor -- start
2024-09-13T17:29:48.218 INFO:teuthology.orchestra.run.smithi094.stdout:/usr/bin/ceph: stderr
2024-09-13T17:29:47.302+0000 7fc5c9c00640 1 -- start start
2024-09-13T17:29:48.218 INFO:teuthology.orchestra.run.smithi094.stdout:/usr/bin/ceph: stderr
2024-09-13T17:29:47.303+0000 7fc5c9c00640 1 --2- >> [v2:172.21.15.94:3300/0,v1:172.21.15.94:6789/0] conn(0x7fc5c407ad60 0x7fc5c419b8e0 unknown :-1 s=NONE pgs=0 cs=0 l=1 rev1=0 crypto rx=0 tx=0 comp rx=0 tx=0).connect
2024-09-13T17:29:48.218 INFO:teuthology.orchestra.run.smithi094.stdout:/usr/bin/ceph: stderr
2024-09-13T17:29:47.303+0000 7fc5c9c00640 1 -- --> [v2:172.21.15.94:3300/0,v1:172.21.15.94:6789/0] -- mon_getmap magic: 0 v1 -- 0x7fc5c419be20 con 0x7fc5c407ad60
2024-09-13T17:29:48.218 INFO:teuthology.orchestra.run.smithi094.stdout:/usr/bin/ceph: stderr
2024-09-13T17:29:47.303+0000 7fc5c3e00640 1 --2- >> [v2:172.21.15.94:3300/0,v1:172.21.15.94:6789/0] conn(0x7fc5c407ad60 0x7fc5c419b8e0 unknown :-1 s=BANNER_CONNECTING pgs=0 cs=0 l=1 rev1=0 crypto rx=0 tx=0 comp rx=0 tx=0)._handle_peer_banner_payload supported=3 required=0
2024-09-13T17:29:48.218 INFO:teuthology.orchestra.run.smithi094.stdout:/usr/bin/ceph: stderr
2024-09-13T17:29:47.303+0000 7fc5c3e00640 1 --2- >> [v2:172.21.15.94:3300/0,v1:172.21.15.94:6789/0] conn(0x7fc5c407ad60 0x7fc5c419b8e0 unknown :-1 s=HELLO_CONNECTING pgs=0 cs=0 l=1 rev1=1 crypto rx=0 tx=0 comp rx=0 tx=0).handle_hello peer v2:172.21.15.94:3300/0 says I am v2:172.21.15.94:46976/0 (socket says 172.21.15.94:46976)
2024-09-13T17:29:48.218 INFO:teuthology.orchestra.run.smithi094.stdout:/usr/bin/ceph: stderr
2024-09-13T17:29:47.303+0000 7fc5c3e00640 1 -- 172.21.15.94:0/1889283120 learned_addr learned my addr 172.21.15.94:0/1889283120 (peer_addr_for_me v2:172.21.15.94:0/0)
2024-09-13T17:29:48.218 INFO:teuthology.orchestra.run.smithi094.stdout:/usr/bin/ceph: stderr
2024-09-13T17:29:47.303+0000 7fc5c3e00640 1 -- 172.21.15.94:0/1889283120 --> [v2:172.21.15.94:3300/0,v1:172.21.15.94:6789/0] -- mon_subscribe({config=0+,monmap=0+}) v3 -- 0x7fc5b40094d0 con 0x7fc5c407ad60
2024-09-13T17:29:48.218 INFO:teuthology.orchestra.run.smithi094.stdout:/usr/bin/ceph: stderr
2024-09-13T17:29:47.304+0000 7fc5c3e00640 1 --2- 172.21.15.94:0/1889283120 >> [v2:172.21.15.94:3300/0,v1:172.21.15.94:6789/0] conn(0x7fc5c407ad60 0x7fc5c419b8e0 secure :-1 s=READY pgs=58 cs=0 l=1 rev1=1 crypto rx=0x7fc5b40306f0 tx=0x7fc5b4032670 comp rx=0 tx=0).ready entity=mon.0 client_cookie=0 server_cookie=0 in_seq=0 out_seq=0
2024-09-13T17:29:48.219 INFO:teuthology.orchestra.run.smithi094.stdout:/usr/bin/ceph: stderr
2024-09-13T17:29:47.304+0000 7fc5c1600640 1 -- 172.21.15.94:0/1889283120 <== mon.0 v2:172.21.15.94:3300/0 1 ==== mon_map magic: 0 v1 ==== 205+0+0 (secure 0 0 0) 0x7fc5b4032df0 con 0x7fc5c407ad60
2024-09-13T17:29:48.219 INFO:teuthology.orchestra.run.smithi094.stdout:/usr/bin/ceph: stderr
2024-09-13T17:29:47.304+0000 7fc5c1600640 1 -- 172.21.15.94:0/1889283120 <== mon.0 v2:172.21.15.94:3300/0 2 ==== config(28 keys) v1 ==== 1174+0+0 (secure 0 0 0) 0x7fc5b403b930 con 0x7fc5c407ad60
2024-09-13T17:29:48.219 INFO:teuthology.orchestra.run.smithi094.stdout:/usr/bin/ceph: stderr
2024-09-13T17:29:47.304+0000 7fc5c9c00640 1 -- 172.21.15.94:0/1889283120 --> [v2:172.21.15.94:3300/0,v1:172.21.15.94:6789/0] -- mon_subscribe({mgrmap=0+}) v3 -- 0x7fc5c419c020 con 0x7fc5c407ad60
2024-09-13T17:29:48.219 INFO:teuthology.orchestra.run.smithi094.stdout:/usr/bin/ceph: stderr
2024-09-13T17:29:47.304+0000 7fc5c1600640 1 -- 172.21.15.94:0/1889283120 <== mon.0 v2:172.21.15.94:3300/0 3 ==== mon_map magic: 0 v1 ==== 205+0+0 (secure 0 0 0) 0x7fc5b403a8a0 con 0x7fc5c407ad60
2024-09-13T17:29:48.219 INFO:teuthology.orchestra.run.smithi094.stdout:/usr/bin/ceph: stderr
2024-09-13T17:29:47.304+0000 7fc5c9c00640 1 -- 172.21.15.94:0/1889283120 --> [v2:172.21.15.94:3300/0,v1:172.21.15.94:6789/0] -- mon_subscribe({osdmap=0}) v3 -- 0x7fc5c419c4c0 con 0x7fc5c407ad60
2024-09-13T17:29:48.219 INFO:teuthology.orchestra.run.smithi094.stdout:/usr/bin/ceph: stderr
2024-09-13T17:29:47.305+0000 7fc5c1600640 1 -- 172.21.15.94:0/1889283120 <== mon.0 v2:172.21.15.94:3300/0 4 ==== mgrmap(e 9) v1 ==== 45554+0+0 (secure 0 0 0) 0x7fc5b4039040 con 0x7fc5c407ad60
2024-09-13T17:29:48.219 INFO:teuthology.orchestra.run.smithi094.stdout:/usr/bin/ceph: stderr
2024-09-13T17:29:47.305+0000 7fc5c1600640 1 --2- 172.21.15.94:0/1889283120 >> [v2:172.21.15.94:6800/2619032844,v1:172.21.15.94:6801/2619032844] conn(0x7fc5a8038670 0x7fc5a803ab30 unknown :-1 s=NONE pgs=0 cs=0 l=1 rev1=0 crypto rx=0 tx=0 comp rx=0 tx=0).connect
2024-09-13T17:29:48.219 INFO:teuthology.orchestra.run.smithi094.stdout:/usr/bin/ceph: stderr
2024-09-13T17:29:47.305+0000 7fc5c1600640 1 -- 172.21.15.94:0/1889283120 <== mon.0 v2:172.21.15.94:3300/0 5 ==== osd_map(2..2 src has 1..2) v4 ==== 940+0+0 (secure 0 0 0) 0x7fc5b406b9b0 con 0x7fc5c407ad60
2024-09-13T17:29:48.219 INFO:teuthology.orchestra.run.smithi094.stdout:/usr/bin/ceph: stderr
2024-09-13T17:29:47.305+0000 7fc5bb400640 1 -- 172.21.15.94:0/1889283120 >> [v2:172.21.15.94:6800/2619032844,v1:172.21.15.94:6801/2619032844] conn(0x7fc5a8038670 msgr2=0x7fc5a803ab30 unknown :-1 s=STATE_CONNECTING_RE l=1).process reconnect failed to v2:172.21.15.94:6800/2619032844
2024-09-13T17:29:48.219 INFO:teuthology.orchestra.run.smithi094.stdout:/usr/bin/ceph: stderr
2024-09-13T17:29:47.305+0000 7fc5bb400640 1 --2- 172.21.15.94:0/1889283120 >> [v2:172.21.15.94:6800/2619032844,v1:172.21.15.94:6801/2619032844] conn(0x7fc5a8038670 0x7fc5a803ab30 unknown :-1 s=START_CONNECT pgs=0 cs=0 l=1 rev1=0 crypto rx=0 tx=0 comp rx=0 tx=0)._fault waiting 0.200000
2024-09-13T17:29:48.219 INFO:teuthology.orchestra.run.smithi094.stdout:/usr/bin/ceph: stderr
2024-09-13T17:29:47.305+0000 7fc5c9c00640 1 -- 172.21.15.94:0/1889283120 --> [v2:172.21.15.94:3300/0,v1:172.21.15.94:6789/0] -- mon_command({"prefix": "get_command_descriptions"} v 0) v1 -- 0x7fc5c410bd90 con 0x7fc5c407ad60
2024-09-13T17:29:48.219 INFO:teuthology.orchestra.run.smithi094.stdout:/usr/bin/ceph: stderr
2024-09-13T17:29:47.310+0000 7fc5c1600640 1 -- 172.21.15.94:0/1889283120 <== mon.0 v2:172.21.15.94:3300/0 6 ==== mon_command_ack([{"prefix": "get_command_descriptions"}]=0 v0) v1 ==== 72+0+183819 (secure 0 0 0) 0x7fc5b403f080 con 0x7fc5c407ad60
2024-09-13T17:29:48.219 INFO:teuthology.orchestra.run.smithi094.stdout:/usr/bin/ceph: stderr
2024-09-13T17:29:47.506+0000 7fc5bb400640 1 -- 172.21.15.94:0/1889283120 >> [v2:172.21.15.94:6800/2619032844,v1:172.21.15.94:6801/2619032844] conn(0x7fc5a8038670 msgr2=0x7fc5a803ab30 unknown :-1 s=STATE_CONNECTING_RE l=1).process reconnect failed to v2:172.21.15.94:6800/2619032844
2024-09-13T17:29:48.220 INFO:teuthology.orchestra.run.smithi094.stdout:/usr/bin/ceph: stderr
2024-09-13T17:29:47.506+0000 7fc5bb400640 1 --2- 172.21.15.94:0/1889283120 >> [v2:172.21.15.94:6800/2619032844,v1:172.21.15.94:6801/2619032844] conn(0x7fc5a8038670 0x7fc5a803ab30 unknown :-1 s=START_CONNECT pgs=0 cs=0 l=1 rev1=0 crypto rx=0 tx=0 comp rx=0 tx=0)._fault waiting 0.400000
2024-09-13T17:29:48.220 INFO:teuthology.orchestra.run.smithi094.stdout:/usr/bin/ceph: stderr
2024-09-13T17:29:47.533+0000 7fc5c9c00640 1 -- 172.21.15.94:0/1889283120 --> [v2:172.21.15.94:3300/0,v1:172.21.15.94:6789/0] -- mon_command({"prefix": "mgr stat"} v 0) v1 -- 0x7fc5c419eef0 con 0x7fc5c407ad60
2024-09-13T17:29:48.220 INFO:teuthology.orchestra.run.smithi094.stdout:/usr/bin/ceph: stderr
2024-09-13T17:29:47.534+0000 7fc5c1600640 1 -- 172.21.15.94:0/1889283120 <== mon.0 v2:172.21.15.94:3300/0 7 ==== mon_command_ack([{"prefix": "mgr stat"}]=0 v9) v1 ==== 56+0+88 (secure 0 0 0) 0x7fc5b4037070 con 0x7fc5c407ad60
2024-09-13T17:29:48.220 INFO:teuthology.orchestra.run.smithi094.stdout:/usr/bin/ceph: stderr
2024-09-13T17:29:47.536+0000 7fc5c9c00640 1 -- 172.21.15.94:0/1889283120 >> [v2:172.21.15.94:6800/2619032844,v1:172.21.15.94:6801/2619032844] conn(0x7fc5a8038670 msgr2=0x7fc5a803ab30 unknown :-1 s=STATE_CONNECTING l=1).mark_down
2024-09-13T17:29:48.220 INFO:teuthology.orchestra.run.smithi094.stdout:/usr/bin/ceph: stderr
2024-09-13T17:29:47.536+0000 7fc5c9c00640 1 --2- 172.21.15.94:0/1889283120 >> [v2:172.21.15.94:6800/2619032844,v1:172.21.15.94:6801/2619032844] conn(0x7fc5a8038670 0x7fc5a803ab30 unknown :-1 s=START_CONNECT pgs=0 cs=0 l=1 rev1=0 crypto rx=0 tx=0 comp rx=0 tx=0).stop
2024-09-13T17:29:48.220 INFO:teuthology.orchestra.run.smithi094.stdout:/usr/bin/ceph: stderr
2024-09-13T17:29:47.536+0000 7fc5c9c00640 1 -- 172.21.15.94:0/1889283120 >> [v2:172.21.15.94:3300/0,v1:172.21.15.94:6789/0] conn(0x7fc5c407ad60 msgr2=0x7fc5c419b8e0 secure :-1 s=STATE_CONNECTION_ESTABLISHED l=1).mark_down
2024-09-13T17:29:48.220 INFO:teuthology.orchestra.run.smithi094.stdout:/usr/bin/ceph: stderr
2024-09-13T17:29:47.536+0000 7fc5c9c00640 1 --2- 172.21.15.94:0/1889283120 >> [v2:172.21.15.94:3300/0,v1:172.21.15.94:6789/0] conn(0x7fc5c407ad60 0x7fc5c419b8e0 secure :-1 s=READY pgs=58 cs=0 l=1 rev1=1 crypto rx=0x7fc5b40306f0 tx=0x7fc5b4032670 comp rx=0 tx=0).stop
2024-09-13T17:29:48.220 INFO:teuthology.orchestra.run.smithi094.stdout:/usr/bin/ceph: stderr
2024-09-13T17:29:47.536+0000 7fc5c9c00640 1 -- 172.21.15.94:0/1889283120 shutdown_connections
2024-09-13T17:29:48.220 INFO:teuthology.orchestra.run.smithi094.stdout:/usr/bin/ceph: stderr
2024-09-13T17:29:47.536+0000 7fc5c9c00640 1 --2- 172.21.15.94:0/1889283120 >> [v2:172.21.15.94:6800/2619032844,v1:172.21.15.94:6801/2619032844] conn(0x7fc5a8038670 0x7fc5a803ab30 unknown :-1 s=CLOSED pgs=0 cs=0 l=1 rev1=0 crypto rx=0 tx=0 comp rx=0 tx=0).stop
2024-09-13T17:29:48.220 INFO:teuthology.orchestra.run.smithi094.stdout:/usr/bin/ceph: stderr
2024-09-13T17:29:47.536+0000 7fc5c9c00640 1 --2- 172.21.15.94:0/1889283120 >> [v2:172.21.15.94:3300/0,v1:172.21.15.94:6789/0] conn(0x7fc5c407ad60 0x7fc5c419b8e0 unknown :-1 s=CLOSED pgs=58 cs=0 l=1 rev1=1 crypto rx=0 tx=0 comp rx=0 tx=0).stop
2024-09-13T17:29:48.220 INFO:teuthology.orchestra.run.smithi094.stdout:/usr/bin/ceph: stderr
2024-09-13T17:29:47.536+0000 7fc5c9c00640 1 -- 172.21.15.94:0/1889283120 >> 172.21.15.94:0/1889283120 conn(0x7fc5c4100ff0 msgr2=0x7fc5c4101ba0 unknown :-1 s=STATE_NONE l=0).mark_down
2024-09-13T17:29:48.220 INFO:teuthology.orchestra.run.smithi094.stdout:/usr/bin/ceph: stderr
2024-09-13T17:29:47.536+0000 7fc5c9c00640 1 -- 172.21.15.94:0/1889283120 shutdown_connections
2024-09-13T17:29:48.220 INFO:teuthology.orchestra.run.smithi094.stdout:/usr/bin/ceph: stderr
2024-09-13T17:29:47.536+0000 7fc5c9c00640 1 -- 172.21.15.94:0/1889283120 wait complete.
2024-09-13T17:29:48.221 INFO:teuthology.orchestra.run.smithi094.stdout:Waiting for the mgr to restart...
2024-09-13T17:29:48.221 INFO:teuthology.orchestra.run.smithi094.stdout:Waiting for mgr epoch 9...
2024-09-13T17:29:49.220 INFO:journalctl@ceph.mgr.x.smithi094.stdout:Sep 13 17:29:48 smithi094 ceph-82bee710-71f5-11ef-bceb-c7b262605968-mgr-x[31041]:
2024-09-13T17:29:48.788+0000 7f099ac94040 -1 mgr[py] Module telemetry has missing NOTIFY_TYPES member
2024-09-13T17:29:49.220 INFO:journalctl@ceph.mgr.x.smithi094.stdout:Sep 13 17:29:48 smithi094 ceph-82bee710-71f5-11ef-bceb-c7b262605968-mgr-x[31041]:
2024-09-13T17:29:48.865+0000 7f099ac94040 -1 mgr[py] Module balancer has missing NOTIFY_TYPES member
2024-09-13T17:29:50.052 INFO:journalctl@ceph.mgr.x.smithi094.stdout:Sep 13 17:29:49 smithi094 ceph-82bee710-71f5-11ef-bceb-c7b262605968-mgr-x[31041]:
2024-09-13T17:29:49.758+0000 7f099ac94040 -1 mgr[py] Module rook has missing NOTIFY_TYPES member
2024-09-13T17:29:50.053 INFO:journalctl@ceph.mgr.x.smithi094.stdout:Sep 13 17:29:49 smithi094 ceph-82bee710-71f5-11ef-bceb-c7b262605968-mgr-x[31041]:
2024-09-13T17:29:49.891+0000 7f099ac94040 -1 mgr[py] Module iostat has missing NOTIFY_TYPES member
2024-09-13T17:29:50.053 INFO:journalctl@ceph.mgr.x.smithi094.stdout:Sep 13 17:29:50 smithi094 ceph-82bee710-71f5-11ef-bceb-c7b262605968-mgr-x[31041]:
2024-09-13T17:29:50.051+0000 7f099ac94040 -1 mgr[py] Module orchestrator has missing NOTIFY_TYPES member
2024-09-13T17:29:50.368 INFO:journalctl@ceph.mgr.x.smithi094.stdout:Sep 13 17:29:50 smithi094 ceph-82bee710-71f5-11ef-bceb-c7b262605968-mgr-x[31041]:
2024-09-13T17:29:50.121+0000 7f099ac94040 -1 mgr[py] Module devicehealth has missing NOTIFY_TYPES member
2024-09-13T17:29:50.368 INFO:journalctl@ceph.mgr.x.smithi094.stdout:Sep 13 17:29:50 smithi094 ceph-82bee710-71f5-11ef-bceb-c7b262605968-mgr-x[31041]:
2024-09-13T17:29:50.287+0000 7f099ac94040 -1 mgr[py] Module rgw has missing NOTIFY_TYPES member
2024-09-13T17:29:50.368 INFO:journalctl@ceph.mgr.x.smithi094.stdout:Sep 13 17:29:50 smithi094 ceph-82bee710-71f5-11ef-bceb-c7b262605968-mgr-x[31041]:
2024-09-13T17:29:50.366+0000 7f099ac94040 -1 mgr[py] Module alerts has missing NOTIFY_TYPES member
2024-09-13T17:29:50.693 INFO:journalctl@ceph.mgr.x.smithi094.stdout:Sep 13 17:29:50 smithi094 ceph-82bee710-71f5-11ef-bceb-c7b262605968-mgr-x[31041]:
2024-09-13T17:29:50.437+0000 7f099ac94040 -1 mgr[py] Module progress has missing NOTIFY_TYPES member
2024-09-13T17:29:50.693 INFO:journalctl@ceph.mgr.x.smithi094.stdout:Sep 13 17:29:50 smithi094 ceph-82bee710-71f5-11ef-bceb-c7b262605968-mgr-x[31041]:
2024-09-13T17:29:50.615+0000 7f099ac94040 -1 mgr[py] Module nfs has missing NOTIFY_TYPES member
2024-09-13T17:29:50.693 INFO:journalctl@ceph.mgr.x.smithi094.stdout:Sep 13 17:29:50 smithi094 ceph-82bee710-71f5-11ef-bceb-c7b262605968-mgr-x[31041]:
2024-09-13T17:29:50.692+0000 7f099ac94040 -1 mgr[py] Module status has missing NOTIFY_TYPES member
2024-09-13T17:29:50.970 INFO:journalctl@ceph.mgr.x.smithi094.stdout:Sep 13 17:29:50 smithi094 ceph-82bee710-71f5-11ef-bceb-c7b262605968-mgr-x[31041]:
