2024-09-13T17:53:59.720+0000 7f1a0a000640 1 -- 172.21.15.27:0/2261508291 --> [v2:172.21.15.27:3300/0,v1:172.21.15.27:6789/0] -- mon_subscribe({osdmap=0}) v3 -- 0x7f1a0419a3b0 con 0x7f1a041059c0
2024-09-13T17:54:01.410 INFO:teuthology.orchestra.run.smithi027.stdout:/usr/bin/ceph: stderr
2024-09-13T17:53:59.721+0000 7f19fbe00640 1 -- 172.21.15.27:0/2261508291 <== mon.0 v2:172.21.15.27:3300/0 4 ==== mgrmap(e 4) v1 ==== 45530+0+0 (secure 0 0 0) 0x7f19f4039040 con 0x7f1a041059c0
2024-09-13T17:54:01.410 INFO:teuthology.orchestra.run.smithi027.stdout:/usr/bin/ceph: stderr
2024-09-13T17:53:59.721+0000 7f1a0a000640 1 -- 172.21.15.27:0/2261508291 --> [v2:172.21.15.27:3300/0,v1:172.21.15.27:6789/0] -- mon_command({"prefix": "get_command_descriptions"} v 0) v1 -- 0x7f1a04109df0 con 0x7f1a041059c0
2024-09-13T17:54:01.410 INFO:teuthology.orchestra.run.smithi027.stdout:/usr/bin/ceph: stderr
2024-09-13T17:53:59.721+0000 7f19fbe00640 1 --2- 172.21.15.27:0/2261508291 >> [v2:172.21.15.27:6800/2456729013,v1:172.21.15.27:6801/2456729013] conn(0x7f19e8038620 0x7f19e803aae0 unknown :-1 s=NONE pgs=0 cs=0 l=1 rev1=0 crypto rx=0 tx=0 comp rx=0 tx=0).connect
2024-09-13T17:54:01.410 INFO:teuthology.orchestra.run.smithi027.stdout:/usr/bin/ceph: stderr
2024-09-13T17:53:59.722+0000 7f19fbe00640 1 -- 172.21.15.27:0/2261508291 <== mon.0 v2:172.21.15.27:3300/0 5 ==== osd_map(1..1 src has 1..1) v4 ==== 725+0+0 (secure 0 0 0) 0x7f19f406b4e0 con 0x7f1a041059c0
2024-09-13T17:54:01.410 INFO:teuthology.orchestra.run.smithi027.stdout:/usr/bin/ceph: stderr
2024-09-13T17:53:59.722+0000 7f1a02a00640 1 --2- 172.21.15.27:0/2261508291 >> [v2:172.21.15.27:6800/2456729013,v1:172.21.15.27:6801/2456729013] conn(0x7f19e8038620 0x7f19e803aae0 unknown :-1 s=BANNER_CONNECTING pgs=0 cs=0 l=1 rev1=0 crypto rx=0 tx=0 comp rx=0 tx=0)._handle_peer_banner_payload supported=3 required=0
2024-09-13T17:54:01.410 INFO:teuthology.orchestra.run.smithi027.stdout:/usr/bin/ceph: stderr
2024-09-13T17:53:59.722+0000 7f1a02a00640 1 --2- 172.21.15.27:0/2261508291 >> [v2:172.21.15.27:6800/2456729013,v1:172.21.15.27:6801/2456729013] conn(0x7f19e8038620 0x7f19e803aae0 secure :-1 s=READY pgs=8 cs=0 l=1 rev1=1 crypto rx=0x7f19f00098c0 tx=0x7f19f0006db0 comp rx=0 tx=0).ready entity=mgr.14100 client_cookie=0 server_cookie=0 in_seq=0 out_seq=0
2024-09-13T17:54:01.410 INFO:teuthology.orchestra.run.smithi027.stdout:/usr/bin/ceph: stderr
2024-09-13T17:53:59.726+0000 7f19fbe00640 1 -- 172.21.15.27:0/2261508291 <== mon.0 v2:172.21.15.27:3300/0 6 ==== mon_command_ack([{"prefix": "get_command_descriptions"}]=0 v0) v1 ==== 72+0+183819 (secure 0 0 0) 0x7f19f4031580 con 0x7f1a041059c0
2024-09-13T17:54:01.411 INFO:teuthology.orchestra.run.smithi027.stdout:/usr/bin/ceph: stderr
2024-09-13T17:53:59.952+0000 7f1a0a000640 1 -- 172.21.15.27:0/2261508291 --> [v2:172.21.15.27:3300/0,v1:172.21.15.27:6789/0] -- mon_command({"prefix": "mgr module enable", "module": "cephadm"} v 0) v1 -- 0x7f1a0410a030 con 0x7f1a041059c0
2024-09-13T17:54:01.411 INFO:teuthology.orchestra.run.smithi027.stdout:/usr/bin/ceph: stderr
2024-09-13T17:54:00.567+0000 7f19fbe00640 1 -- 172.21.15.27:0/2261508291 <== mon.0 v2:172.21.15.27:3300/0 7 ==== mgrmap(e 5) v1 ==== 45541+0+0 (secure 0 0 0) 0x7f19f403ba60 con 0x7f1a041059c0
2024-09-13T17:54:01.411 INFO:teuthology.orchestra.run.smithi027.stdout:/usr/bin/ceph: stderr
2024-09-13T17:54:00.569+0000 7f19fbe00640 1 -- 172.21.15.27:0/2261508291 <== mon.0 v2:172.21.15.27:3300/0 8 ==== mon_command_ack([{"prefix": "mgr module enable", "module": "cephadm"}]=0 v5) v1 ==== 86+0+0 (secure 0 0 0) 0x7f19f4031760 con 0x7f1a041059c0
2024-09-13T17:54:01.411 INFO:teuthology.orchestra.run.smithi027.stdout:/usr/bin/ceph: stderr
2024-09-13T17:54:00.572+0000 7f1a0a000640 1 -- 172.21.15.27:0/2261508291 >> [v2:172.21.15.27:6800/2456729013,v1:172.21.15.27:6801/2456729013] conn(0x7f19e8038620 msgr2=0x7f19e803aae0 secure :-1 s=STATE_CONNECTION_ESTABLISHED l=1).mark_down
2024-09-13T17:54:01.411 INFO:teuthology.orchestra.run.smithi027.stdout:/usr/bin/ceph: stderr
2024-09-13T17:54:00.572+0000 7f1a0a000640 1 --2- 172.21.15.27:0/2261508291 >> [v2:172.21.15.27:6800/2456729013,v1:172.21.15.27:6801/2456729013] conn(0x7f19e8038620 0x7f19e803aae0 secure :-1 s=READY pgs=8 cs=0 l=1 rev1=1 crypto rx=0x7f19f00098c0 tx=0x7f19f0006db0 comp rx=0 tx=0).stop
2024-09-13T17:54:01.411 INFO:teuthology.orchestra.run.smithi027.stdout:/usr/bin/ceph: stderr
2024-09-13T17:54:00.572+0000 7f1a0a000640 1 -- 172.21.15.27:0/2261508291 >> [v2:172.21.15.27:3300/0,v1:172.21.15.27:6789/0] conn(0x7f1a041059c0 msgr2=0x7f1a041997d0 secure :-1 s=STATE_CONNECTION_ESTABLISHED l=1).mark_down
2024-09-13T17:54:01.411 INFO:teuthology.orchestra.run.smithi027.stdout:/usr/bin/ceph: stderr
2024-09-13T17:54:00.572+0000 7f1a0a000640 1 --2- 172.21.15.27:0/2261508291 >> [v2:172.21.15.27:3300/0,v1:172.21.15.27:6789/0] conn(0x7f1a041059c0 0x7f1a041997d0 secure :-1 s=READY pgs=21 cs=0 l=1 rev1=1 crypto rx=0x7f19f402a790 tx=0x7f19f4032670 comp rx=0 tx=0).stop
2024-09-13T17:54:01.411 INFO:teuthology.orchestra.run.smithi027.stdout:/usr/bin/ceph: stderr
2024-09-13T17:54:00.572+0000 7f1a0a000640 1 -- 172.21.15.27:0/2261508291 shutdown_connections
2024-09-13T17:54:01.411 INFO:teuthology.orchestra.run.smithi027.stdout:/usr/bin/ceph: stderr
2024-09-13T17:54:00.572+0000 7f1a0a000640 1 --2- 172.21.15.27:0/2261508291 >> [v2:172.21.15.27:6800/2456729013,v1:172.21.15.27:6801/2456729013] conn(0x7f19e8038620 0x7f19e803aae0 unknown :-1 s=CLOSED pgs=8 cs=0 l=1 rev1=1 crypto rx=0 tx=0 comp rx=0 tx=0).stop
2024-09-13T17:54:01.411 INFO:teuthology.orchestra.run.smithi027.stdout:/usr/bin/ceph: stderr
2024-09-13T17:54:00.572+0000 7f1a0a000640 1 --2- 172.21.15.27:0/2261508291 >> [v2:172.21.15.27:3300/0,v1:172.21.15.27:6789/0] conn(0x7f1a041059c0 0x7f1a041997d0 unknown :-1 s=CLOSED pgs=21 cs=0 l=1 rev1=1 crypto rx=0 tx=0 comp rx=0 tx=0).stop
2024-09-13T17:54:01.411 INFO:teuthology.orchestra.run.smithi027.stdout:/usr/bin/ceph: stderr
2024-09-13T17:54:00.572+0000 7f1a0a000640 1 -- 172.21.15.27:0/2261508291 >> 172.21.15.27:0/2261508291 conn(0x7f1a04101130 msgr2=0x7f1a04101d50 unknown :-1 s=STATE_NONE l=0).mark_down
2024-09-13T17:54:01.411 INFO:teuthology.orchestra.run.smithi027.stdout:/usr/bin/ceph: stderr
2024-09-13T17:54:00.572+0000 7f1a0a000640 1 -- 172.21.15.27:0/2261508291 shutdown_connections
2024-09-13T17:54:01.411 INFO:teuthology.orchestra.run.smithi027.stdout:/usr/bin/ceph: stderr
2024-09-13T17:54:00.572+0000 7f1a0a000640 1 -- 172.21.15.27:0/2261508291 wait complete.
2024-09-13T17:54:01.519 INFO:journalctl@ceph.mgr.x.smithi027.stdout:Sep 13 17:54:01 smithi027 ceph-f5527e2e-71f8-11ef-bceb-c7b262605968-mgr-x[30836]:
2024-09-13T17:54:01.341+0000 7f2ce928d040 -1 mgr[py] Module test_orchestrator has missing NOTIFY_TYPES member
2024-09-13T17:54:01.520 INFO:journalctl@ceph.mgr.x.smithi027.stdout:Sep 13 17:54:01 smithi027 ceph-f5527e2e-71f8-11ef-bceb-c7b262605968-mgr-x[30836]:
2024-09-13T17:54:01.517+0000 7f2ce928d040 -1 mgr[py] Module snap_schedule has missing NOTIFY_TYPES member
2024-09-13T17:54:01.806 INFO:journalctl@ceph.mon.a.smithi027.stdout:Sep 13 17:54:01 smithi027 ceph-mon[30611]: from='client.? 172.21.15.27:0/2261508291' entity='client.admin' cmd='[{"prefix": "mgr module enable", "module": "cephadm"}]': finished
2024-09-13T17:54:01.807 INFO:journalctl@ceph.mon.a.smithi027.stdout:Sep 13 17:54:01 smithi027 ceph-mon[30611]: mgrmap e5: x(active, since 5s)
2024-09-13T17:54:02.207 INFO:journalctl@ceph.mgr.x.smithi027.stdout:Sep 13 17:54:01 smithi027 ceph-f5527e2e-71f8-11ef-bceb-c7b262605968-mgr-x[30836]:
2024-09-13T17:54:01.907+0000 7f2ce928d040 -1 mgr[py] Module prometheus has missing NOTIFY_TYPES member
2024-09-13T17:54:02.207 INFO:journalctl@ceph.mgr.x.smithi027.stdout:Sep 13 17:54:01 smithi027 ceph-f5527e2e-71f8-11ef-bceb-c7b262605968-mgr-x[30836]:
2024-09-13T17:54:01.984+0000 7f2ce928d040 -1 mgr[py] Module selftest has missing NOTIFY_TYPES member
2024-09-13T17:54:02.207 INFO:journalctl@ceph.mgr.x.smithi027.stdout:Sep 13 17:54:02 smithi027 ceph-f5527e2e-71f8-11ef-bceb-c7b262605968-mgr-x[30836]:
2024-09-13T17:54:02.205+0000 7f2ce928d040 -1 mgr[py] Module volumes has missing NOTIFY_TYPES member
2024-09-13T17:54:02.824 INFO:journalctl@ceph.mon.a.smithi027.stdout:Sep 13 17:54:02 smithi027 ceph-mon[30611]: from='client.? 172.21.15.27:0/574790344' entity='client.admin' cmd=[{"prefix": "mgr stat"}]: dispatch
2024-09-13T17:54:02.954 INFO:teuthology.orchestra.run.smithi027.stdout:/usr/bin/ceph: stdout {
2024-09-13T17:54:02.954 INFO:teuthology.orchestra.run.smithi027.stdout:/usr/bin/ceph: stdout "epoch": 5,
2024-09-13T17:54:02.954 INFO:teuthology.orchestra.run.smithi027.stdout:/usr/bin/ceph: stdout "available": true,
2024-09-13T17:54:02.954 INFO:teuthology.orchestra.run.smithi027.stdout:/usr/bin/ceph: stdout "active_name": "x",
2024-09-13T17:54:02.954 INFO:teuthology.orchestra.run.smithi027.stdout:/usr/bin/ceph: stdout "num_standby": 0
2024-09-13T17:54:02.954 INFO:teuthology.orchestra.run.smithi027.stdout:/usr/bin/ceph: stdout }
2024-09-13T17:54:02.954 INFO:teuthology.orchestra.run.smithi027.stdout:/usr/bin/ceph: stderr
2024-09-13T17:54:02.020+0000 7fa2faa00640 1 Processor -- start
2024-09-13T17:54:02.954 INFO:teuthology.orchestra.run.smithi027.stdout:/usr/bin/ceph: stderr
2024-09-13T17:54:02.020+0000 7fa2faa00640 1 -- start start
2024-09-13T17:54:02.954 INFO:teuthology.orchestra.run.smithi027.stdout:/usr/bin/ceph: stderr
2024-09-13T17:54:02.021+0000 7fa2faa00640 1 --2- >> [v2:172.21.15.27:3300/0,v1:172.21.15.27:6789/0] conn(0x7fa2f4105a10 0x7fa2f4105e10 unknown :-1 s=NONE pgs=0 cs=0 l=0 rev1=0 crypto rx=0 tx=0 comp rx=0 tx=0).connect
2024-09-13T17:54:02.954 INFO:teuthology.orchestra.run.smithi027.stdout:/usr/bin/ceph: stderr
2024-09-13T17:54:02.021+0000 7fa2faa00640 1 -- --> [v2:172.21.15.27:3300/0,v1:172.21.15.27:6789/0] -- mon_getmap magic: 0 v1 -- 0x7fa2f41063e0 con 0x7fa2f4105a10
2024-09-13T17:54:02.955 INFO:teuthology.orchestra.run.smithi027.stdout:/usr/bin/ceph: stderr
2024-09-13T17:54:02.021+0000 7fa2f3e00640 1 --2- >> [v2:172.21.15.27:3300/0,v1:172.21.15.27:6789/0] conn(0x7fa2f4105a10 0x7fa2f4105e10 unknown :-1 s=BANNER_CONNECTING pgs=0 cs=0 l=0 rev1=0 crypto rx=0 tx=0 comp rx=0 tx=0)._handle_peer_banner_payload supported=3 required=0
2024-09-13T17:54:02.955 INFO:teuthology.orchestra.run.smithi027.stdout:/usr/bin/ceph: stderr
2024-09-13T17:54:02.021+0000 7fa2f3e00640 1 --2- >> [v2:172.21.15.27:3300/0,v1:172.21.15.27:6789/0] conn(0x7fa2f4105a10 0x7fa2f4105e10 unknown :-1 s=HELLO_CONNECTING pgs=0 cs=0 l=0 rev1=1 crypto rx=0 tx=0 comp rx=0 tx=0).handle_hello peer v2:172.21.15.27:3300/0 says I am v2:172.21.15.27:52482/0 (socket says 172.21.15.27:52482)
2024-09-13T17:54:02.955 INFO:teuthology.orchestra.run.smithi027.stdout:/usr/bin/ceph: stderr
2024-09-13T17:54:02.021+0000 7fa2f3e00640 1 -- 172.21.15.27:0/531105927 learned_addr learned my addr 172.21.15.27:0/531105927 (peer_addr_for_me v2:172.21.15.27:0/0)
2024-09-13T17:54:02.955 INFO:teuthology.orchestra.run.smithi027.stdout:/usr/bin/ceph: stderr
2024-09-13T17:54:02.021+0000 7fa2f3e00640 1 -- 172.21.15.27:0/531105927 --> [v2:172.21.15.27:3300/0,v1:172.21.15.27:6789/0] -- mon_subscribe({config=0+,monmap=0+}) v3 -- 0x7fa2f4106b70 con 0x7fa2f4105a10
2024-09-13T17:54:02.955 INFO:teuthology.orchestra.run.smithi027.stdout:/usr/bin/ceph: stderr
2024-09-13T17:54:02.022+0000 7fa2f3e00640 1 --2- 172.21.15.27:0/531105927 >> [v2:172.21.15.27:3300/0,v1:172.21.15.27:6789/0] conn(0x7fa2f4105a10 0x7fa2f4105e10 secure :-1 s=READY pgs=24 cs=0 l=1 rev1=1 crypto rx=0x7fa2e4009820 tx=0x7fa2e402a270 comp rx=0 tx=0).ready entity=mon.0 client_cookie=adabd775a2f027cc server_cookie=0 in_seq=0 out_seq=0
2024-09-13T17:54:02.955 INFO:teuthology.orchestra.run.smithi027.stdout:/usr/bin/ceph: stderr
2024-09-13T17:54:02.023+0000 7fa2f2a00640 1 -- 172.21.15.27:0/531105927 <== mon.0 v2:172.21.15.27:3300/0 1 ==== mon_map magic: 0 v1 ==== 205+0+0 (secure 0 0 0) 0x7fa2e402ae70 con 0x7fa2f4105a10
2024-09-13T17:54:02.955 INFO:teuthology.orchestra.run.smithi027.stdout:/usr/bin/ceph: stderr
2024-09-13T17:54:02.023+0000 7fa2f2a00640 1 -- 172.21.15.27:0/531105927 <== mon.0 v2:172.21.15.27:3300/0 2 ==== config(27 keys) v1 ==== 1108+0+0 (secure 0 0 0) 0x7fa2e4032900 con 0x7fa2f4105a10
2024-09-13T17:54:02.955 INFO:teuthology.orchestra.run.smithi027.stdout:/usr/bin/ceph: stderr
2024-09-13T17:54:02.023+0000 7fa2f2a00640 1 -- 172.21.15.27:0/531105927 <== mon.0 v2:172.21.15.27:3300/0 3 ==== mon_map magic: 0 v1 ==== 205+0+0 (secure 0 0 0) 0x7fa2e40309d0 con 0x7fa2f4105a10
2024-09-13T17:54:02.955 INFO:teuthology.orchestra.run.smithi027.stdout:/usr/bin/ceph: stderr
2024-09-13T17:54:02.023+0000 7fa2faa00640 1 -- 172.21.15.27:0/531105927 >> [v2:172.21.15.27:3300/0,v1:172.21.15.27:6789/0] conn(0x7fa2f4105a10 msgr2=0x7fa2f4105e10 secure :-1 s=STATE_CONNECTION_ESTABLISHED l=1).mark_down
2024-09-13T17:54:02.955 INFO:teuthology.orchestra.run.smithi027.stdout:/usr/bin/ceph: stderr
2024-09-13T17:54:02.023+0000 7fa2faa00640 1 --2- 172.21.15.27:0/531105927 >> [v2:172.21.15.27:3300/0,v1:172.21.15.27:6789/0] conn(0x7fa2f4105a10 0x7fa2f4105e10 secure :-1 s=READY pgs=24 cs=0 l=1 rev1=1 crypto rx=0x7fa2e4009820 tx=0x7fa2e402a270 comp rx=0 tx=0).stop
2024-09-13T17:54:02.955 INFO:teuthology.orchestra.run.smithi027.stdout:/usr/bin/ceph: stderr
2024-09-13T17:54:02.023+0000 7fa2faa00640 1 -- 172.21.15.27:0/531105927 shutdown_connections
2024-09-13T17:54:02.955 INFO:teuthology.orchestra.run.smithi027.stdout:/usr/bin/ceph: stderr
2024-09-13T17:54:02.023+0000 7fa2faa00640 1 --2- 172.21.15.27:0/531105927 >> [v2:172.21.15.27:3300/0,v1:172.21.15.27:6789/0] conn(0x7fa2f4105a10 0x7fa2f4105e10 unknown :-1 s=CLOSED pgs=24 cs=0 l=1 rev1=1 crypto rx=0 tx=0 comp rx=0 tx=0).stop
2024-09-13T17:54:02.955 INFO:teuthology.orchestra.run.smithi027.stdout:/usr/bin/ceph: stderr
2024-09-13T17:54:02.023+0000 7fa2faa00640 1 -- 172.21.15.27:0/531105927 >> 172.21.15.27:0/531105927 conn(0x7fa2f4101200 msgr2=0x7fa2f4103620 unknown :-1 s=STATE_NONE l=0).mark_down
2024-09-13T17:54:02.955 INFO:teuthology.orchestra.run.smithi027.stdout:/usr/bin/ceph: stderr
2024-09-13T17:54:02.024+0000 7fa2faa00640 1 -- 172.21.15.27:0/531105927 shutdown_connections
2024-09-13T17:54:02.956 INFO:teuthology.orchestra.run.smithi027.stdout:/usr/bin/ceph: stderr
2024-09-13T17:54:02.024+0000 7fa2faa00640 1 -- 172.21.15.27:0/531105927 wait complete.
2024-09-13T17:54:02.956 INFO:teuthology.orchestra.run.smithi027.stdout:/usr/bin/ceph: stderr
2024-09-13T17:54:02.024+0000 7fa2faa00640 1 Processor -- start
2024-09-13T17:54:02.956 INFO:teuthology.orchestra.run.smithi027.stdout:/usr/bin/ceph: stderr
2024-09-13T17:54:02.025+0000 7fa2faa00640 1 -- start start
2024-09-13T17:54:02.956 INFO:teuthology.orchestra.run.smithi027.stdout:/usr/bin/ceph: stderr
2024-09-13T17:54:02.025+0000 7fa2faa00640 1 --2- >> [v2:172.21.15.27:3300/0,v1:172.21.15.27:6789/0] conn(0x7fa2f4105a10 0x7fa2f407bb10 unknown :-1 s=NONE pgs=0 cs=0 l=1 rev1=0 crypto rx=0 tx=0 comp rx=0 tx=0).connect
2024-09-13T17:54:02.956 INFO:teuthology.orchestra.run.smithi027.stdout:/usr/bin/ceph: stderr
2024-09-13T17:54:02.025+0000 7fa2faa00640 1 -- --> [v2:172.21.15.27:3300/0,v1:172.21.15.27:6789/0] -- mon_getmap magic: 0 v1 -- 0x7fa2f407c050 con 0x7fa2f4105a10
2024-09-13T17:54:02.956 INFO:teuthology.orchestra.run.smithi027.stdout:/usr/bin/ceph: stderr
2024-09-13T17:54:02.025+0000 7fa2f3e00640 1 --2- >> [v2:172.21.15.27:3300/0,v1:172.21.15.27:6789/0] conn(0x7fa2f4105a10 0x7fa2f407bb10 unknown :-1 s=BANNER_CONNECTING pgs=0 cs=0 l=1 rev1=0 crypto rx=0 tx=0 comp rx=0 tx=0)._handle_peer_banner_payload supported=3 required=0
2024-09-13T17:54:02.956 INFO:teuthology.orchestra.run.smithi027.stdout:/usr/bin/ceph: stderr
2024-09-13T17:54:02.025+0000 7fa2f3e00640 1 --2- >> [v2:172.21.15.27:3300/0,v1:172.21.15.27:6789/0] conn(0x7fa2f4105a10 0x7fa2f407bb10 unknown :-1 s=HELLO_CONNECTING pgs=0 cs=0 l=1 rev1=1 crypto rx=0 tx=0 comp rx=0 tx=0).handle_hello peer v2:172.21.15.27:3300/0 says I am v2:172.21.15.27:52494/0 (socket says 172.21.15.27:52494)
2024-09-13T17:54:02.956 INFO:teuthology.orchestra.run.smithi027.stdout:/usr/bin/ceph: stderr
2024-09-13T17:54:02.025+0000 7fa2f3e00640 1 -- 172.21.15.27:0/574790344 learned_addr learned my addr 172.21.15.27:0/574790344 (peer_addr_for_me v2:172.21.15.27:0/0)
2024-09-13T17:54:02.956 INFO:teuthology.orchestra.run.smithi027.stdout:/usr/bin/ceph: stderr
2024-09-13T17:54:02.026+0000 7fa2f3e00640 1 -- 172.21.15.27:0/574790344 --> [v2:172.21.15.27:3300/0,v1:172.21.15.27:6789/0] -- mon_subscribe({config=0+,monmap=0+}) v3 -- 0x7fa2e40094d0 con 0x7fa2f4105a10
2024-09-13T17:54:02.956 INFO:teuthology.orchestra.run.smithi027.stdout:/usr/bin/ceph: stderr
2024-09-13T17:54:02.026+0000 7fa2f3e00640 1 --2- 172.21.15.27:0/574790344 >> [v2:172.21.15.27:3300/0,v1:172.21.15.27:6789/0] conn(0x7fa2f4105a10 0x7fa2f407bb10 secure :-1 s=READY pgs=25 cs=0 l=1 rev1=1 crypto rx=0x7fa2e40306e0 tx=0x7fa2e4032670 comp rx=0 tx=0).ready entity=mon.0 client_cookie=0 server_cookie=0 in_seq=0 out_seq=0
2024-09-13T17:54:02.956 INFO:teuthology.orchestra.run.smithi027.stdout:/usr/bin/ceph: stderr
2024-09-13T17:54:02.026+0000 7fa2f0c00640 1 -- 172.21.15.27:0/574790344 <== mon.0 v2:172.21.15.27:3300/0 1 ==== mon_map magic: 0 v1 ==== 205+0+0 (secure 0 0 0) 0x7fa2e4032c80 con 0x7fa2f4105a10
2024-09-13T17:54:02.956 INFO:teuthology.orchestra.run.smithi027.stdout:/usr/bin/ceph: stderr
2024-09-13T17:54:02.026+0000 7fa2f0c00640 1 -- 172.21.15.27:0/574790344 <== mon.0 v2:172.21.15.27:3300/0 2 ==== config(27 keys) v1 ==== 1108+0+0 (secure 0 0 0) 0x7fa2e4032de0 con 0x7fa2f4105a10
2024-09-13T17:54:02.956 INFO:teuthology.orchestra.run.smithi027.stdout:/usr/bin/ceph: stderr
2024-09-13T17:54:02.026+0000 7fa2faa00640 1 -- 172.21.15.27:0/574790344 --> [v2:172.21.15.27:3300/0,v1:172.21.15.27:6789/0] -- mon_subscribe({mgrmap=0+}) v3 -- 0x7fa2f407a290 con 0x7fa2f4105a10
2024-09-13T17:54:02.956 INFO:teuthology.orchestra.run.smithi027.stdout:/usr/bin/ceph: stderr
2024-09-13T17:54:02.026+0000 7fa2f0c00640 1 -- 172.21.15.27:0/574790344 <== mon.0 v2:172.21.15.27:3300/0 3 ==== mon_map magic: 0 v1 ==== 205+0+0 (secure 0 0 0) 0x7fa2e403a780 con 0x7fa2f4105a10
2024-09-13T17:54:02.957 INFO:teuthology.orchestra.run.smithi027.stdout:/usr/bin/ceph: stderr
2024-09-13T17:54:02.026+0000 7fa2faa00640 1 -- 172.21.15.27:0/574790344 --> [v2:172.21.15.27:3300/0,v1:172.21.15.27:6789/0] -- mon_subscribe({osdmap=0}) v3 -- 0x7fa2f407a730 con 0x7fa2f4105a10
2024-09-13T17:54:02.957 INFO:teuthology.orchestra.run.smithi027.stdout:/usr/bin/ceph: stderr
2024-09-13T17:54:02.027+0000 7fa2f0c00640 1 -- 172.21.15.27:0/574790344 <== mon.0 v2:172.21.15.27:3300/0 4 ==== mgrmap(e 5) v1 ==== 45541+0+0 (secure 0 0 0) 0x7fa2e4039040 con 0x7fa2f4105a10
2024-09-13T17:54:02.957 INFO:teuthology.orchestra.run.smithi027.stdout:/usr/bin/ceph: stderr
2024-09-13T17:54:02.028+0000 7fa2faa00640 1 -- 172.21.15.27:0/574790344 --> [v2:172.21.15.27:3300/0,v1:172.21.15.27:6789/0] -- mon_command({"prefix": "get_command_descriptions"} v 0) v1 -- 0x7fa2f4109da0 con 0x7fa2f4105a10
2024-09-13T17:54:02.957 INFO:teuthology.orchestra.run.smithi027.stdout:/usr/bin/ceph: stderr
2024-09-13T17:54:02.028+0000 7fa2f0c00640 1 --2- 172.21.15.27:0/574790344 >> [v2:172.21.15.27:6800/2456729013,v1:172.21.15.27:6801/2456729013] conn(0x7fa2d8038670 0x7fa2d803ab30 unknown :-1 s=NONE pgs=0 cs=0 l=1 rev1=0 crypto rx=0 tx=0 comp rx=0 tx=0).connect
2024-09-13T17:54:02.957 INFO:teuthology.orchestra.run.smithi027.stdout:/usr/bin/ceph: stderr
2024-09-13T17:54:02.028+0000 7fa2f0c00640 1 -- 172.21.15.27:0/574790344 <== mon.0 v2:172.21.15.27:3300/0 5 ==== osd_map(1..1 src has 1..1) v4 ==== 725+0+0 (secure 0 0 0) 0x7fa2e406b690 con 0x7fa2f4105a10
2024-09-13T17:54:02.957 INFO:teuthology.orchestra.run.smithi027.stdout:/usr/bin/ceph: stderr
2024-09-13T17:54:02.028+0000 7fa2f3400640 1 -- 172.21.15.27:0/574790344 >> [v2:172.21.15.27:6800/2456729013,v1:172.21.15.27:6801/2456729013] conn(0x7fa2d8038670 msgr2=0x7fa2d803ab30 unknown :-1 s=STATE_CONNECTING_RE l=1).process reconnect failed to v2:172.21.15.27:6800/2456729013
2024-09-13T17:54:02.957 INFO:teuthology.orchestra.run.smithi027.stdout:/usr/bin/ceph: stderr
2024-09-13T17:54:02.028+0000 7fa2f3400640 1 --2- 172.21.15.27:0/574790344 >> [v2:172.21.15.27:6800/2456729013,v1:172.21.15.27:6801/2456729013] conn(0x7fa2d8038670 0x7fa2d803ab30 unknown :-1 s=START_CONNECT pgs=0 cs=0 l=1 rev1=0 crypto rx=0 tx=0 comp rx=0 tx=0)._fault waiting 0.200000
2024-09-13T17:54:02.957 INFO:teuthology.orchestra.run.smithi027.stdout:/usr/bin/ceph: stderr
2024-09-13T17:54:02.033+0000 7fa2f0c00640 1 -- 172.21.15.27:0/574790344 <== mon.0 v2:172.21.15.27:3300/0 6 ==== mon_command_ack([{"prefix": "get_command_descriptions"}]=0 v0) v1 ==== 72+0+183819 (secure 0 0 0) 0x7fa2e4031580 con 0x7fa2f4105a10
2024-09-13T17:54:02.957 INFO:teuthology.orchestra.run.smithi027.stdout:/usr/bin/ceph: stderr
2024-09-13T17:54:02.229+0000 7fa2f3400640 1 -- 172.21.15.27:0/574790344 >> [v2:172.21.15.27:6800/2456729013,v1:172.21.15.27:6801/2456729013] conn(0x7fa2d8038670 msgr2=0x7fa2d803ab30 unknown :-1 s=STATE_CONNECTING_RE l=1).process reconnect failed to v2:172.21.15.27:6800/2456729013
2024-09-13T17:54:02.957 INFO:teuthology.orchestra.run.smithi027.stdout:/usr/bin/ceph: stderr
2024-09-13T17:54:02.229+0000 7fa2f3400640 1 --2- 172.21.15.27:0/574790344 >> [v2:172.21.15.27:6800/2456729013,v1:172.21.15.27:6801/2456729013] conn(0x7fa2d8038670 0x7fa2d803ab30 unknown :-1 s=START_CONNECT pgs=0 cs=0 l=1 rev1=0 crypto rx=0 tx=0 comp rx=0 tx=0)._fault waiting 0.400000
2024-09-13T17:54:02.958 INFO:teuthology.orchestra.run.smithi027.stdout:/usr/bin/ceph: stderr
2024-09-13T17:54:02.257+0000 7fa2faa00640 1 -- 172.21.15.27:0/574790344 --> [v2:172.21.15.27:3300/0,v1:172.21.15.27:6789/0] -- mon_command({"prefix": "mgr stat"} v 0) v1 -- 0x7fa2f407ae70 con 0x7fa2f4105a10
2024-09-13T17:54:02.958 INFO:teuthology.orchestra.run.smithi027.stdout:/usr/bin/ceph: stderr
2024-09-13T17:54:02.257+0000 7fa2f0c00640 1 -- 172.21.15.27:0/574790344 <== mon.0 v2:172.21.15.27:3300/0 7 ==== mon_command_ack([{"prefix": "mgr stat"}]=0 v5) v1 ==== 56+0+88 (secure 0 0 0) 0x7fa2e4037070 con 0x7fa2f4105a10
2024-09-13T17:54:02.958 INFO:teuthology.orchestra.run.smithi027.stdout:/usr/bin/ceph: stderr
2024-09-13T17:54:02.260+0000 7fa2faa00640 1 -- 172.21.15.27:0/574790344 >> [v2:172.21.15.27:6800/2456729013,v1:172.21.15.27:6801/2456729013] conn(0x7fa2d8038670 msgr2=0x7fa2d803ab30 unknown :-1 s=STATE_CONNECTING l=1).mark_down
2024-09-13T17:54:02.958 INFO:teuthology.orchestra.run.smithi027.stdout:/usr/bin/ceph: stderr
2024-09-13T17:54:02.260+0000 7fa2faa00640 1 --2- 172.21.15.27:0/574790344 >> [v2:172.21.15.27:6800/2456729013,v1:172.21.15.27:6801/2456729013] conn(0x7fa2d8038670 0x7fa2d803ab30 unknown :-1 s=START_CONNECT pgs=0 cs=0 l=1 rev1=0 crypto rx=0 tx=0 comp rx=0 tx=0).stop
2024-09-13T17:54:02.958 INFO:teuthology.orchestra.run.smithi027.stdout:/usr/bin/ceph: stderr
2024-09-13T17:54:02.260+0000 7fa2faa00640 1 -- 172.21.15.27:0/574790344 >> [v2:172.21.15.27:3300/0,v1:172.21.15.27:6789/0] conn(0x7fa2f4105a10 msgr2=0x7fa2f407bb10 secure :-1 s=STATE_CONNECTION_ESTABLISHED l=1).mark_down
2024-09-13T17:54:02.958 INFO:teuthology.orchestra.run.smithi027.stdout:/usr/bin/ceph: stderr
2024-09-13T17:54:02.260+0000 7fa2faa00640 1 --2- 172.21.15.27:0/574790344 >> [v2:172.21.15.27:3300/0,v1:172.21.15.27:6789/0] conn(0x7fa2f4105a10 0x7fa2f407bb10 secure :-1 s=READY pgs=25 cs=0 l=1 rev1=1 crypto rx=0x7fa2e40306e0 tx=0x7fa2e4032670 comp rx=0 tx=0).stop
2024-09-13T17:54:02.959 INFO:teuthology.orchestra.run.smithi027.stdout:/usr/bin/ceph: stderr
2024-09-13T17:54:02.260+0000 7fa2faa00640 1 -- 172.21.15.27:0/574790344 shutdown_connections
2024-09-13T17:54:02.959 INFO:teuthology.orchestra.run.smithi027.stdout:/usr/bin/ceph: stderr
2024-09-13T17:54:02.260+0000 7fa2faa00640 1 --2- 172.21.15.27:0/574790344 >> [v2:172.21.15.27:6800/2456729013,v1:172.21.15.27:6801/2456729013] conn(0x7fa2d8038670 0x7fa2d803ab30 unknown :-1 s=CLOSED pgs=0 cs=0 l=1 rev1=0 crypto rx=0 tx=0 comp rx=0 tx=0).stop
2024-09-13T17:54:02.959 INFO:teuthology.orchestra.run.smithi027.stdout:/usr/bin/ceph: stderr
2024-09-13T17:54:02.260+0000 7fa2faa00640 1 --2- 172.21.15.27:0/574790344 >> [v2:172.21.15.27:3300/0,v1:172.21.15.27:6789/0] conn(0x7fa2f4105a10 0x7fa2f407bb10 unknown :-1 s=CLOSED pgs=25 cs=0 l=1 rev1=1 crypto rx=0 tx=0 comp rx=0 tx=0).stop
2024-09-13T17:54:02.959 INFO:teuthology.orchestra.run.smithi027.stdout:/usr/bin/ceph: stderr
2024-09-13T17:54:02.260+0000 7fa2faa00640 1 -- 172.21.15.27:0/574790344 >> 172.21.15.27:0/574790344 conn(0x7fa2f4101200 msgr2=0x7fa2f4101e80 unknown :-1 s=STATE_NONE l=0).mark_down
2024-09-13T17:54:02.959 INFO:teuthology.orchestra.run.smithi027.stdout:/usr/bin/ceph: stderr
2024-09-13T17:54:02.260+0000 7fa2faa00640 1 -- 172.21.15.27:0/574790344 shutdown_connections
2024-09-13T17:54:02.960 INFO:teuthology.orchestra.run.smithi027.stdout:/usr/bin/ceph: stderr
2024-09-13T17:54:02.260+0000 7fa2faa00640 1 -- 172.21.15.27:0/574790344 wait complete.
2024-09-13T17:54:02.960 INFO:teuthology.orchestra.run.smithi027.stdout:Waiting for the mgr to restart...
2024-09-13T17:54:02.960 INFO:teuthology.orchestra.run.smithi027.stdout:Waiting for mgr epoch 5...
2024-09-13T17:54:03.682 INFO:journalctl@ceph.mgr.x.smithi027.stdout:Sep 13 17:54:03 smithi027 ceph-f5527e2e-71f8-11ef-bceb-c7b262605968-mgr-x[30836]:
2024-09-13T17:54:03.370+0000 7f2ce928d040 -1 mgr[py] Module telemetry has missing NOTIFY_TYPES member
2024-09-13T17:54:03.682 INFO:journalctl@ceph.mgr.x.smithi027.stdout:Sep 13 17:54:03 smithi027 ceph-f5527e2e-71f8-11ef-bceb-c7b262605968-mgr-x[30836]:
2024-09-13T17:54:03.454+0000 7f2ce928d040 -1 mgr[py] Module balancer has missing NOTIFY_TYPES member
2024-09-13T17:54:04.736 INFO:journalctl@ceph.mgr.x.smithi027.stdout:Sep 13 17:54:04 smithi027 ceph-f5527e2e-71f8-11ef-bceb-c7b262605968-mgr-x[30836]:
2024-09-13T17:54:04.422+0000 7f2ce928d040 -1 mgr[py] Module rook has missing NOTIFY_TYPES member
2024-09-13T17:54:04.736 INFO:journalctl@ceph.mgr.x.smithi027.stdout:Sep 13 17:54:04 smithi027 ceph-f5527e2e-71f8-11ef-bceb-c7b262605968-mgr-x[30836]:
2024-09-13T17:54:04.564+0000 7f2ce928d040 -1 mgr[py] Module iostat has missing NOTIFY_TYPES member
2024-09-13T17:54:04.736 INFO:journalctl@ceph.mgr.x.smithi027.stdout:Sep 13 17:54:04 smithi027 ceph-f5527e2e-71f8-11ef-bceb-c7b262605968-mgr-x[30836]:
2024-09-13T17:54:04.733+0000 7f2ce928d040 -1 mgr[py] Module orchestrator has missing NOTIFY_TYPES member
2024-09-13T17:54:04.987 INFO:journalctl@ceph.mgr.x.smithi027.stdout:Sep 13 17:54:04 smithi027 ceph-f5527e2e-71f8-11ef-bceb-c7b262605968-mgr-x[30836]:
2024-09-13T17:54:04.809+0000 7f2ce928d040 -1 mgr[py] Module devicehealth has missing NOTIFY_TYPES member
2024-09-13T17:54:05.306 INFO:journalctl@ceph.mgr.x.smithi027.stdout:Sep 13 17:54:04 smithi027 ceph-f5527e2e-71f8-11ef-bceb-c7b262605968-mgr-x[30836]:
2024-09-13T17:54:04.985+0000 7f2ce928d040 -1 mgr[py] Module rgw has missing NOTIFY_TYPES member
2024-09-13T17:54:05.307 INFO:journalctl@ceph.mgr.x.smithi027.stdout:Sep 13 17:54:05 smithi027 ceph-f5527e2e-71f8-11ef-bceb-c7b262605968-mgr-x[30836]:
2024-09-13T17:54:05.070+0000 7f2ce928d040 -1 mgr[py] Module alerts has missing NOTIFY_TYPES member
2024-09-13T17:54:05.307 INFO:journalctl@ceph.mgr.x.smithi027.stdout:Sep 13 17:54:05 smithi027 ceph-f5527e2e-71f8-11ef-bceb-c7b262605968-mgr-x[30836]:
2024-09-13T17:54:05.144+0000 7f2ce928d040 -1 mgr[py] Module progress has missing NOTIFY_TYPES member
2024-09-13T17:54:05.594 INFO:journalctl@ceph.mgr.x.smithi027.stdout:Sep 13 17:54:05 smithi027 ceph-f5527e2e-71f8-11ef-bceb-c7b262605968-mgr-x[30836]:
2024-09-13T17:54:05.329+0000 7f2ce928d040 -1 mgr[py] Module nfs has missing NOTIFY_TYPES member
2024-09-13T17:54:05.594 INFO:journalctl@ceph.mgr.x.smithi027.stdout:Sep 13 17:54:05 smithi027 ceph-f5527e2e-71f8-11ef-bceb-c7b262605968-mgr-x[30836]:
2024-09-13T17:54:05.410+0000 7f2ce928d040 -1 mgr[py] Module status has missing NOTIFY_TYPES member
2024-09-13T17:54:05.594 INFO:journalctl@ceph.mgr.x.smithi027.stdout:Sep 13 17:54:05 smithi027 ceph-f5527e2e-71f8-11ef-bceb-c7b262605968-mgr-x[30836]:
2024-09-13T17:54:05.491+0000 7f2ce928d040 -1 mgr[py] Module pg_autoscaler has missing NOTIFY_TYPES member
2024-09-13T17:54:05.594 INFO:journalctl@ceph.mgr.x.smithi027.stdout:Sep 13 17:54:05 smithi027 ceph-f5527e2e-71f8-11ef-bceb-c7b262605968-mgr-x[30836]:
2024-09-13T17:54:05.592+0000 7f2ce928d040 -1 mgr[py] Module rbd_support has missing NOTIFY_TYPES member
2024-09-13T17:54:06.056 INFO:journalctl@ceph.mgr.x.smithi027.stdout:Sep 13 17:54:05 smithi027 ceph-f5527e2e-71f8-11ef-bceb-c7b262605968-mgr-x[30836]:
2024-09-13T17:54:05.665+0000 7f2ce928d040 -1 mgr[py] Module influx has missing NOTIFY_TYPES member
2024-09-13T17:54:06.056 INFO:journalctl@ceph.mgr.x.smithi027.stdout:Sep 13 17:54:05 smithi027 ceph-f5527e2e-71f8-11ef-bceb-c7b262605968-mgr-x[30836]:
2024-09-13T17:54:05.738+0000 7f2ce928d040 -1 mgr[py] Module zabbix has missing NOTIFY_TYPES member
2024-09-13T17:54:06.735 INFO:journalctl@ceph.mgr.x.smithi027.stdout:Sep 13 17:54:06 smithi027 ceph-f5527e2e-71f8-11ef-bceb-c7b262605968-mgr-x[30836]:
2024-09-13T17:54:06.679+0000 7f2ce928d040 -1 mgr[py] Module telegraf has missing NOTIFY_TYPES member
2024-09-13T17:54:07.057 INFO:journalctl@ceph.mon.a.smithi027.stdout:Sep 13 17:54:06 smithi027 ceph-mon[30611]: Active manager daemon x restarted
2024-09-13T17:54:07.057 INFO:journalctl@ceph.mon.a.smithi027.stdout:Sep 13 17:54:06 smithi027 ceph-mon[30611]: Activating manager daemon x
2024-09-13T17:54:07.057 INFO:journalctl@ceph.mon.a.smithi027.stdout:Sep 13 17:54:06 smithi027 ceph-mon[30611]: osdmap e2: 0 total, 0 up, 0 in
2024-09-13T17:54:07.057 INFO:journalctl@ceph.mon.a.smithi027.stdout:Sep 13 17:54:06 smithi027 ceph-mon[30611]: mgrmap e6: x(active, starting, since 0.00415141s)
2024-09-13T17:54:07.057 INFO:journalctl@ceph.mon.a.smithi027.stdout:Sep 13 17:54:06 smithi027 ceph-mon[30611]: from='mgr.14118 172.21.15.27:0/1969861111' entity='mgr.x' cmd=[{"prefix": "mon metadata", "id": "a"}]: dispatch
2024-09-13T17:54:07.057 INFO:journalctl@ceph.mon.a.smithi027.stdout:Sep 13 17:54:06 smithi027 ceph-mon[30611]: from='mgr.14118 172.21.15.27:0/1969861111' entity='mgr.x' cmd=[{"prefix": "mgr metadata", "who": "x", "id": "x"}]: dispatch
2024-09-13T17:54:07.057 INFO:journalctl@ceph.mon.a.smithi027.stdout:Sep 13 17:54:06 smithi027 ceph-mon[30611]: from='mgr.14118 172.21.15.27:0/1969861111' entity='mgr.x' cmd=[{"prefix": "mds metadata"}]: dispatch
2024-09-13T17:54:07.057 INFO:journalctl@ceph.mon.a.smithi027.stdout:Sep 13 17:54:06 smithi027 ceph-mon[30611]: from='mgr.14118 172.21.15.27:0/1969861111' entity='mgr.x' cmd=[{"prefix": "osd metadata"}]: dispatch
2024-09-13T17:54:07.057 INFO:journalctl@ceph.mon.a.smithi027.stdout:Sep 13 17:54:06 smithi027 ceph-mon[30611]: from='mgr.14118 172.21.15.27:0/1969861111' entity='mgr.x' cmd=[{"prefix": "mon metadata"}]: dispatch
2024-09-13T17:54:07.057 INFO:journalctl@ceph.mon.a.smithi027.stdout:Sep 13 17:54:06 smithi027 ceph-mon[30611]: Manager daemon x is now available
2024-09-13T17:54:07.057 INFO:journalctl@ceph.mon.a.smithi027.stdout:Sep 13 17:54:06 smithi027 ceph-mon[30611]: from='mgr.14118 172.21.15.27:0/1969861111' entity='mgr.x'
2024-09-13T17:54:07.058 INFO:journalctl@ceph.mon.a.smithi027.stdout:Sep 13 17:54:06 smithi027 ceph-mon[30611]: from='mgr.14118 172.21.15.27:0/1969861111' entity='mgr.x'
2024-09-13T17:54:07.058 INFO:journalctl@ceph.mon.a.smithi027.stdout:Sep 13 17:54:06 smithi027 ceph-mon[30611]: from='mgr.14118 172.21.15.27:0/1969861111' entity='mgr.x' cmd=[{"prefix": "config dump", "format": "json"}]: dispatch
2024-09-13T17:54:07.058 INFO:journalctl@ceph.mon.a.smithi027.stdout:Sep 13 17:54:06 smithi027 ceph-mon[30611]: from='mgr.14118 172.21.15.27:0/1969861111' entity='mgr.x' cmd=[{"prefix": "config dump", "format": "json"}]: dispatch
2024-09-13T17:54:08.056 INFO:journalctl@ceph.mon.a.smithi027.stdout:Sep 13 17:54:07 smithi027 ceph-mon[30611]: Found migration_current of "None". Setting to last migration.
2024-09-13T17:54:08.057 INFO:journalctl@ceph.mon.a.smithi027.stdout:Sep 13 17:54:07 smithi027 ceph-mon[30611]: from='mgr.14118 172.21.15.27:0/1969861111' entity='mgr.x' cmd=[{"prefix":"config rm","who":"mgr","name":"mgr/rbd_support/x/mirror_snapshot_schedule"}]: dispatch
2024-09-13T17:54:08.057 INFO:journalctl@ceph.mon.a.smithi027.stdout:Sep 13 17:54:07 smithi027 ceph-mon[30611]: from='mgr.14118 172.21.15.27:0/1969861111' entity='mgr.x' cmd=[{"prefix":"config rm","who":"mgr","name":"mgr/rbd_support/x/trash_purge_schedule"}]: dispatch
2024-09-13T17:54:08.057 INFO:journalctl@ceph.mon.a.smithi027.stdout:Sep 13 17:54:07 smithi027 ceph-mon[30611]: mgrmap e7: x(active, since 1.00675s)
2024-09-13T17:54:08.427 INFO:teuthology.orchestra.run.smithi027.stdout:/usr/bin/ceph: stdout {
2024-09-13T17:54:08.427 INFO:teuthology.orchestra.run.smithi027.stdout:/usr/bin/ceph: stdout "mgrmap_epoch": 7,
2024-09-13T17:54:08.427 INFO:teuthology.orchestra.run.smithi027.stdout:/usr/bin/ceph: stdout "initialized": true
2024-09-13T17:54:08.427 INFO:teuthology.orchestra.run.smithi027.stdout:/usr/bin/ceph: stdout }
2024-09-13T17:54:08.427 INFO:teuthology.orchestra.run.smithi027.stdout:/usr/bin/ceph: stderr
2024-09-13T17:54:03.470+0000 7fc111800640 1 Processor -- start
2024-09-13T17:54:08.427 INFO:teuthology.orchestra.run.smithi027.stdout:/usr/bin/ceph: stderr
2024-09-13T17:54:03.470+0000 7fc111800640 1 -- start start
2024-09-13T17:54:08.427 INFO:teuthology.orchestra.run.smithi027.stdout:/usr/bin/ceph: stderr
2024-09-13T17:54:03.470+0000 7fc111800640 1 --2- >> [v2:172.21.15.27:3300/0,v1:172.21.15.27:6789/0] conn(0x7fc10c107c10 0x7fc10c108010 unknown :-1 s=NONE pgs=0 cs=0 l=0 rev1=0 crypto rx=0 tx=0 comp rx=0 tx=0).connect
2024-09-13T17:54:08.427 INFO:teuthology.orchestra.run.smithi027.stdout:/usr/bin/ceph: stderr
2024-09-13T17:54:03.471+0000 7fc111800640 1 -- --> [v2:172.21.15.27:3300/0,v1:172.21.15.27:6789/0] -- mon_getmap magic: 0 v1 -- 0x7fc10c1085e0 con 0x7fc10c107c10
2024-09-13T17:54:08.427 INFO:teuthology.orchestra.run.smithi027.stdout:/usr/bin/ceph: stderr
2024-09-13T17:54:03.471+0000 7fc10aa00640 1 --2- >> [v2:172.21.15.27:3300/0,v1:172.21.15.27:6789/0] conn(0x7fc10c107c10 0x7fc10c108010 unknown :-1 s=BANNER_CONNECTING pgs=0 cs=0 l=0 rev1=0 crypto rx=0 tx=0 comp rx=0 tx=0)._handle_peer_banner_payload supported=3 required=0
2024-09-13T17:54:08.427 INFO:teuthology.orchestra.run.smithi027.stdout:/usr/bin/ceph: stderr
2024-09-13T17:54:03.471+0000 7fc10aa00640 1 --2- >> [v2:172.21.15.27:3300/0,v1:172.21.15.27:6789/0] conn(0x7fc10c107c10 0x7fc10c108010 unknown :-1 s=HELLO_CONNECTING pgs=0 cs=0 l=0 rev1=1 crypto rx=0 tx=0 comp rx=0 tx=0).handle_hello peer v2:172.21.15.27:3300/0 says I am v2:172.21.15.27:52506/0 (socket says 172.21.15.27:52506)
2024-09-13T17:54:08.427 INFO:teuthology.orchestra.run.smithi027.stdout:/usr/bin/ceph: stderr
2024-09-13T17:54:03.471+0000 7fc10aa00640 1 -- 172.21.15.27:0/2744015287 learned_addr learned my addr 172.21.15.27:0/2744015287 (peer_addr_for_me v2:172.21.15.27:0/0)
2024-09-13T17:54:08.427 INFO:teuthology.orchestra.run.smithi027.stdout:/usr/bin/ceph: stderr
2024-09-13T17:54:03.471+0000 7fc10aa00640 1 -- 172.21.15.27:0/2744015287 --> [v2:172.21.15.27:3300/0,v1:172.21.15.27:6789/0] -- mon_subscribe({config=0+,monmap=0+}) v3 -- 0x7fc10c108d70 con 0x7fc10c107c10
2024-09-13T17:54:08.428 INFO:teuthology.orchestra.run.smithi027.stdout:/usr/bin/ceph: stderr
2024-09-13T17:54:03.472+0000 7fc10aa00640 1 --2- 172.21.15.27:0/2744015287 >> [v2:172.21.15.27:3300/0,v1:172.21.15.27:6789/0] conn(0x7fc10c107c10 0x7fc10c108010 secure :-1 s=READY pgs=26 cs=0 l=1 rev1=1 crypto rx=0x7fc0fc009820 tx=0x7fc0fc02a270 comp rx=0 tx=0).ready entity=mon.0 client_cookie=aa047cc4712759e3 server_cookie=0 in_seq=0 out_seq=0
2024-09-13T17:54:08.428 INFO:teuthology.orchestra.run.smithi027.stdout:/usr/bin/ceph: stderr
2024-09-13T17:54:03.473+0000 7fc109600640 1 -- 172.21.15.27:0/2744015287 <== mon.0 v2:172.21.15.27:3300/0 1 ==== mon_map magic: 0 v1 ==== 205+0+0 (secure 0 0 0) 0x7fc0fc02ae70 con 0x7fc10c107c10
2024-09-13T17:54:08.428 INFO:teuthology.orchestra.run.smithi027.stdout:/usr/bin/ceph: stderr
2024-09-13T17:54:03.473+0000 7fc109600640 1 -- 172.21.15.27:0/2744015287 <== mon.0 v2:172.21.15.27:3300/0 2 ==== config(27 keys) v1 ==== 1108+0+0 (secure 0 0 0) 0x7fc0fc032900 con 0x7fc10c107c10
2024-09-13T17:54:08.428 INFO:teuthology.orchestra.run.smithi027.stdout:/usr/bin/ceph: stderr
2024-09-13T17:54:03.473+0000 7fc109600640 1 -- 172.21.15.27:0/2744015287 <== mon.0 v2:172.21.15.27:3300/0 3 ==== mon_map magic: 0 v1 ==== 205+0+0 (secure 0 0 0) 0x7fc0fc0309d0 con 0x7fc10c107c10
2024-09-13T17:54:08.428 INFO:teuthology.orchestra.run.smithi027.stdout:/usr/bin/ceph: stderr
2024-09-13T17:54:03.473+0000 7fc111800640 1 -- 172.21.15.27:0/2744015287 >> [v2:172.21.15.27:3300/0,v1:172.21.15.27:6789/0] conn(0x7fc10c107c10 msgr2=0x7fc10c108010 secure :-1 s=STATE_CONNECTION_ESTABLISHED l=1).mark_down
2024-09-13T17:54:08.428 INFO:teuthology.orchestra.run.smithi027.stdout:/usr/bin/ceph: stderr
2024-09-13T17:54:03.473+0000 7fc111800640 1 --2- 172.21.15.27:0/2744015287 >> [v2:172.21.15.27:3300/0,v1:172.21.15.27:6789/0] conn(0x7fc10c107c10 0x7fc10c108010 secure :-1 s=READY pgs=26 cs=0 l=1 rev1=1 crypto rx=0x7fc0fc009820 tx=0x7fc0fc02a270 comp rx=0 tx=0).stop
2024-09-13T17:54:08.428 INFO:teuthology.orchestra.run.smithi027.stdout:/usr/bin/ceph: stderr
2024-09-13T17:54:03.473+0000 7fc111800640 1 -- 172.21.15.27:0/2744015287 shutdown_connections
2024-09-13T17:54:08.428 INFO:teuthology.orchestra.run.smithi027.stdout:/usr/bin/ceph: stderr
2024-09-13T17:54:03.473+0000 7fc111800640 1 --2- 172.21.15.27:0/2744015287 >> [v2:172.21.15.27:3300/0,v1:172.21.15.27:6789/0] conn(0x7fc10c107c10 0x7fc10c108010 unknown :-1 s=CLOSED pgs=26 cs=0 l=1 rev1=1 crypto rx=0 tx=0 comp rx=0 tx=0).stop
2024-09-13T17:54:08.428 INFO:teuthology.orchestra.run.smithi027.stdout:/usr/bin/ceph: stderr
2024-09-13T17:54:03.473+0000 7fc111800640 1 -- 172.21.15.27:0/2744015287 >> 172.21.15.27:0/2744015287 conn(0x7fc10c07b1f0 msgr2=0x7fc10c07b600 unknown :-1 s=STATE_NONE l=0).mark_down
2024-09-13T17:54:08.428 INFO:teuthology.orchestra.run.smithi027.stdout:/usr/bin/ceph: stderr
2024-09-13T17:54:03.474+0000 7fc111800640 1 -- 172.21.15.27:0/2744015287 shutdown_connections
2024-09-13T17:54:08.428 INFO:teuthology.orchestra.run.smithi027.stdout:/usr/bin/ceph: stderr
2024-09-13T17:54:03.474+0000 7fc111800640 1 -- 172.21.15.27:0/2744015287 wait complete.
2024-09-13T17:54:08.428 INFO:teuthology.orchestra.run.smithi027.stdout:/usr/bin/ceph: stderr
2024-09-13T17:54:03.475+0000 7fc111800640 1 Processor -- start
2024-09-13T17:54:08.428 INFO:teuthology.orchestra.run.smithi027.stdout:/usr/bin/ceph: stderr
2024-09-13T17:54:03.475+0000 7fc111800640 1 -- start start
2024-09-13T17:54:08.429 INFO:teuthology.orchestra.run.smithi027.stdout:/usr/bin/ceph: stderr
2024-09-13T17:54:03.475+0000 7fc111800640 1 --2- >> [v2:172.21.15.27:3300/0,v1:172.21.15.27:6789/0] conn(0x7fc10c107c10 0x7fc10c19ba20 unknown :-1 s=NONE pgs=0 cs=0 l=1 rev1=0 crypto rx=0 tx=0 comp rx=0 tx=0).connect
2024-09-13T17:54:08.429 INFO:teuthology.orchestra.run.smithi027.stdout:/usr/bin/ceph: stderr
2024-09-13T17:54:03.475+0000 7fc111800640 1 -- --> [v2:172.21.15.27:3300/0,v1:172.21.15.27:6789/0] -- mon_getmap magic: 0 v1 -- 0x7fc10c19bf60 con 0x7fc10c107c10
2024-09-13T17:54:08.429 INFO:teuthology.orchestra.run.smithi027.stdout:/usr/bin/ceph: stderr
2024-09-13T17:54:03.475+0000 7fc10aa00640 1 --2- >> [v2:172.21.15.27:3300/0,v1:172.21.15.27:6789/0] conn(0x7fc10c107c10 0x7fc10c19ba20 unknown :-1 s=BANNER_CONNECTING pgs=0 cs=0 l=1 rev1=0 crypto rx=0 tx=0 comp rx=0 tx=0)._handle_peer_banner_payload supported=3 required=0
2024-09-13T17:54:08.429 INFO:teuthology.orchestra.run.smithi027.stdout:/usr/bin/ceph: stderr
2024-09-13T17:54:03.475+0000 7fc10aa00640 1 --2- >> [v2:172.21.15.27:3300/0,v1:172.21.15.27:6789/0] conn(0x7fc10c107c10 0x7fc10c19ba20 unknown :-1 s=HELLO_CONNECTING pgs=0 cs=0 l=1 rev1=1 crypto rx=0 tx=0 comp rx=0 tx=0).handle_hello peer v2:172.21.15.27:3300/0 says I am v2:172.21.15.27:52510/0 (socket says 172.21.15.27:52510)
2024-09-13T17:54:08.429 INFO:teuthology.orchestra.run.smithi027.stdout:/usr/bin/ceph: stderr
2024-09-13T17:54:03.475+0000 7fc10aa00640 1 -- 172.21.15.27:0/1519670541 learned_addr learned my addr 172.21.15.27:0/1519670541 (peer_addr_for_me v2:172.21.15.27:0/0)
2024-09-13T17:54:08.429 INFO:teuthology.orchestra.run.smithi027.stdout:/usr/bin/ceph: stderr
2024-09-13T17:54:03.476+0000 7fc10aa00640 1 -- 172.21.15.27:0/1519670541 --> [v2:172.21.15.27:3300/0,v1:172.21.15.27:6789/0] -- mon_subscribe({config=0+,monmap=0+}) v3 -- 0x7fc0fc0094d0 con 0x7fc10c107c10
2024-09-13T17:54:08.430 INFO:teuthology.orchestra.run.smithi027.stdout:/usr/bin/ceph: stderr
2024-09-13T17:54:03.476+0000 7fc10aa00640 1 --2- 172.21.15.27:0/1519670541 >> [v2:172.21.15.27:3300/0,v1:172.21.15.27:6789/0] conn(0x7fc10c107c10 0x7fc10c19ba20 secure :-1 s=READY pgs=27 cs=0 l=1 rev1=1 crypto rx=0x7fc0fc02a790 tx=0x7fc0fc032670 comp rx=0 tx=0).ready entity=mon.0 client_cookie=0 server_cookie=0 in_seq=0 out_seq=0
2024-09-13T17:54:08.430 INFO:teuthology.orchestra.run.smithi027.stdout:/usr/bin/ceph: stderr
2024-09-13T17:54:03.476+0000 7fc103400640 1 -- 172.21.15.27:0/1519670541 <== mon.0 v2:172.21.15.27:3300/0 1 ==== mon_map magic: 0 v1 ==== 205+0+0 (secure 0 0 0) 0x7fc0fc032db0 con 0x7fc10c107c10
2024-09-13T17:54:08.430 INFO:teuthology.orchestra.run.smithi027.stdout:/usr/bin/ceph: stderr
2024-09-13T17:54:03.476+0000 7fc103400640 1 -- 172.21.15.27:0/1519670541 <== mon.0 v2:172.21.15.27:3300/0 2 ==== config(27 keys) v1 ==== 1108+0+0 (secure 0 0 0) 0x7fc0fc03b8f0 con 0x7fc10c107c10
2024-09-13T17:54:08.430 INFO:teuthology.orchestra.run.smithi027.stdout:/usr/bin/ceph: stderr
2024-09-13T17:54:03.476+0000 7fc103400640 1 -- 172.21.15.27:0/1519670541 <== mon.0 v2:172.21.15.27:3300/0 3 ==== mon_map magic: 0 v1 ==== 205+0+0 (secure 0 0 0) 0x7fc0fc03a6f0 con 0x7fc10c107c10
2024-09-13T17:54:08.430 INFO:teuthology.orchestra.run.smithi027.stdout:/usr/bin/ceph: stderr
2024-09-13T17:54:03.476+0000 7fc111800640 1 -- 172.21.15.27:0/1519670541 --> [v2:172.21.15.27:3300/0,v1:172.21.15.27:6789/0] -- mon_subscribe({mgrmap=0+}) v3 -- 0x7fc10c19c160 con 0x7fc10c107c10
2024-09-13T17:54:08.430 INFO:teuthology.orchestra.run.smithi027.stdout:/usr/bin/ceph: stderr
2024-09-13T17:54:03.477+0000 7fc111800640 1 -- 172.21.15.27:0/1519670541 --> [v2:172.21.15.27:3300/0,v1:172.21.15.27:6789/0] -- mon_subscribe({osdmap=0}) v3 -- 0x7fc10c19c600 con 0x7fc10c107c10
2024-09-13T17:54:08.430 INFO:teuthology.orchestra.run.smithi027.stdout:/usr/bin/ceph: stderr
2024-09-13T17:54:03.478+0000 7fc103400640 1 -- 172.21.15.27:0/1519670541 <== mon.0 v2:172.21.15.27:3300/0 4 ==== mgrmap(e 5) v1 ==== 45541+0+0 (secure 0 0 0) 0x7fc0fc039040 con 0x7fc10c107c10
2024-09-13T17:54:08.430 INFO:teuthology.orchestra.run.smithi027.stdout:/usr/bin/ceph: stderr
2024-09-13T17:54:03.479+0000 7fc103400640 1 --2- 172.21.15.27:0/1519670541 >> [v2:172.21.15.27:6800/2456729013,v1:172.21.15.27:6801/2456729013] conn(0x7fc0f0038620 0x7fc0f003aae0 unknown :-1 s=NONE pgs=0 cs=0 l=1 rev1=0 crypto rx=0 tx=0 comp rx=0 tx=0).connect
2024-09-13T17:54:08.430 INFO:teuthology.orchestra.run.smithi027.stdout:/usr/bin/ceph: stderr
2024-09-13T17:54:03.479+0000 7fc103400640 1 -- 172.21.15.27:0/1519670541 --> [v2:172.21.15.27:6800/2456729013,v1:172.21.15.27:6801/2456729013] -- command(tid 0: {"prefix": "get_command_descriptions"}) v1 -- 0x7fc0f003b1f0 con 0x7fc0f0038620
2024-09-13T17:54:08.430 INFO:teuthology.orchestra.run.smithi027.stdout:/usr/bin/ceph: stderr
2024-09-13T17:54:03.479+0000 7fc103400640 1 -- 172.21.15.27:0/1519670541 <== mon.0 v2:172.21.15.27:3300/0 5 ==== osd_map(1..1 src has 1..1) v4 ==== 725+0+0 (secure 0 0 0) 0x7fc0fc06b560 con 0x7fc10c107c10
2024-09-13T17:54:08.430 INFO:teuthology.orchestra.run.smithi027.stdout:/usr/bin/ceph: stderr
2024-09-13T17:54:03.479+0000 7fc10a000640 1 -- 172.21.15.27:0/1519670541 >> [v2:172.21.15.27:6800/2456729013,v1:172.21.15.27:6801/2456729013] conn(0x7fc0f0038620 msgr2=0x7fc0f003aae0 unknown :-1 s=STATE_CONNECTING_RE l=1).process reconnect failed to v2:172.21.15.27:6800/2456729013
2024-09-13T17:54:08.431 INFO:teuthology.orchestra.run.smithi027.stdout:/usr/bin/ceph: stderr
2024-09-13T17:54:03.479+0000 7fc10a000640 1 --2- 172.21.15.27:0/1519670541 >> [v2:172.21.15.27:6800/2456729013,v1:172.21.15.27:6801/2456729013] conn(0x7fc0f0038620 0x7fc0f003aae0 unknown :-1 s=START_CONNECT pgs=0 cs=0 l=1 rev1=0 crypto rx=0 tx=0 comp rx=0 tx=0)._fault waiting 0.200000
2024-09-13T17:54:08.431 INFO:teuthology.orchestra.run.smithi027.stdout:/usr/bin/ceph: stderr
2024-09-13T17:54:03.680+0000 7fc10a000640 1 -- 172.21.15.27:0/1519670541 >> [v2:172.21.15.27:6800/2456729013,v1:172.21.15.27:6801/2456729013] conn(0x7fc0f0038620 msgr2=0x7fc0f003aae0 unknown :-1 s=STATE_CONNECTING_RE l=1).process reconnect failed to v2:172.21.15.27:6800/2456729013
2024-09-13T17:54:08.431 INFO:teuthology.orchestra.run.smithi027.stdout:/usr/bin/ceph: stderr
2024-09-13T17:54:03.680+0000 7fc10a000640 1 --2- 172.21.15.27:0/1519670541 >> [v2:172.21.15.27:6800/2456729013,v1:172.21.15.27:6801/2456729013] conn(0x7fc0f0038620 0x7fc0f003aae0 unknown :-1 s=START_CONNECT pgs=0 cs=0 l=1 rev1=0 crypto rx=0 tx=0 comp rx=0 tx=0)._fault waiting 0.400000
2024-09-13T17:54:08.431 INFO:teuthology.orchestra.run.smithi027.stdout:/usr/bin/ceph: stderr
2024-09-13T17:54:04.081+0000 7fc10a000640 1 -- 172.21.15.27:0/1519670541 >> [v2:172.21.15.27:6800/2456729013,v1:172.21.15.27:6801/2456729013] conn(0x7fc0f0038620 msgr2=0x7fc0f003aae0 unknown :-1 s=STATE_CONNECTING_RE l=1).process reconnect failed to v2:172.21.15.27:6800/2456729013
2024-09-13T17:54:08.431 INFO:teuthology.orchestra.run.smithi027.stdout:/usr/bin/ceph: stderr
2024-09-13T17:54:04.081+0000 7fc10a000640 1 --2- 172.21.15.27:0/1519670541 >> [v2:172.21.15.27:6800/2456729013,v1:172.21.15.27:6801/2456729013] conn(0x7fc0f0038620 0x7fc0f003aae0 unknown :-1 s=START_CONNECT pgs=0 cs=0 l=1 rev1=0 crypto rx=0 tx=0 comp rx=0 tx=0)._fault waiting 0.800000
2024-09-13T17:54:08.431 INFO:teuthology.orchestra.run.smithi027.stdout:/usr/bin/ceph: stderr
2024-09-13T17:54:04.882+0000 7fc10a000640 1 -- 172.21.15.27:0/1519670541 >> [v2:172.21.15.27:6800/2456729013,v1:172.21.15.27:6801/2456729013] conn(0x7fc0f0038620 msgr2=0x7fc0f003aae0 unknown :-1 s=STATE_CONNECTING_RE l=1).process reconnect failed to v2:172.21.15.27:6800/2456729013
2024-09-13T17:54:08.431 INFO:teuthology.orchestra.run.smithi027.stdout:/usr/bin/ceph: stderr
2024-09-13T17:54:04.882+0000 7fc10a000640 1 --2- 172.21.15.27:0/1519670541 >> [v2:172.21.15.27:6800/2456729013,v1:172.21.15.27:6801/2456729013] conn(0x7fc0f0038620 0x7fc0f003aae0 unknown :-1 s=START_CONNECT pgs=0 cs=0 l=1 rev1=0 crypto rx=0 tx=0 comp rx=0 tx=0)._fault waiting 1.600000
2024-09-13T17:54:08.431 INFO:teuthology.orchestra.run.smithi027.stdout:/usr/bin/ceph: stderr
2024-09-13T17:54:06.483+0000 7fc10a000640 1 -- 172.21.15.27:0/1519670541 >> [v2:172.21.15.27:6800/2456729013,v1:172.21.15.27:6801/2456729013] conn(0x7fc0f0038620 msgr2=0x7fc0f003aae0 unknown :-1 s=STATE_CONNECTING_RE l=1).process reconnect failed to v2:172.21.15.27:6800/2456729013
2024-09-13T17:54:08.431 INFO:teuthology.orchestra.run.smithi027.stdout:/usr/bin/ceph: stderr
2024-09-13T17:54:06.483+0000 7fc10a000640 1 --2- 172.21.15.27:0/1519670541 >> [v2:172.21.15.27:6800/2456729013,v1:172.21.15.27:6801/2456729013] conn(0x7fc0f0038620 0x7fc0f003aae0 unknown :-1 s=START_CONNECT pgs=0 cs=0 l=1 rev1=0 crypto rx=0 tx=0 comp rx=0 tx=0)._fault waiting 3.200000
2024-09-13T17:54:08.431 INFO:teuthology.orchestra.run.smithi027.stdout:/usr/bin/ceph: stderr
2024-09-13T17:54:06.684+0000 7fc103400640 1 -- 172.21.15.27:0/1519670541 <== mon.0 v2:172.21.15.27:3300/0 6 ==== mgrmap(e 6) v1 ==== 45308+0+0 (secure 0 0 0) 0x7fc0fc03a930 con 0x7fc10c107c10
2024-09-13T17:54:08.431 INFO:teuthology.orchestra.run.smithi027.stdout:/usr/bin/ceph: stderr
2024-09-13T17:54:06.684+0000 7fc103400640 1 -- 172.21.15.27:0/1519670541 >> [v2:172.21.15.27:6800/2456729013,v1:172.21.15.27:6801/2456729013] conn(0x7fc0f0038620 msgr2=0x7fc0f003aae0 unknown :-1 s=STATE_CONNECTING l=1).mark_down
2024-09-13T17:54:08.431 INFO:teuthology.orchestra.run.smithi027.stdout:/usr/bin/ceph: stderr
2024-09-13T17:54:06.684+0000 7fc103400640 1 --2- 172.21.15.27:0/1519670541 >> [v2:172.21.15.27:6800/2456729013,v1:172.21.15.27:6801/2456729013] conn(0x7fc0f0038620 0x7fc0f003aae0 unknown :-1 s=START_CONNECT pgs=0 cs=0 l=1 rev1=0 crypto rx=0 tx=0 comp rx=0 tx=0).stop
2024-09-13T17:54:08.431 INFO:teuthology.orchestra.run.smithi027.stdout:/usr/bin/ceph: stderr
2024-09-13T17:54:07.686+0000 7fc103400640 1 -- 172.21.15.27:0/1519670541 <== mon.0 v2:172.21.15.27:3300/0 7 ==== mgrmap(e 7) v1 ==== 45435+0+0 (secure 0 0 0) 0x7fc0fc06d3d0 con 0x7fc10c107c10
2024-09-13T17:54:08.431 INFO:teuthology.orchestra.run.smithi027.stdout:/usr/bin/ceph: stderr
2024-09-13T17:54:07.686+0000 7fc103400640 1 --2- 172.21.15.27:0/1519670541 >> [v2:172.21.15.27:6800/1083878216,v1:172.21.15.27:6801/1083878216] conn(0x7fc0f003bf50 0x7fc0f003e340 unknown :-1 s=NONE pgs=0 cs=0 l=1 rev1=0 crypto rx=0 tx=0 comp rx=0 tx=0).connect
2024-09-13T17:54:08.431 INFO:teuthology.orchestra.run.smithi027.stdout:/usr/bin/ceph: stderr
2024-09-13T17:54:07.686+0000 7fc103400640 1 -- 172.21.15.27:0/1519670541 --> [v2:172.21.15.27:6800/1083878216,v1:172.21.15.27:6801/1083878216] -- command(tid 0: {"prefix": "get_command_descriptions"}) v1 -- 0x7fc0f003b1f0 con 0x7fc0f003bf50
2024-09-13T17:54:08.432 INFO:teuthology.orchestra.run.smithi027.stdout:/usr/bin/ceph: stderr
2024-09-13T17:54:07.687+0000 7fc10a000640 1 --2- 172.21.15.27:0/1519670541 >> [v2:172.21.15.27:6800/1083878216,v1:172.21.15.27:6801/1083878216] conn(0x7fc0f003bf50 0x7fc0f003e340 unknown :-1 s=BANNER_CONNECTING pgs=0 cs=0 l=1 rev1=0 crypto rx=0 tx=0 comp rx=0 tx=0)._handle_peer_banner_payload supported=3 required=0
