2024-09-13T17:54:11.729+0000 7f8449e00640 1 -- 172.21.15.27:0/1801449048 learned_addr learned my addr 172.21.15.27:0/1801449048 (peer_addr_for_me v2:172.21.15.27:0/0)
2024-09-13T17:54:13.093 INFO:teuthology.orchestra.run.smithi027.stdout:/usr/bin/ceph: stderr
2024-09-13T17:54:11.730+0000 7f8449e00640 1 -- 172.21.15.27:0/1801449048 --> [v2:172.21.15.27:3300/0,v1:172.21.15.27:6789/0] -- mon_subscribe({config=0+,monmap=0+}) v3 -- 0x7f844c07a9b0 con 0x7f844c07bdc0
2024-09-13T17:54:13.093 INFO:teuthology.orchestra.run.smithi027.stdout:/usr/bin/ceph: stderr
2024-09-13T17:54:11.731+0000 7f8449e00640 1 --2- 172.21.15.27:0/1801449048 >> [v2:172.21.15.27:3300/0,v1:172.21.15.27:6789/0] conn(0x7f844c07bdc0 0x7f844c07a330 secure :-1 s=READY pgs=39 cs=0 l=1 rev1=1 crypto rx=0x7f843c009820 tx=0x7f843c02a270 comp rx=0 tx=0).ready entity=mon.0 client_cookie=b4cba2f47742fed1 server_cookie=0 in_seq=0 out_seq=0
2024-09-13T17:54:13.094 INFO:teuthology.orchestra.run.smithi027.stdout:/usr/bin/ceph: stderr
2024-09-13T17:54:11.731+0000 7f8448a00640 1 -- 172.21.15.27:0/1801449048 <== mon.0 v2:172.21.15.27:3300/0 1 ==== mon_map magic: 0 v1 ==== 205+0+0 (secure 0 0 0) 0x7f843c02ae70 con 0x7f844c07bdc0
2024-09-13T17:54:13.094 INFO:teuthology.orchestra.run.smithi027.stdout:/usr/bin/ceph: stderr
2024-09-13T17:54:11.731+0000 7f8448a00640 1 -- 172.21.15.27:0/1801449048 <== mon.0 v2:172.21.15.27:3300/0 2 ==== config(27 keys) v1 ==== 1108+0+0 (secure 0 0 0) 0x7f843c032900 con 0x7f844c07bdc0
2024-09-13T17:54:13.094 INFO:teuthology.orchestra.run.smithi027.stdout:/usr/bin/ceph: stderr
2024-09-13T17:54:11.731+0000 7f8448a00640 1 -- 172.21.15.27:0/1801449048 <== mon.0 v2:172.21.15.27:3300/0 3 ==== mon_map magic: 0 v1 ==== 205+0+0 (secure 0 0 0) 0x7f843c0309d0 con 0x7f844c07bdc0
2024-09-13T17:54:13.094 INFO:teuthology.orchestra.run.smithi027.stdout:/usr/bin/ceph: stderr
2024-09-13T17:54:11.732+0000 7f8450e00640 1 -- 172.21.15.27:0/1801449048 >> [v2:172.21.15.27:3300/0,v1:172.21.15.27:6789/0] conn(0x7f844c07bdc0 msgr2=0x7f844c07a330 secure :-1 s=STATE_CONNECTION_ESTABLISHED l=1).mark_down
2024-09-13T17:54:13.094 INFO:teuthology.orchestra.run.smithi027.stdout:/usr/bin/ceph: stderr
2024-09-13T17:54:11.732+0000 7f8450e00640 1 --2- 172.21.15.27:0/1801449048 >> [v2:172.21.15.27:3300/0,v1:172.21.15.27:6789/0] conn(0x7f844c07bdc0 0x7f844c07a330 secure :-1 s=READY pgs=39 cs=0 l=1 rev1=1 crypto rx=0x7f843c009820 tx=0x7f843c02a270 comp rx=0 tx=0).stop
2024-09-13T17:54:13.094 INFO:teuthology.orchestra.run.smithi027.stdout:/usr/bin/ceph: stderr
2024-09-13T17:54:11.732+0000 7f8450e00640 1 -- 172.21.15.27:0/1801449048 shutdown_connections
2024-09-13T17:54:13.094 INFO:teuthology.orchestra.run.smithi027.stdout:/usr/bin/ceph: stderr
2024-09-13T17:54:11.732+0000 7f8450e00640 1 --2- 172.21.15.27:0/1801449048 >> [v2:172.21.15.27:3300/0,v1:172.21.15.27:6789/0] conn(0x7f844c07bdc0 0x7f844c07a330 unknown :-1 s=CLOSED pgs=39 cs=0 l=1 rev1=1 crypto rx=0 tx=0 comp rx=0 tx=0).stop
2024-09-13T17:54:13.094 INFO:teuthology.orchestra.run.smithi027.stdout:/usr/bin/ceph: stderr
2024-09-13T17:54:11.732+0000 7f8450e00640 1 -- 172.21.15.27:0/1801449048 >> 172.21.15.27:0/1801449048 conn(0x7f844c101230 msgr2=0x7f844c103650 unknown :-1 s=STATE_NONE l=0).mark_down
2024-09-13T17:54:13.094 INFO:teuthology.orchestra.run.smithi027.stdout:/usr/bin/ceph: stderr
2024-09-13T17:54:11.732+0000 7f8450e00640 1 -- 172.21.15.27:0/1801449048 shutdown_connections
2024-09-13T17:54:13.094 INFO:teuthology.orchestra.run.smithi027.stdout:/usr/bin/ceph: stderr
2024-09-13T17:54:11.732+0000 7f8450e00640 1 -- 172.21.15.27:0/1801449048 wait complete.
2024-09-13T17:54:13.094 INFO:teuthology.orchestra.run.smithi027.stdout:/usr/bin/ceph: stderr
2024-09-13T17:54:11.733+0000 7f8450e00640 1 Processor -- start
2024-09-13T17:54:13.094 INFO:teuthology.orchestra.run.smithi027.stdout:/usr/bin/ceph: stderr
2024-09-13T17:54:11.733+0000 7f8450e00640 1 -- start start
2024-09-13T17:54:13.094 INFO:teuthology.orchestra.run.smithi027.stdout:/usr/bin/ceph: stderr
2024-09-13T17:54:11.734+0000 7f8450e00640 1 --2- >> [v2:172.21.15.27:3300/0,v1:172.21.15.27:6789/0] conn(0x7f844c07bdc0 0x7f844c19b950 unknown :-1 s=NONE pgs=0 cs=0 l=1 rev1=0 crypto rx=0 tx=0 comp rx=0 tx=0).connect
2024-09-13T17:54:13.095 INFO:teuthology.orchestra.run.smithi027.stdout:/usr/bin/ceph: stderr
2024-09-13T17:54:11.734+0000 7f8450e00640 1 -- --> [v2:172.21.15.27:3300/0,v1:172.21.15.27:6789/0] -- mon_getmap magic: 0 v1 -- 0x7f844c19be90 con 0x7f844c07bdc0
2024-09-13T17:54:13.095 INFO:teuthology.orchestra.run.smithi027.stdout:/usr/bin/ceph: stderr
2024-09-13T17:54:11.734+0000 7f8449e00640 1 --2- >> [v2:172.21.15.27:3300/0,v1:172.21.15.27:6789/0] conn(0x7f844c07bdc0 0x7f844c19b950 unknown :-1 s=BANNER_CONNECTING pgs=0 cs=0 l=1 rev1=0 crypto rx=0 tx=0 comp rx=0 tx=0)._handle_peer_banner_payload supported=3 required=0
2024-09-13T17:54:13.095 INFO:teuthology.orchestra.run.smithi027.stdout:/usr/bin/ceph: stderr
2024-09-13T17:54:11.734+0000 7f8449e00640 1 --2- >> [v2:172.21.15.27:3300/0,v1:172.21.15.27:6789/0] conn(0x7f844c07bdc0 0x7f844c19b950 unknown :-1 s=HELLO_CONNECTING pgs=0 cs=0 l=1 rev1=1 crypto rx=0 tx=0 comp rx=0 tx=0).handle_hello peer v2:172.21.15.27:3300/0 says I am v2:172.21.15.27:47466/0 (socket says 172.21.15.27:47466)
2024-09-13T17:54:13.095 INFO:teuthology.orchestra.run.smithi027.stdout:/usr/bin/ceph: stderr
2024-09-13T17:54:11.734+0000 7f8449e00640 1 -- 172.21.15.27:0/3385230004 learned_addr learned my addr 172.21.15.27:0/3385230004 (peer_addr_for_me v2:172.21.15.27:0/0)
2024-09-13T17:54:13.095 INFO:teuthology.orchestra.run.smithi027.stdout:/usr/bin/ceph: stderr
2024-09-13T17:54:11.734+0000 7f8449e00640 1 -- 172.21.15.27:0/3385230004 --> [v2:172.21.15.27:3300/0,v1:172.21.15.27:6789/0] -- mon_subscribe({config=0+,monmap=0+}) v3 -- 0x7f843c0094d0 con 0x7f844c07bdc0
2024-09-13T17:54:13.095 INFO:teuthology.orchestra.run.smithi027.stdout:/usr/bin/ceph: stderr
2024-09-13T17:54:11.735+0000 7f8449e00640 1 --2- 172.21.15.27:0/3385230004 >> [v2:172.21.15.27:3300/0,v1:172.21.15.27:6789/0] conn(0x7f844c07bdc0 0x7f844c19b950 secure :-1 s=READY pgs=40 cs=0 l=1 rev1=1 crypto rx=0x7f843c0097f0 tx=0x7f843c032670 comp rx=0 tx=0).ready entity=mon.0 client_cookie=0 server_cookie=0 in_seq=0 out_seq=0
2024-09-13T17:54:13.095 INFO:teuthology.orchestra.run.smithi027.stdout:/usr/bin/ceph: stderr
2024-09-13T17:54:11.735+0000 7f8442a00640 1 -- 172.21.15.27:0/3385230004 <== mon.0 v2:172.21.15.27:3300/0 1 ==== mon_map magic: 0 v1 ==== 205+0+0 (secure 0 0 0) 0x7f843c032db0 con 0x7f844c07bdc0
2024-09-13T17:54:13.095 INFO:teuthology.orchestra.run.smithi027.stdout:/usr/bin/ceph: stderr
2024-09-13T17:54:11.735+0000 7f8442a00640 1 -- 172.21.15.27:0/3385230004 <== mon.0 v2:172.21.15.27:3300/0 2 ==== config(27 keys) v1 ==== 1108+0+0 (secure 0 0 0) 0x7f843c03b8f0 con 0x7f844c07bdc0
2024-09-13T17:54:13.095 INFO:teuthology.orchestra.run.smithi027.stdout:/usr/bin/ceph: stderr
2024-09-13T17:54:11.735+0000 7f8450e00640 1 -- 172.21.15.27:0/3385230004 --> [v2:172.21.15.27:3300/0,v1:172.21.15.27:6789/0] -- mon_subscribe({mgrmap=0+}) v3 -- 0x7f844c19c090 con 0x7f844c07bdc0
2024-09-13T17:54:13.095 INFO:teuthology.orchestra.run.smithi027.stdout:/usr/bin/ceph: stderr
2024-09-13T17:54:11.735+0000 7f8442a00640 1 -- 172.21.15.27:0/3385230004 <== mon.0 v2:172.21.15.27:3300/0 3 ==== mon_map magic: 0 v1 ==== 205+0+0 (secure 0 0 0) 0x7f843c03a6f0 con 0x7f844c07bdc0
2024-09-13T17:54:13.095 INFO:teuthology.orchestra.run.smithi027.stdout:/usr/bin/ceph: stderr
2024-09-13T17:54:11.735+0000 7f8450e00640 1 -- 172.21.15.27:0/3385230004 --> [v2:172.21.15.27:3300/0,v1:172.21.15.27:6789/0] -- mon_subscribe({osdmap=0}) v3 -- 0x7f844c19c530 con 0x7f844c07bdc0
2024-09-13T17:54:13.095 INFO:teuthology.orchestra.run.smithi027.stdout:/usr/bin/ceph: stderr
2024-09-13T17:54:11.736+0000 7f8442a00640 1 -- 172.21.15.27:0/3385230004 <== mon.0 v2:172.21.15.27:3300/0 4 ==== mgrmap(e 8) v1 ==== 45541+0+0 (secure 0 0 0) 0x7f843c039040 con 0x7f844c07bdc0
2024-09-13T17:54:13.095 INFO:teuthology.orchestra.run.smithi027.stdout:/usr/bin/ceph: stderr
2024-09-13T17:54:11.736+0000 7f8450e00640 1 -- 172.21.15.27:0/3385230004 --> [v2:172.21.15.27:3300/0,v1:172.21.15.27:6789/0] -- mon_command({"prefix": "get_command_descriptions"} v 0) v1 -- 0x7f844c10bcc0 con 0x7f844c07bdc0
2024-09-13T17:54:13.095 INFO:teuthology.orchestra.run.smithi027.stdout:/usr/bin/ceph: stderr
2024-09-13T17:54:11.737+0000 7f8442a00640 1 --2- 172.21.15.27:0/3385230004 >> [v2:172.21.15.27:6800/1083878216,v1:172.21.15.27:6801/1083878216] conn(0x7f8430038620 0x7f843003aae0 unknown :-1 s=NONE pgs=0 cs=0 l=1 rev1=0 crypto rx=0 tx=0 comp rx=0 tx=0).connect
2024-09-13T17:54:13.096 INFO:teuthology.orchestra.run.smithi027.stdout:/usr/bin/ceph: stderr
2024-09-13T17:54:11.737+0000 7f8442a00640 1 -- 172.21.15.27:0/3385230004 <== mon.0 v2:172.21.15.27:3300/0 5 ==== osd_map(2..2 src has 1..2) v4 ==== 940+0+0 (secure 0 0 0) 0x7f843c06b970 con 0x7f844c07bdc0
2024-09-13T17:54:13.096 INFO:teuthology.orchestra.run.smithi027.stdout:/usr/bin/ceph: stderr
2024-09-13T17:54:11.737+0000 7f8449400640 1 --2- 172.21.15.27:0/3385230004 >> [v2:172.21.15.27:6800/1083878216,v1:172.21.15.27:6801/1083878216] conn(0x7f8430038620 0x7f843003aae0 unknown :-1 s=BANNER_CONNECTING pgs=0 cs=0 l=1 rev1=0 crypto rx=0 tx=0 comp rx=0 tx=0)._handle_peer_banner_payload supported=3 required=0
2024-09-13T17:54:13.096 INFO:teuthology.orchestra.run.smithi027.stdout:/usr/bin/ceph: stderr
2024-09-13T17:54:11.738+0000 7f8449400640 1 --2- 172.21.15.27:0/3385230004 >> [v2:172.21.15.27:6800/1083878216,v1:172.21.15.27:6801/1083878216] conn(0x7f8430038620 0x7f843003aae0 secure :-1 s=READY pgs=9 cs=0 l=1 rev1=1 crypto rx=0x7f84380098c0 tx=0x7f8438006db0 comp rx=0 tx=0).ready entity=mgr.14118 client_cookie=0 server_cookie=0 in_seq=0 out_seq=0
2024-09-13T17:54:13.096 INFO:teuthology.orchestra.run.smithi027.stdout:/usr/bin/ceph: stderr
2024-09-13T17:54:11.746+0000 7f8442a00640 1 -- 172.21.15.27:0/3385230004 <== mon.0 v2:172.21.15.27:3300/0 6 ==== mon_command_ack([{"prefix": "get_command_descriptions"}]=0 v0) v1 ==== 72+0+183819 (secure 0 0 0) 0x7f843c0319f0 con 0x7f844c07bdc0
2024-09-13T17:54:13.096 INFO:teuthology.orchestra.run.smithi027.stdout:/usr/bin/ceph: stderr
2024-09-13T17:54:11.928+0000 7f8450e00640 1 -- 172.21.15.27:0/3385230004 --> [v2:172.21.15.27:6800/1083878216,v1:172.21.15.27:6801/1083878216] -- mgr_command(tid 0: {"prefix": "cephadm generate-key", "target": ["mon-mgr", ""]}) v1 -- 0x7f844c1024b0 con 0x7f8430038620
2024-09-13T17:54:13.096 INFO:teuthology.orchestra.run.smithi027.stdout:/usr/bin/ceph: stderr
2024-09-13T17:54:12.402+0000 7f8442a00640 1 -- 172.21.15.27:0/3385230004 <== mgr.14118 v2:172.21.15.27:6800/1083878216 1 ==== mgr_command_reply(tid 0: 0 ) v1 ==== 8+0+0 (secure 0 0 0) 0x7f844c1024b0 con 0x7f8430038620
2024-09-13T17:54:13.096 INFO:teuthology.orchestra.run.smithi027.stdout:/usr/bin/ceph: stderr
2024-09-13T17:54:12.404+0000 7f8450e00640 1 -- 172.21.15.27:0/3385230004 >> [v2:172.21.15.27:6800/1083878216,v1:172.21.15.27:6801/1083878216] conn(0x7f8430038620 msgr2=0x7f843003aae0 secure :-1 s=STATE_CONNECTION_ESTABLISHED l=1).mark_down
2024-09-13T17:54:13.096 INFO:teuthology.orchestra.run.smithi027.stdout:/usr/bin/ceph: stderr
2024-09-13T17:54:12.404+0000 7f8450e00640 1 --2- 172.21.15.27:0/3385230004 >> [v2:172.21.15.27:6800/1083878216,v1:172.21.15.27:6801/1083878216] conn(0x7f8430038620 0x7f843003aae0 secure :-1 s=READY pgs=9 cs=0 l=1 rev1=1 crypto rx=0x7f84380098c0 tx=0x7f8438006db0 comp rx=0 tx=0).stop
2024-09-13T17:54:13.096 INFO:teuthology.orchestra.run.smithi027.stdout:/usr/bin/ceph: stderr
2024-09-13T17:54:12.404+0000 7f8450e00640 1 -- 172.21.15.27:0/3385230004 >> [v2:172.21.15.27:3300/0,v1:172.21.15.27:6789/0] conn(0x7f844c07bdc0 msgr2=0x7f844c19b950 secure :-1 s=STATE_CONNECTION_ESTABLISHED l=1).mark_down
2024-09-13T17:54:13.096 INFO:teuthology.orchestra.run.smithi027.stdout:/usr/bin/ceph: stderr
2024-09-13T17:54:12.404+0000 7f8450e00640 1 --2- 172.21.15.27:0/3385230004 >> [v2:172.21.15.27:3300/0,v1:172.21.15.27:6789/0] conn(0x7f844c07bdc0 0x7f844c19b950 secure :-1 s=READY pgs=40 cs=0 l=1 rev1=1 crypto rx=0x7f843c0097f0 tx=0x7f843c032670 comp rx=0 tx=0).stop
2024-09-13T17:54:13.096 INFO:teuthology.orchestra.run.smithi027.stdout:/usr/bin/ceph: stderr
2024-09-13T17:54:12.404+0000 7f8450e00640 1 -- 172.21.15.27:0/3385230004 shutdown_connections
2024-09-13T17:54:13.096 INFO:teuthology.orchestra.run.smithi027.stdout:/usr/bin/ceph: stderr
2024-09-13T17:54:12.404+0000 7f8450e00640 1 --2- 172.21.15.27:0/3385230004 >> [v2:172.21.15.27:6800/1083878216,v1:172.21.15.27:6801/1083878216] conn(0x7f8430038620 0x7f843003aae0 unknown :-1 s=CLOSED pgs=9 cs=0 l=1 rev1=1 crypto rx=0 tx=0 comp rx=0 tx=0).stop
2024-09-13T17:54:13.096 INFO:teuthology.orchestra.run.smithi027.stdout:/usr/bin/ceph: stderr
2024-09-13T17:54:12.404+0000 7f8450e00640 1 --2- 172.21.15.27:0/3385230004 >> [v2:172.21.15.27:3300/0,v1:172.21.15.27:6789/0] conn(0x7f844c07bdc0 0x7f844c19b950 unknown :-1 s=CLOSED pgs=40 cs=0 l=1 rev1=1 crypto rx=0 tx=0 comp rx=0 tx=0).stop
2024-09-13T17:54:13.097 INFO:teuthology.orchestra.run.smithi027.stdout:/usr/bin/ceph: stderr
2024-09-13T17:54:12.404+0000 7f8450e00640 1 -- 172.21.15.27:0/3385230004 >> 172.21.15.27:0/3385230004 conn(0x7f844c101230 msgr2=0x7f844c101da0 unknown :-1 s=STATE_NONE l=0).mark_down
2024-09-13T17:54:13.097 INFO:teuthology.orchestra.run.smithi027.stdout:/usr/bin/ceph: stderr
2024-09-13T17:54:12.405+0000 7f8450e00640 1 -- 172.21.15.27:0/3385230004 shutdown_connections
2024-09-13T17:54:13.097 INFO:teuthology.orchestra.run.smithi027.stdout:/usr/bin/ceph: stderr
2024-09-13T17:54:12.405+0000 7f8450e00640 1 -- 172.21.15.27:0/3385230004 wait complete.
2024-09-13T17:54:13.557 INFO:journalctl@ceph.mon.a.smithi027.stdout:Sep 13 17:54:13 smithi027 ceph-mon[30611]: from='client.14134 -' entity='client.admin' cmd=[{"prefix": "cephadm generate-key", "target": ["mon-mgr", ""]}]: dispatch
2024-09-13T17:54:13.557 INFO:journalctl@ceph.mon.a.smithi027.stdout:Sep 13 17:54:13 smithi027 ceph-mon[30611]: Generating ssh key...
2024-09-13T17:54:13.557 INFO:journalctl@ceph.mon.a.smithi027.stdout:Sep 13 17:54:13 smithi027 ceph-mon[30611]: from='mgr.14118 172.21.15.27:0/1969861111' entity='mgr.x'
2024-09-13T17:54:13.557 INFO:journalctl@ceph.mon.a.smithi027.stdout:Sep 13 17:54:13 smithi027 ceph-mon[30611]: from='mgr.14118 172.21.15.27:0/1969861111' entity='mgr.x'
2024-09-13T17:54:14.491 INFO:teuthology.orchestra.run.smithi027.stdout:/usr/bin/ceph: stdout ssh-rsa AAAAB3NzaC1yc2EAAAADAQABAAABgQCXFMjTTDYrQkF0iTc5HMDeCBrb5avb+NbiiIzZepDcrVrJJ2JD+ie4Tnszxx1nXEm+rxKw2lfcQhiwzG+D2xbr+zhwg97Uuka+uWi5yNMolJnJRj4Gn58/62DMR5r4mbFdNQN7BveO4GV+LayOxS05YCCGfaz+ikbCVJEZVAn8TNRs1GIljTNPDMTrBgu3gzYIFjGHLSNhipEX9KMgd69KrBP6G5S70CnDmzOOlsbidpCStgqEJV1JHDBJCzv48AIg3w2ZCdYJVodqD7d694ceiNuZk8l7OrhBsYQn2oBmsGjPj+Knc0qHabVAmSDMvm38qYbONLfCZpzIQA3UoKTz9s8NiC4Lg6Dmh0Uju9Zf2jOei07NUR7HCH2LY9tlfxcE0whY8PnTOJ3cd7ZJePuMPP2nOLBIyK0DSNl/co5jocLgI7L57EFPMcTh/H8XQCS/vC8SmKzzmOhHo8bXi3vP5eerwkyF2KuDK3Mr2SYp/UH4J4yt1GLw5IGxHTioJlc= ceph-f5527e2e-71f8-11ef-bceb-c7b262605968
2024-09-13T17:54:14.491 INFO:teuthology.orchestra.run.smithi027.stdout:/usr/bin/ceph: stderr
2024-09-13T17:54:13.627+0000 7f1463400640 1 Processor -- start
2024-09-13T17:54:14.491 INFO:teuthology.orchestra.run.smithi027.stdout:/usr/bin/ceph: stderr
2024-09-13T17:54:13.627+0000 7f1463400640 1 -- start start
2024-09-13T17:54:14.491 INFO:teuthology.orchestra.run.smithi027.stdout:/usr/bin/ceph: stderr
2024-09-13T17:54:13.627+0000 7f1463400640 1 --2- >> [v2:172.21.15.27:3300/0,v1:172.21.15.27:6789/0] conn(0x7f145c107c20 0x7f145c108020 unknown :-1 s=NONE pgs=0 cs=0 l=0 rev1=0 crypto rx=0 tx=0 comp rx=0 tx=0).connect
2024-09-13T17:54:14.491 INFO:teuthology.orchestra.run.smithi027.stdout:/usr/bin/ceph: stderr
2024-09-13T17:54:13.627+0000 7f1463400640 1 -- --> [v2:172.21.15.27:3300/0,v1:172.21.15.27:6789/0] -- mon_getmap magic: 0 v1 -- 0x7f145c1085f0 con 0x7f145c107c20
2024-09-13T17:54:14.491 INFO:teuthology.orchestra.run.smithi027.stdout:/usr/bin/ceph: stderr
2024-09-13T17:54:13.627+0000 7f1460a00640 1 --2- >> [v2:172.21.15.27:3300/0,v1:172.21.15.27:6789/0] conn(0x7f145c107c20 0x7f145c108020 unknown :-1 s=BANNER_CONNECTING pgs=0 cs=0 l=0 rev1=0 crypto rx=0 tx=0 comp rx=0 tx=0)._handle_peer_banner_payload supported=3 required=0
2024-09-13T17:54:14.491 INFO:teuthology.orchestra.run.smithi027.stdout:/usr/bin/ceph: stderr
2024-09-13T17:54:13.627+0000 7f1460a00640 1 --2- >> [v2:172.21.15.27:3300/0,v1:172.21.15.27:6789/0] conn(0x7f145c107c20 0x7f145c108020 unknown :-1 s=HELLO_CONNECTING pgs=0 cs=0 l=0 rev1=1 crypto rx=0 tx=0 comp rx=0 tx=0).handle_hello peer v2:172.21.15.27:3300/0 says I am v2:172.21.15.27:47476/0 (socket says 172.21.15.27:47476)
2024-09-13T17:54:14.492 INFO:teuthology.orchestra.run.smithi027.stdout:/usr/bin/ceph: stderr
2024-09-13T17:54:13.627+0000 7f1460a00640 1 -- 172.21.15.27:0/1927218702 learned_addr learned my addr 172.21.15.27:0/1927218702 (peer_addr_for_me v2:172.21.15.27:0/0)
2024-09-13T17:54:14.492 INFO:teuthology.orchestra.run.smithi027.stdout:/usr/bin/ceph: stderr
2024-09-13T17:54:13.628+0000 7f1460a00640 1 -- 172.21.15.27:0/1927218702 --> [v2:172.21.15.27:3300/0,v1:172.21.15.27:6789/0] -- mon_subscribe({config=0+,monmap=0+}) v3 -- 0x7f145c108dd0 con 0x7f145c107c20
2024-09-13T17:54:14.492 INFO:teuthology.orchestra.run.smithi027.stdout:/usr/bin/ceph: stderr
2024-09-13T17:54:13.629+0000 7f1460a00640 1 --2- 172.21.15.27:0/1927218702 >> [v2:172.21.15.27:3300/0,v1:172.21.15.27:6789/0] conn(0x7f145c107c20 0x7f145c108020 secure :-1 s=READY pgs=41 cs=0 l=1 rev1=1 crypto rx=0x7f144c009820 tx=0x7f144c02a270 comp rx=0 tx=0).ready entity=mon.0 client_cookie=8a0a6bbf3c283b59 server_cookie=0 in_seq=0 out_seq=0
2024-09-13T17:54:14.492 INFO:teuthology.orchestra.run.smithi027.stdout:/usr/bin/ceph: stderr
2024-09-13T17:54:13.629+0000 7f145be00640 1 -- 172.21.15.27:0/1927218702 <== mon.0 v2:172.21.15.27:3300/0 1 ==== mon_map magic: 0 v1 ==== 205+0+0 (secure 0 0 0) 0x7f144c02ae70 con 0x7f145c107c20
2024-09-13T17:54:14.492 INFO:teuthology.orchestra.run.smithi027.stdout:/usr/bin/ceph: stderr
2024-09-13T17:54:13.629+0000 7f145be00640 1 -- 172.21.15.27:0/1927218702 <== mon.0 v2:172.21.15.27:3300/0 2 ==== config(27 keys) v1 ==== 1108+0+0 (secure 0 0 0) 0x7f144c032900 con 0x7f145c107c20
2024-09-13T17:54:14.492 INFO:teuthology.orchestra.run.smithi027.stdout:/usr/bin/ceph: stderr
2024-09-13T17:54:13.629+0000 7f145be00640 1 -- 172.21.15.27:0/1927218702 <== mon.0 v2:172.21.15.27:3300/0 3 ==== mon_map magic: 0 v1 ==== 205+0+0 (secure 0 0 0) 0x7f144c0309d0 con 0x7f145c107c20
2024-09-13T17:54:14.492 INFO:teuthology.orchestra.run.smithi027.stdout:/usr/bin/ceph: stderr
2024-09-13T17:54:13.630+0000 7f1463400640 1 -- 172.21.15.27:0/1927218702 >> [v2:172.21.15.27:3300/0,v1:172.21.15.27:6789/0] conn(0x7f145c107c20 msgr2=0x7f145c108020 secure :-1 s=STATE_CONNECTION_ESTABLISHED l=1).mark_down
2024-09-13T17:54:14.492 INFO:teuthology.orchestra.run.smithi027.stdout:/usr/bin/ceph: stderr
2024-09-13T17:54:13.630+0000 7f1463400640 1 --2- 172.21.15.27:0/1927218702 >> [v2:172.21.15.27:3300/0,v1:172.21.15.27:6789/0] conn(0x7f145c107c20 0x7f145c108020 secure :-1 s=READY pgs=41 cs=0 l=1 rev1=1 crypto rx=0x7f144c009820 tx=0x7f144c02a270 comp rx=0 tx=0).stop
2024-09-13T17:54:14.492 INFO:teuthology.orchestra.run.smithi027.stdout:/usr/bin/ceph: stderr
2024-09-13T17:54:13.630+0000 7f1463400640 1 -- 172.21.15.27:0/1927218702 shutdown_connections
2024-09-13T17:54:14.492 INFO:teuthology.orchestra.run.smithi027.stdout:/usr/bin/ceph: stderr
2024-09-13T17:54:13.630+0000 7f1463400640 1 --2- 172.21.15.27:0/1927218702 >> [v2:172.21.15.27:3300/0,v1:172.21.15.27:6789/0] conn(0x7f145c107c20 0x7f145c108020 unknown :-1 s=CLOSED pgs=41 cs=0 l=1 rev1=1 crypto rx=0 tx=0 comp rx=0 tx=0).stop
2024-09-13T17:54:14.492 INFO:teuthology.orchestra.run.smithi027.stdout:/usr/bin/ceph: stderr
2024-09-13T17:54:13.630+0000 7f1463400640 1 -- 172.21.15.27:0/1927218702 >> 172.21.15.27:0/1927218702 conn(0x7f145c07b250 msgr2=0x7f145c07b660 unknown :-1 s=STATE_NONE l=0).mark_down
2024-09-13T17:54:14.492 INFO:teuthology.orchestra.run.smithi027.stdout:/usr/bin/ceph: stderr
2024-09-13T17:54:13.630+0000 7f1463400640 1 -- 172.21.15.27:0/1927218702 shutdown_connections
2024-09-13T17:54:14.492 INFO:teuthology.orchestra.run.smithi027.stdout:/usr/bin/ceph: stderr
2024-09-13T17:54:13.630+0000 7f1463400640 1 -- 172.21.15.27:0/1927218702 wait complete.
2024-09-13T17:54:14.493 INFO:teuthology.orchestra.run.smithi027.stdout:/usr/bin/ceph: stderr
2024-09-13T17:54:13.631+0000 7f1463400640 1 Processor -- start
2024-09-13T17:54:14.493 INFO:teuthology.orchestra.run.smithi027.stdout:/usr/bin/ceph: stderr
2024-09-13T17:54:13.631+0000 7f1463400640 1 -- start start
2024-09-13T17:54:14.493 INFO:teuthology.orchestra.run.smithi027.stdout:/usr/bin/ceph: stderr
2024-09-13T17:54:13.631+0000 7f1463400640 1 --2- >> [v2:172.21.15.27:3300/0,v1:172.21.15.27:6789/0] conn(0x7f145c107c20 0x7f145c19b960 unknown :-1 s=NONE pgs=0 cs=0 l=1 rev1=0 crypto rx=0 tx=0 comp rx=0 tx=0).connect
2024-09-13T17:54:14.493 INFO:teuthology.orchestra.run.smithi027.stdout:/usr/bin/ceph: stderr
2024-09-13T17:54:13.631+0000 7f1463400640 1 -- --> [v2:172.21.15.27:3300/0,v1:172.21.15.27:6789/0] -- mon_getmap magic: 0 v1 -- 0x7f145c19bea0 con 0x7f145c107c20
2024-09-13T17:54:14.493 INFO:teuthology.orchestra.run.smithi027.stdout:/usr/bin/ceph: stderr
2024-09-13T17:54:13.632+0000 7f1460a00640 1 --2- >> [v2:172.21.15.27:3300/0,v1:172.21.15.27:6789/0] conn(0x7f145c107c20 0x7f145c19b960 unknown :-1 s=BANNER_CONNECTING pgs=0 cs=0 l=1 rev1=0 crypto rx=0 tx=0 comp rx=0 tx=0)._handle_peer_banner_payload supported=3 required=0
2024-09-13T17:54:14.493 INFO:teuthology.orchestra.run.smithi027.stdout:/usr/bin/ceph: stderr
2024-09-13T17:54:13.632+0000 7f1460a00640 1 --2- >> [v2:172.21.15.27:3300/0,v1:172.21.15.27:6789/0] conn(0x7f145c107c20 0x7f145c19b960 unknown :-1 s=HELLO_CONNECTING pgs=0 cs=0 l=1 rev1=1 crypto rx=0 tx=0 comp rx=0 tx=0).handle_hello peer v2:172.21.15.27:3300/0 says I am v2:172.21.15.27:47484/0 (socket says 172.21.15.27:47484)
2024-09-13T17:54:14.493 INFO:teuthology.orchestra.run.smithi027.stdout:/usr/bin/ceph: stderr
2024-09-13T17:54:13.632+0000 7f1460a00640 1 -- 172.21.15.27:0/333514718 learned_addr learned my addr 172.21.15.27:0/333514718 (peer_addr_for_me v2:172.21.15.27:0/0)
2024-09-13T17:54:14.493 INFO:teuthology.orchestra.run.smithi027.stdout:/usr/bin/ceph: stderr
2024-09-13T17:54:13.632+0000 7f1460a00640 1 -- 172.21.15.27:0/333514718 --> [v2:172.21.15.27:3300/0,v1:172.21.15.27:6789/0] -- mon_subscribe({config=0+,monmap=0+}) v3 -- 0x7f144c0094d0 con 0x7f145c107c20
2024-09-13T17:54:14.493 INFO:teuthology.orchestra.run.smithi027.stdout:/usr/bin/ceph: stderr
2024-09-13T17:54:13.632+0000 7f1460a00640 1 --2- 172.21.15.27:0/333514718 >> [v2:172.21.15.27:3300/0,v1:172.21.15.27:6789/0] conn(0x7f145c107c20 0x7f145c19b960 secure :-1 s=READY pgs=42 cs=0 l=1 rev1=1 crypto rx=0x7f144c0306e0 tx=0x7f144c032670 comp rx=0 tx=0).ready entity=mon.0 client_cookie=0 server_cookie=0 in_seq=0 out_seq=0
2024-09-13T17:54:14.493 INFO:teuthology.orchestra.run.smithi027.stdout:/usr/bin/ceph: stderr
2024-09-13T17:54:13.633+0000 7f145a000640 1 -- 172.21.15.27:0/333514718 <== mon.0 v2:172.21.15.27:3300/0 1 ==== mon_map magic: 0 v1 ==== 205+0+0 (secure 0 0 0) 0x7f144c032c80 con 0x7f145c107c20
2024-09-13T17:54:14.493 INFO:teuthology.orchestra.run.smithi027.stdout:/usr/bin/ceph: stderr
2024-09-13T17:54:13.633+0000 7f145a000640 1 -- 172.21.15.27:0/333514718 <== mon.0 v2:172.21.15.27:3300/0 2 ==== config(27 keys) v1 ==== 1108+0+0 (secure 0 0 0) 0x7f144c032de0 con 0x7f145c107c20
2024-09-13T17:54:14.493 INFO:teuthology.orchestra.run.smithi027.stdout:/usr/bin/ceph: stderr
2024-09-13T17:54:13.633+0000 7f1463400640 1 -- 172.21.15.27:0/333514718 --> [v2:172.21.15.27:3300/0,v1:172.21.15.27:6789/0] -- mon_subscribe({mgrmap=0+}) v3 -- 0x7f145c19c0a0 con 0x7f145c107c20
2024-09-13T17:54:14.493 INFO:teuthology.orchestra.run.smithi027.stdout:/usr/bin/ceph: stderr
2024-09-13T17:54:13.633+0000 7f145a000640 1 -- 172.21.15.27:0/333514718 <== mon.0 v2:172.21.15.27:3300/0 3 ==== mon_map magic: 0 v1 ==== 205+0+0 (secure 0 0 0) 0x7f144c03a780 con 0x7f145c107c20
2024-09-13T17:54:14.493 INFO:teuthology.orchestra.run.smithi027.stdout:/usr/bin/ceph: stderr
2024-09-13T17:54:13.633+0000 7f1463400640 1 -- 172.21.15.27:0/333514718 --> [v2:172.21.15.27:3300/0,v1:172.21.15.27:6789/0] -- mon_subscribe({osdmap=0}) v3 -- 0x7f145c19c540 con 0x7f145c107c20
2024-09-13T17:54:14.494 INFO:teuthology.orchestra.run.smithi027.stdout:/usr/bin/ceph: stderr
2024-09-13T17:54:13.634+0000 7f145a000640 1 -- 172.21.15.27:0/333514718 <== mon.0 v2:172.21.15.27:3300/0 4 ==== mgrmap(e 8) v1 ==== 45541+0+0 (secure 0 0 0) 0x7f144c039040 con 0x7f145c107c20
2024-09-13T17:54:14.494 INFO:teuthology.orchestra.run.smithi027.stdout:/usr/bin/ceph: stderr
2024-09-13T17:54:13.634+0000 7f1463400640 1 -- 172.21.15.27:0/333514718 --> [v2:172.21.15.27:3300/0,v1:172.21.15.27:6789/0] -- mon_command({"prefix": "get_command_descriptions"} v 0) v1 -- 0x7f145c10c000 con 0x7f145c107c20
2024-09-13T17:54:14.494 INFO:teuthology.orchestra.run.smithi027.stdout:/usr/bin/ceph: stderr
2024-09-13T17:54:13.634+0000 7f145a000640 1 --2- 172.21.15.27:0/333514718 >> [v2:172.21.15.27:6800/1083878216,v1:172.21.15.27:6801/1083878216] conn(0x7f1440038620 0x7f144003aae0 unknown :-1 s=NONE pgs=0 cs=0 l=1 rev1=0 crypto rx=0 tx=0 comp rx=0 tx=0).connect
2024-09-13T17:54:14.494 INFO:teuthology.orchestra.run.smithi027.stdout:/usr/bin/ceph: stderr
2024-09-13T17:54:13.634+0000 7f145a000640 1 -- 172.21.15.27:0/333514718 <== mon.0 v2:172.21.15.27:3300/0 5 ==== osd_map(2..2 src has 1..2) v4 ==== 940+0+0 (secure 0 0 0) 0x7f144c06bb90 con 0x7f145c107c20
2024-09-13T17:54:14.494 INFO:teuthology.orchestra.run.smithi027.stdout:/usr/bin/ceph: stderr
2024-09-13T17:54:13.635+0000 7f1453e00640 1 --2- 172.21.15.27:0/333514718 >> [v2:172.21.15.27:6800/1083878216,v1:172.21.15.27:6801/1083878216] conn(0x7f1440038620 0x7f144003aae0 unknown :-1 s=BANNER_CONNECTING pgs=0 cs=0 l=1 rev1=0 crypto rx=0 tx=0 comp rx=0 tx=0)._handle_peer_banner_payload supported=3 required=0
2024-09-13T17:54:14.494 INFO:teuthology.orchestra.run.smithi027.stdout:/usr/bin/ceph: stderr
2024-09-13T17:54:13.635+0000 7f1453e00640 1 --2- 172.21.15.27:0/333514718 >> [v2:172.21.15.27:6800/1083878216,v1:172.21.15.27:6801/1083878216] conn(0x7f1440038620 0x7f144003aae0 secure :-1 s=READY pgs=10 cs=0 l=1 rev1=1 crypto rx=0x7f14440098c0 tx=0x7f1444006db0 comp rx=0 tx=0).ready entity=mgr.14118 client_cookie=0 server_cookie=0 in_seq=0 out_seq=0
2024-09-13T17:54:14.494 INFO:teuthology.orchestra.run.smithi027.stdout:/usr/bin/ceph: stderr
2024-09-13T17:54:13.639+0000 7f145a000640 1 -- 172.21.15.27:0/333514718 <== mon.0 v2:172.21.15.27:3300/0 6 ==== mon_command_ack([{"prefix": "get_command_descriptions"}]=0 v0) v1 ==== 72+0+183819 (secure 0 0 0) 0x7f144c031580 con 0x7f145c107c20
2024-09-13T17:54:14.494 INFO:teuthology.orchestra.run.smithi027.stdout:/usr/bin/ceph: stderr
2024-09-13T17:54:13.823+0000 7f1463400640 1 -- 172.21.15.27:0/333514718 --> [v2:172.21.15.27:6800/1083878216,v1:172.21.15.27:6801/1083878216] -- mgr_command(tid 0: {"prefix": "cephadm get-pub-key", "target": ["mon-mgr", ""]}) v1 -- 0x7f145c105d90 con 0x7f1440038620
2024-09-13T17:54:14.494 INFO:teuthology.orchestra.run.smithi027.stdout:/usr/bin/ceph: stderr
2024-09-13T17:54:13.824+0000 7f145a000640 1 -- 172.21.15.27:0/333514718 <== mgr.14118 v2:172.21.15.27:6800/1083878216 1 ==== mgr_command_reply(tid 0: 0 ) v1 ==== 8+0+595 (secure 0 0 0) 0x7f145c105d90 con 0x7f1440038620
2024-09-13T17:54:14.494 INFO:teuthology.orchestra.run.smithi027.stdout:/usr/bin/ceph: stderr
2024-09-13T17:54:13.826+0000 7f1463400640 1 -- 172.21.15.27:0/333514718 >> [v2:172.21.15.27:6800/1083878216,v1:172.21.15.27:6801/1083878216] conn(0x7f1440038620 msgr2=0x7f144003aae0 secure :-1 s=STATE_CONNECTION_ESTABLISHED l=1).mark_down
2024-09-13T17:54:14.494 INFO:teuthology.orchestra.run.smithi027.stdout:/usr/bin/ceph: stderr
2024-09-13T17:54:13.826+0000 7f1463400640 1 --2- 172.21.15.27:0/333514718 >> [v2:172.21.15.27:6800/1083878216,v1:172.21.15.27:6801/1083878216] conn(0x7f1440038620 0x7f144003aae0 secure :-1 s=READY pgs=10 cs=0 l=1 rev1=1 crypto rx=0x7f14440098c0 tx=0x7f1444006db0 comp rx=0 tx=0).stop
2024-09-13T17:54:14.494 INFO:teuthology.orchestra.run.smithi027.stdout:/usr/bin/ceph: stderr
2024-09-13T17:54:13.826+0000 7f1463400640 1 -- 172.21.15.27:0/333514718 >> [v2:172.21.15.27:3300/0,v1:172.21.15.27:6789/0] conn(0x7f145c107c20 msgr2=0x7f145c19b960 secure :-1 s=STATE_CONNECTION_ESTABLISHED l=1).mark_down
2024-09-13T17:54:14.494 INFO:teuthology.orchestra.run.smithi027.stdout:/usr/bin/ceph: stderr
2024-09-13T17:54:13.826+0000 7f1463400640 1 --2- 172.21.15.27:0/333514718 >> [v2:172.21.15.27:3300/0,v1:172.21.15.27:6789/0] conn(0x7f145c107c20 0x7f145c19b960 secure :-1 s=READY pgs=42 cs=0 l=1 rev1=1 crypto rx=0x7f144c0306e0 tx=0x7f144c032670 comp rx=0 tx=0).stop
2024-09-13T17:54:14.494 INFO:teuthology.orchestra.run.smithi027.stdout:/usr/bin/ceph: stderr
2024-09-13T17:54:13.826+0000 7f1463400640 1 -- 172.21.15.27:0/333514718 shutdown_connections
2024-09-13T17:54:14.495 INFO:teuthology.orchestra.run.smithi027.stdout:/usr/bin/ceph: stderr
2024-09-13T17:54:13.826+0000 7f1463400640 1 --2- 172.21.15.27:0/333514718 >> [v2:172.21.15.27:6800/1083878216,v1:172.21.15.27:6801/1083878216] conn(0x7f1440038620 0x7f144003aae0 unknown :-1 s=CLOSED pgs=10 cs=0 l=1 rev1=1 crypto rx=0 tx=0 comp rx=0 tx=0).stop
2024-09-13T17:54:14.495 INFO:teuthology.orchestra.run.smithi027.stdout:/usr/bin/ceph: stderr
2024-09-13T17:54:13.826+0000 7f1463400640 1 --2- 172.21.15.27:0/333514718 >> [v2:172.21.15.27:3300/0,v1:172.21.15.27:6789/0] conn(0x7f145c107c20 0x7f145c19b960 unknown :-1 s=CLOSED pgs=42 cs=0 l=1 rev1=1 crypto rx=0 tx=0 comp rx=0 tx=0).stop
2024-09-13T17:54:14.495 INFO:teuthology.orchestra.run.smithi027.stdout:/usr/bin/ceph: stderr
2024-09-13T17:54:13.826+0000 7f1463400640 1 -- 172.21.15.27:0/333514718 >> 172.21.15.27:0/333514718 conn(0x7f145c07b250 msgr2=0x7f145c105680 unknown :-1 s=STATE_NONE l=0).mark_down
2024-09-13T17:54:14.495 INFO:teuthology.orchestra.run.smithi027.stdout:/usr/bin/ceph: stderr
2024-09-13T17:54:13.826+0000 7f1463400640 1 -- 172.21.15.27:0/333514718 shutdown_connections
2024-09-13T17:54:14.495 INFO:teuthology.orchestra.run.smithi027.stdout:/usr/bin/ceph: stderr
2024-09-13T17:54:13.827+0000 7f1463400640 1 -- 172.21.15.27:0/333514718 wait complete.
2024-09-13T17:54:14.495 INFO:teuthology.orchestra.run.smithi027.stdout:Wrote public SSH key to /home/ubuntu/cephtest/ceph.pub
2024-09-13T17:54:14.495 INFO:teuthology.orchestra.run.smithi027.stdout:Adding key to root@localhost authorized_keys...
2024-09-13T17:54:14.495 INFO:teuthology.orchestra.run.smithi027.stdout:Adding host smithi027...
2024-09-13T17:54:15.028 INFO:journalctl@ceph.mon.a.smithi027.stdout:Sep 13 17:54:14 smithi027 ceph-mon[30611]: from='client.14136 -' entity='client.admin' cmd=[{"prefix": "cephadm get-pub-key", "target": ["mon-mgr", ""]}]: dispatch
2024-09-13T17:54:16.028 INFO:journalctl@ceph.mon.a.smithi027.stdout:Sep 13 17:54:15 smithi027 ceph-mon[30611]: from='client.14138 -' entity='client.admin' cmd=[{"prefix": "orch host add", "hostname": "smithi027", "addr": "172.21.15.27", "target": ["mon-mgr", ""]}]: dispatch
2024-09-13T17:54:17.056 INFO:journalctl@ceph.mon.a.smithi027.stdout:Sep 13 17:54:16 smithi027 ceph-mon[30611]: Deploying cephadm binary to smithi027
2024-09-13T17:54:19.919 INFO:teuthology.orchestra.run.smithi027.stdout:/usr/bin/ceph: stdout Added host 'smithi027' with addr '172.21.15.27'
2024-09-13T17:54:19.919 INFO:teuthology.orchestra.run.smithi027.stdout:/usr/bin/ceph: stderr
2024-09-13T17:54:15.026+0000 7f9415000640 1 Processor -- start
2024-09-13T17:54:19.919 INFO:teuthology.orchestra.run.smithi027.stdout:/usr/bin/ceph: stderr
2024-09-13T17:54:15.026+0000 7f9415000640 1 -- start start
2024-09-13T17:54:19.919 INFO:teuthology.orchestra.run.smithi027.stdout:/usr/bin/ceph: stderr
2024-09-13T17:54:15.027+0000 7f9415000640 1 --2- >> [v2:172.21.15.27:3300/0,v1:172.21.15.27:6789/0] conn(0x7f94101059c0 0x7f9410105dc0 unknown :-1 s=NONE pgs=0 cs=0 l=0 rev1=0 crypto rx=0 tx=0 comp rx=0 tx=0).connect
2024-09-13T17:54:19.920 INFO:teuthology.orchestra.run.smithi027.stdout:/usr/bin/ceph: stderr
2024-09-13T17:54:15.027+0000 7f9415000640 1 -- --> [v2:172.21.15.27:3300/0,v1:172.21.15.27:6789/0] -- mon_getmap magic: 0 v1 -- 0x7f9410106390 con 0x7f94101059c0
2024-09-13T17:54:19.920 INFO:teuthology.orchestra.run.smithi027.stdout:/usr/bin/ceph: stderr
2024-09-13T17:54:15.027+0000 7f940de00640 1 --2- >> [v2:172.21.15.27:3300/0,v1:172.21.15.27:6789/0] conn(0x7f94101059c0 0x7f9410105dc0 unknown :-1 s=BANNER_CONNECTING pgs=0 cs=0 l=0 rev1=0 crypto rx=0 tx=0 comp rx=0 tx=0)._handle_peer_banner_payload supported=3 required=0
2024-09-13T17:54:19.920 INFO:teuthology.orchestra.run.smithi027.stdout:/usr/bin/ceph: stderr
2024-09-13T17:54:15.027+0000 7f940de00640 1 --2- >> [v2:172.21.15.27:3300/0,v1:172.21.15.27:6789/0] conn(0x7f94101059c0 0x7f9410105dc0 unknown :-1 s=HELLO_CONNECTING pgs=0 cs=0 l=0 rev1=1 crypto rx=0 tx=0 comp rx=0 tx=0).handle_hello peer v2:172.21.15.27:3300/0 says I am v2:172.21.15.27:47498/0 (socket says 172.21.15.27:47498)
2024-09-13T17:54:19.920 INFO:teuthology.orchestra.run.smithi027.stdout:/usr/bin/ceph: stderr
2024-09-13T17:54:15.027+0000 7f940de00640 1 -- 172.21.15.27:0/4091805656 learned_addr learned my addr 172.21.15.27:0/4091805656 (peer_addr_for_me v2:172.21.15.27:0/0)
2024-09-13T17:54:19.921 INFO:teuthology.orchestra.run.smithi027.stdout:/usr/bin/ceph: stderr
2024-09-13T17:54:15.028+0000 7f940de00640 1 -- 172.21.15.27:0/4091805656 --> [v2:172.21.15.27:3300/0,v1:172.21.15.27:6789/0] -- mon_subscribe({config=0+,monmap=0+}) v3 -- 0x7f9410106bc0 con 0x7f94101059c0
2024-09-13T17:54:19.921 INFO:teuthology.orchestra.run.smithi027.stdout:/usr/bin/ceph: stderr
2024-09-13T17:54:15.028+0000 7f940de00640 1 --2- 172.21.15.27:0/4091805656 >> [v2:172.21.15.27:3300/0,v1:172.21.15.27:6789/0] conn(0x7f94101059c0 0x7f9410105dc0 secure :-1 s=READY pgs=43 cs=0 l=1 rev1=1 crypto rx=0x7f9400009820 tx=0x7f940002a270 comp rx=0 tx=0).ready entity=mon.0 client_cookie=2366a1c3407232fa server_cookie=0 in_seq=0 out_seq=0
2024-09-13T17:54:19.921 INFO:teuthology.orchestra.run.smithi027.stdout:/usr/bin/ceph: stderr
2024-09-13T17:54:15.029+0000 7f940ca00640 1 -- 172.21.15.27:0/4091805656 <== mon.0 v2:172.21.15.27:3300/0 1 ==== mon_map magic: 0 v1 ==== 205+0+0 (secure 0 0 0) 0x7f940002ae70 con 0x7f94101059c0
2024-09-13T17:54:19.921 INFO:teuthology.orchestra.run.smithi027.stdout:/usr/bin/ceph: stderr
2024-09-13T17:54:15.029+0000 7f940ca00640 1 -- 172.21.15.27:0/4091805656 <== mon.0 v2:172.21.15.27:3300/0 2 ==== config(27 keys) v1 ==== 1108+0+0 (secure 0 0 0) 0x7f9400032900 con 0x7f94101059c0
2024-09-13T17:54:19.921 INFO:teuthology.orchestra.run.smithi027.stdout:/usr/bin/ceph: stderr
2024-09-13T17:54:15.029+0000 7f940ca00640 1 -- 172.21.15.27:0/4091805656 <== mon.0 v2:172.21.15.27:3300/0 3 ==== mon_map magic: 0 v1 ==== 205+0+0 (secure 0 0 0) 0x7f94000309d0 con 0x7f94101059c0
2024-09-13T17:54:19.921 INFO:teuthology.orchestra.run.smithi027.stdout:/usr/bin/ceph: stderr
2024-09-13T17:54:15.029+0000 7f9415000640 1 -- 172.21.15.27:0/4091805656 >> [v2:172.21.15.27:3300/0,v1:172.21.15.27:6789/0] conn(0x7f94101059c0 msgr2=0x7f9410105dc0 secure :-1 s=STATE_CONNECTION_ESTABLISHED l=1).mark_down
2024-09-13T17:54:19.921 INFO:teuthology.orchestra.run.smithi027.stdout:/usr/bin/ceph: stderr
2024-09-13T17:54:15.029+0000 7f9415000640 1 --2- 172.21.15.27:0/4091805656 >> [v2:172.21.15.27:3300/0,v1:172.21.15.27:6789/0] conn(0x7f94101059c0 0x7f9410105dc0 secure :-1 s=READY pgs=43 cs=0 l=1 rev1=1 crypto rx=0x7f9400009820 tx=0x7f940002a270 comp rx=0 tx=0).stop
2024-09-13T17:54:19.922 INFO:teuthology.orchestra.run.smithi027.stdout:/usr/bin/ceph: stderr
2024-09-13T17:54:15.029+0000 7f9415000640 1 -- 172.21.15.27:0/4091805656 shutdown_connections
2024-09-13T17:54:19.922 INFO:teuthology.orchestra.run.smithi027.stdout:/usr/bin/ceph: stderr
2024-09-13T17:54:15.029+0000 7f9415000640 1 --2- 172.21.15.27:0/4091805656 >> [v2:172.21.15.27:3300/0,v1:172.21.15.27:6789/0] conn(0x7f94101059c0 0x7f9410105dc0 unknown :-1 s=CLOSED pgs=43 cs=0 l=1 rev1=1 crypto rx=0 tx=0 comp rx=0 tx=0).stop
2024-09-13T17:54:19.922 INFO:teuthology.orchestra.run.smithi027.stdout:/usr/bin/ceph: stderr
2024-09-13T17:54:15.029+0000 7f9415000640 1 -- 172.21.15.27:0/4091805656 >> 172.21.15.27:0/4091805656 conn(0x7f9410101130 msgr2=0x7f9410103590 unknown :-1 s=STATE_NONE l=0).mark_down
2024-09-13T17:54:19.922 INFO:teuthology.orchestra.run.smithi027.stdout:/usr/bin/ceph: stderr
2024-09-13T17:54:15.030+0000 7f9415000640 1 -- 172.21.15.27:0/4091805656 shutdown_connections
2024-09-13T17:54:19.922 INFO:teuthology.orchestra.run.smithi027.stdout:/usr/bin/ceph: stderr
2024-09-13T17:54:15.030+0000 7f9415000640 1 -- 172.21.15.27:0/4091805656 wait complete.
2024-09-13T17:54:19.922 INFO:teuthology.orchestra.run.smithi027.stdout:/usr/bin/ceph: stderr
2024-09-13T17:54:15.031+0000 7f9415000640 1 Processor -- start
2024-09-13T17:54:19.922 INFO:teuthology.orchestra.run.smithi027.stdout:/usr/bin/ceph: stderr
2024-09-13T17:54:15.031+0000 7f9415000640 1 -- start start
2024-09-13T17:54:19.922 INFO:teuthology.orchestra.run.smithi027.stdout:/usr/bin/ceph: stderr
2024-09-13T17:54:15.031+0000 7f9415000640 1 --2- >> [v2:172.21.15.27:3300/0,v1:172.21.15.27:6789/0] conn(0x7f94101059c0 0x7f941019b9f0 unknown :-1 s=NONE pgs=0 cs=0 l=1 rev1=0 crypto rx=0 tx=0 comp rx=0 tx=0).connect
2024-09-13T17:54:19.922 INFO:teuthology.orchestra.run.smithi027.stdout:/usr/bin/ceph: stderr
2024-09-13T17:54:15.031+0000 7f9415000640 1 -- --> [v2:172.21.15.27:3300/0,v1:172.21.15.27:6789/0] -- mon_getmap magic: 0 v1 -- 0x7f941019bf30 con 0x7f94101059c0
2024-09-13T17:54:19.922 INFO:teuthology.orchestra.run.smithi027.stdout:/usr/bin/ceph: stderr
2024-09-13T17:54:15.031+0000 7f940de00640 1 --2- >> [v2:172.21.15.27:3300/0,v1:172.21.15.27:6789/0] conn(0x7f94101059c0 0x7f941019b9f0 unknown :-1 s=BANNER_CONNECTING pgs=0 cs=0 l=1 rev1=0 crypto rx=0 tx=0 comp rx=0 tx=0)._handle_peer_banner_payload supported=3 required=0
2024-09-13T17:54:19.922 INFO:teuthology.orchestra.run.smithi027.stdout:/usr/bin/ceph: stderr
2024-09-13T17:54:15.031+0000 7f940de00640 1 --2- >> [v2:172.21.15.27:3300/0,v1:172.21.15.27:6789/0] conn(0x7f94101059c0 0x7f941019b9f0 unknown :-1 s=HELLO_CONNECTING pgs=0 cs=0 l=1 rev1=1 crypto rx=0 tx=0 comp rx=0 tx=0).handle_hello peer v2:172.21.15.27:3300/0 says I am v2:172.21.15.27:47502/0 (socket says 172.21.15.27:47502)
2024-09-13T17:54:19.922 INFO:teuthology.orchestra.run.smithi027.stdout:/usr/bin/ceph: stderr
2024-09-13T17:54:15.031+0000 7f940de00640 1 -- 172.21.15.27:0/2231059434 learned_addr learned my addr 172.21.15.27:0/2231059434 (peer_addr_for_me v2:172.21.15.27:0/0)
2024-09-13T17:54:19.923 INFO:teuthology.orchestra.run.smithi027.stdout:/usr/bin/ceph: stderr
2024-09-13T17:54:15.032+0000 7f940de00640 1 -- 172.21.15.27:0/2231059434 --> [v2:172.21.15.27:3300/0,v1:172.21.15.27:6789/0] -- mon_subscribe({config=0+,monmap=0+}) v3 -- 0x7f94000094d0 con 0x7f94101059c0
2024-09-13T17:54:19.923 INFO:teuthology.orchestra.run.smithi027.stdout:/usr/bin/ceph: stderr
2024-09-13T17:54:15.032+0000 7f940de00640 1 --2- 172.21.15.27:0/2231059434 >> [v2:172.21.15.27:3300/0,v1:172.21.15.27:6789/0] conn(0x7f94101059c0 0x7f941019b9f0 secure :-1 s=READY pgs=44 cs=0 l=1 rev1=1 crypto rx=0x7f940002a790 tx=0x7f9400032670 comp rx=0 tx=0).ready entity=mon.0 client_cookie=0 server_cookie=0 in_seq=0 out_seq=0
2024-09-13T17:54:19.923 INFO:teuthology.orchestra.run.smithi027.stdout:/usr/bin/ceph: stderr
2024-09-13T17:54:15.032+0000 7f9406a00640 1 -- 172.21.15.27:0/2231059434 <== mon.0 v2:172.21.15.27:3300/0 1 ==== mon_map magic: 0 v1 ==== 205+0+0 (secure 0 0 0) 0x7f9400032db0 con 0x7f94101059c0
2024-09-13T17:54:19.923 INFO:teuthology.orchestra.run.smithi027.stdout:/usr/bin/ceph: stderr
2024-09-13T17:54:15.032+0000 7f9406a00640 1 -- 172.21.15.27:0/2231059434 <== mon.0 v2:172.21.15.27:3300/0 2 ==== config(27 keys) v1 ==== 1108+0+0 (secure 0 0 0) 0x7f940003b8f0 con 0x7f94101059c0
2024-09-13T17:54:19.923 INFO:teuthology.orchestra.run.smithi027.stdout:/usr/bin/ceph: stderr
2024-09-13T17:54:15.032+0000 7f9415000640 1 -- 172.21.15.27:0/2231059434 --> [v2:172.21.15.27:3300/0,v1:172.21.15.27:6789/0] -- mon_subscribe({mgrmap=0+}) v3 -- 0x7f941019c130 con 0x7f94101059c0
2024-09-13T17:54:19.923 INFO:teuthology.orchestra.run.smithi027.stdout:/usr/bin/ceph: stderr
2024-09-13T17:54:15.033+0000 7f9406a00640 1 -- 172.21.15.27:0/2231059434 <== mon.0 v2:172.21.15.27:3300/0 3 ==== mon_map magic: 0 v1 ==== 205+0+0 (secure 0 0 0) 0x7f940003a6f0 con 0x7f94101059c0
2024-09-13T17:54:19.923 INFO:teuthology.orchestra.run.smithi027.stdout:/usr/bin/ceph: stderr
2024-09-13T17:54:15.033+0000 7f9415000640 1 -- 172.21.15.27:0/2231059434 --> [v2:172.21.15.27:3300/0,v1:172.21.15.27:6789/0] -- mon_subscribe({osdmap=0}) v3 -- 0x7f941019c5d0 con 0x7f94101059c0
2024-09-13T17:54:19.923 INFO:teuthology.orchestra.run.smithi027.stdout:/usr/bin/ceph: stderr
2024-09-13T17:54:15.034+0000 7f9406a00640 1 -- 172.21.15.27:0/2231059434 <== mon.0 v2:172.21.15.27:3300/0 4 ==== mgrmap(e 8) v1 ==== 45541+0+0 (secure 0 0 0) 0x7f9400039040 con 0x7f94101059c0
2024-09-13T17:54:19.923 INFO:teuthology.orchestra.run.smithi027.stdout:/usr/bin/ceph: stderr
2024-09-13T17:54:15.034+0000 7f9415000640 1 -- 172.21.15.27:0/2231059434 --> [v2:172.21.15.27:3300/0,v1:172.21.15.27:6789/0] -- mon_command({"prefix": "get_command_descriptions"} v 0) v1 -- 0x7f9410109df0 con 0x7f94101059c0
2024-09-13T17:54:19.923 INFO:teuthology.orchestra.run.smithi027.stdout:/usr/bin/ceph: stderr
2024-09-13T17:54:15.034+0000 7f9406a00640 1 --2- 172.21.15.27:0/2231059434 >> [v2:172.21.15.27:6800/1083878216,v1:172.21.15.27:6801/1083878216] conn(0x7f93f4038670 0x7f93f403ab30 unknown :-1 s=NONE pgs=0 cs=0 l=1 rev1=0 crypto rx=0 tx=0 comp rx=0 tx=0).connect
2024-09-13T17:54:19.923 INFO:teuthology.orchestra.run.smithi027.stdout:/usr/bin/ceph: stderr
2024-09-13T17:54:15.034+0000 7f9406a00640 1 -- 172.21.15.27:0/2231059434 <== mon.0 v2:172.21.15.27:3300/0 5 ==== osd_map(2..2 src has 1..2) v4 ==== 940+0+0 (secure 0 0 0) 0x7f940006b920 con 0x7f94101059c0
2024-09-13T17:54:19.923 INFO:teuthology.orchestra.run.smithi027.stdout:/usr/bin/ceph: stderr
2024-09-13T17:54:15.034+0000 7f940d400640 1 --2- 172.21.15.27:0/2231059434 >> [v2:172.21.15.27:6800/1083878216,v1:172.21.15.27:6801/1083878216] conn(0x7f93f4038670 0x7f93f403ab30 unknown :-1 s=BANNER_CONNECTING pgs=0 cs=0 l=1 rev1=0 crypto rx=0 tx=0 comp rx=0 tx=0)._handle_peer_banner_payload supported=3 required=0
2024-09-13T17:54:19.923 INFO:teuthology.orchestra.run.smithi027.stdout:/usr/bin/ceph: stderr
2024-09-13T17:54:15.035+0000 7f940d400640 1 --2- 172.21.15.27:0/2231059434 >> [v2:172.21.15.27:6800/1083878216,v1:172.21.15.27:6801/1083878216] conn(0x7f93f4038670 0x7f93f403ab30 secure :-1 s=READY pgs=11 cs=0 l=1 rev1=1 crypto rx=0x7f93fc0098c0 tx=0x7f93fc006db0 comp rx=0 tx=0).ready entity=mgr.14118 client_cookie=0 server_cookie=0 in_seq=0 out_seq=0
2024-09-13T17:54:19.924 INFO:teuthology.orchestra.run.smithi027.stdout:/usr/bin/ceph: stderr
2024-09-13T17:54:15.039+0000 7f9406a00640 1 -- 172.21.15.27:0/2231059434 <== mon.0 v2:172.21.15.27:3300/0 6 ==== mon_command_ack([{"prefix": "get_command_descriptions"}]=0 v0) v1 ==== 72+0+183819 (secure 0 0 0) 0x7f94000319f0 con 0x7f94101059c0
2024-09-13T17:54:19.924 INFO:teuthology.orchestra.run.smithi027.stdout:/usr/bin/ceph: stderr
2024-09-13T17:54:15.226+0000 7f9415000640 1 -- 172.21.15.27:0/2231059434 --> [v2:172.21.15.27:6800/1083878216,v1:172.21.15.27:6801/1083878216] -- mgr_command(tid 0: {"prefix": "orch host add", "hostname": "smithi027", "addr": "172.21.15.27", "target": ["mon-mgr", ""]}) v1 -- 0x7f94101023e0 con 0x7f93f4038670
2024-09-13T17:54:19.924 INFO:teuthology.orchestra.run.smithi027.stdout:/usr/bin/ceph: stderr
2024-09-13T17:54:19.182+0000 7f9406a00640 1 -- 172.21.15.27:0/2231059434 <== mgr.14118 v2:172.21.15.27:6800/1083878216 1 ==== mgr_command_reply(tid 0: 0 ) v1 ==== 8+0+48 (secure 0 0 0) 0x7f94101023e0 con 0x7f93f4038670
2024-09-13T17:54:19.924 INFO:teuthology.orchestra.run.smithi027.stdout:/usr/bin/ceph: stderr
2024-09-13T17:54:19.185+0000 7f9415000640 1 -- 172.21.15.27:0/2231059434 >> [v2:172.21.15.27:6800/1083878216,v1:172.21.15.27:6801/1083878216] conn(0x7f93f4038670 msgr2=0x7f93f403ab30 secure :-1 s=STATE_CONNECTION_ESTABLISHED l=1).mark_down
2024-09-13T17:54:19.924 INFO:teuthology.orchestra.run.smithi027.stdout:/usr/bin/ceph: stderr
2024-09-13T17:54:19.185+0000 7f9415000640 1 --2- 172.21.15.27:0/2231059434 >> [v2:172.21.15.27:6800/1083878216,v1:172.21.15.27:6801/1083878216] conn(0x7f93f4038670 0x7f93f403ab30 secure :-1 s=READY pgs=11 cs=0 l=1 rev1=1 crypto rx=0x7f93fc0098c0 tx=0x7f93fc006db0 comp rx=0 tx=0).stop
2024-09-13T17:54:19.924 INFO:teuthology.orchestra.run.smithi027.stdout:/usr/bin/ceph: stderr
2024-09-13T17:54:19.185+0000 7f9415000640 1 -- 172.21.15.27:0/2231059434 >> [v2:172.21.15.27:3300/0,v1:172.21.15.27:6789/0] conn(0x7f94101059c0 msgr2=0x7f941019b9f0 secure :-1 s=STATE_CONNECTION_ESTABLISHED l=1).mark_down
2024-09-13T17:54:19.924 INFO:teuthology.orchestra.run.smithi027.stdout:/usr/bin/ceph: stderr
2024-09-13T17:54:19.186+0000 7f9415000640 1 --2- 172.21.15.27:0/2231059434 >> [v2:172.21.15.27:3300/0,v1:172.21.15.27:6789/0] conn(0x7f94101059c0 0x7f941019b9f0 secure :-1 s=READY pgs=44 cs=0 l=1 rev1=1 crypto rx=0x7f940002a790 tx=0x7f9400032670 comp rx=0 tx=0).stop
2024-09-13T17:54:19.924 INFO:teuthology.orchestra.run.smithi027.stdout:/usr/bin/ceph: stderr
2024-09-13T17:54:19.186+0000 7f9415000640 1 -- 172.21.15.27:0/2231059434 shutdown_connections
2024-09-13T17:54:19.924 INFO:teuthology.orchestra.run.smithi027.stdout:/usr/bin/ceph: stderr
2024-09-13T17:54:19.186+0000 7f9415000640 1 --2- 172.21.15.27:0/2231059434 >> [v2:172.21.15.27:6800/1083878216,v1:172.21.15.27:6801/1083878216] conn(0x7f93f4038670 0x7f93f403ab30 unknown :-1 s=CLOSED pgs=11 cs=0 l=1 rev1=1 crypto rx=0 tx=0 comp rx=0 tx=0).stop
2024-09-13T17:54:19.924 INFO:teuthology.orchestra.run.smithi027.stdout:/usr/bin/ceph: stderr
2024-09-13T17:54:19.186+0000 7f9415000640 1 --2- 172.21.15.27:0/2231059434 >> [v2:172.21.15.27:3300/0,v1:172.21.15.27:6789/0] conn(0x7f94101059c0 0x7f941019b9f0 unknown :-1 s=CLOSED pgs=44 cs=0 l=1 rev1=1 crypto rx=0 tx=0 comp rx=0 tx=0).stop
2024-09-13T17:54:19.924 INFO:teuthology.orchestra.run.smithi027.stdout:/usr/bin/ceph: stderr
2024-09-13T17:54:19.186+0000 7f9415000640 1 -- 172.21.15.27:0/2231059434 >> 172.21.15.27:0/2231059434 conn(0x7f9410101130 msgr2=0x7f9410101cd0 unknown :-1 s=STATE_NONE l=0).mark_down
2024-09-13T17:54:19.924 INFO:teuthology.orchestra.run.smithi027.stdout:/usr/bin/ceph: stderr
2024-09-13T17:54:19.186+0000 7f9415000640 1 -- 172.21.15.27:0/2231059434 shutdown_connections
2024-09-13T17:54:19.925 INFO:teuthology.orchestra.run.smithi027.stdout:/usr/bin/ceph: stderr
2024-09-13T17:54:19.186+0000 7f9415000640 1 -- 172.21.15.27:0/2231059434 wait complete.
2024-09-13T17:54:19.925 INFO:teuthology.orchestra.run.smithi027.stdout:Deploying unmanaged mon service...
2024-09-13T17:54:20.451 INFO:journalctl@ceph.mon.a.smithi027.stdout:Sep 13 17:54:20 smithi027 ceph-mon[30611]: from='mgr.14118 172.21.15.27:0/1969861111' entity='mgr.x'
2024-09-13T17:54:20.451 INFO:journalctl@ceph.mon.a.smithi027.stdout:Sep 13 17:54:20 smithi027 ceph-mon[30611]: Added host smithi027
2024-09-13T17:54:20.451 INFO:journalctl@ceph.mon.a.smithi027.stdout:Sep 13 17:54:20 smithi027 ceph-mon[30611]: from='mgr.14118 172.21.15.27:0/1969861111' entity='mgr.x' cmd=[{"prefix": "config dump", "format": "json"}]: dispatch
2024-09-13T17:54:21.806 INFO:journalctl@ceph.mon.a.smithi027.stdout:Sep 13 17:54:21 smithi027 ceph-mon[30611]: from='client.14140 -' entity='client.admin' cmd=[{"prefix": "orch apply", "service_type": "mon", "unmanaged": true, "target": ["mon-mgr", ""]}]: dispatch
2024-09-13T17:54:21.807 INFO:journalctl@ceph.mon.a.smithi027.stdout:Sep 13 17:54:21 smithi027 ceph-mon[30611]: Saving service mon spec with placement count:5
2024-09-13T17:54:21.807 INFO:journalctl@ceph.mon.a.smithi027.stdout:Sep 13 17:54:21 smithi027 ceph-mon[30611]: from='mgr.14118 172.21.15.27:0/1969861111' entity='mgr.x'
2024-09-13T17:54:21.903 INFO:teuthology.orchestra.run.smithi027.stdout:/usr/bin/ceph: stdout Scheduled mon update...
2024-09-13T17:54:21.908 INFO:teuthology.orchestra.run.smithi027.stdout:/usr/bin/ceph: stderr
2024-09-13T17:54:20.563+0000 7f3a67200640 1 Processor -- start
2024-09-13T17:54:21.908 INFO:teuthology.orchestra.run.smithi027.stdout:/usr/bin/ceph: stderr
2024-09-13T17:54:20.563+0000 7f3a67200640 1 -- start start
2024-09-13T17:54:21.908 INFO:teuthology.orchestra.run.smithi027.stdout:/usr/bin/ceph: stderr
2024-09-13T17:54:20.563+0000 7f3a67200640 1 --2- >> [v2:172.21.15.27:3300/0,v1:172.21.15.27:6789/0] conn(0x7f3a60107bf0 0x7f3a60107ff0 unknown :-1 s=NONE pgs=0 cs=0 l=0 rev1=0 crypto rx=0 tx=0 comp rx=0 tx=0).connect
2024-09-13T17:54:21.909 INFO:teuthology.orchestra.run.smithi027.stdout:/usr/bin/ceph: stderr
2024-09-13T17:54:20.563+0000 7f3a67200640 1 -- --> [v2:172.21.15.27:3300/0,v1:172.21.15.27:6789/0] -- mon_getmap magic: 0 v1 -- 0x7f3a601085c0 con 0x7f3a60107bf0
2024-09-13T17:54:21.909 INFO:teuthology.orchestra.run.smithi027.stdout:/usr/bin/ceph: stderr
2024-09-13T17:54:20.564+0000 7f3a5fe00640 1 --2- >> [v2:172.21.15.27:3300/0,v1:172.21.15.27:6789/0] conn(0x7f3a60107bf0 0x7f3a60107ff0 unknown :-1 s=BANNER_CONNECTING pgs=0 cs=0 l=0 rev1=0 crypto rx=0 tx=0 comp rx=0 tx=0)._handle_peer_banner_payload supported=3 required=0
2024-09-13T17:54:21.909 INFO:teuthology.orchestra.run.smithi027.stdout:/usr/bin/ceph: stderr
