2024-09-13T17:54:08.432 INFO:teuthology.orchestra.run.smithi027.stdout:/usr/bin/ceph: stderr
2024-09-13T17:54:07.688+0000 7fc10a000640 1 --2- 172.21.15.27:0/1519670541 >> [v2:172.21.15.27:6800/1083878216,v1:172.21.15.27:6801/1083878216] conn(0x7fc0f003bf50 0x7fc0f003e340 secure :-1 s=READY pgs=1 cs=0 l=1 rev1=1 crypto rx=0x7fc0f8003980 tx=0x7fc0f8009290 comp rx=0 tx=0).ready entity=mgr.14118 client_cookie=0 server_cookie=0 in_seq=0 out_seq=0
2024-09-13T17:54:08.432 INFO:teuthology.orchestra.run.smithi027.stdout:/usr/bin/ceph: stderr
2024-09-13T17:54:07.689+0000 7fc103400640 1 -- 172.21.15.27:0/1519670541 <== mgr.14118 v2:172.21.15.27:6800/1083878216 1 ==== command_reply(tid 0: 0 ) v1 ==== 8+0+7774 (secure 0 0 0) 0x7fc0f003b1f0 con 0x7fc0f003bf50
2024-09-13T17:54:08.432 INFO:teuthology.orchestra.run.smithi027.stdout:/usr/bin/ceph: stderr
2024-09-13T17:54:07.699+0000 7fc111800640 1 -- 172.21.15.27:0/1519670541 --> [v2:172.21.15.27:6800/1083878216,v1:172.21.15.27:6801/1083878216] -- command(tid 1: {"prefix": "mgr_status"}) v1 -- 0x7fc10c10bfa0 con 0x7fc0f003bf50
2024-09-13T17:54:08.432 INFO:teuthology.orchestra.run.smithi027.stdout:/usr/bin/ceph: stderr
2024-09-13T17:54:07.699+0000 7fc103400640 1 -- 172.21.15.27:0/1519670541 <== mgr.14118 v2:172.21.15.27:6800/1083878216 2 ==== command_reply(tid 1: 0 ) v1 ==== 8+0+51 (secure 0 0 0) 0x7fc10c10bfa0 con 0x7fc0f003bf50
2024-09-13T17:54:08.432 INFO:teuthology.orchestra.run.smithi027.stdout:/usr/bin/ceph: stderr
2024-09-13T17:54:07.700+0000 7fc111800640 1 -- 172.21.15.27:0/1519670541 >> [v2:172.21.15.27:6800/1083878216,v1:172.21.15.27:6801/1083878216] conn(0x7fc0f003bf50 msgr2=0x7fc0f003e340 secure :-1 s=STATE_CONNECTION_ESTABLISHED l=1).mark_down
2024-09-13T17:54:08.432 INFO:teuthology.orchestra.run.smithi027.stdout:/usr/bin/ceph: stderr
2024-09-13T17:54:07.700+0000 7fc111800640 1 --2- 172.21.15.27:0/1519670541 >> [v2:172.21.15.27:6800/1083878216,v1:172.21.15.27:6801/1083878216] conn(0x7fc0f003bf50 0x7fc0f003e340 secure :-1 s=READY pgs=1 cs=0 l=1 rev1=1 crypto rx=0x7fc0f8003980 tx=0x7fc0f8009290 comp rx=0 tx=0).stop
2024-09-13T17:54:08.432 INFO:teuthology.orchestra.run.smithi027.stdout:/usr/bin/ceph: stderr
2024-09-13T17:54:07.700+0000 7fc111800640 1 -- 172.21.15.27:0/1519670541 >> [v2:172.21.15.27:3300/0,v1:172.21.15.27:6789/0] conn(0x7fc10c107c10 msgr2=0x7fc10c19ba20 secure :-1 s=STATE_CONNECTION_ESTABLISHED l=1).mark_down
2024-09-13T17:54:08.432 INFO:teuthology.orchestra.run.smithi027.stdout:/usr/bin/ceph: stderr
2024-09-13T17:54:07.700+0000 7fc111800640 1 --2- 172.21.15.27:0/1519670541 >> [v2:172.21.15.27:3300/0,v1:172.21.15.27:6789/0] conn(0x7fc10c107c10 0x7fc10c19ba20 secure :-1 s=READY pgs=27 cs=0 l=1 rev1=1 crypto rx=0x7fc0fc02a790 tx=0x7fc0fc032670 comp rx=0 tx=0).stop
2024-09-13T17:54:08.432 INFO:teuthology.orchestra.run.smithi027.stdout:/usr/bin/ceph: stderr
2024-09-13T17:54:07.700+0000 7fc111800640 1 -- 172.21.15.27:0/1519670541 shutdown_connections
2024-09-13T17:54:08.432 INFO:teuthology.orchestra.run.smithi027.stdout:/usr/bin/ceph: stderr
2024-09-13T17:54:07.700+0000 7fc111800640 1 --2- 172.21.15.27:0/1519670541 >> [v2:172.21.15.27:6800/1083878216,v1:172.21.15.27:6801/1083878216] conn(0x7fc0f003bf50 0x7fc0f003e340 unknown :-1 s=CLOSED pgs=1 cs=0 l=1 rev1=1 crypto rx=0 tx=0 comp rx=0 tx=0).stop
2024-09-13T17:54:08.432 INFO:teuthology.orchestra.run.smithi027.stdout:/usr/bin/ceph: stderr
2024-09-13T17:54:07.700+0000 7fc111800640 1 --2- 172.21.15.27:0/1519670541 >> [v2:172.21.15.27:6800/2456729013,v1:172.21.15.27:6801/2456729013] conn(0x7fc0f0038620 0x7fc0f003aae0 unknown :-1 s=CLOSED pgs=0 cs=0 l=1 rev1=0 crypto rx=0 tx=0 comp rx=0 tx=0).stop
2024-09-13T17:54:08.432 INFO:teuthology.orchestra.run.smithi027.stdout:/usr/bin/ceph: stderr
2024-09-13T17:54:07.700+0000 7fc111800640 1 --2- 172.21.15.27:0/1519670541 >> [v2:172.21.15.27:3300/0,v1:172.21.15.27:6789/0] conn(0x7fc10c107c10 0x7fc10c19ba20 unknown :-1 s=CLOSED pgs=27 cs=0 l=1 rev1=1 crypto rx=0 tx=0 comp rx=0 tx=0).stop
2024-09-13T17:54:08.432 INFO:teuthology.orchestra.run.smithi027.stdout:/usr/bin/ceph: stderr
2024-09-13T17:54:07.700+0000 7fc111800640 1 -- 172.21.15.27:0/1519670541 >> 172.21.15.27:0/1519670541 conn(0x7fc10c07b1f0 msgr2=0x7fc10c105700 unknown :-1 s=STATE_NONE l=0).mark_down
2024-09-13T17:54:08.433 INFO:teuthology.orchestra.run.smithi027.stdout:/usr/bin/ceph: stderr
2024-09-13T17:54:07.700+0000 7fc111800640 1 -- 172.21.15.27:0/1519670541 shutdown_connections
2024-09-13T17:54:08.433 INFO:teuthology.orchestra.run.smithi027.stdout:/usr/bin/ceph: stderr
2024-09-13T17:54:07.700+0000 7fc111800640 1 -- 172.21.15.27:0/1519670541 wait complete.
2024-09-13T17:54:08.433 INFO:teuthology.orchestra.run.smithi027.stdout:mgr epoch 5 is available
2024-09-13T17:54:08.433 INFO:teuthology.orchestra.run.smithi027.stdout:Setting orchestrator backend to cephadm...
2024-09-13T17:54:08.978 INFO:journalctl@ceph.mon.a.smithi027.stdout:Sep 13 17:54:08 smithi027 ceph-mon[30611]: from='client.14122 -' entity='client.admin' cmd=[{"prefix": "get_command_descriptions"}]: dispatch
2024-09-13T17:54:08.978 INFO:journalctl@ceph.mon.a.smithi027.stdout:Sep 13 17:54:08 smithi027 ceph-mon[30611]: from='client.14122 -' entity='client.admin' cmd=[{"prefix": "mgr_status"}]: dispatch
2024-09-13T17:54:08.978 INFO:journalctl@ceph.mon.a.smithi027.stdout:Sep 13 17:54:08 smithi027 ceph-mon[30611]: from='mgr.14118 172.21.15.27:0/1969861111' entity='mgr.x'
2024-09-13T17:54:08.978 INFO:journalctl@ceph.mon.a.smithi027.stdout:Sep 13 17:54:08 smithi027 ceph-mon[30611]: from='mgr.14118 172.21.15.27:0/1969861111' entity='mgr.x'
2024-09-13T17:54:09.822 INFO:teuthology.orchestra.run.smithi027.stdout:/usr/bin/ceph: stderr
2024-09-13T17:54:08.976+0000 7f1592e00640 1 Processor -- start
2024-09-13T17:54:09.822 INFO:teuthology.orchestra.run.smithi027.stdout:/usr/bin/ceph: stderr
2024-09-13T17:54:08.976+0000 7f1592e00640 1 -- start start
2024-09-13T17:54:09.822 INFO:teuthology.orchestra.run.smithi027.stdout:/usr/bin/ceph: stderr
2024-09-13T17:54:08.977+0000 7f1592e00640 1 --2- >> [v2:172.21.15.27:3300/0,v1:172.21.15.27:6789/0] conn(0x7f158c107c10 0x7f158c108010 unknown :-1 s=NONE pgs=0 cs=0 l=0 rev1=0 crypto rx=0 tx=0 comp rx=0 tx=0).connect
2024-09-13T17:54:09.822 INFO:teuthology.orchestra.run.smithi027.stdout:/usr/bin/ceph: stderr
2024-09-13T17:54:08.977+0000 7f1592e00640 1 -- --> [v2:172.21.15.27:3300/0,v1:172.21.15.27:6789/0] -- mon_getmap magic: 0 v1 -- 0x7f158c1085e0 con 0x7f158c107c10
2024-09-13T17:54:09.822 INFO:teuthology.orchestra.run.smithi027.stdout:/usr/bin/ceph: stderr
2024-09-13T17:54:08.977+0000 7f158be00640 1 --2- >> [v2:172.21.15.27:3300/0,v1:172.21.15.27:6789/0] conn(0x7f158c107c10 0x7f158c108010 unknown :-1 s=BANNER_CONNECTING pgs=0 cs=0 l=0 rev1=0 crypto rx=0 tx=0 comp rx=0 tx=0)._handle_peer_banner_payload supported=3 required=0
2024-09-13T17:54:09.822 INFO:teuthology.orchestra.run.smithi027.stdout:/usr/bin/ceph: stderr
2024-09-13T17:54:08.977+0000 7f158be00640 1 --2- >> [v2:172.21.15.27:3300/0,v1:172.21.15.27:6789/0] conn(0x7f158c107c10 0x7f158c108010 unknown :-1 s=HELLO_CONNECTING pgs=0 cs=0 l=0 rev1=1 crypto rx=0 tx=0 comp rx=0 tx=0).handle_hello peer v2:172.21.15.27:3300/0 says I am v2:172.21.15.27:52578/0 (socket says 172.21.15.27:52578)
2024-09-13T17:54:09.822 INFO:teuthology.orchestra.run.smithi027.stdout:/usr/bin/ceph: stderr
2024-09-13T17:54:08.977+0000 7f158be00640 1 -- 172.21.15.27:0/1815700783 learned_addr learned my addr 172.21.15.27:0/1815700783 (peer_addr_for_me v2:172.21.15.27:0/0)
2024-09-13T17:54:09.822 INFO:teuthology.orchestra.run.smithi027.stdout:/usr/bin/ceph: stderr
2024-09-13T17:54:08.978+0000 7f158be00640 1 -- 172.21.15.27:0/1815700783 --> [v2:172.21.15.27:3300/0,v1:172.21.15.27:6789/0] -- mon_subscribe({config=0+,monmap=0+}) v3 -- 0x7f158c108d70 con 0x7f158c107c10
2024-09-13T17:54:09.823 INFO:teuthology.orchestra.run.smithi027.stdout:/usr/bin/ceph: stderr
2024-09-13T17:54:08.979+0000 7f158be00640 1 --2- 172.21.15.27:0/1815700783 >> [v2:172.21.15.27:3300/0,v1:172.21.15.27:6789/0] conn(0x7f158c107c10 0x7f158c108010 secure :-1 s=READY pgs=35 cs=0 l=1 rev1=1 crypto rx=0x7f157c009820 tx=0x7f157c02a270 comp rx=0 tx=0).ready entity=mon.0 client_cookie=e5876900a3e35938 server_cookie=0 in_seq=0 out_seq=0
2024-09-13T17:54:09.823 INFO:teuthology.orchestra.run.smithi027.stdout:/usr/bin/ceph: stderr
2024-09-13T17:54:08.979+0000 7f158aa00640 1 -- 172.21.15.27:0/1815700783 <== mon.0 v2:172.21.15.27:3300/0 1 ==== mon_map magic: 0 v1 ==== 205+0+0 (secure 0 0 0) 0x7f157c02ae70 con 0x7f158c107c10
2024-09-13T17:54:09.823 INFO:teuthology.orchestra.run.smithi027.stdout:/usr/bin/ceph: stderr
2024-09-13T17:54:08.979+0000 7f158aa00640 1 -- 172.21.15.27:0/1815700783 <== mon.0 v2:172.21.15.27:3300/0 2 ==== config(27 keys) v1 ==== 1108+0+0 (secure 0 0 0) 0x7f157c032900 con 0x7f158c107c10
2024-09-13T17:54:09.823 INFO:teuthology.orchestra.run.smithi027.stdout:/usr/bin/ceph: stderr
2024-09-13T17:54:08.979+0000 7f158aa00640 1 -- 172.21.15.27:0/1815700783 <== mon.0 v2:172.21.15.27:3300/0 3 ==== mon_map magic: 0 v1 ==== 205+0+0 (secure 0 0 0) 0x7f157c0309d0 con 0x7f158c107c10
2024-09-13T17:54:09.823 INFO:teuthology.orchestra.run.smithi027.stdout:/usr/bin/ceph: stderr
2024-09-13T17:54:08.979+0000 7f1592e00640 1 -- 172.21.15.27:0/1815700783 >> [v2:172.21.15.27:3300/0,v1:172.21.15.27:6789/0] conn(0x7f158c107c10 msgr2=0x7f158c108010 secure :-1 s=STATE_CONNECTION_ESTABLISHED l=1).mark_down
2024-09-13T17:54:09.823 INFO:teuthology.orchestra.run.smithi027.stdout:/usr/bin/ceph: stderr
2024-09-13T17:54:08.979+0000 7f1592e00640 1 --2- 172.21.15.27:0/1815700783 >> [v2:172.21.15.27:3300/0,v1:172.21.15.27:6789/0] conn(0x7f158c107c10 0x7f158c108010 secure :-1 s=READY pgs=35 cs=0 l=1 rev1=1 crypto rx=0x7f157c009820 tx=0x7f157c02a270 comp rx=0 tx=0).stop
2024-09-13T17:54:09.823 INFO:teuthology.orchestra.run.smithi027.stdout:/usr/bin/ceph: stderr
2024-09-13T17:54:08.980+0000 7f1592e00640 1 -- 172.21.15.27:0/1815700783 shutdown_connections
2024-09-13T17:54:09.823 INFO:teuthology.orchestra.run.smithi027.stdout:/usr/bin/ceph: stderr
2024-09-13T17:54:08.980+0000 7f1592e00640 1 --2- 172.21.15.27:0/1815700783 >> [v2:172.21.15.27:3300/0,v1:172.21.15.27:6789/0] conn(0x7f158c107c10 0x7f158c108010 unknown :-1 s=CLOSED pgs=35 cs=0 l=1 rev1=1 crypto rx=0 tx=0 comp rx=0 tx=0).stop
2024-09-13T17:54:09.823 INFO:teuthology.orchestra.run.smithi027.stdout:/usr/bin/ceph: stderr
2024-09-13T17:54:08.980+0000 7f1592e00640 1 -- 172.21.15.27:0/1815700783 >> 172.21.15.27:0/1815700783 conn(0x7f158c07b1f0 msgr2=0x7f158c07b600 unknown :-1 s=STATE_NONE l=0).mark_down
2024-09-13T17:54:09.823 INFO:teuthology.orchestra.run.smithi027.stdout:/usr/bin/ceph: stderr
2024-09-13T17:54:08.980+0000 7f1592e00640 1 -- 172.21.15.27:0/1815700783 shutdown_connections
2024-09-13T17:54:09.823 INFO:teuthology.orchestra.run.smithi027.stdout:/usr/bin/ceph: stderr
2024-09-13T17:54:08.980+0000 7f1592e00640 1 -- 172.21.15.27:0/1815700783 wait complete.
2024-09-13T17:54:09.823 INFO:teuthology.orchestra.run.smithi027.stdout:/usr/bin/ceph: stderr
2024-09-13T17:54:08.981+0000 7f1592e00640 1 Processor -- start
2024-09-13T17:54:09.823 INFO:teuthology.orchestra.run.smithi027.stdout:/usr/bin/ceph: stderr
2024-09-13T17:54:08.981+0000 7f1592e00640 1 -- start start
2024-09-13T17:54:09.824 INFO:teuthology.orchestra.run.smithi027.stdout:/usr/bin/ceph: stderr
2024-09-13T17:54:08.981+0000 7f1592e00640 1 --2- >> [v2:172.21.15.27:3300/0,v1:172.21.15.27:6789/0] conn(0x7f158c107c10 0x7f158c19b990 unknown :-1 s=NONE pgs=0 cs=0 l=1 rev1=0 crypto rx=0 tx=0 comp rx=0 tx=0).connect
2024-09-13T17:54:09.824 INFO:teuthology.orchestra.run.smithi027.stdout:/usr/bin/ceph: stderr
2024-09-13T17:54:08.981+0000 7f1592e00640 1 -- --> [v2:172.21.15.27:3300/0,v1:172.21.15.27:6789/0] -- mon_getmap magic: 0 v1 -- 0x7f158c19bed0 con 0x7f158c107c10
2024-09-13T17:54:09.824 INFO:teuthology.orchestra.run.smithi027.stdout:/usr/bin/ceph: stderr
2024-09-13T17:54:08.981+0000 7f158be00640 1 --2- >> [v2:172.21.15.27:3300/0,v1:172.21.15.27:6789/0] conn(0x7f158c107c10 0x7f158c19b990 unknown :-1 s=BANNER_CONNECTING pgs=0 cs=0 l=1 rev1=0 crypto rx=0 tx=0 comp rx=0 tx=0)._handle_peer_banner_payload supported=3 required=0
2024-09-13T17:54:09.824 INFO:teuthology.orchestra.run.smithi027.stdout:/usr/bin/ceph: stderr
2024-09-13T17:54:08.981+0000 7f158be00640 1 --2- >> [v2:172.21.15.27:3300/0,v1:172.21.15.27:6789/0] conn(0x7f158c107c10 0x7f158c19b990 unknown :-1 s=HELLO_CONNECTING pgs=0 cs=0 l=1 rev1=1 crypto rx=0 tx=0 comp rx=0 tx=0).handle_hello peer v2:172.21.15.27:3300/0 says I am v2:172.21.15.27:52584/0 (socket says 172.21.15.27:52584)
2024-09-13T17:54:09.824 INFO:teuthology.orchestra.run.smithi027.stdout:/usr/bin/ceph: stderr
2024-09-13T17:54:08.981+0000 7f158be00640 1 -- 172.21.15.27:0/3419730031 learned_addr learned my addr 172.21.15.27:0/3419730031 (peer_addr_for_me v2:172.21.15.27:0/0)
2024-09-13T17:54:09.824 INFO:teuthology.orchestra.run.smithi027.stdout:/usr/bin/ceph: stderr
2024-09-13T17:54:08.982+0000 7f158be00640 1 -- 172.21.15.27:0/3419730031 --> [v2:172.21.15.27:3300/0,v1:172.21.15.27:6789/0] -- mon_subscribe({config=0+,monmap=0+}) v3 -- 0x7f157c0094d0 con 0x7f158c107c10
2024-09-13T17:54:09.824 INFO:teuthology.orchestra.run.smithi027.stdout:/usr/bin/ceph: stderr
2024-09-13T17:54:08.982+0000 7f158be00640 1 --2- 172.21.15.27:0/3419730031 >> [v2:172.21.15.27:3300/0,v1:172.21.15.27:6789/0] conn(0x7f158c107c10 0x7f158c19b990 secure :-1 s=READY pgs=36 cs=0 l=1 rev1=1 crypto rx=0x7f157c02a790 tx=0x7f157c032670 comp rx=0 tx=0).ready entity=mon.0 client_cookie=0 server_cookie=0 in_seq=0 out_seq=0
2024-09-13T17:54:09.824 INFO:teuthology.orchestra.run.smithi027.stdout:/usr/bin/ceph: stderr
2024-09-13T17:54:08.982+0000 7f1588c00640 1 -- 172.21.15.27:0/3419730031 <== mon.0 v2:172.21.15.27:3300/0 1 ==== mon_map magic: 0 v1 ==== 205+0+0 (secure 0 0 0) 0x7f157c032db0 con 0x7f158c107c10
2024-09-13T17:54:09.824 INFO:teuthology.orchestra.run.smithi027.stdout:/usr/bin/ceph: stderr
2024-09-13T17:54:08.982+0000 7f1588c00640 1 -- 172.21.15.27:0/3419730031 <== mon.0 v2:172.21.15.27:3300/0 2 ==== config(27 keys) v1 ==== 1108+0+0 (secure 0 0 0) 0x7f157c03b8f0 con 0x7f158c107c10
2024-09-13T17:54:09.824 INFO:teuthology.orchestra.run.smithi027.stdout:/usr/bin/ceph: stderr
2024-09-13T17:54:08.982+0000 7f1588c00640 1 -- 172.21.15.27:0/3419730031 <== mon.0 v2:172.21.15.27:3300/0 3 ==== mon_map magic: 0 v1 ==== 205+0+0 (secure 0 0 0) 0x7f157c03a6f0 con 0x7f158c107c10
2024-09-13T17:54:09.824 INFO:teuthology.orchestra.run.smithi027.stdout:/usr/bin/ceph: stderr
2024-09-13T17:54:08.982+0000 7f1592e00640 1 -- 172.21.15.27:0/3419730031 --> [v2:172.21.15.27:3300/0,v1:172.21.15.27:6789/0] -- mon_subscribe({mgrmap=0+}) v3 -- 0x7f158c19c0d0 con 0x7f158c107c10
2024-09-13T17:54:09.824 INFO:teuthology.orchestra.run.smithi027.stdout:/usr/bin/ceph: stderr
2024-09-13T17:54:08.982+0000 7f1592e00640 1 -- 172.21.15.27:0/3419730031 --> [v2:172.21.15.27:3300/0,v1:172.21.15.27:6789/0] -- mon_subscribe({osdmap=0}) v3 -- 0x7f158c19c570 con 0x7f158c107c10
2024-09-13T17:54:09.825 INFO:teuthology.orchestra.run.smithi027.stdout:/usr/bin/ceph: stderr
2024-09-13T17:54:08.983+0000 7f1592e00640 1 -- 172.21.15.27:0/3419730031 --> [v2:172.21.15.27:3300/0,v1:172.21.15.27:6789/0] -- mon_command({"prefix": "get_command_descriptions"} v 0) v1 -- 0x7f158c10bfa0 con 0x7f158c107c10
2024-09-13T17:54:09.825 INFO:teuthology.orchestra.run.smithi027.stdout:/usr/bin/ceph: stderr
2024-09-13T17:54:08.984+0000 7f1588c00640 1 -- 172.21.15.27:0/3419730031 <== mon.0 v2:172.21.15.27:3300/0 4 ==== mgrmap(e 8) v1 ==== 45541+0+0 (secure 0 0 0) 0x7f157c039040 con 0x7f158c107c10
2024-09-13T17:54:09.825 INFO:teuthology.orchestra.run.smithi027.stdout:/usr/bin/ceph: stderr
2024-09-13T17:54:08.984+0000 7f1588c00640 1 --2- 172.21.15.27:0/3419730031 >> [v2:172.21.15.27:6800/1083878216,v1:172.21.15.27:6801/1083878216] conn(0x7f1570038670 0x7f157003ab30 unknown :-1 s=NONE pgs=0 cs=0 l=1 rev1=0 crypto rx=0 tx=0 comp rx=0 tx=0).connect
2024-09-13T17:54:09.825 INFO:teuthology.orchestra.run.smithi027.stdout:/usr/bin/ceph: stderr
2024-09-13T17:54:08.984+0000 7f1588c00640 1 -- 172.21.15.27:0/3419730031 <== mon.0 v2:172.21.15.27:3300/0 5 ==== osd_map(2..2 src has 1..2) v4 ==== 940+0+0 (secure 0 0 0) 0x7f157c06b940 con 0x7f158c107c10
2024-09-13T17:54:09.825 INFO:teuthology.orchestra.run.smithi027.stdout:/usr/bin/ceph: stderr
2024-09-13T17:54:08.984+0000 7f158b400640 1 --2- 172.21.15.27:0/3419730031 >> [v2:172.21.15.27:6800/1083878216,v1:172.21.15.27:6801/1083878216] conn(0x7f1570038670 0x7f157003ab30 unknown :-1 s=BANNER_CONNECTING pgs=0 cs=0 l=1 rev1=0 crypto rx=0 tx=0 comp rx=0 tx=0)._handle_peer_banner_payload supported=3 required=0
2024-09-13T17:54:09.825 INFO:teuthology.orchestra.run.smithi027.stdout:/usr/bin/ceph: stderr
2024-09-13T17:54:08.985+0000 7f158b400640 1 --2- 172.21.15.27:0/3419730031 >> [v2:172.21.15.27:6800/1083878216,v1:172.21.15.27:6801/1083878216] conn(0x7f1570038670 0x7f157003ab30 secure :-1 s=READY pgs=7 cs=0 l=1 rev1=1 crypto rx=0x7f15780098c0 tx=0x7f1578006db0 comp rx=0 tx=0).ready entity=mgr.14118 client_cookie=0 server_cookie=0 in_seq=0 out_seq=0
2024-09-13T17:54:09.825 INFO:teuthology.orchestra.run.smithi027.stdout:/usr/bin/ceph: stderr
2024-09-13T17:54:08.989+0000 7f1588c00640 1 -- 172.21.15.27:0/3419730031 <== mon.0 v2:172.21.15.27:3300/0 6 ==== mon_command_ack([{"prefix": "get_command_descriptions"}]=0 v0) v1 ==== 72+0+183819 (secure 0 0 0) 0x7f157c031580 con 0x7f158c107c10
2024-09-13T17:54:09.825 INFO:teuthology.orchestra.run.smithi027.stdout:/usr/bin/ceph: stderr
2024-09-13T17:54:09.186+0000 7f1592e00640 1 -- 172.21.15.27:0/3419730031 --> [v2:172.21.15.27:6800/1083878216,v1:172.21.15.27:6801/1083878216] -- mgr_command(tid 0: {"prefix": "orch set backend", "module_name": "cephadm", "target": ["mon-mgr", ""]}) v1 -- 0x7f158c105dd0 con 0x7f1570038670
2024-09-13T17:54:09.825 INFO:teuthology.orchestra.run.smithi027.stdout:/usr/bin/ceph: stderr
2024-09-13T17:54:09.198+0000 7f1588c00640 1 -- 172.21.15.27:0/3419730031 <== mgr.14118 v2:172.21.15.27:6800/1083878216 1 ==== mgr_command_reply(tid 0: 0 ) v1 ==== 8+0+0 (secure 0 0 0) 0x7f158c105dd0 con 0x7f1570038670
2024-09-13T17:54:09.825 INFO:teuthology.orchestra.run.smithi027.stdout:/usr/bin/ceph: stderr
2024-09-13T17:54:09.200+0000 7f1592e00640 1 -- 172.21.15.27:0/3419730031 >> [v2:172.21.15.27:6800/1083878216,v1:172.21.15.27:6801/1083878216] conn(0x7f1570038670 msgr2=0x7f157003ab30 secure :-1 s=STATE_CONNECTION_ESTABLISHED l=1).mark_down
2024-09-13T17:54:09.825 INFO:teuthology.orchestra.run.smithi027.stdout:/usr/bin/ceph: stderr
2024-09-13T17:54:09.200+0000 7f1592e00640 1 --2- 172.21.15.27:0/3419730031 >> [v2:172.21.15.27:6800/1083878216,v1:172.21.15.27:6801/1083878216] conn(0x7f1570038670 0x7f157003ab30 secure :-1 s=READY pgs=7 cs=0 l=1 rev1=1 crypto rx=0x7f15780098c0 tx=0x7f1578006db0 comp rx=0 tx=0).stop
2024-09-13T17:54:09.825 INFO:teuthology.orchestra.run.smithi027.stdout:/usr/bin/ceph: stderr
2024-09-13T17:54:09.200+0000 7f1592e00640 1 -- 172.21.15.27:0/3419730031 >> [v2:172.21.15.27:3300/0,v1:172.21.15.27:6789/0] conn(0x7f158c107c10 msgr2=0x7f158c19b990 secure :-1 s=STATE_CONNECTION_ESTABLISHED l=1).mark_down
2024-09-13T17:54:09.825 INFO:teuthology.orchestra.run.smithi027.stdout:/usr/bin/ceph: stderr
2024-09-13T17:54:09.200+0000 7f1592e00640 1 --2- 172.21.15.27:0/3419730031 >> [v2:172.21.15.27:3300/0,v1:172.21.15.27:6789/0] conn(0x7f158c107c10 0x7f158c19b990 secure :-1 s=READY pgs=36 cs=0 l=1 rev1=1 crypto rx=0x7f157c02a790 tx=0x7f157c032670 comp rx=0 tx=0).stop
2024-09-13T17:54:09.826 INFO:teuthology.orchestra.run.smithi027.stdout:/usr/bin/ceph: stderr
2024-09-13T17:54:09.200+0000 7f1592e00640 1 -- 172.21.15.27:0/3419730031 shutdown_connections
2024-09-13T17:54:09.826 INFO:teuthology.orchestra.run.smithi027.stdout:/usr/bin/ceph: stderr
2024-09-13T17:54:09.200+0000 7f1592e00640 1 --2- 172.21.15.27:0/3419730031 >> [v2:172.21.15.27:6800/1083878216,v1:172.21.15.27:6801/1083878216] conn(0x7f1570038670 0x7f157003ab30 unknown :-1 s=CLOSED pgs=7 cs=0 l=1 rev1=1 crypto rx=0 tx=0 comp rx=0 tx=0).stop
2024-09-13T17:54:09.826 INFO:teuthology.orchestra.run.smithi027.stdout:/usr/bin/ceph: stderr
2024-09-13T17:54:09.200+0000 7f1592e00640 1 --2- 172.21.15.27:0/3419730031 >> [v2:172.21.15.27:3300/0,v1:172.21.15.27:6789/0] conn(0x7f158c107c10 0x7f158c19b990 unknown :-1 s=CLOSED pgs=36 cs=0 l=1 rev1=1 crypto rx=0 tx=0 comp rx=0 tx=0).stop
2024-09-13T17:54:09.826 INFO:teuthology.orchestra.run.smithi027.stdout:/usr/bin/ceph: stderr
2024-09-13T17:54:09.200+0000 7f1592e00640 1 -- 172.21.15.27:0/3419730031 >> 172.21.15.27:0/3419730031 conn(0x7f158c07b1f0 msgr2=0x7f158c1056c0 unknown :-1 s=STATE_NONE l=0).mark_down
2024-09-13T17:54:09.826 INFO:teuthology.orchestra.run.smithi027.stdout:/usr/bin/ceph: stderr
2024-09-13T17:54:09.200+0000 7f1592e00640 1 -- 172.21.15.27:0/3419730031 shutdown_connections
2024-09-13T17:54:09.826 INFO:teuthology.orchestra.run.smithi027.stdout:/usr/bin/ceph: stderr
2024-09-13T17:54:09.200+0000 7f1592e00640 1 -- 172.21.15.27:0/3419730031 wait complete.
2024-09-13T17:54:10.121 INFO:journalctl@ceph.mon.a.smithi027.stdout:Sep 13 17:54:09 smithi027 ceph-mon[30611]: mgrmap e8: x(active, since 2s)
2024-09-13T17:54:10.121 INFO:journalctl@ceph.mon.a.smithi027.stdout:Sep 13 17:54:09 smithi027 ceph-mon[30611]: from='client.14130 -' entity='client.admin' cmd=[{"prefix": "orch set backend", "module_name": "cephadm", "target": ["mon-mgr", ""]}]: dispatch
2024-09-13T17:54:10.121 INFO:journalctl@ceph.mon.a.smithi027.stdout:Sep 13 17:54:09 smithi027 ceph-mon[30611]: from='mgr.14118 172.21.15.27:0/1969861111' entity='mgr.x'
2024-09-13T17:54:10.121 INFO:journalctl@ceph.mon.a.smithi027.stdout:Sep 13 17:54:09 smithi027 ceph-mon[30611]: from='mgr.14118 172.21.15.27:0/1969861111' entity='mgr.x' cmd=[{"prefix": "config dump", "format": "json"}]: dispatch
2024-09-13T17:54:10.121 INFO:journalctl@ceph.mgr.x.smithi027.stdout:Sep 13 17:54:09 smithi027 ceph-f5527e2e-71f8-11ef-bceb-c7b262605968-mgr-x[30836]:
2024-09-13T17:54:09.965+0000 7f2c49600640 -1 log_channel(cephadm) log [ERR] : [13/Sep/2024:17:54:09] ENGINE Error in HTTPServer.serve
2024-09-13T17:54:10.122 INFO:journalctl@ceph.mgr.x.smithi027.stdout:Sep 13 17:54:09 smithi027 ceph-f5527e2e-71f8-11ef-bceb-c7b262605968-mgr-x[30836]: Traceback (most recent call last):
2024-09-13T17:54:10.122 INFO:journalctl@ceph.mgr.x.smithi027.stdout:Sep 13 17:54:09 smithi027 ceph-f5527e2e-71f8-11ef-bceb-c7b262605968-mgr-x[30836]: File "/lib/python3.9/site-packages/cheroot/server.py", line 1823, in serve
2024-09-13T17:54:10.122 INFO:journalctl@ceph.mgr.x.smithi027.stdout:Sep 13 17:54:09 smithi027 ceph-f5527e2e-71f8-11ef-bceb-c7b262605968-mgr-x[30836]: self._connections.run(self.expiration_interval)
2024-09-13T17:54:10.122 INFO:journalctl@ceph.mgr.x.smithi027.stdout:Sep 13 17:54:09 smithi027 ceph-f5527e2e-71f8-11ef-bceb-c7b262605968-mgr-x[30836]: File "/lib/python3.9/site-packages/cheroot/connections.py", line 203, in run
2024-09-13T17:54:10.122 INFO:journalctl@ceph.mgr.x.smithi027.stdout:Sep 13 17:54:09 smithi027 ceph-f5527e2e-71f8-11ef-bceb-c7b262605968-mgr-x[30836]: self._run(expiration_interval)
2024-09-13T17:54:10.122 INFO:journalctl@ceph.mgr.x.smithi027.stdout:Sep 13 17:54:09 smithi027 ceph-f5527e2e-71f8-11ef-bceb-c7b262605968-mgr-x[30836]: File "/lib/python3.9/site-packages/cheroot/connections.py", line 246, in _run
2024-09-13T17:54:10.122 INFO:journalctl@ceph.mgr.x.smithi027.stdout:Sep 13 17:54:09 smithi027 ceph-f5527e2e-71f8-11ef-bceb-c7b262605968-mgr-x[30836]: new_conn = self._from_server_socket(self.server.socket)
2024-09-13T17:54:10.122 INFO:journalctl@ceph.mgr.x.smithi027.stdout:Sep 13 17:54:09 smithi027 ceph-f5527e2e-71f8-11ef-bceb-c7b262605968-mgr-x[30836]: File "/lib/python3.9/site-packages/cheroot/connections.py", line 300, in _from_server_socket
2024-09-13T17:54:10.122 INFO:journalctl@ceph.mgr.x.smithi027.stdout:Sep 13 17:54:09 smithi027 ceph-f5527e2e-71f8-11ef-bceb-c7b262605968-mgr-x[30836]: s, ssl_env = self.server.ssl_adapter.wrap(s)
2024-09-13T17:54:10.122 INFO:journalctl@ceph.mgr.x.smithi027.stdout:Sep 13 17:54:09 smithi027 ceph-f5527e2e-71f8-11ef-bceb-c7b262605968-mgr-x[30836]: File "/lib/python3.9/site-packages/cheroot/ssl/builtin.py", line 277, in wrap
2024-09-13T17:54:10.122 INFO:journalctl@ceph.mgr.x.smithi027.stdout:Sep 13 17:54:09 smithi027 ceph-f5527e2e-71f8-11ef-bceb-c7b262605968-mgr-x[30836]: s = self.context.wrap_socket(
2024-09-13T17:54:10.122 INFO:journalctl@ceph.mgr.x.smithi027.stdout:Sep 13 17:54:09 smithi027 ceph-f5527e2e-71f8-11ef-bceb-c7b262605968-mgr-x[30836]: File "/lib64/python3.9/ssl.py", line 501, in wrap_socket
2024-09-13T17:54:10.122 INFO:journalctl@ceph.mgr.x.smithi027.stdout:Sep 13 17:54:09 smithi027 ceph-f5527e2e-71f8-11ef-bceb-c7b262605968-mgr-x[30836]: return self.sslsocket_class._create(
2024-09-13T17:54:10.122 INFO:journalctl@ceph.mgr.x.smithi027.stdout:Sep 13 17:54:09 smithi027 ceph-f5527e2e-71f8-11ef-bceb-c7b262605968-mgr-x[30836]: File "/lib64/python3.9/ssl.py", line 1074, in _create
2024-09-13T17:54:10.123 INFO:journalctl@ceph.mgr.x.smithi027.stdout:Sep 13 17:54:09 smithi027 ceph-f5527e2e-71f8-11ef-bceb-c7b262605968-mgr-x[30836]: self.do_handshake()
2024-09-13T17:54:10.123 INFO:journalctl@ceph.mgr.x.smithi027.stdout:Sep 13 17:54:09 smithi027 ceph-f5527e2e-71f8-11ef-bceb-c7b262605968-mgr-x[30836]: File "/lib64/python3.9/ssl.py", line 1343, in do_handshake
2024-09-13T17:54:10.123 INFO:journalctl@ceph.mgr.x.smithi027.stdout:Sep 13 17:54:09 smithi027 ceph-f5527e2e-71f8-11ef-bceb-c7b262605968-mgr-x[30836]: self._sslobj.do_handshake()
2024-09-13T17:54:10.123 INFO:journalctl@ceph.mgr.x.smithi027.stdout:Sep 13 17:54:09 smithi027 ceph-f5527e2e-71f8-11ef-bceb-c7b262605968-mgr-x[30836]: ssl.SSLZeroReturnError: TLS/SSL connection has been closed (EOF) (_ssl.c:1133)
2024-09-13T17:54:10.123 INFO:journalctl@ceph.mgr.x.smithi027.stdout:Sep 13 17:54:09 smithi027 ceph-f5527e2e-71f8-11ef-bceb-c7b262605968-mgr-x[30836]:
2024-09-13T17:54:11.226 INFO:journalctl@ceph.mon.a.smithi027.stdout:Sep 13 17:54:10 smithi027 ceph-mon[30611]: [13/Sep/2024:17:54:09] ENGINE Bus STARTING
2024-09-13T17:54:11.227 INFO:journalctl@ceph.mon.a.smithi027.stdout:Sep 13 17:54:10 smithi027 ceph-mon[30611]: [13/Sep/2024:17:54:09] ENGINE Serving on https://172.21.15.27:7150
2024-09-13T17:54:11.227 INFO:journalctl@ceph.mon.a.smithi027.stdout:Sep 13 17:54:10 smithi027 ceph-mon[30611]: [13/Sep/2024:17:54:09] ENGINE Error in HTTPServer.serve
2024-09-13T17:54:11.227 INFO:journalctl@ceph.mon.a.smithi027.stdout: Traceback (most recent call last):
2024-09-13T17:54:11.227 INFO:journalctl@ceph.mon.a.smithi027.stdout: File "/lib/python3.9/site-packages/cheroot/server.py", line 1823, in serve
2024-09-13T17:54:11.227 INFO:journalctl@ceph.mon.a.smithi027.stdout: self._connections.run(self.expiration_interval)
2024-09-13T17:54:11.227 INFO:journalctl@ceph.mon.a.smithi027.stdout: File "/lib/python3.9/site-packages/cheroot/connections.py", line 203, in run
2024-09-13T17:54:11.227 INFO:journalctl@ceph.mon.a.smithi027.stdout: self._run(expiration_interval)
2024-09-13T17:54:11.227 INFO:journalctl@ceph.mon.a.smithi027.stdout: File "/lib/python3.9/site-packages/cheroot/connections.py", line 246, in _run
2024-09-13T17:54:11.227 INFO:journalctl@ceph.mon.a.smithi027.stdout: new_conn = self._from_server_socket(self.server.socket)
2024-09-13T17:54:11.227 INFO:journalctl@ceph.mon.a.smithi027.stdout: File "/lib/python3.9/site-packages/cheroot/connections.py", line 300, in _from_server_socket
2024-09-13T17:54:11.227 INFO:journalctl@ceph.mon.a.smithi027.stdout: s, ssl_env = self.server.ssl_adapter.wrap(s)
2024-09-13T17:54:11.227 INFO:journalctl@ceph.mon.a.smithi027.stdout: File "/lib/python3.9/site-packages/cheroot/ssl/builtin.py", line 277, in wrap
2024-09-13T17:54:11.227 INFO:journalctl@ceph.mon.a.smithi027.stdout: s = self.context.wrap_socket(
2024-09-13T17:54:11.228 INFO:journalctl@ceph.mon.a.smithi027.stdout: File "/lib64/python3.9/ssl.py", line 501, in wrap_socket
2024-09-13T17:54:11.228 INFO:journalctl@ceph.mon.a.smithi027.stdout: return self.sslsocket_class._create(
2024-09-13T17:54:11.228 INFO:journalctl@ceph.mon.a.smithi027.stdout: File "/lib64/python3.9/ssl.py", line 1074, in _create
2024-09-13T17:54:11.228 INFO:journalctl@ceph.mon.a.smithi027.stdout: self.do_handshake()
2024-09-13T17:54:11.228 INFO:journalctl@ceph.mon.a.smithi027.stdout: File "/lib64/python3.9/ssl.py", line 1343, in do_handshake
2024-09-13T17:54:11.228 INFO:journalctl@ceph.mon.a.smithi027.stdout: self._sslobj.do_handshake()
2024-09-13T17:54:11.228 INFO:journalctl@ceph.mon.a.smithi027.stdout: ssl.SSLZeroReturnError: TLS/SSL connection has been closed (EOF) (_ssl.c:1133)
2024-09-13T17:54:11.228 INFO:journalctl@ceph.mon.a.smithi027.stdout:Sep 13 17:54:10 smithi027 ceph-mon[30611]: [13/Sep/2024:17:54:10] ENGINE Serving on http://172.21.15.27:8765
2024-09-13T17:54:11.228 INFO:journalctl@ceph.mon.a.smithi027.stdout:Sep 13 17:54:10 smithi027 ceph-mon[30611]: [13/Sep/2024:17:54:10] ENGINE Bus STARTED
2024-09-13T17:54:11.228 INFO:journalctl@ceph.mon.a.smithi027.stdout:Sep 13 17:54:10 smithi027 ceph-mon[30611]: from='mgr.14118 172.21.15.27:0/1969861111' entity='mgr.x' cmd=[{"prefix": "config dump", "format": "json"}]: dispatch
2024-09-13T17:54:11.229 INFO:journalctl@ceph.mon.a.smithi027.stdout:Sep 13 17:54:10 smithi027 ceph-mon[30611]: from='client.14132 -' entity='client.admin' cmd=[{"prefix": "cephadm set-user", "user": "root", "target": ["mon-mgr", ""]}]: dispatch
2024-09-13T17:54:11.237 INFO:teuthology.orchestra.run.smithi027.stdout:/usr/bin/ceph: stdout value unchanged
2024-09-13T17:54:11.237 INFO:teuthology.orchestra.run.smithi027.stdout:/usr/bin/ceph: stderr
2024-09-13T17:54:10.398+0000 7f2100200640 1 Processor -- start
2024-09-13T17:54:11.237 INFO:teuthology.orchestra.run.smithi027.stdout:/usr/bin/ceph: stderr
2024-09-13T17:54:10.398+0000 7f2100200640 1 -- start start
2024-09-13T17:54:11.238 INFO:teuthology.orchestra.run.smithi027.stdout:/usr/bin/ceph: stderr
2024-09-13T17:54:10.398+0000 7f2100200640 1 --2- >> [v2:172.21.15.27:3300/0,v1:172.21.15.27:6789/0] conn(0x7f20f8107c10 0x7f20f8108010 unknown :-1 s=NONE pgs=0 cs=0 l=0 rev1=0 crypto rx=0 tx=0 comp rx=0 tx=0).connect
2024-09-13T17:54:11.238 INFO:teuthology.orchestra.run.smithi027.stdout:/usr/bin/ceph: stderr
2024-09-13T17:54:10.398+0000 7f2100200640 1 -- --> [v2:172.21.15.27:3300/0,v1:172.21.15.27:6789/0] -- mon_getmap magic: 0 v1 -- 0x7f20f81085e0 con 0x7f20f8107c10
2024-09-13T17:54:11.238 INFO:teuthology.orchestra.run.smithi027.stdout:/usr/bin/ceph: stderr
2024-09-13T17:54:10.399+0000 7f20fd800640 1 --2- >> [v2:172.21.15.27:3300/0,v1:172.21.15.27:6789/0] conn(0x7f20f8107c10 0x7f20f8108010 unknown :-1 s=BANNER_CONNECTING pgs=0 cs=0 l=0 rev1=0 crypto rx=0 tx=0 comp rx=0 tx=0)._handle_peer_banner_payload supported=3 required=0
2024-09-13T17:54:11.238 INFO:teuthology.orchestra.run.smithi027.stdout:/usr/bin/ceph: stderr
2024-09-13T17:54:10.399+0000 7f20fd800640 1 --2- >> [v2:172.21.15.27:3300/0,v1:172.21.15.27:6789/0] conn(0x7f20f8107c10 0x7f20f8108010 unknown :-1 s=HELLO_CONNECTING pgs=0 cs=0 l=0 rev1=1 crypto rx=0 tx=0 comp rx=0 tx=0).handle_hello peer v2:172.21.15.27:3300/0 says I am v2:172.21.15.27:47440/0 (socket says 172.21.15.27:47440)
2024-09-13T17:54:11.238 INFO:teuthology.orchestra.run.smithi027.stdout:/usr/bin/ceph: stderr
2024-09-13T17:54:10.399+0000 7f20fd800640 1 -- 172.21.15.27:0/166361175 learned_addr learned my addr 172.21.15.27:0/166361175 (peer_addr_for_me v2:172.21.15.27:0/0)
2024-09-13T17:54:11.238 INFO:teuthology.orchestra.run.smithi027.stdout:/usr/bin/ceph: stderr
2024-09-13T17:54:10.399+0000 7f20fd800640 1 -- 172.21.15.27:0/166361175 --> [v2:172.21.15.27:3300/0,v1:172.21.15.27:6789/0] -- mon_subscribe({config=0+,monmap=0+}) v3 -- 0x7f20f8108d70 con 0x7f20f8107c10
2024-09-13T17:54:11.238 INFO:teuthology.orchestra.run.smithi027.stdout:/usr/bin/ceph: stderr
2024-09-13T17:54:10.400+0000 7f20fd800640 1 --2- 172.21.15.27:0/166361175 >> [v2:172.21.15.27:3300/0,v1:172.21.15.27:6789/0] conn(0x7f20f8107c10 0x7f20f8108010 secure :-1 s=READY pgs=37 cs=0 l=1 rev1=1 crypto rx=0x7f20ec009820 tx=0x7f20ec02a270 comp rx=0 tx=0).ready entity=mon.0 client_cookie=c9741511a2596ab0 server_cookie=0 in_seq=0 out_seq=0
2024-09-13T17:54:11.238 INFO:teuthology.orchestra.run.smithi027.stdout:/usr/bin/ceph: stderr
2024-09-13T17:54:10.401+0000 7f20f7e00640 1 -- 172.21.15.27:0/166361175 <== mon.0 v2:172.21.15.27:3300/0 1 ==== mon_map magic: 0 v1 ==== 205+0+0 (secure 0 0 0) 0x7f20ec02ae70 con 0x7f20f8107c10
2024-09-13T17:54:11.238 INFO:teuthology.orchestra.run.smithi027.stdout:/usr/bin/ceph: stderr
2024-09-13T17:54:10.401+0000 7f20f7e00640 1 -- 172.21.15.27:0/166361175 <== mon.0 v2:172.21.15.27:3300/0 2 ==== config(27 keys) v1 ==== 1108+0+0 (secure 0 0 0) 0x7f20ec032900 con 0x7f20f8107c10
2024-09-13T17:54:11.238 INFO:teuthology.orchestra.run.smithi027.stdout:/usr/bin/ceph: stderr
2024-09-13T17:54:10.401+0000 7f20f7e00640 1 -- 172.21.15.27:0/166361175 <== mon.0 v2:172.21.15.27:3300/0 3 ==== mon_map magic: 0 v1 ==== 205+0+0 (secure 0 0 0) 0x7f20ec0309d0 con 0x7f20f8107c10
2024-09-13T17:54:11.238 INFO:teuthology.orchestra.run.smithi027.stdout:/usr/bin/ceph: stderr
2024-09-13T17:54:10.401+0000 7f2100200640 1 -- 172.21.15.27:0/166361175 >> [v2:172.21.15.27:3300/0,v1:172.21.15.27:6789/0] conn(0x7f20f8107c10 msgr2=0x7f20f8108010 secure :-1 s=STATE_CONNECTION_ESTABLISHED l=1).mark_down
2024-09-13T17:54:11.238 INFO:teuthology.orchestra.run.smithi027.stdout:/usr/bin/ceph: stderr
2024-09-13T17:54:10.401+0000 7f2100200640 1 --2- 172.21.15.27:0/166361175 >> [v2:172.21.15.27:3300/0,v1:172.21.15.27:6789/0] conn(0x7f20f8107c10 0x7f20f8108010 secure :-1 s=READY pgs=37 cs=0 l=1 rev1=1 crypto rx=0x7f20ec009820 tx=0x7f20ec02a270 comp rx=0 tx=0).stop
2024-09-13T17:54:11.238 INFO:teuthology.orchestra.run.smithi027.stdout:/usr/bin/ceph: stderr
2024-09-13T17:54:10.401+0000 7f2100200640 1 -- 172.21.15.27:0/166361175 shutdown_connections
2024-09-13T17:54:11.239 INFO:teuthology.orchestra.run.smithi027.stdout:/usr/bin/ceph: stderr
2024-09-13T17:54:10.401+0000 7f2100200640 1 --2- 172.21.15.27:0/166361175 >> [v2:172.21.15.27:3300/0,v1:172.21.15.27:6789/0] conn(0x7f20f8107c10 0x7f20f8108010 unknown :-1 s=CLOSED pgs=37 cs=0 l=1 rev1=1 crypto rx=0 tx=0 comp rx=0 tx=0).stop
2024-09-13T17:54:11.239 INFO:teuthology.orchestra.run.smithi027.stdout:/usr/bin/ceph: stderr
2024-09-13T17:54:10.401+0000 7f2100200640 1 -- 172.21.15.27:0/166361175 >> 172.21.15.27:0/166361175 conn(0x7f20f807b1f0 msgr2=0x7f20f807b600 unknown :-1 s=STATE_NONE l=0).mark_down
2024-09-13T17:54:11.239 INFO:teuthology.orchestra.run.smithi027.stdout:/usr/bin/ceph: stderr
2024-09-13T17:54:10.401+0000 7f2100200640 1 -- 172.21.15.27:0/166361175 shutdown_connections
2024-09-13T17:54:11.239 INFO:teuthology.orchestra.run.smithi027.stdout:/usr/bin/ceph: stderr
2024-09-13T17:54:10.401+0000 7f2100200640 1 -- 172.21.15.27:0/166361175 wait complete.
2024-09-13T17:54:11.239 INFO:teuthology.orchestra.run.smithi027.stdout:/usr/bin/ceph: stderr
2024-09-13T17:54:10.402+0000 7f2100200640 1 Processor -- start
2024-09-13T17:54:11.239 INFO:teuthology.orchestra.run.smithi027.stdout:/usr/bin/ceph: stderr
2024-09-13T17:54:10.403+0000 7f2100200640 1 -- start start
2024-09-13T17:54:11.239 INFO:teuthology.orchestra.run.smithi027.stdout:/usr/bin/ceph: stderr
2024-09-13T17:54:10.403+0000 7f2100200640 1 --2- >> [v2:172.21.15.27:3300/0,v1:172.21.15.27:6789/0] conn(0x7f20f8107c10 0x7f20f819ba20 unknown :-1 s=NONE pgs=0 cs=0 l=1 rev1=0 crypto rx=0 tx=0 comp rx=0 tx=0).connect
2024-09-13T17:54:11.239 INFO:teuthology.orchestra.run.smithi027.stdout:/usr/bin/ceph: stderr
2024-09-13T17:54:10.403+0000 7f2100200640 1 -- --> [v2:172.21.15.27:3300/0,v1:172.21.15.27:6789/0] -- mon_getmap magic: 0 v1 -- 0x7f20f819bf60 con 0x7f20f8107c10
2024-09-13T17:54:11.239 INFO:teuthology.orchestra.run.smithi027.stdout:/usr/bin/ceph: stderr
2024-09-13T17:54:10.403+0000 7f20fd800640 1 --2- >> [v2:172.21.15.27:3300/0,v1:172.21.15.27:6789/0] conn(0x7f20f8107c10 0x7f20f819ba20 unknown :-1 s=BANNER_CONNECTING pgs=0 cs=0 l=1 rev1=0 crypto rx=0 tx=0 comp rx=0 tx=0)._handle_peer_banner_payload supported=3 required=0
2024-09-13T17:54:11.239 INFO:teuthology.orchestra.run.smithi027.stdout:/usr/bin/ceph: stderr
2024-09-13T17:54:10.403+0000 7f20fd800640 1 --2- >> [v2:172.21.15.27:3300/0,v1:172.21.15.27:6789/0] conn(0x7f20f8107c10 0x7f20f819ba20 unknown :-1 s=HELLO_CONNECTING pgs=0 cs=0 l=1 rev1=1 crypto rx=0 tx=0 comp rx=0 tx=0).handle_hello peer v2:172.21.15.27:3300/0 says I am v2:172.21.15.27:47450/0 (socket says 172.21.15.27:47450)
2024-09-13T17:54:11.240 INFO:teuthology.orchestra.run.smithi027.stdout:/usr/bin/ceph: stderr
2024-09-13T17:54:10.403+0000 7f20fd800640 1 -- 172.21.15.27:0/2047746451 learned_addr learned my addr 172.21.15.27:0/2047746451 (peer_addr_for_me v2:172.21.15.27:0/0)
2024-09-13T17:54:11.240 INFO:teuthology.orchestra.run.smithi027.stdout:/usr/bin/ceph: stderr
2024-09-13T17:54:10.403+0000 7f20fd800640 1 -- 172.21.15.27:0/2047746451 --> [v2:172.21.15.27:3300/0,v1:172.21.15.27:6789/0] -- mon_subscribe({config=0+,monmap=0+}) v3 -- 0x7f20ec0094d0 con 0x7f20f8107c10
2024-09-13T17:54:11.240 INFO:teuthology.orchestra.run.smithi027.stdout:/usr/bin/ceph: stderr
2024-09-13T17:54:10.404+0000 7f20fd800640 1 --2- 172.21.15.27:0/2047746451 >> [v2:172.21.15.27:3300/0,v1:172.21.15.27:6789/0] conn(0x7f20f8107c10 0x7f20f819ba20 secure :-1 s=READY pgs=38 cs=0 l=1 rev1=1 crypto rx=0x7f20ec02a790 tx=0x7f20ec032670 comp rx=0 tx=0).ready entity=mon.0 client_cookie=0 server_cookie=0 in_seq=0 out_seq=0
2024-09-13T17:54:11.240 INFO:teuthology.orchestra.run.smithi027.stdout:/usr/bin/ceph: stderr
2024-09-13T17:54:10.404+0000 7f20f6000640 1 -- 172.21.15.27:0/2047746451 <== mon.0 v2:172.21.15.27:3300/0 1 ==== mon_map magic: 0 v1 ==== 205+0+0 (secure 0 0 0) 0x7f20ec032db0 con 0x7f20f8107c10
2024-09-13T17:54:11.240 INFO:teuthology.orchestra.run.smithi027.stdout:/usr/bin/ceph: stderr
2024-09-13T17:54:10.404+0000 7f20f6000640 1 -- 172.21.15.27:0/2047746451 <== mon.0 v2:172.21.15.27:3300/0 2 ==== config(27 keys) v1 ==== 1108+0+0 (secure 0 0 0) 0x7f20ec03b8f0 con 0x7f20f8107c10
2024-09-13T17:54:11.240 INFO:teuthology.orchestra.run.smithi027.stdout:/usr/bin/ceph: stderr
2024-09-13T17:54:10.404+0000 7f20f6000640 1 -- 172.21.15.27:0/2047746451 <== mon.0 v2:172.21.15.27:3300/0 3 ==== mon_map magic: 0 v1 ==== 205+0+0 (secure 0 0 0) 0x7f20ec03a6f0 con 0x7f20f8107c10
2024-09-13T17:54:11.240 INFO:teuthology.orchestra.run.smithi027.stdout:/usr/bin/ceph: stderr
2024-09-13T17:54:10.404+0000 7f2100200640 1 -- 172.21.15.27:0/2047746451 --> [v2:172.21.15.27:3300/0,v1:172.21.15.27:6789/0] -- mon_subscribe({mgrmap=0+}) v3 -- 0x7f20f819c160 con 0x7f20f8107c10
2024-09-13T17:54:11.240 INFO:teuthology.orchestra.run.smithi027.stdout:/usr/bin/ceph: stderr
2024-09-13T17:54:10.404+0000 7f2100200640 1 -- 172.21.15.27:0/2047746451 --> [v2:172.21.15.27:3300/0,v1:172.21.15.27:6789/0] -- mon_subscribe({osdmap=0}) v3 -- 0x7f20f819c600 con 0x7f20f8107c10
2024-09-13T17:54:11.240 INFO:teuthology.orchestra.run.smithi027.stdout:/usr/bin/ceph: stderr
2024-09-13T17:54:10.405+0000 7f20f6000640 1 -- 172.21.15.27:0/2047746451 <== mon.0 v2:172.21.15.27:3300/0 4 ==== mgrmap(e 8) v1 ==== 45541+0+0 (secure 0 0 0) 0x7f20ec039040 con 0x7f20f8107c10
2024-09-13T17:54:11.240 INFO:teuthology.orchestra.run.smithi027.stdout:/usr/bin/ceph: stderr
2024-09-13T17:54:10.405+0000 7f2100200640 1 -- 172.21.15.27:0/2047746451 --> [v2:172.21.15.27:3300/0,v1:172.21.15.27:6789/0] -- mon_command({"prefix": "get_command_descriptions"} v 0) v1 -- 0x7f20f810bfa0 con 0x7f20f8107c10
2024-09-13T17:54:11.240 INFO:teuthology.orchestra.run.smithi027.stdout:/usr/bin/ceph: stderr
2024-09-13T17:54:10.406+0000 7f20f6000640 1 --2- 172.21.15.27:0/2047746451 >> [v2:172.21.15.27:6800/1083878216,v1:172.21.15.27:6801/1083878216] conn(0x7f20e0038670 0x7f20e003ab30 unknown :-1 s=NONE pgs=0 cs=0 l=1 rev1=0 crypto rx=0 tx=0 comp rx=0 tx=0).connect
2024-09-13T17:54:11.241 INFO:teuthology.orchestra.run.smithi027.stdout:/usr/bin/ceph: stderr
2024-09-13T17:54:10.406+0000 7f20f6000640 1 -- 172.21.15.27:0/2047746451 <== mon.0 v2:172.21.15.27:3300/0 5 ==== osd_map(2..2 src has 1..2) v4 ==== 940+0+0 (secure 0 0 0) 0x7f20ec06b940 con 0x7f20f8107c10
2024-09-13T17:54:11.241 INFO:teuthology.orchestra.run.smithi027.stdout:/usr/bin/ceph: stderr
2024-09-13T17:54:10.406+0000 7f20fce00640 1 --2- 172.21.15.27:0/2047746451 >> [v2:172.21.15.27:6800/1083878216,v1:172.21.15.27:6801/1083878216] conn(0x7f20e0038670 0x7f20e003ab30 unknown :-1 s=BANNER_CONNECTING pgs=0 cs=0 l=1 rev1=0 crypto rx=0 tx=0 comp rx=0 tx=0)._handle_peer_banner_payload supported=3 required=0
2024-09-13T17:54:11.241 INFO:teuthology.orchestra.run.smithi027.stdout:/usr/bin/ceph: stderr
2024-09-13T17:54:10.407+0000 7f20fce00640 1 --2- 172.21.15.27:0/2047746451 >> [v2:172.21.15.27:6800/1083878216,v1:172.21.15.27:6801/1083878216] conn(0x7f20e0038670 0x7f20e003ab30 secure :-1 s=READY pgs=8 cs=0 l=1 rev1=1 crypto rx=0x7f20e40098c0 tx=0x7f20e4006db0 comp rx=0 tx=0).ready entity=mgr.14118 client_cookie=0 server_cookie=0 in_seq=0 out_seq=0
2024-09-13T17:54:11.241 INFO:teuthology.orchestra.run.smithi027.stdout:/usr/bin/ceph: stderr
2024-09-13T17:54:10.410+0000 7f20f6000640 1 -- 172.21.15.27:0/2047746451 <== mon.0 v2:172.21.15.27:3300/0 6 ==== mon_command_ack([{"prefix": "get_command_descriptions"}]=0 v0) v1 ==== 72+0+183819 (secure 0 0 0) 0x7f20ec031580 con 0x7f20f8107c10
2024-09-13T17:54:11.241 INFO:teuthology.orchestra.run.smithi027.stdout:/usr/bin/ceph: stderr
2024-09-13T17:54:10.594+0000 7f2100200640 1 -- 172.21.15.27:0/2047746451 --> [v2:172.21.15.27:6800/1083878216,v1:172.21.15.27:6801/1083878216] -- mgr_command(tid 0: {"prefix": "cephadm set-user", "user": "root", "target": ["mon-mgr", ""]}) v1 -- 0x7f20f8105e10 con 0x7f20e0038670
2024-09-13T17:54:11.241 INFO:teuthology.orchestra.run.smithi027.stdout:/usr/bin/ceph: stderr
2024-09-13T17:54:10.595+0000 7f20f6000640 1 -- 172.21.15.27:0/2047746451 <== mgr.14118 v2:172.21.15.27:6800/1083878216 1 ==== mgr_command_reply(tid 0: 0 ) v1 ==== 8+0+16 (secure 0 0 0) 0x7f20f8105e10 con 0x7f20e0038670
2024-09-13T17:54:11.241 INFO:teuthology.orchestra.run.smithi027.stdout:/usr/bin/ceph: stderr
2024-09-13T17:54:10.597+0000 7f2100200640 1 -- 172.21.15.27:0/2047746451 >> [v2:172.21.15.27:6800/1083878216,v1:172.21.15.27:6801/1083878216] conn(0x7f20e0038670 msgr2=0x7f20e003ab30 secure :-1 s=STATE_CONNECTION_ESTABLISHED l=1).mark_down
2024-09-13T17:54:11.241 INFO:teuthology.orchestra.run.smithi027.stdout:/usr/bin/ceph: stderr
2024-09-13T17:54:10.597+0000 7f2100200640 1 --2- 172.21.15.27:0/2047746451 >> [v2:172.21.15.27:6800/1083878216,v1:172.21.15.27:6801/1083878216] conn(0x7f20e0038670 0x7f20e003ab30 secure :-1 s=READY pgs=8 cs=0 l=1 rev1=1 crypto rx=0x7f20e40098c0 tx=0x7f20e4006db0 comp rx=0 tx=0).stop
2024-09-13T17:54:11.241 INFO:teuthology.orchestra.run.smithi027.stdout:/usr/bin/ceph: stderr
2024-09-13T17:54:10.597+0000 7f2100200640 1 -- 172.21.15.27:0/2047746451 >> [v2:172.21.15.27:3300/0,v1:172.21.15.27:6789/0] conn(0x7f20f8107c10 msgr2=0x7f20f819ba20 secure :-1 s=STATE_CONNECTION_ESTABLISHED l=1).mark_down
2024-09-13T17:54:11.241 INFO:teuthology.orchestra.run.smithi027.stdout:/usr/bin/ceph: stderr
2024-09-13T17:54:10.597+0000 7f2100200640 1 --2- 172.21.15.27:0/2047746451 >> [v2:172.21.15.27:3300/0,v1:172.21.15.27:6789/0] conn(0x7f20f8107c10 0x7f20f819ba20 secure :-1 s=READY pgs=38 cs=0 l=1 rev1=1 crypto rx=0x7f20ec02a790 tx=0x7f20ec032670 comp rx=0 tx=0).stop
2024-09-13T17:54:11.241 INFO:teuthology.orchestra.run.smithi027.stdout:/usr/bin/ceph: stderr
2024-09-13T17:54:10.598+0000 7f2100200640 1 -- 172.21.15.27:0/2047746451 shutdown_connections
2024-09-13T17:54:11.241 INFO:teuthology.orchestra.run.smithi027.stdout:/usr/bin/ceph: stderr
2024-09-13T17:54:10.598+0000 7f2100200640 1 --2- 172.21.15.27:0/2047746451 >> [v2:172.21.15.27:6800/1083878216,v1:172.21.15.27:6801/1083878216] conn(0x7f20e0038670 0x7f20e003ab30 unknown :-1 s=CLOSED pgs=8 cs=0 l=1 rev1=1 crypto rx=0 tx=0 comp rx=0 tx=0).stop
2024-09-13T17:54:11.242 INFO:teuthology.orchestra.run.smithi027.stdout:/usr/bin/ceph: stderr
2024-09-13T17:54:10.598+0000 7f2100200640 1 --2- 172.21.15.27:0/2047746451 >> [v2:172.21.15.27:3300/0,v1:172.21.15.27:6789/0] conn(0x7f20f8107c10 0x7f20f819ba20 unknown :-1 s=CLOSED pgs=38 cs=0 l=1 rev1=1 crypto rx=0 tx=0 comp rx=0 tx=0).stop
2024-09-13T17:54:11.242 INFO:teuthology.orchestra.run.smithi027.stdout:/usr/bin/ceph: stderr
2024-09-13T17:54:10.598+0000 7f2100200640 1 -- 172.21.15.27:0/2047746451 >> 172.21.15.27:0/2047746451 conn(0x7f20f807b1f0 msgr2=0x7f20f8105700 unknown :-1 s=STATE_NONE l=0).mark_down
2024-09-13T17:54:11.242 INFO:teuthology.orchestra.run.smithi027.stdout:/usr/bin/ceph: stderr
2024-09-13T17:54:10.598+0000 7f2100200640 1 -- 172.21.15.27:0/2047746451 shutdown_connections
2024-09-13T17:54:11.242 INFO:teuthology.orchestra.run.smithi027.stdout:/usr/bin/ceph: stderr
2024-09-13T17:54:10.598+0000 7f2100200640 1 -- 172.21.15.27:0/2047746451 wait complete.
2024-09-13T17:54:11.242 INFO:teuthology.orchestra.run.smithi027.stdout:Generating ssh key...
2024-09-13T17:54:12.405 INFO:journalctl@ceph.mgr.x.smithi027.stdout:Sep 13 17:54:12 smithi027 ceph-f5527e2e-71f8-11ef-bceb-c7b262605968-mgr-x[30836]: Generating public/private rsa key pair.
2024-09-13T17:54:12.405 INFO:journalctl@ceph.mgr.x.smithi027.stdout:Sep 13 17:54:12 smithi027 ceph-f5527e2e-71f8-11ef-bceb-c7b262605968-mgr-x[30836]: Your identification has been saved in /tmp/tmpispjilkb/key
2024-09-13T17:54:12.405 INFO:journalctl@ceph.mgr.x.smithi027.stdout:Sep 13 17:54:12 smithi027 ceph-f5527e2e-71f8-11ef-bceb-c7b262605968-mgr-x[30836]: Your public key has been saved in /tmp/tmpispjilkb/key.pub
2024-09-13T17:54:12.405 INFO:journalctl@ceph.mgr.x.smithi027.stdout:Sep 13 17:54:12 smithi027 ceph-f5527e2e-71f8-11ef-bceb-c7b262605968-mgr-x[30836]: The key fingerprint is:
2024-09-13T17:54:12.405 INFO:journalctl@ceph.mgr.x.smithi027.stdout:Sep 13 17:54:12 smithi027 ceph-f5527e2e-71f8-11ef-bceb-c7b262605968-mgr-x[30836]: SHA256:U0lVBvwFteXTKbGsEgnDlXUHq0RM/HOzWGjv1URGdAs ceph-f5527e2e-71f8-11ef-bceb-c7b262605968
2024-09-13T17:54:12.405 INFO:journalctl@ceph.mgr.x.smithi027.stdout:Sep 13 17:54:12 smithi027 ceph-f5527e2e-71f8-11ef-bceb-c7b262605968-mgr-x[30836]: The key's randomart image is:
2024-09-13T17:54:12.405 INFO:journalctl@ceph.mgr.x.smithi027.stdout:Sep 13 17:54:12 smithi027 ceph-f5527e2e-71f8-11ef-bceb-c7b262605968-mgr-x[30836]: +---[RSA 3072]----+
2024-09-13T17:54:12.406 INFO:journalctl@ceph.mgr.x.smithi027.stdout:Sep 13 17:54:12 smithi027 ceph-f5527e2e-71f8-11ef-bceb-c7b262605968-mgr-x[30836]: | .o..B*oE=**|
2024-09-13T17:54:12.406 INFO:journalctl@ceph.mgr.x.smithi027.stdout:Sep 13 17:54:12 smithi027 ceph-f5527e2e-71f8-11ef-bceb-c7b262605968-mgr-x[30836]: | .ooo++.*.@|
2024-09-13T17:54:12.406 INFO:journalctl@ceph.mgr.x.smithi027.stdout:Sep 13 17:54:12 smithi027 ceph-f5527e2e-71f8-11ef-bceb-c7b262605968-mgr-x[30836]: | oo..*.Oo|
2024-09-13T17:54:12.406 INFO:journalctl@ceph.mgr.x.smithi027.stdout:Sep 13 17:54:12 smithi027 ceph-f5527e2e-71f8-11ef-bceb-c7b262605968-mgr-x[30836]: | .o o=o+o|
2024-09-13T17:54:12.406 INFO:journalctl@ceph.mgr.x.smithi027.stdout:Sep 13 17:54:12 smithi027 ceph-f5527e2e-71f8-11ef-bceb-c7b262605968-mgr-x[30836]: | S. o. *.+|
2024-09-13T17:54:12.406 INFO:journalctl@ceph.mgr.x.smithi027.stdout:Sep 13 17:54:12 smithi027 ceph-f5527e2e-71f8-11ef-bceb-c7b262605968-mgr-x[30836]: | .. . oo|
2024-09-13T17:54:12.406 INFO:journalctl@ceph.mgr.x.smithi027.stdout:Sep 13 17:54:12 smithi027 ceph-f5527e2e-71f8-11ef-bceb-c7b262605968-mgr-x[30836]: | . .|
2024-09-13T17:54:12.406 INFO:journalctl@ceph.mgr.x.smithi027.stdout:Sep 13 17:54:12 smithi027 ceph-f5527e2e-71f8-11ef-bceb-c7b262605968-mgr-x[30836]: | . |
2024-09-13T17:54:12.406 INFO:journalctl@ceph.mgr.x.smithi027.stdout:Sep 13 17:54:12 smithi027 ceph-f5527e2e-71f8-11ef-bceb-c7b262605968-mgr-x[30836]: | |
2024-09-13T17:54:12.406 INFO:journalctl@ceph.mgr.x.smithi027.stdout:Sep 13 17:54:12 smithi027 ceph-f5527e2e-71f8-11ef-bceb-c7b262605968-mgr-x[30836]: +----[SHA256]-----+
2024-09-13T17:54:13.088 INFO:teuthology.orchestra.run.smithi027.stdout:/usr/bin/ceph: stderr
2024-09-13T17:54:11.728+0000 7f8450e00640 1 Processor -- start
2024-09-13T17:54:13.093 INFO:teuthology.orchestra.run.smithi027.stdout:/usr/bin/ceph: stderr
2024-09-13T17:54:11.728+0000 7f8450e00640 1 -- start start
2024-09-13T17:54:13.093 INFO:teuthology.orchestra.run.smithi027.stdout:/usr/bin/ceph: stderr
2024-09-13T17:54:11.729+0000 7f8450e00640 1 --2- >> [v2:172.21.15.27:3300/0,v1:172.21.15.27:6789/0] conn(0x7f844c07bdc0 0x7f844c07a330 unknown :-1 s=NONE pgs=0 cs=0 l=0 rev1=0 crypto rx=0 tx=0 comp rx=0 tx=0).connect
2024-09-13T17:54:13.093 INFO:teuthology.orchestra.run.smithi027.stdout:/usr/bin/ceph: stderr
2024-09-13T17:54:11.729+0000 7f8450e00640 1 -- --> [v2:172.21.15.27:3300/0,v1:172.21.15.27:6789/0] -- mon_getmap magic: 0 v1 -- 0x7f844c07a870 con 0x7f844c07bdc0
2024-09-13T17:54:13.093 INFO:teuthology.orchestra.run.smithi027.stdout:/usr/bin/ceph: stderr
2024-09-13T17:54:11.729+0000 7f8449e00640 1 --2- >> [v2:172.21.15.27:3300/0,v1:172.21.15.27:6789/0] conn(0x7f844c07bdc0 0x7f844c07a330 unknown :-1 s=BANNER_CONNECTING pgs=0 cs=0 l=0 rev1=0 crypto rx=0 tx=0 comp rx=0 tx=0)._handle_peer_banner_payload supported=3 required=0
2024-09-13T17:54:13.093 INFO:teuthology.orchestra.run.smithi027.stdout:/usr/bin/ceph: stderr
2024-09-13T17:54:11.729+0000 7f8449e00640 1 --2- >> [v2:172.21.15.27:3300/0,v1:172.21.15.27:6789/0] conn(0x7f844c07bdc0 0x7f844c07a330 unknown :-1 s=HELLO_CONNECTING pgs=0 cs=0 l=0 rev1=1 crypto rx=0 tx=0 comp rx=0 tx=0).handle_hello peer v2:172.21.15.27:3300/0 says I am v2:172.21.15.27:47460/0 (socket says 172.21.15.27:47460)
2024-09-13T17:54:13.093 INFO:teuthology.orchestra.run.smithi027.stdout:/usr/bin/ceph: stderr
