2024-09-13T17:54:26.802+0000 7fd615400640 1 -- 172.21.15.27:0/332472349 <== mon.0 v2:172.21.15.27:3300/0 2 ==== config(27 keys) v1 ==== 1139+0+0 (secure 0 0 0) 0x7fd608032920 con 0x7fd618107c20
2024-09-13T17:54:27.727 INFO:teuthology.orchestra.run.smithi027.stdout:/usr/bin/ceph: stderr
2024-09-13T17:54:26.802+0000 7fd615400640 1 -- 172.21.15.27:0/332472349 <== mon.0 v2:172.21.15.27:3300/0 3 ==== mon_map magic: 0 v1 ==== 205+0+0 (secure 0 0 0) 0x7fd608030920 con 0x7fd618107c20
2024-09-13T17:54:27.727 INFO:teuthology.orchestra.run.smithi027.stdout:/usr/bin/ceph: stderr
2024-09-13T17:54:26.803+0000 7fd61d200640 1 -- 172.21.15.27:0/332472349 >> [v2:172.21.15.27:3300/0,v1:172.21.15.27:6789/0] conn(0x7fd618107c20 msgr2=0x7fd618108020 secure :-1 s=STATE_CONNECTION_ESTABLISHED l=1).mark_down
2024-09-13T17:54:27.727 INFO:teuthology.orchestra.run.smithi027.stdout:/usr/bin/ceph: stderr
2024-09-13T17:54:26.803+0000 7fd61d200640 1 --2- 172.21.15.27:0/332472349 >> [v2:172.21.15.27:3300/0,v1:172.21.15.27:6789/0] conn(0x7fd618107c20 0x7fd618108020 secure :-1 s=READY pgs=51 cs=0 l=1 rev1=1 crypto rx=0x7fd608009820 tx=0x7fd60802a270 comp rx=0 tx=0).stop
2024-09-13T17:54:27.727 INFO:teuthology.orchestra.run.smithi027.stdout:/usr/bin/ceph: stderr
2024-09-13T17:54:26.803+0000 7fd61d200640 1 -- 172.21.15.27:0/332472349 shutdown_connections
2024-09-13T17:54:27.727 INFO:teuthology.orchestra.run.smithi027.stdout:/usr/bin/ceph: stderr
2024-09-13T17:54:26.803+0000 7fd61d200640 1 --2- 172.21.15.27:0/332472349 >> [v2:172.21.15.27:3300/0,v1:172.21.15.27:6789/0] conn(0x7fd618107c20 0x7fd618108020 unknown :-1 s=CLOSED pgs=51 cs=0 l=1 rev1=1 crypto rx=0 tx=0 comp rx=0 tx=0).stop
2024-09-13T17:54:27.728 INFO:teuthology.orchestra.run.smithi027.stdout:/usr/bin/ceph: stderr
2024-09-13T17:54:26.803+0000 7fd61d200640 1 -- 172.21.15.27:0/332472349 >> 172.21.15.27:0/332472349 conn(0x7fd61807b250 msgr2=0x7fd61807b660 unknown :-1 s=STATE_NONE l=0).mark_down
2024-09-13T17:54:27.728 INFO:teuthology.orchestra.run.smithi027.stdout:/usr/bin/ceph: stderr
2024-09-13T17:54:26.803+0000 7fd61d200640 1 -- 172.21.15.27:0/332472349 shutdown_connections
2024-09-13T17:54:27.728 INFO:teuthology.orchestra.run.smithi027.stdout:/usr/bin/ceph: stderr
2024-09-13T17:54:26.803+0000 7fd61d200640 1 -- 172.21.15.27:0/332472349 wait complete.
2024-09-13T17:54:27.728 INFO:teuthology.orchestra.run.smithi027.stdout:/usr/bin/ceph: stderr
2024-09-13T17:54:26.804+0000 7fd61d200640 1 Processor -- start
2024-09-13T17:54:27.728 INFO:teuthology.orchestra.run.smithi027.stdout:/usr/bin/ceph: stderr
2024-09-13T17:54:26.804+0000 7fd61d200640 1 -- start start
2024-09-13T17:54:27.728 INFO:teuthology.orchestra.run.smithi027.stdout:/usr/bin/ceph: stderr
2024-09-13T17:54:26.804+0000 7fd61d200640 1 --2- >> [v2:172.21.15.27:3300/0,v1:172.21.15.27:6789/0] conn(0x7fd618107c20 0x7fd61819b9b0 unknown :-1 s=NONE pgs=0 cs=0 l=1 rev1=0 crypto rx=0 tx=0 comp rx=0 tx=0).connect
2024-09-13T17:54:27.728 INFO:teuthology.orchestra.run.smithi027.stdout:/usr/bin/ceph: stderr
2024-09-13T17:54:26.804+0000 7fd61d200640 1 -- --> [v2:172.21.15.27:3300/0,v1:172.21.15.27:6789/0] -- mon_getmap magic: 0 v1 -- 0x7fd61819bef0 con 0x7fd618107c20
2024-09-13T17:54:27.728 INFO:teuthology.orchestra.run.smithi027.stdout:/usr/bin/ceph: stderr
2024-09-13T17:54:26.805+0000 7fd615e00640 1 --2- >> [v2:172.21.15.27:3300/0,v1:172.21.15.27:6789/0] conn(0x7fd618107c20 0x7fd61819b9b0 unknown :-1 s=BANNER_CONNECTING pgs=0 cs=0 l=1 rev1=0 crypto rx=0 tx=0 comp rx=0 tx=0)._handle_peer_banner_payload supported=3 required=0
2024-09-13T17:54:27.728 INFO:teuthology.orchestra.run.smithi027.stdout:/usr/bin/ceph: stderr
2024-09-13T17:54:26.805+0000 7fd615e00640 1 --2- >> [v2:172.21.15.27:3300/0,v1:172.21.15.27:6789/0] conn(0x7fd618107c20 0x7fd61819b9b0 unknown :-1 s=HELLO_CONNECTING pgs=0 cs=0 l=1 rev1=1 crypto rx=0 tx=0 comp rx=0 tx=0).handle_hello peer v2:172.21.15.27:3300/0 says I am v2:172.21.15.27:36736/0 (socket says 172.21.15.27:36736)
2024-09-13T17:54:27.728 INFO:teuthology.orchestra.run.smithi027.stdout:/usr/bin/ceph: stderr
2024-09-13T17:54:26.805+0000 7fd615e00640 1 -- 172.21.15.27:0/2261310381 learned_addr learned my addr 172.21.15.27:0/2261310381 (peer_addr_for_me v2:172.21.15.27:0/0)
2024-09-13T17:54:27.728 INFO:teuthology.orchestra.run.smithi027.stdout:/usr/bin/ceph: stderr
2024-09-13T17:54:26.805+0000 7fd615e00640 1 -- 172.21.15.27:0/2261310381 --> [v2:172.21.15.27:3300/0,v1:172.21.15.27:6789/0] -- mon_subscribe({config=0+,monmap=0+}) v3 -- 0x7fd6080094d0 con 0x7fd618107c20
2024-09-13T17:54:27.728 INFO:teuthology.orchestra.run.smithi027.stdout:/usr/bin/ceph: stderr
2024-09-13T17:54:26.805+0000 7fd615e00640 1 --2- 172.21.15.27:0/2261310381 >> [v2:172.21.15.27:3300/0,v1:172.21.15.27:6789/0] conn(0x7fd618107c20 0x7fd61819b9b0 secure :-1 s=READY pgs=52 cs=0 l=1 rev1=1 crypto rx=0x7fd6080097f0 tx=0x7fd608032670 comp rx=0 tx=0).ready entity=mon.0 client_cookie=0 server_cookie=0 in_seq=0 out_seq=0
2024-09-13T17:54:27.728 INFO:teuthology.orchestra.run.smithi027.stdout:/usr/bin/ceph: stderr
2024-09-13T17:54:26.806+0000 7fd60ea00640 1 -- 172.21.15.27:0/2261310381 <== mon.0 v2:172.21.15.27:3300/0 1 ==== mon_map magic: 0 v1 ==== 205+0+0 (secure 0 0 0) 0x7fd608032dd0 con 0x7fd618107c20
2024-09-13T17:54:27.729 INFO:teuthology.orchestra.run.smithi027.stdout:/usr/bin/ceph: stderr
2024-09-13T17:54:26.806+0000 7fd60ea00640 1 -- 172.21.15.27:0/2261310381 <== mon.0 v2:172.21.15.27:3300/0 2 ==== config(27 keys) v1 ==== 1139+0+0 (secure 0 0 0) 0x7fd60803b910 con 0x7fd618107c20
2024-09-13T17:54:27.729 INFO:teuthology.orchestra.run.smithi027.stdout:/usr/bin/ceph: stderr
2024-09-13T17:54:26.806+0000 7fd61d200640 1 -- 172.21.15.27:0/2261310381 --> [v2:172.21.15.27:3300/0,v1:172.21.15.27:6789/0] -- mon_subscribe({mgrmap=0+}) v3 -- 0x7fd61819c0f0 con 0x7fd618107c20
2024-09-13T17:54:27.729 INFO:teuthology.orchestra.run.smithi027.stdout:/usr/bin/ceph: stderr
2024-09-13T17:54:26.806+0000 7fd60ea00640 1 -- 172.21.15.27:0/2261310381 <== mon.0 v2:172.21.15.27:3300/0 3 ==== mon_map magic: 0 v1 ==== 205+0+0 (secure 0 0 0) 0x7fd60803a890 con 0x7fd618107c20
2024-09-13T17:54:27.729 INFO:teuthology.orchestra.run.smithi027.stdout:/usr/bin/ceph: stderr
2024-09-13T17:54:26.806+0000 7fd61d200640 1 -- 172.21.15.27:0/2261310381 --> [v2:172.21.15.27:3300/0,v1:172.21.15.27:6789/0] -- mon_subscribe({osdmap=0}) v3 -- 0x7fd61819c590 con 0x7fd618107c20
2024-09-13T17:54:27.729 INFO:teuthology.orchestra.run.smithi027.stdout:/usr/bin/ceph: stderr
2024-09-13T17:54:26.807+0000 7fd60ea00640 1 -- 172.21.15.27:0/2261310381 <== mon.0 v2:172.21.15.27:3300/0 4 ==== mgrmap(e 8) v1 ==== 45541+0+0 (secure 0 0 0) 0x7fd608039040 con 0x7fd618107c20
2024-09-13T17:54:27.729 INFO:teuthology.orchestra.run.smithi027.stdout:/usr/bin/ceph: stderr
2024-09-13T17:54:26.807+0000 7fd61d200640 1 -- 172.21.15.27:0/2261310381 --> [v2:172.21.15.27:3300/0,v1:172.21.15.27:6789/0] -- mon_command({"prefix": "get_command_descriptions"} v 0) v1 -- 0x7fd61810c000 con 0x7fd618107c20
2024-09-13T17:54:27.729 INFO:teuthology.orchestra.run.smithi027.stdout:/usr/bin/ceph: stderr
2024-09-13T17:54:26.807+0000 7fd60ea00640 1 --2- 172.21.15.27:0/2261310381 >> [v2:172.21.15.27:6800/1083878216,v1:172.21.15.27:6801/1083878216] conn(0x7fd5fc038620 0x7fd5fc03aae0 unknown :-1 s=NONE pgs=0 cs=0 l=1 rev1=0 crypto rx=0 tx=0 comp rx=0 tx=0).connect
2024-09-13T17:54:27.729 INFO:teuthology.orchestra.run.smithi027.stdout:/usr/bin/ceph: stderr
2024-09-13T17:54:26.807+0000 7fd60ea00640 1 -- 172.21.15.27:0/2261310381 <== mon.0 v2:172.21.15.27:3300/0 5 ==== osd_map(2..2 src has 1..2) v4 ==== 940+0+0 (secure 0 0 0) 0x7fd60806b9b0 con 0x7fd618107c20
2024-09-13T17:54:27.729 INFO:teuthology.orchestra.run.smithi027.stdout:/usr/bin/ceph: stderr
2024-09-13T17:54:26.808+0000 7fd60fe00640 1 --2- 172.21.15.27:0/2261310381 >> [v2:172.21.15.27:6800/1083878216,v1:172.21.15.27:6801/1083878216] conn(0x7fd5fc038620 0x7fd5fc03aae0 unknown :-1 s=BANNER_CONNECTING pgs=0 cs=0 l=1 rev1=0 crypto rx=0 tx=0 comp rx=0 tx=0)._handle_peer_banner_payload supported=3 required=0
2024-09-13T17:54:27.729 INFO:teuthology.orchestra.run.smithi027.stdout:/usr/bin/ceph: stderr
2024-09-13T17:54:26.808+0000 7fd60fe00640 1 --2- 172.21.15.27:0/2261310381 >> [v2:172.21.15.27:6800/1083878216,v1:172.21.15.27:6801/1083878216] conn(0x7fd5fc038620 0x7fd5fc03aae0 secure :-1 s=READY pgs=15 cs=0 l=1 rev1=1 crypto rx=0x7fd6000098c0 tx=0x7fd600006db0 comp rx=0 tx=0).ready entity=mgr.14118 client_cookie=0 server_cookie=0 in_seq=0 out_seq=0
2024-09-13T17:54:27.729 INFO:teuthology.orchestra.run.smithi027.stdout:/usr/bin/ceph: stderr
2024-09-13T17:54:26.812+0000 7fd60ea00640 1 -- 172.21.15.27:0/2261310381 <== mon.0 v2:172.21.15.27:3300/0 6 ==== mon_command_ack([{"prefix": "get_command_descriptions"}]=0 v0) v1 ==== 72+0+183819 (secure 0 0 0) 0x7fd608031580 con 0x7fd618107c20
2024-09-13T17:54:27.729 INFO:teuthology.orchestra.run.smithi027.stdout:/usr/bin/ceph: stderr
2024-09-13T17:54:27.002+0000 7fd61d200640 1 -- 172.21.15.27:0/2261310381 --> [v2:172.21.15.27:3300/0,v1:172.21.15.27:6789/0] -- mon_command([{prefix=config set, name=mgr/dashboard/ssl_server_port}] v 0) v1 -- 0x7fd61810c270 con 0x7fd618107c20
2024-09-13T17:54:27.729 INFO:teuthology.orchestra.run.smithi027.stdout:/usr/bin/ceph: stderr
2024-09-13T17:54:27.007+0000 7fd60ea00640 1 -- 172.21.15.27:0/2261310381 <== mon.0 v2:172.21.15.27:3300/0 7 ==== mon_command_ack([{prefix=config set, name=mgr/dashboard/ssl_server_port}]=0 v8)=0 v8) v1 ==== 130+0+0 (secure 0 0 0) 0x7fd60803f030 con 0x7fd618107c20
2024-09-13T17:54:27.729 INFO:teuthology.orchestra.run.smithi027.stdout:/usr/bin/ceph: stderr
2024-09-13T17:54:27.010+0000 7fd61d200640 1 -- 172.21.15.27:0/2261310381 >> [v2:172.21.15.27:6800/1083878216,v1:172.21.15.27:6801/1083878216] conn(0x7fd5fc038620 msgr2=0x7fd5fc03aae0 secure :-1 s=STATE_CONNECTION_ESTABLISHED l=1).mark_down
2024-09-13T17:54:27.730 INFO:teuthology.orchestra.run.smithi027.stdout:/usr/bin/ceph: stderr
2024-09-13T17:54:27.010+0000 7fd61d200640 1 --2- 172.21.15.27:0/2261310381 >> [v2:172.21.15.27:6800/1083878216,v1:172.21.15.27:6801/1083878216] conn(0x7fd5fc038620 0x7fd5fc03aae0 secure :-1 s=READY pgs=15 cs=0 l=1 rev1=1 crypto rx=0x7fd6000098c0 tx=0x7fd600006db0 comp rx=0 tx=0).stop
2024-09-13T17:54:27.730 INFO:teuthology.orchestra.run.smithi027.stdout:/usr/bin/ceph: stderr
2024-09-13T17:54:27.010+0000 7fd61d200640 1 -- 172.21.15.27:0/2261310381 >> [v2:172.21.15.27:3300/0,v1:172.21.15.27:6789/0] conn(0x7fd618107c20 msgr2=0x7fd61819b9b0 secure :-1 s=STATE_CONNECTION_ESTABLISHED l=1).mark_down
2024-09-13T17:54:27.730 INFO:teuthology.orchestra.run.smithi027.stdout:/usr/bin/ceph: stderr
2024-09-13T17:54:27.010+0000 7fd61d200640 1 --2- 172.21.15.27:0/2261310381 >> [v2:172.21.15.27:3300/0,v1:172.21.15.27:6789/0] conn(0x7fd618107c20 0x7fd61819b9b0 secure :-1 s=READY pgs=52 cs=0 l=1 rev1=1 crypto rx=0x7fd6080097f0 tx=0x7fd608032670 comp rx=0 tx=0).stop
2024-09-13T17:54:27.730 INFO:teuthology.orchestra.run.smithi027.stdout:/usr/bin/ceph: stderr
2024-09-13T17:54:27.010+0000 7fd61d200640 1 -- 172.21.15.27:0/2261310381 shutdown_connections
2024-09-13T17:54:27.730 INFO:teuthology.orchestra.run.smithi027.stdout:/usr/bin/ceph: stderr
2024-09-13T17:54:27.010+0000 7fd61d200640 1 --2- 172.21.15.27:0/2261310381 >> [v2:172.21.15.27:6800/1083878216,v1:172.21.15.27:6801/1083878216] conn(0x7fd5fc038620 0x7fd5fc03aae0 unknown :-1 s=CLOSED pgs=15 cs=0 l=1 rev1=1 crypto rx=0 tx=0 comp rx=0 tx=0).stop
2024-09-13T17:54:27.730 INFO:teuthology.orchestra.run.smithi027.stdout:/usr/bin/ceph: stderr
2024-09-13T17:54:27.010+0000 7fd61d200640 1 --2- 172.21.15.27:0/2261310381 >> [v2:172.21.15.27:3300/0,v1:172.21.15.27:6789/0] conn(0x7fd618107c20 0x7fd61819b9b0 unknown :-1 s=CLOSED pgs=52 cs=0 l=1 rev1=1 crypto rx=0 tx=0 comp rx=0 tx=0).stop
2024-09-13T17:54:27.730 INFO:teuthology.orchestra.run.smithi027.stdout:/usr/bin/ceph: stderr
2024-09-13T17:54:27.010+0000 7fd61d200640 1 -- 172.21.15.27:0/2261310381 >> 172.21.15.27:0/2261310381 conn(0x7fd61807b250 msgr2=0x7fd6181056f0 unknown :-1 s=STATE_NONE l=0).mark_down
2024-09-13T17:54:27.730 INFO:teuthology.orchestra.run.smithi027.stdout:/usr/bin/ceph: stderr
2024-09-13T17:54:27.010+0000 7fd61d200640 1 -- 172.21.15.27:0/2261310381 shutdown_connections
2024-09-13T17:54:27.730 INFO:teuthology.orchestra.run.smithi027.stdout:/usr/bin/ceph: stderr
2024-09-13T17:54:27.011+0000 7fd61d200640 1 -- 172.21.15.27:0/2261310381 wait complete.
2024-09-13T17:54:27.730 INFO:teuthology.orchestra.run.smithi027.stdout:Enabling the dashboard module...
2024-09-13T17:54:28.345 INFO:journalctl@ceph.mon.a.smithi027.stdout:Sep 13 17:54:28 smithi027 ceph-mon[30611]: pgmap v3: 0 pgs: ; 0 B data, 0 B used, 0 B / 0 B avail
2024-09-13T17:54:28.345 INFO:journalctl@ceph.mon.a.smithi027.stdout:Sep 13 17:54:28 smithi027 ceph-mon[30611]: from='mgr.14118 172.21.15.27:0/1969861111' entity='mgr.x'
2024-09-13T17:54:29.396 INFO:journalctl@ceph.mon.a.smithi027.stdout:Sep 13 17:54:29 smithi027 ceph-mon[30611]: from='client.? 172.21.15.27:0/2046569364' entity='client.admin' cmd=[{"prefix": "mgr module enable", "module": "dashboard"}]: dispatch
2024-09-13T17:54:29.397 INFO:journalctl@ceph.mgr.x.smithi027.stdout:Sep 13 17:54:29 smithi027 ceph-f5527e2e-71f8-11ef-bceb-c7b262605968-mgr-x[30836]: ignoring --setuser ceph since I am not root
2024-09-13T17:54:29.397 INFO:journalctl@ceph.mgr.x.smithi027.stdout:Sep 13 17:54:29 smithi027 ceph-f5527e2e-71f8-11ef-bceb-c7b262605968-mgr-x[30836]: ignoring --setgroup ceph since I am not root
2024-09-13T17:54:29.397 INFO:journalctl@ceph.mgr.x.smithi027.stdout:Sep 13 17:54:29 smithi027 ceph-f5527e2e-71f8-11ef-bceb-c7b262605968-mgr-x[30836]:
2024-09-13T17:54:29.393+0000 7f4f29f74040 -1 mgr[py] Module osd_perf_query has missing NOTIFY_TYPES member
2024-09-13T17:54:29.664 INFO:journalctl@ceph.mgr.x.smithi027.stdout:Sep 13 17:54:29 smithi027 ceph-f5527e2e-71f8-11ef-bceb-c7b262605968-mgr-x[30836]:
2024-09-13T17:54:29.468+0000 7f4f29f74040 -1 mgr[py] Module osd_support has missing NOTIFY_TYPES member
2024-09-13T17:54:29.664 INFO:journalctl@ceph.mgr.x.smithi027.stdout:Sep 13 17:54:29 smithi027 ceph-f5527e2e-71f8-11ef-bceb-c7b262605968-mgr-x[30836]:
2024-09-13T17:54:29.661+0000 7f4f29f74040 -1 mgr[py] Module diskprediction_local has missing NOTIFY_TYPES member
2024-09-13T17:54:29.917 INFO:journalctl@ceph.mgr.x.smithi027.stdout:Sep 13 17:54:29 smithi027 ceph-f5527e2e-71f8-11ef-bceb-c7b262605968-mgr-x[30836]:
2024-09-13T17:54:29.745+0000 7f4f29f74040 -1 mgr[py] Module crash has missing NOTIFY_TYPES member
2024-09-13T17:54:30.306 INFO:journalctl@ceph.mon.a.smithi027.stdout:Sep 13 17:54:30 smithi027 ceph-mon[30611]: from='client.? 172.21.15.27:0/2046569364' entity='client.admin' cmd='[{"prefix": "mgr module enable", "module": "dashboard"}]': finished
2024-09-13T17:54:30.307 INFO:journalctl@ceph.mon.a.smithi027.stdout:Sep 13 17:54:30 smithi027 ceph-mon[30611]: mgrmap e9: x(active, since 22s)
2024-09-13T17:54:30.307 INFO:journalctl@ceph.mgr.x.smithi027.stdout:Sep 13 17:54:29 smithi027 ceph-f5527e2e-71f8-11ef-bceb-c7b262605968-mgr-x[30836]:
2024-09-13T17:54:29.925+0000 7f4f29f74040 -1 mgr[py] Module test_orchestrator has missing NOTIFY_TYPES member
2024-09-13T17:54:30.307 INFO:journalctl@ceph.mgr.x.smithi027.stdout:Sep 13 17:54:30 smithi027 ceph-f5527e2e-71f8-11ef-bceb-c7b262605968-mgr-x[30836]:
2024-09-13T17:54:30.097+0000 7f4f29f74040 -1 mgr[py] Module snap_schedule has missing NOTIFY_TYPES member
2024-09-13T17:54:30.633 INFO:journalctl@ceph.mgr.x.smithi027.stdout:Sep 13 17:54:30 smithi027 ceph-f5527e2e-71f8-11ef-bceb-c7b262605968-mgr-x[30836]:
2024-09-13T17:54:30.475+0000 7f4f29f74040 -1 mgr[py] Module prometheus has missing NOTIFY_TYPES member
2024-09-13T17:54:30.633 INFO:journalctl@ceph.mgr.x.smithi027.stdout:Sep 13 17:54:30 smithi027 ceph-f5527e2e-71f8-11ef-bceb-c7b262605968-mgr-x[30836]:
2024-09-13T17:54:30.550+0000 7f4f29f74040 -1 mgr[py] Module selftest has missing NOTIFY_TYPES member
2024-09-13T17:54:30.645 INFO:teuthology.orchestra.run.smithi027.stdout:/usr/bin/ceph: stderr
2024-09-13T17:54:28.457+0000 7f2f19e00640 1 Processor -- start
2024-09-13T17:54:30.645 INFO:teuthology.orchestra.run.smithi027.stdout:/usr/bin/ceph: stderr
2024-09-13T17:54:28.457+0000 7f2f19e00640 1 -- start start
2024-09-13T17:54:30.645 INFO:teuthology.orchestra.run.smithi027.stdout:/usr/bin/ceph: stderr
2024-09-13T17:54:28.457+0000 7f2f19e00640 1 --2- >> [v2:172.21.15.27:3300/0,v1:172.21.15.27:6789/0] conn(0x7f2f141059c0 0x7f2f14105dc0 unknown :-1 s=NONE pgs=0 cs=0 l=0 rev1=0 crypto rx=0 tx=0 comp rx=0 tx=0).connect
2024-09-13T17:54:30.645 INFO:teuthology.orchestra.run.smithi027.stdout:/usr/bin/ceph: stderr
2024-09-13T17:54:28.457+0000 7f2f19e00640 1 -- --> [v2:172.21.15.27:3300/0,v1:172.21.15.27:6789/0] -- mon_getmap magic: 0 v1 -- 0x7f2f14106390 con 0x7f2f141059c0
2024-09-13T17:54:30.646 INFO:teuthology.orchestra.run.smithi027.stdout:/usr/bin/ceph: stderr
2024-09-13T17:54:28.458+0000 7f2f12a00640 1 --2- >> [v2:172.21.15.27:3300/0,v1:172.21.15.27:6789/0] conn(0x7f2f141059c0 0x7f2f14105dc0 unknown :-1 s=BANNER_CONNECTING pgs=0 cs=0 l=0 rev1=0 crypto rx=0 tx=0 comp rx=0 tx=0)._handle_peer_banner_payload supported=3 required=0
2024-09-13T17:54:30.646 INFO:teuthology.orchestra.run.smithi027.stdout:/usr/bin/ceph: stderr
2024-09-13T17:54:28.458+0000 7f2f12a00640 1 --2- >> [v2:172.21.15.27:3300/0,v1:172.21.15.27:6789/0] conn(0x7f2f141059c0 0x7f2f14105dc0 unknown :-1 s=HELLO_CONNECTING pgs=0 cs=0 l=0 rev1=1 crypto rx=0 tx=0 comp rx=0 tx=0).handle_hello peer v2:172.21.15.27:3300/0 says I am v2:172.21.15.27:36740/0 (socket says 172.21.15.27:36740)
2024-09-13T17:54:30.646 INFO:teuthology.orchestra.run.smithi027.stdout:/usr/bin/ceph: stderr
2024-09-13T17:54:28.458+0000 7f2f12a00640 1 -- 172.21.15.27:0/2691491487 learned_addr learned my addr 172.21.15.27:0/2691491487 (peer_addr_for_me v2:172.21.15.27:0/0)
2024-09-13T17:54:30.646 INFO:teuthology.orchestra.run.smithi027.stdout:/usr/bin/ceph: stderr
2024-09-13T17:54:28.458+0000 7f2f12a00640 1 -- 172.21.15.27:0/2691491487 --> [v2:172.21.15.27:3300/0,v1:172.21.15.27:6789/0] -- mon_subscribe({config=0+,monmap=0+}) v3 -- 0x7f2f14106bc0 con 0x7f2f141059c0
2024-09-13T17:54:30.646 INFO:teuthology.orchestra.run.smithi027.stdout:/usr/bin/ceph: stderr
2024-09-13T17:54:28.459+0000 7f2f12a00640 1 --2- 172.21.15.27:0/2691491487 >> [v2:172.21.15.27:3300/0,v1:172.21.15.27:6789/0] conn(0x7f2f141059c0 0x7f2f14105dc0 secure :-1 s=READY pgs=53 cs=0 l=1 rev1=1 crypto rx=0x7f2f04009820 tx=0x7f2f0402a270 comp rx=0 tx=0).ready entity=mon.0 client_cookie=3510096f0b7740d0 server_cookie=0 in_seq=0 out_seq=0
2024-09-13T17:54:30.646 INFO:teuthology.orchestra.run.smithi027.stdout:/usr/bin/ceph: stderr
2024-09-13T17:54:28.459+0000 7f2f11600640 1 -- 172.21.15.27:0/2691491487 <== mon.0 v2:172.21.15.27:3300/0 1 ==== mon_map magic: 0 v1 ==== 205+0+0 (secure 0 0 0) 0x7f2f0402ae70 con 0x7f2f141059c0
2024-09-13T17:54:30.646 INFO:teuthology.orchestra.run.smithi027.stdout:/usr/bin/ceph: stderr
2024-09-13T17:54:28.460+0000 7f2f11600640 1 -- 172.21.15.27:0/2691491487 <== mon.0 v2:172.21.15.27:3300/0 2 ==== config(27 keys) v1 ==== 1139+0+0 (secure 0 0 0) 0x7f2f04032920 con 0x7f2f141059c0
2024-09-13T17:54:30.646 INFO:teuthology.orchestra.run.smithi027.stdout:/usr/bin/ceph: stderr
2024-09-13T17:54:28.460+0000 7f2f11600640 1 -- 172.21.15.27:0/2691491487 <== mon.0 v2:172.21.15.27:3300/0 3 ==== mon_map magic: 0 v1 ==== 205+0+0 (secure 0 0 0) 0x7f2f04030920 con 0x7f2f141059c0
2024-09-13T17:54:30.646 INFO:teuthology.orchestra.run.smithi027.stdout:/usr/bin/ceph: stderr
2024-09-13T17:54:28.460+0000 7f2f19e00640 1 -- 172.21.15.27:0/2691491487 >> [v2:172.21.15.27:3300/0,v1:172.21.15.27:6789/0] conn(0x7f2f141059c0 msgr2=0x7f2f14105dc0 secure :-1 s=STATE_CONNECTION_ESTABLISHED l=1).mark_down
2024-09-13T17:54:30.646 INFO:teuthology.orchestra.run.smithi027.stdout:/usr/bin/ceph: stderr
2024-09-13T17:54:28.460+0000 7f2f19e00640 1 --2- 172.21.15.27:0/2691491487 >> [v2:172.21.15.27:3300/0,v1:172.21.15.27:6789/0] conn(0x7f2f141059c0 0x7f2f14105dc0 secure :-1 s=READY pgs=53 cs=0 l=1 rev1=1 crypto rx=0x7f2f04009820 tx=0x7f2f0402a270 comp rx=0 tx=0).stop
2024-09-13T17:54:30.646 INFO:teuthology.orchestra.run.smithi027.stdout:/usr/bin/ceph: stderr
2024-09-13T17:54:28.460+0000 7f2f19e00640 1 -- 172.21.15.27:0/2691491487 shutdown_connections
2024-09-13T17:54:30.646 INFO:teuthology.orchestra.run.smithi027.stdout:/usr/bin/ceph: stderr
2024-09-13T17:54:28.460+0000 7f2f19e00640 1 --2- 172.21.15.27:0/2691491487 >> [v2:172.21.15.27:3300/0,v1:172.21.15.27:6789/0] conn(0x7f2f141059c0 0x7f2f14105dc0 unknown :-1 s=CLOSED pgs=53 cs=0 l=1 rev1=1 crypto rx=0 tx=0 comp rx=0 tx=0).stop
2024-09-13T17:54:30.646 INFO:teuthology.orchestra.run.smithi027.stdout:/usr/bin/ceph: stderr
2024-09-13T17:54:28.460+0000 7f2f19e00640 1 -- 172.21.15.27:0/2691491487 >> 172.21.15.27:0/2691491487 conn(0x7f2f14101130 msgr2=0x7f2f14103590 unknown :-1 s=STATE_NONE l=0).mark_down
2024-09-13T17:54:30.647 INFO:teuthology.orchestra.run.smithi027.stdout:/usr/bin/ceph: stderr
2024-09-13T17:54:28.460+0000 7f2f19e00640 1 -- 172.21.15.27:0/2691491487 shutdown_connections
2024-09-13T17:54:30.647 INFO:teuthology.orchestra.run.smithi027.stdout:/usr/bin/ceph: stderr
2024-09-13T17:54:28.460+0000 7f2f19e00640 1 -- 172.21.15.27:0/2691491487 wait complete.
2024-09-13T17:54:30.647 INFO:teuthology.orchestra.run.smithi027.stdout:/usr/bin/ceph: stderr
2024-09-13T17:54:28.461+0000 7f2f19e00640 1 Processor -- start
2024-09-13T17:54:30.647 INFO:teuthology.orchestra.run.smithi027.stdout:/usr/bin/ceph: stderr
2024-09-13T17:54:28.462+0000 7f2f19e00640 1 -- start start
2024-09-13T17:54:30.647 INFO:teuthology.orchestra.run.smithi027.stdout:/usr/bin/ceph: stderr
2024-09-13T17:54:28.462+0000 7f2f19e00640 1 --2- >> [v2:172.21.15.27:3300/0,v1:172.21.15.27:6789/0] conn(0x7f2f141059c0 0x7f2f1419b9c0 unknown :-1 s=NONE pgs=0 cs=0 l=1 rev1=0 crypto rx=0 tx=0 comp rx=0 tx=0).connect
2024-09-13T17:54:30.647 INFO:teuthology.orchestra.run.smithi027.stdout:/usr/bin/ceph: stderr
2024-09-13T17:54:28.462+0000 7f2f19e00640 1 -- --> [v2:172.21.15.27:3300/0,v1:172.21.15.27:6789/0] -- mon_getmap magic: 0 v1 -- 0x7f2f1419bf00 con 0x7f2f141059c0
2024-09-13T17:54:30.647 INFO:teuthology.orchestra.run.smithi027.stdout:/usr/bin/ceph: stderr
2024-09-13T17:54:28.462+0000 7f2f12a00640 1 --2- >> [v2:172.21.15.27:3300/0,v1:172.21.15.27:6789/0] conn(0x7f2f141059c0 0x7f2f1419b9c0 unknown :-1 s=BANNER_CONNECTING pgs=0 cs=0 l=1 rev1=0 crypto rx=0 tx=0 comp rx=0 tx=0)._handle_peer_banner_payload supported=3 required=0
2024-09-13T17:54:30.647 INFO:teuthology.orchestra.run.smithi027.stdout:/usr/bin/ceph: stderr
2024-09-13T17:54:28.462+0000 7f2f12a00640 1 --2- >> [v2:172.21.15.27:3300/0,v1:172.21.15.27:6789/0] conn(0x7f2f141059c0 0x7f2f1419b9c0 unknown :-1 s=HELLO_CONNECTING pgs=0 cs=0 l=1 rev1=1 crypto rx=0 tx=0 comp rx=0 tx=0).handle_hello peer v2:172.21.15.27:3300/0 says I am v2:172.21.15.27:36746/0 (socket says 172.21.15.27:36746)
2024-09-13T17:54:30.647 INFO:teuthology.orchestra.run.smithi027.stdout:/usr/bin/ceph: stderr
2024-09-13T17:54:28.462+0000 7f2f12a00640 1 -- 172.21.15.27:0/2046569364 learned_addr learned my addr 172.21.15.27:0/2046569364 (peer_addr_for_me v2:172.21.15.27:0/0)
2024-09-13T17:54:30.647 INFO:teuthology.orchestra.run.smithi027.stdout:/usr/bin/ceph: stderr
2024-09-13T17:54:28.462+0000 7f2f12a00640 1 -- 172.21.15.27:0/2046569364 --> [v2:172.21.15.27:3300/0,v1:172.21.15.27:6789/0] -- mon_subscribe({config=0+,monmap=0+}) v3 -- 0x7f2f040094d0 con 0x7f2f141059c0
2024-09-13T17:54:30.647 INFO:teuthology.orchestra.run.smithi027.stdout:/usr/bin/ceph: stderr
2024-09-13T17:54:28.463+0000 7f2f12a00640 1 --2- 172.21.15.27:0/2046569364 >> [v2:172.21.15.27:3300/0,v1:172.21.15.27:6789/0] conn(0x7f2f141059c0 0x7f2f1419b9c0 secure :-1 s=READY pgs=54 cs=0 l=1 rev1=1 crypto rx=0x7f2f040097f0 tx=0x7f2f04032670 comp rx=0 tx=0).ready entity=mon.0 client_cookie=0 server_cookie=0 in_seq=0 out_seq=0
2024-09-13T17:54:30.647 INFO:teuthology.orchestra.run.smithi027.stdout:/usr/bin/ceph: stderr
2024-09-13T17:54:28.463+0000 7f2f18a00640 1 -- 172.21.15.27:0/2046569364 <== mon.0 v2:172.21.15.27:3300/0 1 ==== mon_map magic: 0 v1 ==== 205+0+0 (secure 0 0 0) 0x7f2f04032dd0 con 0x7f2f141059c0
2024-09-13T17:54:30.647 INFO:teuthology.orchestra.run.smithi027.stdout:/usr/bin/ceph: stderr
2024-09-13T17:54:28.463+0000 7f2f18a00640 1 -- 172.21.15.27:0/2046569364 <== mon.0 v2:172.21.15.27:3300/0 2 ==== config(27 keys) v1 ==== 1139+0+0 (secure 0 0 0) 0x7f2f0403b910 con 0x7f2f141059c0
2024-09-13T17:54:30.648 INFO:teuthology.orchestra.run.smithi027.stdout:/usr/bin/ceph: stderr
2024-09-13T17:54:28.463+0000 7f2f18a00640 1 -- 172.21.15.27:0/2046569364 <== mon.0 v2:172.21.15.27:3300/0 3 ==== mon_map magic: 0 v1 ==== 205+0+0 (secure 0 0 0) 0x7f2f0403a890 con 0x7f2f141059c0
2024-09-13T17:54:30.648 INFO:teuthology.orchestra.run.smithi027.stdout:/usr/bin/ceph: stderr
2024-09-13T17:54:28.463+0000 7f2f19e00640 1 -- 172.21.15.27:0/2046569364 --> [v2:172.21.15.27:3300/0,v1:172.21.15.27:6789/0] -- mon_subscribe({mgrmap=0+}) v3 -- 0x7f2f1419c100 con 0x7f2f141059c0
2024-09-13T17:54:30.648 INFO:teuthology.orchestra.run.smithi027.stdout:/usr/bin/ceph: stderr
2024-09-13T17:54:28.463+0000 7f2f19e00640 1 -- 172.21.15.27:0/2046569364 --> [v2:172.21.15.27:3300/0,v1:172.21.15.27:6789/0] -- mon_subscribe({osdmap=0}) v3 -- 0x7f2f1419c5a0 con 0x7f2f141059c0
2024-09-13T17:54:30.648 INFO:teuthology.orchestra.run.smithi027.stdout:/usr/bin/ceph: stderr
2024-09-13T17:54:28.464+0000 7f2f18a00640 1 -- 172.21.15.27:0/2046569364 <== mon.0 v2:172.21.15.27:3300/0 4 ==== mgrmap(e 8) v1 ==== 45541+0+0 (secure 0 0 0) 0x7f2f04039040 con 0x7f2f141059c0
2024-09-13T17:54:30.648 INFO:teuthology.orchestra.run.smithi027.stdout:/usr/bin/ceph: stderr
2024-09-13T17:54:28.464+0000 7f2f19e00640 1 -- 172.21.15.27:0/2046569364 --> [v2:172.21.15.27:3300/0,v1:172.21.15.27:6789/0] -- mon_command({"prefix": "get_command_descriptions"} v 0) v1 -- 0x7f2f14109df0 con 0x7f2f141059c0
2024-09-13T17:54:30.648 INFO:teuthology.orchestra.run.smithi027.stdout:/usr/bin/ceph: stderr
2024-09-13T17:54:28.465+0000 7f2f18a00640 1 --2- 172.21.15.27:0/2046569364 >> [v2:172.21.15.27:6800/1083878216,v1:172.21.15.27:6801/1083878216] conn(0x7f2ef8038670 0x7f2ef803ab30 unknown :-1 s=NONE pgs=0 cs=0 l=1 rev1=0 crypto rx=0 tx=0 comp rx=0 tx=0).connect
2024-09-13T17:54:30.648 INFO:teuthology.orchestra.run.smithi027.stdout:/usr/bin/ceph: stderr
2024-09-13T17:54:28.465+0000 7f2f18a00640 1 -- 172.21.15.27:0/2046569364 <== mon.0 v2:172.21.15.27:3300/0 5 ==== osd_map(2..2 src has 1..2) v4 ==== 940+0+0 (secure 0 0 0) 0x7f2f0406b950 con 0x7f2f141059c0
2024-09-13T17:54:30.648 INFO:teuthology.orchestra.run.smithi027.stdout:/usr/bin/ceph: stderr
2024-09-13T17:54:28.465+0000 7f2f12000640 1 --2- 172.21.15.27:0/2046569364 >> [v2:172.21.15.27:6800/1083878216,v1:172.21.15.27:6801/1083878216] conn(0x7f2ef8038670 0x7f2ef803ab30 unknown :-1 s=BANNER_CONNECTING pgs=0 cs=0 l=1 rev1=0 crypto rx=0 tx=0 comp rx=0 tx=0)._handle_peer_banner_payload supported=3 required=0
2024-09-13T17:54:30.648 INFO:teuthology.orchestra.run.smithi027.stdout:/usr/bin/ceph: stderr
2024-09-13T17:54:28.466+0000 7f2f12000640 1 --2- 172.21.15.27:0/2046569364 >> [v2:172.21.15.27:6800/1083878216,v1:172.21.15.27:6801/1083878216] conn(0x7f2ef8038670 0x7f2ef803ab30 secure :-1 s=READY pgs=16 cs=0 l=1 rev1=1 crypto rx=0x7f2f000098c0 tx=0x7f2f00006db0 comp rx=0 tx=0).ready entity=mgr.14118 client_cookie=0 server_cookie=0 in_seq=0 out_seq=0
2024-09-13T17:54:30.648 INFO:teuthology.orchestra.run.smithi027.stdout:/usr/bin/ceph: stderr
2024-09-13T17:54:28.470+0000 7f2f18a00640 1 -- 172.21.15.27:0/2046569364 <== mon.0 v2:172.21.15.27:3300/0 6 ==== mon_command_ack([{"prefix": "get_command_descriptions"}]=0 v0) v1 ==== 72+0+183819 (secure 0 0 0) 0x7f2f0403be10 con 0x7f2f141059c0
2024-09-13T17:54:30.648 INFO:teuthology.orchestra.run.smithi027.stdout:/usr/bin/ceph: stderr
2024-09-13T17:54:28.719+0000 7f2f19e00640 1 -- 172.21.15.27:0/2046569364 --> [v2:172.21.15.27:3300/0,v1:172.21.15.27:6789/0] -- mon_command({"prefix": "mgr module enable", "module": "dashboard"} v 0) v1 -- 0x7f2f1410a060 con 0x7f2f141059c0
2024-09-13T17:54:30.648 INFO:teuthology.orchestra.run.smithi027.stdout:/usr/bin/ceph: stderr
2024-09-13T17:54:29.142+0000 7f2f18a00640 1 -- 172.21.15.27:0/2046569364 <== mon.0 v2:172.21.15.27:3300/0 7 ==== mgrmap(e 9) v1 ==== 45554+0+0 (secure 0 0 0) 0x7f2f0403b430 con 0x7f2f141059c0
2024-09-13T17:54:30.648 INFO:teuthology.orchestra.run.smithi027.stdout:/usr/bin/ceph: stderr
2024-09-13T17:54:29.143+0000 7f2f18a00640 1 -- 172.21.15.27:0/2046569364 <== mon.0 v2:172.21.15.27:3300/0 8 ==== mon_command_ack([{"prefix": "mgr module enable", "module": "dashboard"}]=0 v9) v1 ==== 88+0+0 (secure 0 0 0) 0x7f2f0406b2a0 con 0x7f2f141059c0
2024-09-13T17:54:30.649 INFO:teuthology.orchestra.run.smithi027.stdout:/usr/bin/ceph: stderr
2024-09-13T17:54:29.146+0000 7f2f19e00640 1 -- 172.21.15.27:0/2046569364 >> [v2:172.21.15.27:6800/1083878216,v1:172.21.15.27:6801/1083878216] conn(0x7f2ef8038670 msgr2=0x7f2ef803ab30 secure :-1 s=STATE_CONNECTION_ESTABLISHED l=1).mark_down
2024-09-13T17:54:30.649 INFO:teuthology.orchestra.run.smithi027.stdout:/usr/bin/ceph: stderr
2024-09-13T17:54:29.146+0000 7f2f19e00640 1 --2- 172.21.15.27:0/2046569364 >> [v2:172.21.15.27:6800/1083878216,v1:172.21.15.27:6801/1083878216] conn(0x7f2ef8038670 0x7f2ef803ab30 secure :-1 s=READY pgs=16 cs=0 l=1 rev1=1 crypto rx=0x7f2f000098c0 tx=0x7f2f00006db0 comp rx=0 tx=0).stop
2024-09-13T17:54:30.649 INFO:teuthology.orchestra.run.smithi027.stdout:/usr/bin/ceph: stderr
2024-09-13T17:54:29.146+0000 7f2f19e00640 1 -- 172.21.15.27:0/2046569364 >> [v2:172.21.15.27:3300/0,v1:172.21.15.27:6789/0] conn(0x7f2f141059c0 msgr2=0x7f2f1419b9c0 secure :-1 s=STATE_CONNECTION_ESTABLISHED l=1).mark_down
2024-09-13T17:54:30.649 INFO:teuthology.orchestra.run.smithi027.stdout:/usr/bin/ceph: stderr
2024-09-13T17:54:29.146+0000 7f2f19e00640 1 --2- 172.21.15.27:0/2046569364 >> [v2:172.21.15.27:3300/0,v1:172.21.15.27:6789/0] conn(0x7f2f141059c0 0x7f2f1419b9c0 secure :-1 s=READY pgs=54 cs=0 l=1 rev1=1 crypto rx=0x7f2f040097f0 tx=0x7f2f04032670 comp rx=0 tx=0).stop
2024-09-13T17:54:30.649 INFO:teuthology.orchestra.run.smithi027.stdout:/usr/bin/ceph: stderr
2024-09-13T17:54:29.146+0000 7f2f19e00640 1 -- 172.21.15.27:0/2046569364 shutdown_connections
2024-09-13T17:54:30.649 INFO:teuthology.orchestra.run.smithi027.stdout:/usr/bin/ceph: stderr
2024-09-13T17:54:29.146+0000 7f2f19e00640 1 --2- 172.21.15.27:0/2046569364 >> [v2:172.21.15.27:6800/1083878216,v1:172.21.15.27:6801/1083878216] conn(0x7f2ef8038670 0x7f2ef803ab30 unknown :-1 s=CLOSED pgs=16 cs=0 l=1 rev1=1 crypto rx=0 tx=0 comp rx=0 tx=0).stop
2024-09-13T17:54:30.649 INFO:teuthology.orchestra.run.smithi027.stdout:/usr/bin/ceph: stderr
2024-09-13T17:54:29.146+0000 7f2f19e00640 1 --2- 172.21.15.27:0/2046569364 >> [v2:172.21.15.27:3300/0,v1:172.21.15.27:6789/0] conn(0x7f2f141059c0 0x7f2f1419b9c0 unknown :-1 s=CLOSED pgs=54 cs=0 l=1 rev1=1 crypto rx=0 tx=0 comp rx=0 tx=0).stop
2024-09-13T17:54:30.649 INFO:teuthology.orchestra.run.smithi027.stdout:/usr/bin/ceph: stderr
2024-09-13T17:54:29.146+0000 7f2f19e00640 1 -- 172.21.15.27:0/2046569364 >> 172.21.15.27:0/2046569364 conn(0x7f2f14101130 msgr2=0x7f2f14101c70 unknown :-1 s=STATE_NONE l=0).mark_down
2024-09-13T17:54:30.649 INFO:teuthology.orchestra.run.smithi027.stdout:/usr/bin/ceph: stderr
2024-09-13T17:54:29.146+0000 7f2f19e00640 1 -- 172.21.15.27:0/2046569364 shutdown_connections
2024-09-13T17:54:30.649 INFO:teuthology.orchestra.run.smithi027.stdout:/usr/bin/ceph: stderr
2024-09-13T17:54:29.146+0000 7f2f19e00640 1 -- 172.21.15.27:0/2046569364 wait complete.
2024-09-13T17:54:30.906 INFO:journalctl@ceph.mgr.x.smithi027.stdout:Sep 13 17:54:30 smithi027 ceph-f5527e2e-71f8-11ef-bceb-c7b262605968-mgr-x[30836]:
2024-09-13T17:54:30.774+0000 7f4f29f74040 -1 mgr[py] Module volumes has missing NOTIFY_TYPES member
2024-09-13T17:54:31.725 INFO:journalctl@ceph.mon.a.smithi027.stdout:Sep 13 17:54:31 smithi027 ceph-mon[30611]: from='client.? 172.21.15.27:0/1159056758' entity='client.admin' cmd=[{"prefix": "mgr stat"}]: dispatch
2024-09-13T17:54:32.021 INFO:journalctl@ceph.mgr.x.smithi027.stdout:Sep 13 17:54:31 smithi027 ceph-f5527e2e-71f8-11ef-bceb-c7b262605968-mgr-x[30836]:
2024-09-13T17:54:31.936+0000 7f4f29f74040 -1 mgr[py] Module telemetry has missing NOTIFY_TYPES member
2024-09-13T17:54:32.021 INFO:journalctl@ceph.mgr.x.smithi027.stdout:Sep 13 17:54:32 smithi027 ceph-f5527e2e-71f8-11ef-bceb-c7b262605968-mgr-x[30836]:
2024-09-13T17:54:32.018+0000 7f4f29f74040 -1 mgr[py] Module balancer has missing NOTIFY_TYPES member
2024-09-13T17:54:32.074 INFO:teuthology.orchestra.run.smithi027.stdout:/usr/bin/ceph: stdout {
2024-09-13T17:54:32.074 INFO:teuthology.orchestra.run.smithi027.stdout:/usr/bin/ceph: stdout "epoch": 9,
2024-09-13T17:54:32.074 INFO:teuthology.orchestra.run.smithi027.stdout:/usr/bin/ceph: stdout "available": true,
2024-09-13T17:54:32.074 INFO:teuthology.orchestra.run.smithi027.stdout:/usr/bin/ceph: stdout "active_name": "x",
2024-09-13T17:54:32.074 INFO:teuthology.orchestra.run.smithi027.stdout:/usr/bin/ceph: stdout "num_standby": 0
2024-09-13T17:54:32.074 INFO:teuthology.orchestra.run.smithi027.stdout:/usr/bin/ceph: stdout }
2024-09-13T17:54:32.074 INFO:teuthology.orchestra.run.smithi027.stdout:/usr/bin/ceph: stderr
2024-09-13T17:54:31.175+0000 7fe9f4800640 1 Processor -- start
2024-09-13T17:54:32.074 INFO:teuthology.orchestra.run.smithi027.stdout:/usr/bin/ceph: stderr
2024-09-13T17:54:31.175+0000 7fe9f4800640 1 -- start start
2024-09-13T17:54:32.074 INFO:teuthology.orchestra.run.smithi027.stdout:/usr/bin/ceph: stderr
2024-09-13T17:54:31.175+0000 7fe9f4800640 1 --2- >> [v2:172.21.15.27:3300/0,v1:172.21.15.27:6789/0] conn(0x7fe9ec107c20 0x7fe9ec108020 unknown :-1 s=NONE pgs=0 cs=0 l=0 rev1=0 crypto rx=0 tx=0 comp rx=0 tx=0).connect
2024-09-13T17:54:32.074 INFO:teuthology.orchestra.run.smithi027.stdout:/usr/bin/ceph: stderr
2024-09-13T17:54:31.175+0000 7fe9f4800640 1 -- --> [v2:172.21.15.27:3300/0,v1:172.21.15.27:6789/0] -- mon_getmap magic: 0 v1 -- 0x7fe9ec1085f0 con 0x7fe9ec107c20
2024-09-13T17:54:32.075 INFO:teuthology.orchestra.run.smithi027.stdout:/usr/bin/ceph: stderr
2024-09-13T17:54:31.175+0000 7fe9f1e00640 1 --2- >> [v2:172.21.15.27:3300/0,v1:172.21.15.27:6789/0] conn(0x7fe9ec107c20 0x7fe9ec108020 unknown :-1 s=BANNER_CONNECTING pgs=0 cs=0 l=0 rev1=0 crypto rx=0 tx=0 comp rx=0 tx=0)._handle_peer_banner_payload supported=3 required=0
2024-09-13T17:54:32.075 INFO:teuthology.orchestra.run.smithi027.stdout:/usr/bin/ceph: stderr
2024-09-13T17:54:31.176+0000 7fe9f1e00640 1 --2- >> [v2:172.21.15.27:3300/0,v1:172.21.15.27:6789/0] conn(0x7fe9ec107c20 0x7fe9ec108020 unknown :-1 s=HELLO_CONNECTING pgs=0 cs=0 l=0 rev1=1 crypto rx=0 tx=0 comp rx=0 tx=0).handle_hello peer v2:172.21.15.27:3300/0 says I am v2:172.21.15.27:52938/0 (socket says 172.21.15.27:52938)
2024-09-13T17:54:32.075 INFO:teuthology.orchestra.run.smithi027.stdout:/usr/bin/ceph: stderr
2024-09-13T17:54:31.176+0000 7fe9f1e00640 1 -- 172.21.15.27:0/3916019250 learned_addr learned my addr 172.21.15.27:0/3916019250 (peer_addr_for_me v2:172.21.15.27:0/0)
2024-09-13T17:54:32.075 INFO:teuthology.orchestra.run.smithi027.stdout:/usr/bin/ceph: stderr
2024-09-13T17:54:31.176+0000 7fe9f1e00640 1 -- 172.21.15.27:0/3916019250 --> [v2:172.21.15.27:3300/0,v1:172.21.15.27:6789/0] -- mon_subscribe({config=0+,monmap=0+}) v3 -- 0x7fe9ec108dd0 con 0x7fe9ec107c20
2024-09-13T17:54:32.075 INFO:teuthology.orchestra.run.smithi027.stdout:/usr/bin/ceph: stderr
2024-09-13T17:54:31.178+0000 7fe9f1e00640 1 --2- 172.21.15.27:0/3916019250 >> [v2:172.21.15.27:3300/0,v1:172.21.15.27:6789/0] conn(0x7fe9ec107c20 0x7fe9ec108020 secure :-1 s=READY pgs=57 cs=0 l=1 rev1=1 crypto rx=0x7fe9e0009820 tx=0x7fe9e002a270 comp rx=0 tx=0).ready entity=mon.0 client_cookie=293fc7ce0faed928 server_cookie=0 in_seq=0 out_seq=0
2024-09-13T17:54:32.075 INFO:teuthology.orchestra.run.smithi027.stdout:/usr/bin/ceph: stderr
2024-09-13T17:54:31.178+0000 7fe9f0a00640 1 -- 172.21.15.27:0/3916019250 <== mon.0 v2:172.21.15.27:3300/0 1 ==== mon_map magic: 0 v1 ==== 205+0+0 (secure 0 0 0) 0x7fe9e002ae70 con 0x7fe9ec107c20
2024-09-13T17:54:32.075 INFO:teuthology.orchestra.run.smithi027.stdout:/usr/bin/ceph: stderr
2024-09-13T17:54:31.178+0000 7fe9f0a00640 1 -- 172.21.15.27:0/3916019250 <== mon.0 v2:172.21.15.27:3300/0 2 ==== config(27 keys) v1 ==== 1139+0+0 (secure 0 0 0) 0x7fe9e0032920 con 0x7fe9ec107c20
2024-09-13T17:54:32.075 INFO:teuthology.orchestra.run.smithi027.stdout:/usr/bin/ceph: stderr
2024-09-13T17:54:31.178+0000 7fe9f0a00640 1 -- 172.21.15.27:0/3916019250 <== mon.0 v2:172.21.15.27:3300/0 3 ==== mon_map magic: 0 v1 ==== 205+0+0 (secure 0 0 0) 0x7fe9e0030920 con 0x7fe9ec107c20
2024-09-13T17:54:32.075 INFO:teuthology.orchestra.run.smithi027.stdout:/usr/bin/ceph: stderr
2024-09-13T17:54:31.179+0000 7fe9f4800640 1 -- 172.21.15.27:0/3916019250 >> [v2:172.21.15.27:3300/0,v1:172.21.15.27:6789/0] conn(0x7fe9ec107c20 msgr2=0x7fe9ec108020 secure :-1 s=STATE_CONNECTION_ESTABLISHED l=1).mark_down
2024-09-13T17:54:32.075 INFO:teuthology.orchestra.run.smithi027.stdout:/usr/bin/ceph: stderr
2024-09-13T17:54:31.179+0000 7fe9f4800640 1 --2- 172.21.15.27:0/3916019250 >> [v2:172.21.15.27:3300/0,v1:172.21.15.27:6789/0] conn(0x7fe9ec107c20 0x7fe9ec108020 secure :-1 s=READY pgs=57 cs=0 l=1 rev1=1 crypto rx=0x7fe9e0009820 tx=0x7fe9e002a270 comp rx=0 tx=0).stop
2024-09-13T17:54:32.075 INFO:teuthology.orchestra.run.smithi027.stdout:/usr/bin/ceph: stderr
2024-09-13T17:54:31.179+0000 7fe9f4800640 1 -- 172.21.15.27:0/3916019250 shutdown_connections
2024-09-13T17:54:32.075 INFO:teuthology.orchestra.run.smithi027.stdout:/usr/bin/ceph: stderr
2024-09-13T17:54:31.179+0000 7fe9f4800640 1 --2- 172.21.15.27:0/3916019250 >> [v2:172.21.15.27:3300/0,v1:172.21.15.27:6789/0] conn(0x7fe9ec107c20 0x7fe9ec108020 unknown :-1 s=CLOSED pgs=57 cs=0 l=1 rev1=1 crypto rx=0 tx=0 comp rx=0 tx=0).stop
2024-09-13T17:54:32.075 INFO:teuthology.orchestra.run.smithi027.stdout:/usr/bin/ceph: stderr
2024-09-13T17:54:31.179+0000 7fe9f4800640 1 -- 172.21.15.27:0/3916019250 >> 172.21.15.27:0/3916019250 conn(0x7fe9ec07b250 msgr2=0x7fe9ec07b660 unknown :-1 s=STATE_NONE l=0).mark_down
2024-09-13T17:54:32.075 INFO:teuthology.orchestra.run.smithi027.stdout:/usr/bin/ceph: stderr
2024-09-13T17:54:31.179+0000 7fe9f4800640 1 -- 172.21.15.27:0/3916019250 shutdown_connections
2024-09-13T17:54:32.076 INFO:teuthology.orchestra.run.smithi027.stdout:/usr/bin/ceph: stderr
2024-09-13T17:54:31.179+0000 7fe9f4800640 1 -- 172.21.15.27:0/3916019250 wait complete.
2024-09-13T17:54:32.076 INFO:teuthology.orchestra.run.smithi027.stdout:/usr/bin/ceph: stderr
2024-09-13T17:54:31.180+0000 7fe9f4800640 1 Processor -- start
2024-09-13T17:54:32.076 INFO:teuthology.orchestra.run.smithi027.stdout:/usr/bin/ceph: stderr
2024-09-13T17:54:31.180+0000 7fe9f4800640 1 -- start start
2024-09-13T17:54:32.076 INFO:teuthology.orchestra.run.smithi027.stdout:/usr/bin/ceph: stderr
2024-09-13T17:54:31.180+0000 7fe9f4800640 1 --2- >> [v2:172.21.15.27:3300/0,v1:172.21.15.27:6789/0] conn(0x7fe9ec19bb60 0x7fe9ec19bf80 unknown :-1 s=NONE pgs=0 cs=0 l=1 rev1=0 crypto rx=0 tx=0 comp rx=0 tx=0).connect
2024-09-13T17:54:32.076 INFO:teuthology.orchestra.run.smithi027.stdout:/usr/bin/ceph: stderr
2024-09-13T17:54:31.180+0000 7fe9f4800640 1 -- --> [v2:172.21.15.27:3300/0,v1:172.21.15.27:6789/0] -- mon_getmap magic: 0 v1 -- 0x7fe9ec19c4c0 con 0x7fe9ec19bb60
2024-09-13T17:54:32.076 INFO:teuthology.orchestra.run.smithi027.stdout:/usr/bin/ceph: stderr
2024-09-13T17:54:31.181+0000 7fe9f1e00640 1 --2- >> [v2:172.21.15.27:3300/0,v1:172.21.15.27:6789/0] conn(0x7fe9ec19bb60 0x7fe9ec19bf80 unknown :-1 s=BANNER_CONNECTING pgs=0 cs=0 l=1 rev1=0 crypto rx=0 tx=0 comp rx=0 tx=0)._handle_peer_banner_payload supported=3 required=0
2024-09-13T17:54:32.076 INFO:teuthology.orchestra.run.smithi027.stdout:/usr/bin/ceph: stderr
2024-09-13T17:54:31.181+0000 7fe9f1e00640 1 --2- >> [v2:172.21.15.27:3300/0,v1:172.21.15.27:6789/0] conn(0x7fe9ec19bb60 0x7fe9ec19bf80 unknown :-1 s=HELLO_CONNECTING pgs=0 cs=0 l=1 rev1=1 crypto rx=0 tx=0 comp rx=0 tx=0).handle_hello peer v2:172.21.15.27:3300/0 says I am v2:172.21.15.27:52944/0 (socket says 172.21.15.27:52944)
2024-09-13T17:54:32.076 INFO:teuthology.orchestra.run.smithi027.stdout:/usr/bin/ceph: stderr
2024-09-13T17:54:31.181+0000 7fe9f1e00640 1 -- 172.21.15.27:0/1159056758 learned_addr learned my addr 172.21.15.27:0/1159056758 (peer_addr_for_me v2:172.21.15.27:0/0)
2024-09-13T17:54:32.076 INFO:teuthology.orchestra.run.smithi027.stdout:/usr/bin/ceph: stderr
2024-09-13T17:54:31.181+0000 7fe9f1e00640 1 -- 172.21.15.27:0/1159056758 --> [v2:172.21.15.27:3300/0,v1:172.21.15.27:6789/0] -- mon_subscribe({config=0+,monmap=0+}) v3 -- 0x7fe9e00094d0 con 0x7fe9ec19bb60
2024-09-13T17:54:32.076 INFO:teuthology.orchestra.run.smithi027.stdout:/usr/bin/ceph: stderr
2024-09-13T17:54:31.181+0000 7fe9f1e00640 1 --2- 172.21.15.27:0/1159056758 >> [v2:172.21.15.27:3300/0,v1:172.21.15.27:6789/0] conn(0x7fe9ec19bb60 0x7fe9ec19bf80 secure :-1 s=READY pgs=58 cs=0 l=1 rev1=1 crypto rx=0x7fe9e0009940 tx=0x7fe9e0032650 comp rx=0 tx=0).ready entity=mon.0 client_cookie=0 server_cookie=0 in_seq=0 out_seq=0
2024-09-13T17:54:32.076 INFO:teuthology.orchestra.run.smithi027.stdout:/usr/bin/ceph: stderr
2024-09-13T17:54:31.182+0000 7fe9e6a00640 1 -- 172.21.15.27:0/1159056758 <== mon.0 v2:172.21.15.27:3300/0 1 ==== mon_map magic: 0 v1 ==== 205+0+0 (secure 0 0 0) 0x7fe9e0032ca0 con 0x7fe9ec19bb60
2024-09-13T17:54:32.076 INFO:teuthology.orchestra.run.smithi027.stdout:/usr/bin/ceph: stderr
2024-09-13T17:54:31.182+0000 7fe9e6a00640 1 -- 172.21.15.27:0/1159056758 <== mon.0 v2:172.21.15.27:3300/0 2 ==== config(27 keys) v1 ==== 1139+0+0 (secure 0 0 0) 0x7fe9e0032e00 con 0x7fe9ec19bb60
2024-09-13T17:54:32.077 INFO:teuthology.orchestra.run.smithi027.stdout:/usr/bin/ceph: stderr
2024-09-13T17:54:31.182+0000 7fe9e6a00640 1 -- 172.21.15.27:0/1159056758 <== mon.0 v2:172.21.15.27:3300/0 3 ==== mon_map magic: 0 v1 ==== 205+0+0 (secure 0 0 0) 0x7fe9e003a5b0 con 0x7fe9ec19bb60
2024-09-13T17:54:32.077 INFO:teuthology.orchestra.run.smithi027.stdout:/usr/bin/ceph: stderr
2024-09-13T17:54:31.182+0000 7fe9f4800640 1 -- 172.21.15.27:0/1159056758 --> [v2:172.21.15.27:3300/0,v1:172.21.15.27:6789/0] -- mon_subscribe({mgrmap=0+}) v3 -- 0x7fe9ec19c6c0 con 0x7fe9ec19bb60
2024-09-13T17:54:32.077 INFO:teuthology.orchestra.run.smithi027.stdout:/usr/bin/ceph: stderr
2024-09-13T17:54:31.182+0000 7fe9f4800640 1 -- 172.21.15.27:0/1159056758 --> [v2:172.21.15.27:3300/0,v1:172.21.15.27:6789/0] -- mon_subscribe({osdmap=0}) v3 -- 0x7fe9ec19f230 con 0x7fe9ec19bb60
2024-09-13T17:54:32.077 INFO:teuthology.orchestra.run.smithi027.stdout:/usr/bin/ceph: stderr
2024-09-13T17:54:31.183+0000 7fe9e6a00640 1 -- 172.21.15.27:0/1159056758 <== mon.0 v2:172.21.15.27:3300/0 4 ==== mgrmap(e 9) v1 ==== 45554+0+0 (secure 0 0 0) 0x7fe9e0039040 con 0x7fe9ec19bb60
2024-09-13T17:54:32.077 INFO:teuthology.orchestra.run.smithi027.stdout:/usr/bin/ceph: stderr
2024-09-13T17:54:31.183+0000 7fe9f4800640 1 -- 172.21.15.27:0/1159056758 --> [v2:172.21.15.27:3300/0,v1:172.21.15.27:6789/0] -- mon_command({"prefix": "get_command_descriptions"} v 0) v1 -- 0x7fe9ec10c000 con 0x7fe9ec19bb60
2024-09-13T17:54:32.077 INFO:teuthology.orchestra.run.smithi027.stdout:/usr/bin/ceph: stderr
2024-09-13T17:54:31.184+0000 7fe9e6a00640 1 --2- 172.21.15.27:0/1159056758 >> [v2:172.21.15.27:6800/1083878216,v1:172.21.15.27:6801/1083878216] conn(0x7fe9d4038670 0x7fe9d403ab30 unknown :-1 s=NONE pgs=0 cs=0 l=1 rev1=0 crypto rx=0 tx=0 comp rx=0 tx=0).connect
2024-09-13T17:54:32.077 INFO:teuthology.orchestra.run.smithi027.stdout:/usr/bin/ceph: stderr
2024-09-13T17:54:31.184+0000 7fe9e6a00640 1 -- 172.21.15.27:0/1159056758 <== mon.0 v2:172.21.15.27:3300/0 5 ==== osd_map(2..2 src has 1..2) v4 ==== 940+0+0 (secure 0 0 0) 0x7fe9e006b700 con 0x7fe9ec19bb60
2024-09-13T17:54:32.077 INFO:teuthology.orchestra.run.smithi027.stdout:/usr/bin/ceph: stderr
2024-09-13T17:54:31.184+0000 7fe9f1400640 1 -- 172.21.15.27:0/1159056758 >> [v2:172.21.15.27:6800/1083878216,v1:172.21.15.27:6801/1083878216] conn(0x7fe9d4038670 msgr2=0x7fe9d403ab30 unknown :-1 s=STATE_CONNECTING_RE l=1).process reconnect failed to v2:172.21.15.27:6800/1083878216
2024-09-13T17:54:32.077 INFO:teuthology.orchestra.run.smithi027.stdout:/usr/bin/ceph: stderr
2024-09-13T17:54:31.184+0000 7fe9f1400640 1 --2- 172.21.15.27:0/1159056758 >> [v2:172.21.15.27:6800/1083878216,v1:172.21.15.27:6801/1083878216] conn(0x7fe9d4038670 0x7fe9d403ab30 unknown :-1 s=START_CONNECT pgs=0 cs=0 l=1 rev1=0 crypto rx=0 tx=0 comp rx=0 tx=0)._fault waiting 0.200000
2024-09-13T17:54:32.077 INFO:teuthology.orchestra.run.smithi027.stdout:/usr/bin/ceph: stderr
2024-09-13T17:54:31.188+0000 7fe9e6a00640 1 -- 172.21.15.27:0/1159056758 <== mon.0 v2:172.21.15.27:3300/0 6 ==== mon_command_ack([{"prefix": "get_command_descriptions"}]=0 v0) v1 ==== 72+0+183819 (secure 0 0 0) 0x7fe9e0031580 con 0x7fe9ec19bb60
2024-09-13T17:54:32.077 INFO:teuthology.orchestra.run.smithi027.stdout:/usr/bin/ceph: stderr
2024-09-13T17:54:31.385+0000 7fe9f1400640 1 -- 172.21.15.27:0/1159056758 >> [v2:172.21.15.27:6800/1083878216,v1:172.21.15.27:6801/1083878216] conn(0x7fe9d4038670 msgr2=0x7fe9d403ab30 unknown :-1 s=STATE_CONNECTING_RE l=1).process reconnect failed to v2:172.21.15.27:6800/1083878216
2024-09-13T17:54:32.077 INFO:teuthology.orchestra.run.smithi027.stdout:/usr/bin/ceph: stderr
2024-09-13T17:54:31.385+0000 7fe9f1400640 1 --2- 172.21.15.27:0/1159056758 >> [v2:172.21.15.27:6800/1083878216,v1:172.21.15.27:6801/1083878216] conn(0x7fe9d4038670 0x7fe9d403ab30 unknown :-1 s=START_CONNECT pgs=0 cs=0 l=1 rev1=0 crypto rx=0 tx=0 comp rx=0 tx=0)._fault waiting 0.400000
2024-09-13T17:54:32.077 INFO:teuthology.orchestra.run.smithi027.stdout:/usr/bin/ceph: stderr
2024-09-13T17:54:31.417+0000 7fe9f4800640 1 -- 172.21.15.27:0/1159056758 --> [v2:172.21.15.27:3300/0,v1:172.21.15.27:6789/0] -- mon_command({"prefix": "mgr stat"} v 0) v1 -- 0x7fe9ec19f3c0 con 0x7fe9ec19bb60
2024-09-13T17:54:32.078 INFO:teuthology.orchestra.run.smithi027.stdout:/usr/bin/ceph: stderr
2024-09-13T17:54:31.418+0000 7fe9e6a00640 1 -- 172.21.15.27:0/1159056758 <== mon.0 v2:172.21.15.27:3300/0 7 ==== mon_command_ack([{"prefix": "mgr stat"}]=0 v9) v1 ==== 56+0+88 (secure 0 0 0) 0x7fe9e003f020 con 0x7fe9ec19bb60
2024-09-13T17:54:32.078 INFO:teuthology.orchestra.run.smithi027.stdout:/usr/bin/ceph: stderr
2024-09-13T17:54:31.420+0000 7fe9f4800640 1 -- 172.21.15.27:0/1159056758 >> [v2:172.21.15.27:6800/1083878216,v1:172.21.15.27:6801/1083878216] conn(0x7fe9d4038670 msgr2=0x7fe9d403ab30 unknown :-1 s=STATE_CONNECTING l=1).mark_down
2024-09-13T17:54:32.078 INFO:teuthology.orchestra.run.smithi027.stdout:/usr/bin/ceph: stderr
2024-09-13T17:54:31.420+0000 7fe9f4800640 1 --2- 172.21.15.27:0/1159056758 >> [v2:172.21.15.27:6800/1083878216,v1:172.21.15.27:6801/1083878216] conn(0x7fe9d4038670 0x7fe9d403ab30 unknown :-1 s=START_CONNECT pgs=0 cs=0 l=1 rev1=0 crypto rx=0 tx=0 comp rx=0 tx=0).stop
2024-09-13T17:54:32.078 INFO:teuthology.orchestra.run.smithi027.stdout:/usr/bin/ceph: stderr
2024-09-13T17:54:31.420+0000 7fe9f4800640 1 -- 172.21.15.27:0/1159056758 >> [v2:172.21.15.27:3300/0,v1:172.21.15.27:6789/0] conn(0x7fe9ec19bb60 msgr2=0x7fe9ec19bf80 secure :-1 s=STATE_CONNECTION_ESTABLISHED l=1).mark_down
2024-09-13T17:54:32.078 INFO:teuthology.orchestra.run.smithi027.stdout:/usr/bin/ceph: stderr
2024-09-13T17:54:31.420+0000 7fe9f4800640 1 --2- 172.21.15.27:0/1159056758 >> [v2:172.21.15.27:3300/0,v1:172.21.15.27:6789/0] conn(0x7fe9ec19bb60 0x7fe9ec19bf80 secure :-1 s=READY pgs=58 cs=0 l=1 rev1=1 crypto rx=0x7fe9e0009940 tx=0x7fe9e0032650 comp rx=0 tx=0).stop
2024-09-13T17:54:32.078 INFO:teuthology.orchestra.run.smithi027.stdout:/usr/bin/ceph: stderr
2024-09-13T17:54:31.421+0000 7fe9f4800640 1 -- 172.21.15.27:0/1159056758 shutdown_connections
2024-09-13T17:54:32.078 INFO:teuthology.orchestra.run.smithi027.stdout:/usr/bin/ceph: stderr
2024-09-13T17:54:31.421+0000 7fe9f4800640 1 --2- 172.21.15.27:0/1159056758 >> [v2:172.21.15.27:6800/1083878216,v1:172.21.15.27:6801/1083878216] conn(0x7fe9d4038670 0x7fe9d403ab30 unknown :-1 s=CLOSED pgs=0 cs=0 l=1 rev1=0 crypto rx=0 tx=0 comp rx=0 tx=0).stop
2024-09-13T17:54:32.078 INFO:teuthology.orchestra.run.smithi027.stdout:/usr/bin/ceph: stderr
2024-09-13T17:54:31.421+0000 7fe9f4800640 1 --2- 172.21.15.27:0/1159056758 >> [v2:172.21.15.27:3300/0,v1:172.21.15.27:6789/0] conn(0x7fe9ec19bb60 0x7fe9ec19bf80 unknown :-1 s=CLOSED pgs=58 cs=0 l=1 rev1=1 crypto rx=0 tx=0 comp rx=0 tx=0).stop
2024-09-13T17:54:32.078 INFO:teuthology.orchestra.run.smithi027.stdout:/usr/bin/ceph: stderr
2024-09-13T17:54:31.421+0000 7fe9f4800640 1 -- 172.21.15.27:0/1159056758 >> 172.21.15.27:0/1159056758 conn(0x7fe9ec07b250 msgr2=0x7fe9ec105650 unknown :-1 s=STATE_NONE l=0).mark_down
2024-09-13T17:54:32.078 INFO:teuthology.orchestra.run.smithi027.stdout:/usr/bin/ceph: stderr
2024-09-13T17:54:31.421+0000 7fe9f4800640 1 -- 172.21.15.27:0/1159056758 shutdown_connections
2024-09-13T17:54:32.078 INFO:teuthology.orchestra.run.smithi027.stdout:/usr/bin/ceph: stderr
2024-09-13T17:54:31.421+0000 7fe9f4800640 1 -- 172.21.15.27:0/1159056758 wait complete.
2024-09-13T17:54:32.078 INFO:teuthology.orchestra.run.smithi027.stdout:Waiting for the mgr to restart...
2024-09-13T17:54:32.078 INFO:teuthology.orchestra.run.smithi027.stdout:Waiting for mgr epoch 9...
2024-09-13T17:54:33.306 INFO:journalctl@ceph.mgr.x.smithi027.stdout:Sep 13 17:54:33 smithi027 ceph-f5527e2e-71f8-11ef-bceb-c7b262605968-mgr-x[30836]:
2024-09-13T17:54:33.002+0000 7f4f29f74040 -1 mgr[py] Module rook has missing NOTIFY_TYPES member
2024-09-13T17:54:33.307 INFO:journalctl@ceph.mgr.x.smithi027.stdout:Sep 13 17:54:33 smithi027 ceph-f5527e2e-71f8-11ef-bceb-c7b262605968-mgr-x[30836]:
