2024-09-13T17:54:20.564+0000 7f3a5fe00640 1 --2- >> [v2:172.21.15.27:3300/0,v1:172.21.15.27:6789/0] conn(0x7f3a60107bf0 0x7f3a60107ff0 unknown :-1 s=HELLO_CONNECTING pgs=0 cs=0 l=0 rev1=1 crypto rx=0 tx=0 comp rx=0 tx=0).handle_hello peer v2:172.21.15.27:3300/0 says I am v2:172.21.15.27:36682/0 (socket says 172.21.15.27:36682)
2024-09-13T17:54:21.909 INFO:teuthology.orchestra.run.smithi027.stdout:/usr/bin/ceph: stderr
2024-09-13T17:54:20.564+0000 7f3a5fe00640 1 -- 172.21.15.27:0/3374433475 learned_addr learned my addr 172.21.15.27:0/3374433475 (peer_addr_for_me v2:172.21.15.27:0/0)
2024-09-13T17:54:21.909 INFO:teuthology.orchestra.run.smithi027.stdout:/usr/bin/ceph: stderr
2024-09-13T17:54:20.564+0000 7f3a5fe00640 1 -- 172.21.15.27:0/3374433475 --> [v2:172.21.15.27:3300/0,v1:172.21.15.27:6789/0] -- mon_subscribe({config=0+,monmap=0+}) v3 -- 0x7f3a60108da0 con 0x7f3a60107bf0
2024-09-13T17:54:21.909 INFO:teuthology.orchestra.run.smithi027.stdout:/usr/bin/ceph: stderr
2024-09-13T17:54:20.565+0000 7f3a5fe00640 1 --2- 172.21.15.27:0/3374433475 >> [v2:172.21.15.27:3300/0,v1:172.21.15.27:6789/0] conn(0x7f3a60107bf0 0x7f3a60107ff0 secure :-1 s=READY pgs=45 cs=0 l=1 rev1=1 crypto rx=0x7f3a50009820 tx=0x7f3a5002a270 comp rx=0 tx=0).ready entity=mon.0 client_cookie=509564173d680ce7 server_cookie=0 in_seq=0 out_seq=0
2024-09-13T17:54:21.909 INFO:teuthology.orchestra.run.smithi027.stdout:/usr/bin/ceph: stderr
2024-09-13T17:54:20.565+0000 7f3a5ea00640 1 -- 172.21.15.27:0/3374433475 <== mon.0 v2:172.21.15.27:3300/0 1 ==== mon_map magic: 0 v1 ==== 205+0+0 (secure 0 0 0) 0x7f3a5002ae70 con 0x7f3a60107bf0
2024-09-13T17:54:21.909 INFO:teuthology.orchestra.run.smithi027.stdout:/usr/bin/ceph: stderr
2024-09-13T17:54:20.566+0000 7f3a5ea00640 1 -- 172.21.15.27:0/3374433475 <== mon.0 v2:172.21.15.27:3300/0 2 ==== config(27 keys) v1 ==== 1108+0+0 (secure 0 0 0) 0x7f3a50032900 con 0x7f3a60107bf0
2024-09-13T17:54:21.909 INFO:teuthology.orchestra.run.smithi027.stdout:/usr/bin/ceph: stderr
2024-09-13T17:54:20.566+0000 7f3a5ea00640 1 -- 172.21.15.27:0/3374433475 <== mon.0 v2:172.21.15.27:3300/0 3 ==== mon_map magic: 0 v1 ==== 205+0+0 (secure 0 0 0) 0x7f3a500309d0 con 0x7f3a60107bf0
2024-09-13T17:54:21.909 INFO:teuthology.orchestra.run.smithi027.stdout:/usr/bin/ceph: stderr
2024-09-13T17:54:20.566+0000 7f3a67200640 1 -- 172.21.15.27:0/3374433475 >> [v2:172.21.15.27:3300/0,v1:172.21.15.27:6789/0] conn(0x7f3a60107bf0 msgr2=0x7f3a60107ff0 secure :-1 s=STATE_CONNECTION_ESTABLISHED l=1).mark_down
2024-09-13T17:54:21.909 INFO:teuthology.orchestra.run.smithi027.stdout:/usr/bin/ceph: stderr
2024-09-13T17:54:20.566+0000 7f3a67200640 1 --2- 172.21.15.27:0/3374433475 >> [v2:172.21.15.27:3300/0,v1:172.21.15.27:6789/0] conn(0x7f3a60107bf0 0x7f3a60107ff0 secure :-1 s=READY pgs=45 cs=0 l=1 rev1=1 crypto rx=0x7f3a50009820 tx=0x7f3a5002a270 comp rx=0 tx=0).stop
2024-09-13T17:54:21.910 INFO:teuthology.orchestra.run.smithi027.stdout:/usr/bin/ceph: stderr
2024-09-13T17:54:20.566+0000 7f3a67200640 1 -- 172.21.15.27:0/3374433475 shutdown_connections
2024-09-13T17:54:21.910 INFO:teuthology.orchestra.run.smithi027.stdout:/usr/bin/ceph: stderr
2024-09-13T17:54:20.566+0000 7f3a67200640 1 --2- 172.21.15.27:0/3374433475 >> [v2:172.21.15.27:3300/0,v1:172.21.15.27:6789/0] conn(0x7f3a60107bf0 0x7f3a60107ff0 unknown :-1 s=CLOSED pgs=45 cs=0 l=1 rev1=1 crypto rx=0 tx=0 comp rx=0 tx=0).stop
2024-09-13T17:54:21.910 INFO:teuthology.orchestra.run.smithi027.stdout:/usr/bin/ceph: stderr
2024-09-13T17:54:20.566+0000 7f3a67200640 1 -- 172.21.15.27:0/3374433475 >> 172.21.15.27:0/3374433475 conn(0x7f3a6007b1e0 msgr2=0x7f3a6007b5f0 unknown :-1 s=STATE_NONE l=0).mark_down
2024-09-13T17:54:21.910 INFO:teuthology.orchestra.run.smithi027.stdout:/usr/bin/ceph: stderr
2024-09-13T17:54:20.566+0000 7f3a67200640 1 -- 172.21.15.27:0/3374433475 shutdown_connections
2024-09-13T17:54:21.910 INFO:teuthology.orchestra.run.smithi027.stdout:/usr/bin/ceph: stderr
2024-09-13T17:54:20.566+0000 7f3a67200640 1 -- 172.21.15.27:0/3374433475 wait complete.
2024-09-13T17:54:21.910 INFO:teuthology.orchestra.run.smithi027.stdout:/usr/bin/ceph: stderr
2024-09-13T17:54:20.567+0000 7f3a67200640 1 Processor -- start
2024-09-13T17:54:21.910 INFO:teuthology.orchestra.run.smithi027.stdout:/usr/bin/ceph: stderr
2024-09-13T17:54:20.567+0000 7f3a67200640 1 -- start start
2024-09-13T17:54:21.910 INFO:teuthology.orchestra.run.smithi027.stdout:/usr/bin/ceph: stderr
2024-09-13T17:54:20.568+0000 7f3a67200640 1 --2- >> [v2:172.21.15.27:3300/0,v1:172.21.15.27:6789/0] conn(0x7f3a60107bf0 0x7f3a6019b9b0 unknown :-1 s=NONE pgs=0 cs=0 l=1 rev1=0 crypto rx=0 tx=0 comp rx=0 tx=0).connect
2024-09-13T17:54:21.910 INFO:teuthology.orchestra.run.smithi027.stdout:/usr/bin/ceph: stderr
2024-09-13T17:54:20.568+0000 7f3a67200640 1 -- --> [v2:172.21.15.27:3300/0,v1:172.21.15.27:6789/0] -- mon_getmap magic: 0 v1 -- 0x7f3a6019bef0 con 0x7f3a60107bf0
2024-09-13T17:54:21.910 INFO:teuthology.orchestra.run.smithi027.stdout:/usr/bin/ceph: stderr
2024-09-13T17:54:20.568+0000 7f3a5fe00640 1 --2- >> [v2:172.21.15.27:3300/0,v1:172.21.15.27:6789/0] conn(0x7f3a60107bf0 0x7f3a6019b9b0 unknown :-1 s=BANNER_CONNECTING pgs=0 cs=0 l=1 rev1=0 crypto rx=0 tx=0 comp rx=0 tx=0)._handle_peer_banner_payload supported=3 required=0
2024-09-13T17:54:21.910 INFO:teuthology.orchestra.run.smithi027.stdout:/usr/bin/ceph: stderr
2024-09-13T17:54:20.568+0000 7f3a5fe00640 1 --2- >> [v2:172.21.15.27:3300/0,v1:172.21.15.27:6789/0] conn(0x7f3a60107bf0 0x7f3a6019b9b0 unknown :-1 s=HELLO_CONNECTING pgs=0 cs=0 l=1 rev1=1 crypto rx=0 tx=0 comp rx=0 tx=0).handle_hello peer v2:172.21.15.27:3300/0 says I am v2:172.21.15.27:36692/0 (socket says 172.21.15.27:36692)
2024-09-13T17:54:21.910 INFO:teuthology.orchestra.run.smithi027.stdout:/usr/bin/ceph: stderr
2024-09-13T17:54:20.568+0000 7f3a5fe00640 1 -- 172.21.15.27:0/1651416583 learned_addr learned my addr 172.21.15.27:0/1651416583 (peer_addr_for_me v2:172.21.15.27:0/0)
2024-09-13T17:54:21.910 INFO:teuthology.orchestra.run.smithi027.stdout:/usr/bin/ceph: stderr
2024-09-13T17:54:20.568+0000 7f3a5fe00640 1 -- 172.21.15.27:0/1651416583 --> [v2:172.21.15.27:3300/0,v1:172.21.15.27:6789/0] -- mon_subscribe({config=0+,monmap=0+}) v3 -- 0x7f3a500094d0 con 0x7f3a60107bf0
2024-09-13T17:54:21.911 INFO:teuthology.orchestra.run.smithi027.stdout:/usr/bin/ceph: stderr
2024-09-13T17:54:20.569+0000 7f3a5fe00640 1 --2- 172.21.15.27:0/1651416583 >> [v2:172.21.15.27:3300/0,v1:172.21.15.27:6789/0] conn(0x7f3a60107bf0 0x7f3a6019b9b0 secure :-1 s=READY pgs=46 cs=0 l=1 rev1=1 crypto rx=0x7f3a500306e0 tx=0x7f3a50032670 comp rx=0 tx=0).ready entity=mon.0 client_cookie=0 server_cookie=0 in_seq=0 out_seq=0
2024-09-13T17:54:21.911 INFO:teuthology.orchestra.run.smithi027.stdout:/usr/bin/ceph: stderr
2024-09-13T17:54:20.569+0000 7f3a5cc00640 1 -- 172.21.15.27:0/1651416583 <== mon.0 v2:172.21.15.27:3300/0 1 ==== mon_map magic: 0 v1 ==== 205+0+0 (secure 0 0 0) 0x7f3a50032c80 con 0x7f3a60107bf0
2024-09-13T17:54:21.911 INFO:teuthology.orchestra.run.smithi027.stdout:/usr/bin/ceph: stderr
2024-09-13T17:54:20.569+0000 7f3a5cc00640 1 -- 172.21.15.27:0/1651416583 <== mon.0 v2:172.21.15.27:3300/0 2 ==== config(27 keys) v1 ==== 1108+0+0 (secure 0 0 0) 0x7f3a50032de0 con 0x7f3a60107bf0
2024-09-13T17:54:21.911 INFO:teuthology.orchestra.run.smithi027.stdout:/usr/bin/ceph: stderr
2024-09-13T17:54:20.569+0000 7f3a5cc00640 1 -- 172.21.15.27:0/1651416583 <== mon.0 v2:172.21.15.27:3300/0 3 ==== mon_map magic: 0 v1 ==== 205+0+0 (secure 0 0 0) 0x7f3a5003a780 con 0x7f3a60107bf0
2024-09-13T17:54:21.911 INFO:teuthology.orchestra.run.smithi027.stdout:/usr/bin/ceph: stderr
2024-09-13T17:54:20.569+0000 7f3a67200640 1 -- 172.21.15.27:0/1651416583 --> [v2:172.21.15.27:3300/0,v1:172.21.15.27:6789/0] -- mon_subscribe({mgrmap=0+}) v3 -- 0x7f3a6019c0f0 con 0x7f3a60107bf0
2024-09-13T17:54:21.911 INFO:teuthology.orchestra.run.smithi027.stdout:/usr/bin/ceph: stderr
2024-09-13T17:54:20.569+0000 7f3a67200640 1 -- 172.21.15.27:0/1651416583 --> [v2:172.21.15.27:3300/0,v1:172.21.15.27:6789/0] -- mon_subscribe({osdmap=0}) v3 -- 0x7f3a6019c590 con 0x7f3a60107bf0
2024-09-13T17:54:21.911 INFO:teuthology.orchestra.run.smithi027.stdout:/usr/bin/ceph: stderr
2024-09-13T17:54:20.571+0000 7f3a5cc00640 1 -- 172.21.15.27:0/1651416583 <== mon.0 v2:172.21.15.27:3300/0 4 ==== mgrmap(e 8) v1 ==== 45541+0+0 (secure 0 0 0) 0x7f3a50039040 con 0x7f3a60107bf0
2024-09-13T17:54:21.911 INFO:teuthology.orchestra.run.smithi027.stdout:/usr/bin/ceph: stderr
2024-09-13T17:54:20.570+0000 7f3a67200640 1 -- 172.21.15.27:0/1651416583 --> [v2:172.21.15.27:3300/0,v1:172.21.15.27:6789/0] -- mon_command({"prefix": "get_command_descriptions"} v 0) v1 -- 0x7f3a6010bfd0 con 0x7f3a60107bf0
2024-09-13T17:54:21.911 INFO:teuthology.orchestra.run.smithi027.stdout:/usr/bin/ceph: stderr
2024-09-13T17:54:20.571+0000 7f3a5cc00640 1 --2- 172.21.15.27:0/1651416583 >> [v2:172.21.15.27:6800/1083878216,v1:172.21.15.27:6801/1083878216] conn(0x7f3a44038670 0x7f3a4403ab30 unknown :-1 s=NONE pgs=0 cs=0 l=1 rev1=0 crypto rx=0 tx=0 comp rx=0 tx=0).connect
2024-09-13T17:54:21.911 INFO:teuthology.orchestra.run.smithi027.stdout:/usr/bin/ceph: stderr
2024-09-13T17:54:20.571+0000 7f3a5cc00640 1 -- 172.21.15.27:0/1651416583 <== mon.0 v2:172.21.15.27:3300/0 5 ==== osd_map(2..2 src has 1..2) v4 ==== 940+0+0 (secure 0 0 0) 0x7f3a5006b960 con 0x7f3a60107bf0
2024-09-13T17:54:21.911 INFO:teuthology.orchestra.run.smithi027.stdout:/usr/bin/ceph: stderr
2024-09-13T17:54:20.571+0000 7f3a5f400640 1 --2- 172.21.15.27:0/1651416583 >> [v2:172.21.15.27:6800/1083878216,v1:172.21.15.27:6801/1083878216] conn(0x7f3a44038670 0x7f3a4403ab30 unknown :-1 s=BANNER_CONNECTING pgs=0 cs=0 l=1 rev1=0 crypto rx=0 tx=0 comp rx=0 tx=0)._handle_peer_banner_payload supported=3 required=0
2024-09-13T17:54:21.911 INFO:teuthology.orchestra.run.smithi027.stdout:/usr/bin/ceph: stderr
2024-09-13T17:54:20.572+0000 7f3a5f400640 1 --2- 172.21.15.27:0/1651416583 >> [v2:172.21.15.27:6800/1083878216,v1:172.21.15.27:6801/1083878216] conn(0x7f3a44038670 0x7f3a4403ab30 secure :-1 s=READY pgs=12 cs=0 l=1 rev1=1 crypto rx=0x7f3a4c0098c0 tx=0x7f3a4c006db0 comp rx=0 tx=0).ready entity=mgr.14118 client_cookie=0 server_cookie=0 in_seq=0 out_seq=0
2024-09-13T17:54:21.911 INFO:teuthology.orchestra.run.smithi027.stdout:/usr/bin/ceph: stderr
2024-09-13T17:54:20.576+0000 7f3a5cc00640 1 -- 172.21.15.27:0/1651416583 <== mon.0 v2:172.21.15.27:3300/0 6 ==== mon_command_ack([{"prefix": "get_command_descriptions"}]=0 v0) v1 ==== 72+0+183819 (secure 0 0 0) 0x7f3a50031580 con 0x7f3a60107bf0
2024-09-13T17:54:21.912 INFO:teuthology.orchestra.run.smithi027.stdout:/usr/bin/ceph: stderr
2024-09-13T17:54:20.773+0000 7f3a67200640 1 -- 172.21.15.27:0/1651416583 --> [v2:172.21.15.27:6800/1083878216,v1:172.21.15.27:6801/1083878216] -- mgr_command(tid 0: {"prefix": "orch apply", "service_type": "mon", "unmanaged": true, "target": ["mon-mgr", ""]}) v1 -- 0x7f3a60105d50 con 0x7f3a44038670
2024-09-13T17:54:21.912 INFO:teuthology.orchestra.run.smithi027.stdout:/usr/bin/ceph: stderr
2024-09-13T17:54:20.778+0000 7f3a5cc00640 1 -- 172.21.15.27:0/1651416583 <== mgr.14118 v2:172.21.15.27:6800/1083878216 1 ==== mgr_command_reply(tid 0: 0 ) v1 ==== 8+0+24 (secure 0 0 0) 0x7f3a60105d50 con 0x7f3a44038670
2024-09-13T17:54:21.912 INFO:teuthology.orchestra.run.smithi027.stdout:/usr/bin/ceph: stderr
2024-09-13T17:54:20.780+0000 7f3a67200640 1 -- 172.21.15.27:0/1651416583 >> [v2:172.21.15.27:6800/1083878216,v1:172.21.15.27:6801/1083878216] conn(0x7f3a44038670 msgr2=0x7f3a4403ab30 secure :-1 s=STATE_CONNECTION_ESTABLISHED l=1).mark_down
2024-09-13T17:54:21.912 INFO:teuthology.orchestra.run.smithi027.stdout:/usr/bin/ceph: stderr
2024-09-13T17:54:20.780+0000 7f3a67200640 1 --2- 172.21.15.27:0/1651416583 >> [v2:172.21.15.27:6800/1083878216,v1:172.21.15.27:6801/1083878216] conn(0x7f3a44038670 0x7f3a4403ab30 secure :-1 s=READY pgs=12 cs=0 l=1 rev1=1 crypto rx=0x7f3a4c0098c0 tx=0x7f3a4c006db0 comp rx=0 tx=0).stop
2024-09-13T17:54:21.912 INFO:teuthology.orchestra.run.smithi027.stdout:/usr/bin/ceph: stderr
2024-09-13T17:54:20.780+0000 7f3a67200640 1 -- 172.21.15.27:0/1651416583 >> [v2:172.21.15.27:3300/0,v1:172.21.15.27:6789/0] conn(0x7f3a60107bf0 msgr2=0x7f3a6019b9b0 secure :-1 s=STATE_CONNECTION_ESTABLISHED l=1).mark_down
2024-09-13T17:54:21.912 INFO:teuthology.orchestra.run.smithi027.stdout:/usr/bin/ceph: stderr
2024-09-13T17:54:20.780+0000 7f3a67200640 1 --2- 172.21.15.27:0/1651416583 >> [v2:172.21.15.27:3300/0,v1:172.21.15.27:6789/0] conn(0x7f3a60107bf0 0x7f3a6019b9b0 secure :-1 s=READY pgs=46 cs=0 l=1 rev1=1 crypto rx=0x7f3a500306e0 tx=0x7f3a50032670 comp rx=0 tx=0).stop
2024-09-13T17:54:21.912 INFO:teuthology.orchestra.run.smithi027.stdout:/usr/bin/ceph: stderr
2024-09-13T17:54:20.781+0000 7f3a67200640 1 -- 172.21.15.27:0/1651416583 shutdown_connections
2024-09-13T17:54:21.912 INFO:teuthology.orchestra.run.smithi027.stdout:/usr/bin/ceph: stderr
2024-09-13T17:54:20.781+0000 7f3a67200640 1 --2- 172.21.15.27:0/1651416583 >> [v2:172.21.15.27:6800/1083878216,v1:172.21.15.27:6801/1083878216] conn(0x7f3a44038670 0x7f3a4403ab30 unknown :-1 s=CLOSED pgs=12 cs=0 l=1 rev1=1 crypto rx=0 tx=0 comp rx=0 tx=0).stop
2024-09-13T17:54:21.913 INFO:teuthology.orchestra.run.smithi027.stdout:/usr/bin/ceph: stderr
2024-09-13T17:54:20.781+0000 7f3a67200640 1 --2- 172.21.15.27:0/1651416583 >> [v2:172.21.15.27:3300/0,v1:172.21.15.27:6789/0] conn(0x7f3a60107bf0 0x7f3a6019b9b0 unknown :-1 s=CLOSED pgs=46 cs=0 l=1 rev1=1 crypto rx=0 tx=0 comp rx=0 tx=0).stop
2024-09-13T17:54:21.913 INFO:teuthology.orchestra.run.smithi027.stdout:/usr/bin/ceph: stderr
2024-09-13T17:54:20.781+0000 7f3a67200640 1 -- 172.21.15.27:0/1651416583 >> 172.21.15.27:0/1651416583 conn(0x7f3a6007b1e0 msgr2=0x7f3a60105640 unknown :-1 s=STATE_NONE l=0).mark_down
2024-09-13T17:54:21.913 INFO:teuthology.orchestra.run.smithi027.stdout:/usr/bin/ceph: stderr
2024-09-13T17:54:20.781+0000 7f3a67200640 1 -- 172.21.15.27:0/1651416583 shutdown_connections
2024-09-13T17:54:21.913 INFO:teuthology.orchestra.run.smithi027.stdout:/usr/bin/ceph: stderr
2024-09-13T17:54:20.781+0000 7f3a67200640 1 -- 172.21.15.27:0/1651416583 wait complete.
2024-09-13T17:54:21.913 INFO:teuthology.orchestra.run.smithi027.stdout:Deploying unmanaged mgr service...
2024-09-13T17:54:23.806 INFO:journalctl@ceph.mon.a.smithi027.stdout:Sep 13 17:54:23 smithi027 ceph-mon[30611]: from='mgr.14118 172.21.15.27:0/1969861111' entity='mgr.x'
2024-09-13T17:54:23.807 INFO:journalctl@ceph.mon.a.smithi027.stdout:Sep 13 17:54:23 smithi027 ceph-mon[30611]: from='mgr.14118 172.21.15.27:0/1969861111' entity='mgr.x'
2024-09-13T17:54:23.807 INFO:journalctl@ceph.mon.a.smithi027.stdout:Sep 13 17:54:23 smithi027 ceph-mon[30611]: from='mgr.14118 172.21.15.27:0/1969861111' entity='mgr.x'
2024-09-13T17:54:23.901 INFO:teuthology.orchestra.run.smithi027.stdout:/usr/bin/ceph: stdout Scheduled mgr update...
2024-09-13T17:54:23.902 INFO:teuthology.orchestra.run.smithi027.stdout:/usr/bin/ceph: stderr
2024-09-13T17:54:22.938+0000 7fd3a5a00640 1 Processor -- start
2024-09-13T17:54:23.902 INFO:teuthology.orchestra.run.smithi027.stdout:/usr/bin/ceph: stderr
2024-09-13T17:54:22.938+0000 7fd3a5a00640 1 -- start start
2024-09-13T17:54:23.902 INFO:teuthology.orchestra.run.smithi027.stdout:/usr/bin/ceph: stderr
2024-09-13T17:54:22.939+0000 7fd3a5a00640 1 --2- >> [v2:172.21.15.27:3300/0,v1:172.21.15.27:6789/0] conn(0x7fd3a007bed0 0x7fd3a007a330 unknown :-1 s=NONE pgs=0 cs=0 l=0 rev1=0 crypto rx=0 tx=0 comp rx=0 tx=0).connect
2024-09-13T17:54:23.902 INFO:teuthology.orchestra.run.smithi027.stdout:/usr/bin/ceph: stderr
2024-09-13T17:54:22.939+0000 7fd3a5a00640 1 -- --> [v2:172.21.15.27:3300/0,v1:172.21.15.27:6789/0] -- mon_getmap magic: 0 v1 -- 0x7fd3a007a900 con 0x7fd3a007bed0
2024-09-13T17:54:23.902 INFO:teuthology.orchestra.run.smithi027.stdout:/usr/bin/ceph: stderr
2024-09-13T17:54:22.939+0000 7fd39ea00640 1 --2- >> [v2:172.21.15.27:3300/0,v1:172.21.15.27:6789/0] conn(0x7fd3a007bed0 0x7fd3a007a330 unknown :-1 s=BANNER_CONNECTING pgs=0 cs=0 l=0 rev1=0 crypto rx=0 tx=0 comp rx=0 tx=0)._handle_peer_banner_payload supported=3 required=0
2024-09-13T17:54:23.902 INFO:teuthology.orchestra.run.smithi027.stdout:/usr/bin/ceph: stderr
2024-09-13T17:54:22.939+0000 7fd39ea00640 1 --2- >> [v2:172.21.15.27:3300/0,v1:172.21.15.27:6789/0] conn(0x7fd3a007bed0 0x7fd3a007a330 unknown :-1 s=HELLO_CONNECTING pgs=0 cs=0 l=0 rev1=1 crypto rx=0 tx=0 comp rx=0 tx=0).handle_hello peer v2:172.21.15.27:3300/0 says I am v2:172.21.15.27:36698/0 (socket says 172.21.15.27:36698)
2024-09-13T17:54:23.902 INFO:teuthology.orchestra.run.smithi027.stdout:/usr/bin/ceph: stderr
2024-09-13T17:54:22.939+0000 7fd39ea00640 1 -- 172.21.15.27:0/1329189862 learned_addr learned my addr 172.21.15.27:0/1329189862 (peer_addr_for_me v2:172.21.15.27:0/0)
2024-09-13T17:54:23.902 INFO:teuthology.orchestra.run.smithi027.stdout:/usr/bin/ceph: stderr
2024-09-13T17:54:22.939+0000 7fd39ea00640 1 -- 172.21.15.27:0/1329189862 --> [v2:172.21.15.27:3300/0,v1:172.21.15.27:6789/0] -- mon_subscribe({config=0+,monmap=0+}) v3 -- 0x7fd3a007aa40 con 0x7fd3a007bed0
2024-09-13T17:54:23.902 INFO:teuthology.orchestra.run.smithi027.stdout:/usr/bin/ceph: stderr
2024-09-13T17:54:22.940+0000 7fd39ea00640 1 --2- 172.21.15.27:0/1329189862 >> [v2:172.21.15.27:3300/0,v1:172.21.15.27:6789/0] conn(0x7fd3a007bed0 0x7fd3a007a330 secure :-1 s=READY pgs=47 cs=0 l=1 rev1=1 crypto rx=0x7fd390009820 tx=0x7fd39002a270 comp rx=0 tx=0).ready entity=mon.0 client_cookie=a8436fb0a5a8544e server_cookie=0 in_seq=0 out_seq=0
2024-09-13T17:54:23.902 INFO:teuthology.orchestra.run.smithi027.stdout:/usr/bin/ceph: stderr
2024-09-13T17:54:22.941+0000 7fd39e000640 1 -- 172.21.15.27:0/1329189862 <== mon.0 v2:172.21.15.27:3300/0 1 ==== mon_map magic: 0 v1 ==== 205+0+0 (secure 0 0 0) 0x7fd39002ae70 con 0x7fd3a007bed0
2024-09-13T17:54:23.902 INFO:teuthology.orchestra.run.smithi027.stdout:/usr/bin/ceph: stderr
2024-09-13T17:54:22.941+0000 7fd39e000640 1 -- 172.21.15.27:0/1329189862 <== mon.0 v2:172.21.15.27:3300/0 2 ==== config(27 keys) v1 ==== 1139+0+0 (secure 0 0 0) 0x7fd390032920 con 0x7fd3a007bed0
2024-09-13T17:54:23.902 INFO:teuthology.orchestra.run.smithi027.stdout:/usr/bin/ceph: stderr
2024-09-13T17:54:22.941+0000 7fd39e000640 1 -- 172.21.15.27:0/1329189862 <== mon.0 v2:172.21.15.27:3300/0 3 ==== mon_map magic: 0 v1 ==== 205+0+0 (secure 0 0 0) 0x7fd390030920 con 0x7fd3a007bed0
2024-09-13T17:54:23.902 INFO:teuthology.orchestra.run.smithi027.stdout:/usr/bin/ceph: stderr
2024-09-13T17:54:22.941+0000 7fd3a5a00640 1 -- 172.21.15.27:0/1329189862 >> [v2:172.21.15.27:3300/0,v1:172.21.15.27:6789/0] conn(0x7fd3a007bed0 msgr2=0x7fd3a007a330 secure :-1 s=STATE_CONNECTION_ESTABLISHED l=1).mark_down
2024-09-13T17:54:23.903 INFO:teuthology.orchestra.run.smithi027.stdout:/usr/bin/ceph: stderr
2024-09-13T17:54:22.941+0000 7fd3a5a00640 1 --2- 172.21.15.27:0/1329189862 >> [v2:172.21.15.27:3300/0,v1:172.21.15.27:6789/0] conn(0x7fd3a007bed0 0x7fd3a007a330 secure :-1 s=READY pgs=47 cs=0 l=1 rev1=1 crypto rx=0x7fd390009820 tx=0x7fd39002a270 comp rx=0 tx=0).stop
2024-09-13T17:54:23.903 INFO:teuthology.orchestra.run.smithi027.stdout:/usr/bin/ceph: stderr
2024-09-13T17:54:22.942+0000 7fd3a5a00640 1 -- 172.21.15.27:0/1329189862 shutdown_connections
2024-09-13T17:54:23.903 INFO:teuthology.orchestra.run.smithi027.stdout:/usr/bin/ceph: stderr
2024-09-13T17:54:22.942+0000 7fd3a5a00640 1 --2- 172.21.15.27:0/1329189862 >> [v2:172.21.15.27:3300/0,v1:172.21.15.27:6789/0] conn(0x7fd3a007bed0 0x7fd3a007a330 unknown :-1 s=CLOSED pgs=47 cs=0 l=1 rev1=1 crypto rx=0 tx=0 comp rx=0 tx=0).stop
2024-09-13T17:54:23.903 INFO:teuthology.orchestra.run.smithi027.stdout:/usr/bin/ceph: stderr
2024-09-13T17:54:22.942+0000 7fd3a5a00640 1 -- 172.21.15.27:0/1329189862 >> 172.21.15.27:0/1329189862 conn(0x7fd3a0101130 msgr2=0x7fd3a0103590 unknown :-1 s=STATE_NONE l=0).mark_down
2024-09-13T17:54:23.903 INFO:teuthology.orchestra.run.smithi027.stdout:/usr/bin/ceph: stderr
2024-09-13T17:54:22.942+0000 7fd3a5a00640 1 -- 172.21.15.27:0/1329189862 shutdown_connections
2024-09-13T17:54:23.903 INFO:teuthology.orchestra.run.smithi027.stdout:/usr/bin/ceph: stderr
2024-09-13T17:54:22.942+0000 7fd3a5a00640 1 -- 172.21.15.27:0/1329189862 wait complete.
2024-09-13T17:54:23.903 INFO:teuthology.orchestra.run.smithi027.stdout:/usr/bin/ceph: stderr
2024-09-13T17:54:22.943+0000 7fd3a5a00640 1 Processor -- start
2024-09-13T17:54:23.903 INFO:teuthology.orchestra.run.smithi027.stdout:/usr/bin/ceph: stderr
2024-09-13T17:54:22.943+0000 7fd3a5a00640 1 -- start start
2024-09-13T17:54:23.903 INFO:teuthology.orchestra.run.smithi027.stdout:/usr/bin/ceph: stderr
2024-09-13T17:54:22.943+0000 7fd3a5a00640 1 --2- >> [v2:172.21.15.27:3300/0,v1:172.21.15.27:6789/0] conn(0x7fd3a007bed0 0x7fd3a019b9a0 unknown :-1 s=NONE pgs=0 cs=0 l=1 rev1=0 crypto rx=0 tx=0 comp rx=0 tx=0).connect
2024-09-13T17:54:23.903 INFO:teuthology.orchestra.run.smithi027.stdout:/usr/bin/ceph: stderr
2024-09-13T17:54:22.943+0000 7fd3a5a00640 1 -- --> [v2:172.21.15.27:3300/0,v1:172.21.15.27:6789/0] -- mon_getmap magic: 0 v1 -- 0x7fd3a019bee0 con 0x7fd3a007bed0
2024-09-13T17:54:23.903 INFO:teuthology.orchestra.run.smithi027.stdout:/usr/bin/ceph: stderr
2024-09-13T17:54:22.943+0000 7fd39ea00640 1 --2- >> [v2:172.21.15.27:3300/0,v1:172.21.15.27:6789/0] conn(0x7fd3a007bed0 0x7fd3a019b9a0 unknown :-1 s=BANNER_CONNECTING pgs=0 cs=0 l=1 rev1=0 crypto rx=0 tx=0 comp rx=0 tx=0)._handle_peer_banner_payload supported=3 required=0
2024-09-13T17:54:23.903 INFO:teuthology.orchestra.run.smithi027.stdout:/usr/bin/ceph: stderr
2024-09-13T17:54:22.943+0000 7fd39ea00640 1 --2- >> [v2:172.21.15.27:3300/0,v1:172.21.15.27:6789/0] conn(0x7fd3a007bed0 0x7fd3a019b9a0 unknown :-1 s=HELLO_CONNECTING pgs=0 cs=0 l=1 rev1=1 crypto rx=0 tx=0 comp rx=0 tx=0).handle_hello peer v2:172.21.15.27:3300/0 says I am v2:172.21.15.27:36710/0 (socket says 172.21.15.27:36710)
2024-09-13T17:54:23.903 INFO:teuthology.orchestra.run.smithi027.stdout:/usr/bin/ceph: stderr
2024-09-13T17:54:22.943+0000 7fd39ea00640 1 -- 172.21.15.27:0/4109344900 learned_addr learned my addr 172.21.15.27:0/4109344900 (peer_addr_for_me v2:172.21.15.27:0/0)
2024-09-13T17:54:23.904 INFO:teuthology.orchestra.run.smithi027.stdout:/usr/bin/ceph: stderr
2024-09-13T17:54:22.944+0000 7fd39ea00640 1 -- 172.21.15.27:0/4109344900 --> [v2:172.21.15.27:3300/0,v1:172.21.15.27:6789/0] -- mon_subscribe({config=0+,monmap=0+}) v3 -- 0x7fd3900094d0 con 0x7fd3a007bed0
2024-09-13T17:54:23.904 INFO:teuthology.orchestra.run.smithi027.stdout:/usr/bin/ceph: stderr
2024-09-13T17:54:22.944+0000 7fd39ea00640 1 --2- 172.21.15.27:0/4109344900 >> [v2:172.21.15.27:3300/0,v1:172.21.15.27:6789/0] conn(0x7fd3a007bed0 0x7fd3a019b9a0 secure :-1 s=READY pgs=48 cs=0 l=1 rev1=1 crypto rx=0x7fd3900097f0 tx=0x7fd390032670 comp rx=0 tx=0).ready entity=mon.0 client_cookie=0 server_cookie=0 in_seq=0 out_seq=0
2024-09-13T17:54:23.904 INFO:teuthology.orchestra.run.smithi027.stdout:/usr/bin/ceph: stderr
2024-09-13T17:54:22.944+0000 7fd397e00640 1 -- 172.21.15.27:0/4109344900 <== mon.0 v2:172.21.15.27:3300/0 1 ==== mon_map magic: 0 v1 ==== 205+0+0 (secure 0 0 0) 0x7fd390032dd0 con 0x7fd3a007bed0
2024-09-13T17:54:23.904 INFO:teuthology.orchestra.run.smithi027.stdout:/usr/bin/ceph: stderr
2024-09-13T17:54:22.944+0000 7fd397e00640 1 -- 172.21.15.27:0/4109344900 <== mon.0 v2:172.21.15.27:3300/0 2 ==== config(27 keys) v1 ==== 1139+0+0 (secure 0 0 0) 0x7fd39003b910 con 0x7fd3a007bed0
2024-09-13T17:54:23.904 INFO:teuthology.orchestra.run.smithi027.stdout:/usr/bin/ceph: stderr
2024-09-13T17:54:22.944+0000 7fd3a5a00640 1 -- 172.21.15.27:0/4109344900 --> [v2:172.21.15.27:3300/0,v1:172.21.15.27:6789/0] -- mon_subscribe({mgrmap=0+}) v3 -- 0x7fd3a019c0e0 con 0x7fd3a007bed0
2024-09-13T17:54:23.904 INFO:teuthology.orchestra.run.smithi027.stdout:/usr/bin/ceph: stderr
2024-09-13T17:54:22.944+0000 7fd397e00640 1 -- 172.21.15.27:0/4109344900 <== mon.0 v2:172.21.15.27:3300/0 3 ==== mon_map magic: 0 v1 ==== 205+0+0 (secure 0 0 0) 0x7fd39003a890 con 0x7fd3a007bed0
2024-09-13T17:54:23.904 INFO:teuthology.orchestra.run.smithi027.stdout:/usr/bin/ceph: stderr
2024-09-13T17:54:22.944+0000 7fd3a5a00640 1 -- 172.21.15.27:0/4109344900 --> [v2:172.21.15.27:3300/0,v1:172.21.15.27:6789/0] -- mon_subscribe({osdmap=0}) v3 -- 0x7fd3a019c580 con 0x7fd3a007bed0
2024-09-13T17:54:23.904 INFO:teuthology.orchestra.run.smithi027.stdout:/usr/bin/ceph: stderr
2024-09-13T17:54:22.945+0000 7fd397e00640 1 -- 172.21.15.27:0/4109344900 <== mon.0 v2:172.21.15.27:3300/0 4 ==== mgrmap(e 8) v1 ==== 45541+0+0 (secure 0 0 0) 0x7fd390039040 con 0x7fd3a007bed0
2024-09-13T17:54:23.904 INFO:teuthology.orchestra.run.smithi027.stdout:/usr/bin/ceph: stderr
2024-09-13T17:54:22.945+0000 7fd3a5a00640 1 -- 172.21.15.27:0/4109344900 --> [v2:172.21.15.27:3300/0,v1:172.21.15.27:6789/0] -- mon_command({"prefix": "get_command_descriptions"} v 0) v1 -- 0x7fd3a010be70 con 0x7fd3a007bed0
2024-09-13T17:54:23.904 INFO:teuthology.orchestra.run.smithi027.stdout:/usr/bin/ceph: stderr
2024-09-13T17:54:22.946+0000 7fd397e00640 1 --2- 172.21.15.27:0/4109344900 >> [v2:172.21.15.27:6800/1083878216,v1:172.21.15.27:6801/1083878216] conn(0x7fd384038620 0x7fd38403aae0 unknown :-1 s=NONE pgs=0 cs=0 l=1 rev1=0 crypto rx=0 tx=0 comp rx=0 tx=0).connect
2024-09-13T17:54:23.904 INFO:teuthology.orchestra.run.smithi027.stdout:/usr/bin/ceph: stderr
2024-09-13T17:54:22.946+0000 7fd397e00640 1 -- 172.21.15.27:0/4109344900 <== mon.0 v2:172.21.15.27:3300/0 5 ==== osd_map(2..2 src has 1..2) v4 ==== 940+0+0 (secure 0 0 0) 0x7fd39006b9b0 con 0x7fd3a007bed0
2024-09-13T17:54:23.904 INFO:teuthology.orchestra.run.smithi027.stdout:/usr/bin/ceph: stderr
2024-09-13T17:54:22.946+0000 7fd396000640 1 --2- 172.21.15.27:0/4109344900 >> [v2:172.21.15.27:6800/1083878216,v1:172.21.15.27:6801/1083878216] conn(0x7fd384038620 0x7fd38403aae0 unknown :-1 s=BANNER_CONNECTING pgs=0 cs=0 l=1 rev1=0 crypto rx=0 tx=0 comp rx=0 tx=0)._handle_peer_banner_payload supported=3 required=0
2024-09-13T17:54:23.904 INFO:teuthology.orchestra.run.smithi027.stdout:/usr/bin/ceph: stderr
2024-09-13T17:54:22.947+0000 7fd396000640 1 --2- 172.21.15.27:0/4109344900 >> [v2:172.21.15.27:6800/1083878216,v1:172.21.15.27:6801/1083878216] conn(0x7fd384038620 0x7fd38403aae0 secure :-1 s=READY pgs=13 cs=0 l=1 rev1=1 crypto rx=0x7fd3880098c0 tx=0x7fd388006db0 comp rx=0 tx=0).ready entity=mgr.14118 client_cookie=0 server_cookie=0 in_seq=0 out_seq=0
2024-09-13T17:54:23.905 INFO:teuthology.orchestra.run.smithi027.stdout:/usr/bin/ceph: stderr
2024-09-13T17:54:22.951+0000 7fd397e00640 1 -- 172.21.15.27:0/4109344900 <== mon.0 v2:172.21.15.27:3300/0 6 ==== mon_command_ack([{"prefix": "get_command_descriptions"}]=0 v0) v1 ==== 72+0+183819 (secure 0 0 0) 0x7fd39003be10 con 0x7fd3a007bed0
2024-09-13T17:54:23.905 INFO:teuthology.orchestra.run.smithi027.stdout:/usr/bin/ceph: stderr
2024-09-13T17:54:23.146+0000 7fd3a5a00640 1 -- 172.21.15.27:0/4109344900 --> [v2:172.21.15.27:6800/1083878216,v1:172.21.15.27:6801/1083878216] -- mgr_command(tid 0: {"prefix": "orch apply", "service_type": "mgr", "unmanaged": true, "target": ["mon-mgr", ""]}) v1 -- 0x7fd3a019eec0 con 0x7fd384038620
2024-09-13T17:54:23.905 INFO:teuthology.orchestra.run.smithi027.stdout:/usr/bin/ceph: stderr
2024-09-13T17:54:23.151+0000 7fd397e00640 1 -- 172.21.15.27:0/4109344900 <== mgr.14118 v2:172.21.15.27:6800/1083878216 1 ==== mgr_command_reply(tid 0: 0 ) v1 ==== 8+0+24 (secure 0 0 0) 0x7fd3a019eec0 con 0x7fd384038620
2024-09-13T17:54:23.905 INFO:teuthology.orchestra.run.smithi027.stdout:/usr/bin/ceph: stderr
2024-09-13T17:54:23.153+0000 7fd3a5a00640 1 -- 172.21.15.27:0/4109344900 >> [v2:172.21.15.27:6800/1083878216,v1:172.21.15.27:6801/1083878216] conn(0x7fd384038620 msgr2=0x7fd38403aae0 secure :-1 s=STATE_CONNECTION_ESTABLISHED l=1).mark_down
2024-09-13T17:54:23.905 INFO:teuthology.orchestra.run.smithi027.stdout:/usr/bin/ceph: stderr
2024-09-13T17:54:23.153+0000 7fd3a5a00640 1 --2- 172.21.15.27:0/4109344900 >> [v2:172.21.15.27:6800/1083878216,v1:172.21.15.27:6801/1083878216] conn(0x7fd384038620 0x7fd38403aae0 secure :-1 s=READY pgs=13 cs=0 l=1 rev1=1 crypto rx=0x7fd3880098c0 tx=0x7fd388006db0 comp rx=0 tx=0).stop
2024-09-13T17:54:23.905 INFO:teuthology.orchestra.run.smithi027.stdout:/usr/bin/ceph: stderr
2024-09-13T17:54:23.153+0000 7fd3a5a00640 1 -- 172.21.15.27:0/4109344900 >> [v2:172.21.15.27:3300/0,v1:172.21.15.27:6789/0] conn(0x7fd3a007bed0 msgr2=0x7fd3a019b9a0 secure :-1 s=STATE_CONNECTION_ESTABLISHED l=1).mark_down
2024-09-13T17:54:23.905 INFO:teuthology.orchestra.run.smithi027.stdout:/usr/bin/ceph: stderr
2024-09-13T17:54:23.153+0000 7fd3a5a00640 1 --2- 172.21.15.27:0/4109344900 >> [v2:172.21.15.27:3300/0,v1:172.21.15.27:6789/0] conn(0x7fd3a007bed0 0x7fd3a019b9a0 secure :-1 s=READY pgs=48 cs=0 l=1 rev1=1 crypto rx=0x7fd3900097f0 tx=0x7fd390032670 comp rx=0 tx=0).stop
2024-09-13T17:54:23.905 INFO:teuthology.orchestra.run.smithi027.stdout:/usr/bin/ceph: stderr
2024-09-13T17:54:23.154+0000 7fd3a5a00640 1 -- 172.21.15.27:0/4109344900 shutdown_connections
2024-09-13T17:54:23.905 INFO:teuthology.orchestra.run.smithi027.stdout:/usr/bin/ceph: stderr
2024-09-13T17:54:23.154+0000 7fd3a5a00640 1 --2- 172.21.15.27:0/4109344900 >> [v2:172.21.15.27:6800/1083878216,v1:172.21.15.27:6801/1083878216] conn(0x7fd384038620 0x7fd38403aae0 unknown :-1 s=CLOSED pgs=13 cs=0 l=1 rev1=1 crypto rx=0 tx=0 comp rx=0 tx=0).stop
2024-09-13T17:54:23.905 INFO:teuthology.orchestra.run.smithi027.stdout:/usr/bin/ceph: stderr
2024-09-13T17:54:23.154+0000 7fd3a5a00640 1 --2- 172.21.15.27:0/4109344900 >> [v2:172.21.15.27:3300/0,v1:172.21.15.27:6789/0] conn(0x7fd3a007bed0 0x7fd3a019b9a0 unknown :-1 s=CLOSED pgs=48 cs=0 l=1 rev1=1 crypto rx=0 tx=0 comp rx=0 tx=0).stop
2024-09-13T17:54:23.905 INFO:teuthology.orchestra.run.smithi027.stdout:/usr/bin/ceph: stderr
2024-09-13T17:54:23.154+0000 7fd3a5a00640 1 -- 172.21.15.27:0/4109344900 >> 172.21.15.27:0/4109344900 conn(0x7fd3a0101130 msgr2=0x7fd3a0101d70 unknown :-1 s=STATE_NONE l=0).mark_down
2024-09-13T17:54:23.905 INFO:teuthology.orchestra.run.smithi027.stdout:/usr/bin/ceph: stderr
2024-09-13T17:54:23.154+0000 7fd3a5a00640 1 -- 172.21.15.27:0/4109344900 shutdown_connections
2024-09-13T17:54:23.905 INFO:teuthology.orchestra.run.smithi027.stdout:/usr/bin/ceph: stderr
2024-09-13T17:54:23.154+0000 7fd3a5a00640 1 -- 172.21.15.27:0/4109344900 wait complete.
2024-09-13T17:54:24.806 INFO:journalctl@ceph.mon.a.smithi027.stdout:Sep 13 17:54:24 smithi027 ceph-mon[30611]: from='client.14142 -' entity='client.admin' cmd=[{"prefix": "orch apply", "service_type": "mgr", "unmanaged": true, "target": ["mon-mgr", ""]}]: dispatch
2024-09-13T17:54:24.807 INFO:journalctl@ceph.mon.a.smithi027.stdout:Sep 13 17:54:24 smithi027 ceph-mon[30611]: Saving service mgr spec with placement count:2
2024-09-13T17:54:26.057 INFO:journalctl@ceph.mon.a.smithi027.stdout:Sep 13 17:54:25 smithi027 ceph-mon[30611]: from='client.? 172.21.15.27:0/1881282838' entity='client.admin'
2024-09-13T17:54:26.088 INFO:teuthology.orchestra.run.smithi027.stdout:/usr/bin/ceph: stderr
2024-09-13T17:54:24.386+0000 7ff412e00640 1 Processor -- start
2024-09-13T17:54:26.088 INFO:teuthology.orchestra.run.smithi027.stdout:/usr/bin/ceph: stderr
2024-09-13T17:54:24.387+0000 7ff412e00640 1 -- start start
2024-09-13T17:54:26.088 INFO:teuthology.orchestra.run.smithi027.stdout:/usr/bin/ceph: stderr
2024-09-13T17:54:24.387+0000 7ff412e00640 1 --2- >> [v2:172.21.15.27:3300/0,v1:172.21.15.27:6789/0] conn(0x7ff40c07f8f0 0x7ff40c07fcf0 unknown :-1 s=NONE pgs=0 cs=0 l=0 rev1=0 crypto rx=0 tx=0 comp rx=0 tx=0).connect
2024-09-13T17:54:26.089 INFO:teuthology.orchestra.run.smithi027.stdout:/usr/bin/ceph: stderr
2024-09-13T17:54:24.387+0000 7ff412e00640 1 -- --> [v2:172.21.15.27:3300/0,v1:172.21.15.27:6789/0] -- mon_getmap magic: 0 v1 -- 0x7ff40c080230 con 0x7ff40c07f8f0
2024-09-13T17:54:26.089 INFO:teuthology.orchestra.run.smithi027.stdout:/usr/bin/ceph: stderr
2024-09-13T17:54:24.387+0000 7ff40be00640 1 --2- >> [v2:172.21.15.27:3300/0,v1:172.21.15.27:6789/0] conn(0x7ff40c07f8f0 0x7ff40c07fcf0 unknown :-1 s=BANNER_CONNECTING pgs=0 cs=0 l=0 rev1=0 crypto rx=0 tx=0 comp rx=0 tx=0)._handle_peer_banner_payload supported=3 required=0
2024-09-13T17:54:26.089 INFO:teuthology.orchestra.run.smithi027.stdout:/usr/bin/ceph: stderr
2024-09-13T17:54:24.387+0000 7ff40be00640 1 --2- >> [v2:172.21.15.27:3300/0,v1:172.21.15.27:6789/0] conn(0x7ff40c07f8f0 0x7ff40c07fcf0 unknown :-1 s=HELLO_CONNECTING pgs=0 cs=0 l=0 rev1=1 crypto rx=0 tx=0 comp rx=0 tx=0).handle_hello peer v2:172.21.15.27:3300/0 says I am v2:172.21.15.27:36718/0 (socket says 172.21.15.27:36718)
2024-09-13T17:54:26.089 INFO:teuthology.orchestra.run.smithi027.stdout:/usr/bin/ceph: stderr
2024-09-13T17:54:24.387+0000 7ff40be00640 1 -- 172.21.15.27:0/346613462 learned_addr learned my addr 172.21.15.27:0/346613462 (peer_addr_for_me v2:172.21.15.27:0/0)
2024-09-13T17:54:26.089 INFO:teuthology.orchestra.run.smithi027.stdout:/usr/bin/ceph: stderr
2024-09-13T17:54:24.388+0000 7ff40be00640 1 -- 172.21.15.27:0/346613462 --> [v2:172.21.15.27:3300/0,v1:172.21.15.27:6789/0] -- mon_subscribe({config=0+,monmap=0+}) v3 -- 0x7ff40c080370 con 0x7ff40c07f8f0
2024-09-13T17:54:26.089 INFO:teuthology.orchestra.run.smithi027.stdout:/usr/bin/ceph: stderr
2024-09-13T17:54:24.388+0000 7ff40be00640 1 --2- 172.21.15.27:0/346613462 >> [v2:172.21.15.27:3300/0,v1:172.21.15.27:6789/0] conn(0x7ff40c07f8f0 0x7ff40c07fcf0 secure :-1 s=READY pgs=49 cs=0 l=1 rev1=1 crypto rx=0x7ff3fc009820 tx=0x7ff3fc02a270 comp rx=0 tx=0).ready entity=mon.0 client_cookie=65195f0734f7bcf8 server_cookie=0 in_seq=0 out_seq=0
2024-09-13T17:54:26.089 INFO:teuthology.orchestra.run.smithi027.stdout:/usr/bin/ceph: stderr
2024-09-13T17:54:24.389+0000 7ff40aa00640 1 -- 172.21.15.27:0/346613462 <== mon.0 v2:172.21.15.27:3300/0 1 ==== mon_map magic: 0 v1 ==== 205+0+0 (secure 0 0 0) 0x7ff3fc02ae70 con 0x7ff40c07f8f0
2024-09-13T17:54:26.089 INFO:teuthology.orchestra.run.smithi027.stdout:/usr/bin/ceph: stderr
2024-09-13T17:54:24.389+0000 7ff40aa00640 1 -- 172.21.15.27:0/346613462 <== mon.0 v2:172.21.15.27:3300/0 2 ==== config(27 keys) v1 ==== 1139+0+0 (secure 0 0 0) 0x7ff3fc032920 con 0x7ff40c07f8f0
2024-09-13T17:54:26.089 INFO:teuthology.orchestra.run.smithi027.stdout:/usr/bin/ceph: stderr
2024-09-13T17:54:24.389+0000 7ff40aa00640 1 -- 172.21.15.27:0/346613462 <== mon.0 v2:172.21.15.27:3300/0 3 ==== mon_map magic: 0 v1 ==== 205+0+0 (secure 0 0 0) 0x7ff3fc030920 con 0x7ff40c07f8f0
2024-09-13T17:54:26.089 INFO:teuthology.orchestra.run.smithi027.stdout:/usr/bin/ceph: stderr
2024-09-13T17:54:24.389+0000 7ff412e00640 1 -- 172.21.15.27:0/346613462 >> [v2:172.21.15.27:3300/0,v1:172.21.15.27:6789/0] conn(0x7ff40c07f8f0 msgr2=0x7ff40c07fcf0 secure :-1 s=STATE_CONNECTION_ESTABLISHED l=1).mark_down
2024-09-13T17:54:26.089 INFO:teuthology.orchestra.run.smithi027.stdout:/usr/bin/ceph: stderr
2024-09-13T17:54:24.389+0000 7ff412e00640 1 --2- 172.21.15.27:0/346613462 >> [v2:172.21.15.27:3300/0,v1:172.21.15.27:6789/0] conn(0x7ff40c07f8f0 0x7ff40c07fcf0 secure :-1 s=READY pgs=49 cs=0 l=1 rev1=1 crypto rx=0x7ff3fc009820 tx=0x7ff3fc02a270 comp rx=0 tx=0).stop
2024-09-13T17:54:26.089 INFO:teuthology.orchestra.run.smithi027.stdout:/usr/bin/ceph: stderr
2024-09-13T17:54:24.390+0000 7ff412e00640 1 -- 172.21.15.27:0/346613462 shutdown_connections
2024-09-13T17:54:26.090 INFO:teuthology.orchestra.run.smithi027.stdout:/usr/bin/ceph: stderr
2024-09-13T17:54:24.390+0000 7ff412e00640 1 --2- 172.21.15.27:0/346613462 >> [v2:172.21.15.27:3300/0,v1:172.21.15.27:6789/0] conn(0x7ff40c07f8f0 0x7ff40c07fcf0 unknown :-1 s=CLOSED pgs=49 cs=0 l=1 rev1=1 crypto rx=0 tx=0 comp rx=0 tx=0).stop
2024-09-13T17:54:26.090 INFO:teuthology.orchestra.run.smithi027.stdout:/usr/bin/ceph: stderr
2024-09-13T17:54:24.390+0000 7ff412e00640 1 -- 172.21.15.27:0/346613462 >> 172.21.15.27:0/346613462 conn(0x7ff40c07b0b0 msgr2=0x7ff40c07d510 unknown :-1 s=STATE_NONE l=0).mark_down
2024-09-13T17:54:26.090 INFO:teuthology.orchestra.run.smithi027.stdout:/usr/bin/ceph: stderr
2024-09-13T17:54:24.390+0000 7ff412e00640 1 -- 172.21.15.27:0/346613462 shutdown_connections
2024-09-13T17:54:26.090 INFO:teuthology.orchestra.run.smithi027.stdout:/usr/bin/ceph: stderr
2024-09-13T17:54:24.390+0000 7ff412e00640 1 -- 172.21.15.27:0/346613462 wait complete.
2024-09-13T17:54:26.090 INFO:teuthology.orchestra.run.smithi027.stdout:/usr/bin/ceph: stderr
2024-09-13T17:54:24.391+0000 7ff412e00640 1 Processor -- start
2024-09-13T17:54:26.090 INFO:teuthology.orchestra.run.smithi027.stdout:/usr/bin/ceph: stderr
2024-09-13T17:54:24.391+0000 7ff412e00640 1 -- start start
2024-09-13T17:54:26.090 INFO:teuthology.orchestra.run.smithi027.stdout:/usr/bin/ceph: stderr
2024-09-13T17:54:24.391+0000 7ff412e00640 1 --2- >> [v2:172.21.15.27:3300/0,v1:172.21.15.27:6789/0] conn(0x7ff40c07f8f0 0x7ff40c19fc60 unknown :-1 s=NONE pgs=0 cs=0 l=1 rev1=0 crypto rx=0 tx=0 comp rx=0 tx=0).connect
2024-09-13T17:54:26.090 INFO:teuthology.orchestra.run.smithi027.stdout:/usr/bin/ceph: stderr
2024-09-13T17:54:24.391+0000 7ff412e00640 1 -- --> [v2:172.21.15.27:3300/0,v1:172.21.15.27:6789/0] -- mon_getmap magic: 0 v1 -- 0x7ff40c1a01a0 con 0x7ff40c07f8f0
2024-09-13T17:54:26.090 INFO:teuthology.orchestra.run.smithi027.stdout:/usr/bin/ceph: stderr
2024-09-13T17:54:24.391+0000 7ff40be00640 1 --2- >> [v2:172.21.15.27:3300/0,v1:172.21.15.27:6789/0] conn(0x7ff40c07f8f0 0x7ff40c19fc60 unknown :-1 s=BANNER_CONNECTING pgs=0 cs=0 l=1 rev1=0 crypto rx=0 tx=0 comp rx=0 tx=0)._handle_peer_banner_payload supported=3 required=0
2024-09-13T17:54:26.090 INFO:teuthology.orchestra.run.smithi027.stdout:/usr/bin/ceph: stderr
2024-09-13T17:54:24.392+0000 7ff40be00640 1 --2- >> [v2:172.21.15.27:3300/0,v1:172.21.15.27:6789/0] conn(0x7ff40c07f8f0 0x7ff40c19fc60 unknown :-1 s=HELLO_CONNECTING pgs=0 cs=0 l=1 rev1=1 crypto rx=0 tx=0 comp rx=0 tx=0).handle_hello peer v2:172.21.15.27:3300/0 says I am v2:172.21.15.27:36722/0 (socket says 172.21.15.27:36722)
2024-09-13T17:54:26.090 INFO:teuthology.orchestra.run.smithi027.stdout:/usr/bin/ceph: stderr
2024-09-13T17:54:24.392+0000 7ff40be00640 1 -- 172.21.15.27:0/1881282838 learned_addr learned my addr 172.21.15.27:0/1881282838 (peer_addr_for_me v2:172.21.15.27:0/0)
2024-09-13T17:54:26.090 INFO:teuthology.orchestra.run.smithi027.stdout:/usr/bin/ceph: stderr
2024-09-13T17:54:24.392+0000 7ff40be00640 1 -- 172.21.15.27:0/1881282838 --> [v2:172.21.15.27:3300/0,v1:172.21.15.27:6789/0] -- mon_subscribe({config=0+,monmap=0+}) v3 -- 0x7ff3fc0094d0 con 0x7ff40c07f8f0
2024-09-13T17:54:26.090 INFO:teuthology.orchestra.run.smithi027.stdout:/usr/bin/ceph: stderr
2024-09-13T17:54:24.392+0000 7ff40be00640 1 --2- 172.21.15.27:0/1881282838 >> [v2:172.21.15.27:3300/0,v1:172.21.15.27:6789/0] conn(0x7ff40c07f8f0 0x7ff40c19fc60 secure :-1 s=READY pgs=50 cs=0 l=1 rev1=1 crypto rx=0x7ff3fc0097f0 tx=0x7ff3fc032670 comp rx=0 tx=0).ready entity=mon.0 client_cookie=0 server_cookie=0 in_seq=0 out_seq=0
2024-09-13T17:54:26.090 INFO:teuthology.orchestra.run.smithi027.stdout:/usr/bin/ceph: stderr
2024-09-13T17:54:24.392+0000 7ff408c00640 1 -- 172.21.15.27:0/1881282838 <== mon.0 v2:172.21.15.27:3300/0 1 ==== mon_map magic: 0 v1 ==== 205+0+0 (secure 0 0 0) 0x7ff3fc032dd0 con 0x7ff40c07f8f0
2024-09-13T17:54:26.091 INFO:teuthology.orchestra.run.smithi027.stdout:/usr/bin/ceph: stderr
2024-09-13T17:54:24.393+0000 7ff408c00640 1 -- 172.21.15.27:0/1881282838 <== mon.0 v2:172.21.15.27:3300/0 2 ==== config(27 keys) v1 ==== 1139+0+0 (secure 0 0 0) 0x7ff3fc03b910 con 0x7ff40c07f8f0
2024-09-13T17:54:26.091 INFO:teuthology.orchestra.run.smithi027.stdout:/usr/bin/ceph: stderr
2024-09-13T17:54:24.393+0000 7ff408c00640 1 -- 172.21.15.27:0/1881282838 <== mon.0 v2:172.21.15.27:3300/0 3 ==== mon_map magic: 0 v1 ==== 205+0+0 (secure 0 0 0) 0x7ff3fc03a890 con 0x7ff40c07f8f0
2024-09-13T17:54:26.091 INFO:teuthology.orchestra.run.smithi027.stdout:/usr/bin/ceph: stderr
2024-09-13T17:54:24.393+0000 7ff412e00640 1 -- 172.21.15.27:0/1881282838 --> [v2:172.21.15.27:3300/0,v1:172.21.15.27:6789/0] -- mon_subscribe({mgrmap=0+}) v3 -- 0x7ff40c1a0400 con 0x7ff40c07f8f0
2024-09-13T17:54:26.091 INFO:teuthology.orchestra.run.smithi027.stdout:/usr/bin/ceph: stderr
2024-09-13T17:54:24.393+0000 7ff412e00640 1 -- 172.21.15.27:0/1881282838 --> [v2:172.21.15.27:3300/0,v1:172.21.15.27:6789/0] -- mon_subscribe({osdmap=0}) v3 -- 0x7ff40c1a3120 con 0x7ff40c07f8f0
2024-09-13T17:54:26.091 INFO:teuthology.orchestra.run.smithi027.stdout:/usr/bin/ceph: stderr
2024-09-13T17:54:24.394+0000 7ff408c00640 1 -- 172.21.15.27:0/1881282838 <== mon.0 v2:172.21.15.27:3300/0 4 ==== mgrmap(e 8) v1 ==== 45541+0+0 (secure 0 0 0) 0x7ff3fc039040 con 0x7ff40c07f8f0
2024-09-13T17:54:26.091 INFO:teuthology.orchestra.run.smithi027.stdout:/usr/bin/ceph: stderr
2024-09-13T17:54:24.394+0000 7ff412e00640 1 -- 172.21.15.27:0/1881282838 --> [v2:172.21.15.27:3300/0,v1:172.21.15.27:6789/0] -- mon_command({"prefix": "get_command_descriptions"} v 0) v1 -- 0x7ff40c07fd70 con 0x7ff40c07f8f0
2024-09-13T17:54:26.091 INFO:teuthology.orchestra.run.smithi027.stdout:/usr/bin/ceph: stderr
2024-09-13T17:54:24.395+0000 7ff408c00640 1 --2- 172.21.15.27:0/1881282838 >> [v2:172.21.15.27:6800/1083878216,v1:172.21.15.27:6801/1083878216] conn(0x7ff3f0038670 0x7ff3f003ab30 unknown :-1 s=NONE pgs=0 cs=0 l=1 rev1=0 crypto rx=0 tx=0 comp rx=0 tx=0).connect
2024-09-13T17:54:26.091 INFO:teuthology.orchestra.run.smithi027.stdout:/usr/bin/ceph: stderr
2024-09-13T17:54:24.395+0000 7ff408c00640 1 -- 172.21.15.27:0/1881282838 <== mon.0 v2:172.21.15.27:3300/0 5 ==== osd_map(2..2 src has 1..2) v4 ==== 940+0+0 (secure 0 0 0) 0x7ff3fc06b980 con 0x7ff40c07f8f0
2024-09-13T17:54:26.091 INFO:teuthology.orchestra.run.smithi027.stdout:/usr/bin/ceph: stderr
2024-09-13T17:54:24.395+0000 7ff40b400640 1 --2- 172.21.15.27:0/1881282838 >> [v2:172.21.15.27:6800/1083878216,v1:172.21.15.27:6801/1083878216] conn(0x7ff3f0038670 0x7ff3f003ab30 unknown :-1 s=BANNER_CONNECTING pgs=0 cs=0 l=1 rev1=0 crypto rx=0 tx=0 comp rx=0 tx=0)._handle_peer_banner_payload supported=3 required=0
2024-09-13T17:54:26.091 INFO:teuthology.orchestra.run.smithi027.stdout:/usr/bin/ceph: stderr
2024-09-13T17:54:24.396+0000 7ff40b400640 1 --2- 172.21.15.27:0/1881282838 >> [v2:172.21.15.27:6800/1083878216,v1:172.21.15.27:6801/1083878216] conn(0x7ff3f0038670 0x7ff3f003ab30 secure :-1 s=READY pgs=14 cs=0 l=1 rev1=1 crypto rx=0x7ff3f80098c0 tx=0x7ff3f8006db0 comp rx=0 tx=0).ready entity=mgr.14118 client_cookie=0 server_cookie=0 in_seq=0 out_seq=0
2024-09-13T17:54:26.091 INFO:teuthology.orchestra.run.smithi027.stdout:/usr/bin/ceph: stderr
2024-09-13T17:54:24.399+0000 7ff408c00640 1 -- 172.21.15.27:0/1881282838 <== mon.0 v2:172.21.15.27:3300/0 6 ==== mon_command_ack([{"prefix": "get_command_descriptions"}]=0 v0) v1 ==== 72+0+183819 (secure 0 0 0) 0x7ff3fc031580 con 0x7ff40c07f8f0
2024-09-13T17:54:26.091 INFO:teuthology.orchestra.run.smithi027.stdout:/usr/bin/ceph: stderr
2024-09-13T17:54:24.631+0000 7ff412e00640 1 -- 172.21.15.27:0/1881282838 --> [v2:172.21.15.27:3300/0,v1:172.21.15.27:6789/0] -- mon_command([{prefix=config set, name=mgr/cephadm/container_init}] v 0) v1 -- 0x7ff40c1a3500 con 0x7ff40c07f8f0
2024-09-13T17:54:26.091 INFO:teuthology.orchestra.run.smithi027.stdout:/usr/bin/ceph: stderr
2024-09-13T17:54:24.635+0000 7ff408c00640 1 -- 172.21.15.27:0/1881282838 <== mon.0 v2:172.21.15.27:3300/0 7 ==== mon_command_ack([{prefix=config set, name=mgr/cephadm/container_init}]=0 v7)=0 v7) v1 ==== 142+0+0 (secure 0 0 0) 0x7ff3fc03f030 con 0x7ff40c07f8f0
2024-09-13T17:54:26.092 INFO:teuthology.orchestra.run.smithi027.stdout:/usr/bin/ceph: stderr
2024-09-13T17:54:24.637+0000 7ff412e00640 1 -- 172.21.15.27:0/1881282838 >> [v2:172.21.15.27:6800/1083878216,v1:172.21.15.27:6801/1083878216] conn(0x7ff3f0038670 msgr2=0x7ff3f003ab30 secure :-1 s=STATE_CONNECTION_ESTABLISHED l=1).mark_down
2024-09-13T17:54:26.092 INFO:teuthology.orchestra.run.smithi027.stdout:/usr/bin/ceph: stderr
2024-09-13T17:54:24.637+0000 7ff412e00640 1 --2- 172.21.15.27:0/1881282838 >> [v2:172.21.15.27:6800/1083878216,v1:172.21.15.27:6801/1083878216] conn(0x7ff3f0038670 0x7ff3f003ab30 secure :-1 s=READY pgs=14 cs=0 l=1 rev1=1 crypto rx=0x7ff3f80098c0 tx=0x7ff3f8006db0 comp rx=0 tx=0).stop
2024-09-13T17:54:26.092 INFO:teuthology.orchestra.run.smithi027.stdout:/usr/bin/ceph: stderr
2024-09-13T17:54:24.637+0000 7ff412e00640 1 -- 172.21.15.27:0/1881282838 >> [v2:172.21.15.27:3300/0,v1:172.21.15.27:6789/0] conn(0x7ff40c07f8f0 msgr2=0x7ff40c19fc60 secure :-1 s=STATE_CONNECTION_ESTABLISHED l=1).mark_down
2024-09-13T17:54:26.092 INFO:teuthology.orchestra.run.smithi027.stdout:/usr/bin/ceph: stderr
2024-09-13T17:54:24.637+0000 7ff412e00640 1 --2- 172.21.15.27:0/1881282838 >> [v2:172.21.15.27:3300/0,v1:172.21.15.27:6789/0] conn(0x7ff40c07f8f0 0x7ff40c19fc60 secure :-1 s=READY pgs=50 cs=0 l=1 rev1=1 crypto rx=0x7ff3fc0097f0 tx=0x7ff3fc032670 comp rx=0 tx=0).stop
2024-09-13T17:54:26.092 INFO:teuthology.orchestra.run.smithi027.stdout:/usr/bin/ceph: stderr
2024-09-13T17:54:24.637+0000 7ff412e00640 1 -- 172.21.15.27:0/1881282838 shutdown_connections
2024-09-13T17:54:26.092 INFO:teuthology.orchestra.run.smithi027.stdout:/usr/bin/ceph: stderr
2024-09-13T17:54:24.637+0000 7ff412e00640 1 --2- 172.21.15.27:0/1881282838 >> [v2:172.21.15.27:6800/1083878216,v1:172.21.15.27:6801/1083878216] conn(0x7ff3f0038670 0x7ff3f003ab30 unknown :-1 s=CLOSED pgs=14 cs=0 l=1 rev1=1 crypto rx=0 tx=0 comp rx=0 tx=0).stop
2024-09-13T17:54:26.092 INFO:teuthology.orchestra.run.smithi027.stdout:/usr/bin/ceph: stderr
2024-09-13T17:54:24.638+0000 7ff412e00640 1 --2- 172.21.15.27:0/1881282838 >> [v2:172.21.15.27:3300/0,v1:172.21.15.27:6789/0] conn(0x7ff40c07f8f0 0x7ff40c19fc60 unknown :-1 s=CLOSED pgs=50 cs=0 l=1 rev1=1 crypto rx=0 tx=0 comp rx=0 tx=0).stop
2024-09-13T17:54:26.092 INFO:teuthology.orchestra.run.smithi027.stdout:/usr/bin/ceph: stderr
2024-09-13T17:54:24.638+0000 7ff412e00640 1 -- 172.21.15.27:0/1881282838 >> 172.21.15.27:0/1881282838 conn(0x7ff40c07b0b0 msgr2=0x7ff40c07bcd0 unknown :-1 s=STATE_NONE l=0).mark_down
2024-09-13T17:54:26.092 INFO:teuthology.orchestra.run.smithi027.stdout:/usr/bin/ceph: stderr
2024-09-13T17:54:24.638+0000 7ff412e00640 1 -- 172.21.15.27:0/1881282838 shutdown_connections
2024-09-13T17:54:26.092 INFO:teuthology.orchestra.run.smithi027.stdout:/usr/bin/ceph: stderr
2024-09-13T17:54:24.638+0000 7ff412e00640 1 -- 172.21.15.27:0/1881282838 wait complete.
2024-09-13T17:54:27.306 INFO:journalctl@ceph.mon.a.smithi027.stdout:Sep 13 17:54:27 smithi027 ceph-mon[30611]: from='mgr.14118 172.21.15.27:0/1969861111' entity='mgr.x'
2024-09-13T17:54:27.307 INFO:journalctl@ceph.mon.a.smithi027.stdout:Sep 13 17:54:27 smithi027 ceph-mon[30611]: from='client.? 172.21.15.27:0/2261310381' entity='client.admin'
2024-09-13T17:54:27.726 INFO:teuthology.orchestra.run.smithi027.stdout:/usr/bin/ceph: stderr
2024-09-13T17:54:26.800+0000 7fd61d200640 1 Processor -- start
2024-09-13T17:54:27.726 INFO:teuthology.orchestra.run.smithi027.stdout:/usr/bin/ceph: stderr
2024-09-13T17:54:26.800+0000 7fd61d200640 1 -- start start
2024-09-13T17:54:27.726 INFO:teuthology.orchestra.run.smithi027.stdout:/usr/bin/ceph: stderr
2024-09-13T17:54:26.800+0000 7fd61d200640 1 --2- >> [v2:172.21.15.27:3300/0,v1:172.21.15.27:6789/0] conn(0x7fd618107c20 0x7fd618108020 unknown :-1 s=NONE pgs=0 cs=0 l=0 rev1=0 crypto rx=0 tx=0 comp rx=0 tx=0).connect
2024-09-13T17:54:27.727 INFO:teuthology.orchestra.run.smithi027.stdout:/usr/bin/ceph: stderr
2024-09-13T17:54:26.800+0000 7fd61d200640 1 -- --> [v2:172.21.15.27:3300/0,v1:172.21.15.27:6789/0] -- mon_getmap magic: 0 v1 -- 0x7fd6181085f0 con 0x7fd618107c20
2024-09-13T17:54:27.727 INFO:teuthology.orchestra.run.smithi027.stdout:/usr/bin/ceph: stderr
2024-09-13T17:54:26.801+0000 7fd615e00640 1 --2- >> [v2:172.21.15.27:3300/0,v1:172.21.15.27:6789/0] conn(0x7fd618107c20 0x7fd618108020 unknown :-1 s=BANNER_CONNECTING pgs=0 cs=0 l=0 rev1=0 crypto rx=0 tx=0 comp rx=0 tx=0)._handle_peer_banner_payload supported=3 required=0
2024-09-13T17:54:27.727 INFO:teuthology.orchestra.run.smithi027.stdout:/usr/bin/ceph: stderr
2024-09-13T17:54:26.801+0000 7fd615e00640 1 --2- >> [v2:172.21.15.27:3300/0,v1:172.21.15.27:6789/0] conn(0x7fd618107c20 0x7fd618108020 unknown :-1 s=HELLO_CONNECTING pgs=0 cs=0 l=0 rev1=1 crypto rx=0 tx=0 comp rx=0 tx=0).handle_hello peer v2:172.21.15.27:3300/0 says I am v2:172.21.15.27:36734/0 (socket says 172.21.15.27:36734)
2024-09-13T17:54:27.727 INFO:teuthology.orchestra.run.smithi027.stdout:/usr/bin/ceph: stderr
2024-09-13T17:54:26.801+0000 7fd615e00640 1 -- 172.21.15.27:0/332472349 learned_addr learned my addr 172.21.15.27:0/332472349 (peer_addr_for_me v2:172.21.15.27:0/0)
2024-09-13T17:54:27.727 INFO:teuthology.orchestra.run.smithi027.stdout:/usr/bin/ceph: stderr
2024-09-13T17:54:26.801+0000 7fd615e00640 1 -- 172.21.15.27:0/332472349 --> [v2:172.21.15.27:3300/0,v1:172.21.15.27:6789/0] -- mon_subscribe({config=0+,monmap=0+}) v3 -- 0x7fd618108dd0 con 0x7fd618107c20
2024-09-13T17:54:27.727 INFO:teuthology.orchestra.run.smithi027.stdout:/usr/bin/ceph: stderr
2024-09-13T17:54:26.802+0000 7fd615e00640 1 --2- 172.21.15.27:0/332472349 >> [v2:172.21.15.27:3300/0,v1:172.21.15.27:6789/0] conn(0x7fd618107c20 0x7fd618108020 secure :-1 s=READY pgs=51 cs=0 l=1 rev1=1 crypto rx=0x7fd608009820 tx=0x7fd60802a270 comp rx=0 tx=0).ready entity=mon.0 client_cookie=9c233afe2961b4c5 server_cookie=0 in_seq=0 out_seq=0
2024-09-13T17:54:27.727 INFO:teuthology.orchestra.run.smithi027.stdout:/usr/bin/ceph: stderr
2024-09-13T17:54:26.802+0000 7fd615400640 1 -- 172.21.15.27:0/332472349 <== mon.0 v2:172.21.15.27:3300/0 1 ==== mon_map magic: 0 v1 ==== 205+0+0 (secure 0 0 0) 0x7fd60802ae70 con 0x7fd618107c20
2024-09-13T17:54:27.727 INFO:teuthology.orchestra.run.smithi027.stdout:/usr/bin/ceph: stderr
