2024-09-13T18:08:07.419+0000 7fbbbb038040 -1 mgr[py] Module influx has missing NOTIFY_TYPES member
2024-09-13T18:08:07.791 INFO:journalctl@ceph.mgr.x.smithi007.stdout:Sep 13 18:08:07 smithi007 ceph-d9377e86-71fa-11ef-bceb-c7b262605968-mgr-x[30809]:
2024-09-13T18:08:07.491+0000 7fbbbb038040 -1 mgr[py] Module zabbix has missing NOTIFY_TYPES member
2024-09-13T18:08:08.694 INFO:journalctl@ceph.mgr.x.smithi007.stdout:Sep 13 18:08:08 smithi007 ceph-d9377e86-71fa-11ef-bceb-c7b262605968-mgr-x[30809]:
2024-09-13T18:08:08.420+0000 7fbbbb038040 -1 mgr[py] Module telegraf has missing NOTIFY_TYPES member
2024-09-13T18:08:08.694 INFO:journalctl@ceph.mon.a.smithi007.stdout:Sep 13 18:08:08 smithi007 ceph-mon[30588]: Active manager daemon x restarted
2024-09-13T18:08:08.694 INFO:journalctl@ceph.mon.a.smithi007.stdout:Sep 13 18:08:08 smithi007 ceph-mon[30588]: Activating manager daemon x
2024-09-13T18:08:08.694 INFO:journalctl@ceph.mon.a.smithi007.stdout:Sep 13 18:08:08 smithi007 ceph-mon[30588]: osdmap e3: 0 total, 0 up, 0 in
2024-09-13T18:08:08.694 INFO:journalctl@ceph.mon.a.smithi007.stdout:Sep 13 18:08:08 smithi007 ceph-mon[30588]: mgrmap e10: x(active, starting, since 0.00380642s)
2024-09-13T18:08:08.694 INFO:journalctl@ceph.mon.a.smithi007.stdout:Sep 13 18:08:08 smithi007 ceph-mon[30588]: from='mgr.14150 172.21.15.7:0/992492170' entity='mgr.x' cmd=[{"prefix": "mon metadata", "id": "a"}]: dispatch
2024-09-13T18:08:08.694 INFO:journalctl@ceph.mon.a.smithi007.stdout:Sep 13 18:08:08 smithi007 ceph-mon[30588]: from='mgr.14150 172.21.15.7:0/992492170' entity='mgr.x' cmd=[{"prefix": "mgr metadata", "who": "x", "id": "x"}]: dispatch
2024-09-13T18:08:08.695 INFO:journalctl@ceph.mon.a.smithi007.stdout:Sep 13 18:08:08 smithi007 ceph-mon[30588]: from='mgr.14150 172.21.15.7:0/992492170' entity='mgr.x' cmd=[{"prefix": "mds metadata"}]: dispatch
2024-09-13T18:08:08.695 INFO:journalctl@ceph.mon.a.smithi007.stdout:Sep 13 18:08:08 smithi007 ceph-mon[30588]: from='mgr.14150 172.21.15.7:0/992492170' entity='mgr.x' cmd=[{"prefix": "osd metadata"}]: dispatch
2024-09-13T18:08:08.695 INFO:journalctl@ceph.mon.a.smithi007.stdout:Sep 13 18:08:08 smithi007 ceph-mon[30588]: from='mgr.14150 172.21.15.7:0/992492170' entity='mgr.x' cmd=[{"prefix": "mon metadata"}]: dispatch
2024-09-13T18:08:08.695 INFO:journalctl@ceph.mon.a.smithi007.stdout:Sep 13 18:08:08 smithi007 ceph-mon[30588]: Manager daemon x is now available
2024-09-13T18:08:08.695 INFO:journalctl@ceph.mon.a.smithi007.stdout:Sep 13 18:08:08 smithi007 ceph-mon[30588]: from='mgr.14150 172.21.15.7:0/992492170' entity='mgr.x' cmd=[{"prefix": "config dump", "format": "json"}]: dispatch
2024-09-13T18:08:09.790 INFO:journalctl@ceph.mon.a.smithi007.stdout:Sep 13 18:08:09 smithi007 ceph-mon[30588]: from='mgr.14150 172.21.15.7:0/992492170' entity='mgr.x' cmd=[{"prefix":"config rm","who":"mgr","name":"mgr/rbd_support/x/mirror_snapshot_schedule"}]: dispatch
2024-09-13T18:08:09.791 INFO:journalctl@ceph.mon.a.smithi007.stdout:Sep 13 18:08:09 smithi007 ceph-mon[30588]: from='mgr.14150 172.21.15.7:0/992492170' entity='mgr.x' cmd=[{"prefix":"config rm","who":"mgr","name":"mgr/rbd_support/x/trash_purge_schedule"}]: dispatch
2024-09-13T18:08:09.791 INFO:journalctl@ceph.mon.a.smithi007.stdout:Sep 13 18:08:09 smithi007 ceph-mon[30588]: mgrmap e11: x(active, since 1.00781s)
2024-09-13T18:08:10.679 INFO:journalctl@ceph.mon.a.smithi007.stdout:Sep 13 18:08:10 smithi007 ceph-mon[30588]: from='client.14154 -' entity='client.admin' cmd=[{"prefix": "get_command_descriptions"}]: dispatch
2024-09-13T18:08:10.679 INFO:journalctl@ceph.mon.a.smithi007.stdout:Sep 13 18:08:10 smithi007 ceph-mon[30588]: from='client.14154 -' entity='client.admin' cmd=[{"prefix": "mgr_status"}]: dispatch
2024-09-13T18:08:10.679 INFO:journalctl@ceph.mon.a.smithi007.stdout:Sep 13 18:08:10 smithi007 ceph-mon[30588]: from='mgr.14150 172.21.15.7:0/992492170' entity='mgr.x'
2024-09-13T18:08:10.687 INFO:teuthology.orchestra.run.smithi007.stdout:/usr/bin/ceph: stdout {
2024-09-13T18:08:10.687 INFO:teuthology.orchestra.run.smithi007.stdout:/usr/bin/ceph: stdout "mgrmap_epoch": 11,
2024-09-13T18:08:10.687 INFO:teuthology.orchestra.run.smithi007.stdout:/usr/bin/ceph: stdout "initialized": true
2024-09-13T18:08:10.687 INFO:teuthology.orchestra.run.smithi007.stdout:/usr/bin/ceph: stdout }
2024-09-13T18:08:10.688 INFO:teuthology.orchestra.run.smithi007.stdout:/usr/bin/ceph: stderr
2024-09-13T18:08:04.989+0000 7f79a2c00640 1 Processor -- start
2024-09-13T18:08:10.688 INFO:teuthology.orchestra.run.smithi007.stdout:/usr/bin/ceph: stderr
2024-09-13T18:08:04.989+0000 7f79a2c00640 1 -- start start
2024-09-13T18:08:10.688 INFO:teuthology.orchestra.run.smithi007.stdout:/usr/bin/ceph: stderr
2024-09-13T18:08:04.989+0000 7f79a2c00640 1 --2- >> [v2:172.21.15.7:3300/0,v1:172.21.15.7:6789/0] conn(0x7f799c07be60 0x7f799c07a2c0 unknown :-1 s=NONE pgs=0 cs=0 l=0 rev1=0 crypto rx=0 tx=0 comp rx=0 tx=0).connect
2024-09-13T18:08:10.694 INFO:teuthology.orchestra.run.smithi007.stdout:/usr/bin/ceph: stderr
2024-09-13T18:08:04.989+0000 7f79a2c00640 1 -- --> [v2:172.21.15.7:3300/0,v1:172.21.15.7:6789/0] -- mon_getmap magic: 0 v1 -- 0x7f799c07a890 con 0x7f799c07be60
2024-09-13T18:08:10.694 INFO:teuthology.orchestra.run.smithi007.stdout:/usr/bin/ceph: stderr
2024-09-13T18:08:04.990+0000 7f799be00640 1 --2- >> [v2:172.21.15.7:3300/0,v1:172.21.15.7:6789/0] conn(0x7f799c07be60 0x7f799c07a2c0 unknown :-1 s=BANNER_CONNECTING pgs=0 cs=0 l=0 rev1=0 crypto rx=0 tx=0 comp rx=0 tx=0)._handle_peer_banner_payload supported=3 required=0
2024-09-13T18:08:10.695 INFO:teuthology.orchestra.run.smithi007.stdout:/usr/bin/ceph: stderr
2024-09-13T18:08:04.990+0000 7f799be00640 1 --2- >> [v2:172.21.15.7:3300/0,v1:172.21.15.7:6789/0] conn(0x7f799c07be60 0x7f799c07a2c0 unknown :-1 s=HELLO_CONNECTING pgs=0 cs=0 l=0 rev1=1 crypto rx=0 tx=0 comp rx=0 tx=0).handle_hello peer v2:172.21.15.7:3300/0 says I am v2:172.21.15.7:42486/0 (socket says 172.21.15.7:42486)
2024-09-13T18:08:10.695 INFO:teuthology.orchestra.run.smithi007.stdout:/usr/bin/ceph: stderr
2024-09-13T18:08:04.990+0000 7f799be00640 1 -- 172.21.15.7:0/1334125999 learned_addr learned my addr 172.21.15.7:0/1334125999 (peer_addr_for_me v2:172.21.15.7:0/0)
2024-09-13T18:08:10.695 INFO:teuthology.orchestra.run.smithi007.stdout:/usr/bin/ceph: stderr
2024-09-13T18:08:04.990+0000 7f799be00640 1 -- 172.21.15.7:0/1334125999 --> [v2:172.21.15.7:3300/0,v1:172.21.15.7:6789/0] -- mon_subscribe({config=0+,monmap=0+}) v3 -- 0x7f799c07a9d0 con 0x7f799c07be60
2024-09-13T18:08:10.695 INFO:teuthology.orchestra.run.smithi007.stdout:/usr/bin/ceph: stderr
2024-09-13T18:08:04.991+0000 7f799be00640 1 --2- 172.21.15.7:0/1334125999 >> [v2:172.21.15.7:3300/0,v1:172.21.15.7:6789/0] conn(0x7f799c07be60 0x7f799c07a2c0 secure :-1 s=READY pgs=59 cs=0 l=1 rev1=1 crypto rx=0x7f798c009820 tx=0x7f798c02a270 comp rx=0 tx=0).ready entity=mon.0 client_cookie=3e42f6f243ba3cc3 server_cookie=0 in_seq=0 out_seq=0
2024-09-13T18:08:10.695 INFO:teuthology.orchestra.run.smithi007.stdout:/usr/bin/ceph: stderr
2024-09-13T18:08:04.992+0000 7f799aa00640 1 -- 172.21.15.7:0/1334125999 <== mon.0 v2:172.21.15.7:3300/0 1 ==== mon_map magic: 0 v1 ==== 205+0+0 (secure 0 0 0) 0x7f798c02ae70 con 0x7f799c07be60
2024-09-13T18:08:10.695 INFO:teuthology.orchestra.run.smithi007.stdout:/usr/bin/ceph: stderr
2024-09-13T18:08:04.992+0000 7f799aa00640 1 -- 172.21.15.7:0/1334125999 <== mon.0 v2:172.21.15.7:3300/0 2 ==== config(26 keys) v1 ==== 1105+0+0 (secure 0 0 0) 0x7f798c032900 con 0x7f799c07be60
2024-09-13T18:08:10.695 INFO:teuthology.orchestra.run.smithi007.stdout:/usr/bin/ceph: stderr
2024-09-13T18:08:04.992+0000 7f799aa00640 1 -- 172.21.15.7:0/1334125999 <== mon.0 v2:172.21.15.7:3300/0 3 ==== mon_map magic: 0 v1 ==== 205+0+0 (secure 0 0 0) 0x7f798c030880 con 0x7f799c07be60
2024-09-13T18:08:10.695 INFO:teuthology.orchestra.run.smithi007.stdout:/usr/bin/ceph: stderr
2024-09-13T18:08:04.992+0000 7f79a2c00640 1 -- 172.21.15.7:0/1334125999 >> [v2:172.21.15.7:3300/0,v1:172.21.15.7:6789/0] conn(0x7f799c07be60 msgr2=0x7f799c07a2c0 secure :-1 s=STATE_CONNECTION_ESTABLISHED l=1).mark_down
2024-09-13T18:08:10.695 INFO:teuthology.orchestra.run.smithi007.stdout:/usr/bin/ceph: stderr
2024-09-13T18:08:04.992+0000 7f79a2c00640 1 --2- 172.21.15.7:0/1334125999 >> [v2:172.21.15.7:3300/0,v1:172.21.15.7:6789/0] conn(0x7f799c07be60 0x7f799c07a2c0 secure :-1 s=READY pgs=59 cs=0 l=1 rev1=1 crypto rx=0x7f798c009820 tx=0x7f798c02a270 comp rx=0 tx=0).stop
2024-09-13T18:08:10.695 INFO:teuthology.orchestra.run.smithi007.stdout:/usr/bin/ceph: stderr
2024-09-13T18:08:04.993+0000 7f79a2c00640 1 -- 172.21.15.7:0/1334125999 shutdown_connections
2024-09-13T18:08:10.695 INFO:teuthology.orchestra.run.smithi007.stdout:/usr/bin/ceph: stderr
2024-09-13T18:08:04.993+0000 7f79a2c00640 1 --2- 172.21.15.7:0/1334125999 >> [v2:172.21.15.7:3300/0,v1:172.21.15.7:6789/0] conn(0x7f799c07be60 0x7f799c07a2c0 unknown :-1 s=CLOSED pgs=59 cs=0 l=1 rev1=1 crypto rx=0 tx=0 comp rx=0 tx=0).stop
2024-09-13T18:08:10.695 INFO:teuthology.orchestra.run.smithi007.stdout:/usr/bin/ceph: stderr
2024-09-13T18:08:04.993+0000 7f79a2c00640 1 -- 172.21.15.7:0/1334125999 >> 172.21.15.7:0/1334125999 conn(0x7f799c100fa0 msgr2=0x7f799c1033c0 unknown :-1 s=STATE_NONE l=0).mark_down
2024-09-13T18:08:10.696 INFO:teuthology.orchestra.run.smithi007.stdout:/usr/bin/ceph: stderr
2024-09-13T18:08:04.993+0000 7f79a2c00640 1 -- 172.21.15.7:0/1334125999 shutdown_connections
2024-09-13T18:08:10.696 INFO:teuthology.orchestra.run.smithi007.stdout:/usr/bin/ceph: stderr
2024-09-13T18:08:04.993+0000 7f79a2c00640 1 -- 172.21.15.7:0/1334125999 wait complete.
2024-09-13T18:08:10.696 INFO:teuthology.orchestra.run.smithi007.stdout:/usr/bin/ceph: stderr
2024-09-13T18:08:04.994+0000 7f79a2c00640 1 Processor -- start
2024-09-13T18:08:10.696 INFO:teuthology.orchestra.run.smithi007.stdout:/usr/bin/ceph: stderr
2024-09-13T18:08:04.994+0000 7f79a2c00640 1 -- start start
2024-09-13T18:08:10.696 INFO:teuthology.orchestra.run.smithi007.stdout:/usr/bin/ceph: stderr
2024-09-13T18:08:04.994+0000 7f79a2c00640 1 --2- >> [v2:172.21.15.7:3300/0,v1:172.21.15.7:6789/0] conn(0x7f799c07be60 0x7f799c19b640 unknown :-1 s=NONE pgs=0 cs=0 l=1 rev1=0 crypto rx=0 tx=0 comp rx=0 tx=0).connect
2024-09-13T18:08:10.696 INFO:teuthology.orchestra.run.smithi007.stdout:/usr/bin/ceph: stderr
2024-09-13T18:08:04.994+0000 7f79a2c00640 1 -- --> [v2:172.21.15.7:3300/0,v1:172.21.15.7:6789/0] -- mon_getmap magic: 0 v1 -- 0x7f799c19bb80 con 0x7f799c07be60
2024-09-13T18:08:10.696 INFO:teuthology.orchestra.run.smithi007.stdout:/usr/bin/ceph: stderr
2024-09-13T18:08:04.994+0000 7f799be00640 1 --2- >> [v2:172.21.15.7:3300/0,v1:172.21.15.7:6789/0] conn(0x7f799c07be60 0x7f799c19b640 unknown :-1 s=BANNER_CONNECTING pgs=0 cs=0 l=1 rev1=0 crypto rx=0 tx=0 comp rx=0 tx=0)._handle_peer_banner_payload supported=3 required=0
2024-09-13T18:08:10.696 INFO:teuthology.orchestra.run.smithi007.stdout:/usr/bin/ceph: stderr
2024-09-13T18:08:04.994+0000 7f799be00640 1 --2- >> [v2:172.21.15.7:3300/0,v1:172.21.15.7:6789/0] conn(0x7f799c07be60 0x7f799c19b640 unknown :-1 s=HELLO_CONNECTING pgs=0 cs=0 l=1 rev1=1 crypto rx=0 tx=0 comp rx=0 tx=0).handle_hello peer v2:172.21.15.7:3300/0 says I am v2:172.21.15.7:42492/0 (socket says 172.21.15.7:42492)
2024-09-13T18:08:10.696 INFO:teuthology.orchestra.run.smithi007.stdout:/usr/bin/ceph: stderr
2024-09-13T18:08:04.994+0000 7f799be00640 1 -- 172.21.15.7:0/1743659946 learned_addr learned my addr 172.21.15.7:0/1743659946 (peer_addr_for_me v2:172.21.15.7:0/0)
2024-09-13T18:08:10.696 INFO:teuthology.orchestra.run.smithi007.stdout:/usr/bin/ceph: stderr
2024-09-13T18:08:04.995+0000 7f799be00640 1 -- 172.21.15.7:0/1743659946 --> [v2:172.21.15.7:3300/0,v1:172.21.15.7:6789/0] -- mon_subscribe({config=0+,monmap=0+}) v3 -- 0x7f798c0094d0 con 0x7f799c07be60
2024-09-13T18:08:10.696 INFO:teuthology.orchestra.run.smithi007.stdout:/usr/bin/ceph: stderr
2024-09-13T18:08:04.995+0000 7f799be00640 1 --2- 172.21.15.7:0/1743659946 >> [v2:172.21.15.7:3300/0,v1:172.21.15.7:6789/0] conn(0x7f799c07be60 0x7f799c19b640 secure :-1 s=READY pgs=60 cs=0 l=1 rev1=1 crypto rx=0x7f798c030410 tx=0x7f798c030d70 comp rx=0 tx=0).ready entity=mon.0 client_cookie=0 server_cookie=0 in_seq=0 out_seq=0
2024-09-13T18:08:10.696 INFO:teuthology.orchestra.run.smithi007.stdout:/usr/bin/ceph: stderr
2024-09-13T18:08:04.996+0000 7f7998c00640 1 -- 172.21.15.7:0/1743659946 <== mon.0 v2:172.21.15.7:3300/0 1 ==== mon_map magic: 0 v1 ==== 205+0+0 (secure 0 0 0) 0x7f798c032db0 con 0x7f799c07be60
2024-09-13T18:08:10.697 INFO:teuthology.orchestra.run.smithi007.stdout:/usr/bin/ceph: stderr
2024-09-13T18:08:04.996+0000 7f7998c00640 1 -- 172.21.15.7:0/1743659946 <== mon.0 v2:172.21.15.7:3300/0 2 ==== config(26 keys) v1 ==== 1105+0+0 (secure 0 0 0) 0x7f798c03b8e0 con 0x7f799c07be60
2024-09-13T18:08:10.697 INFO:teuthology.orchestra.run.smithi007.stdout:/usr/bin/ceph: stderr
2024-09-13T18:08:04.996+0000 7f7998c00640 1 -- 172.21.15.7:0/1743659946 <== mon.0 v2:172.21.15.7:3300/0 3 ==== mon_map magic: 0 v1 ==== 205+0+0 (secure 0 0 0) 0x7f798c03a6d0 con 0x7f799c07be60
2024-09-13T18:08:10.697 INFO:teuthology.orchestra.run.smithi007.stdout:/usr/bin/ceph: stderr
2024-09-13T18:08:04.996+0000 7f79a2c00640 1 -- 172.21.15.7:0/1743659946 --> [v2:172.21.15.7:3300/0,v1:172.21.15.7:6789/0] -- mon_subscribe({mgrmap=0+}) v3 -- 0x7f799c19bd80 con 0x7f799c07be60
2024-09-13T18:08:10.697 INFO:teuthology.orchestra.run.smithi007.stdout:/usr/bin/ceph: stderr
2024-09-13T18:08:04.996+0000 7f79a2c00640 1 -- 172.21.15.7:0/1743659946 --> [v2:172.21.15.7:3300/0,v1:172.21.15.7:6789/0] -- mon_subscribe({osdmap=0}) v3 -- 0x7f799c19c220 con 0x7f799c07be60
2024-09-13T18:08:10.697 INFO:teuthology.orchestra.run.smithi007.stdout:/usr/bin/ceph: stderr
2024-09-13T18:08:04.997+0000 7f7998c00640 1 -- 172.21.15.7:0/1743659946 <== mon.0 v2:172.21.15.7:3300/0 4 ==== mgrmap(e 9) v1 ==== 45554+0+0 (secure 0 0 0) 0x7f798c039070 con 0x7f799c07be60
2024-09-13T18:08:10.697 INFO:teuthology.orchestra.run.smithi007.stdout:/usr/bin/ceph: stderr
2024-09-13T18:08:04.997+0000 7f7998c00640 1 --2- 172.21.15.7:0/1743659946 >> [v2:172.21.15.7:6800/3391098565,v1:172.21.15.7:6801/3391098565] conn(0x7f79800386c0 0x7f798003ab80 unknown :-1 s=NONE pgs=0 cs=0 l=1 rev1=0 crypto rx=0 tx=0 comp rx=0 tx=0).connect
2024-09-13T18:08:10.697 INFO:teuthology.orchestra.run.smithi007.stdout:/usr/bin/ceph: stderr
2024-09-13T18:08:04.997+0000 7f7998c00640 1 -- 172.21.15.7:0/1743659946 --> [v2:172.21.15.7:6800/3391098565,v1:172.21.15.7:6801/3391098565] -- command(tid 0: {"prefix": "get_command_descriptions"}) v1 -- 0x7f798003b290 con 0x7f79800386c0
2024-09-13T18:08:10.697 INFO:teuthology.orchestra.run.smithi007.stdout:/usr/bin/ceph: stderr
2024-09-13T18:08:04.997+0000 7f7998c00640 1 -- 172.21.15.7:0/1743659946 <== mon.0 v2:172.21.15.7:3300/0 5 ==== osd_map(2..2 src has 1..2) v4 ==== 940+0+0 (secure 0 0 0) 0x7f798c06b9c0 con 0x7f799c07be60
2024-09-13T18:08:10.697 INFO:teuthology.orchestra.run.smithi007.stdout:/usr/bin/ceph: stderr
2024-09-13T18:08:04.997+0000 7f799b400640 1 -- 172.21.15.7:0/1743659946 >> [v2:172.21.15.7:6800/3391098565,v1:172.21.15.7:6801/3391098565] conn(0x7f79800386c0 msgr2=0x7f798003ab80 unknown :-1 s=STATE_CONNECTING_RE l=1).process reconnect failed to v2:172.21.15.7:6800/3391098565
2024-09-13T18:08:10.697 INFO:teuthology.orchestra.run.smithi007.stdout:/usr/bin/ceph: stderr
2024-09-13T18:08:04.998+0000 7f799b400640 1 --2- 172.21.15.7:0/1743659946 >> [v2:172.21.15.7:6800/3391098565,v1:172.21.15.7:6801/3391098565] conn(0x7f79800386c0 0x7f798003ab80 unknown :-1 s=START_CONNECT pgs=0 cs=0 l=1 rev1=0 crypto rx=0 tx=0 comp rx=0 tx=0)._fault waiting 0.200000
2024-09-13T18:08:10.697 INFO:teuthology.orchestra.run.smithi007.stdout:/usr/bin/ceph: stderr
2024-09-13T18:08:05.199+0000 7f799b400640 1 -- 172.21.15.7:0/1743659946 >> [v2:172.21.15.7:6800/3391098565,v1:172.21.15.7:6801/3391098565] conn(0x7f79800386c0 msgr2=0x7f798003ab80 unknown :-1 s=STATE_CONNECTING_RE l=1).process reconnect failed to v2:172.21.15.7:6800/3391098565
2024-09-13T18:08:10.697 INFO:teuthology.orchestra.run.smithi007.stdout:/usr/bin/ceph: stderr
2024-09-13T18:08:05.199+0000 7f799b400640 1 --2- 172.21.15.7:0/1743659946 >> [v2:172.21.15.7:6800/3391098565,v1:172.21.15.7:6801/3391098565] conn(0x7f79800386c0 0x7f798003ab80 unknown :-1 s=START_CONNECT pgs=0 cs=0 l=1 rev1=0 crypto rx=0 tx=0 comp rx=0 tx=0)._fault waiting 0.400000
2024-09-13T18:08:10.697 INFO:teuthology.orchestra.run.smithi007.stdout:/usr/bin/ceph: stderr
2024-09-13T18:08:05.600+0000 7f799b400640 1 -- 172.21.15.7:0/1743659946 >> [v2:172.21.15.7:6800/3391098565,v1:172.21.15.7:6801/3391098565] conn(0x7f79800386c0 msgr2=0x7f798003ab80 unknown :-1 s=STATE_CONNECTING_RE l=1).process reconnect failed to v2:172.21.15.7:6800/3391098565
2024-09-13T18:08:10.698 INFO:teuthology.orchestra.run.smithi007.stdout:/usr/bin/ceph: stderr
2024-09-13T18:08:05.600+0000 7f799b400640 1 --2- 172.21.15.7:0/1743659946 >> [v2:172.21.15.7:6800/3391098565,v1:172.21.15.7:6801/3391098565] conn(0x7f79800386c0 0x7f798003ab80 unknown :-1 s=START_CONNECT pgs=0 cs=0 l=1 rev1=0 crypto rx=0 tx=0 comp rx=0 tx=0)._fault waiting 0.800000
2024-09-13T18:08:10.698 INFO:teuthology.orchestra.run.smithi007.stdout:/usr/bin/ceph: stderr
2024-09-13T18:08:06.401+0000 7f799b400640 1 -- 172.21.15.7:0/1743659946 >> [v2:172.21.15.7:6800/3391098565,v1:172.21.15.7:6801/3391098565] conn(0x7f79800386c0 msgr2=0x7f798003ab80 unknown :-1 s=STATE_CONNECTING_RE l=1).process reconnect failed to v2:172.21.15.7:6800/3391098565
2024-09-13T18:08:10.698 INFO:teuthology.orchestra.run.smithi007.stdout:/usr/bin/ceph: stderr
2024-09-13T18:08:06.401+0000 7f799b400640 1 --2- 172.21.15.7:0/1743659946 >> [v2:172.21.15.7:6800/3391098565,v1:172.21.15.7:6801/3391098565] conn(0x7f79800386c0 0x7f798003ab80 unknown :-1 s=START_CONNECT pgs=0 cs=0 l=1 rev1=0 crypto rx=0 tx=0 comp rx=0 tx=0)._fault waiting 1.600000
2024-09-13T18:08:10.698 INFO:teuthology.orchestra.run.smithi007.stdout:/usr/bin/ceph: stderr
2024-09-13T18:08:08.002+0000 7f799b400640 1 -- 172.21.15.7:0/1743659946 >> [v2:172.21.15.7:6800/3391098565,v1:172.21.15.7:6801/3391098565] conn(0x7f79800386c0 msgr2=0x7f798003ab80 unknown :-1 s=STATE_CONNECTING_RE l=1).process reconnect failed to v2:172.21.15.7:6800/3391098565
2024-09-13T18:08:10.698 INFO:teuthology.orchestra.run.smithi007.stdout:/usr/bin/ceph: stderr
2024-09-13T18:08:08.002+0000 7f799b400640 1 --2- 172.21.15.7:0/1743659946 >> [v2:172.21.15.7:6800/3391098565,v1:172.21.15.7:6801/3391098565] conn(0x7f79800386c0 0x7f798003ab80 unknown :-1 s=START_CONNECT pgs=0 cs=0 l=1 rev1=0 crypto rx=0 tx=0 comp rx=0 tx=0)._fault waiting 3.200000
2024-09-13T18:08:10.698 INFO:teuthology.orchestra.run.smithi007.stdout:/usr/bin/ceph: stderr
2024-09-13T18:08:08.425+0000 7f7998c00640 1 -- 172.21.15.7:0/1743659946 <== mon.0 v2:172.21.15.7:3300/0 6 ==== mgrmap(e 10) v1 ==== 45321+0+0 (secure 0 0 0) 0x7f798c03bc50 con 0x7f799c07be60
2024-09-13T18:08:10.698 INFO:teuthology.orchestra.run.smithi007.stdout:/usr/bin/ceph: stderr
2024-09-13T18:08:08.425+0000 7f7998c00640 1 -- 172.21.15.7:0/1743659946 >> [v2:172.21.15.7:6800/3391098565,v1:172.21.15.7:6801/3391098565] conn(0x7f79800386c0 msgr2=0x7f798003ab80 unknown :-1 s=STATE_CONNECTING l=1).mark_down
2024-09-13T18:08:10.698 INFO:teuthology.orchestra.run.smithi007.stdout:/usr/bin/ceph: stderr
2024-09-13T18:08:08.425+0000 7f7998c00640 1 --2- 172.21.15.7:0/1743659946 >> [v2:172.21.15.7:6800/3391098565,v1:172.21.15.7:6801/3391098565] conn(0x7f79800386c0 0x7f798003ab80 unknown :-1 s=START_CONNECT pgs=0 cs=0 l=1 rev1=0 crypto rx=0 tx=0 comp rx=0 tx=0).stop
2024-09-13T18:08:10.698 INFO:teuthology.orchestra.run.smithi007.stdout:/usr/bin/ceph: stderr
2024-09-13T18:08:09.427+0000 7f7998c00640 1 -- 172.21.15.7:0/1743659946 <== mon.0 v2:172.21.15.7:3300/0 7 ==== mgrmap(e 11) v1 ==== 45448+0+0 (secure 0 0 0) 0x7f798c06d2e0 con 0x7f799c07be60
2024-09-13T18:08:10.698 INFO:teuthology.orchestra.run.smithi007.stdout:/usr/bin/ceph: stderr
2024-09-13T18:08:09.427+0000 7f7998c00640 1 --2- 172.21.15.7:0/1743659946 >> [v2:172.21.15.7:6800/1436660417,v1:172.21.15.7:6801/1436660417] conn(0x7f798003bff0 0x7f798003e3e0 unknown :-1 s=NONE pgs=0 cs=0 l=1 rev1=0 crypto rx=0 tx=0 comp rx=0 tx=0).connect
2024-09-13T18:08:10.698 INFO:teuthology.orchestra.run.smithi007.stdout:/usr/bin/ceph: stderr
2024-09-13T18:08:09.427+0000 7f7998c00640 1 -- 172.21.15.7:0/1743659946 --> [v2:172.21.15.7:6800/1436660417,v1:172.21.15.7:6801/1436660417] -- command(tid 0: {"prefix": "get_command_descriptions"}) v1 -- 0x7f798003b290 con 0x7f798003bff0
2024-09-13T18:08:10.698 INFO:teuthology.orchestra.run.smithi007.stdout:/usr/bin/ceph: stderr
2024-09-13T18:08:09.428+0000 7f799b400640 1 --2- 172.21.15.7:0/1743659946 >> [v2:172.21.15.7:6800/1436660417,v1:172.21.15.7:6801/1436660417] conn(0x7f798003bff0 0x7f798003e3e0 unknown :-1 s=BANNER_CONNECTING pgs=0 cs=0 l=1 rev1=0 crypto rx=0 tx=0 comp rx=0 tx=0)._handle_peer_banner_payload supported=3 required=0
2024-09-13T18:08:10.698 INFO:teuthology.orchestra.run.smithi007.stdout:/usr/bin/ceph: stderr
2024-09-13T18:08:09.429+0000 7f799b400640 1 --2- 172.21.15.7:0/1743659946 >> [v2:172.21.15.7:6800/1436660417,v1:172.21.15.7:6801/1436660417] conn(0x7f798003bff0 0x7f798003e3e0 secure :-1 s=READY pgs=1 cs=0 l=1 rev1=1 crypto rx=0x7f7988003980 tx=0x7f79880092b0 comp rx=0 tx=0).ready entity=mgr.14150 client_cookie=0 server_cookie=0 in_seq=0 out_seq=0
2024-09-13T18:08:10.699 INFO:teuthology.orchestra.run.smithi007.stdout:/usr/bin/ceph: stderr
2024-09-13T18:08:09.430+0000 7f7998c00640 1 -- 172.21.15.7:0/1743659946 <== mgr.14150 v2:172.21.15.7:6800/1436660417 1 ==== command_reply(tid 0: 0 ) v1 ==== 8+0+7774 (secure 0 0 0) 0x7f798003b290 con 0x7f798003bff0
2024-09-13T18:08:10.699 INFO:teuthology.orchestra.run.smithi007.stdout:/usr/bin/ceph: stderr
2024-09-13T18:08:09.436+0000 7f79a2c00640 1 -- 172.21.15.7:0/1743659946 --> [v2:172.21.15.7:6800/1436660417,v1:172.21.15.7:6801/1436660417] -- command(tid 1: {"prefix": "mgr_status"}) v1 -- 0x7f799c10bbe0 con 0x7f798003bff0
2024-09-13T18:08:10.699 INFO:teuthology.orchestra.run.smithi007.stdout:/usr/bin/ceph: stderr
2024-09-13T18:08:09.436+0000 7f7998c00640 1 -- 172.21.15.7:0/1743659946 <== mgr.14150 v2:172.21.15.7:6800/1436660417 2 ==== command_reply(tid 1: 0 ) v1 ==== 8+0+52 (secure 0 0 0) 0x7f799c10bbe0 con 0x7f798003bff0
2024-09-13T18:08:10.699 INFO:teuthology.orchestra.run.smithi007.stdout:/usr/bin/ceph: stderr
2024-09-13T18:08:09.437+0000 7f79a2c00640 1 -- 172.21.15.7:0/1743659946 >> [v2:172.21.15.7:6800/1436660417,v1:172.21.15.7:6801/1436660417] conn(0x7f798003bff0 msgr2=0x7f798003e3e0 secure :-1 s=STATE_CONNECTION_ESTABLISHED l=1).mark_down
2024-09-13T18:08:10.699 INFO:teuthology.orchestra.run.smithi007.stdout:/usr/bin/ceph: stderr
2024-09-13T18:08:09.437+0000 7f79a2c00640 1 --2- 172.21.15.7:0/1743659946 >> [v2:172.21.15.7:6800/1436660417,v1:172.21.15.7:6801/1436660417] conn(0x7f798003bff0 0x7f798003e3e0 secure :-1 s=READY pgs=1 cs=0 l=1 rev1=1 crypto rx=0x7f7988003980 tx=0x7f79880092b0 comp rx=0 tx=0).stop
2024-09-13T18:08:10.699 INFO:teuthology.orchestra.run.smithi007.stdout:/usr/bin/ceph: stderr
2024-09-13T18:08:09.437+0000 7f79a2c00640 1 -- 172.21.15.7:0/1743659946 >> [v2:172.21.15.7:3300/0,v1:172.21.15.7:6789/0] conn(0x7f799c07be60 msgr2=0x7f799c19b640 secure :-1 s=STATE_CONNECTION_ESTABLISHED l=1).mark_down
2024-09-13T18:08:10.699 INFO:teuthology.orchestra.run.smithi007.stdout:/usr/bin/ceph: stderr
2024-09-13T18:08:09.437+0000 7f79a2c00640 1 --2- 172.21.15.7:0/1743659946 >> [v2:172.21.15.7:3300/0,v1:172.21.15.7:6789/0] conn(0x7f799c07be60 0x7f799c19b640 secure :-1 s=READY pgs=60 cs=0 l=1 rev1=1 crypto rx=0x7f798c030410 tx=0x7f798c030d70 comp rx=0 tx=0).stop
2024-09-13T18:08:10.699 INFO:teuthology.orchestra.run.smithi007.stdout:/usr/bin/ceph: stderr
2024-09-13T18:08:09.437+0000 7f79a2c00640 1 -- 172.21.15.7:0/1743659946 shutdown_connections
2024-09-13T18:08:10.699 INFO:teuthology.orchestra.run.smithi007.stdout:/usr/bin/ceph: stderr
2024-09-13T18:08:09.437+0000 7f79a2c00640 1 --2- 172.21.15.7:0/1743659946 >> [v2:172.21.15.7:6800/1436660417,v1:172.21.15.7:6801/1436660417] conn(0x7f798003bff0 0x7f798003e3e0 unknown :-1 s=CLOSED pgs=1 cs=0 l=1 rev1=1 crypto rx=0 tx=0 comp rx=0 tx=0).stop
2024-09-13T18:08:10.699 INFO:teuthology.orchestra.run.smithi007.stdout:/usr/bin/ceph: stderr
2024-09-13T18:08:09.437+0000 7f79a2c00640 1 --2- 172.21.15.7:0/1743659946 >> [v2:172.21.15.7:6800/3391098565,v1:172.21.15.7:6801/3391098565] conn(0x7f79800386c0 0x7f798003ab80 unknown :-1 s=CLOSED pgs=0 cs=0 l=1 rev1=0 crypto rx=0 tx=0 comp rx=0 tx=0).stop
2024-09-13T18:08:10.699 INFO:teuthology.orchestra.run.smithi007.stdout:/usr/bin/ceph: stderr
2024-09-13T18:08:09.437+0000 7f79a2c00640 1 --2- 172.21.15.7:0/1743659946 >> [v2:172.21.15.7:3300/0,v1:172.21.15.7:6789/0] conn(0x7f799c07be60 0x7f799c19b640 unknown :-1 s=CLOSED pgs=60 cs=0 l=1 rev1=1 crypto rx=0 tx=0 comp rx=0 tx=0).stop
2024-09-13T18:08:10.699 INFO:teuthology.orchestra.run.smithi007.stdout:/usr/bin/ceph: stderr
2024-09-13T18:08:09.437+0000 7f79a2c00640 1 -- 172.21.15.7:0/1743659946 >> 172.21.15.7:0/1743659946 conn(0x7f799c100fa0 msgr2=0x7f799c101b00 unknown :-1 s=STATE_NONE l=0).mark_down
2024-09-13T18:08:10.699 INFO:teuthology.orchestra.run.smithi007.stdout:/usr/bin/ceph: stderr
2024-09-13T18:08:09.437+0000 7f79a2c00640 1 -- 172.21.15.7:0/1743659946 shutdown_connections
2024-09-13T18:08:10.699 INFO:teuthology.orchestra.run.smithi007.stdout:/usr/bin/ceph: stderr
2024-09-13T18:08:09.437+0000 7f79a2c00640 1 -- 172.21.15.7:0/1743659946 wait complete.
2024-09-13T18:08:10.700 INFO:teuthology.orchestra.run.smithi007.stdout:mgr epoch 9 is available
2024-09-13T18:08:10.700 INFO:teuthology.orchestra.run.smithi007.stdout:Generating a dashboard self-signed certificate...
2024-09-13T18:08:11.203 INFO:journalctl@ceph.mgr.x.smithi007.stdout:Sep 13 18:08:10 smithi007 ceph-d9377e86-71fa-11ef-bceb-c7b262605968-mgr-x[30809]:
2024-09-13T18:08:10.969+0000 7fbb19200640 -1 log_channel(cephadm) log [ERR] : [13/Sep/2024:18:08:10] ENGINE Error in HTTPServer.serve
2024-09-13T18:08:11.203 INFO:journalctl@ceph.mgr.x.smithi007.stdout:Sep 13 18:08:10 smithi007 ceph-d9377e86-71fa-11ef-bceb-c7b262605968-mgr-x[30809]: Traceback (most recent call last):
2024-09-13T18:08:11.203 INFO:journalctl@ceph.mgr.x.smithi007.stdout:Sep 13 18:08:10 smithi007 ceph-d9377e86-71fa-11ef-bceb-c7b262605968-mgr-x[30809]: File "/lib/python3.9/site-packages/cheroot/server.py", line 1823, in serve
2024-09-13T18:08:11.203 INFO:journalctl@ceph.mgr.x.smithi007.stdout:Sep 13 18:08:10 smithi007 ceph-d9377e86-71fa-11ef-bceb-c7b262605968-mgr-x[30809]: self._connections.run(self.expiration_interval)
2024-09-13T18:08:11.203 INFO:journalctl@ceph.mgr.x.smithi007.stdout:Sep 13 18:08:10 smithi007 ceph-d9377e86-71fa-11ef-bceb-c7b262605968-mgr-x[30809]: File "/lib/python3.9/site-packages/cheroot/connections.py", line 203, in run
2024-09-13T18:08:11.203 INFO:journalctl@ceph.mgr.x.smithi007.stdout:Sep 13 18:08:10 smithi007 ceph-d9377e86-71fa-11ef-bceb-c7b262605968-mgr-x[30809]: self._run(expiration_interval)
2024-09-13T18:08:11.203 INFO:journalctl@ceph.mgr.x.smithi007.stdout:Sep 13 18:08:10 smithi007 ceph-d9377e86-71fa-11ef-bceb-c7b262605968-mgr-x[30809]: File "/lib/python3.9/site-packages/cheroot/connections.py", line 246, in _run
2024-09-13T18:08:11.203 INFO:journalctl@ceph.mgr.x.smithi007.stdout:Sep 13 18:08:10 smithi007 ceph-d9377e86-71fa-11ef-bceb-c7b262605968-mgr-x[30809]: new_conn = self._from_server_socket(self.server.socket)
2024-09-13T18:08:11.203 INFO:journalctl@ceph.mgr.x.smithi007.stdout:Sep 13 18:08:10 smithi007 ceph-d9377e86-71fa-11ef-bceb-c7b262605968-mgr-x[30809]: File "/lib/python3.9/site-packages/cheroot/connections.py", line 300, in _from_server_socket
2024-09-13T18:08:11.203 INFO:journalctl@ceph.mgr.x.smithi007.stdout:Sep 13 18:08:10 smithi007 ceph-d9377e86-71fa-11ef-bceb-c7b262605968-mgr-x[30809]: s, ssl_env = self.server.ssl_adapter.wrap(s)
2024-09-13T18:08:11.203 INFO:journalctl@ceph.mgr.x.smithi007.stdout:Sep 13 18:08:10 smithi007 ceph-d9377e86-71fa-11ef-bceb-c7b262605968-mgr-x[30809]: File "/lib/python3.9/site-packages/cheroot/ssl/builtin.py", line 277, in wrap
2024-09-13T18:08:11.204 INFO:journalctl@ceph.mgr.x.smithi007.stdout:Sep 13 18:08:10 smithi007 ceph-d9377e86-71fa-11ef-bceb-c7b262605968-mgr-x[30809]: s = self.context.wrap_socket(
2024-09-13T18:08:11.204 INFO:journalctl@ceph.mgr.x.smithi007.stdout:Sep 13 18:08:10 smithi007 ceph-d9377e86-71fa-11ef-bceb-c7b262605968-mgr-x[30809]: File "/lib64/python3.9/ssl.py", line 501, in wrap_socket
2024-09-13T18:08:11.204 INFO:journalctl@ceph.mgr.x.smithi007.stdout:Sep 13 18:08:10 smithi007 ceph-d9377e86-71fa-11ef-bceb-c7b262605968-mgr-x[30809]: return self.sslsocket_class._create(
2024-09-13T18:08:11.204 INFO:journalctl@ceph.mgr.x.smithi007.stdout:Sep 13 18:08:10 smithi007 ceph-d9377e86-71fa-11ef-bceb-c7b262605968-mgr-x[30809]: File "/lib64/python3.9/ssl.py", line 1074, in _create
2024-09-13T18:08:11.204 INFO:journalctl@ceph.mgr.x.smithi007.stdout:Sep 13 18:08:10 smithi007 ceph-d9377e86-71fa-11ef-bceb-c7b262605968-mgr-x[30809]: self.do_handshake()
2024-09-13T18:08:11.204 INFO:journalctl@ceph.mgr.x.smithi007.stdout:Sep 13 18:08:10 smithi007 ceph-d9377e86-71fa-11ef-bceb-c7b262605968-mgr-x[30809]: File "/lib64/python3.9/ssl.py", line 1343, in do_handshake
2024-09-13T18:08:11.204 INFO:journalctl@ceph.mgr.x.smithi007.stdout:Sep 13 18:08:10 smithi007 ceph-d9377e86-71fa-11ef-bceb-c7b262605968-mgr-x[30809]: self._sslobj.do_handshake()
2024-09-13T18:08:11.204 INFO:journalctl@ceph.mgr.x.smithi007.stdout:Sep 13 18:08:10 smithi007 ceph-d9377e86-71fa-11ef-bceb-c7b262605968-mgr-x[30809]: ssl.SSLZeroReturnError: TLS/SSL connection has been closed (EOF) (_ssl.c:1133)
2024-09-13T18:08:11.204 INFO:journalctl@ceph.mgr.x.smithi007.stdout:Sep 13 18:08:10 smithi007 ceph-d9377e86-71fa-11ef-bceb-c7b262605968-mgr-x[30809]:
2024-09-13T18:08:12.277 INFO:teuthology.orchestra.run.smithi007.stdout:/usr/bin/ceph: stdout Self-signed certificate created
2024-09-13T18:08:12.278 INFO:teuthology.orchestra.run.smithi007.stdout:/usr/bin/ceph: stderr
2024-09-13T18:08:11.199+0000 7f24a0400640 1 Processor -- start
2024-09-13T18:08:12.278 INFO:teuthology.orchestra.run.smithi007.stdout:/usr/bin/ceph: stderr
2024-09-13T18:08:11.200+0000 7f24a0400640 1 -- start start
2024-09-13T18:08:12.278 INFO:teuthology.orchestra.run.smithi007.stdout:/usr/bin/ceph: stderr
2024-09-13T18:08:11.200+0000 7f24a0400640 1 --2- >> [v2:172.21.15.7:3300/0,v1:172.21.15.7:6789/0] conn(0x7f2498107950 0x7f2498107d50 unknown :-1 s=NONE pgs=0 cs=0 l=0 rev1=0 crypto rx=0 tx=0 comp rx=0 tx=0).connect
2024-09-13T18:08:12.278 INFO:teuthology.orchestra.run.smithi007.stdout:/usr/bin/ceph: stderr
2024-09-13T18:08:11.200+0000 7f24a0400640 1 -- --> [v2:172.21.15.7:3300/0,v1:172.21.15.7:6789/0] -- mon_getmap magic: 0 v1 -- 0x7f2498108320 con 0x7f2498107950
2024-09-13T18:08:12.278 INFO:teuthology.orchestra.run.smithi007.stdout:/usr/bin/ceph: stderr
2024-09-13T18:08:11.201+0000 7f249da00640 1 --2- >> [v2:172.21.15.7:3300/0,v1:172.21.15.7:6789/0] conn(0x7f2498107950 0x7f2498107d50 unknown :-1 s=BANNER_CONNECTING pgs=0 cs=0 l=0 rev1=0 crypto rx=0 tx=0 comp rx=0 tx=0)._handle_peer_banner_payload supported=3 required=0
2024-09-13T18:08:12.279 INFO:teuthology.orchestra.run.smithi007.stdout:/usr/bin/ceph: stderr
2024-09-13T18:08:11.201+0000 7f249da00640 1 --2- >> [v2:172.21.15.7:3300/0,v1:172.21.15.7:6789/0] conn(0x7f2498107950 0x7f2498107d50 unknown :-1 s=HELLO_CONNECTING pgs=0 cs=0 l=0 rev1=1 crypto rx=0 tx=0 comp rx=0 tx=0).handle_hello peer v2:172.21.15.7:3300/0 says I am v2:172.21.15.7:42578/0 (socket says 172.21.15.7:42578)
2024-09-13T18:08:12.279 INFO:teuthology.orchestra.run.smithi007.stdout:/usr/bin/ceph: stderr
2024-09-13T18:08:11.201+0000 7f249da00640 1 -- 172.21.15.7:0/3760845374 learned_addr learned my addr 172.21.15.7:0/3760845374 (peer_addr_for_me v2:172.21.15.7:0/0)
2024-09-13T18:08:12.279 INFO:teuthology.orchestra.run.smithi007.stdout:/usr/bin/ceph: stderr
2024-09-13T18:08:11.201+0000 7f249da00640 1 -- 172.21.15.7:0/3760845374 --> [v2:172.21.15.7:3300/0,v1:172.21.15.7:6789/0] -- mon_subscribe({config=0+,monmap=0+}) v3 -- 0x7f2498108b50 con 0x7f2498107950
2024-09-13T18:08:12.279 INFO:teuthology.orchestra.run.smithi007.stdout:/usr/bin/ceph: stderr
2024-09-13T18:08:11.202+0000 7f249da00640 1 --2- 172.21.15.7:0/3760845374 >> [v2:172.21.15.7:3300/0,v1:172.21.15.7:6789/0] conn(0x7f2498107950 0x7f2498107d50 secure :-1 s=READY pgs=68 cs=0 l=1 rev1=1 crypto rx=0x7f248c009820 tx=0x7f248c02a270 comp rx=0 tx=0).ready entity=mon.0 client_cookie=44c5fcbc31908f7c server_cookie=0 in_seq=0 out_seq=0
2024-09-13T18:08:12.279 INFO:teuthology.orchestra.run.smithi007.stdout:/usr/bin/ceph: stderr
2024-09-13T18:08:11.203+0000 7f2497e00640 1 -- 172.21.15.7:0/3760845374 <== mon.0 v2:172.21.15.7:3300/0 1 ==== mon_map magic: 0 v1 ==== 205+0+0 (secure 0 0 0) 0x7f248c02ae70 con 0x7f2498107950
2024-09-13T18:08:12.280 INFO:teuthology.orchestra.run.smithi007.stdout:/usr/bin/ceph: stderr
2024-09-13T18:08:11.203+0000 7f2497e00640 1 -- 172.21.15.7:0/3760845374 <== mon.0 v2:172.21.15.7:3300/0 2 ==== config(26 keys) v1 ==== 1105+0+0 (secure 0 0 0) 0x7f248c032900 con 0x7f2498107950
2024-09-13T18:08:12.280 INFO:teuthology.orchestra.run.smithi007.stdout:/usr/bin/ceph: stderr
2024-09-13T18:08:11.203+0000 7f2497e00640 1 -- 172.21.15.7:0/3760845374 <== mon.0 v2:172.21.15.7:3300/0 3 ==== mon_map magic: 0 v1 ==== 205+0+0 (secure 0 0 0) 0x7f248c030880 con 0x7f2498107950
2024-09-13T18:08:12.280 INFO:teuthology.orchestra.run.smithi007.stdout:/usr/bin/ceph: stderr
2024-09-13T18:08:11.203+0000 7f24a0400640 1 -- 172.21.15.7:0/3760845374 >> [v2:172.21.15.7:3300/0,v1:172.21.15.7:6789/0] conn(0x7f2498107950 msgr2=0x7f2498107d50 secure :-1 s=STATE_CONNECTION_ESTABLISHED l=1).mark_down
2024-09-13T18:08:12.280 INFO:teuthology.orchestra.run.smithi007.stdout:/usr/bin/ceph: stderr
2024-09-13T18:08:11.203+0000 7f24a0400640 1 --2- 172.21.15.7:0/3760845374 >> [v2:172.21.15.7:3300/0,v1:172.21.15.7:6789/0] conn(0x7f2498107950 0x7f2498107d50 secure :-1 s=READY pgs=68 cs=0 l=1 rev1=1 crypto rx=0x7f248c009820 tx=0x7f248c02a270 comp rx=0 tx=0).stop
2024-09-13T18:08:12.280 INFO:teuthology.orchestra.run.smithi007.stdout:/usr/bin/ceph: stderr
2024-09-13T18:08:11.204+0000 7f24a0400640 1 -- 172.21.15.7:0/3760845374 shutdown_connections
2024-09-13T18:08:12.280 INFO:teuthology.orchestra.run.smithi007.stdout:/usr/bin/ceph: stderr
2024-09-13T18:08:11.204+0000 7f24a0400640 1 --2- 172.21.15.7:0/3760845374 >> [v2:172.21.15.7:3300/0,v1:172.21.15.7:6789/0] conn(0x7f2498107950 0x7f2498107d50 unknown :-1 s=CLOSED pgs=68 cs=0 l=1 rev1=1 crypto rx=0 tx=0 comp rx=0 tx=0).stop
2024-09-13T18:08:12.281 INFO:teuthology.orchestra.run.smithi007.stdout:/usr/bin/ceph: stderr
2024-09-13T18:08:11.204+0000 7f24a0400640 1 -- 172.21.15.7:0/3760845374 >> 172.21.15.7:0/3760845374 conn(0x7f249807af30 msgr2=0x7f249807b340 unknown :-1 s=STATE_NONE l=0).mark_down
2024-09-13T18:08:12.281 INFO:teuthology.orchestra.run.smithi007.stdout:/usr/bin/ceph: stderr
2024-09-13T18:08:11.204+0000 7f24a0400640 1 -- 172.21.15.7:0/3760845374 shutdown_connections
2024-09-13T18:08:12.281 INFO:teuthology.orchestra.run.smithi007.stdout:/usr/bin/ceph: stderr
2024-09-13T18:08:11.204+0000 7f24a0400640 1 -- 172.21.15.7:0/3760845374 wait complete.
2024-09-13T18:08:12.281 INFO:teuthology.orchestra.run.smithi007.stdout:/usr/bin/ceph: stderr
2024-09-13T18:08:11.205+0000 7f24a0400640 1 Processor -- start
2024-09-13T18:08:12.281 INFO:teuthology.orchestra.run.smithi007.stdout:/usr/bin/ceph: stderr
2024-09-13T18:08:11.205+0000 7f24a0400640 1 -- start start
2024-09-13T18:08:12.282 INFO:teuthology.orchestra.run.smithi007.stdout:/usr/bin/ceph: stderr
2024-09-13T18:08:11.205+0000 7f24a0400640 1 --2- >> [v2:172.21.15.7:3300/0,v1:172.21.15.7:6789/0] conn(0x7f2498107950 0x7f249819b620 unknown :-1 s=NONE pgs=0 cs=0 l=1 rev1=0 crypto rx=0 tx=0 comp rx=0 tx=0).connect
2024-09-13T18:08:12.282 INFO:teuthology.orchestra.run.smithi007.stdout:/usr/bin/ceph: stderr
2024-09-13T18:08:11.205+0000 7f24a0400640 1 -- --> [v2:172.21.15.7:3300/0,v1:172.21.15.7:6789/0] -- mon_getmap magic: 0 v1 -- 0x7f249819bb60 con 0x7f2498107950
2024-09-13T18:08:12.282 INFO:teuthology.orchestra.run.smithi007.stdout:/usr/bin/ceph: stderr
2024-09-13T18:08:11.205+0000 7f249da00640 1 --2- >> [v2:172.21.15.7:3300/0,v1:172.21.15.7:6789/0] conn(0x7f2498107950 0x7f249819b620 unknown :-1 s=BANNER_CONNECTING pgs=0 cs=0 l=1 rev1=0 crypto rx=0 tx=0 comp rx=0 tx=0)._handle_peer_banner_payload supported=3 required=0
2024-09-13T18:08:12.282 INFO:teuthology.orchestra.run.smithi007.stdout:/usr/bin/ceph: stderr
2024-09-13T18:08:11.205+0000 7f249da00640 1 --2- >> [v2:172.21.15.7:3300/0,v1:172.21.15.7:6789/0] conn(0x7f2498107950 0x7f249819b620 unknown :-1 s=HELLO_CONNECTING pgs=0 cs=0 l=1 rev1=1 crypto rx=0 tx=0 comp rx=0 tx=0).handle_hello peer v2:172.21.15.7:3300/0 says I am v2:172.21.15.7:42582/0 (socket says 172.21.15.7:42582)
2024-09-13T18:08:12.282 INFO:teuthology.orchestra.run.smithi007.stdout:/usr/bin/ceph: stderr
2024-09-13T18:08:11.205+0000 7f249da00640 1 -- 172.21.15.7:0/4227312395 learned_addr learned my addr 172.21.15.7:0/4227312395 (peer_addr_for_me v2:172.21.15.7:0/0)
2024-09-13T18:08:12.283 INFO:teuthology.orchestra.run.smithi007.stdout:/usr/bin/ceph: stderr
2024-09-13T18:08:11.206+0000 7f249da00640 1 -- 172.21.15.7:0/4227312395 --> [v2:172.21.15.7:3300/0,v1:172.21.15.7:6789/0] -- mon_subscribe({config=0+,monmap=0+}) v3 -- 0x7f248c0094d0 con 0x7f2498107950
2024-09-13T18:08:12.283 INFO:teuthology.orchestra.run.smithi007.stdout:/usr/bin/ceph: stderr
2024-09-13T18:08:11.206+0000 7f249da00640 1 --2- 172.21.15.7:0/4227312395 >> [v2:172.21.15.7:3300/0,v1:172.21.15.7:6789/0] conn(0x7f2498107950 0x7f249819b620 secure :-1 s=READY pgs=69 cs=0 l=1 rev1=1 crypto rx=0x7f248c0097f0 tx=0x7f248c030d70 comp rx=0 tx=0).ready entity=mon.0 client_cookie=0 server_cookie=0 in_seq=0 out_seq=0
2024-09-13T18:08:12.283 INFO:teuthology.orchestra.run.smithi007.stdout:/usr/bin/ceph: stderr
2024-09-13T18:08:11.207+0000 7f2496000640 1 -- 172.21.15.7:0/4227312395 <== mon.0 v2:172.21.15.7:3300/0 1 ==== mon_map magic: 0 v1 ==== 205+0+0 (secure 0 0 0) 0x7f248c032c80 con 0x7f2498107950
2024-09-13T18:08:12.283 INFO:teuthology.orchestra.run.smithi007.stdout:/usr/bin/ceph: stderr
2024-09-13T18:08:11.207+0000 7f2496000640 1 -- 172.21.15.7:0/4227312395 <== mon.0 v2:172.21.15.7:3300/0 2 ==== config(26 keys) v1 ==== 1105+0+0 (secure 0 0 0) 0x7f248c032de0 con 0x7f2498107950
2024-09-13T18:08:12.283 INFO:teuthology.orchestra.run.smithi007.stdout:/usr/bin/ceph: stderr
2024-09-13T18:08:11.207+0000 7f2496000640 1 -- 172.21.15.7:0/4227312395 <== mon.0 v2:172.21.15.7:3300/0 3 ==== mon_map magic: 0 v1 ==== 205+0+0 (secure 0 0 0) 0x7f248c03a690 con 0x7f2498107950
2024-09-13T18:08:12.284 INFO:teuthology.orchestra.run.smithi007.stdout:/usr/bin/ceph: stderr
2024-09-13T18:08:11.207+0000 7f24a0400640 1 -- 172.21.15.7:0/4227312395 --> [v2:172.21.15.7:3300/0,v1:172.21.15.7:6789/0] -- mon_subscribe({mgrmap=0+}) v3 -- 0x7f249819bd60 con 0x7f2498107950
2024-09-13T18:08:12.284 INFO:teuthology.orchestra.run.smithi007.stdout:/usr/bin/ceph: stderr
2024-09-13T18:08:11.207+0000 7f24a0400640 1 -- 172.21.15.7:0/4227312395 --> [v2:172.21.15.7:3300/0,v1:172.21.15.7:6789/0] -- mon_subscribe({osdmap=0}) v3 -- 0x7f249819c200 con 0x7f2498107950
2024-09-13T18:08:12.284 INFO:teuthology.orchestra.run.smithi007.stdout:/usr/bin/ceph: stderr
2024-09-13T18:08:11.208+0000 7f2496000640 1 -- 172.21.15.7:0/4227312395 <== mon.0 v2:172.21.15.7:3300/0 4 ==== mgrmap(e 11) v1 ==== 45448+0+0 (secure 0 0 0) 0x7f248c039040 con 0x7f2498107950
2024-09-13T18:08:12.284 INFO:teuthology.orchestra.run.smithi007.stdout:/usr/bin/ceph: stderr
2024-09-13T18:08:11.208+0000 7f24a0400640 1 -- 172.21.15.7:0/4227312395 --> [v2:172.21.15.7:3300/0,v1:172.21.15.7:6789/0] -- mon_command({"prefix": "get_command_descriptions"} v 0) v1 -- 0x7f249810bd80 con 0x7f2498107950
2024-09-13T18:08:12.285 INFO:teuthology.orchestra.run.smithi007.stdout:/usr/bin/ceph: stderr
2024-09-13T18:08:11.208+0000 7f2496000640 1 --2- 172.21.15.7:0/4227312395 >> [v2:172.21.15.7:6800/1436660417,v1:172.21.15.7:6801/1436660417] conn(0x7f24800385a0 0x7f248003aa60 unknown :-1 s=NONE pgs=0 cs=0 l=1 rev1=0 crypto rx=0 tx=0 comp rx=0 tx=0).connect
2024-09-13T18:08:12.285 INFO:teuthology.orchestra.run.smithi007.stdout:/usr/bin/ceph: stderr
2024-09-13T18:08:11.208+0000 7f2496000640 1 -- 172.21.15.7:0/4227312395 <== mon.0 v2:172.21.15.7:3300/0 5 ==== osd_map(3..3 src has 1..3) v4 ==== 1155+0+0 (secure 0 0 0) 0x7f248c06b6c0 con 0x7f2498107950
2024-09-13T18:08:12.285 INFO:teuthology.orchestra.run.smithi007.stdout:/usr/bin/ceph: stderr
2024-09-13T18:08:11.209+0000 7f249d000640 1 --2- 172.21.15.7:0/4227312395 >> [v2:172.21.15.7:6800/1436660417,v1:172.21.15.7:6801/1436660417] conn(0x7f24800385a0 0x7f248003aa60 unknown :-1 s=BANNER_CONNECTING pgs=0 cs=0 l=1 rev1=0 crypto rx=0 tx=0 comp rx=0 tx=0)._handle_peer_banner_payload supported=3 required=0
2024-09-13T18:08:12.285 INFO:teuthology.orchestra.run.smithi007.stdout:/usr/bin/ceph: stderr
2024-09-13T18:08:11.209+0000 7f249d000640 1 --2- 172.21.15.7:0/4227312395 >> [v2:172.21.15.7:6800/1436660417,v1:172.21.15.7:6801/1436660417] conn(0x7f24800385a0 0x7f248003aa60 secure :-1 s=READY pgs=7 cs=0 l=1 rev1=1 crypto rx=0x7f24840098c0 tx=0x7f2484006db0 comp rx=0 tx=0).ready entity=mgr.14150 client_cookie=0 server_cookie=0 in_seq=0 out_seq=0
2024-09-13T18:08:12.285 INFO:teuthology.orchestra.run.smithi007.stdout:/usr/bin/ceph: stderr
2024-09-13T18:08:11.217+0000 7f2496000640 1 -- 172.21.15.7:0/4227312395 <== mon.0 v2:172.21.15.7:3300/0 6 ==== mon_command_ack([{"prefix": "get_command_descriptions"}]=0 v0) v1 ==== 72+0+183819 (secure 0 0 0) 0x7f248c031580 con 0x7f2498107950
2024-09-13T18:08:12.286 INFO:teuthology.orchestra.run.smithi007.stdout:/usr/bin/ceph: stderr
2024-09-13T18:08:11.253+0000 7f2496000640 1 -- 172.21.15.7:0/4227312395 <== mon.0 v2:172.21.15.7:3300/0 7 ==== mgrmap(e 12) v1 ==== 45554+0+0 (secure 0 0 0) 0x7f248c03b430 con 0x7f2498107950
2024-09-13T18:08:12.286 INFO:teuthology.orchestra.run.smithi007.stdout:/usr/bin/ceph: stderr
2024-09-13T18:08:11.425+0000 7f24a0400640 1 -- 172.21.15.7:0/4227312395 --> [v2:172.21.15.7:6800/1436660417,v1:172.21.15.7:6801/1436660417] -- mgr_command(tid 0: {"prefix": "dashboard create-self-signed-cert", "target": ["mon-mgr", ""]}) v1 -- 0x7f249819eb40 con 0x7f24800385a0
2024-09-13T18:08:12.286 INFO:teuthology.orchestra.run.smithi007.stdout:/usr/bin/ceph: stderr
2024-09-13T18:08:11.497+0000 7f2496000640 1 -- 172.21.15.7:0/4227312395 <== mgr.14150 v2:172.21.15.7:6800/1436660417 1 ==== mgr_command_reply(tid 0: 0 ) v1 ==== 8+0+32 (secure 0 0 0) 0x7f249819eb40 con 0x7f24800385a0
2024-09-13T18:08:12.286 INFO:teuthology.orchestra.run.smithi007.stdout:/usr/bin/ceph: stderr
2024-09-13T18:08:11.500+0000 7f24a0400640 1 -- 172.21.15.7:0/4227312395 >> [v2:172.21.15.7:6800/1436660417,v1:172.21.15.7:6801/1436660417] conn(0x7f24800385a0 msgr2=0x7f248003aa60 secure :-1 s=STATE_CONNECTION_ESTABLISHED l=1).mark_down
2024-09-13T18:08:12.286 INFO:teuthology.orchestra.run.smithi007.stdout:/usr/bin/ceph: stderr
2024-09-13T18:08:11.500+0000 7f24a0400640 1 --2- 172.21.15.7:0/4227312395 >> [v2:172.21.15.7:6800/1436660417,v1:172.21.15.7:6801/1436660417] conn(0x7f24800385a0 0x7f248003aa60 secure :-1 s=READY pgs=7 cs=0 l=1 rev1=1 crypto rx=0x7f24840098c0 tx=0x7f2484006db0 comp rx=0 tx=0).stop
2024-09-13T18:08:12.286 INFO:teuthology.orchestra.run.smithi007.stdout:/usr/bin/ceph: stderr
2024-09-13T18:08:11.500+0000 7f24a0400640 1 -- 172.21.15.7:0/4227312395 >> [v2:172.21.15.7:3300/0,v1:172.21.15.7:6789/0] conn(0x7f2498107950 msgr2=0x7f249819b620 secure :-1 s=STATE_CONNECTION_ESTABLISHED l=1).mark_down
2024-09-13T18:08:12.287 INFO:teuthology.orchestra.run.smithi007.stdout:/usr/bin/ceph: stderr
2024-09-13T18:08:11.500+0000 7f24a0400640 1 --2- 172.21.15.7:0/4227312395 >> [v2:172.21.15.7:3300/0,v1:172.21.15.7:6789/0] conn(0x7f2498107950 0x7f249819b620 secure :-1 s=READY pgs=69 cs=0 l=1 rev1=1 crypto rx=0x7f248c0097f0 tx=0x7f248c030d70 comp rx=0 tx=0).stop
2024-09-13T18:08:12.287 INFO:teuthology.orchestra.run.smithi007.stdout:/usr/bin/ceph: stderr
2024-09-13T18:08:11.500+0000 7f24a0400640 1 -- 172.21.15.7:0/4227312395 shutdown_connections
2024-09-13T18:08:12.287 INFO:teuthology.orchestra.run.smithi007.stdout:/usr/bin/ceph: stderr
2024-09-13T18:08:11.500+0000 7f24a0400640 1 --2- 172.21.15.7:0/4227312395 >> [v2:172.21.15.7:6800/1436660417,v1:172.21.15.7:6801/1436660417] conn(0x7f24800385a0 0x7f248003aa60 unknown :-1 s=CLOSED pgs=7 cs=0 l=1 rev1=1 crypto rx=0 tx=0 comp rx=0 tx=0).stop
2024-09-13T18:08:12.287 INFO:teuthology.orchestra.run.smithi007.stdout:/usr/bin/ceph: stderr
2024-09-13T18:08:11.500+0000 7f24a0400640 1 --2- 172.21.15.7:0/4227312395 >> [v2:172.21.15.7:3300/0,v1:172.21.15.7:6789/0] conn(0x7f2498107950 0x7f249819b620 unknown :-1 s=CLOSED pgs=69 cs=0 l=1 rev1=1 crypto rx=0 tx=0 comp rx=0 tx=0).stop
2024-09-13T18:08:12.287 INFO:teuthology.orchestra.run.smithi007.stdout:/usr/bin/ceph: stderr
2024-09-13T18:08:11.500+0000 7f24a0400640 1 -- 172.21.15.7:0/4227312395 >> 172.21.15.7:0/4227312395 conn(0x7f249807af30 msgr2=0x7f2498105490 unknown :-1 s=STATE_NONE l=0).mark_down
2024-09-13T18:08:12.287 INFO:teuthology.orchestra.run.smithi007.stdout:/usr/bin/ceph: stderr
2024-09-13T18:08:11.500+0000 7f24a0400640 1 -- 172.21.15.7:0/4227312395 shutdown_connections
2024-09-13T18:08:12.287 INFO:teuthology.orchestra.run.smithi007.stdout:/usr/bin/ceph: stderr
2024-09-13T18:08:11.500+0000 7f24a0400640 1 -- 172.21.15.7:0/4227312395 wait complete.
2024-09-13T18:08:12.287 INFO:teuthology.orchestra.run.smithi007.stdout:Creating initial admin user...
2024-09-13T18:08:12.520 INFO:journalctl@ceph.mon.a.smithi007.stdout:Sep 13 18:08:12 smithi007 ceph-mon[30588]: [13/Sep/2024:18:08:10] ENGINE Bus STARTING
2024-09-13T18:08:12.520 INFO:journalctl@ceph.mon.a.smithi007.stdout:Sep 13 18:08:12 smithi007 ceph-mon[30588]: [13/Sep/2024:18:08:10] ENGINE Serving on https://172.21.15.7:7150
2024-09-13T18:08:12.520 INFO:journalctl@ceph.mon.a.smithi007.stdout:Sep 13 18:08:12 smithi007 ceph-mon[30588]: [13/Sep/2024:18:08:10] ENGINE Error in HTTPServer.serve
2024-09-13T18:08:12.520 INFO:journalctl@ceph.mon.a.smithi007.stdout: Traceback (most recent call last):
2024-09-13T18:08:12.520 INFO:journalctl@ceph.mon.a.smithi007.stdout: File "/lib/python3.9/site-packages/cheroot/server.py", line 1823, in serve
2024-09-13T18:08:12.520 INFO:journalctl@ceph.mon.a.smithi007.stdout: self._connections.run(self.expiration_interval)
2024-09-13T18:08:12.520 INFO:journalctl@ceph.mon.a.smithi007.stdout: File "/lib/python3.9/site-packages/cheroot/connections.py", line 203, in run
2024-09-13T18:08:12.521 INFO:journalctl@ceph.mon.a.smithi007.stdout: self._run(expiration_interval)
2024-09-13T18:08:12.521 INFO:journalctl@ceph.mon.a.smithi007.stdout: File "/lib/python3.9/site-packages/cheroot/connections.py", line 246, in _run
2024-09-13T18:08:12.521 INFO:journalctl@ceph.mon.a.smithi007.stdout: new_conn = self._from_server_socket(self.server.socket)
2024-09-13T18:08:12.521 INFO:journalctl@ceph.mon.a.smithi007.stdout: File "/lib/python3.9/site-packages/cheroot/connections.py", line 300, in _from_server_socket
2024-09-13T18:08:12.521 INFO:journalctl@ceph.mon.a.smithi007.stdout: s, ssl_env = self.server.ssl_adapter.wrap(s)
2024-09-13T18:08:12.521 INFO:journalctl@ceph.mon.a.smithi007.stdout: File "/lib/python3.9/site-packages/cheroot/ssl/builtin.py", line 277, in wrap
2024-09-13T18:08:12.521 INFO:journalctl@ceph.mon.a.smithi007.stdout: s = self.context.wrap_socket(
2024-09-13T18:08:12.521 INFO:journalctl@ceph.mon.a.smithi007.stdout: File "/lib64/python3.9/ssl.py", line 501, in wrap_socket
2024-09-13T18:08:12.522 INFO:journalctl@ceph.mon.a.smithi007.stdout: return self.sslsocket_class._create(
2024-09-13T18:08:12.522 INFO:journalctl@ceph.mon.a.smithi007.stdout: File "/lib64/python3.9/ssl.py", line 1074, in _create
2024-09-13T18:08:12.522 INFO:journalctl@ceph.mon.a.smithi007.stdout: self.do_handshake()
2024-09-13T18:08:12.522 INFO:journalctl@ceph.mon.a.smithi007.stdout: File "/lib64/python3.9/ssl.py", line 1343, in do_handshake
2024-09-13T18:08:12.522 INFO:journalctl@ceph.mon.a.smithi007.stdout: self._sslobj.do_handshake()
2024-09-13T18:08:12.522 INFO:journalctl@ceph.mon.a.smithi007.stdout: ssl.SSLZeroReturnError: TLS/SSL connection has been closed (EOF) (_ssl.c:1133)
2024-09-13T18:08:12.522 INFO:journalctl@ceph.mon.a.smithi007.stdout:Sep 13 18:08:12 smithi007 ceph-mon[30588]: [13/Sep/2024:18:08:11] ENGINE Serving on http://172.21.15.7:8765
2024-09-13T18:08:12.522 INFO:journalctl@ceph.mon.a.smithi007.stdout:Sep 13 18:08:12 smithi007 ceph-mon[30588]: [13/Sep/2024:18:08:11] ENGINE Bus STARTED
2024-09-13T18:08:12.522 INFO:journalctl@ceph.mon.a.smithi007.stdout:Sep 13 18:08:12 smithi007 ceph-mon[30588]: mgrmap e12: x(active, since 2s)
2024-09-13T18:08:12.522 INFO:journalctl@ceph.mon.a.smithi007.stdout:Sep 13 18:08:12 smithi007 ceph-mon[30588]: from='mgr.14150 172.21.15.7:0/992492170' entity='mgr.x'
2024-09-13T18:08:12.522 INFO:journalctl@ceph.mon.a.smithi007.stdout:Sep 13 18:08:12 smithi007 ceph-mon[30588]: from='client.14162 -' entity='client.admin' cmd=[{"prefix": "dashboard create-self-signed-cert", "target": ["mon-mgr", ""]}]: dispatch
2024-09-13T18:08:12.523 INFO:journalctl@ceph.mon.a.smithi007.stdout:Sep 13 18:08:12 smithi007 ceph-mon[30588]: from='mgr.14150 172.21.15.7:0/992492170' entity='mgr.x'
2024-09-13T18:08:12.523 INFO:journalctl@ceph.mon.a.smithi007.stdout:Sep 13 18:08:12 smithi007 ceph-mon[30588]: from='mgr.14150 172.21.15.7:0/992492170' entity='mgr.x'
