2024-09-13T18:13:23.486+0000 7fb553fff640 1 --2- 172.21.15.114:0/2776647591 >> [v2:172.21.15.114:6800/4281866858,v1:172.21.15.114:6801/4281866858] conn(0x7fb554038670 0x7fb55403ab30 unknown :-1 s=NONE pgs=0 cs=0 l=1 rev1=0 crypto rx=0 tx=0 comp rx=0 tx=0).connect
2024-09-13T18:13:27.617 INFO:teuthology.orchestra.run.smithi114.stdout:/usr/bin/ceph: stderr
2024-09-13T18:13:23.486+0000 7fb553fff640 1 -- 172.21.15.114:0/2776647591 --> [v2:172.21.15.114:6800/4281866858,v1:172.21.15.114:6801/4281866858] -- command(tid 0: {"prefix": "get_command_descriptions"}) v1 -- 0x7fb55403b240 con 0x7fb554038670
2024-09-13T18:13:27.617 INFO:teuthology.orchestra.run.smithi114.stdout:/usr/bin/ceph: stderr
2024-09-13T18:13:23.486+0000 7fb553fff640 1 -- 172.21.15.114:0/2776647591 <== mon.0 v2:172.21.15.114:3300/0 5 ==== osd_map(2..2 src has 1..2) v4 ==== 940+0+0 (secure 0 0 0) 0x7fb55c03b840 con 0x7fb56c1055a0
2024-09-13T18:13:27.617 INFO:teuthology.orchestra.run.smithi114.stdout:/usr/bin/ceph: stderr
2024-09-13T18:13:23.486+0000 7fb56a7fc640 1 -- 172.21.15.114:0/2776647591 >> [v2:172.21.15.114:6800/4281866858,v1:172.21.15.114:6801/4281866858] conn(0x7fb554038670 msgr2=0x7fb55403ab30 unknown :-1 s=STATE_CONNECTING_RE l=1).process reconnect failed to v2:172.21.15.114:6800/4281866858
2024-09-13T18:13:27.617 INFO:teuthology.orchestra.run.smithi114.stdout:/usr/bin/ceph: stderr
2024-09-13T18:13:23.486+0000 7fb56a7fc640 1 --2- 172.21.15.114:0/2776647591 >> [v2:172.21.15.114:6800/4281866858,v1:172.21.15.114:6801/4281866858] conn(0x7fb554038670 0x7fb55403ab30 unknown :-1 s=START_CONNECT pgs=0 cs=0 l=1 rev1=0 crypto rx=0 tx=0 comp rx=0 tx=0)._fault waiting 0.200000
2024-09-13T18:13:27.617 INFO:teuthology.orchestra.run.smithi114.stdout:/usr/bin/ceph: stderr
2024-09-13T18:13:23.687+0000 7fb56a7fc640 1 -- 172.21.15.114:0/2776647591 >> [v2:172.21.15.114:6800/4281866858,v1:172.21.15.114:6801/4281866858] conn(0x7fb554038670 msgr2=0x7fb55403ab30 unknown :-1 s=STATE_CONNECTING_RE l=1).process reconnect failed to v2:172.21.15.114:6800/4281866858
2024-09-13T18:13:27.617 INFO:teuthology.orchestra.run.smithi114.stdout:/usr/bin/ceph: stderr
2024-09-13T18:13:23.687+0000 7fb56a7fc640 1 --2- 172.21.15.114:0/2776647591 >> [v2:172.21.15.114:6800/4281866858,v1:172.21.15.114:6801/4281866858] conn(0x7fb554038670 0x7fb55403ab30 unknown :-1 s=START_CONNECT pgs=0 cs=0 l=1 rev1=0 crypto rx=0 tx=0 comp rx=0 tx=0)._fault waiting 0.400000
2024-09-13T18:13:27.617 INFO:teuthology.orchestra.run.smithi114.stdout:/usr/bin/ceph: stderr
2024-09-13T18:13:24.088+0000 7fb56a7fc640 1 -- 172.21.15.114:0/2776647591 >> [v2:172.21.15.114:6800/4281866858,v1:172.21.15.114:6801/4281866858] conn(0x7fb554038670 msgr2=0x7fb55403ab30 unknown :-1 s=STATE_CONNECTING_RE l=1).process reconnect failed to v2:172.21.15.114:6800/4281866858
2024-09-13T18:13:27.617 INFO:teuthology.orchestra.run.smithi114.stdout:/usr/bin/ceph: stderr
2024-09-13T18:13:24.088+0000 7fb56a7fc640 1 --2- 172.21.15.114:0/2776647591 >> [v2:172.21.15.114:6800/4281866858,v1:172.21.15.114:6801/4281866858] conn(0x7fb554038670 0x7fb55403ab30 unknown :-1 s=START_CONNECT pgs=0 cs=0 l=1 rev1=0 crypto rx=0 tx=0 comp rx=0 tx=0)._fault waiting 0.800000
2024-09-13T18:13:27.617 INFO:teuthology.orchestra.run.smithi114.stdout:/usr/bin/ceph: stderr
2024-09-13T18:13:24.889+0000 7fb56a7fc640 1 -- 172.21.15.114:0/2776647591 >> [v2:172.21.15.114:6800/4281866858,v1:172.21.15.114:6801/4281866858] conn(0x7fb554038670 msgr2=0x7fb55403ab30 unknown :-1 s=STATE_CONNECTING_RE l=1).process reconnect failed to v2:172.21.15.114:6800/4281866858
2024-09-13T18:13:27.617 INFO:teuthology.orchestra.run.smithi114.stdout:/usr/bin/ceph: stderr
2024-09-13T18:13:24.889+0000 7fb56a7fc640 1 --2- 172.21.15.114:0/2776647591 >> [v2:172.21.15.114:6800/4281866858,v1:172.21.15.114:6801/4281866858] conn(0x7fb554038670 0x7fb55403ab30 unknown :-1 s=START_CONNECT pgs=0 cs=0 l=1 rev1=0 crypto rx=0 tx=0 comp rx=0 tx=0)._fault waiting 1.600000
2024-09-13T18:13:27.617 INFO:teuthology.orchestra.run.smithi114.stdout:/usr/bin/ceph: stderr
2024-09-13T18:13:25.824+0000 7fb553fff640 1 -- 172.21.15.114:0/2776647591 <== mon.0 v2:172.21.15.114:3300/0 6 ==== mgrmap(e 10) v1 ==== 45321+0+0 (secure 0 0 0) 0x7fb55c06b560 con 0x7fb56c1055a0
2024-09-13T18:13:27.617 INFO:teuthology.orchestra.run.smithi114.stdout:/usr/bin/ceph: stderr
2024-09-13T18:13:25.824+0000 7fb553fff640 1 -- 172.21.15.114:0/2776647591 >> [v2:172.21.15.114:6800/4281866858,v1:172.21.15.114:6801/4281866858] conn(0x7fb554038670 msgr2=0x7fb55403ab30 unknown :-1 s=STATE_CONNECTING l=1).mark_down
2024-09-13T18:13:27.618 INFO:teuthology.orchestra.run.smithi114.stdout:/usr/bin/ceph: stderr
2024-09-13T18:13:25.824+0000 7fb553fff640 1 --2- 172.21.15.114:0/2776647591 >> [v2:172.21.15.114:6800/4281866858,v1:172.21.15.114:6801/4281866858] conn(0x7fb554038670 0x7fb55403ab30 unknown :-1 s=START_CONNECT pgs=0 cs=0 l=1 rev1=0 crypto rx=0 tx=0 comp rx=0 tx=0).stop
2024-09-13T18:13:27.618 INFO:teuthology.orchestra.run.smithi114.stdout:/usr/bin/ceph: stderr
2024-09-13T18:13:26.827+0000 7fb553fff640 1 -- 172.21.15.114:0/2776647591 <== mon.0 v2:172.21.15.114:3300/0 7 ==== mgrmap(e 11) v1 ==== 45448+0+0 (secure 0 0 0) 0x7fb55c02fd90 con 0x7fb56c1055a0
2024-09-13T18:13:27.618 INFO:teuthology.orchestra.run.smithi114.stdout:/usr/bin/ceph: stderr
2024-09-13T18:13:26.827+0000 7fb553fff640 1 --2- 172.21.15.114:0/2776647591 >> [v2:172.21.15.114:6800/3396185541,v1:172.21.15.114:6801/3396185541] conn(0x7fb55403bfb0 0x7fb55403e3a0 unknown :-1 s=NONE pgs=0 cs=0 l=1 rev1=0 crypto rx=0 tx=0 comp rx=0 tx=0).connect
2024-09-13T18:13:27.618 INFO:teuthology.orchestra.run.smithi114.stdout:/usr/bin/ceph: stderr
2024-09-13T18:13:26.827+0000 7fb553fff640 1 -- 172.21.15.114:0/2776647591 --> [v2:172.21.15.114:6800/3396185541,v1:172.21.15.114:6801/3396185541] -- command(tid 0: {"prefix": "get_command_descriptions"}) v1 -- 0x7fb55403b240 con 0x7fb55403bfb0
2024-09-13T18:13:27.618 INFO:teuthology.orchestra.run.smithi114.stdout:/usr/bin/ceph: stderr
2024-09-13T18:13:26.827+0000 7fb56a7fc640 1 --2- 172.21.15.114:0/2776647591 >> [v2:172.21.15.114:6800/3396185541,v1:172.21.15.114:6801/3396185541] conn(0x7fb55403bfb0 0x7fb55403e3a0 unknown :-1 s=BANNER_CONNECTING pgs=0 cs=0 l=1 rev1=0 crypto rx=0 tx=0 comp rx=0 tx=0)._handle_peer_banner_payload supported=3 required=0
2024-09-13T18:13:27.618 INFO:teuthology.orchestra.run.smithi114.stdout:/usr/bin/ceph: stderr
2024-09-13T18:13:26.828+0000 7fb56a7fc640 1 --2- 172.21.15.114:0/2776647591 >> [v2:172.21.15.114:6800/3396185541,v1:172.21.15.114:6801/3396185541] conn(0x7fb55403bfb0 0x7fb55403e3a0 secure :-1 s=READY pgs=1 cs=0 l=1 rev1=1 crypto rx=0x7fb560003980 tx=0x7fb560006e10 comp rx=0 tx=0).ready entity=mgr.14148 client_cookie=0 server_cookie=0 in_seq=0 out_seq=0
2024-09-13T18:13:27.618 INFO:teuthology.orchestra.run.smithi114.stdout:/usr/bin/ceph: stderr
2024-09-13T18:13:26.829+0000 7fb553fff640 1 -- 172.21.15.114:0/2776647591 <== mgr.14148 v2:172.21.15.114:6800/3396185541 1 ==== command_reply(tid 0: 0 ) v1 ==== 8+0+7774 (secure 0 0 0) 0x7fb55403b240 con 0x7fb55403bfb0
2024-09-13T18:13:27.618 INFO:teuthology.orchestra.run.smithi114.stdout:/usr/bin/ceph: stderr
2024-09-13T18:13:26.834+0000 7fb5714b0640 1 -- 172.21.15.114:0/2776647591 --> [v2:172.21.15.114:6800/3396185541,v1:172.21.15.114:6801/3396185541] -- command(tid 1: {"prefix": "mgr_status"}) v1 -- 0x7fb56c1099d0 con 0x7fb55403bfb0
2024-09-13T18:13:27.618 INFO:teuthology.orchestra.run.smithi114.stdout:/usr/bin/ceph: stderr
2024-09-13T18:13:26.835+0000 7fb553fff640 1 -- 172.21.15.114:0/2776647591 <== mgr.14148 v2:172.21.15.114:6800/3396185541 2 ==== command_reply(tid 1: 0 ) v1 ==== 8+0+52 (secure 0 0 0) 0x7fb56c1099d0 con 0x7fb55403bfb0
2024-09-13T18:13:27.618 INFO:teuthology.orchestra.run.smithi114.stdout:/usr/bin/ceph: stderr
2024-09-13T18:13:26.835+0000 7fb5714b0640 1 -- 172.21.15.114:0/2776647591 >> [v2:172.21.15.114:6800/3396185541,v1:172.21.15.114:6801/3396185541] conn(0x7fb55403bfb0 msgr2=0x7fb55403e3a0 secure :-1 s=STATE_CONNECTION_ESTABLISHED l=1).mark_down
2024-09-13T18:13:27.618 INFO:teuthology.orchestra.run.smithi114.stdout:/usr/bin/ceph: stderr
2024-09-13T18:13:26.835+0000 7fb5714b0640 1 --2- 172.21.15.114:0/2776647591 >> [v2:172.21.15.114:6800/3396185541,v1:172.21.15.114:6801/3396185541] conn(0x7fb55403bfb0 0x7fb55403e3a0 secure :-1 s=READY pgs=1 cs=0 l=1 rev1=1 crypto rx=0x7fb560003980 tx=0x7fb560006e10 comp rx=0 tx=0).stop
2024-09-13T18:13:27.618 INFO:teuthology.orchestra.run.smithi114.stdout:/usr/bin/ceph: stderr
2024-09-13T18:13:26.835+0000 7fb5714b0640 1 -- 172.21.15.114:0/2776647591 >> [v2:172.21.15.114:3300/0,v1:172.21.15.114:6789/0] conn(0x7fb56c1055a0 msgr2=0x7fb56c1992d0 secure :-1 s=STATE_CONNECTION_ESTABLISHED l=1).mark_down
2024-09-13T18:13:27.618 INFO:teuthology.orchestra.run.smithi114.stdout:/usr/bin/ceph: stderr
2024-09-13T18:13:26.835+0000 7fb5714b0640 1 --2- 172.21.15.114:0/2776647591 >> [v2:172.21.15.114:3300/0,v1:172.21.15.114:6789/0] conn(0x7fb56c1055a0 0x7fb56c1992d0 secure :-1 s=READY pgs=58 cs=0 l=1 rev1=1 crypto rx=0x7fb55c030410 tx=0x7fb55c030d50 comp rx=0 tx=0).stop
2024-09-13T18:13:27.618 INFO:teuthology.orchestra.run.smithi114.stdout:/usr/bin/ceph: stderr
2024-09-13T18:13:26.835+0000 7fb5714b0640 1 -- 172.21.15.114:0/2776647591 shutdown_connections
2024-09-13T18:13:27.618 INFO:teuthology.orchestra.run.smithi114.stdout:/usr/bin/ceph: stderr
2024-09-13T18:13:26.835+0000 7fb5714b0640 1 --2- 172.21.15.114:0/2776647591 >> [v2:172.21.15.114:6800/3396185541,v1:172.21.15.114:6801/3396185541] conn(0x7fb55403bfb0 0x7fb55403e3a0 unknown :-1 s=CLOSED pgs=1 cs=0 l=1 rev1=1 crypto rx=0 tx=0 comp rx=0 tx=0).stop
2024-09-13T18:13:27.619 INFO:teuthology.orchestra.run.smithi114.stdout:/usr/bin/ceph: stderr
2024-09-13T18:13:26.835+0000 7fb5714b0640 1 --2- 172.21.15.114:0/2776647591 >> [v2:172.21.15.114:6800/4281866858,v1:172.21.15.114:6801/4281866858] conn(0x7fb554038670 0x7fb55403ab30 unknown :-1 s=CLOSED pgs=0 cs=0 l=1 rev1=0 crypto rx=0 tx=0 comp rx=0 tx=0).stop
2024-09-13T18:13:27.619 INFO:teuthology.orchestra.run.smithi114.stdout:/usr/bin/ceph: stderr
2024-09-13T18:13:26.835+0000 7fb5714b0640 1 --2- 172.21.15.114:0/2776647591 >> [v2:172.21.15.114:3300/0,v1:172.21.15.114:6789/0] conn(0x7fb56c1055a0 0x7fb56c1992d0 unknown :-1 s=CLOSED pgs=58 cs=0 l=1 rev1=1 crypto rx=0 tx=0 comp rx=0 tx=0).stop
2024-09-13T18:13:27.619 INFO:teuthology.orchestra.run.smithi114.stdout:/usr/bin/ceph: stderr
2024-09-13T18:13:26.835+0000 7fb5714b0640 1 -- 172.21.15.114:0/2776647591 >> 172.21.15.114:0/2776647591 conn(0x7fb56c100db0 msgr2=0x7fb56c101960 unknown :-1 s=STATE_NONE l=0).mark_down
2024-09-13T18:13:27.619 INFO:teuthology.orchestra.run.smithi114.stdout:/usr/bin/ceph: stderr
2024-09-13T18:13:26.835+0000 7fb5714b0640 1 -- 172.21.15.114:0/2776647591 shutdown_connections
2024-09-13T18:13:27.619 INFO:teuthology.orchestra.run.smithi114.stdout:/usr/bin/ceph: stderr
2024-09-13T18:13:26.835+0000 7fb5714b0640 1 -- 172.21.15.114:0/2776647591 wait complete.
2024-09-13T18:13:27.619 INFO:teuthology.orchestra.run.smithi114.stdout:mgr epoch 9 is available
2024-09-13T18:13:27.619 INFO:teuthology.orchestra.run.smithi114.stdout:Generating a dashboard self-signed certificate...
2024-09-13T18:13:27.860 INFO:journalctl@ceph.mon.a.smithi114.stdout:Sep 13 18:13:27 smithi114 ceph-mon[30897]: from='client.14152 -' entity='client.admin' cmd=[{"prefix": "get_command_descriptions"}]: dispatch
2024-09-13T18:13:27.860 INFO:journalctl@ceph.mon.a.smithi114.stdout:Sep 13 18:13:27 smithi114 ceph-mon[30897]: mgrmap e11: x(active, since 1.0073s)
2024-09-13T18:13:27.860 INFO:journalctl@ceph.mon.a.smithi114.stdout:Sep 13 18:13:27 smithi114 ceph-mon[30897]: from='client.14152 -' entity='client.admin' cmd=[{"prefix": "mgr_status"}]: dispatch
2024-09-13T18:13:27.861 INFO:journalctl@ceph.mon.a.smithi114.stdout:Sep 13 18:13:27 smithi114 ceph-mon[30897]: from='mgr.14148 172.21.15.114:0/3055869758' entity='mgr.x'
2024-09-13T18:13:29.220 INFO:journalctl@ceph.mon.a.smithi114.stdout:Sep 13 18:13:28 smithi114 ceph-mon[30897]: [13/Sep/2024:18:13:27] ENGINE Bus STARTING
2024-09-13T18:13:29.220 INFO:journalctl@ceph.mon.a.smithi114.stdout:Sep 13 18:13:28 smithi114 ceph-mon[30897]: [13/Sep/2024:18:13:27] ENGINE Serving on https://172.21.15.114:7150
2024-09-13T18:13:29.220 INFO:journalctl@ceph.mon.a.smithi114.stdout:Sep 13 18:13:28 smithi114 ceph-mon[30897]: [13/Sep/2024:18:13:27] ENGINE Error in HTTPServer.serve
2024-09-13T18:13:29.220 INFO:journalctl@ceph.mon.a.smithi114.stdout: Traceback (most recent call last):
2024-09-13T18:13:29.220 INFO:journalctl@ceph.mon.a.smithi114.stdout: File "/lib/python3.9/site-packages/cheroot/server.py", line 1823, in serve
2024-09-13T18:13:29.221 INFO:journalctl@ceph.mon.a.smithi114.stdout: self._connections.run(self.expiration_interval)
2024-09-13T18:13:29.221 INFO:journalctl@ceph.mon.a.smithi114.stdout: File "/lib/python3.9/site-packages/cheroot/connections.py", line 203, in run
2024-09-13T18:13:29.221 INFO:journalctl@ceph.mon.a.smithi114.stdout: self._run(expiration_interval)
2024-09-13T18:13:29.221 INFO:journalctl@ceph.mon.a.smithi114.stdout: File "/lib/python3.9/site-packages/cheroot/connections.py", line 246, in _run
2024-09-13T18:13:29.221 INFO:journalctl@ceph.mon.a.smithi114.stdout: new_conn = self._from_server_socket(self.server.socket)
2024-09-13T18:13:29.221 INFO:journalctl@ceph.mon.a.smithi114.stdout: File "/lib/python3.9/site-packages/cheroot/connections.py", line 300, in _from_server_socket
2024-09-13T18:13:29.221 INFO:journalctl@ceph.mon.a.smithi114.stdout: s, ssl_env = self.server.ssl_adapter.wrap(s)
2024-09-13T18:13:29.221 INFO:journalctl@ceph.mon.a.smithi114.stdout: File "/lib/python3.9/site-packages/cheroot/ssl/builtin.py", line 277, in wrap
2024-09-13T18:13:29.221 INFO:journalctl@ceph.mon.a.smithi114.stdout: s = self.context.wrap_socket(
2024-09-13T18:13:29.221 INFO:journalctl@ceph.mon.a.smithi114.stdout: File "/lib64/python3.9/ssl.py", line 501, in wrap_socket
2024-09-13T18:13:29.221 INFO:journalctl@ceph.mon.a.smithi114.stdout: return self.sslsocket_class._create(
2024-09-13T18:13:29.221 INFO:journalctl@ceph.mon.a.smithi114.stdout: File "/lib64/python3.9/ssl.py", line 1074, in _create
2024-09-13T18:13:29.221 INFO:journalctl@ceph.mon.a.smithi114.stdout: self.do_handshake()
2024-09-13T18:13:29.222 INFO:journalctl@ceph.mon.a.smithi114.stdout: File "/lib64/python3.9/ssl.py", line 1343, in do_handshake
2024-09-13T18:13:29.222 INFO:journalctl@ceph.mon.a.smithi114.stdout: self._sslobj.do_handshake()
2024-09-13T18:13:29.222 INFO:journalctl@ceph.mon.a.smithi114.stdout: ssl.SSLZeroReturnError: TLS/SSL connection has been closed (EOF) (_ssl.c:1133)
2024-09-13T18:13:29.222 INFO:journalctl@ceph.mon.a.smithi114.stdout:Sep 13 18:13:28 smithi114 ceph-mon[30897]: [13/Sep/2024:18:13:27] ENGINE Serving on http://172.21.15.114:8765
2024-09-13T18:13:29.222 INFO:journalctl@ceph.mon.a.smithi114.stdout:Sep 13 18:13:28 smithi114 ceph-mon[30897]: [13/Sep/2024:18:13:27] ENGINE Bus STARTED
2024-09-13T18:13:29.222 INFO:journalctl@ceph.mon.a.smithi114.stdout:Sep 13 18:13:28 smithi114 ceph-mon[30897]: from='mgr.14148 172.21.15.114:0/3055869758' entity='mgr.x'
2024-09-13T18:13:29.222 INFO:journalctl@ceph.mon.a.smithi114.stdout:Sep 13 18:13:28 smithi114 ceph-mon[30897]: mgrmap e12: x(active, since 2s)
2024-09-13T18:13:29.222 INFO:journalctl@ceph.mon.a.smithi114.stdout:Sep 13 18:13:28 smithi114 ceph-mon[30897]: from='mgr.14148 172.21.15.114:0/3055869758' entity='mgr.x'
2024-09-13T18:13:29.222 INFO:journalctl@ceph.mon.a.smithi114.stdout:Sep 13 18:13:28 smithi114 ceph-mon[30897]: from='mgr.14148 172.21.15.114:0/3055869758' entity='mgr.x'
2024-09-13T18:13:29.352 INFO:teuthology.orchestra.run.smithi114.stdout:/usr/bin/ceph: stdout Self-signed certificate created
2024-09-13T18:13:29.358 INFO:teuthology.orchestra.run.smithi114.stdout:/usr/bin/ceph: stderr
2024-09-13T18:13:28.061+0000 7f2771642640 1 Processor -- start
2024-09-13T18:13:29.358 INFO:teuthology.orchestra.run.smithi114.stdout:/usr/bin/ceph: stderr
2024-09-13T18:13:28.061+0000 7f2771642640 1 -- start start
2024-09-13T18:13:29.358 INFO:teuthology.orchestra.run.smithi114.stdout:/usr/bin/ceph: stderr
2024-09-13T18:13:28.061+0000 7f2771642640 1 --2- >> [v2:172.21.15.114:3300/0,v1:172.21.15.114:6789/0] conn(0x7f276c104480 0x7f276c104880 unknown :-1 s=NONE pgs=0 cs=0 l=0 rev1=0 crypto rx=0 tx=0 comp rx=0 tx=0).connect
2024-09-13T18:13:29.358 INFO:teuthology.orchestra.run.smithi114.stdout:/usr/bin/ceph: stderr
2024-09-13T18:13:28.061+0000 7f2771642640 1 -- --> [v2:172.21.15.114:3300/0,v1:172.21.15.114:6789/0] -- mon_getmap magic: 0 v1 -- 0x7f276c104e50 con 0x7f276c104480
2024-09-13T18:13:29.358 INFO:teuthology.orchestra.run.smithi114.stdout:/usr/bin/ceph: stderr
2024-09-13T18:13:28.061+0000 7f276affd640 1 --2- >> [v2:172.21.15.114:3300/0,v1:172.21.15.114:6789/0] conn(0x7f276c104480 0x7f276c104880 unknown :-1 s=BANNER_CONNECTING pgs=0 cs=0 l=0 rev1=0 crypto rx=0 tx=0 comp rx=0 tx=0)._handle_peer_banner_payload supported=3 required=0
2024-09-13T18:13:29.358 INFO:teuthology.orchestra.run.smithi114.stdout:/usr/bin/ceph: stderr
2024-09-13T18:13:28.061+0000 7f276affd640 1 --2- >> [v2:172.21.15.114:3300/0,v1:172.21.15.114:6789/0] conn(0x7f276c104480 0x7f276c104880 unknown :-1 s=HELLO_CONNECTING pgs=0 cs=0 l=0 rev1=1 crypto rx=0 tx=0 comp rx=0 tx=0).handle_hello peer v2:172.21.15.114:3300/0 says I am v2:172.21.15.114:55228/0 (socket says 172.21.15.114:55228)
2024-09-13T18:13:29.358 INFO:teuthology.orchestra.run.smithi114.stdout:/usr/bin/ceph: stderr
2024-09-13T18:13:28.061+0000 7f276affd640 1 -- 172.21.15.114:0/837998918 learned_addr learned my addr 172.21.15.114:0/837998918 (peer_addr_for_me v2:172.21.15.114:0/0)
2024-09-13T18:13:29.358 INFO:teuthology.orchestra.run.smithi114.stdout:/usr/bin/ceph: stderr
2024-09-13T18:13:28.062+0000 7f276affd640 1 -- 172.21.15.114:0/837998918 --> [v2:172.21.15.114:3300/0,v1:172.21.15.114:6789/0] -- mon_subscribe({config=0+,monmap=0+}) v3 -- 0x7f276c105680 con 0x7f276c104480
2024-09-13T18:13:29.358 INFO:teuthology.orchestra.run.smithi114.stdout:/usr/bin/ceph: stderr
2024-09-13T18:13:28.062+0000 7f276affd640 1 --2- 172.21.15.114:0/837998918 >> [v2:172.21.15.114:3300/0,v1:172.21.15.114:6789/0] conn(0x7f276c104480 0x7f276c104880 secure :-1 s=READY pgs=66 cs=0 l=1 rev1=1 crypto rx=0x7f275c009820 tx=0x7f275c02a270 comp rx=0 tx=0).ready entity=mon.0 client_cookie=c7c37552c38cc07 server_cookie=0 in_seq=0 out_seq=0
2024-09-13T18:13:29.358 INFO:teuthology.orchestra.run.smithi114.stdout:/usr/bin/ceph: stderr
2024-09-13T18:13:28.062+0000 7f276a7fc640 1 -- 172.21.15.114:0/837998918 <== mon.0 v2:172.21.15.114:3300/0 1 ==== mon_map magic: 0 v1 ==== 205+0+0 (secure 0 0 0) 0x7f275c02ae70 con 0x7f276c104480
2024-09-13T18:13:29.358 INFO:teuthology.orchestra.run.smithi114.stdout:/usr/bin/ceph: stderr
2024-09-13T18:13:28.063+0000 7f276a7fc640 1 -- 172.21.15.114:0/837998918 <== mon.0 v2:172.21.15.114:3300/0 2 ==== config(25 keys) v1 ==== 1067+0+0 (secure 0 0 0) 0x7f275c0328d0 con 0x7f276c104480
2024-09-13T18:13:29.358 INFO:teuthology.orchestra.run.smithi114.stdout:/usr/bin/ceph: stderr
2024-09-13T18:13:28.063+0000 7f276a7fc640 1 -- 172.21.15.114:0/837998918 <== mon.0 v2:172.21.15.114:3300/0 3 ==== mon_map magic: 0 v1 ==== 205+0+0 (secure 0 0 0) 0x7f275c0307a0 con 0x7f276c104480
2024-09-13T18:13:29.359 INFO:teuthology.orchestra.run.smithi114.stdout:/usr/bin/ceph: stderr
2024-09-13T18:13:28.063+0000 7f2771642640 1 -- 172.21.15.114:0/837998918 >> [v2:172.21.15.114:3300/0,v1:172.21.15.114:6789/0] conn(0x7f276c104480 msgr2=0x7f276c104880 secure :-1 s=STATE_CONNECTION_ESTABLISHED l=1).mark_down
2024-09-13T18:13:29.359 INFO:teuthology.orchestra.run.smithi114.stdout:/usr/bin/ceph: stderr
2024-09-13T18:13:28.063+0000 7f2771642640 1 --2- 172.21.15.114:0/837998918 >> [v2:172.21.15.114:3300/0,v1:172.21.15.114:6789/0] conn(0x7f276c104480 0x7f276c104880 secure :-1 s=READY pgs=66 cs=0 l=1 rev1=1 crypto rx=0x7f275c009820 tx=0x7f275c02a270 comp rx=0 tx=0).stop
2024-09-13T18:13:29.359 INFO:teuthology.orchestra.run.smithi114.stdout:/usr/bin/ceph: stderr
2024-09-13T18:13:28.063+0000 7f2771642640 1 -- 172.21.15.114:0/837998918 shutdown_connections
2024-09-13T18:13:29.359 INFO:teuthology.orchestra.run.smithi114.stdout:/usr/bin/ceph: stderr
2024-09-13T18:13:28.063+0000 7f2771642640 1 --2- 172.21.15.114:0/837998918 >> [v2:172.21.15.114:3300/0,v1:172.21.15.114:6789/0] conn(0x7f276c104480 0x7f276c104880 unknown :-1 s=CLOSED pgs=66 cs=0 l=1 rev1=1 crypto rx=0 tx=0 comp rx=0 tx=0).stop
2024-09-13T18:13:29.359 INFO:teuthology.orchestra.run.smithi114.stdout:/usr/bin/ceph: stderr
2024-09-13T18:13:28.063+0000 7f2771642640 1 -- 172.21.15.114:0/837998918 >> 172.21.15.114:0/837998918 conn(0x7f276c0ffc30 msgr2=0x7f276c102050 unknown :-1 s=STATE_NONE l=0).mark_down
2024-09-13T18:13:29.359 INFO:teuthology.orchestra.run.smithi114.stdout:/usr/bin/ceph: stderr
2024-09-13T18:13:28.063+0000 7f2771642640 1 -- 172.21.15.114:0/837998918 shutdown_connections
2024-09-13T18:13:29.359 INFO:teuthology.orchestra.run.smithi114.stdout:/usr/bin/ceph: stderr
2024-09-13T18:13:28.063+0000 7f2771642640 1 -- 172.21.15.114:0/837998918 wait complete.
2024-09-13T18:13:29.359 INFO:teuthology.orchestra.run.smithi114.stdout:/usr/bin/ceph: stderr
2024-09-13T18:13:28.064+0000 7f2771642640 1 Processor -- start
2024-09-13T18:13:29.359 INFO:teuthology.orchestra.run.smithi114.stdout:/usr/bin/ceph: stderr
2024-09-13T18:13:28.064+0000 7f2771642640 1 -- start start
2024-09-13T18:13:29.359 INFO:teuthology.orchestra.run.smithi114.stdout:/usr/bin/ceph: stderr
2024-09-13T18:13:28.064+0000 7f2771642640 1 --2- >> [v2:172.21.15.114:3300/0,v1:172.21.15.114:6789/0] conn(0x7f276c104480 0x7f276c18f5f0 unknown :-1 s=NONE pgs=0 cs=0 l=1 rev1=0 crypto rx=0 tx=0 comp rx=0 tx=0).connect
2024-09-13T18:13:29.359 INFO:teuthology.orchestra.run.smithi114.stdout:/usr/bin/ceph: stderr
2024-09-13T18:13:28.064+0000 7f2771642640 1 -- --> [v2:172.21.15.114:3300/0,v1:172.21.15.114:6789/0] -- mon_getmap magic: 0 v1 -- 0x7f276c18fb30 con 0x7f276c104480
2024-09-13T18:13:29.359 INFO:teuthology.orchestra.run.smithi114.stdout:/usr/bin/ceph: stderr
2024-09-13T18:13:28.064+0000 7f276affd640 1 --2- >> [v2:172.21.15.114:3300/0,v1:172.21.15.114:6789/0] conn(0x7f276c104480 0x7f276c18f5f0 unknown :-1 s=BANNER_CONNECTING pgs=0 cs=0 l=1 rev1=0 crypto rx=0 tx=0 comp rx=0 tx=0)._handle_peer_banner_payload supported=3 required=0
2024-09-13T18:13:29.360 INFO:teuthology.orchestra.run.smithi114.stdout:/usr/bin/ceph: stderr
2024-09-13T18:13:28.064+0000 7f276affd640 1 --2- >> [v2:172.21.15.114:3300/0,v1:172.21.15.114:6789/0] conn(0x7f276c104480 0x7f276c18f5f0 unknown :-1 s=HELLO_CONNECTING pgs=0 cs=0 l=1 rev1=1 crypto rx=0 tx=0 comp rx=0 tx=0).handle_hello peer v2:172.21.15.114:3300/0 says I am v2:172.21.15.114:55238/0 (socket says 172.21.15.114:55238)
2024-09-13T18:13:29.360 INFO:teuthology.orchestra.run.smithi114.stdout:/usr/bin/ceph: stderr
2024-09-13T18:13:28.064+0000 7f276affd640 1 -- 172.21.15.114:0/645627015 learned_addr learned my addr 172.21.15.114:0/645627015 (peer_addr_for_me v2:172.21.15.114:0/0)
2024-09-13T18:13:29.360 INFO:teuthology.orchestra.run.smithi114.stdout:/usr/bin/ceph: stderr
2024-09-13T18:13:28.065+0000 7f276affd640 1 -- 172.21.15.114:0/645627015 --> [v2:172.21.15.114:3300/0,v1:172.21.15.114:6789/0] -- mon_subscribe({config=0+,monmap=0+}) v3 -- 0x7f275c0094d0 con 0x7f276c104480
2024-09-13T18:13:29.360 INFO:teuthology.orchestra.run.smithi114.stdout:/usr/bin/ceph: stderr
2024-09-13T18:13:28.065+0000 7f276affd640 1 --2- 172.21.15.114:0/645627015 >> [v2:172.21.15.114:3300/0,v1:172.21.15.114:6789/0] conn(0x7f276c104480 0x7f276c18f5f0 secure :-1 s=READY pgs=67 cs=0 l=1 rev1=1 crypto rx=0x7f275c030380 tx=0x7f275c032d00 comp rx=0 tx=0).ready entity=mon.0 client_cookie=0 server_cookie=0 in_seq=0 out_seq=0
2024-09-13T18:13:29.360 INFO:teuthology.orchestra.run.smithi114.stdout:/usr/bin/ceph: stderr
2024-09-13T18:13:28.065+0000 7f2768ff9640 1 -- 172.21.15.114:0/645627015 <== mon.0 v2:172.21.15.114:3300/0 1 ==== mon_map magic: 0 v1 ==== 205+0+0 (secure 0 0 0) 0x7f275c030c70 con 0x7f276c104480
2024-09-13T18:13:29.360 INFO:teuthology.orchestra.run.smithi114.stdout:/usr/bin/ceph: stderr
2024-09-13T18:13:28.065+0000 7f2768ff9640 1 -- 172.21.15.114:0/645627015 <== mon.0 v2:172.21.15.114:3300/0 2 ==== config(25 keys) v1 ==== 1067+0+0 (secure 0 0 0) 0x7f275c030dd0 con 0x7f276c104480
2024-09-13T18:13:29.360 INFO:teuthology.orchestra.run.smithi114.stdout:/usr/bin/ceph: stderr
2024-09-13T18:13:28.065+0000 7f2768ff9640 1 -- 172.21.15.114:0/645627015 <== mon.0 v2:172.21.15.114:3300/0 3 ==== mon_map magic: 0 v1 ==== 205+0+0 (secure 0 0 0) 0x7f275c03a5b0 con 0x7f276c104480
2024-09-13T18:13:29.360 INFO:teuthology.orchestra.run.smithi114.stdout:/usr/bin/ceph: stderr
2024-09-13T18:13:28.065+0000 7f2771642640 1 -- 172.21.15.114:0/645627015 --> [v2:172.21.15.114:3300/0,v1:172.21.15.114:6789/0] -- mon_subscribe({mgrmap=0+}) v3 -- 0x7f276c18dd20 con 0x7f276c104480
2024-09-13T18:13:29.360 INFO:teuthology.orchestra.run.smithi114.stdout:/usr/bin/ceph: stderr
2024-09-13T18:13:28.065+0000 7f2771642640 1 -- 172.21.15.114:0/645627015 --> [v2:172.21.15.114:3300/0,v1:172.21.15.114:6789/0] -- mon_subscribe({osdmap=0}) v3 -- 0x7f276c18e1c0 con 0x7f276c104480
2024-09-13T18:13:29.360 INFO:teuthology.orchestra.run.smithi114.stdout:/usr/bin/ceph: stderr
2024-09-13T18:13:28.066+0000 7f2768ff9640 1 -- 172.21.15.114:0/645627015 <== mon.0 v2:172.21.15.114:3300/0 4 ==== mgrmap(e 11) v1 ==== 45448+0+0 (secure 0 0 0) 0x7f275c039040 con 0x7f276c104480
2024-09-13T18:13:29.360 INFO:teuthology.orchestra.run.smithi114.stdout:/usr/bin/ceph: stderr
2024-09-13T18:13:28.066+0000 7f2768ff9640 1 --2- 172.21.15.114:0/645627015 >> [v2:172.21.15.114:6800/3396185541,v1:172.21.15.114:6801/3396185541] conn(0x7f27580385a0 0x7f275803aa60 unknown :-1 s=NONE pgs=0 cs=0 l=1 rev1=0 crypto rx=0 tx=0 comp rx=0 tx=0).connect
2024-09-13T18:13:29.360 INFO:teuthology.orchestra.run.smithi114.stdout:/usr/bin/ceph: stderr
2024-09-13T18:13:28.066+0000 7f2768ff9640 1 -- 172.21.15.114:0/645627015 <== mon.0 v2:172.21.15.114:3300/0 5 ==== osd_map(3..3 src has 1..3) v4 ==== 1155+0+0 (secure 0 0 0) 0x7f275c06b8c0 con 0x7f276c104480
2024-09-13T18:13:29.361 INFO:teuthology.orchestra.run.smithi114.stdout:/usr/bin/ceph: stderr
2024-09-13T18:13:28.066+0000 7f2763fff640 1 --2- 172.21.15.114:0/645627015 >> [v2:172.21.15.114:6800/3396185541,v1:172.21.15.114:6801/3396185541] conn(0x7f27580385a0 0x7f275803aa60 unknown :-1 s=BANNER_CONNECTING pgs=0 cs=0 l=1 rev1=0 crypto rx=0 tx=0 comp rx=0 tx=0)._handle_peer_banner_payload supported=3 required=0
2024-09-13T18:13:29.361 INFO:teuthology.orchestra.run.smithi114.stdout:/usr/bin/ceph: stderr
2024-09-13T18:13:28.066+0000 7f2771642640 1 -- 172.21.15.114:0/645627015 --> [v2:172.21.15.114:3300/0,v1:172.21.15.114:6789/0] -- mon_command({"prefix": "get_command_descriptions"} v 0) v1 -- 0x7f276c18ebc0 con 0x7f276c104480
2024-09-13T18:13:29.361 INFO:teuthology.orchestra.run.smithi114.stdout:/usr/bin/ceph: stderr
2024-09-13T18:13:28.067+0000 7f2763fff640 1 --2- 172.21.15.114:0/645627015 >> [v2:172.21.15.114:6800/3396185541,v1:172.21.15.114:6801/3396185541] conn(0x7f27580385a0 0x7f275803aa60 secure :-1 s=READY pgs=7 cs=0 l=1 rev1=1 crypto rx=0x7f27540098c0 tx=0x7f2754006db0 comp rx=0 tx=0).ready entity=mgr.14148 client_cookie=0 server_cookie=0 in_seq=0 out_seq=0
2024-09-13T18:13:29.361 INFO:teuthology.orchestra.run.smithi114.stdout:/usr/bin/ceph: stderr
2024-09-13T18:13:28.072+0000 7f2768ff9640 1 -- 172.21.15.114:0/645627015 <== mon.0 v2:172.21.15.114:3300/0 6 ==== mon_command_ack([{"prefix": "get_command_descriptions"}]=0 v0) v1 ==== 72+0+183819 (secure 0 0 0) 0x7f275c03f070 con 0x7f276c104480
2024-09-13T18:13:29.361 INFO:teuthology.orchestra.run.smithi114.stdout:/usr/bin/ceph: stderr
2024-09-13T18:13:28.225+0000 7f2768ff9640 1 -- 172.21.15.114:0/645627015 <== mon.0 v2:172.21.15.114:3300/0 7 ==== mgrmap(e 12) v1 ==== 45554+0+0 (secure 0 0 0) 0x7f275c03bac0 con 0x7f276c104480
2024-09-13T18:13:29.361 INFO:teuthology.orchestra.run.smithi114.stdout:/usr/bin/ceph: stderr
2024-09-13T18:13:28.254+0000 7f2771642640 1 -- 172.21.15.114:0/645627015 --> [v2:172.21.15.114:6800/3396185541,v1:172.21.15.114:6801/3396185541] -- mgr_command(tid 0: {"prefix": "dashboard create-self-signed-cert", "target": ["mon-mgr", ""]}) v1 -- 0x7f276c192fa0 con 0x7f27580385a0
2024-09-13T18:13:29.361 INFO:teuthology.orchestra.run.smithi114.stdout:/usr/bin/ceph: stderr
2024-09-13T18:13:28.323+0000 7f2768ff9640 1 -- 172.21.15.114:0/645627015 <== mgr.14148 v2:172.21.15.114:6800/3396185541 1 ==== mgr_command_reply(tid 0: 0 ) v1 ==== 8+0+32 (secure 0 0 0) 0x7f276c192fa0 con 0x7f27580385a0
2024-09-13T18:13:29.361 INFO:teuthology.orchestra.run.smithi114.stdout:/usr/bin/ceph: stderr
2024-09-13T18:13:28.325+0000 7f2771642640 1 -- 172.21.15.114:0/645627015 >> [v2:172.21.15.114:6800/3396185541,v1:172.21.15.114:6801/3396185541] conn(0x7f27580385a0 msgr2=0x7f275803aa60 secure :-1 s=STATE_CONNECTION_ESTABLISHED l=1).mark_down
2024-09-13T18:13:29.361 INFO:teuthology.orchestra.run.smithi114.stdout:/usr/bin/ceph: stderr
2024-09-13T18:13:28.325+0000 7f2771642640 1 --2- 172.21.15.114:0/645627015 >> [v2:172.21.15.114:6800/3396185541,v1:172.21.15.114:6801/3396185541] conn(0x7f27580385a0 0x7f275803aa60 secure :-1 s=READY pgs=7 cs=0 l=1 rev1=1 crypto rx=0x7f27540098c0 tx=0x7f2754006db0 comp rx=0 tx=0).stop
2024-09-13T18:13:29.361 INFO:teuthology.orchestra.run.smithi114.stdout:/usr/bin/ceph: stderr
2024-09-13T18:13:28.325+0000 7f2771642640 1 -- 172.21.15.114:0/645627015 >> [v2:172.21.15.114:3300/0,v1:172.21.15.114:6789/0] conn(0x7f276c104480 msgr2=0x7f276c18f5f0 secure :-1 s=STATE_CONNECTION_ESTABLISHED l=1).mark_down
2024-09-13T18:13:29.361 INFO:teuthology.orchestra.run.smithi114.stdout:/usr/bin/ceph: stderr
2024-09-13T18:13:28.325+0000 7f2771642640 1 --2- 172.21.15.114:0/645627015 >> [v2:172.21.15.114:3300/0,v1:172.21.15.114:6789/0] conn(0x7f276c104480 0x7f276c18f5f0 secure :-1 s=READY pgs=67 cs=0 l=1 rev1=1 crypto rx=0x7f275c030380 tx=0x7f275c032d00 comp rx=0 tx=0).stop
2024-09-13T18:13:29.361 INFO:teuthology.orchestra.run.smithi114.stdout:/usr/bin/ceph: stderr
2024-09-13T18:13:28.325+0000 7f2771642640 1 -- 172.21.15.114:0/645627015 shutdown_connections
2024-09-13T18:13:29.361 INFO:teuthology.orchestra.run.smithi114.stdout:/usr/bin/ceph: stderr
2024-09-13T18:13:28.325+0000 7f2771642640 1 --2- 172.21.15.114:0/645627015 >> [v2:172.21.15.114:6800/3396185541,v1:172.21.15.114:6801/3396185541] conn(0x7f27580385a0 0x7f275803aa60 unknown :-1 s=CLOSED pgs=7 cs=0 l=1 rev1=1 crypto rx=0 tx=0 comp rx=0 tx=0).stop
2024-09-13T18:13:29.362 INFO:teuthology.orchestra.run.smithi114.stdout:/usr/bin/ceph: stderr
2024-09-13T18:13:28.325+0000 7f2771642640 1 --2- 172.21.15.114:0/645627015 >> [v2:172.21.15.114:3300/0,v1:172.21.15.114:6789/0] conn(0x7f276c104480 0x7f276c18f5f0 unknown :-1 s=CLOSED pgs=67 cs=0 l=1 rev1=1 crypto rx=0 tx=0 comp rx=0 tx=0).stop
2024-09-13T18:13:29.362 INFO:teuthology.orchestra.run.smithi114.stdout:/usr/bin/ceph: stderr
2024-09-13T18:13:28.325+0000 7f2771642640 1 -- 172.21.15.114:0/645627015 >> 172.21.15.114:0/645627015 conn(0x7f276c0ffc30 msgr2=0x7f276c100b10 unknown :-1 s=STATE_NONE l=0).mark_down
2024-09-13T18:13:29.362 INFO:teuthology.orchestra.run.smithi114.stdout:/usr/bin/ceph: stderr
2024-09-13T18:13:28.325+0000 7f2771642640 1 -- 172.21.15.114:0/645627015 shutdown_connections
2024-09-13T18:13:29.362 INFO:teuthology.orchestra.run.smithi114.stdout:/usr/bin/ceph: stderr
2024-09-13T18:13:28.325+0000 7f2771642640 1 -- 172.21.15.114:0/645627015 wait complete.
2024-09-13T18:13:29.362 INFO:teuthology.orchestra.run.smithi114.stdout:Creating initial admin user...
2024-09-13T18:13:30.072 INFO:journalctl@ceph.mon.a.smithi114.stdout:Sep 13 18:13:29 smithi114 ceph-mon[30897]: from='client.14160 -' entity='client.admin' cmd=[{"prefix": "dashboard create-self-signed-cert", "target": ["mon-mgr", ""]}]: dispatch
2024-09-13T18:13:31.167 INFO:teuthology.orchestra.run.smithi114.stdout:/usr/bin/ceph: stdout {"username": "admin", "password": "$2b$12$DCO2JgLanLklxwAoq.8GDeLhjVf702cYoLSXL/fuKQdupKhVOOzoS", "roles": ["administrator"], "name": null, "email": null, "lastUpdate": 1726251210, "enabled": true, "pwdExpirationDate": null, "pwdUpdateRequired": true}
2024-09-13T18:13:31.167 INFO:teuthology.orchestra.run.smithi114.stdout:/usr/bin/ceph: stderr
2024-09-13T18:13:30.159+0000 7f6585878640 1 Processor -- start
2024-09-13T18:13:31.167 INFO:teuthology.orchestra.run.smithi114.stdout:/usr/bin/ceph: stderr
2024-09-13T18:13:30.159+0000 7f6585878640 1 -- start start
2024-09-13T18:13:31.167 INFO:teuthology.orchestra.run.smithi114.stdout:/usr/bin/ceph: stderr
2024-09-13T18:13:30.160+0000 7f6585878640 1 --2- >> [v2:172.21.15.114:3300/0,v1:172.21.15.114:6789/0] conn(0x7f65801044a0 0x7f65801048a0 unknown :-1 s=NONE pgs=0 cs=0 l=0 rev1=0 crypto rx=0 tx=0 comp rx=0 tx=0).connect
2024-09-13T18:13:31.167 INFO:teuthology.orchestra.run.smithi114.stdout:/usr/bin/ceph: stderr
2024-09-13T18:13:30.160+0000 7f6585878640 1 -- --> [v2:172.21.15.114:3300/0,v1:172.21.15.114:6789/0] -- mon_getmap magic: 0 v1 -- 0x7f6580104e70 con 0x7f65801044a0
2024-09-13T18:13:31.168 INFO:teuthology.orchestra.run.smithi114.stdout:/usr/bin/ceph: stderr
2024-09-13T18:13:30.160+0000 7f657effd640 1 --2- >> [v2:172.21.15.114:3300/0,v1:172.21.15.114:6789/0] conn(0x7f65801044a0 0x7f65801048a0 unknown :-1 s=BANNER_CONNECTING pgs=0 cs=0 l=0 rev1=0 crypto rx=0 tx=0 comp rx=0 tx=0)._handle_peer_banner_payload supported=3 required=0
2024-09-13T18:13:31.168 INFO:teuthology.orchestra.run.smithi114.stdout:/usr/bin/ceph: stderr
2024-09-13T18:13:30.160+0000 7f657effd640 1 --2- >> [v2:172.21.15.114:3300/0,v1:172.21.15.114:6789/0] conn(0x7f65801044a0 0x7f65801048a0 unknown :-1 s=HELLO_CONNECTING pgs=0 cs=0 l=0 rev1=1 crypto rx=0 tx=0 comp rx=0 tx=0).handle_hello peer v2:172.21.15.114:3300/0 says I am v2:172.21.15.114:55242/0 (socket says 172.21.15.114:55242)
2024-09-13T18:13:31.168 INFO:teuthology.orchestra.run.smithi114.stdout:/usr/bin/ceph: stderr
2024-09-13T18:13:30.160+0000 7f657effd640 1 -- 172.21.15.114:0/3055761969 learned_addr learned my addr 172.21.15.114:0/3055761969 (peer_addr_for_me v2:172.21.15.114:0/0)
2024-09-13T18:13:31.168 INFO:teuthology.orchestra.run.smithi114.stdout:/usr/bin/ceph: stderr
2024-09-13T18:13:30.160+0000 7f657effd640 1 -- 172.21.15.114:0/3055761969 --> [v2:172.21.15.114:3300/0,v1:172.21.15.114:6789/0] -- mon_subscribe({config=0+,monmap=0+}) v3 -- 0x7f65801056a0 con 0x7f65801044a0
2024-09-13T18:13:31.168 INFO:teuthology.orchestra.run.smithi114.stdout:/usr/bin/ceph: stderr
2024-09-13T18:13:30.161+0000 7f657effd640 1 --2- 172.21.15.114:0/3055761969 >> [v2:172.21.15.114:3300/0,v1:172.21.15.114:6789/0] conn(0x7f65801044a0 0x7f65801048a0 secure :-1 s=READY pgs=68 cs=0 l=1 rev1=1 crypto rx=0x7f6570009e80 tx=0x7f657002a7a0 comp rx=0 tx=0).ready entity=mon.0 client_cookie=c96e9aa3531d7b39 server_cookie=0 in_seq=0 out_seq=0
2024-09-13T18:13:31.168 INFO:teuthology.orchestra.run.smithi114.stdout:/usr/bin/ceph: stderr
2024-09-13T18:13:30.161+0000 7f657dffb640 1 -- 172.21.15.114:0/3055761969 <== mon.0 v2:172.21.15.114:3300/0 1 ==== mon_map magic: 0 v1 ==== 205+0+0 (secure 0 0 0) 0x7f6570031400 con 0x7f65801044a0
2024-09-13T18:13:31.168 INFO:teuthology.orchestra.run.smithi114.stdout:/usr/bin/ceph: stderr
2024-09-13T18:13:30.161+0000 7f657dffb640 1 -- 172.21.15.114:0/3055761969 <== mon.0 v2:172.21.15.114:3300/0 2 ==== config(25 keys) v1 ==== 1067+0+0 (secure 0 0 0) 0x7f657002d050 con 0x7f65801044a0
2024-09-13T18:13:31.168 INFO:teuthology.orchestra.run.smithi114.stdout:/usr/bin/ceph: stderr
2024-09-13T18:13:30.161+0000 7f657dffb640 1 -- 172.21.15.114:0/3055761969 <== mon.0 v2:172.21.15.114:3300/0 3 ==== mon_map magic: 0 v1 ==== 205+0+0 (secure 0 0 0) 0x7f6570007830 con 0x7f65801044a0
2024-09-13T18:13:31.168 INFO:teuthology.orchestra.run.smithi114.stdout:/usr/bin/ceph: stderr
2024-09-13T18:13:30.162+0000 7f6585878640 1 -- 172.21.15.114:0/3055761969 >> [v2:172.21.15.114:3300/0,v1:172.21.15.114:6789/0] conn(0x7f65801044a0 msgr2=0x7f65801048a0 secure :-1 s=STATE_CONNECTION_ESTABLISHED l=1).mark_down
2024-09-13T18:13:31.168 INFO:teuthology.orchestra.run.smithi114.stdout:/usr/bin/ceph: stderr
2024-09-13T18:13:30.162+0000 7f6585878640 1 --2- 172.21.15.114:0/3055761969 >> [v2:172.21.15.114:3300/0,v1:172.21.15.114:6789/0] conn(0x7f65801044a0 0x7f65801048a0 secure :-1 s=READY pgs=68 cs=0 l=1 rev1=1 crypto rx=0x7f6570009e80 tx=0x7f657002a7a0 comp rx=0 tx=0).stop
2024-09-13T18:13:31.168 INFO:teuthology.orchestra.run.smithi114.stdout:/usr/bin/ceph: stderr
2024-09-13T18:13:30.162+0000 7f6585878640 1 -- 172.21.15.114:0/3055761969 shutdown_connections
2024-09-13T18:13:31.169 INFO:teuthology.orchestra.run.smithi114.stdout:/usr/bin/ceph: stderr
2024-09-13T18:13:30.162+0000 7f6585878640 1 --2- 172.21.15.114:0/3055761969 >> [v2:172.21.15.114:3300/0,v1:172.21.15.114:6789/0] conn(0x7f65801044a0 0x7f65801048a0 unknown :-1 s=CLOSED pgs=68 cs=0 l=1 rev1=1 crypto rx=0 tx=0 comp rx=0 tx=0).stop
2024-09-13T18:13:31.169 INFO:teuthology.orchestra.run.smithi114.stdout:/usr/bin/ceph: stderr
2024-09-13T18:13:30.162+0000 7f6585878640 1 -- 172.21.15.114:0/3055761969 >> 172.21.15.114:0/3055761969 conn(0x7f65800ffcd0 msgr2=0x7f65801020f0 unknown :-1 s=STATE_NONE l=0).mark_down
2024-09-13T18:13:31.169 INFO:teuthology.orchestra.run.smithi114.stdout:/usr/bin/ceph: stderr
2024-09-13T18:13:30.162+0000 7f6585878640 1 -- 172.21.15.114:0/3055761969 shutdown_connections
2024-09-13T18:13:31.169 INFO:teuthology.orchestra.run.smithi114.stdout:/usr/bin/ceph: stderr
2024-09-13T18:13:30.162+0000 7f6585878640 1 -- 172.21.15.114:0/3055761969 wait complete.
2024-09-13T18:13:31.169 INFO:teuthology.orchestra.run.smithi114.stdout:/usr/bin/ceph: stderr
2024-09-13T18:13:30.162+0000 7f6585878640 1 Processor -- start
2024-09-13T18:13:31.169 INFO:teuthology.orchestra.run.smithi114.stdout:/usr/bin/ceph: stderr
2024-09-13T18:13:30.163+0000 7f6585878640 1 -- start start
2024-09-13T18:13:31.169 INFO:teuthology.orchestra.run.smithi114.stdout:/usr/bin/ceph: stderr
2024-09-13T18:13:30.163+0000 7f6585878640 1 --2- >> [v2:172.21.15.114:3300/0,v1:172.21.15.114:6789/0] conn(0x7f65801044a0 0x7f658018f5c0 unknown :-1 s=NONE pgs=0 cs=0 l=1 rev1=0 crypto rx=0 tx=0 comp rx=0 tx=0).connect
2024-09-13T18:13:31.169 INFO:teuthology.orchestra.run.smithi114.stdout:/usr/bin/ceph: stderr
2024-09-13T18:13:30.163+0000 7f6585878640 1 -- --> [v2:172.21.15.114:3300/0,v1:172.21.15.114:6789/0] -- mon_getmap magic: 0 v1 -- 0x7f658018fb00 con 0x7f65801044a0
2024-09-13T18:13:31.169 INFO:teuthology.orchestra.run.smithi114.stdout:/usr/bin/ceph: stderr
2024-09-13T18:13:30.163+0000 7f657effd640 1 --2- >> [v2:172.21.15.114:3300/0,v1:172.21.15.114:6789/0] conn(0x7f65801044a0 0x7f658018f5c0 unknown :-1 s=BANNER_CONNECTING pgs=0 cs=0 l=1 rev1=0 crypto rx=0 tx=0 comp rx=0 tx=0)._handle_peer_banner_payload supported=3 required=0
2024-09-13T18:13:31.169 INFO:teuthology.orchestra.run.smithi114.stdout:/usr/bin/ceph: stderr
2024-09-13T18:13:30.163+0000 7f657effd640 1 --2- >> [v2:172.21.15.114:3300/0,v1:172.21.15.114:6789/0] conn(0x7f65801044a0 0x7f658018f5c0 unknown :-1 s=HELLO_CONNECTING pgs=0 cs=0 l=1 rev1=1 crypto rx=0 tx=0 comp rx=0 tx=0).handle_hello peer v2:172.21.15.114:3300/0 says I am v2:172.21.15.114:55248/0 (socket says 172.21.15.114:55248)
2024-09-13T18:13:31.169 INFO:teuthology.orchestra.run.smithi114.stdout:/usr/bin/ceph: stderr
2024-09-13T18:13:30.163+0000 7f657effd640 1 -- 172.21.15.114:0/150990168 learned_addr learned my addr 172.21.15.114:0/150990168 (peer_addr_for_me v2:172.21.15.114:0/0)
2024-09-13T18:13:31.169 INFO:teuthology.orchestra.run.smithi114.stdout:/usr/bin/ceph: stderr
2024-09-13T18:13:30.163+0000 7f657effd640 1 -- 172.21.15.114:0/150990168 --> [v2:172.21.15.114:3300/0,v1:172.21.15.114:6789/0] -- mon_subscribe({config=0+,monmap=0+}) v3 -- 0x7f6570009b30 con 0x7f65801044a0
2024-09-13T18:13:31.170 INFO:teuthology.orchestra.run.smithi114.stdout:/usr/bin/ceph: stderr
2024-09-13T18:13:30.163+0000 7f657effd640 1 --2- 172.21.15.114:0/150990168 >> [v2:172.21.15.114:3300/0,v1:172.21.15.114:6789/0] conn(0x7f65801044a0 0x7f658018f5c0 secure :-1 s=READY pgs=69 cs=0 l=1 rev1=1 crypto rx=0x7f657002acc0 tx=0x7f6570031630 comp rx=0 tx=0).ready entity=mon.0 client_cookie=0 server_cookie=0 in_seq=0 out_seq=0
2024-09-13T18:13:31.170 INFO:teuthology.orchestra.run.smithi114.stdout:/usr/bin/ceph: stderr
2024-09-13T18:13:30.164+0000 7f6584876640 1 -- 172.21.15.114:0/150990168 <== mon.0 v2:172.21.15.114:3300/0 1 ==== mon_map magic: 0 v1 ==== 205+0+0 (secure 0 0 0) 0x7f6570031b30 con 0x7f65801044a0
2024-09-13T18:13:31.170 INFO:teuthology.orchestra.run.smithi114.stdout:/usr/bin/ceph: stderr
2024-09-13T18:13:30.164+0000 7f6584876640 1 -- 172.21.15.114:0/150990168 <== mon.0 v2:172.21.15.114:3300/0 2 ==== config(25 keys) v1 ==== 1067+0+0 (secure 0 0 0) 0x7f6570031c90 con 0x7f65801044a0
2024-09-13T18:13:31.170 INFO:teuthology.orchestra.run.smithi114.stdout:/usr/bin/ceph: stderr
2024-09-13T18:13:30.164+0000 7f6585878640 1 -- 172.21.15.114:0/150990168 --> [v2:172.21.15.114:3300/0,v1:172.21.15.114:6789/0] -- mon_subscribe({mgrmap=0+}) v3 -- 0x7f658018dd40 con 0x7f65801044a0
2024-09-13T18:13:31.170 INFO:teuthology.orchestra.run.smithi114.stdout:/usr/bin/ceph: stderr
2024-09-13T18:13:30.164+0000 7f6584876640 1 -- 172.21.15.114:0/150990168 <== mon.0 v2:172.21.15.114:3300/0 3 ==== mon_map magic: 0 v1 ==== 205+0+0 (secure 0 0 0) 0x7f657003a500 con 0x7f65801044a0
2024-09-13T18:13:31.170 INFO:teuthology.orchestra.run.smithi114.stdout:/usr/bin/ceph: stderr
2024-09-13T18:13:30.164+0000 7f6585878640 1 -- 172.21.15.114:0/150990168 --> [v2:172.21.15.114:3300/0,v1:172.21.15.114:6789/0] -- mon_subscribe({osdmap=0}) v3 -- 0x7f658018e1e0 con 0x7f65801044a0
2024-09-13T18:13:31.170 INFO:teuthology.orchestra.run.smithi114.stdout:/usr/bin/ceph: stderr
2024-09-13T18:13:30.165+0000 7f6584876640 1 -- 172.21.15.114:0/150990168 <== mon.0 v2:172.21.15.114:3300/0 4 ==== mgrmap(e 12) v1 ==== 45554+0+0 (secure 0 0 0) 0x7f6570038050 con 0x7f65801044a0
2024-09-13T18:13:31.170 INFO:teuthology.orchestra.run.smithi114.stdout:/usr/bin/ceph: stderr
2024-09-13T18:13:30.165+0000 7f6585878640 1 -- 172.21.15.114:0/150990168 --> [v2:172.21.15.114:3300/0,v1:172.21.15.114:6789/0] -- mon_command({"prefix": "get_command_descriptions"} v 0) v1 -- 0x7f6580104920 con 0x7f65801044a0
2024-09-13T18:13:31.170 INFO:teuthology.orchestra.run.smithi114.stdout:/usr/bin/ceph: stderr
2024-09-13T18:13:30.165+0000 7f6584876640 1 --2- 172.21.15.114:0/150990168 >> [v2:172.21.15.114:6800/3396185541,v1:172.21.15.114:6801/3396185541] conn(0x7f65680386c0 0x7f656803ab80 unknown :-1 s=NONE pgs=0 cs=0 l=1 rev1=0 crypto rx=0 tx=0 comp rx=0 tx=0).connect
2024-09-13T18:13:31.170 INFO:teuthology.orchestra.run.smithi114.stdout:/usr/bin/ceph: stderr
2024-09-13T18:13:30.165+0000 7f6584876640 1 -- 172.21.15.114:0/150990168 <== mon.0 v2:172.21.15.114:3300/0 5 ==== osd_map(3..3 src has 1..3) v4 ==== 1155+0+0 (secure 0 0 0) 0x7f657006b730 con 0x7f65801044a0
2024-09-13T18:13:31.170 INFO:teuthology.orchestra.run.smithi114.stdout:/usr/bin/ceph: stderr
2024-09-13T18:13:30.165+0000 7f657e7fc640 1 --2- 172.21.15.114:0/150990168 >> [v2:172.21.15.114:6800/3396185541,v1:172.21.15.114:6801/3396185541] conn(0x7f65680386c0 0x7f656803ab80 unknown :-1 s=BANNER_CONNECTING pgs=0 cs=0 l=1 rev1=0 crypto rx=0 tx=0 comp rx=0 tx=0)._handle_peer_banner_payload supported=3 required=0
2024-09-13T18:13:31.171 INFO:teuthology.orchestra.run.smithi114.stdout:/usr/bin/ceph: stderr
2024-09-13T18:13:30.166+0000 7f657e7fc640 1 --2- 172.21.15.114:0/150990168 >> [v2:172.21.15.114:6800/3396185541,v1:172.21.15.114:6801/3396185541] conn(0x7f65680386c0 0x7f656803ab80 secure :-1 s=READY pgs=8 cs=0 l=1 rev1=1 crypto rx=0x7f65740098c0 tx=0x7f6574006db0 comp rx=0 tx=0).ready entity=mgr.14148 client_cookie=0 server_cookie=0 in_seq=0 out_seq=0
2024-09-13T18:13:31.171 INFO:teuthology.orchestra.run.smithi114.stdout:/usr/bin/ceph: stderr
2024-09-13T18:13:30.170+0000 7f6584876640 1 -- 172.21.15.114:0/150990168 <== mon.0 v2:172.21.15.114:3300/0 6 ==== mon_command_ack([{"prefix": "get_command_descriptions"}]=0 v0) v1 ==== 72+0+183819 (secure 0 0 0) 0x7f6570044360 con 0x7f65801044a0
2024-09-13T18:13:31.171 INFO:teuthology.orchestra.run.smithi114.stdout:/usr/bin/ceph: stderr
2024-09-13T18:13:30.345+0000 7f6585878640 1 -- 172.21.15.114:0/150990168 --> [v2:172.21.15.114:6800/3396185541,v1:172.21.15.114:6801/3396185541] -- mgr_command(tid 0: {"prefix": "dashboard ac-user-create", "username": "admin", "rolename": "administrator", "force_password": true, "pwd_update_required": true, "target": ["mon-mgr", ""]}) v1 -- 0x7f6580061900 con 0x7f65680386c0
2024-09-13T18:13:31.171 INFO:teuthology.orchestra.run.smithi114.stdout:/usr/bin/ceph: stderr
2024-09-13T18:13:30.566+0000 7f6584876640 1 -- 172.21.15.114:0/150990168 <== mgr.14148 v2:172.21.15.114:6800/3396185541 1 ==== mgr_command_reply(tid 0: 0 ) v1 ==== 8+0+252 (secure 0 0 0) 0x7f6580061900 con 0x7f65680386c0
2024-09-13T18:13:31.171 INFO:teuthology.orchestra.run.smithi114.stdout:/usr/bin/ceph: stderr
2024-09-13T18:13:30.568+0000 7f6585878640 1 -- 172.21.15.114:0/150990168 >> [v2:172.21.15.114:6800/3396185541,v1:172.21.15.114:6801/3396185541] conn(0x7f65680386c0 msgr2=0x7f656803ab80 secure :-1 s=STATE_CONNECTION_ESTABLISHED l=1).mark_down
2024-09-13T18:13:31.171 INFO:teuthology.orchestra.run.smithi114.stdout:/usr/bin/ceph: stderr
2024-09-13T18:13:30.568+0000 7f6585878640 1 --2- 172.21.15.114:0/150990168 >> [v2:172.21.15.114:6800/3396185541,v1:172.21.15.114:6801/3396185541] conn(0x7f65680386c0 0x7f656803ab80 secure :-1 s=READY pgs=8 cs=0 l=1 rev1=1 crypto rx=0x7f65740098c0 tx=0x7f6574006db0 comp rx=0 tx=0).stop
2024-09-13T18:13:31.171 INFO:teuthology.orchestra.run.smithi114.stdout:/usr/bin/ceph: stderr
2024-09-13T18:13:30.568+0000 7f6585878640 1 -- 172.21.15.114:0/150990168 >> [v2:172.21.15.114:3300/0,v1:172.21.15.114:6789/0] conn(0x7f65801044a0 msgr2=0x7f658018f5c0 secure :-1 s=STATE_CONNECTION_ESTABLISHED l=1).mark_down
2024-09-13T18:13:31.171 INFO:teuthology.orchestra.run.smithi114.stdout:/usr/bin/ceph: stderr
2024-09-13T18:13:30.568+0000 7f6585878640 1 --2- 172.21.15.114:0/150990168 >> [v2:172.21.15.114:3300/0,v1:172.21.15.114:6789/0] conn(0x7f65801044a0 0x7f658018f5c0 secure :-1 s=READY pgs=69 cs=0 l=1 rev1=1 crypto rx=0x7f657002acc0 tx=0x7f6570031630 comp rx=0 tx=0).stop
2024-09-13T18:13:31.171 INFO:teuthology.orchestra.run.smithi114.stdout:/usr/bin/ceph: stderr
2024-09-13T18:13:30.568+0000 7f6585878640 1 -- 172.21.15.114:0/150990168 shutdown_connections
2024-09-13T18:13:31.171 INFO:teuthology.orchestra.run.smithi114.stdout:/usr/bin/ceph: stderr
2024-09-13T18:13:30.568+0000 7f6585878640 1 --2- 172.21.15.114:0/150990168 >> [v2:172.21.15.114:6800/3396185541,v1:172.21.15.114:6801/3396185541] conn(0x7f65680386c0 0x7f656803ab80 unknown :-1 s=CLOSED pgs=8 cs=0 l=1 rev1=1 crypto rx=0 tx=0 comp rx=0 tx=0).stop
2024-09-13T18:13:31.171 INFO:teuthology.orchestra.run.smithi114.stdout:/usr/bin/ceph: stderr
2024-09-13T18:13:30.568+0000 7f6585878640 1 --2- 172.21.15.114:0/150990168 >> [v2:172.21.15.114:3300/0,v1:172.21.15.114:6789/0] conn(0x7f65801044a0 0x7f658018f5c0 unknown :-1 s=CLOSED pgs=69 cs=0 l=1 rev1=1 crypto rx=0 tx=0 comp rx=0 tx=0).stop
2024-09-13T18:13:31.172 INFO:teuthology.orchestra.run.smithi114.stdout:/usr/bin/ceph: stderr
2024-09-13T18:13:30.568+0000 7f6585878640 1 -- 172.21.15.114:0/150990168 >> 172.21.15.114:0/150990168 conn(0x7f65800ffcd0 msgr2=0x7f6580100bb0 unknown :-1 s=STATE_NONE l=0).mark_down
2024-09-13T18:13:31.172 INFO:teuthology.orchestra.run.smithi114.stdout:/usr/bin/ceph: stderr
2024-09-13T18:13:30.568+0000 7f6585878640 1 -- 172.21.15.114:0/150990168 shutdown_connections
2024-09-13T18:13:31.172 INFO:teuthology.orchestra.run.smithi114.stdout:/usr/bin/ceph: stderr
2024-09-13T18:13:30.568+0000 7f6585878640 1 -- 172.21.15.114:0/150990168 wait complete.
2024-09-13T18:13:31.172 INFO:teuthology.orchestra.run.smithi114.stdout:Fetching dashboard port number...
2024-09-13T18:13:31.689 INFO:journalctl@ceph.mon.a.smithi114.stdout:Sep 13 18:13:31 smithi114 ceph-mon[30897]: from='client.14162 -' entity='client.admin' cmd=[{"prefix": "dashboard ac-user-create", "username": "admin", "rolename": "administrator", "force_password": true, "pwd_update_required": true, "target": ["mon-mgr", ""]}]: dispatch
2024-09-13T18:13:31.689 INFO:journalctl@ceph.mon.a.smithi114.stdout:Sep 13 18:13:31 smithi114 ceph-mon[30897]: from='mgr.14148 172.21.15.114:0/3055869758' entity='mgr.x'
2024-09-13T18:13:32.305 INFO:teuthology.orchestra.run.smithi114.stdout:/usr/bin/ceph: stdout 8443
2024-09-13T18:13:32.306 INFO:teuthology.orchestra.run.smithi114.stdout:/usr/bin/ceph: stderr
2024-09-13T18:13:31.512+0000 7f8c21ae7640 1 Processor -- start
2024-09-13T18:13:32.306 INFO:teuthology.orchestra.run.smithi114.stdout:/usr/bin/ceph: stderr
2024-09-13T18:13:31.512+0000 7f8c21ae7640 1 -- start start
2024-09-13T18:13:32.306 INFO:teuthology.orchestra.run.smithi114.stdout:/usr/bin/ceph: stderr
2024-09-13T18:13:31.512+0000 7f8c21ae7640 1 --2- >> [v2:172.21.15.114:3300/0,v1:172.21.15.114:6789/0] conn(0x7f8c1c105590 0x7f8c1c105990 unknown :-1 s=NONE pgs=0 cs=0 l=0 rev1=0 crypto rx=0 tx=0 comp rx=0 tx=0).connect
2024-09-13T18:13:32.306 INFO:teuthology.orchestra.run.smithi114.stdout:/usr/bin/ceph: stderr
2024-09-13T18:13:31.512+0000 7f8c21ae7640 1 -- --> [v2:172.21.15.114:3300/0,v1:172.21.15.114:6789/0] -- mon_getmap magic: 0 v1 -- 0x7f8c1c105f60 con 0x7f8c1c105590
2024-09-13T18:13:32.306 INFO:teuthology.orchestra.run.smithi114.stdout:/usr/bin/ceph: stderr
2024-09-13T18:13:31.512+0000 7f8c1b7fe640 1 --2- >> [v2:172.21.15.114:3300/0,v1:172.21.15.114:6789/0] conn(0x7f8c1c105590 0x7f8c1c105990 unknown :-1 s=BANNER_CONNECTING pgs=0 cs=0 l=0 rev1=0 crypto rx=0 tx=0 comp rx=0 tx=0)._handle_peer_banner_payload supported=3 required=0
