2024-09-13T18:13:32.306 INFO:teuthology.orchestra.run.smithi114.stdout:/usr/bin/ceph: stderr
2024-09-13T18:13:31.513+0000 7f8c1b7fe640 1 --2- >> [v2:172.21.15.114:3300/0,v1:172.21.15.114:6789/0] conn(0x7f8c1c105590 0x7f8c1c105990 unknown :-1 s=HELLO_CONNECTING pgs=0 cs=0 l=0 rev1=1 crypto rx=0 tx=0 comp rx=0 tx=0).handle_hello peer v2:172.21.15.114:3300/0 says I am v2:172.21.15.114:55250/0 (socket says 172.21.15.114:55250)
2024-09-13T18:13:32.306 INFO:teuthology.orchestra.run.smithi114.stdout:/usr/bin/ceph: stderr
2024-09-13T18:13:31.513+0000 7f8c1b7fe640 1 -- 172.21.15.114:0/1328295120 learned_addr learned my addr 172.21.15.114:0/1328295120 (peer_addr_for_me v2:172.21.15.114:0/0)
2024-09-13T18:13:32.306 INFO:teuthology.orchestra.run.smithi114.stdout:/usr/bin/ceph: stderr
2024-09-13T18:13:31.513+0000 7f8c1b7fe640 1 -- 172.21.15.114:0/1328295120 --> [v2:172.21.15.114:3300/0,v1:172.21.15.114:6789/0] -- mon_subscribe({config=0+,monmap=0+}) v3 -- 0x7f8c1c106790 con 0x7f8c1c105590
2024-09-13T18:13:32.306 INFO:teuthology.orchestra.run.smithi114.stdout:/usr/bin/ceph: stderr
2024-09-13T18:13:31.513+0000 7f8c1b7fe640 1 --2- 172.21.15.114:0/1328295120 >> [v2:172.21.15.114:3300/0,v1:172.21.15.114:6789/0] conn(0x7f8c1c105590 0x7f8c1c105990 secure :-1 s=READY pgs=70 cs=0 l=1 rev1=1 crypto rx=0x7f8c0c009820 tx=0x7f8c0c02a270 comp rx=0 tx=0).ready entity=mon.0 client_cookie=d8c4d6b0e2c61101 server_cookie=0 in_seq=0 out_seq=0
2024-09-13T18:13:32.306 INFO:teuthology.orchestra.run.smithi114.stdout:/usr/bin/ceph: stderr
2024-09-13T18:13:31.513+0000 7f8c1a7fc640 1 -- 172.21.15.114:0/1328295120 <== mon.0 v2:172.21.15.114:3300/0 1 ==== mon_map magic: 0 v1 ==== 205+0+0 (secure 0 0 0) 0x7f8c0c02ae70 con 0x7f8c1c105590
2024-09-13T18:13:32.306 INFO:teuthology.orchestra.run.smithi114.stdout:/usr/bin/ceph: stderr
2024-09-13T18:13:31.514+0000 7f8c1a7fc640 1 -- 172.21.15.114:0/1328295120 <== mon.0 v2:172.21.15.114:3300/0 2 ==== config(25 keys) v1 ==== 1067+0+0 (secure 0 0 0) 0x7f8c0c0328d0 con 0x7f8c1c105590
2024-09-13T18:13:32.307 INFO:teuthology.orchestra.run.smithi114.stdout:/usr/bin/ceph: stderr
2024-09-13T18:13:31.514+0000 7f8c1a7fc640 1 -- 172.21.15.114:0/1328295120 <== mon.0 v2:172.21.15.114:3300/0 3 ==== mon_map magic: 0 v1 ==== 205+0+0 (secure 0 0 0) 0x7f8c0c0307a0 con 0x7f8c1c105590
2024-09-13T18:13:32.307 INFO:teuthology.orchestra.run.smithi114.stdout:/usr/bin/ceph: stderr
2024-09-13T18:13:31.514+0000 7f8c21ae7640 1 -- 172.21.15.114:0/1328295120 >> [v2:172.21.15.114:3300/0,v1:172.21.15.114:6789/0] conn(0x7f8c1c105590 msgr2=0x7f8c1c105990 secure :-1 s=STATE_CONNECTION_ESTABLISHED l=1).mark_down
2024-09-13T18:13:32.307 INFO:teuthology.orchestra.run.smithi114.stdout:/usr/bin/ceph: stderr
2024-09-13T18:13:31.514+0000 7f8c21ae7640 1 --2- 172.21.15.114:0/1328295120 >> [v2:172.21.15.114:3300/0,v1:172.21.15.114:6789/0] conn(0x7f8c1c105590 0x7f8c1c105990 secure :-1 s=READY pgs=70 cs=0 l=1 rev1=1 crypto rx=0x7f8c0c009820 tx=0x7f8c0c02a270 comp rx=0 tx=0).stop
2024-09-13T18:13:32.307 INFO:teuthology.orchestra.run.smithi114.stdout:/usr/bin/ceph: stderr
2024-09-13T18:13:31.514+0000 7f8c21ae7640 1 -- 172.21.15.114:0/1328295120 shutdown_connections
2024-09-13T18:13:32.307 INFO:teuthology.orchestra.run.smithi114.stdout:/usr/bin/ceph: stderr
2024-09-13T18:13:31.514+0000 7f8c21ae7640 1 --2- 172.21.15.114:0/1328295120 >> [v2:172.21.15.114:3300/0,v1:172.21.15.114:6789/0] conn(0x7f8c1c105590 0x7f8c1c105990 unknown :-1 s=CLOSED pgs=70 cs=0 l=1 rev1=1 crypto rx=0 tx=0 comp rx=0 tx=0).stop
2024-09-13T18:13:32.307 INFO:teuthology.orchestra.run.smithi114.stdout:/usr/bin/ceph: stderr
2024-09-13T18:13:31.514+0000 7f8c21ae7640 1 -- 172.21.15.114:0/1328295120 >> 172.21.15.114:0/1328295120 conn(0x7f8c1c100d60 msgr2=0x7f8c1c103180 unknown :-1 s=STATE_NONE l=0).mark_down
2024-09-13T18:13:32.307 INFO:teuthology.orchestra.run.smithi114.stdout:/usr/bin/ceph: stderr
2024-09-13T18:13:31.514+0000 7f8c21ae7640 1 -- 172.21.15.114:0/1328295120 shutdown_connections
2024-09-13T18:13:32.307 INFO:teuthology.orchestra.run.smithi114.stdout:/usr/bin/ceph: stderr
2024-09-13T18:13:31.514+0000 7f8c21ae7640 1 -- 172.21.15.114:0/1328295120 wait complete.
2024-09-13T18:13:32.307 INFO:teuthology.orchestra.run.smithi114.stdout:/usr/bin/ceph: stderr
2024-09-13T18:13:31.515+0000 7f8c21ae7640 1 Processor -- start
2024-09-13T18:13:32.307 INFO:teuthology.orchestra.run.smithi114.stdout:/usr/bin/ceph: stderr
2024-09-13T18:13:31.515+0000 7f8c21ae7640 1 -- start start
2024-09-13T18:13:32.307 INFO:teuthology.orchestra.run.smithi114.stdout:/usr/bin/ceph: stderr
2024-09-13T18:13:31.515+0000 7f8c21ae7640 1 --2- >> [v2:172.21.15.114:3300/0,v1:172.21.15.114:6789/0] conn(0x7f8c1c105590 0x7f8c1c199260 unknown :-1 s=NONE pgs=0 cs=0 l=1 rev1=0 crypto rx=0 tx=0 comp rx=0 tx=0).connect
2024-09-13T18:13:32.307 INFO:teuthology.orchestra.run.smithi114.stdout:/usr/bin/ceph: stderr
2024-09-13T18:13:31.515+0000 7f8c21ae7640 1 -- --> [v2:172.21.15.114:3300/0,v1:172.21.15.114:6789/0] -- mon_getmap magic: 0 v1 -- 0x7f8c1c1997a0 con 0x7f8c1c105590
2024-09-13T18:13:32.307 INFO:teuthology.orchestra.run.smithi114.stdout:/usr/bin/ceph: stderr
2024-09-13T18:13:31.515+0000 7f8c1b7fe640 1 --2- >> [v2:172.21.15.114:3300/0,v1:172.21.15.114:6789/0] conn(0x7f8c1c105590 0x7f8c1c199260 unknown :-1 s=BANNER_CONNECTING pgs=0 cs=0 l=1 rev1=0 crypto rx=0 tx=0 comp rx=0 tx=0)._handle_peer_banner_payload supported=3 required=0
2024-09-13T18:13:32.308 INFO:teuthology.orchestra.run.smithi114.stdout:/usr/bin/ceph: stderr
2024-09-13T18:13:31.515+0000 7f8c1b7fe640 1 --2- >> [v2:172.21.15.114:3300/0,v1:172.21.15.114:6789/0] conn(0x7f8c1c105590 0x7f8c1c199260 unknown :-1 s=HELLO_CONNECTING pgs=0 cs=0 l=1 rev1=1 crypto rx=0 tx=0 comp rx=0 tx=0).handle_hello peer v2:172.21.15.114:3300/0 says I am v2:172.21.15.114:55262/0 (socket says 172.21.15.114:55262)
2024-09-13T18:13:32.308 INFO:teuthology.orchestra.run.smithi114.stdout:/usr/bin/ceph: stderr
2024-09-13T18:13:31.515+0000 7f8c1b7fe640 1 -- 172.21.15.114:0/3878423728 learned_addr learned my addr 172.21.15.114:0/3878423728 (peer_addr_for_me v2:172.21.15.114:0/0)
2024-09-13T18:13:32.308 INFO:teuthology.orchestra.run.smithi114.stdout:/usr/bin/ceph: stderr
2024-09-13T18:13:31.515+0000 7f8c1b7fe640 1 -- 172.21.15.114:0/3878423728 --> [v2:172.21.15.114:3300/0,v1:172.21.15.114:6789/0] -- mon_subscribe({config=0+,monmap=0+}) v3 -- 0x7f8c0c0094d0 con 0x7f8c1c105590
2024-09-13T18:13:32.308 INFO:teuthology.orchestra.run.smithi114.stdout:/usr/bin/ceph: stderr
2024-09-13T18:13:31.516+0000 7f8c1b7fe640 1 --2- 172.21.15.114:0/3878423728 >> [v2:172.21.15.114:3300/0,v1:172.21.15.114:6789/0] conn(0x7f8c1c105590 0x7f8c1c199260 secure :-1 s=READY pgs=71 cs=0 l=1 rev1=1 crypto rx=0x7f8c0c0304f0 tx=0x7f8c0c030cc0 comp rx=0 tx=0).ready entity=mon.0 client_cookie=0 server_cookie=0 in_seq=0 out_seq=0
2024-09-13T18:13:32.308 INFO:teuthology.orchestra.run.smithi114.stdout:/usr/bin/ceph: stderr
2024-09-13T18:13:31.516+0000 7f8c18ff9640 1 -- 172.21.15.114:0/3878423728 <== mon.0 v2:172.21.15.114:3300/0 1 ==== mon_map magic: 0 v1 ==== 205+0+0 (secure 0 0 0) 0x7f8c0c032c50 con 0x7f8c1c105590
2024-09-13T18:13:32.308 INFO:teuthology.orchestra.run.smithi114.stdout:/usr/bin/ceph: stderr
2024-09-13T18:13:31.516+0000 7f8c18ff9640 1 -- 172.21.15.114:0/3878423728 <== mon.0 v2:172.21.15.114:3300/0 2 ==== config(25 keys) v1 ==== 1067+0+0 (secure 0 0 0) 0x7f8c0c032db0 con 0x7f8c1c105590
2024-09-13T18:13:32.308 INFO:teuthology.orchestra.run.smithi114.stdout:/usr/bin/ceph: stderr
2024-09-13T18:13:31.516+0000 7f8c21ae7640 1 -- 172.21.15.114:0/3878423728 --> [v2:172.21.15.114:3300/0,v1:172.21.15.114:6789/0] -- mon_subscribe({mgrmap=0+}) v3 -- 0x7f8c1c1999a0 con 0x7f8c1c105590
2024-09-13T18:13:32.308 INFO:teuthology.orchestra.run.smithi114.stdout:/usr/bin/ceph: stderr
2024-09-13T18:13:31.516+0000 7f8c18ff9640 1 -- 172.21.15.114:0/3878423728 <== mon.0 v2:172.21.15.114:3300/0 3 ==== mon_map magic: 0 v1 ==== 205+0+0 (secure 0 0 0) 0x7f8c0c03a5b0 con 0x7f8c1c105590
2024-09-13T18:13:32.308 INFO:teuthology.orchestra.run.smithi114.stdout:/usr/bin/ceph: stderr
2024-09-13T18:13:31.516+0000 7f8c21ae7640 1 -- 172.21.15.114:0/3878423728 --> [v2:172.21.15.114:3300/0,v1:172.21.15.114:6789/0] -- mon_subscribe({osdmap=0}) v3 -- 0x7f8c1c199e40 con 0x7f8c1c105590
2024-09-13T18:13:32.308 INFO:teuthology.orchestra.run.smithi114.stdout:/usr/bin/ceph: stderr
2024-09-13T18:13:31.517+0000 7f8c18ff9640 1 -- 172.21.15.114:0/3878423728 <== mon.0 v2:172.21.15.114:3300/0 4 ==== mgrmap(e 12) v1 ==== 45554+0+0 (secure 0 0 0) 0x7f8c0c039040 con 0x7f8c1c105590
2024-09-13T18:13:32.308 INFO:teuthology.orchestra.run.smithi114.stdout:/usr/bin/ceph: stderr
2024-09-13T18:13:31.517+0000 7f8c21ae7640 1 -- 172.21.15.114:0/3878423728 --> [v2:172.21.15.114:3300/0,v1:172.21.15.114:6789/0] -- mon_command({"prefix": "get_command_descriptions"} v 0) v1 -- 0x7f8c1c1099c0 con 0x7f8c1c105590
2024-09-13T18:13:32.308 INFO:teuthology.orchestra.run.smithi114.stdout:/usr/bin/ceph: stderr
2024-09-13T18:13:31.517+0000 7f8c18ff9640 1 --2- 172.21.15.114:0/3878423728 >> [v2:172.21.15.114:6800/3396185541,v1:172.21.15.114:6801/3396185541] conn(0x7f8c040386c0 0x7f8c0403ab80 unknown :-1 s=NONE pgs=0 cs=0 l=1 rev1=0 crypto rx=0 tx=0 comp rx=0 tx=0).connect
2024-09-13T18:13:32.308 INFO:teuthology.orchestra.run.smithi114.stdout:/usr/bin/ceph: stderr
2024-09-13T18:13:31.517+0000 7f8c18ff9640 1 -- 172.21.15.114:0/3878423728 <== mon.0 v2:172.21.15.114:3300/0 5 ==== osd_map(3..3 src has 1..3) v4 ==== 1155+0+0 (secure 0 0 0) 0x7f8c0c06ba10 con 0x7f8c1c105590
2024-09-13T18:13:32.309 INFO:teuthology.orchestra.run.smithi114.stdout:/usr/bin/ceph: stderr
2024-09-13T18:13:31.517+0000 7f8c1affd640 1 --2- 172.21.15.114:0/3878423728 >> [v2:172.21.15.114:6800/3396185541,v1:172.21.15.114:6801/3396185541] conn(0x7f8c040386c0 0x7f8c0403ab80 unknown :-1 s=BANNER_CONNECTING pgs=0 cs=0 l=1 rev1=0 crypto rx=0 tx=0 comp rx=0 tx=0)._handle_peer_banner_payload supported=3 required=0
2024-09-13T18:13:32.309 INFO:teuthology.orchestra.run.smithi114.stdout:/usr/bin/ceph: stderr
2024-09-13T18:13:31.517+0000 7f8c1affd640 1 --2- 172.21.15.114:0/3878423728 >> [v2:172.21.15.114:6800/3396185541,v1:172.21.15.114:6801/3396185541] conn(0x7f8c040386c0 0x7f8c0403ab80 secure :-1 s=READY pgs=9 cs=0 l=1 rev1=1 crypto rx=0x7f8c100098c0 tx=0x7f8c10006db0 comp rx=0 tx=0).ready entity=mgr.14148 client_cookie=0 server_cookie=0 in_seq=0 out_seq=0
2024-09-13T18:13:32.309 INFO:teuthology.orchestra.run.smithi114.stdout:/usr/bin/ceph: stderr
2024-09-13T18:13:31.522+0000 7f8c18ff9640 1 -- 172.21.15.114:0/3878423728 <== mon.0 v2:172.21.15.114:3300/0 6 ==== mon_command_ack([{"prefix": "get_command_descriptions"}]=0 v0) v1 ==== 72+0+183819 (secure 0 0 0) 0x7f8c0c031580 con 0x7f8c1c105590
2024-09-13T18:13:32.309 INFO:teuthology.orchestra.run.smithi114.stdout:/usr/bin/ceph: stderr
2024-09-13T18:13:31.686+0000 7f8c21ae7640 1 -- 172.21.15.114:0/3878423728 --> [v2:172.21.15.114:3300/0,v1:172.21.15.114:6789/0] -- mon_command({"prefix": "config get", "who": "mgr", "key": "mgr/dashboard/ssl_server_port"} v 0) v1 -- 0x7f8c1c109c00 con 0x7f8c1c105590
2024-09-13T18:13:32.309 INFO:teuthology.orchestra.run.smithi114.stdout:/usr/bin/ceph: stderr
2024-09-13T18:13:31.687+0000 7f8c18ff9640 1 -- 172.21.15.114:0/3878423728 <== mon.0 v2:172.21.15.114:3300/0 7 ==== mon_command_ack([{"prefix": "config get", "who": "mgr", "key": "mgr/dashboard/ssl_server_port"}]=0 v8) v1 ==== 112+0+5 (secure 0 0 0) 0x7f8c0c03f030 con 0x7f8c1c105590
2024-09-13T18:13:32.309 INFO:teuthology.orchestra.run.smithi114.stdout:/usr/bin/ceph: stderr
2024-09-13T18:13:31.689+0000 7f8c21ae7640 1 -- 172.21.15.114:0/3878423728 >> [v2:172.21.15.114:6800/3396185541,v1:172.21.15.114:6801/3396185541] conn(0x7f8c040386c0 msgr2=0x7f8c0403ab80 secure :-1 s=STATE_CONNECTION_ESTABLISHED l=1).mark_down
2024-09-13T18:13:32.309 INFO:teuthology.orchestra.run.smithi114.stdout:/usr/bin/ceph: stderr
2024-09-13T18:13:31.689+0000 7f8c21ae7640 1 --2- 172.21.15.114:0/3878423728 >> [v2:172.21.15.114:6800/3396185541,v1:172.21.15.114:6801/3396185541] conn(0x7f8c040386c0 0x7f8c0403ab80 secure :-1 s=READY pgs=9 cs=0 l=1 rev1=1 crypto rx=0x7f8c100098c0 tx=0x7f8c10006db0 comp rx=0 tx=0).stop
2024-09-13T18:13:32.309 INFO:teuthology.orchestra.run.smithi114.stdout:/usr/bin/ceph: stderr
2024-09-13T18:13:31.689+0000 7f8c21ae7640 1 -- 172.21.15.114:0/3878423728 >> [v2:172.21.15.114:3300/0,v1:172.21.15.114:6789/0] conn(0x7f8c1c105590 msgr2=0x7f8c1c199260 secure :-1 s=STATE_CONNECTION_ESTABLISHED l=1).mark_down
2024-09-13T18:13:32.309 INFO:teuthology.orchestra.run.smithi114.stdout:/usr/bin/ceph: stderr
2024-09-13T18:13:31.689+0000 7f8c21ae7640 1 --2- 172.21.15.114:0/3878423728 >> [v2:172.21.15.114:3300/0,v1:172.21.15.114:6789/0] conn(0x7f8c1c105590 0x7f8c1c199260 secure :-1 s=READY pgs=71 cs=0 l=1 rev1=1 crypto rx=0x7f8c0c0304f0 tx=0x7f8c0c030cc0 comp rx=0 tx=0).stop
2024-09-13T18:13:32.309 INFO:teuthology.orchestra.run.smithi114.stdout:/usr/bin/ceph: stderr
2024-09-13T18:13:31.689+0000 7f8c21ae7640 1 -- 172.21.15.114:0/3878423728 shutdown_connections
2024-09-13T18:13:32.309 INFO:teuthology.orchestra.run.smithi114.stdout:/usr/bin/ceph: stderr
2024-09-13T18:13:31.689+0000 7f8c21ae7640 1 --2- 172.21.15.114:0/3878423728 >> [v2:172.21.15.114:6800/3396185541,v1:172.21.15.114:6801/3396185541] conn(0x7f8c040386c0 0x7f8c0403ab80 unknown :-1 s=CLOSED pgs=9 cs=0 l=1 rev1=1 crypto rx=0 tx=0 comp rx=0 tx=0).stop
2024-09-13T18:13:32.309 INFO:teuthology.orchestra.run.smithi114.stdout:/usr/bin/ceph: stderr
2024-09-13T18:13:31.689+0000 7f8c21ae7640 1 --2- 172.21.15.114:0/3878423728 >> [v2:172.21.15.114:3300/0,v1:172.21.15.114:6789/0] conn(0x7f8c1c105590 0x7f8c1c199260 unknown :-1 s=CLOSED pgs=71 cs=0 l=1 rev1=1 crypto rx=0 tx=0 comp rx=0 tx=0).stop
2024-09-13T18:13:32.309 INFO:teuthology.orchestra.run.smithi114.stdout:/usr/bin/ceph: stderr
2024-09-13T18:13:31.689+0000 7f8c21ae7640 1 -- 172.21.15.114:0/3878423728 >> 172.21.15.114:0/3878423728 conn(0x7f8c1c100d60 msgr2=0x7f8c1c101960 unknown :-1 s=STATE_NONE l=0).mark_down
2024-09-13T18:13:32.310 INFO:teuthology.orchestra.run.smithi114.stdout:/usr/bin/ceph: stderr
2024-09-13T18:13:31.689+0000 7f8c21ae7640 1 -- 172.21.15.114:0/3878423728 shutdown_connections
2024-09-13T18:13:32.310 INFO:teuthology.orchestra.run.smithi114.stdout:/usr/bin/ceph: stderr
2024-09-13T18:13:31.689+0000 7f8c21ae7640 1 -- 172.21.15.114:0/3878423728 wait complete.
2024-09-13T18:13:32.313 INFO:teuthology.orchestra.run.smithi114.stdout:Non-zero exit code 1 from systemctl is-enabled firewalld.service
2024-09-13T18:13:32.313 INFO:teuthology.orchestra.run.smithi114.stdout:systemctl: stdout disabled
2024-09-13T18:13:32.320 INFO:teuthology.orchestra.run.smithi114.stdout:Non-zero exit code 3 from systemctl is-active firewalld.service
2024-09-13T18:13:32.320 INFO:teuthology.orchestra.run.smithi114.stdout:systemctl: stdout inactive
2024-09-13T18:13:32.320 INFO:teuthology.orchestra.run.smithi114.stdout:firewalld.service is not enabled
2024-09-13T18:13:32.320 INFO:teuthology.orchestra.run.smithi114.stdout:Not possible to open ports <[8443]>. firewalld.service is not available
2024-09-13T18:13:32.322 INFO:teuthology.orchestra.run.smithi114.stdout:Ceph Dashboard is now available at:
2024-09-13T18:13:32.322 INFO:teuthology.orchestra.run.smithi114.stdout:
2024-09-13T18:13:32.322 INFO:teuthology.orchestra.run.smithi114.stdout: URL: https://smithi114.front.sepia.ceph.com:8443/
2024-09-13T18:13:32.322 INFO:teuthology.orchestra.run.smithi114.stdout: User: admin
2024-09-13T18:13:32.322 INFO:teuthology.orchestra.run.smithi114.stdout: Password: 7ocfzvtitd
2024-09-13T18:13:32.323 INFO:teuthology.orchestra.run.smithi114.stdout:
2024-09-13T18:13:32.323 INFO:teuthology.orchestra.run.smithi114.stdout:Saving cluster configuration to /var/lib/ceph/97e7edf2-71fb-11ef-bceb-c7b262605968/config directory
2024-09-13T18:13:32.323 INFO:teuthology.orchestra.run.smithi114.stdout:Enabling autotune for osd_memory_target
2024-09-13T18:13:32.911 INFO:journalctl@ceph.mon.a.smithi114.stdout:Sep 13 18:13:32 smithi114 ceph-mon[30897]: from='client.? 172.21.15.114:0/3878423728' entity='client.admin' cmd=[{"prefix": "config get", "who": "mgr", "key": "mgr/dashboard/ssl_server_port"}]: dispatch
2024-09-13T18:13:33.463 INFO:teuthology.orchestra.run.smithi114.stdout:/usr/bin/ceph: stderr
2024-09-13T18:13:32.737+0000 7fdbdc013640 1 Processor -- start
2024-09-13T18:13:33.463 INFO:teuthology.orchestra.run.smithi114.stdout:/usr/bin/ceph: stderr
2024-09-13T18:13:32.737+0000 7fdbdc013640 1 -- start start
2024-09-13T18:13:33.463 INFO:teuthology.orchestra.run.smithi114.stdout:/usr/bin/ceph: stderr
2024-09-13T18:13:32.738+0000 7fdbdc013640 1 --2- >> [v2:172.21.15.114:3300/0,v1:172.21.15.114:6789/0] conn(0x7fdbd4106050 0x7fdbd4108440 unknown :-1 s=NONE pgs=0 cs=0 l=0 rev1=0 crypto rx=0 tx=0 comp rx=0 tx=0).connect
2024-09-13T18:13:33.463 INFO:teuthology.orchestra.run.smithi114.stdout:/usr/bin/ceph: stderr
2024-09-13T18:13:32.738+0000 7fdbdc013640 1 -- --> [v2:172.21.15.114:3300/0,v1:172.21.15.114:6789/0] -- mon_getmap magic: 0 v1 -- 0x7fdbd4079e70 con 0x7fdbd4106050
2024-09-13T18:13:33.463 INFO:teuthology.orchestra.run.smithi114.stdout:/usr/bin/ceph: stderr
2024-09-13T18:13:32.738+0000 7fdbd9daf640 1 --2- >> [v2:172.21.15.114:3300/0,v1:172.21.15.114:6789/0] conn(0x7fdbd4106050 0x7fdbd4108440 unknown :-1 s=BANNER_CONNECTING pgs=0 cs=0 l=0 rev1=0 crypto rx=0 tx=0 comp rx=0 tx=0)._handle_peer_banner_payload supported=3 required=0
2024-09-13T18:13:33.463 INFO:teuthology.orchestra.run.smithi114.stdout:/usr/bin/ceph: stderr
2024-09-13T18:13:32.738+0000 7fdbd9daf640 1 --2- >> [v2:172.21.15.114:3300/0,v1:172.21.15.114:6789/0] conn(0x7fdbd4106050 0x7fdbd4108440 unknown :-1 s=HELLO_CONNECTING pgs=0 cs=0 l=0 rev1=1 crypto rx=0 tx=0 comp rx=0 tx=0).handle_hello peer v2:172.21.15.114:3300/0 says I am v2:172.21.15.114:55266/0 (socket says 172.21.15.114:55266)
2024-09-13T18:13:33.463 INFO:teuthology.orchestra.run.smithi114.stdout:/usr/bin/ceph: stderr
2024-09-13T18:13:32.738+0000 7fdbd9daf640 1 -- 172.21.15.114:0/1013360724 learned_addr learned my addr 172.21.15.114:0/1013360724 (peer_addr_for_me v2:172.21.15.114:0/0)
2024-09-13T18:13:33.463 INFO:teuthology.orchestra.run.smithi114.stdout:/usr/bin/ceph: stderr
2024-09-13T18:13:32.738+0000 7fdbd9daf640 1 -- 172.21.15.114:0/1013360724 --> [v2:172.21.15.114:3300/0,v1:172.21.15.114:6789/0] -- mon_subscribe({config=0+,monmap=0+}) v3 -- 0x7fdbd4108980 con 0x7fdbd4106050
2024-09-13T18:13:33.464 INFO:teuthology.orchestra.run.smithi114.stdout:/usr/bin/ceph: stderr
2024-09-13T18:13:32.739+0000 7fdbd9daf640 1 --2- 172.21.15.114:0/1013360724 >> [v2:172.21.15.114:3300/0,v1:172.21.15.114:6789/0] conn(0x7fdbd4106050 0x7fdbd4108440 secure :-1 s=READY pgs=72 cs=0 l=1 rev1=1 crypto rx=0x7fdbd0009820 tx=0x7fdbd002a270 comp rx=0 tx=0).ready entity=mon.0 client_cookie=46eb4b10e76eb542 server_cookie=0 in_seq=0 out_seq=0
2024-09-13T18:13:33.464 INFO:teuthology.orchestra.run.smithi114.stdout:/usr/bin/ceph: stderr
2024-09-13T18:13:32.739+0000 7fdbd8dad640 1 -- 172.21.15.114:0/1013360724 <== mon.0 v2:172.21.15.114:3300/0 1 ==== mon_map magic: 0 v1 ==== 205+0+0 (secure 0 0 0) 0x7fdbd002ae70 con 0x7fdbd4106050
2024-09-13T18:13:33.464 INFO:teuthology.orchestra.run.smithi114.stdout:/usr/bin/ceph: stderr
2024-09-13T18:13:32.739+0000 7fdbd8dad640 1 -- 172.21.15.114:0/1013360724 <== mon.0 v2:172.21.15.114:3300/0 2 ==== config(25 keys) v1 ==== 1067+0+0 (secure 0 0 0) 0x7fdbd00328d0 con 0x7fdbd4106050
2024-09-13T18:13:33.464 INFO:teuthology.orchestra.run.smithi114.stdout:/usr/bin/ceph: stderr
2024-09-13T18:13:32.739+0000 7fdbd8dad640 1 -- 172.21.15.114:0/1013360724 <== mon.0 v2:172.21.15.114:3300/0 3 ==== mon_map magic: 0 v1 ==== 205+0+0 (secure 0 0 0) 0x7fdbd00307a0 con 0x7fdbd4106050
2024-09-13T18:13:33.464 INFO:teuthology.orchestra.run.smithi114.stdout:/usr/bin/ceph: stderr
2024-09-13T18:13:32.739+0000 7fdbdc013640 1 -- 172.21.15.114:0/1013360724 >> [v2:172.21.15.114:3300/0,v1:172.21.15.114:6789/0] conn(0x7fdbd4106050 msgr2=0x7fdbd4108440 secure :-1 s=STATE_CONNECTION_ESTABLISHED l=1).mark_down
2024-09-13T18:13:33.464 INFO:teuthology.orchestra.run.smithi114.stdout:/usr/bin/ceph: stderr
2024-09-13T18:13:32.739+0000 7fdbdc013640 1 --2- 172.21.15.114:0/1013360724 >> [v2:172.21.15.114:3300/0,v1:172.21.15.114:6789/0] conn(0x7fdbd4106050 0x7fdbd4108440 secure :-1 s=READY pgs=72 cs=0 l=1 rev1=1 crypto rx=0x7fdbd0009820 tx=0x7fdbd002a270 comp rx=0 tx=0).stop
2024-09-13T18:13:33.464 INFO:teuthology.orchestra.run.smithi114.stdout:/usr/bin/ceph: stderr
2024-09-13T18:13:32.739+0000 7fdbdc013640 1 -- 172.21.15.114:0/1013360724 shutdown_connections
2024-09-13T18:13:33.464 INFO:teuthology.orchestra.run.smithi114.stdout:/usr/bin/ceph: stderr
2024-09-13T18:13:32.739+0000 7fdbdc013640 1 --2- 172.21.15.114:0/1013360724 >> [v2:172.21.15.114:3300/0,v1:172.21.15.114:6789/0] conn(0x7fdbd4106050 0x7fdbd4108440 unknown :-1 s=CLOSED pgs=72 cs=0 l=1 rev1=1 crypto rx=0 tx=0 comp rx=0 tx=0).stop
2024-09-13T18:13:33.464 INFO:teuthology.orchestra.run.smithi114.stdout:/usr/bin/ceph: stderr
2024-09-13T18:13:32.739+0000 7fdbdc013640 1 -- 172.21.15.114:0/1013360724 >> 172.21.15.114:0/1013360724 conn(0x7fdbd40ffc30 msgr2=0x7fdbd4102050 unknown :-1 s=STATE_NONE l=0).mark_down
2024-09-13T18:13:33.464 INFO:teuthology.orchestra.run.smithi114.stdout:/usr/bin/ceph: stderr
2024-09-13T18:13:32.739+0000 7fdbdc013640 1 -- 172.21.15.114:0/1013360724 shutdown_connections
2024-09-13T18:13:33.464 INFO:teuthology.orchestra.run.smithi114.stdout:/usr/bin/ceph: stderr
2024-09-13T18:13:32.739+0000 7fdbdc013640 1 -- 172.21.15.114:0/1013360724 wait complete.
2024-09-13T18:13:33.464 INFO:teuthology.orchestra.run.smithi114.stdout:/usr/bin/ceph: stderr
2024-09-13T18:13:32.740+0000 7fdbdc013640 1 Processor -- start
2024-09-13T18:13:33.464 INFO:teuthology.orchestra.run.smithi114.stdout:/usr/bin/ceph: stderr
2024-09-13T18:13:32.740+0000 7fdbdc013640 1 -- start start
2024-09-13T18:13:33.465 INFO:teuthology.orchestra.run.smithi114.stdout:/usr/bin/ceph: stderr
2024-09-13T18:13:32.740+0000 7fdbdc013640 1 --2- >> [v2:172.21.15.114:3300/0,v1:172.21.15.114:6789/0] conn(0x7fdbd4106050 0x7fdbd4199260 unknown :-1 s=NONE pgs=0 cs=0 l=1 rev1=0 crypto rx=0 tx=0 comp rx=0 tx=0).connect
2024-09-13T18:13:33.465 INFO:teuthology.orchestra.run.smithi114.stdout:/usr/bin/ceph: stderr
2024-09-13T18:13:32.740+0000 7fdbdc013640 1 -- --> [v2:172.21.15.114:3300/0,v1:172.21.15.114:6789/0] -- mon_getmap magic: 0 v1 -- 0x7fdbd41997a0 con 0x7fdbd4106050
2024-09-13T18:13:33.465 INFO:teuthology.orchestra.run.smithi114.stdout:/usr/bin/ceph: stderr
2024-09-13T18:13:32.740+0000 7fdbd9daf640 1 --2- >> [v2:172.21.15.114:3300/0,v1:172.21.15.114:6789/0] conn(0x7fdbd4106050 0x7fdbd4199260 unknown :-1 s=BANNER_CONNECTING pgs=0 cs=0 l=1 rev1=0 crypto rx=0 tx=0 comp rx=0 tx=0)._handle_peer_banner_payload supported=3 required=0
2024-09-13T18:13:33.465 INFO:teuthology.orchestra.run.smithi114.stdout:/usr/bin/ceph: stderr
2024-09-13T18:13:32.740+0000 7fdbd9daf640 1 --2- >> [v2:172.21.15.114:3300/0,v1:172.21.15.114:6789/0] conn(0x7fdbd4106050 0x7fdbd4199260 unknown :-1 s=HELLO_CONNECTING pgs=0 cs=0 l=1 rev1=1 crypto rx=0 tx=0 comp rx=0 tx=0).handle_hello peer v2:172.21.15.114:3300/0 says I am v2:172.21.15.114:55276/0 (socket says 172.21.15.114:55276)
2024-09-13T18:13:33.465 INFO:teuthology.orchestra.run.smithi114.stdout:/usr/bin/ceph: stderr
2024-09-13T18:13:32.740+0000 7fdbd9daf640 1 -- 172.21.15.114:0/3392563601 learned_addr learned my addr 172.21.15.114:0/3392563601 (peer_addr_for_me v2:172.21.15.114:0/0)
2024-09-13T18:13:33.465 INFO:teuthology.orchestra.run.smithi114.stdout:/usr/bin/ceph: stderr
2024-09-13T18:13:32.740+0000 7fdbd9daf640 1 -- 172.21.15.114:0/3392563601 --> [v2:172.21.15.114:3300/0,v1:172.21.15.114:6789/0] -- mon_subscribe({config=0+,monmap=0+}) v3 -- 0x7fdbd00094d0 con 0x7fdbd4106050
2024-09-13T18:13:33.465 INFO:teuthology.orchestra.run.smithi114.stdout:/usr/bin/ceph: stderr
2024-09-13T18:13:32.741+0000 7fdbd9daf640 1 --2- 172.21.15.114:0/3392563601 >> [v2:172.21.15.114:3300/0,v1:172.21.15.114:6789/0] conn(0x7fdbd4106050 0x7fdbd4199260 secure :-1 s=READY pgs=73 cs=0 l=1 rev1=1 crypto rx=0x7fdbd00304f0 tx=0x7fdbd0030cc0 comp rx=0 tx=0).ready entity=mon.0 client_cookie=0 server_cookie=0 in_seq=0 out_seq=0
2024-09-13T18:13:33.465 INFO:teuthology.orchestra.run.smithi114.stdout:/usr/bin/ceph: stderr
2024-09-13T18:13:32.741+0000 7fdbcaffd640 1 -- 172.21.15.114:0/3392563601 <== mon.0 v2:172.21.15.114:3300/0 1 ==== mon_map magic: 0 v1 ==== 205+0+0 (secure 0 0 0) 0x7fdbd0032c50 con 0x7fdbd4106050
2024-09-13T18:13:33.465 INFO:teuthology.orchestra.run.smithi114.stdout:/usr/bin/ceph: stderr
2024-09-13T18:13:32.741+0000 7fdbcaffd640 1 -- 172.21.15.114:0/3392563601 <== mon.0 v2:172.21.15.114:3300/0 2 ==== config(25 keys) v1 ==== 1067+0+0 (secure 0 0 0) 0x7fdbd0032db0 con 0x7fdbd4106050
2024-09-13T18:13:33.465 INFO:teuthology.orchestra.run.smithi114.stdout:/usr/bin/ceph: stderr
2024-09-13T18:13:32.741+0000 7fdbdc013640 1 -- 172.21.15.114:0/3392563601 --> [v2:172.21.15.114:3300/0,v1:172.21.15.114:6789/0] -- mon_subscribe({mgrmap=0+}) v3 -- 0x7fdbd41999a0 con 0x7fdbd4106050
2024-09-13T18:13:33.465 INFO:teuthology.orchestra.run.smithi114.stdout:/usr/bin/ceph: stderr
2024-09-13T18:13:32.741+0000 7fdbcaffd640 1 -- 172.21.15.114:0/3392563601 <== mon.0 v2:172.21.15.114:3300/0 3 ==== mon_map magic: 0 v1 ==== 205+0+0 (secure 0 0 0) 0x7fdbd003a640 con 0x7fdbd4106050
2024-09-13T18:13:33.465 INFO:teuthology.orchestra.run.smithi114.stdout:/usr/bin/ceph: stderr
2024-09-13T18:13:32.741+0000 7fdbdc013640 1 -- 172.21.15.114:0/3392563601 --> [v2:172.21.15.114:3300/0,v1:172.21.15.114:6789/0] -- mon_subscribe({osdmap=0}) v3 -- 0x7fdbd4199e40 con 0x7fdbd4106050
2024-09-13T18:13:33.465 INFO:teuthology.orchestra.run.smithi114.stdout:/usr/bin/ceph: stderr
2024-09-13T18:13:32.742+0000 7fdbcaffd640 1 -- 172.21.15.114:0/3392563601 <== mon.0 v2:172.21.15.114:3300/0 4 ==== mgrmap(e 13) v1 ==== 45598+0+0 (secure 0 0 0) 0x7fdbd0039040 con 0x7fdbd4106050
2024-09-13T18:13:33.465 INFO:teuthology.orchestra.run.smithi114.stdout:/usr/bin/ceph: stderr
2024-09-13T18:13:32.742+0000 7fdbcaffd640 1 --2- 172.21.15.114:0/3392563601 >> [v2:172.21.15.114:6800/3396185541,v1:172.21.15.114:6801/3396185541] conn(0x7fdbc0038760 0x7fdbc003ac20 unknown :-1 s=NONE pgs=0 cs=0 l=1 rev1=0 crypto rx=0 tx=0 comp rx=0 tx=0).connect
2024-09-13T18:13:33.466 INFO:teuthology.orchestra.run.smithi114.stdout:/usr/bin/ceph: stderr
2024-09-13T18:13:32.742+0000 7fdbdc013640 1 -- 172.21.15.114:0/3392563601 --> [v2:172.21.15.114:3300/0,v1:172.21.15.114:6789/0] -- mon_command({"prefix": "get_command_descriptions"} v 0) v1 -- 0x7fdbd4109720 con 0x7fdbd4106050
2024-09-13T18:13:33.466 INFO:teuthology.orchestra.run.smithi114.stdout:/usr/bin/ceph: stderr
2024-09-13T18:13:32.742+0000 7fdbcaffd640 1 -- 172.21.15.114:0/3392563601 <== mon.0 v2:172.21.15.114:3300/0 5 ==== osd_map(3..3 src has 1..3) v4 ==== 1155+0+0 (secure 0 0 0) 0x7fdbd006baa0 con 0x7fdbd4106050
2024-09-13T18:13:33.466 INFO:teuthology.orchestra.run.smithi114.stdout:/usr/bin/ceph: stderr
2024-09-13T18:13:32.742+0000 7fdbd95ae640 1 --2- 172.21.15.114:0/3392563601 >> [v2:172.21.15.114:6800/3396185541,v1:172.21.15.114:6801/3396185541] conn(0x7fdbc0038760 0x7fdbc003ac20 unknown :-1 s=BANNER_CONNECTING pgs=0 cs=0 l=1 rev1=0 crypto rx=0 tx=0 comp rx=0 tx=0)._handle_peer_banner_payload supported=3 required=0
2024-09-13T18:13:33.466 INFO:teuthology.orchestra.run.smithi114.stdout:/usr/bin/ceph: stderr
2024-09-13T18:13:32.742+0000 7fdbd95ae640 1 --2- 172.21.15.114:0/3392563601 >> [v2:172.21.15.114:6800/3396185541,v1:172.21.15.114:6801/3396185541] conn(0x7fdbc0038760 0x7fdbc003ac20 secure :-1 s=READY pgs=10 cs=0 l=1 rev1=1 crypto rx=0x7fdbc40098c0 tx=0x7fdbc4006db0 comp rx=0 tx=0).ready entity=mgr.14148 client_cookie=0 server_cookie=0 in_seq=0 out_seq=0
2024-09-13T18:13:33.466 INFO:teuthology.orchestra.run.smithi114.stdout:/usr/bin/ceph: stderr
2024-09-13T18:13:32.747+0000 7fdbcaffd640 1 -- 172.21.15.114:0/3392563601 <== mon.0 v2:172.21.15.114:3300/0 6 ==== mon_command_ack([{"prefix": "get_command_descriptions"}]=0 v0) v1 ==== 72+0+183819 (secure 0 0 0) 0x7fdbd003a7a0 con 0x7fdbd4106050
2024-09-13T18:13:33.466 INFO:teuthology.orchestra.run.smithi114.stdout:/usr/bin/ceph: stderr
2024-09-13T18:13:32.908+0000 7fdbdc013640 1 -- 172.21.15.114:0/3392563601 --> [v2:172.21.15.114:3300/0,v1:172.21.15.114:6789/0] -- mon_command([{prefix=config set, name=osd_memory_target_autotune}] v 0) v1 -- 0x7fdbd4109960 con 0x7fdbd4106050
2024-09-13T18:13:33.466 INFO:teuthology.orchestra.run.smithi114.stdout:/usr/bin/ceph: stderr
2024-09-13T18:13:32.909+0000 7fdbcaffd640 1 -- 172.21.15.114:0/3392563601 <== mon.0 v2:172.21.15.114:3300/0 7 ==== mon_command_ack([{prefix=config set, name=osd_memory_target_autotune}]=0 v8)=0 v8) v1 ==== 127+0+0 (secure 0 0 0) 0x7fdbd003f070 con 0x7fdbd4106050
2024-09-13T18:13:33.466 INFO:teuthology.orchestra.run.smithi114.stdout:/usr/bin/ceph: stderr
2024-09-13T18:13:32.911+0000 7fdbdc013640 1 -- 172.21.15.114:0/3392563601 >> [v2:172.21.15.114:6800/3396185541,v1:172.21.15.114:6801/3396185541] conn(0x7fdbc0038760 msgr2=0x7fdbc003ac20 secure :-1 s=STATE_CONNECTION_ESTABLISHED l=1).mark_down
2024-09-13T18:13:33.466 INFO:teuthology.orchestra.run.smithi114.stdout:/usr/bin/ceph: stderr
2024-09-13T18:13:32.911+0000 7fdbdc013640 1 --2- 172.21.15.114:0/3392563601 >> [v2:172.21.15.114:6800/3396185541,v1:172.21.15.114:6801/3396185541] conn(0x7fdbc0038760 0x7fdbc003ac20 secure :-1 s=READY pgs=10 cs=0 l=1 rev1=1 crypto rx=0x7fdbc40098c0 tx=0x7fdbc4006db0 comp rx=0 tx=0).stop
2024-09-13T18:13:33.466 INFO:teuthology.orchestra.run.smithi114.stdout:/usr/bin/ceph: stderr
2024-09-13T18:13:32.911+0000 7fdbdc013640 1 -- 172.21.15.114:0/3392563601 >> [v2:172.21.15.114:3300/0,v1:172.21.15.114:6789/0] conn(0x7fdbd4106050 msgr2=0x7fdbd4199260 secure :-1 s=STATE_CONNECTION_ESTABLISHED l=1).mark_down
2024-09-13T18:13:33.466 INFO:teuthology.orchestra.run.smithi114.stdout:/usr/bin/ceph: stderr
2024-09-13T18:13:32.911+0000 7fdbdc013640 1 --2- 172.21.15.114:0/3392563601 >> [v2:172.21.15.114:3300/0,v1:172.21.15.114:6789/0] conn(0x7fdbd4106050 0x7fdbd4199260 secure :-1 s=READY pgs=73 cs=0 l=1 rev1=1 crypto rx=0x7fdbd00304f0 tx=0x7fdbd0030cc0 comp rx=0 tx=0).stop
2024-09-13T18:13:33.466 INFO:teuthology.orchestra.run.smithi114.stdout:/usr/bin/ceph: stderr
2024-09-13T18:13:32.911+0000 7fdbdc013640 1 -- 172.21.15.114:0/3392563601 shutdown_connections
2024-09-13T18:13:33.467 INFO:teuthology.orchestra.run.smithi114.stdout:/usr/bin/ceph: stderr
2024-09-13T18:13:32.911+0000 7fdbdc013640 1 --2- 172.21.15.114:0/3392563601 >> [v2:172.21.15.114:6800/3396185541,v1:172.21.15.114:6801/3396185541] conn(0x7fdbc0038760 0x7fdbc003ac20 unknown :-1 s=CLOSED pgs=10 cs=0 l=1 rev1=1 crypto rx=0 tx=0 comp rx=0 tx=0).stop
2024-09-13T18:13:33.467 INFO:teuthology.orchestra.run.smithi114.stdout:/usr/bin/ceph: stderr
2024-09-13T18:13:32.911+0000 7fdbdc013640 1 --2- 172.21.15.114:0/3392563601 >> [v2:172.21.15.114:3300/0,v1:172.21.15.114:6789/0] conn(0x7fdbd4106050 0x7fdbd4199260 unknown :-1 s=CLOSED pgs=73 cs=0 l=1 rev1=1 crypto rx=0 tx=0 comp rx=0 tx=0).stop
2024-09-13T18:13:33.467 INFO:teuthology.orchestra.run.smithi114.stdout:/usr/bin/ceph: stderr
2024-09-13T18:13:32.911+0000 7fdbdc013640 1 -- 172.21.15.114:0/3392563601 >> 172.21.15.114:0/3392563601 conn(0x7fdbd40ffc30 msgr2=0x7fdbd4100830 unknown :-1 s=STATE_NONE l=0).mark_down
2024-09-13T18:13:33.467 INFO:teuthology.orchestra.run.smithi114.stdout:/usr/bin/ceph: stderr
2024-09-13T18:13:32.911+0000 7fdbdc013640 1 -- 172.21.15.114:0/3392563601 shutdown_connections
2024-09-13T18:13:33.467 INFO:teuthology.orchestra.run.smithi114.stdout:/usr/bin/ceph: stderr
2024-09-13T18:13:32.911+0000 7fdbdc013640 1 -- 172.21.15.114:0/3392563601 wait complete.
2024-09-13T18:13:33.833 INFO:journalctl@ceph.mon.a.smithi114.stdout:Sep 13 18:13:33 smithi114 ceph-mon[30897]: mgrmap e13: x(active, since 6s)
2024-09-13T18:13:34.612 INFO:teuthology.orchestra.run.smithi114.stdout:/usr/bin/ceph: stderr
2024-09-13T18:13:33.850+0000 7fe11f9f1640 1 Processor -- start
2024-09-13T18:13:34.612 INFO:teuthology.orchestra.run.smithi114.stdout:/usr/bin/ceph: stderr
2024-09-13T18:13:33.850+0000 7fe11f9f1640 1 -- start start
2024-09-13T18:13:34.612 INFO:teuthology.orchestra.run.smithi114.stdout:/usr/bin/ceph: stderr
2024-09-13T18:13:33.850+0000 7fe11f9f1640 1 --2- >> [v2:172.21.15.114:3300/0,v1:172.21.15.114:6789/0] conn(0x7fe11807bee0 0x7fe11807a340 unknown :-1 s=NONE pgs=0 cs=0 l=0 rev1=0 crypto rx=0 tx=0 comp rx=0 tx=0).connect
2024-09-13T18:13:34.612 INFO:teuthology.orchestra.run.smithi114.stdout:/usr/bin/ceph: stderr
2024-09-13T18:13:33.850+0000 7fe11f9f1640 1 -- --> [v2:172.21.15.114:3300/0,v1:172.21.15.114:6789/0] -- mon_getmap magic: 0 v1 -- 0x7fe11807a910 con 0x7fe11807bee0
2024-09-13T18:13:34.613 INFO:teuthology.orchestra.run.smithi114.stdout:/usr/bin/ceph: stderr
2024-09-13T18:13:33.850+0000 7fe11d78d640 1 --2- >> [v2:172.21.15.114:3300/0,v1:172.21.15.114:6789/0] conn(0x7fe11807bee0 0x7fe11807a340 unknown :-1 s=BANNER_CONNECTING pgs=0 cs=0 l=0 rev1=0 crypto rx=0 tx=0 comp rx=0 tx=0)._handle_peer_banner_payload supported=3 required=0
2024-09-13T18:13:34.613 INFO:teuthology.orchestra.run.smithi114.stdout:/usr/bin/ceph: stderr
2024-09-13T18:13:33.850+0000 7fe11d78d640 1 --2- >> [v2:172.21.15.114:3300/0,v1:172.21.15.114:6789/0] conn(0x7fe11807bee0 0x7fe11807a340 unknown :-1 s=HELLO_CONNECTING pgs=0 cs=0 l=0 rev1=1 crypto rx=0 tx=0 comp rx=0 tx=0).handle_hello peer v2:172.21.15.114:3300/0 says I am v2:172.21.15.114:36314/0 (socket says 172.21.15.114:36314)
2024-09-13T18:13:34.613 INFO:teuthology.orchestra.run.smithi114.stdout:/usr/bin/ceph: stderr
2024-09-13T18:13:33.850+0000 7fe11d78d640 1 -- 172.21.15.114:0/1959250031 learned_addr learned my addr 172.21.15.114:0/1959250031 (peer_addr_for_me v2:172.21.15.114:0/0)
2024-09-13T18:13:34.613 INFO:teuthology.orchestra.run.smithi114.stdout:/usr/bin/ceph: stderr
2024-09-13T18:13:33.851+0000 7fe11d78d640 1 -- 172.21.15.114:0/1959250031 --> [v2:172.21.15.114:3300/0,v1:172.21.15.114:6789/0] -- mon_subscribe({config=0+,monmap=0+}) v3 -- 0x7fe11807aa50 con 0x7fe11807bee0
2024-09-13T18:13:34.613 INFO:teuthology.orchestra.run.smithi114.stdout:/usr/bin/ceph: stderr
2024-09-13T18:13:33.851+0000 7fe11d78d640 1 --2- 172.21.15.114:0/1959250031 >> [v2:172.21.15.114:3300/0,v1:172.21.15.114:6789/0] conn(0x7fe11807bee0 0x7fe11807a340 secure :-1 s=READY pgs=74 cs=0 l=1 rev1=1 crypto rx=0x7fe114009820 tx=0x7fe11402a270 comp rx=0 tx=0).ready entity=mon.0 client_cookie=4b9332212b34b4a8 server_cookie=0 in_seq=0 out_seq=0
2024-09-13T18:13:34.613 INFO:teuthology.orchestra.run.smithi114.stdout:/usr/bin/ceph: stderr
2024-09-13T18:13:33.851+0000 7fe10ffff640 1 -- 172.21.15.114:0/1959250031 <== mon.0 v2:172.21.15.114:3300/0 1 ==== mon_map magic: 0 v1 ==== 205+0+0 (secure 0 0 0) 0x7fe11402ae70 con 0x7fe11807bee0
2024-09-13T18:13:34.613 INFO:teuthology.orchestra.run.smithi114.stdout:/usr/bin/ceph: stderr
2024-09-13T18:13:33.852+0000 7fe10ffff640 1 -- 172.21.15.114:0/1959250031 <== mon.0 v2:172.21.15.114:3300/0 2 ==== config(25 keys) v1 ==== 1067+0+0 (secure 0 0 0) 0x7fe1140328d0 con 0x7fe11807bee0
2024-09-13T18:13:34.613 INFO:teuthology.orchestra.run.smithi114.stdout:/usr/bin/ceph: stderr
2024-09-13T18:13:33.852+0000 7fe10ffff640 1 -- 172.21.15.114:0/1959250031 <== mon.0 v2:172.21.15.114:3300/0 3 ==== mon_map magic: 0 v1 ==== 205+0+0 (secure 0 0 0) 0x7fe1140307a0 con 0x7fe11807bee0
2024-09-13T18:13:34.613 INFO:teuthology.orchestra.run.smithi114.stdout:/usr/bin/ceph: stderr
2024-09-13T18:13:33.852+0000 7fe11f9f1640 1 -- 172.21.15.114:0/1959250031 >> [v2:172.21.15.114:3300/0,v1:172.21.15.114:6789/0] conn(0x7fe11807bee0 msgr2=0x7fe11807a340 secure :-1 s=STATE_CONNECTION_ESTABLISHED l=1).mark_down
2024-09-13T18:13:34.613 INFO:teuthology.orchestra.run.smithi114.stdout:/usr/bin/ceph: stderr
2024-09-13T18:13:33.852+0000 7fe11f9f1640 1 --2- 172.21.15.114:0/1959250031 >> [v2:172.21.15.114:3300/0,v1:172.21.15.114:6789/0] conn(0x7fe11807bee0 0x7fe11807a340 secure :-1 s=READY pgs=74 cs=0 l=1 rev1=1 crypto rx=0x7fe114009820 tx=0x7fe11402a270 comp rx=0 tx=0).stop
2024-09-13T18:13:34.613 INFO:teuthology.orchestra.run.smithi114.stdout:/usr/bin/ceph: stderr
2024-09-13T18:13:33.852+0000 7fe11f9f1640 1 -- 172.21.15.114:0/1959250031 shutdown_connections
2024-09-13T18:13:34.613 INFO:teuthology.orchestra.run.smithi114.stdout:/usr/bin/ceph: stderr
2024-09-13T18:13:33.852+0000 7fe11f9f1640 1 --2- 172.21.15.114:0/1959250031 >> [v2:172.21.15.114:3300/0,v1:172.21.15.114:6789/0] conn(0x7fe11807bee0 0x7fe11807a340 unknown :-1 s=CLOSED pgs=74 cs=0 l=1 rev1=1 crypto rx=0 tx=0 comp rx=0 tx=0).stop
2024-09-13T18:13:34.614 INFO:teuthology.orchestra.run.smithi114.stdout:/usr/bin/ceph: stderr
2024-09-13T18:13:33.852+0000 7fe11f9f1640 1 -- 172.21.15.114:0/1959250031 >> 172.21.15.114:0/1959250031 conn(0x7fe118100de0 msgr2=0x7fe118103200 unknown :-1 s=STATE_NONE l=0).mark_down
2024-09-13T18:13:34.614 INFO:teuthology.orchestra.run.smithi114.stdout:/usr/bin/ceph: stderr
2024-09-13T18:13:33.852+0000 7fe11f9f1640 1 -- 172.21.15.114:0/1959250031 shutdown_connections
2024-09-13T18:13:34.614 INFO:teuthology.orchestra.run.smithi114.stdout:/usr/bin/ceph: stderr
2024-09-13T18:13:33.852+0000 7fe11f9f1640 1 -- 172.21.15.114:0/1959250031 wait complete.
2024-09-13T18:13:34.614 INFO:teuthology.orchestra.run.smithi114.stdout:/usr/bin/ceph: stderr
2024-09-13T18:13:33.853+0000 7fe11f9f1640 1 Processor -- start
2024-09-13T18:13:34.614 INFO:teuthology.orchestra.run.smithi114.stdout:/usr/bin/ceph: stderr
2024-09-13T18:13:33.853+0000 7fe11f9f1640 1 -- start start
2024-09-13T18:13:34.614 INFO:teuthology.orchestra.run.smithi114.stdout:/usr/bin/ceph: stderr
2024-09-13T18:13:33.853+0000 7fe11f9f1640 1 --2- >> [v2:172.21.15.114:3300/0,v1:172.21.15.114:6789/0] conn(0x7fe11807bee0 0x7fe11819b510 unknown :-1 s=NONE pgs=0 cs=0 l=1 rev1=0 crypto rx=0 tx=0 comp rx=0 tx=0).connect
2024-09-13T18:13:34.614 INFO:teuthology.orchestra.run.smithi114.stdout:/usr/bin/ceph: stderr
2024-09-13T18:13:33.853+0000 7fe11f9f1640 1 -- --> [v2:172.21.15.114:3300/0,v1:172.21.15.114:6789/0] -- mon_getmap magic: 0 v1 -- 0x7fe11819ba50 con 0x7fe11807bee0
2024-09-13T18:13:34.614 INFO:teuthology.orchestra.run.smithi114.stdout:/usr/bin/ceph: stderr
2024-09-13T18:13:33.853+0000 7fe11d78d640 1 --2- >> [v2:172.21.15.114:3300/0,v1:172.21.15.114:6789/0] conn(0x7fe11807bee0 0x7fe11819b510 unknown :-1 s=BANNER_CONNECTING pgs=0 cs=0 l=1 rev1=0 crypto rx=0 tx=0 comp rx=0 tx=0)._handle_peer_banner_payload supported=3 required=0
2024-09-13T18:13:34.614 INFO:teuthology.orchestra.run.smithi114.stdout:/usr/bin/ceph: stderr
2024-09-13T18:13:33.853+0000 7fe11d78d640 1 --2- >> [v2:172.21.15.114:3300/0,v1:172.21.15.114:6789/0] conn(0x7fe11807bee0 0x7fe11819b510 unknown :-1 s=HELLO_CONNECTING pgs=0 cs=0 l=1 rev1=1 crypto rx=0 tx=0 comp rx=0 tx=0).handle_hello peer v2:172.21.15.114:3300/0 says I am v2:172.21.15.114:36322/0 (socket says 172.21.15.114:36322)
2024-09-13T18:13:34.614 INFO:teuthology.orchestra.run.smithi114.stdout:/usr/bin/ceph: stderr
2024-09-13T18:13:33.853+0000 7fe11d78d640 1 -- 172.21.15.114:0/2959942469 learned_addr learned my addr 172.21.15.114:0/2959942469 (peer_addr_for_me v2:172.21.15.114:0/0)
2024-09-13T18:13:34.614 INFO:teuthology.orchestra.run.smithi114.stdout:/usr/bin/ceph: stderr
2024-09-13T18:13:33.853+0000 7fe11d78d640 1 -- 172.21.15.114:0/2959942469 --> [v2:172.21.15.114:3300/0,v1:172.21.15.114:6789/0] -- mon_subscribe({config=0+,monmap=0+}) v3 -- 0x7fe1140094d0 con 0x7fe11807bee0
2024-09-13T18:13:34.614 INFO:teuthology.orchestra.run.smithi114.stdout:/usr/bin/ceph: stderr
2024-09-13T18:13:33.853+0000 7fe11d78d640 1 --2- 172.21.15.114:0/2959942469 >> [v2:172.21.15.114:3300/0,v1:172.21.15.114:6789/0] conn(0x7fe11807bee0 0x7fe11819b510 secure :-1 s=READY pgs=75 cs=0 l=1 rev1=1 crypto rx=0x7fe1140097f0 tx=0x7fe114032c70 comp rx=0 tx=0).ready entity=mon.0 client_cookie=0 server_cookie=0 in_seq=0 out_seq=0
2024-09-13T18:13:34.614 INFO:teuthology.orchestra.run.smithi114.stdout:/usr/bin/ceph: stderr
2024-09-13T18:13:33.854+0000 7fe10e7fc640 1 -- 172.21.15.114:0/2959942469 <== mon.0 v2:172.21.15.114:3300/0 1 ==== mon_map magic: 0 v1 ==== 205+0+0 (secure 0 0 0) 0x7fe114030c70 con 0x7fe11807bee0
2024-09-13T18:13:34.614 INFO:teuthology.orchestra.run.smithi114.stdout:/usr/bin/ceph: stderr
2024-09-13T18:13:33.854+0000 7fe10e7fc640 1 -- 172.21.15.114:0/2959942469 <== mon.0 v2:172.21.15.114:3300/0 2 ==== config(25 keys) v1 ==== 1067+0+0 (secure 0 0 0) 0x7fe114030dd0 con 0x7fe11807bee0
2024-09-13T18:13:34.615 INFO:teuthology.orchestra.run.smithi114.stdout:/usr/bin/ceph: stderr
2024-09-13T18:13:33.854+0000 7fe10e7fc640 1 -- 172.21.15.114:0/2959942469 <== mon.0 v2:172.21.15.114:3300/0 3 ==== mon_map magic: 0 v1 ==== 205+0+0 (secure 0 0 0) 0x7fe11403a5b0 con 0x7fe11807bee0
2024-09-13T18:13:34.615 INFO:teuthology.orchestra.run.smithi114.stdout:/usr/bin/ceph: stderr
2024-09-13T18:13:33.854+0000 7fe11f9f1640 1 -- 172.21.15.114:0/2959942469 --> [v2:172.21.15.114:3300/0,v1:172.21.15.114:6789/0] -- mon_subscribe({mgrmap=0+}) v3 -- 0x7fe11819bc50 con 0x7fe11807bee0
2024-09-13T18:13:34.615 INFO:teuthology.orchestra.run.smithi114.stdout:/usr/bin/ceph: stderr
2024-09-13T18:13:33.854+0000 7fe11f9f1640 1 -- 172.21.15.114:0/2959942469 --> [v2:172.21.15.114:3300/0,v1:172.21.15.114:6789/0] -- mon_subscribe({osdmap=0}) v3 -- 0x7fe11819c0f0 con 0x7fe11807bee0
2024-09-13T18:13:34.615 INFO:teuthology.orchestra.run.smithi114.stdout:/usr/bin/ceph: stderr
2024-09-13T18:13:33.854+0000 7fe10e7fc640 1 -- 172.21.15.114:0/2959942469 <== mon.0 v2:172.21.15.114:3300/0 4 ==== mgrmap(e 13) v1 ==== 45598+0+0 (secure 0 0 0) 0x7fe114039040 con 0x7fe11807bee0
2024-09-13T18:13:34.615 INFO:teuthology.orchestra.run.smithi114.stdout:/usr/bin/ceph: stderr
2024-09-13T18:13:33.855+0000 7fe10e7fc640 1 --2- 172.21.15.114:0/2959942469 >> [v2:172.21.15.114:6800/3396185541,v1:172.21.15.114:6801/3396185541] conn(0x7fe104038760 0x7fe10403ac20 unknown :-1 s=NONE pgs=0 cs=0 l=1 rev1=0 crypto rx=0 tx=0 comp rx=0 tx=0).connect
2024-09-13T18:13:34.615 INFO:teuthology.orchestra.run.smithi114.stdout:/usr/bin/ceph: stderr
2024-09-13T18:13:33.855+0000 7fe10e7fc640 1 -- 172.21.15.114:0/2959942469 <== mon.0 v2:172.21.15.114:3300/0 5 ==== osd_map(3..3 src has 1..3) v4 ==== 1155+0+0 (secure 0 0 0) 0x7fe11406ba90 con 0x7fe11807bee0
2024-09-13T18:13:34.615 INFO:teuthology.orchestra.run.smithi114.stdout:/usr/bin/ceph: stderr
2024-09-13T18:13:33.855+0000 7fe11f9f1640 1 -- 172.21.15.114:0/2959942469 --> [v2:172.21.15.114:3300/0,v1:172.21.15.114:6789/0] -- mon_command({"prefix": "get_command_descriptions"} v 0) v1 -- 0x7fe11810b9e0 con 0x7fe11807bee0
2024-09-13T18:13:34.615 INFO:teuthology.orchestra.run.smithi114.stdout:/usr/bin/ceph: stderr
2024-09-13T18:13:33.855+0000 7fe11cf8c640 1 --2- 172.21.15.114:0/2959942469 >> [v2:172.21.15.114:6800/3396185541,v1:172.21.15.114:6801/3396185541] conn(0x7fe104038760 0x7fe10403ac20 unknown :-1 s=BANNER_CONNECTING pgs=0 cs=0 l=1 rev1=0 crypto rx=0 tx=0 comp rx=0 tx=0)._handle_peer_banner_payload supported=3 required=0
2024-09-13T18:13:34.615 INFO:teuthology.orchestra.run.smithi114.stdout:/usr/bin/ceph: stderr
2024-09-13T18:13:33.855+0000 7fe11cf8c640 1 --2- 172.21.15.114:0/2959942469 >> [v2:172.21.15.114:6800/3396185541,v1:172.21.15.114:6801/3396185541] conn(0x7fe104038760 0x7fe10403ac20 secure :-1 s=READY pgs=11 cs=0 l=1 rev1=1 crypto rx=0x7fe1080098c0 tx=0x7fe108006db0 comp rx=0 tx=0).ready entity=mgr.14148 client_cookie=0 server_cookie=0 in_seq=0 out_seq=0
2024-09-13T18:13:34.615 INFO:teuthology.orchestra.run.smithi114.stdout:/usr/bin/ceph: stderr
2024-09-13T18:13:33.859+0000 7fe10e7fc640 1 -- 172.21.15.114:0/2959942469 <== mon.0 v2:172.21.15.114:3300/0 6 ==== mon_command_ack([{"prefix": "get_command_descriptions"}]=0 v0) v1 ==== 72+0+183819 (secure 0 0 0) 0x7fe11403f070 con 0x7fe11807bee0
2024-09-13T18:13:34.615 INFO:teuthology.orchestra.run.smithi114.stdout:/usr/bin/ceph: stderr
2024-09-13T18:13:34.105+0000 7fe11f9f1640 1 -- 172.21.15.114:0/2959942469 --> [v2:172.21.15.114:3300/0,v1:172.21.15.114:6789/0] -- mon_command([{prefix=config-key set, key=mgr/dashboard/cluster/status}] v 0) v1 -- 0x7fe11819e9d0 con 0x7fe11807bee0
2024-09-13T18:13:34.615 INFO:teuthology.orchestra.run.smithi114.stdout:/usr/bin/ceph: stderr
2024-09-13T18:13:34.107+0000 7fe10e7fc640 1 -- 172.21.15.114:0/2959942469 <== mon.0 v2:172.21.15.114:3300/0 7 ==== mon_command_ack([{prefix=config-key set, key=mgr/dashboard/cluster/status}]=0 set mgr/dashboard/cluster/status v28)=0 set mgr/dashboard/cluster/status v28) v1 ==== 153+0+0 (secure 0 0 0) 0x7fe1140530c0 con 0x7fe11807bee0
2024-09-13T18:13:34.615 INFO:teuthology.orchestra.run.smithi114.stdout:/usr/bin/ceph: stderr set mgr/dashboard/cluster/status
2024-09-13T18:13:34.615 INFO:teuthology.orchestra.run.smithi114.stdout:/usr/bin/ceph: stderr
2024-09-13T18:13:34.109+0000 7fe11f9f1640 1 -- 172.21.15.114:0/2959942469 >> [v2:172.21.15.114:6800/3396185541,v1:172.21.15.114:6801/3396185541] conn(0x7fe104038760 msgr2=0x7fe10403ac20 secure :-1 s=STATE_CONNECTION_ESTABLISHED l=1).mark_down
2024-09-13T18:13:34.616 INFO:teuthology.orchestra.run.smithi114.stdout:/usr/bin/ceph: stderr
2024-09-13T18:13:34.109+0000 7fe11f9f1640 1 --2- 172.21.15.114:0/2959942469 >> [v2:172.21.15.114:6800/3396185541,v1:172.21.15.114:6801/3396185541] conn(0x7fe104038760 0x7fe10403ac20 secure :-1 s=READY pgs=11 cs=0 l=1 rev1=1 crypto rx=0x7fe1080098c0 tx=0x7fe108006db0 comp rx=0 tx=0).stop
2024-09-13T18:13:34.616 INFO:teuthology.orchestra.run.smithi114.stdout:/usr/bin/ceph: stderr
2024-09-13T18:13:34.109+0000 7fe11f9f1640 1 -- 172.21.15.114:0/2959942469 >> [v2:172.21.15.114:3300/0,v1:172.21.15.114:6789/0] conn(0x7fe11807bee0 msgr2=0x7fe11819b510 secure :-1 s=STATE_CONNECTION_ESTABLISHED l=1).mark_down
2024-09-13T18:13:34.616 INFO:teuthology.orchestra.run.smithi114.stdout:/usr/bin/ceph: stderr
2024-09-13T18:13:34.109+0000 7fe11f9f1640 1 --2- 172.21.15.114:0/2959942469 >> [v2:172.21.15.114:3300/0,v1:172.21.15.114:6789/0] conn(0x7fe11807bee0 0x7fe11819b510 secure :-1 s=READY pgs=75 cs=0 l=1 rev1=1 crypto rx=0x7fe1140097f0 tx=0x7fe114032c70 comp rx=0 tx=0).stop
2024-09-13T18:13:34.616 INFO:teuthology.orchestra.run.smithi114.stdout:/usr/bin/ceph: stderr
2024-09-13T18:13:34.110+0000 7fe11f9f1640 1 -- 172.21.15.114:0/2959942469 shutdown_connections
2024-09-13T18:13:34.616 INFO:teuthology.orchestra.run.smithi114.stdout:/usr/bin/ceph: stderr
2024-09-13T18:13:34.110+0000 7fe11f9f1640 1 --2- 172.21.15.114:0/2959942469 >> [v2:172.21.15.114:6800/3396185541,v1:172.21.15.114:6801/3396185541] conn(0x7fe104038760 0x7fe10403ac20 unknown :-1 s=CLOSED pgs=11 cs=0 l=1 rev1=1 crypto rx=0 tx=0 comp rx=0 tx=0).stop
2024-09-13T18:13:34.616 INFO:teuthology.orchestra.run.smithi114.stdout:/usr/bin/ceph: stderr
2024-09-13T18:13:34.110+0000 7fe11f9f1640 1 --2- 172.21.15.114:0/2959942469 >> [v2:172.21.15.114:3300/0,v1:172.21.15.114:6789/0] conn(0x7fe11807bee0 0x7fe11819b510 unknown :-1 s=CLOSED pgs=75 cs=0 l=1 rev1=1 crypto rx=0 tx=0 comp rx=0 tx=0).stop
2024-09-13T18:13:34.616 INFO:teuthology.orchestra.run.smithi114.stdout:/usr/bin/ceph: stderr
2024-09-13T18:13:34.110+0000 7fe11f9f1640 1 -- 172.21.15.114:0/2959942469 >> 172.21.15.114:0/2959942469 conn(0x7fe118100de0 msgr2=0x7fe118101a10 unknown :-1 s=STATE_NONE l=0).mark_down
2024-09-13T18:13:34.616 INFO:teuthology.orchestra.run.smithi114.stdout:/usr/bin/ceph: stderr
2024-09-13T18:13:34.110+0000 7fe11f9f1640 1 -- 172.21.15.114:0/2959942469 shutdown_connections
2024-09-13T18:13:34.616 INFO:teuthology.orchestra.run.smithi114.stdout:/usr/bin/ceph: stderr
2024-09-13T18:13:34.110+0000 7fe11f9f1640 1 -- 172.21.15.114:0/2959942469 wait complete.
2024-09-13T18:13:34.616 INFO:teuthology.orchestra.run.smithi114.stdout:You can access the Ceph CLI as following in case of multi-cluster or non-default config:
2024-09-13T18:13:34.616 INFO:teuthology.orchestra.run.smithi114.stdout:
2024-09-13T18:13:34.616 INFO:teuthology.orchestra.run.smithi114.stdout: sudo /home/ubuntu/cephtest/cephadm shell --fsid 97e7edf2-71fb-11ef-bceb-c7b262605968 -c /etc/ceph/ceph.conf -k /etc/ceph/ceph.client.admin.keyring
2024-09-13T18:13:34.616 INFO:teuthology.orchestra.run.smithi114.stdout:
2024-09-13T18:13:34.617 INFO:teuthology.orchestra.run.smithi114.stdout:Or, if you are only running a single cluster on this host:
2024-09-13T18:13:34.617 INFO:teuthology.orchestra.run.smithi114.stdout:
2024-09-13T18:13:34.617 INFO:teuthology.orchestra.run.smithi114.stdout: sudo /home/ubuntu/cephtest/cephadm shell
2024-09-13T18:13:34.617 INFO:teuthology.orchestra.run.smithi114.stdout:
2024-09-13T18:13:34.617 INFO:teuthology.orchestra.run.smithi114.stdout:Please consider enabling telemetry to help improve Ceph:
2024-09-13T18:13:34.617 INFO:teuthology.orchestra.run.smithi114.stdout:
2024-09-13T18:13:34.617 INFO:teuthology.orchestra.run.smithi114.stdout: ceph telemetry on
2024-09-13T18:13:34.617 INFO:teuthology.orchestra.run.smithi114.stdout:
2024-09-13T18:13:34.617 INFO:teuthology.orchestra.run.smithi114.stdout:For more information see:
2024-09-13T18:13:34.617 INFO:teuthology.orchestra.run.smithi114.stdout:
2024-09-13T18:13:34.617 INFO:teuthology.orchestra.run.smithi114.stdout: https://docs.ceph.com/en/latest/mgr/telemetry/
2024-09-13T18:13:34.617 INFO:teuthology.orchestra.run.smithi114.stdout:
2024-09-13T18:13:34.617 INFO:teuthology.orchestra.run.smithi114.stdout:Bootstrap complete.
2024-09-13T18:13:34.643 INFO:tasks.cephadm:Fetching config...
2024-09-13T18:13:34.644 DEBUG:teuthology.orchestra.run.smithi114:> set -ex
2024-09-13T18:13:34.644 DEBUG:teuthology.orchestra.run.smithi114:> dd if=/etc/ceph/ceph.conf of=/dev/stdout
2024-09-13T18:13:34.660 INFO:tasks.cephadm:Fetching client.admin keyring...
2024-09-13T18:13:34.660 DEBUG:teuthology.orchestra.run.smithi114:> set -ex
