2024-09-13T18:20:59.529+0000 7f6166ffd640 1 -- 172.21.15.38:0/880140314 --> [v2:172.21.15.38:3300/0,v1:172.21.15.38:6789/0] -- mon_subscribe({config=0+,monmap=0+}) v3 -- 0x7f61580094d0 con 0x7f6168103d10
2024-09-13T18:21:00.331 INFO:teuthology.orchestra.run.smithi038.stdout:/usr/bin/ceph: stderr
2024-09-13T18:20:59.530+0000 7f6166ffd640 1 --2- 172.21.15.38:0/880140314 >> [v2:172.21.15.38:3300/0,v1:172.21.15.38:6789/0] conn(0x7f6168103d10 0x7f616819b2f0 secure :-1 s=READY pgs=17 cs=0 l=1 rev1=1 crypto rx=0x7f6158030380 tx=0x7f6158030cc0 comp rx=0 tx=0).ready entity=mon.0 client_cookie=0 server_cookie=0 in_seq=0 out_seq=0
2024-09-13T18:21:00.331 INFO:teuthology.orchestra.run.smithi038.stdout:/usr/bin/ceph: stderr
2024-09-13T18:20:59.530+0000 7f6164ff9640 1 -- 172.21.15.38:0/880140314 <== mon.0 v2:172.21.15.38:3300/0 1 ==== mon_map magic: 0 v1 ==== 229+0+0 (secure 0 0 0) 0x7f6158030ed0 con 0x7f6168103d10
2024-09-13T18:21:00.331 INFO:teuthology.orchestra.run.smithi038.stdout:/usr/bin/ceph: stderr
2024-09-13T18:20:59.530+0000 7f6164ff9640 1 -- 172.21.15.38:0/880140314 <== mon.0 v2:172.21.15.38:3300/0 2 ==== config(26 keys) v1 ==== 1007+0+0 (secure 0 0 0) 0x7f6158032c10 con 0x7f6168103d10
2024-09-13T18:21:00.331 INFO:teuthology.orchestra.run.smithi038.stdout:/usr/bin/ceph: stderr
2024-09-13T18:20:59.530+0000 7f616d393640 1 -- 172.21.15.38:0/880140314 --> [v2:172.21.15.38:3300/0,v1:172.21.15.38:6789/0] -- mon_subscribe({mgrmap=0+}) v3 -- 0x7f616819ba30 con 0x7f6168103d10
2024-09-13T18:21:00.331 INFO:teuthology.orchestra.run.smithi038.stdout:/usr/bin/ceph: stderr
2024-09-13T18:20:59.530+0000 7f6164ff9640 1 -- 172.21.15.38:0/880140314 <== mon.0 v2:172.21.15.38:3300/0 3 ==== mon_map magic: 0 v1 ==== 229+0+0 (secure 0 0 0) 0x7f615803a560 con 0x7f6168103d10
2024-09-13T18:21:00.331 INFO:teuthology.orchestra.run.smithi038.stdout:/usr/bin/ceph: stderr
2024-09-13T18:20:59.530+0000 7f616d393640 1 -- 172.21.15.38:0/880140314 --> [v2:172.21.15.38:3300/0,v1:172.21.15.38:6789/0] -- mon_subscribe({osdmap=0}) v3 -- 0x7f616819bed0 con 0x7f6168103d10
2024-09-13T18:21:00.331 INFO:teuthology.orchestra.run.smithi038.stdout:/usr/bin/ceph: stderr
2024-09-13T18:20:59.531+0000 7f6164ff9640 1 -- 172.21.15.38:0/880140314 <== mon.0 v2:172.21.15.38:3300/0 4 ==== mgrmap(e 3) v1 ==== 45439+0+0 (secure 0 0 0) 0x7f615803a7d0 con 0x7f6168103d10
2024-09-13T18:21:00.331 INFO:teuthology.orchestra.run.smithi038.stdout:/usr/bin/ceph: stderr
2024-09-13T18:20:59.531+0000 7f6164ff9640 1 --2- 172.21.15.38:0/880140314 >> [v2:172.21.15.38:6800/3745740953,v1:172.21.15.38:6801/3745740953] conn(0x7f6154038530 0x7f615403a9f0 unknown :-1 s=NONE pgs=0 cs=0 l=1 rev1=0 crypto rx=0 tx=0 comp rx=0 tx=0).connect
2024-09-13T18:21:00.332 INFO:teuthology.orchestra.run.smithi038.stdout:/usr/bin/ceph: stderr
2024-09-13T18:20:59.531+0000 7f616d393640 1 -- 172.21.15.38:0/880140314 --> [v2:172.21.15.38:3300/0,v1:172.21.15.38:6789/0] -- mon_command({"prefix": "get_command_descriptions"} v 0) v1 -- 0x7f6168195000 con 0x7f6168103d10
2024-09-13T18:21:00.332 INFO:teuthology.orchestra.run.smithi038.stdout:/usr/bin/ceph: stderr
2024-09-13T18:20:59.531+0000 7f6164ff9640 1 -- 172.21.15.38:0/880140314 <== mon.0 v2:172.21.15.38:3300/0 5 ==== osd_map(1..1 src has 1..1) v4 ==== 725+0+0 (secure 0 0 0) 0x7f615806b510 con 0x7f6168103d10
2024-09-13T18:21:00.332 INFO:teuthology.orchestra.run.smithi038.stdout:/usr/bin/ceph: stderr
2024-09-13T18:20:59.531+0000 7f615ffff640 1 --2- 172.21.15.38:0/880140314 >> [v2:172.21.15.38:6800/3745740953,v1:172.21.15.38:6801/3745740953] conn(0x7f6154038530 0x7f615403a9f0 unknown :-1 s=BANNER_CONNECTING pgs=0 cs=0 l=1 rev1=0 crypto rx=0 tx=0 comp rx=0 tx=0)._handle_peer_banner_payload supported=3 required=0
2024-09-13T18:21:00.332 INFO:teuthology.orchestra.run.smithi038.stdout:/usr/bin/ceph: stderr
2024-09-13T18:20:59.532+0000 7f615ffff640 1 --2- 172.21.15.38:0/880140314 >> [v2:172.21.15.38:6800/3745740953,v1:172.21.15.38:6801/3745740953] conn(0x7f6154038530 0x7f615403a9f0 secure :-1 s=READY pgs=6 cs=0 l=1 rev1=1 crypto rx=0x7f61500098c0 tx=0x7f6150006db0 comp rx=0 tx=0).ready entity=mgr.14100 client_cookie=0 server_cookie=0 in_seq=0 out_seq=0
2024-09-13T18:21:00.332 INFO:teuthology.orchestra.run.smithi038.stdout:/usr/bin/ceph: stderr
2024-09-13T18:20:59.536+0000 7f6164ff9640 1 -- 172.21.15.38:0/880140314 <== mon.0 v2:172.21.15.38:3300/0 6 ==== mon_command_ack([{"prefix": "get_command_descriptions"}]=0 v0) v1 ==== 72+0+183819 (secure 0 0 0) 0x7f6158046460 con 0x7f6168103d10
2024-09-13T18:21:00.332 INFO:teuthology.orchestra.run.smithi038.stdout:/usr/bin/ceph: stderr
2024-09-13T18:20:59.754+0000 7f6164ff9640 1 -- 172.21.15.38:0/880140314 <== mon.0 v2:172.21.15.38:3300/0 7 ==== mgrmap(e 4) v1 ==== 45545+0+0 (secure 0 0 0) 0x7f615803c9e0 con 0x7f6168103d10
2024-09-13T18:21:00.332 INFO:teuthology.orchestra.run.smithi038.stdout:/usr/bin/ceph: stderr
2024-09-13T18:20:59.774+0000 7f616d393640 1 -- 172.21.15.38:0/880140314 --> [v2:172.21.15.38:3300/0,v1:172.21.15.38:6789/0] -- mon_command({"prefix": "status", "format": "json-pretty"} v 0) v1 -- 0x7f6168105280 con 0x7f6168103d10
2024-09-13T18:21:00.332 INFO:teuthology.orchestra.run.smithi038.stdout:/usr/bin/ceph: stderr
2024-09-13T18:20:59.774+0000 7f6164ff9640 1 -- 172.21.15.38:0/880140314 <== mon.0 v2:172.21.15.38:3300/0 8 ==== mon_command_ack([{"prefix": "status", "format": "json-pretty"}]=0 v0) v1 ==== 79+0+1245 (secure 0 0 0) 0x7f6158039b40 con 0x7f6168103d10
2024-09-13T18:21:00.332 INFO:teuthology.orchestra.run.smithi038.stdout:/usr/bin/ceph: stderr
2024-09-13T18:20:59.778+0000 7f616d393640 1 -- 172.21.15.38:0/880140314 >> [v2:172.21.15.38:6800/3745740953,v1:172.21.15.38:6801/3745740953] conn(0x7f6154038530 msgr2=0x7f615403a9f0 secure :-1 s=STATE_CONNECTION_ESTABLISHED l=1).mark_down
2024-09-13T18:21:00.332 INFO:teuthology.orchestra.run.smithi038.stdout:/usr/bin/ceph: stderr
2024-09-13T18:20:59.778+0000 7f616d393640 1 --2- 172.21.15.38:0/880140314 >> [v2:172.21.15.38:6800/3745740953,v1:172.21.15.38:6801/3745740953] conn(0x7f6154038530 0x7f615403a9f0 secure :-1 s=READY pgs=6 cs=0 l=1 rev1=1 crypto rx=0x7f61500098c0 tx=0x7f6150006db0 comp rx=0 tx=0).stop
2024-09-13T18:21:00.332 INFO:teuthology.orchestra.run.smithi038.stdout:/usr/bin/ceph: stderr
2024-09-13T18:20:59.778+0000 7f616d393640 1 -- 172.21.15.38:0/880140314 >> [v2:172.21.15.38:3300/0,v1:172.21.15.38:6789/0] conn(0x7f6168103d10 msgr2=0x7f616819b2f0 secure :-1 s=STATE_CONNECTION_ESTABLISHED l=1).mark_down
2024-09-13T18:21:00.333 INFO:teuthology.orchestra.run.smithi038.stdout:/usr/bin/ceph: stderr
2024-09-13T18:20:59.778+0000 7f616d393640 1 --2- 172.21.15.38:0/880140314 >> [v2:172.21.15.38:3300/0,v1:172.21.15.38:6789/0] conn(0x7f6168103d10 0x7f616819b2f0 secure :-1 s=READY pgs=17 cs=0 l=1 rev1=1 crypto rx=0x7f6158030380 tx=0x7f6158030cc0 comp rx=0 tx=0).stop
2024-09-13T18:21:00.333 INFO:teuthology.orchestra.run.smithi038.stdout:/usr/bin/ceph: stderr
2024-09-13T18:20:59.778+0000 7f616d393640 1 -- 172.21.15.38:0/880140314 shutdown_connections
2024-09-13T18:21:00.333 INFO:teuthology.orchestra.run.smithi038.stdout:/usr/bin/ceph: stderr
2024-09-13T18:20:59.778+0000 7f616d393640 1 --2- 172.21.15.38:0/880140314 >> [v2:172.21.15.38:6800/3745740953,v1:172.21.15.38:6801/3745740953] conn(0x7f6154038530 0x7f615403a9f0 unknown :-1 s=CLOSED pgs=6 cs=0 l=1 rev1=1 crypto rx=0 tx=0 comp rx=0 tx=0).stop
2024-09-13T18:21:00.333 INFO:teuthology.orchestra.run.smithi038.stdout:/usr/bin/ceph: stderr
2024-09-13T18:20:59.778+0000 7f616d393640 1 --2- 172.21.15.38:0/880140314 >> [v2:172.21.15.38:3300/0,v1:172.21.15.38:6789/0] conn(0x7f6168103d10 0x7f616819b2f0 unknown :-1 s=CLOSED pgs=17 cs=0 l=1 rev1=1 crypto rx=0 tx=0 comp rx=0 tx=0).stop
2024-09-13T18:21:00.333 INFO:teuthology.orchestra.run.smithi038.stdout:/usr/bin/ceph: stderr
2024-09-13T18:20:59.778+0000 7f616d393640 1 -- 172.21.15.38:0/880140314 >> 172.21.15.38:0/880140314 conn(0x7f61680ffb20 msgr2=0x7f61681921d0 unknown :-1 s=STATE_NONE l=0).mark_down
2024-09-13T18:21:00.333 INFO:teuthology.orchestra.run.smithi038.stdout:/usr/bin/ceph: stderr
2024-09-13T18:20:59.778+0000 7f616d393640 1 -- 172.21.15.38:0/880140314 shutdown_connections
2024-09-13T18:21:00.333 INFO:teuthology.orchestra.run.smithi038.stdout:/usr/bin/ceph: stderr
2024-09-13T18:20:59.778+0000 7f616d393640 1 -- 172.21.15.38:0/880140314 wait complete.
2024-09-13T18:21:00.333 INFO:teuthology.orchestra.run.smithi038.stdout:mgr is available
2024-09-13T18:21:00.833 INFO:journalctl@ceph.mon.smithi038.smithi038.stdout:Sep 13 18:21:00 smithi038 ceph-mon[27689]: mgrmap e4: smithi038.jeygoq(active, since 2s)
2024-09-13T18:21:00.833 INFO:journalctl@ceph.mon.smithi038.smithi038.stdout:Sep 13 18:21:00 smithi038 ceph-mon[27689]: from='client.? 172.21.15.38:0/880140314' entity='client.admin' cmd=[{"prefix": "status", "format": "json-pretty"}]: dispatch
2024-09-13T18:21:01.514 INFO:teuthology.orchestra.run.smithi038.stdout:/usr/bin/ceph: stdout
2024-09-13T18:21:01.514 INFO:teuthology.orchestra.run.smithi038.stdout:/usr/bin/ceph: stdout [global]
2024-09-13T18:21:01.514 INFO:teuthology.orchestra.run.smithi038.stdout:/usr/bin/ceph: stdout fsid = ccb73e88-71fc-11ef-bceb-c7b262605968
2024-09-13T18:21:01.514 INFO:teuthology.orchestra.run.smithi038.stdout:/usr/bin/ceph: stdout mon_osd_allow_pg_remap = true
2024-09-13T18:21:01.514 INFO:teuthology.orchestra.run.smithi038.stdout:/usr/bin/ceph: stdout mon_osd_allow_primary_affinity = true
2024-09-13T18:21:01.514 INFO:teuthology.orchestra.run.smithi038.stdout:/usr/bin/ceph: stdout mon_warn_on_no_sortbitwise = false
2024-09-13T18:21:01.514 INFO:teuthology.orchestra.run.smithi038.stdout:/usr/bin/ceph: stdout osd_crush_chooseleaf_type = 0
2024-09-13T18:21:01.514 INFO:teuthology.orchestra.run.smithi038.stdout:/usr/bin/ceph: stdout
2024-09-13T18:21:01.514 INFO:teuthology.orchestra.run.smithi038.stdout:/usr/bin/ceph: stdout [mgr]
2024-09-13T18:21:01.514 INFO:teuthology.orchestra.run.smithi038.stdout:/usr/bin/ceph: stdout mgr/telemetry/nag = false
2024-09-13T18:21:01.515 INFO:teuthology.orchestra.run.smithi038.stdout:/usr/bin/ceph: stdout
2024-09-13T18:21:01.515 INFO:teuthology.orchestra.run.smithi038.stdout:/usr/bin/ceph: stdout [osd]
2024-09-13T18:21:01.515 INFO:teuthology.orchestra.run.smithi038.stdout:/usr/bin/ceph: stdout mon_osd_backfillfull_ratio = 0.85
2024-09-13T18:21:01.515 INFO:teuthology.orchestra.run.smithi038.stdout:/usr/bin/ceph: stdout mon_osd_full_ratio = 0.9
2024-09-13T18:21:01.515 INFO:teuthology.orchestra.run.smithi038.stdout:/usr/bin/ceph: stdout mon_osd_nearfull_ratio = 0.8
2024-09-13T18:21:01.515 INFO:teuthology.orchestra.run.smithi038.stdout:/usr/bin/ceph: stdout osd_map_max_advance = 10
2024-09-13T18:21:01.515 INFO:teuthology.orchestra.run.smithi038.stdout:/usr/bin/ceph: stdout osd_sloppy_crc = true
2024-09-13T18:21:01.515 INFO:teuthology.orchestra.run.smithi038.stdout:/usr/bin/ceph: stderr
2024-09-13T18:21:00.740+0000 7fe4bf5e7640 1 Processor -- start
2024-09-13T18:21:01.515 INFO:teuthology.orchestra.run.smithi038.stdout:/usr/bin/ceph: stderr
2024-09-13T18:21:00.740+0000 7fe4bf5e7640 1 -- start start
2024-09-13T18:21:01.515 INFO:teuthology.orchestra.run.smithi038.stdout:/usr/bin/ceph: stderr
2024-09-13T18:21:00.740+0000 7fe4bf5e7640 1 --2- >> [v2:172.21.15.38:3300/0,v1:172.21.15.38:6789/0] conn(0x7fe4b81054c0 0x7fe4b81058c0 unknown :-1 s=NONE pgs=0 cs=0 l=0 rev1=0 crypto rx=0 tx=0 comp rx=0 tx=0).connect
2024-09-13T18:21:01.515 INFO:teuthology.orchestra.run.smithi038.stdout:/usr/bin/ceph: stderr
2024-09-13T18:21:00.740+0000 7fe4bf5e7640 1 -- --> [v2:172.21.15.38:3300/0,v1:172.21.15.38:6789/0] -- mon_getmap magic: 0 v1 -- 0x7fe4b8105e90 con 0x7fe4b81054c0
2024-09-13T18:21:01.515 INFO:teuthology.orchestra.run.smithi038.stdout:/usr/bin/ceph: stderr
2024-09-13T18:21:00.740+0000 7fe4bd383640 1 --2- >> [v2:172.21.15.38:3300/0,v1:172.21.15.38:6789/0] conn(0x7fe4b81054c0 0x7fe4b81058c0 unknown :-1 s=BANNER_CONNECTING pgs=0 cs=0 l=0 rev1=0 crypto rx=0 tx=0 comp rx=0 tx=0)._handle_peer_banner_payload supported=3 required=0
2024-09-13T18:21:01.515 INFO:teuthology.orchestra.run.smithi038.stdout:/usr/bin/ceph: stderr
2024-09-13T18:21:00.740+0000 7fe4bd383640 1 --2- >> [v2:172.21.15.38:3300/0,v1:172.21.15.38:6789/0] conn(0x7fe4b81054c0 0x7fe4b81058c0 unknown :-1 s=HELLO_CONNECTING pgs=0 cs=0 l=0 rev1=1 crypto rx=0 tx=0 comp rx=0 tx=0).handle_hello peer v2:172.21.15.38:3300/0 says I am v2:172.21.15.38:41350/0 (socket says 172.21.15.38:41350)
2024-09-13T18:21:01.515 INFO:teuthology.orchestra.run.smithi038.stdout:/usr/bin/ceph: stderr
2024-09-13T18:21:00.740+0000 7fe4bd383640 1 -- 172.21.15.38:0/3001643424 learned_addr learned my addr 172.21.15.38:0/3001643424 (peer_addr_for_me v2:172.21.15.38:0/0)
2024-09-13T18:21:01.516 INFO:teuthology.orchestra.run.smithi038.stdout:/usr/bin/ceph: stderr
2024-09-13T18:21:00.741+0000 7fe4bd383640 1 -- 172.21.15.38:0/3001643424 --> [v2:172.21.15.38:3300/0,v1:172.21.15.38:6789/0] -- mon_subscribe({config=0+,monmap=0+}) v3 -- 0x7fe4b8106620 con 0x7fe4b81054c0
2024-09-13T18:21:01.516 INFO:teuthology.orchestra.run.smithi038.stdout:/usr/bin/ceph: stderr
2024-09-13T18:21:00.741+0000 7fe4bd383640 1 --2- 172.21.15.38:0/3001643424 >> [v2:172.21.15.38:3300/0,v1:172.21.15.38:6789/0] conn(0x7fe4b81054c0 0x7fe4b81058c0 secure :-1 s=READY pgs=18 cs=0 l=1 rev1=1 crypto rx=0x7fe4b4009820 tx=0x7fe4b402a270 comp rx=0 tx=0).ready entity=mon.0 client_cookie=3804d77a2baab5ac server_cookie=0 in_seq=0 out_seq=0
2024-09-13T18:21:01.516 INFO:teuthology.orchestra.run.smithi038.stdout:/usr/bin/ceph: stderr
2024-09-13T18:21:00.742+0000 7fe4affff640 1 -- 172.21.15.38:0/3001643424 <== mon.0 v2:172.21.15.38:3300/0 1 ==== mon_map magic: 0 v1 ==== 229+0+0 (secure 0 0 0) 0x7fe4b402ad40 con 0x7fe4b81054c0
2024-09-13T18:21:01.516 INFO:teuthology.orchestra.run.smithi038.stdout:/usr/bin/ceph: stderr
2024-09-13T18:21:00.742+0000 7fe4affff640 1 -- 172.21.15.38:0/3001643424 <== mon.0 v2:172.21.15.38:3300/0 2 ==== config(26 keys) v1 ==== 1007+0+0 (secure 0 0 0) 0x7fe4b4032890 con 0x7fe4b81054c0
2024-09-13T18:21:01.516 INFO:teuthology.orchestra.run.smithi038.stdout:/usr/bin/ceph: stderr
2024-09-13T18:21:00.742+0000 7fe4affff640 1 -- 172.21.15.38:0/3001643424 <== mon.0 v2:172.21.15.38:3300/0 3 ==== mon_map magic: 0 v1 ==== 229+0+0 (secure 0 0 0) 0x7fe4b40307d0 con 0x7fe4b81054c0
2024-09-13T18:21:01.516 INFO:teuthology.orchestra.run.smithi038.stdout:/usr/bin/ceph: stderr
2024-09-13T18:21:00.742+0000 7fe4bf5e7640 1 -- 172.21.15.38:0/3001643424 >> [v2:172.21.15.38:3300/0,v1:172.21.15.38:6789/0] conn(0x7fe4b81054c0 msgr2=0x7fe4b81058c0 secure :-1 s=STATE_CONNECTION_ESTABLISHED l=1).mark_down
2024-09-13T18:21:01.516 INFO:teuthology.orchestra.run.smithi038.stdout:/usr/bin/ceph: stderr
2024-09-13T18:21:00.742+0000 7fe4bf5e7640 1 --2- 172.21.15.38:0/3001643424 >> [v2:172.21.15.38:3300/0,v1:172.21.15.38:6789/0] conn(0x7fe4b81054c0 0x7fe4b81058c0 secure :-1 s=READY pgs=18 cs=0 l=1 rev1=1 crypto rx=0x7fe4b4009820 tx=0x7fe4b402a270 comp rx=0 tx=0).stop
2024-09-13T18:21:01.516 INFO:teuthology.orchestra.run.smithi038.stdout:/usr/bin/ceph: stderr
2024-09-13T18:21:00.742+0000 7fe4bf5e7640 1 -- 172.21.15.38:0/3001643424 shutdown_connections
2024-09-13T18:21:01.516 INFO:teuthology.orchestra.run.smithi038.stdout:/usr/bin/ceph: stderr
2024-09-13T18:21:00.742+0000 7fe4bf5e7640 1 --2- 172.21.15.38:0/3001643424 >> [v2:172.21.15.38:3300/0,v1:172.21.15.38:6789/0] conn(0x7fe4b81054c0 0x7fe4b81058c0 unknown :-1 s=CLOSED pgs=18 cs=0 l=1 rev1=1 crypto rx=0 tx=0 comp rx=0 tx=0).stop
2024-09-13T18:21:01.516 INFO:teuthology.orchestra.run.smithi038.stdout:/usr/bin/ceph: stderr
2024-09-13T18:21:00.742+0000 7fe4bf5e7640 1 -- 172.21.15.38:0/3001643424 >> 172.21.15.38:0/3001643424 conn(0x7fe4b8100c70 msgr2=0x7fe4b8103090 unknown :-1 s=STATE_NONE l=0).mark_down
2024-09-13T18:21:01.516 INFO:teuthology.orchestra.run.smithi038.stdout:/usr/bin/ceph: stderr
2024-09-13T18:21:00.742+0000 7fe4bf5e7640 1 -- 172.21.15.38:0/3001643424 shutdown_connections
2024-09-13T18:21:01.516 INFO:teuthology.orchestra.run.smithi038.stdout:/usr/bin/ceph: stderr
2024-09-13T18:21:00.742+0000 7fe4bf5e7640 1 -- 172.21.15.38:0/3001643424 wait complete.
2024-09-13T18:21:01.516 INFO:teuthology.orchestra.run.smithi038.stdout:/usr/bin/ceph: stderr
2024-09-13T18:21:00.743+0000 7fe4bf5e7640 1 Processor -- start
2024-09-13T18:21:01.517 INFO:teuthology.orchestra.run.smithi038.stdout:/usr/bin/ceph: stderr
2024-09-13T18:21:00.743+0000 7fe4bf5e7640 1 -- start start
2024-09-13T18:21:01.517 INFO:teuthology.orchestra.run.smithi038.stdout:/usr/bin/ceph: stderr
2024-09-13T18:21:00.743+0000 7fe4bf5e7640 1 --2- >> [v2:172.21.15.38:3300/0,v1:172.21.15.38:6789/0] conn(0x7fe4b81054c0 0x7fe4b807baf0 unknown :-1 s=NONE pgs=0 cs=0 l=1 rev1=0 crypto rx=0 tx=0 comp rx=0 tx=0).connect
2024-09-13T18:21:01.517 INFO:teuthology.orchestra.run.smithi038.stdout:/usr/bin/ceph: stderr
2024-09-13T18:21:00.743+0000 7fe4bf5e7640 1 -- --> [v2:172.21.15.38:3300/0,v1:172.21.15.38:6789/0] -- mon_getmap magic: 0 v1 -- 0x7fe4b807c030 con 0x7fe4b81054c0
2024-09-13T18:21:01.517 INFO:teuthology.orchestra.run.smithi038.stdout:/usr/bin/ceph: stderr
2024-09-13T18:21:00.743+0000 7fe4bd383640 1 --2- >> [v2:172.21.15.38:3300/0,v1:172.21.15.38:6789/0] conn(0x7fe4b81054c0 0x7fe4b807baf0 unknown :-1 s=BANNER_CONNECTING pgs=0 cs=0 l=1 rev1=0 crypto rx=0 tx=0 comp rx=0 tx=0)._handle_peer_banner_payload supported=3 required=0
2024-09-13T18:21:01.517 INFO:teuthology.orchestra.run.smithi038.stdout:/usr/bin/ceph: stderr
2024-09-13T18:21:00.743+0000 7fe4bd383640 1 --2- >> [v2:172.21.15.38:3300/0,v1:172.21.15.38:6789/0] conn(0x7fe4b81054c0 0x7fe4b807baf0 unknown :-1 s=HELLO_CONNECTING pgs=0 cs=0 l=1 rev1=1 crypto rx=0 tx=0 comp rx=0 tx=0).handle_hello peer v2:172.21.15.38:3300/0 says I am v2:172.21.15.38:41362/0 (socket says 172.21.15.38:41362)
2024-09-13T18:21:01.517 INFO:teuthology.orchestra.run.smithi038.stdout:/usr/bin/ceph: stderr
2024-09-13T18:21:00.743+0000 7fe4bd383640 1 -- 172.21.15.38:0/369459325 learned_addr learned my addr 172.21.15.38:0/369459325 (peer_addr_for_me v2:172.21.15.38:0/0)
2024-09-13T18:21:01.517 INFO:teuthology.orchestra.run.smithi038.stdout:/usr/bin/ceph: stderr
2024-09-13T18:21:00.743+0000 7fe4bd383640 1 -- 172.21.15.38:0/369459325 --> [v2:172.21.15.38:3300/0,v1:172.21.15.38:6789/0] -- mon_subscribe({config=0+,monmap=0+}) v3 -- 0x7fe4b40094d0 con 0x7fe4b81054c0
2024-09-13T18:21:01.517 INFO:teuthology.orchestra.run.smithi038.stdout:/usr/bin/ceph: stderr
2024-09-13T18:21:00.744+0000 7fe4bd383640 1 --2- 172.21.15.38:0/369459325 >> [v2:172.21.15.38:3300/0,v1:172.21.15.38:6789/0] conn(0x7fe4b81054c0 0x7fe4b807baf0 secure :-1 s=READY pgs=19 cs=0 l=1 rev1=1 crypto rx=0x7fe4b40304c0 tx=0x7fe4b4030d10 comp rx=0 tx=0).ready entity=mon.0 client_cookie=0 server_cookie=0 in_seq=0 out_seq=0
2024-09-13T18:21:01.517 INFO:teuthology.orchestra.run.smithi038.stdout:/usr/bin/ceph: stderr
2024-09-13T18:21:00.744+0000 7fe4ae7fc640 1 -- 172.21.15.38:0/369459325 <== mon.0 v2:172.21.15.38:3300/0 1 ==== mon_map magic: 0 v1 ==== 229+0+0 (secure 0 0 0) 0x7fe4b4032c10 con 0x7fe4b81054c0
2024-09-13T18:21:01.517 INFO:teuthology.orchestra.run.smithi038.stdout:/usr/bin/ceph: stderr
2024-09-13T18:21:00.744+0000 7fe4ae7fc640 1 -- 172.21.15.38:0/369459325 <== mon.0 v2:172.21.15.38:3300/0 2 ==== config(26 keys) v1 ==== 1007+0+0 (secure 0 0 0) 0x7fe4b4032d70 con 0x7fe4b81054c0
2024-09-13T18:21:01.517 INFO:teuthology.orchestra.run.smithi038.stdout:/usr/bin/ceph: stderr
2024-09-13T18:21:00.744+0000 7fe4ae7fc640 1 -- 172.21.15.38:0/369459325 <== mon.0 v2:172.21.15.38:3300/0 3 ==== mon_map magic: 0 v1 ==== 229+0+0 (secure 0 0 0) 0x7fe4b403a560 con 0x7fe4b81054c0
2024-09-13T18:21:01.517 INFO:teuthology.orchestra.run.smithi038.stdout:/usr/bin/ceph: stderr
2024-09-13T18:21:00.744+0000 7fe4bf5e7640 1 -- 172.21.15.38:0/369459325 --> [v2:172.21.15.38:3300/0,v1:172.21.15.38:6789/0] -- mon_subscribe({mgrmap=0+}) v3 -- 0x7fe4b807a220 con 0x7fe4b81054c0
2024-09-13T18:21:01.517 INFO:teuthology.orchestra.run.smithi038.stdout:/usr/bin/ceph: stderr
2024-09-13T18:21:00.744+0000 7fe4bf5e7640 1 -- 172.21.15.38:0/369459325 --> [v2:172.21.15.38:3300/0,v1:172.21.15.38:6789/0] -- mon_subscribe({osdmap=0}) v3 -- 0x7fe4b807a6c0 con 0x7fe4b81054c0
2024-09-13T18:21:01.518 INFO:teuthology.orchestra.run.smithi038.stdout:/usr/bin/ceph: stderr
2024-09-13T18:21:00.745+0000 7fe4ae7fc640 1 -- 172.21.15.38:0/369459325 <== mon.0 v2:172.21.15.38:3300/0 4 ==== mgrmap(e 4) v1 ==== 45545+0+0 (secure 0 0 0) 0x7fe4b403c400 con 0x7fe4b81054c0
2024-09-13T18:21:01.518 INFO:teuthology.orchestra.run.smithi038.stdout:/usr/bin/ceph: stderr
2024-09-13T18:21:00.745+0000 7fe4bf5e7640 1 -- 172.21.15.38:0/369459325 --> [v2:172.21.15.38:3300/0,v1:172.21.15.38:6789/0] -- mon_command({"prefix": "get_command_descriptions"} v 0) v1 -- 0x7fe4b8105940 con 0x7fe4b81054c0
2024-09-13T18:21:01.518 INFO:teuthology.orchestra.run.smithi038.stdout:/usr/bin/ceph: stderr
2024-09-13T18:21:00.745+0000 7fe4ae7fc640 1 --2- 172.21.15.38:0/369459325 >> [v2:172.21.15.38:6800/3745740953,v1:172.21.15.38:6801/3745740953] conn(0x7fe4a4038650 0x7fe4a403ab10 unknown :-1 s=NONE pgs=0 cs=0 l=1 rev1=0 crypto rx=0 tx=0 comp rx=0 tx=0).connect
2024-09-13T18:21:01.518 INFO:teuthology.orchestra.run.smithi038.stdout:/usr/bin/ceph: stderr
2024-09-13T18:21:00.745+0000 7fe4ae7fc640 1 -- 172.21.15.38:0/369459325 <== mon.0 v2:172.21.15.38:3300/0 5 ==== osd_map(1..1 src has 1..1) v4 ==== 725+0+0 (secure 0 0 0) 0x7fe4b406b460 con 0x7fe4b81054c0
2024-09-13T18:21:01.518 INFO:teuthology.orchestra.run.smithi038.stdout:/usr/bin/ceph: stderr
2024-09-13T18:21:00.745+0000 7fe4bcb82640 1 --2- 172.21.15.38:0/369459325 >> [v2:172.21.15.38:6800/3745740953,v1:172.21.15.38:6801/3745740953] conn(0x7fe4a4038650 0x7fe4a403ab10 unknown :-1 s=BANNER_CONNECTING pgs=0 cs=0 l=1 rev1=0 crypto rx=0 tx=0 comp rx=0 tx=0)._handle_peer_banner_payload supported=3 required=0
2024-09-13T18:21:01.518 INFO:teuthology.orchestra.run.smithi038.stdout:/usr/bin/ceph: stderr
2024-09-13T18:21:00.746+0000 7fe4bcb82640 1 --2- 172.21.15.38:0/369459325 >> [v2:172.21.15.38:6800/3745740953,v1:172.21.15.38:6801/3745740953] conn(0x7fe4a4038650 0x7fe4a403ab10 secure :-1 s=READY pgs=7 cs=0 l=1 rev1=1 crypto rx=0x7fe4a80098c0 tx=0x7fe4a8006db0 comp rx=0 tx=0).ready entity=mgr.14100 client_cookie=0 server_cookie=0 in_seq=0 out_seq=0
2024-09-13T18:21:01.518 INFO:teuthology.orchestra.run.smithi038.stdout:/usr/bin/ceph: stderr
2024-09-13T18:21:00.750+0000 7fe4ae7fc640 1 -- 172.21.15.38:0/369459325 <== mon.0 v2:172.21.15.38:3300/0 6 ==== mon_command_ack([{"prefix": "get_command_descriptions"}]=0 v0) v1 ==== 72+0+183819 (secure 0 0 0) 0x7fe4b4031d70 con 0x7fe4b81054c0
2024-09-13T18:21:01.518 INFO:teuthology.orchestra.run.smithi038.stdout:/usr/bin/ceph: stderr
2024-09-13T18:21:00.921+0000 7fe4bf5e7640 1 -- 172.21.15.38:0/369459325 --> [v2:172.21.15.38:3300/0,v1:172.21.15.38:6789/0] -- mon_command({"prefix": "config assimilate-conf"} v 0) v1 -- 0x7fe4b807abb0 con 0x7fe4b81054c0
2024-09-13T18:21:01.518 INFO:teuthology.orchestra.run.smithi038.stdout:/usr/bin/ceph: stderr
2024-09-13T18:21:00.922+0000 7fe4ae7fc640 1 -- 172.21.15.38:0/369459325 <== mon.0 v2:172.21.15.38:3300/0 7 ==== mon_command_ack([{"prefix": "config assimilate-conf"}]=0 v3) v1 ==== 70+0+373 (secure 0 0 0) 0x7fe4b4031b90 con 0x7fe4b81054c0
2024-09-13T18:21:01.518 INFO:teuthology.orchestra.run.smithi038.stdout:/usr/bin/ceph: stderr
2024-09-13T18:21:00.924+0000 7fe4bf5e7640 1 -- 172.21.15.38:0/369459325 >> [v2:172.21.15.38:6800/3745740953,v1:172.21.15.38:6801/3745740953] conn(0x7fe4a4038650 msgr2=0x7fe4a403ab10 secure :-1 s=STATE_CONNECTION_ESTABLISHED l=1).mark_down
2024-09-13T18:21:01.518 INFO:teuthology.orchestra.run.smithi038.stdout:/usr/bin/ceph: stderr
2024-09-13T18:21:00.924+0000 7fe4bf5e7640 1 --2- 172.21.15.38:0/369459325 >> [v2:172.21.15.38:6800/3745740953,v1:172.21.15.38:6801/3745740953] conn(0x7fe4a4038650 0x7fe4a403ab10 secure :-1 s=READY pgs=7 cs=0 l=1 rev1=1 crypto rx=0x7fe4a80098c0 tx=0x7fe4a8006db0 comp rx=0 tx=0).stop
2024-09-13T18:21:01.518 INFO:teuthology.orchestra.run.smithi038.stdout:/usr/bin/ceph: stderr
2024-09-13T18:21:00.924+0000 7fe4bf5e7640 1 -- 172.21.15.38:0/369459325 >> [v2:172.21.15.38:3300/0,v1:172.21.15.38:6789/0] conn(0x7fe4b81054c0 msgr2=0x7fe4b807baf0 secure :-1 s=STATE_CONNECTION_ESTABLISHED l=1).mark_down
2024-09-13T18:21:01.519 INFO:teuthology.orchestra.run.smithi038.stdout:/usr/bin/ceph: stderr
2024-09-13T18:21:00.924+0000 7fe4bf5e7640 1 --2- 172.21.15.38:0/369459325 >> [v2:172.21.15.38:3300/0,v1:172.21.15.38:6789/0] conn(0x7fe4b81054c0 0x7fe4b807baf0 secure :-1 s=READY pgs=19 cs=0 l=1 rev1=1 crypto rx=0x7fe4b40304c0 tx=0x7fe4b4030d10 comp rx=0 tx=0).stop
2024-09-13T18:21:01.519 INFO:teuthology.orchestra.run.smithi038.stdout:/usr/bin/ceph: stderr
2024-09-13T18:21:00.924+0000 7fe4bf5e7640 1 -- 172.21.15.38:0/369459325 shutdown_connections
2024-09-13T18:21:01.519 INFO:teuthology.orchestra.run.smithi038.stdout:/usr/bin/ceph: stderr
2024-09-13T18:21:00.924+0000 7fe4bf5e7640 1 --2- 172.21.15.38:0/369459325 >> [v2:172.21.15.38:6800/3745740953,v1:172.21.15.38:6801/3745740953] conn(0x7fe4a4038650 0x7fe4a403ab10 unknown :-1 s=CLOSED pgs=7 cs=0 l=1 rev1=1 crypto rx=0 tx=0 comp rx=0 tx=0).stop
2024-09-13T18:21:01.519 INFO:teuthology.orchestra.run.smithi038.stdout:/usr/bin/ceph: stderr
2024-09-13T18:21:00.924+0000 7fe4bf5e7640 1 --2- 172.21.15.38:0/369459325 >> [v2:172.21.15.38:3300/0,v1:172.21.15.38:6789/0] conn(0x7fe4b81054c0 0x7fe4b807baf0 unknown :-1 s=CLOSED pgs=19 cs=0 l=1 rev1=1 crypto rx=0 tx=0 comp rx=0 tx=0).stop
2024-09-13T18:21:01.519 INFO:teuthology.orchestra.run.smithi038.stdout:/usr/bin/ceph: stderr
2024-09-13T18:21:00.924+0000 7fe4bf5e7640 1 -- 172.21.15.38:0/369459325 >> 172.21.15.38:0/369459325 conn(0x7fe4b8100c70 msgr2=0x7fe4b8101870 unknown :-1 s=STATE_NONE l=0).mark_down
2024-09-13T18:21:01.519 INFO:teuthology.orchestra.run.smithi038.stdout:/usr/bin/ceph: stderr
2024-09-13T18:21:00.924+0000 7fe4bf5e7640 1 -- 172.21.15.38:0/369459325 shutdown_connections
2024-09-13T18:21:01.519 INFO:teuthology.orchestra.run.smithi038.stdout:/usr/bin/ceph: stderr
2024-09-13T18:21:00.924+0000 7fe4bf5e7640 1 -- 172.21.15.38:0/369459325 wait complete.
2024-09-13T18:21:01.519 INFO:teuthology.orchestra.run.smithi038.stdout:Enabling cephadm module...
2024-09-13T18:21:01.879 INFO:journalctl@ceph.mon.smithi038.smithi038.stdout:Sep 13 18:21:01 smithi038 ceph-mon[27689]: from='client.? 172.21.15.38:0/369459325' entity='client.admin' cmd=[{"prefix": "config assimilate-conf"}]: dispatch
2024-09-13T18:21:03.066 INFO:journalctl@ceph.mon.smithi038.smithi038.stdout:Sep 13 18:21:02 smithi038 ceph-mon[27689]: from='client.? 172.21.15.38:0/510500803' entity='client.admin' cmd=[{"prefix": "mgr module enable", "module": "cephadm"}]: dispatch
2024-09-13T18:21:03.307 INFO:teuthology.orchestra.run.smithi038.stdout:/usr/bin/ceph: stderr
2024-09-13T18:21:01.893+0000 7f275fa1d640 1 Processor -- start
2024-09-13T18:21:03.308 INFO:teuthology.orchestra.run.smithi038.stdout:/usr/bin/ceph: stderr
2024-09-13T18:21:01.894+0000 7f275fa1d640 1 -- start start
2024-09-13T18:21:03.308 INFO:teuthology.orchestra.run.smithi038.stdout:/usr/bin/ceph: stderr
2024-09-13T18:21:01.894+0000 7f275fa1d640 1 --2- >> [v2:172.21.15.38:3300/0,v1:172.21.15.38:6789/0] conn(0x7f275807a280 0x7f275807a680 unknown :-1 s=NONE pgs=0 cs=0 l=0 rev1=0 crypto rx=0 tx=0 comp rx=0 tx=0).connect
2024-09-13T18:21:03.308 INFO:teuthology.orchestra.run.smithi038.stdout:/usr/bin/ceph: stderr
2024-09-13T18:21:01.894+0000 7f275fa1d640 1 -- --> [v2:172.21.15.38:3300/0,v1:172.21.15.38:6789/0] -- mon_getmap magic: 0 v1 -- 0x7f275807bfb0 con 0x7f275807a280
2024-09-13T18:21:03.308 INFO:teuthology.orchestra.run.smithi038.stdout:/usr/bin/ceph: stderr
2024-09-13T18:21:01.894+0000 7f275d7b9640 1 --2- >> [v2:172.21.15.38:3300/0,v1:172.21.15.38:6789/0] conn(0x7f275807a280 0x7f275807a680 unknown :-1 s=BANNER_CONNECTING pgs=0 cs=0 l=0 rev1=0 crypto rx=0 tx=0 comp rx=0 tx=0)._handle_peer_banner_payload supported=3 required=0
2024-09-13T18:21:03.308 INFO:teuthology.orchestra.run.smithi038.stdout:/usr/bin/ceph: stderr
2024-09-13T18:21:01.894+0000 7f275d7b9640 1 --2- >> [v2:172.21.15.38:3300/0,v1:172.21.15.38:6789/0] conn(0x7f275807a280 0x7f275807a680 unknown :-1 s=HELLO_CONNECTING pgs=0 cs=0 l=0 rev1=1 crypto rx=0 tx=0 comp rx=0 tx=0).handle_hello peer v2:172.21.15.38:3300/0 says I am v2:172.21.15.38:41378/0 (socket says 172.21.15.38:41378)
2024-09-13T18:21:03.308 INFO:teuthology.orchestra.run.smithi038.stdout:/usr/bin/ceph: stderr
2024-09-13T18:21:01.894+0000 7f275d7b9640 1 -- 172.21.15.38:0/576022520 learned_addr learned my addr 172.21.15.38:0/576022520 (peer_addr_for_me v2:172.21.15.38:0/0)
2024-09-13T18:21:03.308 INFO:teuthology.orchestra.run.smithi038.stdout:/usr/bin/ceph: stderr
2024-09-13T18:21:01.894+0000 7f275d7b9640 1 -- 172.21.15.38:0/576022520 --> [v2:172.21.15.38:3300/0,v1:172.21.15.38:6789/0] -- mon_subscribe({config=0+,monmap=0+}) v3 -- 0x7f275807abc0 con 0x7f275807a280
2024-09-13T18:21:03.308 INFO:teuthology.orchestra.run.smithi038.stdout:/usr/bin/ceph: stderr
2024-09-13T18:21:01.895+0000 7f275d7b9640 1 --2- 172.21.15.38:0/576022520 >> [v2:172.21.15.38:3300/0,v1:172.21.15.38:6789/0] conn(0x7f275807a280 0x7f275807a680 secure :-1 s=READY pgs=20 cs=0 l=1 rev1=1 crypto rx=0x7f2754009820 tx=0x7f275402a270 comp rx=0 tx=0).ready entity=mon.0 client_cookie=b8fe5b9422664160 server_cookie=0 in_seq=0 out_seq=0
2024-09-13T18:21:03.308 INFO:teuthology.orchestra.run.smithi038.stdout:/usr/bin/ceph: stderr
2024-09-13T18:21:01.895+0000 7f274ffff640 1 -- 172.21.15.38:0/576022520 <== mon.0 v2:172.21.15.38:3300/0 1 ==== mon_map magic: 0 v1 ==== 229+0+0 (secure 0 0 0) 0x7f275402ad40 con 0x7f275807a280
2024-09-13T18:21:03.308 INFO:teuthology.orchestra.run.smithi038.stdout:/usr/bin/ceph: stderr
2024-09-13T18:21:01.895+0000 7f274ffff640 1 -- 172.21.15.38:0/576022520 <== mon.0 v2:172.21.15.38:3300/0 2 ==== config(26 keys) v1 ==== 1007+0+0 (secure 0 0 0) 0x7f2754032890 con 0x7f275807a280
2024-09-13T18:21:03.309 INFO:teuthology.orchestra.run.smithi038.stdout:/usr/bin/ceph: stderr
2024-09-13T18:21:01.895+0000 7f274ffff640 1 -- 172.21.15.38:0/576022520 <== mon.0 v2:172.21.15.38:3300/0 3 ==== mon_map magic: 0 v1 ==== 229+0+0 (secure 0 0 0) 0x7f27540307d0 con 0x7f275807a280
2024-09-13T18:21:03.309 INFO:teuthology.orchestra.run.smithi038.stdout:/usr/bin/ceph: stderr
2024-09-13T18:21:01.896+0000 7f275fa1d640 1 -- 172.21.15.38:0/576022520 >> [v2:172.21.15.38:3300/0,v1:172.21.15.38:6789/0] conn(0x7f275807a280 msgr2=0x7f275807a680 secure :-1 s=STATE_CONNECTION_ESTABLISHED l=1).mark_down
2024-09-13T18:21:03.309 INFO:teuthology.orchestra.run.smithi038.stdout:/usr/bin/ceph: stderr
2024-09-13T18:21:01.896+0000 7f275fa1d640 1 --2- 172.21.15.38:0/576022520 >> [v2:172.21.15.38:3300/0,v1:172.21.15.38:6789/0] conn(0x7f275807a280 0x7f275807a680 secure :-1 s=READY pgs=20 cs=0 l=1 rev1=1 crypto rx=0x7f2754009820 tx=0x7f275402a270 comp rx=0 tx=0).stop
2024-09-13T18:21:03.309 INFO:teuthology.orchestra.run.smithi038.stdout:/usr/bin/ceph: stderr
2024-09-13T18:21:01.896+0000 7f275fa1d640 1 -- 172.21.15.38:0/576022520 shutdown_connections
2024-09-13T18:21:03.309 INFO:teuthology.orchestra.run.smithi038.stdout:/usr/bin/ceph: stderr
2024-09-13T18:21:01.896+0000 7f275fa1d640 1 --2- 172.21.15.38:0/576022520 >> [v2:172.21.15.38:3300/0,v1:172.21.15.38:6789/0] conn(0x7f275807a280 0x7f275807a680 unknown :-1 s=CLOSED pgs=20 cs=0 l=1 rev1=1 crypto rx=0 tx=0 comp rx=0 tx=0).stop
2024-09-13T18:21:03.309 INFO:teuthology.orchestra.run.smithi038.stdout:/usr/bin/ceph: stderr
2024-09-13T18:21:01.896+0000 7f275fa1d640 1 -- 172.21.15.38:0/576022520 >> 172.21.15.38:0/576022520 conn(0x7f2758100c20 msgr2=0x7f2758103040 unknown :-1 s=STATE_NONE l=0).mark_down
2024-09-13T18:21:03.309 INFO:teuthology.orchestra.run.smithi038.stdout:/usr/bin/ceph: stderr
2024-09-13T18:21:01.896+0000 7f275fa1d640 1 -- 172.21.15.38:0/576022520 shutdown_connections
2024-09-13T18:21:03.309 INFO:teuthology.orchestra.run.smithi038.stdout:/usr/bin/ceph: stderr
2024-09-13T18:21:01.896+0000 7f275fa1d640 1 -- 172.21.15.38:0/576022520 wait complete.
2024-09-13T18:21:03.309 INFO:teuthology.orchestra.run.smithi038.stdout:/usr/bin/ceph: stderr
2024-09-13T18:21:01.897+0000 7f275fa1d640 1 Processor -- start
2024-09-13T18:21:03.309 INFO:teuthology.orchestra.run.smithi038.stdout:/usr/bin/ceph: stderr
2024-09-13T18:21:01.897+0000 7f275fa1d640 1 -- start start
2024-09-13T18:21:03.309 INFO:teuthology.orchestra.run.smithi038.stdout:/usr/bin/ceph: stderr
2024-09-13T18:21:01.897+0000 7f275fa1d640 1 --2- >> [v2:172.21.15.38:3300/0,v1:172.21.15.38:6789/0] conn(0x7f275807a280 0x7f275819b420 unknown :-1 s=NONE pgs=0 cs=0 l=1 rev1=0 crypto rx=0 tx=0 comp rx=0 tx=0).connect
2024-09-13T18:21:03.309 INFO:teuthology.orchestra.run.smithi038.stdout:/usr/bin/ceph: stderr
2024-09-13T18:21:01.897+0000 7f275fa1d640 1 -- --> [v2:172.21.15.38:3300/0,v1:172.21.15.38:6789/0] -- mon_getmap magic: 0 v1 -- 0x7f275819b960 con 0x7f275807a280
2024-09-13T18:21:03.309 INFO:teuthology.orchestra.run.smithi038.stdout:/usr/bin/ceph: stderr
2024-09-13T18:21:01.897+0000 7f275d7b9640 1 --2- >> [v2:172.21.15.38:3300/0,v1:172.21.15.38:6789/0] conn(0x7f275807a280 0x7f275819b420 unknown :-1 s=BANNER_CONNECTING pgs=0 cs=0 l=1 rev1=0 crypto rx=0 tx=0 comp rx=0 tx=0)._handle_peer_banner_payload supported=3 required=0
2024-09-13T18:21:03.310 INFO:teuthology.orchestra.run.smithi038.stdout:/usr/bin/ceph: stderr
2024-09-13T18:21:01.897+0000 7f275d7b9640 1 --2- >> [v2:172.21.15.38:3300/0,v1:172.21.15.38:6789/0] conn(0x7f275807a280 0x7f275819b420 unknown :-1 s=HELLO_CONNECTING pgs=0 cs=0 l=1 rev1=1 crypto rx=0 tx=0 comp rx=0 tx=0).handle_hello peer v2:172.21.15.38:3300/0 says I am v2:172.21.15.38:41386/0 (socket says 172.21.15.38:41386)
2024-09-13T18:21:03.310 INFO:teuthology.orchestra.run.smithi038.stdout:/usr/bin/ceph: stderr
2024-09-13T18:21:01.897+0000 7f275d7b9640 1 -- 172.21.15.38:0/510500803 learned_addr learned my addr 172.21.15.38:0/510500803 (peer_addr_for_me v2:172.21.15.38:0/0)
2024-09-13T18:21:03.310 INFO:teuthology.orchestra.run.smithi038.stdout:/usr/bin/ceph: stderr
2024-09-13T18:21:01.897+0000 7f275d7b9640 1 -- 172.21.15.38:0/510500803 --> [v2:172.21.15.38:3300/0,v1:172.21.15.38:6789/0] -- mon_subscribe({config=0+,monmap=0+}) v3 -- 0x7f27540094d0 con 0x7f275807a280
2024-09-13T18:21:03.310 INFO:teuthology.orchestra.run.smithi038.stdout:/usr/bin/ceph: stderr
2024-09-13T18:21:01.897+0000 7f275d7b9640 1 --2- 172.21.15.38:0/510500803 >> [v2:172.21.15.38:3300/0,v1:172.21.15.38:6789/0] conn(0x7f275807a280 0x7f275819b420 secure :-1 s=READY pgs=21 cs=0 l=1 rev1=1 crypto rx=0x7f2754030380 tx=0x7f2754030cc0 comp rx=0 tx=0).ready entity=mon.0 client_cookie=0 server_cookie=0 in_seq=0 out_seq=0
2024-09-13T18:21:03.310 INFO:teuthology.orchestra.run.smithi038.stdout:/usr/bin/ceph: stderr
2024-09-13T18:21:01.898+0000 7f274e7fc640 1 -- 172.21.15.38:0/510500803 <== mon.0 v2:172.21.15.38:3300/0 1 ==== mon_map magic: 0 v1 ==== 229+0+0 (secure 0 0 0) 0x7f2754030ed0 con 0x7f275807a280
2024-09-13T18:21:03.310 INFO:teuthology.orchestra.run.smithi038.stdout:/usr/bin/ceph: stderr
2024-09-13T18:21:01.898+0000 7f274e7fc640 1 -- 172.21.15.38:0/510500803 <== mon.0 v2:172.21.15.38:3300/0 2 ==== config(26 keys) v1 ==== 1007+0+0 (secure 0 0 0) 0x7f2754032c10 con 0x7f275807a280
2024-09-13T18:21:03.310 INFO:teuthology.orchestra.run.smithi038.stdout:/usr/bin/ceph: stderr
2024-09-13T18:21:01.898+0000 7f275fa1d640 1 -- 172.21.15.38:0/510500803 --> [v2:172.21.15.38:3300/0,v1:172.21.15.38:6789/0] -- mon_subscribe({mgrmap=0+}) v3 -- 0x7f275819bb60 con 0x7f275807a280
2024-09-13T18:21:03.310 INFO:teuthology.orchestra.run.smithi038.stdout:/usr/bin/ceph: stderr
2024-09-13T18:21:01.898+0000 7f274e7fc640 1 -- 172.21.15.38:0/510500803 <== mon.0 v2:172.21.15.38:3300/0 3 ==== mon_map magic: 0 v1 ==== 229+0+0 (secure 0 0 0) 0x7f275403a560 con 0x7f275807a280
2024-09-13T18:21:03.310 INFO:teuthology.orchestra.run.smithi038.stdout:/usr/bin/ceph: stderr
2024-09-13T18:21:01.898+0000 7f275fa1d640 1 -- 172.21.15.38:0/510500803 --> [v2:172.21.15.38:3300/0,v1:172.21.15.38:6789/0] -- mon_subscribe({osdmap=0}) v3 -- 0x7f275819c000 con 0x7f275807a280
2024-09-13T18:21:03.310 INFO:teuthology.orchestra.run.smithi038.stdout:/usr/bin/ceph: stderr
2024-09-13T18:21:01.899+0000 7f274e7fc640 1 -- 172.21.15.38:0/510500803 <== mon.0 v2:172.21.15.38:3300/0 4 ==== mgrmap(e 4) v1 ==== 45545+0+0 (secure 0 0 0) 0x7f275403a7d0 con 0x7f275807a280
2024-09-13T18:21:03.310 INFO:teuthology.orchestra.run.smithi038.stdout:/usr/bin/ceph: stderr
2024-09-13T18:21:01.899+0000 7f274e7fc640 1 --2- 172.21.15.38:0/510500803 >> [v2:172.21.15.38:6800/3745740953,v1:172.21.15.38:6801/3745740953] conn(0x7f2744038650 0x7f274403ab10 unknown :-1 s=NONE pgs=0 cs=0 l=1 rev1=0 crypto rx=0 tx=0 comp rx=0 tx=0).connect
2024-09-13T18:21:03.310 INFO:teuthology.orchestra.run.smithi038.stdout:/usr/bin/ceph: stderr
2024-09-13T18:21:01.899+0000 7f275fa1d640 1 -- 172.21.15.38:0/510500803 --> [v2:172.21.15.38:3300/0,v1:172.21.15.38:6789/0] -- mon_command({"prefix": "get_command_descriptions"} v 0) v1 -- 0x7f275810b7d0 con 0x7f275807a280
2024-09-13T18:21:03.310 INFO:teuthology.orchestra.run.smithi038.stdout:/usr/bin/ceph: stderr
2024-09-13T18:21:01.899+0000 7f274e7fc640 1 -- 172.21.15.38:0/510500803 <== mon.0 v2:172.21.15.38:3300/0 5 ==== osd_map(1..1 src has 1..1) v4 ==== 725+0+0 (secure 0 0 0) 0x7f275406b590 con 0x7f275807a280
2024-09-13T18:21:03.311 INFO:teuthology.orchestra.run.smithi038.stdout:/usr/bin/ceph: stderr
2024-09-13T18:21:01.899+0000 7f275cfb8640 1 --2- 172.21.15.38:0/510500803 >> [v2:172.21.15.38:6800/3745740953,v1:172.21.15.38:6801/3745740953] conn(0x7f2744038650 0x7f274403ab10 unknown :-1 s=BANNER_CONNECTING pgs=0 cs=0 l=1 rev1=0 crypto rx=0 tx=0 comp rx=0 tx=0)._handle_peer_banner_payload supported=3 required=0
2024-09-13T18:21:03.311 INFO:teuthology.orchestra.run.smithi038.stdout:/usr/bin/ceph: stderr
2024-09-13T18:21:01.899+0000 7f275cfb8640 1 --2- 172.21.15.38:0/510500803 >> [v2:172.21.15.38:6800/3745740953,v1:172.21.15.38:6801/3745740953] conn(0x7f2744038650 0x7f274403ab10 secure :-1 s=READY pgs=8 cs=0 l=1 rev1=1 crypto rx=0x7f27480098c0 tx=0x7f2748006db0 comp rx=0 tx=0).ready entity=mgr.14100 client_cookie=0 server_cookie=0 in_seq=0 out_seq=0
2024-09-13T18:21:03.311 INFO:teuthology.orchestra.run.smithi038.stdout:/usr/bin/ceph: stderr
2024-09-13T18:21:01.904+0000 7f274e7fc640 1 -- 172.21.15.38:0/510500803 <== mon.0 v2:172.21.15.38:3300/0 6 ==== mon_command_ack([{"prefix": "get_command_descriptions"}]=0 v0) v1 ==== 72+0+183819 (secure 0 0 0) 0x7f2754039d50 con 0x7f275807a280
2024-09-13T18:21:03.311 INFO:teuthology.orchestra.run.smithi038.stdout:/usr/bin/ceph: stderr
2024-09-13T18:21:02.119+0000 7f275fa1d640 1 -- 172.21.15.38:0/510500803 --> [v2:172.21.15.38:3300/0,v1:172.21.15.38:6789/0] -- mon_command({"prefix": "mgr module enable", "module": "cephadm"} v 0) v1 -- 0x7f275810ba10 con 0x7f275807a280
2024-09-13T18:21:03.311 INFO:teuthology.orchestra.run.smithi038.stdout:/usr/bin/ceph: stderr
2024-09-13T18:21:02.768+0000 7f274e7fc640 1 -- 172.21.15.38:0/510500803 <== mon.0 v2:172.21.15.38:3300/0 7 ==== mgrmap(e 5) v1 ==== 45556+0+0 (secure 0 0 0) 0x7f275403c9e0 con 0x7f275807a280
2024-09-13T18:21:03.311 INFO:teuthology.orchestra.run.smithi038.stdout:/usr/bin/ceph: stderr
2024-09-13T18:21:02.770+0000 7f274e7fc640 1 -- 172.21.15.38:0/510500803 <== mon.0 v2:172.21.15.38:3300/0 8 ==== mon_command_ack([{"prefix": "mgr module enable", "module": "cephadm"}]=0 v5) v1 ==== 86+0+0 (secure 0 0 0) 0x7f2754044bf0 con 0x7f275807a280
2024-09-13T18:21:03.311 INFO:teuthology.orchestra.run.smithi038.stdout:/usr/bin/ceph: stderr
2024-09-13T18:21:02.773+0000 7f275fa1d640 1 -- 172.21.15.38:0/510500803 >> [v2:172.21.15.38:6800/3745740953,v1:172.21.15.38:6801/3745740953] conn(0x7f2744038650 msgr2=0x7f274403ab10 secure :-1 s=STATE_CONNECTION_ESTABLISHED l=1).mark_down
2024-09-13T18:21:03.311 INFO:teuthology.orchestra.run.smithi038.stdout:/usr/bin/ceph: stderr
2024-09-13T18:21:02.773+0000 7f275fa1d640 1 --2- 172.21.15.38:0/510500803 >> [v2:172.21.15.38:6800/3745740953,v1:172.21.15.38:6801/3745740953] conn(0x7f2744038650 0x7f274403ab10 secure :-1 s=READY pgs=8 cs=0 l=1 rev1=1 crypto rx=0x7f27480098c0 tx=0x7f2748006db0 comp rx=0 tx=0).stop
2024-09-13T18:21:03.311 INFO:teuthology.orchestra.run.smithi038.stdout:/usr/bin/ceph: stderr
2024-09-13T18:21:02.773+0000 7f275fa1d640 1 -- 172.21.15.38:0/510500803 >> [v2:172.21.15.38:3300/0,v1:172.21.15.38:6789/0] conn(0x7f275807a280 msgr2=0x7f275819b420 secure :-1 s=STATE_CONNECTION_ESTABLISHED l=1).mark_down
2024-09-13T18:21:03.311 INFO:teuthology.orchestra.run.smithi038.stdout:/usr/bin/ceph: stderr
2024-09-13T18:21:02.773+0000 7f275fa1d640 1 --2- 172.21.15.38:0/510500803 >> [v2:172.21.15.38:3300/0,v1:172.21.15.38:6789/0] conn(0x7f275807a280 0x7f275819b420 secure :-1 s=READY pgs=21 cs=0 l=1 rev1=1 crypto rx=0x7f2754030380 tx=0x7f2754030cc0 comp rx=0 tx=0).stop
2024-09-13T18:21:03.311 INFO:teuthology.orchestra.run.smithi038.stdout:/usr/bin/ceph: stderr
2024-09-13T18:21:02.773+0000 7f275fa1d640 1 -- 172.21.15.38:0/510500803 shutdown_connections
2024-09-13T18:21:03.312 INFO:teuthology.orchestra.run.smithi038.stdout:/usr/bin/ceph: stderr
2024-09-13T18:21:02.773+0000 7f275fa1d640 1 --2- 172.21.15.38:0/510500803 >> [v2:172.21.15.38:6800/3745740953,v1:172.21.15.38:6801/3745740953] conn(0x7f2744038650 0x7f274403ab10 unknown :-1 s=CLOSED pgs=8 cs=0 l=1 rev1=1 crypto rx=0 tx=0 comp rx=0 tx=0).stop
2024-09-13T18:21:03.312 INFO:teuthology.orchestra.run.smithi038.stdout:/usr/bin/ceph: stderr
2024-09-13T18:21:02.773+0000 7f275fa1d640 1 --2- 172.21.15.38:0/510500803 >> [v2:172.21.15.38:3300/0,v1:172.21.15.38:6789/0] conn(0x7f275807a280 0x7f275819b420 unknown :-1 s=CLOSED pgs=21 cs=0 l=1 rev1=1 crypto rx=0 tx=0 comp rx=0 tx=0).stop
2024-09-13T18:21:03.312 INFO:teuthology.orchestra.run.smithi038.stdout:/usr/bin/ceph: stderr
2024-09-13T18:21:02.773+0000 7f275fa1d640 1 -- 172.21.15.38:0/510500803 >> 172.21.15.38:0/510500803 conn(0x7f2758100c20 msgr2=0x7f2758101820 unknown :-1 s=STATE_NONE l=0).mark_down
2024-09-13T18:21:03.312 INFO:teuthology.orchestra.run.smithi038.stdout:/usr/bin/ceph: stderr
2024-09-13T18:21:02.773+0000 7f275fa1d640 1 -- 172.21.15.38:0/510500803 shutdown_connections
2024-09-13T18:21:03.312 INFO:teuthology.orchestra.run.smithi038.stdout:/usr/bin/ceph: stderr
2024-09-13T18:21:02.773+0000 7f275fa1d640 1 -- 172.21.15.38:0/510500803 wait complete.
2024-09-13T18:21:04.081 INFO:journalctl@ceph.mon.smithi038.smithi038.stdout:Sep 13 18:21:03 smithi038 ceph-mon[27689]: from='client.? 172.21.15.38:0/510500803' entity='client.admin' cmd='[{"prefix": "mgr module enable", "module": "cephadm"}]': finished
2024-09-13T18:21:04.081 INFO:journalctl@ceph.mon.smithi038.smithi038.stdout:Sep 13 18:21:03 smithi038 ceph-mon[27689]: mgrmap e5: smithi038.jeygoq(active, since 5s)
2024-09-13T18:21:06.643 INFO:journalctl@ceph.mon.smithi038.smithi038.stdout:Sep 13 18:21:06 smithi038 ceph-mon[27689]: from='client.? 172.21.15.38:0/730031793' entity='client.admin' cmd=[{"prefix": "mgr stat"}]: dispatch
2024-09-13T18:21:08.081 INFO:journalctl@ceph.mon.smithi038.smithi038.stdout:Sep 13 18:21:07 smithi038 ceph-mon[27689]: Active manager daemon smithi038.jeygoq restarted
2024-09-13T18:21:08.081 INFO:journalctl@ceph.mon.smithi038.smithi038.stdout:Sep 13 18:21:07 smithi038 ceph-mon[27689]: Activating manager daemon smithi038.jeygoq
2024-09-13T18:21:08.081 INFO:journalctl@ceph.mon.smithi038.smithi038.stdout:Sep 13 18:21:07 smithi038 ceph-mon[27689]: osdmap e2: 0 total, 0 up, 0 in
2024-09-13T18:21:08.081 INFO:journalctl@ceph.mon.smithi038.smithi038.stdout:Sep 13 18:21:07 smithi038 ceph-mon[27689]: mgrmap e6: smithi038.jeygoq(active, starting, since 0.00567835s)
2024-09-13T18:21:08.081 INFO:journalctl@ceph.mon.smithi038.smithi038.stdout:Sep 13 18:21:07 smithi038 ceph-mon[27689]: from='mgr.14118 172.21.15.38:0/4116252377' entity='mgr.smithi038.jeygoq' cmd=[{"prefix": "mon metadata", "id": "smithi038"}]: dispatch
2024-09-13T18:21:08.081 INFO:journalctl@ceph.mon.smithi038.smithi038.stdout:Sep 13 18:21:07 smithi038 ceph-mon[27689]: from='mgr.14118 172.21.15.38:0/4116252377' entity='mgr.smithi038.jeygoq' cmd=[{"prefix": "mgr metadata", "who": "smithi038.jeygoq", "id": "smithi038.jeygoq"}]: dispatch
2024-09-13T18:21:08.081 INFO:journalctl@ceph.mon.smithi038.smithi038.stdout:Sep 13 18:21:07 smithi038 ceph-mon[27689]: from='mgr.14118 172.21.15.38:0/4116252377' entity='mgr.smithi038.jeygoq' cmd=[{"prefix": "mds metadata"}]: dispatch
2024-09-13T18:21:08.082 INFO:journalctl@ceph.mon.smithi038.smithi038.stdout:Sep 13 18:21:07 smithi038 ceph-mon[27689]: from='mgr.14118 172.21.15.38:0/4116252377' entity='mgr.smithi038.jeygoq' cmd=[{"prefix": "osd metadata"}]: dispatch
2024-09-13T18:21:08.082 INFO:journalctl@ceph.mon.smithi038.smithi038.stdout:Sep 13 18:21:07 smithi038 ceph-mon[27689]: from='mgr.14118 172.21.15.38:0/4116252377' entity='mgr.smithi038.jeygoq' cmd=[{"prefix": "mon metadata"}]: dispatch
2024-09-13T18:21:08.082 INFO:journalctl@ceph.mon.smithi038.smithi038.stdout:Sep 13 18:21:07 smithi038 ceph-mon[27689]: Manager daemon smithi038.jeygoq is now available
2024-09-13T18:21:08.082 INFO:journalctl@ceph.mon.smithi038.smithi038.stdout:Sep 13 18:21:07 smithi038 ceph-mon[27689]: from='mgr.14118 172.21.15.38:0/4116252377' entity='mgr.smithi038.jeygoq'
2024-09-13T18:21:08.082 INFO:journalctl@ceph.mon.smithi038.smithi038.stdout:Sep 13 18:21:07 smithi038 ceph-mon[27689]: from='mgr.14118 172.21.15.38:0/4116252377' entity='mgr.smithi038.jeygoq'
2024-09-13T18:21:08.082 INFO:journalctl@ceph.mon.smithi038.smithi038.stdout:Sep 13 18:21:07 smithi038 ceph-mon[27689]: from='mgr.14118 172.21.15.38:0/4116252377' entity='mgr.smithi038.jeygoq' cmd=[{"prefix": "config dump", "format": "json"}]: dispatch
2024-09-13T18:21:08.082 INFO:journalctl@ceph.mon.smithi038.smithi038.stdout:Sep 13 18:21:07 smithi038 ceph-mon[27689]: from='mgr.14118 172.21.15.38:0/4116252377' entity='mgr.smithi038.jeygoq' cmd=[{"prefix": "config dump", "format": "json"}]: dispatch
2024-09-13T18:21:08.082 INFO:journalctl@ceph.mon.smithi038.smithi038.stdout:Sep 13 18:21:07 smithi038 ceph-mon[27689]: from='mgr.14118 172.21.15.38:0/4116252377' entity='mgr.smithi038.jeygoq' cmd=[{"prefix":"config rm","who":"mgr","name":"mgr/rbd_support/smithi038.jeygoq/mirror_snapshot_schedule"}]: dispatch
2024-09-13T18:21:08.082 INFO:journalctl@ceph.mon.smithi038.smithi038.stdout:Sep 13 18:21:07 smithi038 ceph-mon[27689]: from='mgr.14118 172.21.15.38:0/4116252377' entity='mgr.smithi038.jeygoq' cmd=[{"prefix":"config rm","who":"mgr","name":"mgr/rbd_support/smithi038.jeygoq/trash_purge_schedule"}]: dispatch
2024-09-13T18:21:10.081 INFO:journalctl@ceph.mon.smithi038.smithi038.stdout:Sep 13 18:21:09 smithi038 ceph-mon[27689]: Found migration_current of "None". Setting to last migration.
2024-09-13T18:21:10.081 INFO:journalctl@ceph.mon.smithi038.smithi038.stdout:Sep 13 18:21:09 smithi038 ceph-mon[27689]: mgrmap e7: smithi038.jeygoq(active, since 1.00769s)
2024-09-13T18:21:10.081 INFO:journalctl@ceph.mon.smithi038.smithi038.stdout:Sep 13 18:21:09 smithi038 ceph-mon[27689]: from='mgr.14118 172.21.15.38:0/4116252377' entity='mgr.smithi038.jeygoq'
2024-09-13T18:21:10.081 INFO:journalctl@ceph.mon.smithi038.smithi038.stdout:Sep 13 18:21:09 smithi038 ceph-mon[27689]: from='mgr.14118 172.21.15.38:0/4116252377' entity='mgr.smithi038.jeygoq'
2024-09-13T18:21:11.831 INFO:journalctl@ceph.mon.smithi038.smithi038.stdout:Sep 13 18:21:11 smithi038 ceph-mon[27689]: mgrmap e8: smithi038.jeygoq(active, since 2s)
2024-09-13T18:21:11.832 INFO:journalctl@ceph.mon.smithi038.smithi038.stdout:Sep 13 18:21:11 smithi038 ceph-mon[27689]: [13/Sep/2024:18:21:10] ENGINE Bus STARTING
2024-09-13T18:21:11.832 INFO:journalctl@ceph.mon.smithi038.smithi038.stdout:Sep 13 18:21:11 smithi038 ceph-mon[27689]: [13/Sep/2024:18:21:10] ENGINE Serving on https://172.21.15.38:7150
2024-09-13T18:21:11.832 INFO:journalctl@ceph.mon.smithi038.smithi038.stdout:Sep 13 18:21:11 smithi038 ceph-mon[27689]: [13/Sep/2024:18:21:10] ENGINE Error in HTTPServer.serve
2024-09-13T18:21:11.832 INFO:journalctl@ceph.mon.smithi038.smithi038.stdout: Traceback (most recent call last):
2024-09-13T18:21:11.832 INFO:journalctl@ceph.mon.smithi038.smithi038.stdout: File "/lib/python3.9/site-packages/cheroot/server.py", line 1823, in serve
2024-09-13T18:21:11.832 INFO:journalctl@ceph.mon.smithi038.smithi038.stdout: self._connections.run(self.expiration_interval)
2024-09-13T18:21:11.833 INFO:journalctl@ceph.mon.smithi038.smithi038.stdout: File "/lib/python3.9/site-packages/cheroot/connections.py", line 203, in run
2024-09-13T18:21:11.833 INFO:journalctl@ceph.mon.smithi038.smithi038.stdout: self._run(expiration_interval)
2024-09-13T18:21:11.833 INFO:journalctl@ceph.mon.smithi038.smithi038.stdout: File "/lib/python3.9/site-packages/cheroot/connections.py", line 246, in _run
2024-09-13T18:21:11.833 INFO:journalctl@ceph.mon.smithi038.smithi038.stdout: new_conn = self._from_server_socket(self.server.socket)
2024-09-13T18:21:11.833 INFO:journalctl@ceph.mon.smithi038.smithi038.stdout: File "/lib/python3.9/site-packages/cheroot/connections.py", line 300, in _from_server_socket
2024-09-13T18:21:11.833 INFO:journalctl@ceph.mon.smithi038.smithi038.stdout: s, ssl_env = self.server.ssl_adapter.wrap(s)
2024-09-13T18:21:11.833 INFO:journalctl@ceph.mon.smithi038.smithi038.stdout: File "/lib/python3.9/site-packages/cheroot/ssl/builtin.py", line 277, in wrap
2024-09-13T18:21:11.834 INFO:journalctl@ceph.mon.smithi038.smithi038.stdout: s = self.context.wrap_socket(
2024-09-13T18:21:11.834 INFO:journalctl@ceph.mon.smithi038.smithi038.stdout: File "/lib64/python3.9/ssl.py", line 501, in wrap_socket
2024-09-13T18:21:11.834 INFO:journalctl@ceph.mon.smithi038.smithi038.stdout: return self.sslsocket_class._create(
