2024-09-13T18:21:24.233 INFO:journalctl@ceph.mon.smithi038.smithi038.stdout:Sep 13 18:21:23 smithi038 ceph-mon[27689]: Deploying cephadm binary to smithi038
2024-09-13T18:21:25.889 INFO:teuthology.orchestra.run.smithi038.stdout:/usr/bin/ceph: stdout Added host 'smithi038' with addr '172.21.15.38'
2024-09-13T18:21:25.889 INFO:teuthology.orchestra.run.smithi038.stdout:/usr/bin/ceph: stderr
2024-09-13T18:21:21.800+0000 7f49435c7640 1 Processor -- start
2024-09-13T18:21:25.889 INFO:teuthology.orchestra.run.smithi038.stdout:/usr/bin/ceph: stderr
2024-09-13T18:21:21.800+0000 7f49435c7640 1 -- start start
2024-09-13T18:21:25.889 INFO:teuthology.orchestra.run.smithi038.stdout:/usr/bin/ceph: stderr
2024-09-13T18:21:21.800+0000 7f49435c7640 1 --2- >> [v2:172.21.15.38:3300/0,v1:172.21.15.38:6789/0] conn(0x7f493c105ed0 0x7f493c1082c0 unknown :-1 s=NONE pgs=0 cs=0 l=0 rev1=0 crypto rx=0 tx=0 comp rx=0 tx=0).connect
2024-09-13T18:21:25.889 INFO:teuthology.orchestra.run.smithi038.stdout:/usr/bin/ceph: stderr
2024-09-13T18:21:21.800+0000 7f49435c7640 1 -- --> [v2:172.21.15.38:3300/0,v1:172.21.15.38:6789/0] -- mon_getmap magic: 0 v1 -- 0x7f493c079de0 con 0x7f493c105ed0
2024-09-13T18:21:25.890 INFO:teuthology.orchestra.run.smithi038.stdout:/usr/bin/ceph: stderr
2024-09-13T18:21:21.801+0000 7f4941363640 1 --2- >> [v2:172.21.15.38:3300/0,v1:172.21.15.38:6789/0] conn(0x7f493c105ed0 0x7f493c1082c0 unknown :-1 s=BANNER_CONNECTING pgs=0 cs=0 l=0 rev1=0 crypto rx=0 tx=0 comp rx=0 tx=0)._handle_peer_banner_payload supported=3 required=0
2024-09-13T18:21:25.890 INFO:teuthology.orchestra.run.smithi038.stdout:/usr/bin/ceph: stderr
2024-09-13T18:21:21.801+0000 7f4941363640 1 --2- >> [v2:172.21.15.38:3300/0,v1:172.21.15.38:6789/0] conn(0x7f493c105ed0 0x7f493c1082c0 unknown :-1 s=HELLO_CONNECTING pgs=0 cs=0 l=0 rev1=1 crypto rx=0 tx=0 comp rx=0 tx=0).handle_hello peer v2:172.21.15.38:3300/0 says I am v2:172.21.15.38:48784/0 (socket says 172.21.15.38:48784)
2024-09-13T18:21:25.890 INFO:teuthology.orchestra.run.smithi038.stdout:/usr/bin/ceph: stderr
2024-09-13T18:21:21.801+0000 7f4941363640 1 -- 172.21.15.38:0/2502366898 learned_addr learned my addr 172.21.15.38:0/2502366898 (peer_addr_for_me v2:172.21.15.38:0/0)
2024-09-13T18:21:25.890 INFO:teuthology.orchestra.run.smithi038.stdout:/usr/bin/ceph: stderr
2024-09-13T18:21:21.801+0000 7f4941363640 1 -- 172.21.15.38:0/2502366898 --> [v2:172.21.15.38:3300/0,v1:172.21.15.38:6789/0] -- mon_subscribe({config=0+,monmap=0+}) v3 -- 0x7f493c108800 con 0x7f493c105ed0
2024-09-13T18:21:25.890 INFO:teuthology.orchestra.run.smithi038.stdout:/usr/bin/ceph: stderr
2024-09-13T18:21:21.802+0000 7f4941363640 1 --2- 172.21.15.38:0/2502366898 >> [v2:172.21.15.38:3300/0,v1:172.21.15.38:6789/0] conn(0x7f493c105ed0 0x7f493c1082c0 secure :-1 s=READY pgs=43 cs=0 l=1 rev1=1 crypto rx=0x7f4938009820 tx=0x7f493802a270 comp rx=0 tx=0).ready entity=mon.0 client_cookie=12ba779ed51d45d3 server_cookie=0 in_seq=0 out_seq=0
2024-09-13T18:21:25.890 INFO:teuthology.orchestra.run.smithi038.stdout:/usr/bin/ceph: stderr
2024-09-13T18:21:21.802+0000 7f4933fff640 1 -- 172.21.15.38:0/2502366898 <== mon.0 v2:172.21.15.38:3300/0 1 ==== mon_map magic: 0 v1 ==== 229+0+0 (secure 0 0 0) 0x7f493802ad40 con 0x7f493c105ed0
2024-09-13T18:21:25.890 INFO:teuthology.orchestra.run.smithi038.stdout:/usr/bin/ceph: stderr
2024-09-13T18:21:21.802+0000 7f4933fff640 1 -- 172.21.15.38:0/2502366898 <== mon.0 v2:172.21.15.38:3300/0 2 ==== config(26 keys) v1 ==== 1007+0+0 (secure 0 0 0) 0x7f4938032890 con 0x7f493c105ed0
2024-09-13T18:21:25.890 INFO:teuthology.orchestra.run.smithi038.stdout:/usr/bin/ceph: stderr
2024-09-13T18:21:21.802+0000 7f4933fff640 1 -- 172.21.15.38:0/2502366898 <== mon.0 v2:172.21.15.38:3300/0 3 ==== mon_map magic: 0 v1 ==== 229+0+0 (secure 0 0 0) 0x7f49380307d0 con 0x7f493c105ed0
2024-09-13T18:21:25.890 INFO:teuthology.orchestra.run.smithi038.stdout:/usr/bin/ceph: stderr
2024-09-13T18:21:21.802+0000 7f49435c7640 1 -- 172.21.15.38:0/2502366898 >> [v2:172.21.15.38:3300/0,v1:172.21.15.38:6789/0] conn(0x7f493c105ed0 msgr2=0x7f493c1082c0 secure :-1 s=STATE_CONNECTION_ESTABLISHED l=1).mark_down
2024-09-13T18:21:25.890 INFO:teuthology.orchestra.run.smithi038.stdout:/usr/bin/ceph: stderr
2024-09-13T18:21:21.802+0000 7f49435c7640 1 --2- 172.21.15.38:0/2502366898 >> [v2:172.21.15.38:3300/0,v1:172.21.15.38:6789/0] conn(0x7f493c105ed0 0x7f493c1082c0 secure :-1 s=READY pgs=43 cs=0 l=1 rev1=1 crypto rx=0x7f4938009820 tx=0x7f493802a270 comp rx=0 tx=0).stop
2024-09-13T18:21:25.890 INFO:teuthology.orchestra.run.smithi038.stdout:/usr/bin/ceph: stderr
2024-09-13T18:21:21.803+0000 7f49435c7640 1 -- 172.21.15.38:0/2502366898 shutdown_connections
2024-09-13T18:21:25.890 INFO:teuthology.orchestra.run.smithi038.stdout:/usr/bin/ceph: stderr
2024-09-13T18:21:21.803+0000 7f49435c7640 1 --2- 172.21.15.38:0/2502366898 >> [v2:172.21.15.38:3300/0,v1:172.21.15.38:6789/0] conn(0x7f493c105ed0 0x7f493c1082c0 unknown :-1 s=CLOSED pgs=43 cs=0 l=1 rev1=1 crypto rx=0 tx=0 comp rx=0 tx=0).stop
2024-09-13T18:21:25.891 INFO:teuthology.orchestra.run.smithi038.stdout:/usr/bin/ceph: stderr
2024-09-13T18:21:21.803+0000 7f49435c7640 1 -- 172.21.15.38:0/2502366898 >> 172.21.15.38:0/2502366898 conn(0x7f493c0ffb50 msgr2=0x7f493c101f70 unknown :-1 s=STATE_NONE l=0).mark_down
2024-09-13T18:21:25.891 INFO:teuthology.orchestra.run.smithi038.stdout:/usr/bin/ceph: stderr
2024-09-13T18:21:21.803+0000 7f49435c7640 1 -- 172.21.15.38:0/2502366898 shutdown_connections
2024-09-13T18:21:25.891 INFO:teuthology.orchestra.run.smithi038.stdout:/usr/bin/ceph: stderr
2024-09-13T18:21:21.803+0000 7f49435c7640 1 -- 172.21.15.38:0/2502366898 wait complete.
2024-09-13T18:21:25.891 INFO:teuthology.orchestra.run.smithi038.stdout:/usr/bin/ceph: stderr
2024-09-13T18:21:21.803+0000 7f49435c7640 1 Processor -- start
2024-09-13T18:21:25.891 INFO:teuthology.orchestra.run.smithi038.stdout:/usr/bin/ceph: stderr
2024-09-13T18:21:21.803+0000 7f49435c7640 1 -- start start
2024-09-13T18:21:25.891 INFO:teuthology.orchestra.run.smithi038.stdout:/usr/bin/ceph: stderr
2024-09-13T18:21:21.803+0000 7f49435c7640 1 --2- >> [v2:172.21.15.38:3300/0,v1:172.21.15.38:6789/0] conn(0x7f493c105ed0 0x7f493c105750 unknown :-1 s=NONE pgs=0 cs=0 l=1 rev1=0 crypto rx=0 tx=0 comp rx=0 tx=0).connect
2024-09-13T18:21:25.891 INFO:teuthology.orchestra.run.smithi038.stdout:/usr/bin/ceph: stderr
2024-09-13T18:21:21.803+0000 7f49435c7640 1 -- --> [v2:172.21.15.38:3300/0,v1:172.21.15.38:6789/0] -- mon_getmap magic: 0 v1 -- 0x7f493c105c90 con 0x7f493c105ed0
2024-09-13T18:21:25.891 INFO:teuthology.orchestra.run.smithi038.stdout:/usr/bin/ceph: stderr
2024-09-13T18:21:21.804+0000 7f4941363640 1 --2- >> [v2:172.21.15.38:3300/0,v1:172.21.15.38:6789/0] conn(0x7f493c105ed0 0x7f493c105750 unknown :-1 s=BANNER_CONNECTING pgs=0 cs=0 l=1 rev1=0 crypto rx=0 tx=0 comp rx=0 tx=0)._handle_peer_banner_payload supported=3 required=0
2024-09-13T18:21:25.891 INFO:teuthology.orchestra.run.smithi038.stdout:/usr/bin/ceph: stderr
2024-09-13T18:21:21.804+0000 7f4941363640 1 --2- >> [v2:172.21.15.38:3300/0,v1:172.21.15.38:6789/0] conn(0x7f493c105ed0 0x7f493c105750 unknown :-1 s=HELLO_CONNECTING pgs=0 cs=0 l=1 rev1=1 crypto rx=0 tx=0 comp rx=0 tx=0).handle_hello peer v2:172.21.15.38:3300/0 says I am v2:172.21.15.38:48788/0 (socket says 172.21.15.38:48788)
2024-09-13T18:21:25.891 INFO:teuthology.orchestra.run.smithi038.stdout:/usr/bin/ceph: stderr
2024-09-13T18:21:21.804+0000 7f4941363640 1 -- 172.21.15.38:0/2032936624 learned_addr learned my addr 172.21.15.38:0/2032936624 (peer_addr_for_me v2:172.21.15.38:0/0)
2024-09-13T18:21:25.891 INFO:teuthology.orchestra.run.smithi038.stdout:/usr/bin/ceph: stderr
2024-09-13T18:21:21.804+0000 7f4941363640 1 -- 172.21.15.38:0/2032936624 --> [v2:172.21.15.38:3300/0,v1:172.21.15.38:6789/0] -- mon_subscribe({config=0+,monmap=0+}) v3 -- 0x7f49380094d0 con 0x7f493c105ed0
2024-09-13T18:21:25.891 INFO:teuthology.orchestra.run.smithi038.stdout:/usr/bin/ceph: stderr
2024-09-13T18:21:21.804+0000 7f4941363640 1 --2- 172.21.15.38:0/2032936624 >> [v2:172.21.15.38:3300/0,v1:172.21.15.38:6789/0] conn(0x7f493c105ed0 0x7f493c105750 secure :-1 s=READY pgs=44 cs=0 l=1 rev1=1 crypto rx=0x7f4938030d40 tx=0x7f4938030d70 comp rx=0 tx=0).ready entity=mon.0 client_cookie=0 server_cookie=0 in_seq=0 out_seq=0
2024-09-13T18:21:25.891 INFO:teuthology.orchestra.run.smithi038.stdout:/usr/bin/ceph: stderr
2024-09-13T18:21:21.804+0000 7f49327fc640 1 -- 172.21.15.38:0/2032936624 <== mon.0 v2:172.21.15.38:3300/0 1 ==== mon_map magic: 0 v1 ==== 229+0+0 (secure 0 0 0) 0x7f4938032c10 con 0x7f493c105ed0
2024-09-13T18:21:25.891 INFO:teuthology.orchestra.run.smithi038.stdout:/usr/bin/ceph: stderr
2024-09-13T18:21:21.804+0000 7f49327fc640 1 -- 172.21.15.38:0/2032936624 <== mon.0 v2:172.21.15.38:3300/0 2 ==== config(26 keys) v1 ==== 1007+0+0 (secure 0 0 0) 0x7f4938032d70 con 0x7f493c105ed0
2024-09-13T18:21:25.891 INFO:teuthology.orchestra.run.smithi038.stdout:/usr/bin/ceph: stderr
2024-09-13T18:21:21.804+0000 7f49435c7640 1 -- 172.21.15.38:0/2032936624 --> [v2:172.21.15.38:3300/0,v1:172.21.15.38:6789/0] -- mon_subscribe({mgrmap=0+}) v3 -- 0x7f493c103e80 con 0x7f493c105ed0
2024-09-13T18:21:25.892 INFO:teuthology.orchestra.run.smithi038.stdout:/usr/bin/ceph: stderr
2024-09-13T18:21:21.804+0000 7f49327fc640 1 -- 172.21.15.38:0/2032936624 <== mon.0 v2:172.21.15.38:3300/0 3 ==== mon_map magic: 0 v1 ==== 229+0+0 (secure 0 0 0) 0x7f493803a560 con 0x7f493c105ed0
2024-09-13T18:21:25.892 INFO:teuthology.orchestra.run.smithi038.stdout:/usr/bin/ceph: stderr
2024-09-13T18:21:21.804+0000 7f49435c7640 1 -- 172.21.15.38:0/2032936624 --> [v2:172.21.15.38:3300/0,v1:172.21.15.38:6789/0] -- mon_subscribe({osdmap=0}) v3 -- 0x7f493c104320 con 0x7f493c105ed0
2024-09-13T18:21:25.892 INFO:teuthology.orchestra.run.smithi038.stdout:/usr/bin/ceph: stderr
2024-09-13T18:21:21.805+0000 7f49327fc640 1 -- 172.21.15.38:0/2032936624 <== mon.0 v2:172.21.15.38:3300/0 4 ==== mgrmap(e 8) v1 ==== 45556+0+0 (secure 0 0 0) 0x7f493803a7d0 con 0x7f493c105ed0
2024-09-13T18:21:25.892 INFO:teuthology.orchestra.run.smithi038.stdout:/usr/bin/ceph: stderr
2024-09-13T18:21:21.805+0000 7f49327fc640 1 --2- 172.21.15.38:0/2032936624 >> [v2:172.21.15.38:6800/818807657,v1:172.21.15.38:6801/818807657] conn(0x7f4928038650 0x7f492803ab10 unknown :-1 s=NONE pgs=0 cs=0 l=1 rev1=0 crypto rx=0 tx=0 comp rx=0 tx=0).connect
2024-09-13T18:21:25.892 INFO:teuthology.orchestra.run.smithi038.stdout:/usr/bin/ceph: stderr
2024-09-13T18:21:21.805+0000 7f49327fc640 1 -- 172.21.15.38:0/2032936624 <== mon.0 v2:172.21.15.38:3300/0 5 ==== osd_map(2..2 src has 1..2) v4 ==== 940+0+0 (secure 0 0 0) 0x7f493806b900 con 0x7f493c105ed0
2024-09-13T18:21:25.892 INFO:teuthology.orchestra.run.smithi038.stdout:/usr/bin/ceph: stderr
2024-09-13T18:21:21.805+0000 7f49435c7640 1 -- 172.21.15.38:0/2032936624 --> [v2:172.21.15.38:3300/0,v1:172.21.15.38:6789/0] -- mon_command({"prefix": "get_command_descriptions"} v 0) v1 -- 0x7f493c1094f0 con 0x7f493c105ed0
2024-09-13T18:21:25.892 INFO:teuthology.orchestra.run.smithi038.stdout:/usr/bin/ceph: stderr
2024-09-13T18:21:21.805+0000 7f4940b62640 1 --2- 172.21.15.38:0/2032936624 >> [v2:172.21.15.38:6800/818807657,v1:172.21.15.38:6801/818807657] conn(0x7f4928038650 0x7f492803ab10 unknown :-1 s=BANNER_CONNECTING pgs=0 cs=0 l=1 rev1=0 crypto rx=0 tx=0 comp rx=0 tx=0)._handle_peer_banner_payload supported=3 required=0
2024-09-13T18:21:25.892 INFO:teuthology.orchestra.run.smithi038.stdout:/usr/bin/ceph: stderr
2024-09-13T18:21:21.806+0000 7f4940b62640 1 --2- 172.21.15.38:0/2032936624 >> [v2:172.21.15.38:6800/818807657,v1:172.21.15.38:6801/818807657] conn(0x7f4928038650 0x7f492803ab10 secure :-1 s=READY pgs=11 cs=0 l=1 rev1=1 crypto rx=0x7f492c0098c0 tx=0x7f492c006db0 comp rx=0 tx=0).ready entity=mgr.14118 client_cookie=0 server_cookie=0 in_seq=0 out_seq=0
2024-09-13T18:21:25.892 INFO:teuthology.orchestra.run.smithi038.stdout:/usr/bin/ceph: stderr
2024-09-13T18:21:21.810+0000 7f49327fc640 1 -- 172.21.15.38:0/2032936624 <== mon.0 v2:172.21.15.38:3300/0 6 ==== mon_command_ack([{"prefix": "get_command_descriptions"}]=0 v0) v1 ==== 72+0+183819 (secure 0 0 0) 0x7f493803c400 con 0x7f493c105ed0
2024-09-13T18:21:25.892 INFO:teuthology.orchestra.run.smithi038.stdout:/usr/bin/ceph: stderr
2024-09-13T18:21:21.987+0000 7f49435c7640 1 -- 172.21.15.38:0/2032936624 --> [v2:172.21.15.38:6800/818807657,v1:172.21.15.38:6801/818807657] -- mgr_command(tid 0: {"prefix": "orch host add", "hostname": "smithi038", "addr": "172.21.15.38", "target": ["mon-mgr", ""]}) v1 -- 0x7f493c104ad0 con 0x7f4928038650
2024-09-13T18:21:25.892 INFO:teuthology.orchestra.run.smithi038.stdout:/usr/bin/ceph: stderr
2024-09-13T18:21:25.304+0000 7f49327fc640 1 -- 172.21.15.38:0/2032936624 <== mgr.14118 v2:172.21.15.38:6800/818807657 1 ==== mgr_command_reply(tid 0: 0 ) v1 ==== 8+0+48 (secure 0 0 0) 0x7f493c104ad0 con 0x7f4928038650
2024-09-13T18:21:25.892 INFO:teuthology.orchestra.run.smithi038.stdout:/usr/bin/ceph: stderr
2024-09-13T18:21:25.307+0000 7f49435c7640 1 -- 172.21.15.38:0/2032936624 >> [v2:172.21.15.38:6800/818807657,v1:172.21.15.38:6801/818807657] conn(0x7f4928038650 msgr2=0x7f492803ab10 secure :-1 s=STATE_CONNECTION_ESTABLISHED l=1).mark_down
2024-09-13T18:21:25.892 INFO:teuthology.orchestra.run.smithi038.stdout:/usr/bin/ceph: stderr
2024-09-13T18:21:25.307+0000 7f49435c7640 1 --2- 172.21.15.38:0/2032936624 >> [v2:172.21.15.38:6800/818807657,v1:172.21.15.38:6801/818807657] conn(0x7f4928038650 0x7f492803ab10 secure :-1 s=READY pgs=11 cs=0 l=1 rev1=1 crypto rx=0x7f492c0098c0 tx=0x7f492c006db0 comp rx=0 tx=0).stop
2024-09-13T18:21:25.893 INFO:teuthology.orchestra.run.smithi038.stdout:/usr/bin/ceph: stderr
2024-09-13T18:21:25.307+0000 7f49435c7640 1 -- 172.21.15.38:0/2032936624 >> [v2:172.21.15.38:3300/0,v1:172.21.15.38:6789/0] conn(0x7f493c105ed0 msgr2=0x7f493c105750 secure :-1 s=STATE_CONNECTION_ESTABLISHED l=1).mark_down
2024-09-13T18:21:25.893 INFO:teuthology.orchestra.run.smithi038.stdout:/usr/bin/ceph: stderr
2024-09-13T18:21:25.307+0000 7f49435c7640 1 --2- 172.21.15.38:0/2032936624 >> [v2:172.21.15.38:3300/0,v1:172.21.15.38:6789/0] conn(0x7f493c105ed0 0x7f493c105750 secure :-1 s=READY pgs=44 cs=0 l=1 rev1=1 crypto rx=0x7f4938030d40 tx=0x7f4938030d70 comp rx=0 tx=0).stop
2024-09-13T18:21:25.893 INFO:teuthology.orchestra.run.smithi038.stdout:/usr/bin/ceph: stderr
2024-09-13T18:21:25.307+0000 7f49435c7640 1 -- 172.21.15.38:0/2032936624 shutdown_connections
2024-09-13T18:21:25.893 INFO:teuthology.orchestra.run.smithi038.stdout:/usr/bin/ceph: stderr
2024-09-13T18:21:25.307+0000 7f49435c7640 1 --2- 172.21.15.38:0/2032936624 >> [v2:172.21.15.38:6800/818807657,v1:172.21.15.38:6801/818807657] conn(0x7f4928038650 0x7f492803ab10 unknown :-1 s=CLOSED pgs=11 cs=0 l=1 rev1=1 crypto rx=0 tx=0 comp rx=0 tx=0).stop
2024-09-13T18:21:25.893 INFO:teuthology.orchestra.run.smithi038.stdout:/usr/bin/ceph: stderr
2024-09-13T18:21:25.307+0000 7f49435c7640 1 --2- 172.21.15.38:0/2032936624 >> [v2:172.21.15.38:3300/0,v1:172.21.15.38:6789/0] conn(0x7f493c105ed0 0x7f493c105750 unknown :-1 s=CLOSED pgs=44 cs=0 l=1 rev1=1 crypto rx=0 tx=0 comp rx=0 tx=0).stop
2024-09-13T18:21:25.893 INFO:teuthology.orchestra.run.smithi038.stdout:/usr/bin/ceph: stderr
2024-09-13T18:21:25.307+0000 7f49435c7640 1 -- 172.21.15.38:0/2032936624 >> 172.21.15.38:0/2032936624 conn(0x7f493c0ffb50 msgr2=0x7f493c1007b0 unknown :-1 s=STATE_NONE l=0).mark_down
2024-09-13T18:21:25.893 INFO:teuthology.orchestra.run.smithi038.stdout:/usr/bin/ceph: stderr
2024-09-13T18:21:25.307+0000 7f49435c7640 1 -- 172.21.15.38:0/2032936624 shutdown_connections
2024-09-13T18:21:25.893 INFO:teuthology.orchestra.run.smithi038.stdout:/usr/bin/ceph: stderr
2024-09-13T18:21:25.307+0000 7f49435c7640 1 -- 172.21.15.38:0/2032936624 wait complete.
2024-09-13T18:21:25.893 INFO:teuthology.orchestra.run.smithi038.stdout:Deploying mon service with default placement...
2024-09-13T18:21:26.581 INFO:journalctl@ceph.mon.smithi038.smithi038.stdout:Sep 13 18:21:26 smithi038 ceph-mon[27689]: from='mgr.14118 172.21.15.38:0/4116252377' entity='mgr.smithi038.jeygoq'
2024-09-13T18:21:26.581 INFO:journalctl@ceph.mon.smithi038.smithi038.stdout:Sep 13 18:21:26 smithi038 ceph-mon[27689]: Added host smithi038
2024-09-13T18:21:26.581 INFO:journalctl@ceph.mon.smithi038.smithi038.stdout:Sep 13 18:21:26 smithi038 ceph-mon[27689]: from='mgr.14118 172.21.15.38:0/4116252377' entity='mgr.smithi038.jeygoq' cmd=[{"prefix": "config dump", "format": "json"}]: dispatch
2024-09-13T18:21:27.418 INFO:teuthology.orchestra.run.smithi038.stdout:/usr/bin/ceph: stdout Scheduled mon update...
2024-09-13T18:21:27.421 INFO:teuthology.orchestra.run.smithi038.stdout:/usr/bin/ceph: stderr
2024-09-13T18:21:26.307+0000 7f31221e1640 1 Processor -- start
2024-09-13T18:21:27.421 INFO:teuthology.orchestra.run.smithi038.stdout:/usr/bin/ceph: stderr
2024-09-13T18:21:26.307+0000 7f31221e1640 1 -- start start
2024-09-13T18:21:27.421 INFO:teuthology.orchestra.run.smithi038.stdout:/usr/bin/ceph: stderr
2024-09-13T18:21:26.307+0000 7f31221e1640 1 --2- >> [v2:172.21.15.38:3300/0,v1:172.21.15.38:6789/0] conn(0x7f311c105ea0 0x7f311c108290 unknown :-1 s=NONE pgs=0 cs=0 l=0 rev1=0 crypto rx=0 tx=0 comp rx=0 tx=0).connect
2024-09-13T18:21:27.421 INFO:teuthology.orchestra.run.smithi038.stdout:/usr/bin/ceph: stderr
2024-09-13T18:21:26.307+0000 7f31221e1640 1 -- --> [v2:172.21.15.38:3300/0,v1:172.21.15.38:6789/0] -- mon_getmap magic: 0 v1 -- 0x7f311c079de0 con 0x7f311c105ea0
2024-09-13T18:21:27.421 INFO:teuthology.orchestra.run.smithi038.stdout:/usr/bin/ceph: stderr
2024-09-13T18:21:26.308+0000 7f311b7fe640 1 --2- >> [v2:172.21.15.38:3300/0,v1:172.21.15.38:6789/0] conn(0x7f311c105ea0 0x7f311c108290 unknown :-1 s=BANNER_CONNECTING pgs=0 cs=0 l=0 rev1=0 crypto rx=0 tx=0 comp rx=0 tx=0)._handle_peer_banner_payload supported=3 required=0
2024-09-13T18:21:27.421 INFO:teuthology.orchestra.run.smithi038.stdout:/usr/bin/ceph: stderr
2024-09-13T18:21:26.308+0000 7f311b7fe640 1 --2- >> [v2:172.21.15.38:3300/0,v1:172.21.15.38:6789/0] conn(0x7f311c105ea0 0x7f311c108290 unknown :-1 s=HELLO_CONNECTING pgs=0 cs=0 l=0 rev1=1 crypto rx=0 tx=0 comp rx=0 tx=0).handle_hello peer v2:172.21.15.38:3300/0 says I am v2:172.21.15.38:43050/0 (socket says 172.21.15.38:43050)
2024-09-13T18:21:27.421 INFO:teuthology.orchestra.run.smithi038.stdout:/usr/bin/ceph: stderr
2024-09-13T18:21:26.308+0000 7f311b7fe640 1 -- 172.21.15.38:0/2561812050 learned_addr learned my addr 172.21.15.38:0/2561812050 (peer_addr_for_me v2:172.21.15.38:0/0)
2024-09-13T18:21:27.421 INFO:teuthology.orchestra.run.smithi038.stdout:/usr/bin/ceph: stderr
2024-09-13T18:21:26.308+0000 7f311b7fe640 1 -- 172.21.15.38:0/2561812050 --> [v2:172.21.15.38:3300/0,v1:172.21.15.38:6789/0] -- mon_subscribe({config=0+,monmap=0+}) v3 -- 0x7f311c1087d0 con 0x7f311c105ea0
2024-09-13T18:21:27.421 INFO:teuthology.orchestra.run.smithi038.stdout:/usr/bin/ceph: stderr
2024-09-13T18:21:26.309+0000 7f311b7fe640 1 --2- 172.21.15.38:0/2561812050 >> [v2:172.21.15.38:3300/0,v1:172.21.15.38:6789/0] conn(0x7f311c105ea0 0x7f311c108290 secure :-1 s=READY pgs=45 cs=0 l=1 rev1=1 crypto rx=0x7f310c009820 tx=0x7f310c02a270 comp rx=0 tx=0).ready entity=mon.0 client_cookie=d76b83e34994f7b8 server_cookie=0 in_seq=0 out_seq=0
2024-09-13T18:21:27.421 INFO:teuthology.orchestra.run.smithi038.stdout:/usr/bin/ceph: stderr
2024-09-13T18:21:26.310+0000 7f311a7fc640 1 -- 172.21.15.38:0/2561812050 <== mon.0 v2:172.21.15.38:3300/0 1 ==== mon_map magic: 0 v1 ==== 229+0+0 (secure 0 0 0) 0x7f310c02ad40 con 0x7f311c105ea0
2024-09-13T18:21:27.422 INFO:teuthology.orchestra.run.smithi038.stdout:/usr/bin/ceph: stderr
2024-09-13T18:21:26.310+0000 7f311a7fc640 1 -- 172.21.15.38:0/2561812050 <== mon.0 v2:172.21.15.38:3300/0 2 ==== config(26 keys) v1 ==== 1007+0+0 (secure 0 0 0) 0x7f310c032890 con 0x7f311c105ea0
2024-09-13T18:21:27.422 INFO:teuthology.orchestra.run.smithi038.stdout:/usr/bin/ceph: stderr
2024-09-13T18:21:26.310+0000 7f311a7fc640 1 -- 172.21.15.38:0/2561812050 <== mon.0 v2:172.21.15.38:3300/0 3 ==== mon_map magic: 0 v1 ==== 229+0+0 (secure 0 0 0) 0x7f310c0307d0 con 0x7f311c105ea0
2024-09-13T18:21:27.422 INFO:teuthology.orchestra.run.smithi038.stdout:/usr/bin/ceph: stderr
2024-09-13T18:21:26.310+0000 7f31221e1640 1 -- 172.21.15.38:0/2561812050 >> [v2:172.21.15.38:3300/0,v1:172.21.15.38:6789/0] conn(0x7f311c105ea0 msgr2=0x7f311c108290 secure :-1 s=STATE_CONNECTION_ESTABLISHED l=1).mark_down
2024-09-13T18:21:27.422 INFO:teuthology.orchestra.run.smithi038.stdout:/usr/bin/ceph: stderr
2024-09-13T18:21:26.310+0000 7f31221e1640 1 --2- 172.21.15.38:0/2561812050 >> [v2:172.21.15.38:3300/0,v1:172.21.15.38:6789/0] conn(0x7f311c105ea0 0x7f311c108290 secure :-1 s=READY pgs=45 cs=0 l=1 rev1=1 crypto rx=0x7f310c009820 tx=0x7f310c02a270 comp rx=0 tx=0).stop
2024-09-13T18:21:27.422 INFO:teuthology.orchestra.run.smithi038.stdout:/usr/bin/ceph: stderr
2024-09-13T18:21:26.311+0000 7f31221e1640 1 -- 172.21.15.38:0/2561812050 shutdown_connections
2024-09-13T18:21:27.422 INFO:teuthology.orchestra.run.smithi038.stdout:/usr/bin/ceph: stderr
2024-09-13T18:21:26.311+0000 7f31221e1640 1 --2- 172.21.15.38:0/2561812050 >> [v2:172.21.15.38:3300/0,v1:172.21.15.38:6789/0] conn(0x7f311c105ea0 0x7f311c108290 unknown :-1 s=CLOSED pgs=45 cs=0 l=1 rev1=1 crypto rx=0 tx=0 comp rx=0 tx=0).stop
2024-09-13T18:21:27.422 INFO:teuthology.orchestra.run.smithi038.stdout:/usr/bin/ceph: stderr
2024-09-13T18:21:26.311+0000 7f31221e1640 1 -- 172.21.15.38:0/2561812050 >> 172.21.15.38:0/2561812050 conn(0x7f311c0ffb20 msgr2=0x7f311c101f40 unknown :-1 s=STATE_NONE l=0).mark_down
2024-09-13T18:21:27.422 INFO:teuthology.orchestra.run.smithi038.stdout:/usr/bin/ceph: stderr
2024-09-13T18:21:26.311+0000 7f31221e1640 1 -- 172.21.15.38:0/2561812050 shutdown_connections
2024-09-13T18:21:27.422 INFO:teuthology.orchestra.run.smithi038.stdout:/usr/bin/ceph: stderr
2024-09-13T18:21:26.311+0000 7f31221e1640 1 -- 172.21.15.38:0/2561812050 wait complete.
2024-09-13T18:21:27.422 INFO:teuthology.orchestra.run.smithi038.stdout:/usr/bin/ceph: stderr
2024-09-13T18:21:26.311+0000 7f31221e1640 1 Processor -- start
2024-09-13T18:21:27.422 INFO:teuthology.orchestra.run.smithi038.stdout:/usr/bin/ceph: stderr
2024-09-13T18:21:26.312+0000 7f31221e1640 1 -- start start
2024-09-13T18:21:27.422 INFO:teuthology.orchestra.run.smithi038.stdout:/usr/bin/ceph: stderr
2024-09-13T18:21:26.312+0000 7f31221e1640 1 --2- >> [v2:172.21.15.38:3300/0,v1:172.21.15.38:6789/0] conn(0x7f311c105ea0 0x7f311c199110 unknown :-1 s=NONE pgs=0 cs=0 l=1 rev1=0 crypto rx=0 tx=0 comp rx=0 tx=0).connect
2024-09-13T18:21:27.423 INFO:teuthology.orchestra.run.smithi038.stdout:/usr/bin/ceph: stderr
2024-09-13T18:21:26.312+0000 7f31221e1640 1 -- --> [v2:172.21.15.38:3300/0,v1:172.21.15.38:6789/0] -- mon_getmap magic: 0 v1 -- 0x7f311c199650 con 0x7f311c105ea0
2024-09-13T18:21:27.423 INFO:teuthology.orchestra.run.smithi038.stdout:/usr/bin/ceph: stderr
2024-09-13T18:21:26.312+0000 7f311b7fe640 1 --2- >> [v2:172.21.15.38:3300/0,v1:172.21.15.38:6789/0] conn(0x7f311c105ea0 0x7f311c199110 unknown :-1 s=BANNER_CONNECTING pgs=0 cs=0 l=1 rev1=0 crypto rx=0 tx=0 comp rx=0 tx=0)._handle_peer_banner_payload supported=3 required=0
2024-09-13T18:21:27.423 INFO:teuthology.orchestra.run.smithi038.stdout:/usr/bin/ceph: stderr
2024-09-13T18:21:26.312+0000 7f311b7fe640 1 --2- >> [v2:172.21.15.38:3300/0,v1:172.21.15.38:6789/0] conn(0x7f311c105ea0 0x7f311c199110 unknown :-1 s=HELLO_CONNECTING pgs=0 cs=0 l=1 rev1=1 crypto rx=0 tx=0 comp rx=0 tx=0).handle_hello peer v2:172.21.15.38:3300/0 says I am v2:172.21.15.38:43056/0 (socket says 172.21.15.38:43056)
2024-09-13T18:21:27.423 INFO:teuthology.orchestra.run.smithi038.stdout:/usr/bin/ceph: stderr
2024-09-13T18:21:26.312+0000 7f311b7fe640 1 -- 172.21.15.38:0/2478478139 learned_addr learned my addr 172.21.15.38:0/2478478139 (peer_addr_for_me v2:172.21.15.38:0/0)
2024-09-13T18:21:27.423 INFO:teuthology.orchestra.run.smithi038.stdout:/usr/bin/ceph: stderr
2024-09-13T18:21:26.312+0000 7f311b7fe640 1 -- 172.21.15.38:0/2478478139 --> [v2:172.21.15.38:3300/0,v1:172.21.15.38:6789/0] -- mon_subscribe({config=0+,monmap=0+}) v3 -- 0x7f310c0094d0 con 0x7f311c105ea0
2024-09-13T18:21:27.423 INFO:teuthology.orchestra.run.smithi038.stdout:/usr/bin/ceph: stderr
2024-09-13T18:21:26.312+0000 7f311b7fe640 1 --2- 172.21.15.38:0/2478478139 >> [v2:172.21.15.38:3300/0,v1:172.21.15.38:6789/0] conn(0x7f311c105ea0 0x7f311c199110 secure :-1 s=READY pgs=46 cs=0 l=1 rev1=1 crypto rx=0x7f310c030d40 tx=0x7f310c030d70 comp rx=0 tx=0).ready entity=mon.0 client_cookie=0 server_cookie=0 in_seq=0 out_seq=0
2024-09-13T18:21:27.423 INFO:teuthology.orchestra.run.smithi038.stdout:/usr/bin/ceph: stderr
2024-09-13T18:21:26.312+0000 7f3118ff9640 1 -- 172.21.15.38:0/2478478139 <== mon.0 v2:172.21.15.38:3300/0 1 ==== mon_map magic: 0 v1 ==== 229+0+0 (secure 0 0 0) 0x7f310c032c10 con 0x7f311c105ea0
2024-09-13T18:21:27.423 INFO:teuthology.orchestra.run.smithi038.stdout:/usr/bin/ceph: stderr
2024-09-13T18:21:26.312+0000 7f3118ff9640 1 -- 172.21.15.38:0/2478478139 <== mon.0 v2:172.21.15.38:3300/0 2 ==== config(26 keys) v1 ==== 1007+0+0 (secure 0 0 0) 0x7f310c032d70 con 0x7f311c105ea0
2024-09-13T18:21:27.423 INFO:teuthology.orchestra.run.smithi038.stdout:/usr/bin/ceph: stderr
2024-09-13T18:21:26.313+0000 7f31221e1640 1 -- 172.21.15.38:0/2478478139 --> [v2:172.21.15.38:3300/0,v1:172.21.15.38:6789/0] -- mon_subscribe({mgrmap=0+}) v3 -- 0x7f311c199850 con 0x7f311c105ea0
2024-09-13T18:21:27.423 INFO:teuthology.orchestra.run.smithi038.stdout:/usr/bin/ceph: stderr
2024-09-13T18:21:26.313+0000 7f3118ff9640 1 -- 172.21.15.38:0/2478478139 <== mon.0 v2:172.21.15.38:3300/0 3 ==== mon_map magic: 0 v1 ==== 229+0+0 (secure 0 0 0) 0x7f310c03a560 con 0x7f311c105ea0
2024-09-13T18:21:27.423 INFO:teuthology.orchestra.run.smithi038.stdout:/usr/bin/ceph: stderr
2024-09-13T18:21:26.313+0000 7f31221e1640 1 -- 172.21.15.38:0/2478478139 --> [v2:172.21.15.38:3300/0,v1:172.21.15.38:6789/0] -- mon_subscribe({osdmap=0}) v3 -- 0x7f311c199cf0 con 0x7f311c105ea0
2024-09-13T18:21:27.423 INFO:teuthology.orchestra.run.smithi038.stdout:/usr/bin/ceph: stderr
2024-09-13T18:21:26.313+0000 7f3118ff9640 1 -- 172.21.15.38:0/2478478139 <== mon.0 v2:172.21.15.38:3300/0 4 ==== mgrmap(e 8) v1 ==== 45556+0+0 (secure 0 0 0) 0x7f310c03a820 con 0x7f311c105ea0
2024-09-13T18:21:27.424 INFO:teuthology.orchestra.run.smithi038.stdout:/usr/bin/ceph: stderr
2024-09-13T18:21:26.314+0000 7f31221e1640 1 -- 172.21.15.38:0/2478478139 --> [v2:172.21.15.38:3300/0,v1:172.21.15.38:6789/0] -- mon_command({"prefix": "get_command_descriptions"} v 0) v1 -- 0x7f311c109610 con 0x7f311c105ea0
2024-09-13T18:21:27.424 INFO:teuthology.orchestra.run.smithi038.stdout:/usr/bin/ceph: stderr
2024-09-13T18:21:26.314+0000 7f3118ff9640 1 --2- 172.21.15.38:0/2478478139 >> [v2:172.21.15.38:6800/818807657,v1:172.21.15.38:6801/818807657] conn(0x7f3104038600 0x7f310403aac0 unknown :-1 s=NONE pgs=0 cs=0 l=1 rev1=0 crypto rx=0 tx=0 comp rx=0 tx=0).connect
2024-09-13T18:21:27.424 INFO:teuthology.orchestra.run.smithi038.stdout:/usr/bin/ceph: stderr
2024-09-13T18:21:26.314+0000 7f3118ff9640 1 -- 172.21.15.38:0/2478478139 <== mon.0 v2:172.21.15.38:3300/0 5 ==== osd_map(2..2 src has 1..2) v4 ==== 940+0+0 (secure 0 0 0) 0x7f310c06b8f0 con 0x7f311c105ea0
2024-09-13T18:21:27.424 INFO:teuthology.orchestra.run.smithi038.stdout:/usr/bin/ceph: stderr
2024-09-13T18:21:26.314+0000 7f311affd640 1 --2- 172.21.15.38:0/2478478139 >> [v2:172.21.15.38:6800/818807657,v1:172.21.15.38:6801/818807657] conn(0x7f3104038600 0x7f310403aac0 unknown :-1 s=BANNER_CONNECTING pgs=0 cs=0 l=1 rev1=0 crypto rx=0 tx=0 comp rx=0 tx=0)._handle_peer_banner_payload supported=3 required=0
2024-09-13T18:21:27.424 INFO:teuthology.orchestra.run.smithi038.stdout:/usr/bin/ceph: stderr
2024-09-13T18:21:26.314+0000 7f311affd640 1 --2- 172.21.15.38:0/2478478139 >> [v2:172.21.15.38:6800/818807657,v1:172.21.15.38:6801/818807657] conn(0x7f3104038600 0x7f310403aac0 secure :-1 s=READY pgs=12 cs=0 l=1 rev1=1 crypto rx=0x7f31100098c0 tx=0x7f3110006db0 comp rx=0 tx=0).ready entity=mgr.14118 client_cookie=0 server_cookie=0 in_seq=0 out_seq=0
2024-09-13T18:21:27.424 INFO:teuthology.orchestra.run.smithi038.stdout:/usr/bin/ceph: stderr
2024-09-13T18:21:26.319+0000 7f3118ff9640 1 -- 172.21.15.38:0/2478478139 <== mon.0 v2:172.21.15.38:3300/0 6 ==== mon_command_ack([{"prefix": "get_command_descriptions"}]=0 v0) v1 ==== 72+0+183819 (secure 0 0 0) 0x7f310c043310 con 0x7f311c105ea0
2024-09-13T18:21:27.424 INFO:teuthology.orchestra.run.smithi038.stdout:/usr/bin/ceph: stderr
2024-09-13T18:21:26.502+0000 7f31221e1640 1 -- 172.21.15.38:0/2478478139 --> [v2:172.21.15.38:6800/818807657,v1:172.21.15.38:6801/818807657] -- mgr_command(tid 0: {"prefix": "orch apply", "service_type": "mon", "target": ["mon-mgr", ""]}) v1 -- 0x7f311c19c630 con 0x7f3104038600
2024-09-13T18:21:27.424 INFO:teuthology.orchestra.run.smithi038.stdout:/usr/bin/ceph: stderr
2024-09-13T18:21:26.512+0000 7f3118ff9640 1 -- 172.21.15.38:0/2478478139 <== mgr.14118 v2:172.21.15.38:6800/818807657 1 ==== mgr_command_reply(tid 0: 0 ) v1 ==== 8+0+24 (secure 0 0 0) 0x7f311c19c630 con 0x7f3104038600
2024-09-13T18:21:27.425 INFO:teuthology.orchestra.run.smithi038.stdout:/usr/bin/ceph: stderr
2024-09-13T18:21:26.513+0000 7f31221e1640 1 -- 172.21.15.38:0/2478478139 >> [v2:172.21.15.38:6800/818807657,v1:172.21.15.38:6801/818807657] conn(0x7f3104038600 msgr2=0x7f310403aac0 secure :-1 s=STATE_CONNECTION_ESTABLISHED l=1).mark_down
2024-09-13T18:21:27.425 INFO:teuthology.orchestra.run.smithi038.stdout:/usr/bin/ceph: stderr
2024-09-13T18:21:26.513+0000 7f31221e1640 1 --2- 172.21.15.38:0/2478478139 >> [v2:172.21.15.38:6800/818807657,v1:172.21.15.38:6801/818807657] conn(0x7f3104038600 0x7f310403aac0 secure :-1 s=READY pgs=12 cs=0 l=1 rev1=1 crypto rx=0x7f31100098c0 tx=0x7f3110006db0 comp rx=0 tx=0).stop
2024-09-13T18:21:27.425 INFO:teuthology.orchestra.run.smithi038.stdout:/usr/bin/ceph: stderr
2024-09-13T18:21:26.513+0000 7f31221e1640 1 -- 172.21.15.38:0/2478478139 >> [v2:172.21.15.38:3300/0,v1:172.21.15.38:6789/0] conn(0x7f311c105ea0 msgr2=0x7f311c199110 secure :-1 s=STATE_CONNECTION_ESTABLISHED l=1).mark_down
2024-09-13T18:21:27.425 INFO:teuthology.orchestra.run.smithi038.stdout:/usr/bin/ceph: stderr
2024-09-13T18:21:26.513+0000 7f31221e1640 1 --2- 172.21.15.38:0/2478478139 >> [v2:172.21.15.38:3300/0,v1:172.21.15.38:6789/0] conn(0x7f311c105ea0 0x7f311c199110 secure :-1 s=READY pgs=46 cs=0 l=1 rev1=1 crypto rx=0x7f310c030d40 tx=0x7f310c030d70 comp rx=0 tx=0).stop
2024-09-13T18:21:27.425 INFO:teuthology.orchestra.run.smithi038.stdout:/usr/bin/ceph: stderr
2024-09-13T18:21:26.514+0000 7f31221e1640 1 -- 172.21.15.38:0/2478478139 shutdown_connections
2024-09-13T18:21:27.425 INFO:teuthology.orchestra.run.smithi038.stdout:/usr/bin/ceph: stderr
2024-09-13T18:21:26.514+0000 7f31221e1640 1 --2- 172.21.15.38:0/2478478139 >> [v2:172.21.15.38:6800/818807657,v1:172.21.15.38:6801/818807657] conn(0x7f3104038600 0x7f310403aac0 unknown :-1 s=CLOSED pgs=12 cs=0 l=1 rev1=1 crypto rx=0 tx=0 comp rx=0 tx=0).stop
2024-09-13T18:21:27.425 INFO:teuthology.orchestra.run.smithi038.stdout:/usr/bin/ceph: stderr
2024-09-13T18:21:26.514+0000 7f31221e1640 1 --2- 172.21.15.38:0/2478478139 >> [v2:172.21.15.38:3300/0,v1:172.21.15.38:6789/0] conn(0x7f311c105ea0 0x7f311c199110 unknown :-1 s=CLOSED pgs=46 cs=0 l=1 rev1=1 crypto rx=0 tx=0 comp rx=0 tx=0).stop
2024-09-13T18:21:27.425 INFO:teuthology.orchestra.run.smithi038.stdout:/usr/bin/ceph: stderr
2024-09-13T18:21:26.514+0000 7f31221e1640 1 -- 172.21.15.38:0/2478478139 >> 172.21.15.38:0/2478478139 conn(0x7f311c0ffb20 msgr2=0x7f311c100760 unknown :-1 s=STATE_NONE l=0).mark_down
2024-09-13T18:21:27.425 INFO:teuthology.orchestra.run.smithi038.stdout:/usr/bin/ceph: stderr
2024-09-13T18:21:26.514+0000 7f31221e1640 1 -- 172.21.15.38:0/2478478139 shutdown_connections
2024-09-13T18:21:27.425 INFO:teuthology.orchestra.run.smithi038.stdout:/usr/bin/ceph: stderr
2024-09-13T18:21:26.514+0000 7f31221e1640 1 -- 172.21.15.38:0/2478478139 wait complete.
2024-09-13T18:21:27.425 INFO:teuthology.orchestra.run.smithi038.stdout:Deploying mgr service with default placement...
2024-09-13T18:21:27.803 INFO:journalctl@ceph.mon.smithi038.smithi038.stdout:Sep 13 18:21:27 smithi038 ceph-mon[27689]: from='client.14140 -' entity='client.admin' cmd=[{"prefix": "orch apply", "service_type": "mon", "target": ["mon-mgr", ""]}]: dispatch
2024-09-13T18:21:27.803 INFO:journalctl@ceph.mon.smithi038.smithi038.stdout:Sep 13 18:21:27 smithi038 ceph-mon[27689]: Saving service mon spec with placement count:5
2024-09-13T18:21:27.803 INFO:journalctl@ceph.mon.smithi038.smithi038.stdout:Sep 13 18:21:27 smithi038 ceph-mon[27689]: from='mgr.14118 172.21.15.38:0/4116252377' entity='mgr.smithi038.jeygoq'
2024-09-13T18:21:28.818 INFO:teuthology.orchestra.run.smithi038.stdout:/usr/bin/ceph: stdout Scheduled mgr update...
2024-09-13T18:21:28.818 INFO:teuthology.orchestra.run.smithi038.stdout:/usr/bin/ceph: stderr
2024-09-13T18:21:27.809+0000 7fbb0400e640 1 Processor -- start
2024-09-13T18:21:28.818 INFO:teuthology.orchestra.run.smithi038.stdout:/usr/bin/ceph: stderr
2024-09-13T18:21:27.809+0000 7fbb0400e640 1 -- start start
2024-09-13T18:21:28.818 INFO:teuthology.orchestra.run.smithi038.stdout:/usr/bin/ceph: stderr
2024-09-13T18:21:27.809+0000 7fbb0400e640 1 --2- >> [v2:172.21.15.38:3300/0,v1:172.21.15.38:6789/0] conn(0x7fbafc1054c0 0x7fbafc1058c0 unknown :-1 s=NONE pgs=0 cs=0 l=0 rev1=0 crypto rx=0 tx=0 comp rx=0 tx=0).connect
2024-09-13T18:21:28.818 INFO:teuthology.orchestra.run.smithi038.stdout:/usr/bin/ceph: stderr
2024-09-13T18:21:27.810+0000 7fbb0400e640 1 -- --> [v2:172.21.15.38:3300/0,v1:172.21.15.38:6789/0] -- mon_getmap magic: 0 v1 -- 0x7fbafc105e90 con 0x7fbafc1054c0
2024-09-13T18:21:28.818 INFO:teuthology.orchestra.run.smithi038.stdout:/usr/bin/ceph: stderr
2024-09-13T18:21:27.810+0000 7fbb01daa640 1 --2- >> [v2:172.21.15.38:3300/0,v1:172.21.15.38:6789/0] conn(0x7fbafc1054c0 0x7fbafc1058c0 unknown :-1 s=BANNER_CONNECTING pgs=0 cs=0 l=0 rev1=0 crypto rx=0 tx=0 comp rx=0 tx=0)._handle_peer_banner_payload supported=3 required=0
2024-09-13T18:21:28.818 INFO:teuthology.orchestra.run.smithi038.stdout:/usr/bin/ceph: stderr
2024-09-13T18:21:27.810+0000 7fbb01daa640 1 --2- >> [v2:172.21.15.38:3300/0,v1:172.21.15.38:6789/0] conn(0x7fbafc1054c0 0x7fbafc1058c0 unknown :-1 s=HELLO_CONNECTING pgs=0 cs=0 l=0 rev1=1 crypto rx=0 tx=0 comp rx=0 tx=0).handle_hello peer v2:172.21.15.38:3300/0 says I am v2:172.21.15.38:43062/0 (socket says 172.21.15.38:43062)
2024-09-13T18:21:28.818 INFO:teuthology.orchestra.run.smithi038.stdout:/usr/bin/ceph: stderr
2024-09-13T18:21:27.810+0000 7fbb01daa640 1 -- 172.21.15.38:0/1034022545 learned_addr learned my addr 172.21.15.38:0/1034022545 (peer_addr_for_me v2:172.21.15.38:0/0)
2024-09-13T18:21:28.819 INFO:teuthology.orchestra.run.smithi038.stdout:/usr/bin/ceph: stderr
2024-09-13T18:21:27.810+0000 7fbb01daa640 1 -- 172.21.15.38:0/1034022545 --> [v2:172.21.15.38:3300/0,v1:172.21.15.38:6789/0] -- mon_subscribe({config=0+,monmap=0+}) v3 -- 0x7fbafc106620 con 0x7fbafc1054c0
2024-09-13T18:21:28.819 INFO:teuthology.orchestra.run.smithi038.stdout:/usr/bin/ceph: stderr
2024-09-13T18:21:27.811+0000 7fbb01daa640 1 --2- 172.21.15.38:0/1034022545 >> [v2:172.21.15.38:3300/0,v1:172.21.15.38:6789/0] conn(0x7fbafc1054c0 0x7fbafc1058c0 secure :-1 s=READY pgs=47 cs=0 l=1 rev1=1 crypto rx=0x7fbaec009e80 tx=0x7fbaec02a7a0 comp rx=0 tx=0).ready entity=mon.0 client_cookie=7dc3278fb7a9e8df server_cookie=0 in_seq=0 out_seq=0
2024-09-13T18:21:28.819 INFO:teuthology.orchestra.run.smithi038.stdout:/usr/bin/ceph: stderr
2024-09-13T18:21:27.811+0000 7fbb00da8640 1 -- 172.21.15.38:0/1034022545 <== mon.0 v2:172.21.15.38:3300/0 1 ==== mon_map magic: 0 v1 ==== 229+0+0 (secure 0 0 0) 0x7fbaec031400 con 0x7fbafc1054c0
2024-09-13T18:21:28.819 INFO:teuthology.orchestra.run.smithi038.stdout:/usr/bin/ceph: stderr
2024-09-13T18:21:27.811+0000 7fbb00da8640 1 -- 172.21.15.38:0/1034022545 <== mon.0 v2:172.21.15.38:3300/0 2 ==== config(26 keys) v1 ==== 1007+0+0 (secure 0 0 0) 0x7fbaec02d050 con 0x7fbafc1054c0
2024-09-13T18:21:28.819 INFO:teuthology.orchestra.run.smithi038.stdout:/usr/bin/ceph: stderr
2024-09-13T18:21:27.811+0000 7fbb00da8640 1 -- 172.21.15.38:0/1034022545 <== mon.0 v2:172.21.15.38:3300/0 3 ==== mon_map magic: 0 v1 ==== 229+0+0 (secure 0 0 0) 0x7fbaec0077a0 con 0x7fbafc1054c0
2024-09-13T18:21:28.819 INFO:teuthology.orchestra.run.smithi038.stdout:/usr/bin/ceph: stderr
2024-09-13T18:21:27.811+0000 7fbb0400e640 1 -- 172.21.15.38:0/1034022545 >> [v2:172.21.15.38:3300/0,v1:172.21.15.38:6789/0] conn(0x7fbafc1054c0 msgr2=0x7fbafc1058c0 secure :-1 s=STATE_CONNECTION_ESTABLISHED l=1).mark_down
2024-09-13T18:21:28.819 INFO:teuthology.orchestra.run.smithi038.stdout:/usr/bin/ceph: stderr
2024-09-13T18:21:27.811+0000 7fbb0400e640 1 --2- 172.21.15.38:0/1034022545 >> [v2:172.21.15.38:3300/0,v1:172.21.15.38:6789/0] conn(0x7fbafc1054c0 0x7fbafc1058c0 secure :-1 s=READY pgs=47 cs=0 l=1 rev1=1 crypto rx=0x7fbaec009e80 tx=0x7fbaec02a7a0 comp rx=0 tx=0).stop
2024-09-13T18:21:28.819 INFO:teuthology.orchestra.run.smithi038.stdout:/usr/bin/ceph: stderr
2024-09-13T18:21:27.812+0000 7fbb0400e640 1 -- 172.21.15.38:0/1034022545 shutdown_connections
2024-09-13T18:21:28.819 INFO:teuthology.orchestra.run.smithi038.stdout:/usr/bin/ceph: stderr
2024-09-13T18:21:27.812+0000 7fbb0400e640 1 --2- 172.21.15.38:0/1034022545 >> [v2:172.21.15.38:3300/0,v1:172.21.15.38:6789/0] conn(0x7fbafc1054c0 0x7fbafc1058c0 unknown :-1 s=CLOSED pgs=47 cs=0 l=1 rev1=1 crypto rx=0 tx=0 comp rx=0 tx=0).stop
2024-09-13T18:21:28.819 INFO:teuthology.orchestra.run.smithi038.stdout:/usr/bin/ceph: stderr
2024-09-13T18:21:27.812+0000 7fbb0400e640 1 -- 172.21.15.38:0/1034022545 >> 172.21.15.38:0/1034022545 conn(0x7fbafc100c70 msgr2=0x7fbafc103090 unknown :-1 s=STATE_NONE l=0).mark_down
2024-09-13T18:21:28.819 INFO:teuthology.orchestra.run.smithi038.stdout:/usr/bin/ceph: stderr
2024-09-13T18:21:27.812+0000 7fbb0400e640 1 -- 172.21.15.38:0/1034022545 shutdown_connections
2024-09-13T18:21:28.819 INFO:teuthology.orchestra.run.smithi038.stdout:/usr/bin/ceph: stderr
2024-09-13T18:21:27.812+0000 7fbb0400e640 1 -- 172.21.15.38:0/1034022545 wait complete.
2024-09-13T18:21:28.819 INFO:teuthology.orchestra.run.smithi038.stdout:/usr/bin/ceph: stderr
2024-09-13T18:21:27.812+0000 7fbb0400e640 1 Processor -- start
2024-09-13T18:21:28.820 INFO:teuthology.orchestra.run.smithi038.stdout:/usr/bin/ceph: stderr
2024-09-13T18:21:27.812+0000 7fbb0400e640 1 -- start start
2024-09-13T18:21:28.820 INFO:teuthology.orchestra.run.smithi038.stdout:/usr/bin/ceph: stderr
2024-09-13T18:21:27.813+0000 7fbb0400e640 1 --2- >> [v2:172.21.15.38:3300/0,v1:172.21.15.38:6789/0] conn(0x7fbafc1054c0 0x7fbafc1991a0 unknown :-1 s=NONE pgs=0 cs=0 l=1 rev1=0 crypto rx=0 tx=0 comp rx=0 tx=0).connect
2024-09-13T18:21:28.820 INFO:teuthology.orchestra.run.smithi038.stdout:/usr/bin/ceph: stderr
2024-09-13T18:21:27.813+0000 7fbb0400e640 1 -- --> [v2:172.21.15.38:3300/0,v1:172.21.15.38:6789/0] -- mon_getmap magic: 0 v1 -- 0x7fbafc1996e0 con 0x7fbafc1054c0
2024-09-13T18:21:28.820 INFO:teuthology.orchestra.run.smithi038.stdout:/usr/bin/ceph: stderr
2024-09-13T18:21:27.813+0000 7fbb01daa640 1 --2- >> [v2:172.21.15.38:3300/0,v1:172.21.15.38:6789/0] conn(0x7fbafc1054c0 0x7fbafc1991a0 unknown :-1 s=BANNER_CONNECTING pgs=0 cs=0 l=1 rev1=0 crypto rx=0 tx=0 comp rx=0 tx=0)._handle_peer_banner_payload supported=3 required=0
2024-09-13T18:21:28.820 INFO:teuthology.orchestra.run.smithi038.stdout:/usr/bin/ceph: stderr
2024-09-13T18:21:27.813+0000 7fbb01daa640 1 --2- >> [v2:172.21.15.38:3300/0,v1:172.21.15.38:6789/0] conn(0x7fbafc1054c0 0x7fbafc1991a0 unknown :-1 s=HELLO_CONNECTING pgs=0 cs=0 l=1 rev1=1 crypto rx=0 tx=0 comp rx=0 tx=0).handle_hello peer v2:172.21.15.38:3300/0 says I am v2:172.21.15.38:43070/0 (socket says 172.21.15.38:43070)
2024-09-13T18:21:28.820 INFO:teuthology.orchestra.run.smithi038.stdout:/usr/bin/ceph: stderr
2024-09-13T18:21:27.813+0000 7fbb01daa640 1 -- 172.21.15.38:0/4257205933 learned_addr learned my addr 172.21.15.38:0/4257205933 (peer_addr_for_me v2:172.21.15.38:0/0)
2024-09-13T18:21:28.820 INFO:teuthology.orchestra.run.smithi038.stdout:/usr/bin/ceph: stderr
2024-09-13T18:21:27.813+0000 7fbb01daa640 1 -- 172.21.15.38:0/4257205933 --> [v2:172.21.15.38:3300/0,v1:172.21.15.38:6789/0] -- mon_subscribe({config=0+,monmap=0+}) v3 -- 0x7fbaec009b30 con 0x7fbafc1054c0
2024-09-13T18:21:28.820 INFO:teuthology.orchestra.run.smithi038.stdout:/usr/bin/ceph: stderr
2024-09-13T18:21:27.813+0000 7fbb01daa640 1 --2- 172.21.15.38:0/4257205933 >> [v2:172.21.15.38:3300/0,v1:172.21.15.38:6789/0] conn(0x7fbafc1054c0 0x7fbafc1991a0 secure :-1 s=READY pgs=48 cs=0 l=1 rev1=1 crypto rx=0x7fbaec031660 tx=0x7fbaec031690 comp rx=0 tx=0).ready entity=mon.0 client_cookie=0 server_cookie=0 in_seq=0 out_seq=0
2024-09-13T18:21:28.820 INFO:teuthology.orchestra.run.smithi038.stdout:/usr/bin/ceph: stderr
2024-09-13T18:21:27.813+0000 7fbafaffd640 1 -- 172.21.15.38:0/4257205933 <== mon.0 v2:172.21.15.38:3300/0 1 ==== mon_map magic: 0 v1 ==== 229+0+0 (secure 0 0 0) 0x7fbaec031c30 con 0x7fbafc1054c0
2024-09-13T18:21:28.820 INFO:teuthology.orchestra.run.smithi038.stdout:/usr/bin/ceph: stderr
2024-09-13T18:21:27.813+0000 7fbafaffd640 1 -- 172.21.15.38:0/4257205933 <== mon.0 v2:172.21.15.38:3300/0 2 ==== config(26 keys) v1 ==== 1007+0+0 (secure 0 0 0) 0x7fbaec031d90 con 0x7fbafc1054c0
2024-09-13T18:21:28.820 INFO:teuthology.orchestra.run.smithi038.stdout:/usr/bin/ceph: stderr
2024-09-13T18:21:27.813+0000 7fbb0400e640 1 -- 172.21.15.38:0/4257205933 --> [v2:172.21.15.38:3300/0,v1:172.21.15.38:6789/0] -- mon_subscribe({mgrmap=0+}) v3 -- 0x7fbafc1998e0 con 0x7fbafc1054c0
2024-09-13T18:21:28.820 INFO:teuthology.orchestra.run.smithi038.stdout:/usr/bin/ceph: stderr
2024-09-13T18:21:27.813+0000 7fbafaffd640 1 -- 172.21.15.38:0/4257205933 <== mon.0 v2:172.21.15.38:3300/0 3 ==== mon_map magic: 0 v1 ==== 229+0+0 (secure 0 0 0) 0x7fbaec039630 con 0x7fbafc1054c0
2024-09-13T18:21:28.820 INFO:teuthology.orchestra.run.smithi038.stdout:/usr/bin/ceph: stderr
2024-09-13T18:21:27.813+0000 7fbb0400e640 1 -- 172.21.15.38:0/4257205933 --> [v2:172.21.15.38:3300/0,v1:172.21.15.38:6789/0] -- mon_subscribe({osdmap=0}) v3 -- 0x7fbafc199d80 con 0x7fbafc1054c0
2024-09-13T18:21:28.820 INFO:teuthology.orchestra.run.smithi038.stdout:/usr/bin/ceph: stderr
2024-09-13T18:21:27.814+0000 7fbafaffd640 1 -- 172.21.15.38:0/4257205933 <== mon.0 v2:172.21.15.38:3300/0 4 ==== mgrmap(e 8) v1 ==== 45556+0+0 (secure 0 0 0) 0x7fbaec038040 con 0x7fbafc1054c0
2024-09-13T18:21:28.821 INFO:teuthology.orchestra.run.smithi038.stdout:/usr/bin/ceph: stderr
2024-09-13T18:21:27.814+0000 7fbafaffd640 1 --2- 172.21.15.38:0/4257205933 >> [v2:172.21.15.38:6800/818807657,v1:172.21.15.38:6801/818807657] conn(0x7fbae40386a0 0x7fbae403ab60 unknown :-1 s=NONE pgs=0 cs=0 l=1 rev1=0 crypto rx=0 tx=0 comp rx=0 tx=0).connect
2024-09-13T18:21:28.821 INFO:teuthology.orchestra.run.smithi038.stdout:/usr/bin/ceph: stderr
2024-09-13T18:21:27.815+0000 7fbafaffd640 1 -- 172.21.15.38:0/4257205933 <== mon.0 v2:172.21.15.38:3300/0 5 ==== osd_map(2..2 src has 1..2) v4 ==== 940+0+0 (secure 0 0 0) 0x7fbaec06b570 con 0x7fbafc1054c0
2024-09-13T18:21:28.821 INFO:teuthology.orchestra.run.smithi038.stdout:/usr/bin/ceph: stderr
2024-09-13T18:21:27.815+0000 7fbb0400e640 1 -- 172.21.15.38:0/4257205933 --> [v2:172.21.15.38:3300/0,v1:172.21.15.38:6789/0] -- mon_command({"prefix": "get_command_descriptions"} v 0) v1 -- 0x7fbafc109850 con 0x7fbafc1054c0
2024-09-13T18:21:28.821 INFO:teuthology.orchestra.run.smithi038.stdout:/usr/bin/ceph: stderr
2024-09-13T18:21:27.815+0000 7fbb015a9640 1 --2- 172.21.15.38:0/4257205933 >> [v2:172.21.15.38:6800/818807657,v1:172.21.15.38:6801/818807657] conn(0x7fbae40386a0 0x7fbae403ab60 unknown :-1 s=BANNER_CONNECTING pgs=0 cs=0 l=1 rev1=0 crypto rx=0 tx=0 comp rx=0 tx=0)._handle_peer_banner_payload supported=3 required=0
2024-09-13T18:21:28.821 INFO:teuthology.orchestra.run.smithi038.stdout:/usr/bin/ceph: stderr
2024-09-13T18:21:27.815+0000 7fbb015a9640 1 --2- 172.21.15.38:0/4257205933 >> [v2:172.21.15.38:6800/818807657,v1:172.21.15.38:6801/818807657] conn(0x7fbae40386a0 0x7fbae403ab60 secure :-1 s=READY pgs=13 cs=0 l=1 rev1=1 crypto rx=0x7fbaf00098c0 tx=0x7fbaf0006db0 comp rx=0 tx=0).ready entity=mgr.14118 client_cookie=0 server_cookie=0 in_seq=0 out_seq=0
2024-09-13T18:21:28.821 INFO:teuthology.orchestra.run.smithi038.stdout:/usr/bin/ceph: stderr
2024-09-13T18:21:27.819+0000 7fbafaffd640 1 -- 172.21.15.38:0/4257205933 <== mon.0 v2:172.21.15.38:3300/0 6 ==== mon_command_ack([{"prefix": "get_command_descriptions"}]=0 v0) v1 ==== 72+0+183819 (secure 0 0 0) 0x7fbaec041070 con 0x7fbafc1054c0
2024-09-13T18:21:28.821 INFO:teuthology.orchestra.run.smithi038.stdout:/usr/bin/ceph: stderr
2024-09-13T18:21:28.005+0000 7fbb0400e640 1 -- 172.21.15.38:0/4257205933 --> [v2:172.21.15.38:6800/818807657,v1:172.21.15.38:6801/818807657] -- mgr_command(tid 0: {"prefix": "orch apply", "service_type": "mgr", "target": ["mon-mgr", ""]}) v1 -- 0x7fbafc101f80 con 0x7fbae40386a0
2024-09-13T18:21:28.821 INFO:teuthology.orchestra.run.smithi038.stdout:/usr/bin/ceph: stderr
2024-09-13T18:21:28.009+0000 7fbafaffd640 1 -- 172.21.15.38:0/4257205933 <== mgr.14118 v2:172.21.15.38:6800/818807657 1 ==== mgr_command_reply(tid 0: 0 ) v1 ==== 8+0+24 (secure 0 0 0) 0x7fbafc101f80 con 0x7fbae40386a0
2024-09-13T18:21:28.821 INFO:teuthology.orchestra.run.smithi038.stdout:/usr/bin/ceph: stderr
2024-09-13T18:21:28.012+0000 7fbb0400e640 1 -- 172.21.15.38:0/4257205933 >> [v2:172.21.15.38:6800/818807657,v1:172.21.15.38:6801/818807657] conn(0x7fbae40386a0 msgr2=0x7fbae403ab60 secure :-1 s=STATE_CONNECTION_ESTABLISHED l=1).mark_down
2024-09-13T18:21:28.821 INFO:teuthology.orchestra.run.smithi038.stdout:/usr/bin/ceph: stderr
2024-09-13T18:21:28.012+0000 7fbb0400e640 1 --2- 172.21.15.38:0/4257205933 >> [v2:172.21.15.38:6800/818807657,v1:172.21.15.38:6801/818807657] conn(0x7fbae40386a0 0x7fbae403ab60 secure :-1 s=READY pgs=13 cs=0 l=1 rev1=1 crypto rx=0x7fbaf00098c0 tx=0x7fbaf0006db0 comp rx=0 tx=0).stop
2024-09-13T18:21:28.821 INFO:teuthology.orchestra.run.smithi038.stdout:/usr/bin/ceph: stderr
2024-09-13T18:21:28.012+0000 7fbb0400e640 1 -- 172.21.15.38:0/4257205933 >> [v2:172.21.15.38:3300/0,v1:172.21.15.38:6789/0] conn(0x7fbafc1054c0 msgr2=0x7fbafc1991a0 secure :-1 s=STATE_CONNECTION_ESTABLISHED l=1).mark_down
2024-09-13T18:21:28.822 INFO:teuthology.orchestra.run.smithi038.stdout:/usr/bin/ceph: stderr
2024-09-13T18:21:28.012+0000 7fbb0400e640 1 --2- 172.21.15.38:0/4257205933 >> [v2:172.21.15.38:3300/0,v1:172.21.15.38:6789/0] conn(0x7fbafc1054c0 0x7fbafc1991a0 secure :-1 s=READY pgs=48 cs=0 l=1 rev1=1 crypto rx=0x7fbaec031660 tx=0x7fbaec031690 comp rx=0 tx=0).stop
2024-09-13T18:21:28.822 INFO:teuthology.orchestra.run.smithi038.stdout:/usr/bin/ceph: stderr
2024-09-13T18:21:28.012+0000 7fbb0400e640 1 -- 172.21.15.38:0/4257205933 shutdown_connections
2024-09-13T18:21:28.822 INFO:teuthology.orchestra.run.smithi038.stdout:/usr/bin/ceph: stderr
2024-09-13T18:21:28.012+0000 7fbb0400e640 1 --2- 172.21.15.38:0/4257205933 >> [v2:172.21.15.38:6800/818807657,v1:172.21.15.38:6801/818807657] conn(0x7fbae40386a0 0x7fbae403ab60 unknown :-1 s=CLOSED pgs=13 cs=0 l=1 rev1=1 crypto rx=0 tx=0 comp rx=0 tx=0).stop
2024-09-13T18:21:28.822 INFO:teuthology.orchestra.run.smithi038.stdout:/usr/bin/ceph: stderr
2024-09-13T18:21:28.012+0000 7fbb0400e640 1 --2- 172.21.15.38:0/4257205933 >> [v2:172.21.15.38:3300/0,v1:172.21.15.38:6789/0] conn(0x7fbafc1054c0 0x7fbafc1991a0 unknown :-1 s=CLOSED pgs=48 cs=0 l=1 rev1=1 crypto rx=0 tx=0 comp rx=0 tx=0).stop
2024-09-13T18:21:28.822 INFO:teuthology.orchestra.run.smithi038.stdout:/usr/bin/ceph: stderr
2024-09-13T18:21:28.012+0000 7fbb0400e640 1 -- 172.21.15.38:0/4257205933 >> 172.21.15.38:0/4257205933 conn(0x7fbafc100c70 msgr2=0x7fbafc101870 unknown :-1 s=STATE_NONE l=0).mark_down
2024-09-13T18:21:28.822 INFO:teuthology.orchestra.run.smithi038.stdout:/usr/bin/ceph: stderr
2024-09-13T18:21:28.012+0000 7fbb0400e640 1 -- 172.21.15.38:0/4257205933 shutdown_connections
2024-09-13T18:21:28.822 INFO:teuthology.orchestra.run.smithi038.stdout:/usr/bin/ceph: stderr
2024-09-13T18:21:28.012+0000 7fbb0400e640 1 -- 172.21.15.38:0/4257205933 wait complete.
2024-09-13T18:21:28.822 INFO:teuthology.orchestra.run.smithi038.stdout:Deploying crash service with default placement...
2024-09-13T18:21:29.081 INFO:journalctl@ceph.mon.smithi038.smithi038.stdout:Sep 13 18:21:28 smithi038 ceph-mon[27689]: pgmap v3: 0 pgs: ; 0 B data, 0 B used, 0 B / 0 B avail
2024-09-13T18:21:29.081 INFO:journalctl@ceph.mon.smithi038.smithi038.stdout:Sep 13 18:21:28 smithi038 ceph-mon[27689]: from='mgr.14118 172.21.15.38:0/4116252377' entity='mgr.smithi038.jeygoq'
2024-09-13T18:21:29.081 INFO:journalctl@ceph.mon.smithi038.smithi038.stdout:Sep 13 18:21:28 smithi038 ceph-mon[27689]: from='mgr.14118 172.21.15.38:0/4116252377' entity='mgr.smithi038.jeygoq'
2024-09-13T18:21:29.081 INFO:journalctl@ceph.mon.smithi038.smithi038.stdout:Sep 13 18:21:28 smithi038 ceph-mon[27689]: from='mgr.14118 172.21.15.38:0/4116252377' entity='mgr.smithi038.jeygoq'
2024-09-13T18:21:30.081 INFO:journalctl@ceph.mon.smithi038.smithi038.stdout:Sep 13 18:21:29 smithi038 ceph-mon[27689]: from='client.14142 -' entity='client.admin' cmd=[{"prefix": "orch apply", "service_type": "mgr", "target": ["mon-mgr", ""]}]: dispatch
2024-09-13T18:21:30.081 INFO:journalctl@ceph.mon.smithi038.smithi038.stdout:Sep 13 18:21:29 smithi038 ceph-mon[27689]: Saving service mgr spec with placement count:2
2024-09-13T18:21:30.081 INFO:journalctl@ceph.mon.smithi038.smithi038.stdout:Sep 13 18:21:29 smithi038 ceph-mon[27689]: from='client.14144 -' entity='client.admin' cmd=[{"prefix": "orch apply", "service_type": "crash", "target": ["mon-mgr", ""]}]: dispatch
