2021-09-07T02:34:58.764+0000 7fc472eea700 1 -- 172.21.15.12:0/165839620 >> 172.21.15.12:0/165839620 conn(0x7fc46c06b090 msgr2=0x7fc46c063320 unknown :-1 s=STATE_NONE l=0).mark_down Ignoring malparsed backtrace:
2021-09-07T02:34:59.087+0000 7ff8f37fe700 20 EpollDriver.add_event add event fd=15 cur_mask=0 add_mask=1 to 4 ,
2021-09-07T02:34:59.087+0000 7ff8f37fe700 20 Event(0x7ff8f40adbb0 nevent=5000 time_id=2).create_file_event create event end fd=15 mask=1 current mask is 1 ,
2021-09-07T02:34:59.087+0000 7ff8f37fe700 20 EpollDriver.del_event del event fd=15 cur_mask=1 delmask=2 to 4 Ignoring malparsed backtrace:
2021-09-07T02:34:59.088+0000 7ff8f27fc700 10 --1- 172.21.15.12:0/2391306879 >> v1:172.21.15.57:6789/0 conn(0x7ff8f40693a0 0x7ff8f40697b0 :-1 s=CONNECTING_WAIT_BANNER_AND_IDENTIFY pgs=0 cs=0 l=0).handle_my_addr_write connect sent my addr v1:172.21.15.12:0/2391306879 ,
2021-09-07T02:34:59.088+0000 7ff8f2ffd700 10 --2- 172.21.15.12:0/2391306879 >> v2:172.21.15.57:3300/0 conn(0x7ff8f40a36b0 0x7ff8f40634e0 unknown :-1 s=HELLO_CONNECTING pgs=0 cs=0 l=0 rev1=1 crypto rx=0 tx=0 comp rx=0 tx=0).handle_read_frame_dispatch tag=1 ,
2021-09-07T02:34:59.088+0000 7ff8f27fc700 20 --1- 172.21.15.12:0/2391306879 >> v1:172.21.15.57:6789/0 conn(0x7ff8f40693a0 0x7ff8f40697b0 :-1 s=CONNECTING_SEND_CONNECT_MSG pgs=0 cs=0 l=0).send_connect_message Ignoring malparsed backtrace:
2021-09-07T02:34:59.088+0000 7ff8f27fc700 20 --1- 172.21.15.12:0/2391306879 >> v1:172.21.15.57:6789/0 conn(0x7ff8f40693a0 0x7ff8f40697b0 :-1 s=OPENED pgs=387 cs=1 l=1).handle_message process tag 15 ,
2021-09-07T02:34:59.088+0000 7ff8f27fc700 20 -- 172.21.15.12:0/2391306879 >> v1:172.21.15.57:6789/0 conn(0x7ff8f40693a0 legacy=0x7ff8f40697b0 unknown :-1 s=STATE_CONNECTION_ESTABLISHED l=1).read start len=8 ,
2021-09-07T02:34:59.088+0000 7ff8f27fc700 20 --1- 172.21.15.12:0/2391306879 >> v1:172.21.15.57:6789/0 conn(0x7ff8f40693a0 0x7ff8f40697b0 :-1 s=OPENED pgs=387 cs=1 l=1).handle_keepalive2_ack r=0 Ignoring malparsed backtrace:
2021-09-07T02:34:59.088+0000 7ff8f2ffd700 20 -- 172.21.15.12:0/2391306879 >> v2:172.21.15.57:3300/0 conn(0x7ff8f40a36b0 msgr2=0x7ff8f40634e0 secure :-1 s=STATE_CONNECTION_ESTABLISHED l=0).read continue len=96 ,
2021-09-07T02:34:59.088+0000 7ff8f2ffd700 20 --2- 172.21.15.12:0/2391306879 >> v2:172.21.15.57:3300/0 conn(0x7ff8f40a36b0 0x7ff8f40634e0 secure :-1 s=COMPRESSION_CONNECTING pgs=0 cs=0 l=0 rev1=1 crypto rx=0x7ff8e400fb20 tx=0x7ff8e4005c00 comp rx=0 tx=0).handle_read_frame_preamble_main r=0 ,
2021-09-07T02:34:59.088+0000 7ff8f2ffd700 20 --2- 172.21.15.12:0/2391306879 >> v2:172.21.15.57:3300/0 conn(0x7ff8f40a36b0 0x7ff8f40634e0 secure :-1 s=COMPRESSION_CONNECTING pgs=0 cs=0 l=0 rev1=1 crypto rx=0x7ff8e400fb20 tx=0x7ff8e4005c00 comp rx=0 tx=0).read_frame_segment seg_idx=0 Ignoring malparsed backtrace:
2021-09-07T02:34:59.089+0000 7ff8f2ffd700 20 --2- 172.21.15.12:0/2391306879 >> [v2:172.21.15.57:3300/0,v1:172.21.15.57:6789/0] conn(0x7ff8f40a36b0 0x7ff8f40634e0 secure :-1 s=THROTTLE_DONE pgs=388 cs=0 l=1 rev1=1 crypto rx=0x7ff8e400fb20 tx=0x7ff8e4005c00 comp rx=0 tx=0).handle_message ,
2021-09-07T02:34:59.089+0000 7ff8f2ffd700 5 --2- 172.21.15.12:0/2391306879 >> [v2:172.21.15.57:3300/0,v1:172.21.15.57:6789/0] conn(0x7ff8f40a36b0 0x7ff8f40634e0 secure :-1 s=THROTTLE_DONE pgs=388 cs=0 l=1 rev1=1 crypto rx=0x7ff8e400fb20 tx=0x7ff8e4005c00 comp rx=0 tx=0).handle_message got 413 + 0 + 0 byte message. envelope type=4 src mon.1 off 0 ,
2021-09-07T02:34:59.089+0000 7ff8f2ffd700 5 --2- 172.21.15.12:0/2391306879 >> [v2:172.21.15.57:3300/0,v1:172.21.15.57:6789/0] conn(0x7ff8f40a36b0 0x7ff8f40634e0 secure :-1 s=READ_MESSAGE_COMPLETE pgs=388 cs=0 l=1 rev1=1 crypto rx=0x7ff8e400fb20 tx=0x7ff8e4005c00 comp rx=0 tx=0).handle_message received message m=0x7ff8e4003e10 seq=3 from=mon.1 type=4 mon_map magic: 0 v1 Ignoring malparsed backtrace:
2021-09-07T02:34:59.092+0000 7ff8f27fc700 10 -- >> [v2:172.21.15.12:3300/0,v1:172.21.15.12:6789/0] conn(0x7ff8f40a36b0 msgr2=0x7ff8f41450d0 unknown :-1 s=STATE_CONNECTING_RE l=1).process connect successfully, ready to send banner ,
2021-09-07T02:34:59.092+0000 7ff8f9362700 15 --2- >> [v2:172.21.15.12:3301/0,v1:172.21.15.12:6790/0] conn(0x7ff8f4139c40 0x7ff8f413d2e0 unknown :-1 s=START_CONNECT pgs=0 cs=0 l=1 rev1=0 crypto rx=0 tx=0 comp rx=0 tx=0).send_message inline write is denied, reschedule m=0x7ff8f4145780 ,
2021-09-07T02:34:59.092+0000 7ff8f27fc700 20 --2- >> [v2:172.21.15.12:3300/0,v1:172.21.15.12:6789/0] conn(0x7ff8f40a36b0 0x7ff8f41450d0 unknown :-1 s=START_CONNECT pgs=0 cs=0 l=1 rev1=0 crypto rx=0 tx=0 comp rx=0 tx=0).read_event Ignoring malparsed backtrace:
2021-09-07T02:34:59.093+0000 7ff8f2ffd700 20 --2- 172.21.15.12:0/1425954795 >> [v2:172.21.15.57:3300/0,v1:172.21.15.57:6789/0] conn(0x7ff8f40693a0 0x7ff8f413c350 unknown :-1 s=AUTH_CONNECTING pgs=0 cs=0 l=1 rev1=1 crypto rx=0 tx=0 comp rx=0 tx=0).read_frame ,
2021-09-07T02:34:59.093+0000 7ff8f2ffd700 20 -- 172.21.15.12:0/1425954795 >> [v2:172.21.15.57:3300/0,v1:172.21.15.57:6789/0] conn(0x7ff8f40693a0 msgr2=0x7ff8f413c350 unknown :-1 s=STATE_CONNECTION_ESTABLISHED l=1).read start len=32 ,
2021-09-07T02:34:59.093+0000 7ff8f27fc700 10 -- 172.21.15.12:0/1425954795 >> [v2:172.21.15.12:3300/0,v1:172.21.15.12:6789/0] conn(0x7ff8f40a36b0 msgr2=0x7ff8f41450d0 unknown :-1 s=STATE_CONNECTION_ESTABLISHED l=1)._try_send sent bytes 76 remaining bytes 0 Ignoring malparsed backtrace:
2021-09-07T02:34:59.093+0000 7ff8f27fc700 20 --2- 172.21.15.12:0/1425954795 >> [v2:172.21.15.12:3300/0,v1:172.21.15.12:6789/0] conn(0x7ff8f40a36b0 0x7ff8f41450d0 secure :-1 s=SESSION_CONNECTING pgs=0 cs=0 l=1 rev1=1 crypto rx=0x7ff8dc007f90 tx=0x7ff8dc007c00 comp rx=0 tx=0).handle_read_frame_segment r=0 ,
2021-09-07T02:34:59.093+0000 7ff8f27fc700 10 --2- 172.21.15.12:0/1425954795 >> [v2:172.21.15.12:3300/0,v1:172.21.15.12:6789/0] conn(0x7ff8f40a36b0 0x7ff8f41450d0 secure :-1 s=SESSION_CONNECTING pgs=0 cs=0 l=1 rev1=1 crypto rx=0x7ff8dc007f90 tx=0x7ff8dc007c00 comp rx=0 tx=0).handle_read_frame_dispatch tag=9 ,
2021-09-07T02:34:59.093+0000 7ff8f27fc700 20 --2- 172.21.15.12:0/1425954795 >> [v2:172.21.15.12:3300/0,v1:172.21.15.12:6789/0] conn(0x7ff8f40a36b0 0x7ff8f41450d0 secure :-1 s=SESSION_CONNECTING pgs=0 cs=0 l=1 rev1=1 crypto rx=0x7ff8dc007f90 tx=0x7ff8dc007c00 comp rx=0 tx=0).handle_server_ident payload.length()=123 Ignoring malparsed backtrace:
2021-09-07T02:34:59.094+0000 7ff8f27fc700 15 authenticated_encrypt_final buffer.length()=96 final_len=0 ,
2021-09-07T02:34:59.094+0000 7ff8f27fc700 15 authenticated_encrypt_update plaintext.length()=48 buffer.length()=48 ,
2021-09-07T02:34:59.094+0000 7ff8f27fc700 15 authenticated_encrypt_update plaintext.length()=16 buffer.length()=64 Ignoring malparsed backtrace:
2021-09-07T02:34:59.096+0000 7ff8daffd700 10 -- 172.21.15.12:0/1425954795 dispatch_throttle_release 4126 to dispatch throttler 4126/104857600 ,
2021-09-07T02:34:59.096+0000 7ff8f2ffd700 10 -- 172.21.15.12:0/1425954795 >> v2:172.21.15.12:6800/31803 conn(0x7ff8d405fea0 msgr2=0x7ff8d40623b0 unknown :-1 s=STATE_CONNECTION_ESTABLISHED l=1)._try_send sent bytes 72 remaining bytes 0 ,
2021-09-07T02:34:59.096+0000 7ff8daffd700 20 -- 172.21.15.12:0/1425954795 done calling dispatch on 0x7ff8dc09cc90 Ignoring malparsed backtrace:
2021-09-07T02:34:59.100+0000 7ff8f27fc700 5 --2- 172.21.15.12:0/1425954795 >> [v2:172.21.15.12:3300/0,v1:172.21.15.12:6789/0] conn(0x7ff8f40a36b0 0x7ff8f41450d0 secure :-1 s=READ_MESSAGE_COMPLETE pgs=665 cs=0 l=1 rev1=1 crypto rx=0x7ff8dc007f90 tx=0x7ff8dc007c00 comp rx=0 tx=0).handle_message received message m=0x7ff8dc06e1b0 seq=6 from=mon.0 type=51 mon_command_ack([{"prefix": "get_command_descriptions"}]=0 v0) v1 ,
2021-09-07T02:34:59.100+0000 7ff8f27fc700 20 -- 172.21.15.12:0/1425954795 queue 0x7ff8dc06e1b0 prio 196 ,
2021-09-07T02:34:59.100+0000 7ff8f27fc700 20 --2- 172.21.15.12:0/1425954795 >> [v2:172.21.15.12:3300/0,v1:172.21.15.12:6789/0] conn(0x7ff8f40a36b0 0x7ff8f41450d0 secure :-1 s=READY pgs=665 cs=0 l=1 rev1=1 crypto rx=0x7ff8dc007f90 tx=0x7ff8dc007c00 comp rx=0 tx=0).read_frame Ignoring malparsed backtrace:
2021-09-07T02:34:59.273+0000 7ff8f9362700 20 Event(0x7ff8f4060be0 nevent=5000 time_id=6).wakeup ,
2021-09-07T02:34:59.273+0000 7ff8f9362700 20 Event(0x7ff8f4066010 nevent=5000 time_id=5).wakeup , instructing pg 7.1b on osd.4 to deep-scrub Ignoring malparsed backtrace:
2021-09-07T02:34:59.628+0000 7f321d4a8700 20 --1- >> v1:172.21.15.57:6789/0 conn(0x7f32180a89a0 0x7f32180a9d70 :-1 s=CONNECTING_WAIT_BANNER_AND_IDENTIFY pgs=0 cs=0 l=0).wait_server_banner ,
2021-09-07T02:34:59.628+0000 7f321d4a8700 20 -- >> v1:172.21.15.57:6789/0 conn(0x7f32180a89a0 legacy=0x7f32180a9d70 unknown :-1 s=STATE_CONNECTION_ESTABLISHED l=0).read start len=281 ,
2021-09-07T02:34:59.628+0000 7f321cca7700 20 -- >> v2:172.21.15.12:3300/0 conn(0x7f32180a7690 msgr2=0x7f3218137b20 unknown :-1 s=STATE_CONNECTION_ESTABLISHED l=0).process Ignoring malparsed backtrace:
2021-09-07T02:34:59.628+0000 7f321dca9700 20 EpollDriver.del_event del event fd=15 cur_mask=1 delmask=3 to 4 ,
2021-09-07T02:34:59.628+0000 7f321cca7700 20 --1- 172.21.15.12:0/2761044083 >> v1:172.21.15.57:6789/0 conn(0x7f32180a89a0 0x7f32180a9d70 :-1 s=CONNECTING_SEND_CONNECT_MSG pgs=0 cs=0 l=0).stop ,
2021-09-07T02:34:59.628+0000 7f321cca7700 2 --1- 172.21.15.12:0/2761044083 >> v1:172.21.15.57:6789/0 conn(0x7f32180a89a0 0x7f32180a9d70 :-1 s=CONNECTING_SEND_CONNECT_MSG pgs=0 cs=0 l=0).stop Ignoring malparsed backtrace:
2021-09-07T02:34:59.629+0000 7f321cca7700 20 --2- 172.21.15.12:0/2761044083 >> [v2:172.21.15.12:3300/0,v1:172.21.15.12:6789/0] conn(0x7f32180a7690 0x7f3218137b20 secure :-1 s=THROTTLE_BYTES pgs=666 cs=0 l=1 rev1=1 crypto rx=0x7f32180a60b0 tx=0x7f320c004d80 comp rx=0 tx=0).throttle_bytes ,
2021-09-07T02:34:59.629+0000 7f3207fff700 1 -- 172.21.15.12:0/2761044083 <== mon.0 v2:172.21.15.12:3300/0 1 ==== mon_map magic: 0 v1 ==== 413+0+0 (secure 0 0 0) 0x7f320c00d5a0 con 0x7f32180a7690 ,
2021-09-07T02:34:59.629+0000 7f321cca7700 20 --2- 172.21.15.12:0/2761044083 >> [v2:172.21.15.12:3300/0,v1:172.21.15.12:6789/0] conn(0x7f32180a7690 0x7f3218137b20 secure :-1 s=THROTTLE_DISPATCH_QUEUE pgs=666 cs=0 l=1 rev1=1 crypto rx=0x7f32180a60b0 tx=0x7f320c004d80 comp rx=0 tx=0).throttle_dispatch_queue Ignoring malparsed backtrace:
2021-09-07T02:34:59.632+0000 7f321f70c700 10 -- >> [v2:172.21.15.57:3300/0,v1:172.21.15.57:6789/0] conn(0x7f32180a89a0 msgr2=0x7f32180a0bc0 unknown :-1 s=STATE_NONE l=1)._connect ,
2021-09-07T02:34:59.632+0000 7f321f70c700 1 --2- >> [v2:172.21.15.57:3300/0,v1:172.21.15.57:6789/0] conn(0x7f32180a89a0 0x7f32180a0bc0 unknown :-1 s=NONE pgs=0 cs=0 l=1 rev1=0 crypto rx=0 tx=0 comp rx=0 tx=0).connect ,
2021-09-07T02:34:59.632+0000 7f321f70c700 20 Event(0x7f321806b470 nevent=5000 time_id=3).wakeup Ignoring malparsed backtrace:
2021-09-07T02:34:59.632+0000 7f321dca9700 5 --2- 172.21.15.12:0/2741311490 >> [v2:172.21.15.12:3300/0,v1:172.21.15.12:6789/0] conn(0x7f3218138060 0x7f3218139720 unknown :-1 s=HELLO_CONNECTING pgs=0 cs=0 l=1 rev1=1 crypto rx=0 tx=0 comp rx=0 tx=0).handle_hello received hello: peer_type=1 peer_addr_for_me=v2:172.21.15.12:39310/0 ,
2021-09-07T02:34:59.632+0000 7f321cca7700 10 -- 172.21.15.12:0/2741311490 >> [v2:172.21.15.57:3300/0,v1:172.21.15.57:6789/0] conn(0x7f32180a89a0 msgr2=0x7f32180a0bc0 unknown :-1 s=STATE_CONNECTION_ESTABLISHED l=1)._try_send sent bytes 72 remaining bytes 0 ,
2021-09-07T02:34:59.632+0000 7f321d4a8700 20 --2- 172.21.15.12:0/2741311490 >> [v2:172.21.15.12:3301/0,v1:172.21.15.12:6790/0] conn(0x7f32180a7690 0x7f32180a0680 unknown :-1 s=AUTH_CONNECTING pgs=0 cs=0 l=1 rev1=1 crypto rx=0 tx=0 comp rx=0 tx=0).send_auth_request peer_type 1 auth_client 0x7f321805d128 Ignoring malparsed backtrace:
2021-09-07T02:34:59.633+0000 7f321dca9700 15 authenticated_encrypt_update plaintext.length()=80 buffer.length()=80 ,
2021-09-07T02:34:59.633+0000 7f321dca9700 15 authenticated_encrypt_final buffer.length()=96 final_len=0 ,
2021-09-07T02:34:59.633+0000 7f321d4a8700 5 --2- 172.21.15.12:0/2741311490 >> [v2:172.21.15.12:3301/0,v1:172.21.15.12:6790/0] conn(0x7f32180a7690 0x7f32180a0680 unknown :-1 s=CLOSED pgs=0 cs=0 l=1 rev1=1 crypto rx=0 tx=0 comp rx=0 tx=0).reset_recv_state (warped) reseting crypto and compression handlers Ignoring malparsed backtrace:
2021-09-07T02:34:59.633+0000 7f32057fa700 20 -- 172.21.15.12:0/2741311490 done calling dispatch on 0x7f3214006b10 ,
2021-09-07T02:34:59.633+0000 7f321dca9700 20 --2- 172.21.15.12:0/2741311490 >> [v2:172.21.15.12:3300/0,v1:172.21.15.12:6789/0] conn(0x7f3218138060 0x7f3218139720 secure :-1 s=THROTTLE_DONE pgs=667 cs=0 l=1 rev1=1 crypto rx=0x7f3214003f10 tx=0x7f3214003ad0 comp rx=0 tx=0).handle_message ,
2021-09-07T02:34:59.633+0000 7f321dca9700 5 --2- 172.21.15.12:0/2741311490 >> [v2:172.21.15.12:3300/0,v1:172.21.15.12:6789/0] conn(0x7f3218138060 0x7f3218139720 secure :-1 s=THROTTLE_DONE pgs=667 cs=0 l=1 rev1=1 crypto rx=0x7f3214003f10 tx=0x7f3214003ad0 comp rx=0 tx=0).handle_message got 4 + 0 + 0 byte message. envelope type=62 src mon.0 off 0 Ignoring malparsed backtrace:
2021-09-07T02:34:59.635+0000 7f321dca9700 20 -- 172.21.15.12:0/2741311490 >> [v2:172.21.15.12:3300/0,v1:172.21.15.12:6789/0] conn(0x7f3218138060 msgr2=0x7f3218139720 secure :-1 s=STATE_CONNECTION_ESTABLISHED l=1).read start len=96 ,
2021-09-07T02:34:59.635+0000 7f321dca9700 10 -- 172.21.15.12:0/2741311490 >> [v2:172.21.15.12:3300/0,v1:172.21.15.12:6789/0] conn(0x7f3218138060 msgr2=0x7f3218139720 secure :-1 s=STATE_CONNECTION_ESTABLISHED l=1).handle_write ,
2021-09-07T02:34:59.635+0000 7f321dca9700 10 --2- 172.21.15.12:0/2741311490 >> [v2:172.21.15.12:3300/0,v1:172.21.15.12:6789/0] conn(0x7f3218138060 0x7f3218139720 secure :-1 s=READY pgs=667 cs=0 l=1 rev1=1 crypto rx=0x7f3214003f10 tx=0x7f3214003ad0 comp rx=0 tx=0).write_event Ignoring malparsed backtrace:
2021-09-07T02:34:59.636+0000 7f321d4a8700 5 --2- 172.21.15.12:0/2741311490 >> v2:172.21.15.12:6800/31803 conn(0x7f31f805fea0 0x7f31f80623b0 secure :-1 s=SESSION_CONNECTING pgs=0 cs=0 l=1 rev1=1 crypto rx=0x7f3208006fd0 tx=0x7f3208008040 comp rx=0 tx=0).send_client_ident sending identification: addrs=172.21.15.12:0/2741311490 target=v2:172.21.15.12:6800/31803 gid=5622 global_seq=4 features_supported=3f01cfbb7ffdffff features_required=800000000001000 flags=1 cookie=0 ,
2021-09-07T02:34:59.636+0000 7f321d4a8700 15 authenticated_encrypt_update plaintext.length()=80 buffer.length()=80 ,
2021-09-07T02:34:59.636+0000 7f321d4a8700 15 authenticated_encrypt_final buffer.length()=96 final_len=0 Ignoring malparsed backtrace:
2021-09-07T02:34:59.812+0000 7f321dca9700 5 --2- 172.21.15.12:0/2741311490 >> [v2:172.21.15.12:3300/0,v1:172.21.15.12:6789/0] conn(0x7f3218138060 0x7f3218139720 secure :-1 s=CLOSED pgs=667 cs=0 l=1 rev1=1 crypto rx=0x7f3214003f10 tx=0x7f3214003ad0 comp rx=0 tx=0).reset_security ,
2021-09-07T02:34:59.812+0000 7f321dca9700 5 --2- 172.21.15.12:0/2741311490 >> [v2:172.21.15.12:3300/0,v1:172.21.15.12:6789/0] conn(0x7f3218138060 0x7f3218139720 unknown :-1 s=CLOSED pgs=667 cs=0 l=1 rev1=1 crypto rx=0 tx=0 comp rx=0 tx=0).reset_compression ,
2021-09-07T02:34:59.812+0000 7f321dca9700 20 EpollDriver.del_event del event fd=18 cur_mask=1 delmask=3 to 4 Ignoring malparsed backtrace:
2021-09-07T02:35:00.147+0000 7fd7bb7fe700 20 Event(0x7fd7bc064e80 nevent=5000 time_id=2).create_file_event create event end fd=14 mask=1 current mask is 1 ,
2021-09-07T02:35:00.147+0000 7fd7bb7fe700 10 NetHandler reconnect reconnect: 114 Operation already in progress ,
2021-09-07T02:35:00.147+0000 7fd7bb7fe700 10 -- >> v2:172.21.15.57:3300/0 conn(0x7fd7bc1397b0 msgr2=0x7fd7bc0a0b30 unknown :-1 s=STATE_CONNECTING_RE l=0).process nonblock connect inprogress Ignoring malparsed backtrace:
2021-09-07T02:35:00.147+0000 7fd7bb7fe700 20 -- 172.21.15.12:0/2896677208 >> v2:172.21.15.57:3300/0 conn(0x7fd7bc1397b0 msgr2=0x7fd7bc0a0b30 unknown :-1 s=STATE_CONNECTION_ESTABLISHED l=0).process ,
2021-09-07T02:35:00.147+0000 7fd7bb7fe700 20 -- 172.21.15.12:0/2896677208 >> v2:172.21.15.57:3300/0 conn(0x7fd7bc1397b0 msgr2=0x7fd7bc0a0b30 unknown :-1 s=STATE_CONNECTION_ESTABLISHED l=0).read continue len=10 ,
2021-09-07T02:35:00.147+0000 7fd7bbfff700 10 -- 172.21.15.12:0/2896677208 >> v1:172.21.15.12:6789/0 conn(0x7fd7bc13a480 legacy=0x7fd7bc0a1ed0 unknown :-1 s=STATE_CONNECTION_ESTABLISHED l=1)._try_send sent bytes 144 remaining bytes 0 Ignoring malparsed backtrace:
2021-09-07T02:35:00.148+0000 7fd7c0afb700 20 Event(0x7fd7bc064e80 nevent=5000 time_id=2).wakeup ,
2021-09-07T02:35:00.148+0000 7fd7c0afb700 10 --2- 172.21.15.12:0/2896677208 >> v2:172.21.15.57:3300/0 conn(0x7fd7bc1397b0 0x7fd7bc0a0b30 unknown :-1 s=AUTH_CONNECTING pgs=0 cs=0 l=0 rev1=1 crypto rx=0 tx=0 comp rx=0 tx=0).discard_out_queue started ,
2021-09-07T02:35:00.148+0000 7fd7c0afb700 20 --2- 172.21.15.12:0/2896677208 >> v2:172.21.15.57:3300/0 conn(0x7fd7bc1397b0 0x7fd7bc0a0b30 unknown :-1 s=AUTH_CONNECTING pgs=0 cs=0 l=0 rev1=1 crypto rx=0 tx=0 comp rx=0 tx=0).discard_out_queue discard mon_getmap magic: 0 v1 Ignoring malparsed backtrace:
2021-09-07T02:35:00.148+0000 7fd7c0afb700 5 --2- 172.21.15.12:0/2896677208 >> [v2:172.21.15.12:3301/0,v1:172.21.15.12:6790/0] conn(0x7fd7bc0a1070 0x7fd7bc136ae0 secure :-1 s=THROTTLE_DONE pgs=448 cs=0 l=1 rev1=1 crypto rx=0x7fd7b0009960 tx=0x7fd7b0009220 comp rx=0 tx=0).handle_message got 413 + 0 + 0 byte message. envelope type=4 src mon.2 off 0 ,
2021-09-07T02:35:00.148+0000 7fd7c0afb700 5 --2- 172.21.15.12:0/2896677208 >> [v2:172.21.15.12:3301/0,v1:172.21.15.12:6790/0] conn(0x7fd7bc0a1070 0x7fd7bc136ae0 secure :-1 s=READ_MESSAGE_COMPLETE pgs=448 cs=0 l=1 rev1=1 crypto rx=0x7fd7b0009960 tx=0x7fd7b0009220 comp rx=0 tx=0).handle_message received message m=0x7fd7b0003a90 seq=1 from=mon.2 type=4 mon_map magic: 0 v1 ,
2021-09-07T02:35:00.148+0000 7fd7c0afb700 20 -- 172.21.15.12:0/2896677208 queue 0x7fd7b0003a90 prio 196 Ignoring malparsed backtrace:
2021-09-07T02:35:00.152+0000 7fd7c12fc700 10 -- >> [v2:172.21.15.12:3300/0,v1:172.21.15.12:6789/0] conn(0x7fd7bc0a1070 msgr2=0x7fd7bc06aa20 unknown :-1 s=STATE_NONE l=1)._connect ,
2021-09-07T02:35:00.152+0000 7fd7c12fc700 1 --2- >> [v2:172.21.15.12:3300/0,v1:172.21.15.12:6789/0] conn(0x7fd7bc0a1070 0x7fd7bc06aa20 unknown :-1 s=NONE pgs=0 cs=0 l=1 rev1=0 crypto rx=0 tx=0 comp rx=0 tx=0).connect ,
2021-09-07T02:35:00.152+0000 7fd7c12fc700 20 Event(0x7fd7bc060b30 nevent=5000 time_id=3).wakeup Ignoring malparsed backtrace:
2021-09-07T02:35:00.152+0000 7fd7c0afb700 20 --2- 172.21.15.12:0/3151163324 >> [v2:172.21.15.12:3301/0,v1:172.21.15.12:6790/0] conn(0x7fd7bc0a40e0 0x7fd7bc069d90 unknown :-1 s=HELLO_CONNECTING pgs=0 cs=0 l=1 rev1=1 crypto rx=0 tx=0 comp rx=0 tx=0).handle_read_frame_segment r=0 ,
2021-09-07T02:35:00.152+0000 7fd7bbfff700 20 --2- 172.21.15.12:0/3151163324 >> [v2:172.21.15.12:3300/0,v1:172.21.15.12:6789/0] conn(0x7fd7bc0a1070 0x7fd7bc06aa20 unknown :-1 s=AUTH_CONNECTING pgs=0 cs=0 l=1 rev1=1 crypto rx=0 tx=0 comp rx=0 tx=0).send_auth_request peer_type 1 auth_client 0x7fd7bc05d128 ,
2021-09-07T02:35:00.152+0000 7fd7bb7fe700 20 -- 172.21.15.12:0/3151163324 >> [v2:172.21.15.57:3300/0,v1:172.21.15.57:6789/0] conn(0x7fd7bc1397b0 msgr2=0x7fd7bc067580 unknown :-1 s=STATE_CONNECTION_ESTABLISHED l=1).read start len=16 Ignoring malparsed backtrace:
2021-09-07T02:35:00.152+0000 7fd7bbfff700 1 -- 172.21.15.12:0/3151163324 --> [v2:172.21.15.12:3300/0,v1:172.21.15.12:6789/0] -- mon_subscribe({config=0+,monmap=0+}) v3 -- 0x7fd7b00094a0 con 0x7fd7bc0a1070 ,
2021-09-07T02:35:00.152+0000 7fd7bbfff700 5 --2- 172.21.15.12:0/3151163324 >> [v2:172.21.15.12:3300/0,v1:172.21.15.12:6789/0] conn(0x7fd7bc0a1070 0x7fd7bc06aa20 unknown :-1 s=AUTH_CONNECTING pgs=0 cs=0 l=1 rev1=1 crypto rx=0 tx=0 comp rx=0 tx=0).send_message enqueueing message m=0x7fd7b00094a0 type=15 mon_subscribe({config=0+,monmap=0+}) v3 ,
2021-09-07T02:35:00.152+0000 7fd7bbfff700 15 --2- 172.21.15.12:0/3151163324 >> [v2:172.21.15.12:3300/0,v1:172.21.15.12:6789/0] conn(0x7fd7bc0a1070 0x7fd7bc06aa20 unknown :-1 s=AUTH_CONNECTING pgs=0 cs=0 l=1 rev1=1 crypto rx=0 tx=0 comp rx=0 tx=0).send_message inline write is denied, reschedule m=0x7fd7b00094a0 Ignoring malparsed backtrace:
2021-09-07T02:35:00.153+0000 7fd7bbfff700 20 -- 172.21.15.12:0/3151163324 >> [v2:172.21.15.12:3300/0,v1:172.21.15.12:6789/0] conn(0x7fd7bc0a1070 msgr2=0x7fd7bc06aa20 secure :-1 s=STATE_CONNECTION_ESTABLISHED l=1).read start len=16 ,
2021-09-07T02:35:00.153+0000 7fd7bbfff700 20 --2- 172.21.15.12:0/3151163324 >> [v2:172.21.15.12:3300/0,v1:172.21.15.12:6789/0] conn(0x7fd7bc0a1070 0x7fd7bc06aa20 secure :-1 s=THROTTLE_DONE pgs=669 cs=0 l=1 rev1=1 crypto rx=0x7fd7a800c460 tx=0x7fd7a8007d10 comp rx=0 tx=0).handle_read_frame_segment r=0 ,
2021-09-07T02:35:00.153+0000 7fd7bbfff700 20 -- 172.21.15.12:0/3151163324 >> [v2:172.21.15.12:3300/0,v1:172.21.15.12:6789/0] conn(0x7fd7bc0a1070 msgr2=0x7fd7bc06aa20 secure :-1 s=STATE_CONNECTION_ESTABLISHED l=1).read start len=32 Ignoring malparsed backtrace:
2021-09-07T02:35:00.155+0000 7fd7bbfff700 10 --2- 172.21.15.12:0/3151163324 >> [v2:172.21.15.12:3300/0,v1:172.21.15.12:6789/0] conn(0x7fd7bc0a1070 0x7fd7bc06aa20 secure :-1 s=THROTTLE_DONE pgs=669 cs=0 l=1 rev1=1 crypto rx=0x7fd7a800c460 tx=0x7fd7a8007d10 comp rx=0 tx=0).handle_read_frame_dispatch tag=17 ,
2021-09-07T02:35:00.155+0000 7fd7bbfff700 20 --2- 172.21.15.12:0/3151163324 >> [v2:172.21.15.12:3300/0,v1:172.21.15.12:6789/0] conn(0x7fd7bc0a1070 0x7fd7bc06aa20 secure :-1 s=THROTTLE_DONE pgs=669 cs=0 l=1 rev1=1 crypto rx=0x7fd7a800c460 tx=0x7fd7a8007d10 comp rx=0 tx=0).handle_message ,
2021-09-07T02:35:00.155+0000 7fd7bbfff700 5 --2- 172.21.15.12:0/3151163324 >> [v2:172.21.15.12:3300/0,v1:172.21.15.12:6789/0] conn(0x7fd7bc0a1070 0x7fd7bc06aa20 secure :-1 s=THROTTLE_DONE pgs=669 cs=0 l=1 rev1=1 crypto rx=0x7fd7a800c460 tx=0x7fd7a8007d10 comp rx=0 tx=0).handle_message got 4126 + 0 + 0 byte message. envelope type=41 src mon.0 off 0 Ignoring malparsed backtrace:
2021-09-07T02:35:00.156+0000 7fd7bb7fe700 20 -- 172.21.15.12:0/3151163324 >> v2:172.21.15.12:6800/31803 conn(0x7fd7a405fea0 msgr2=0x7fd7a40623b0 secure :-1 s=STATE_CONNECTION_ESTABLISHED l=1).read continue len=96 ,
2021-09-07T02:35:00.156+0000 7fd7bb7fe700 20 --2- 172.21.15.12:0/3151163324 >> v2:172.21.15.12:6800/31803 conn(0x7fd7a405fea0 0x7fd7a40623b0 secure :-1 s=COMPRESSION_CONNECTING pgs=0 cs=0 l=1 rev1=1 crypto rx=0x7fd7ac00ca30 tx=0x7fd7ac006e20 comp rx=0 tx=0).handle_read_frame_preamble_main r=0 ,
2021-09-07T02:35:00.156+0000 7fd7bb7fe700 20 --2- 172.21.15.12:0/3151163324 >> v2:172.21.15.12:6800/31803 conn(0x7fd7a405fea0 0x7fd7a40623b0 secure :-1 s=COMPRESSION_CONNECTING pgs=0 cs=0 l=1 rev1=1 crypto rx=0x7fd7ac00ca30 tx=0x7fd7ac006e20 comp rx=0 tx=0).read_frame_segment seg_idx=0 Ignoring malparsed backtrace:
2021-09-07T02:35:00.330+0000 7fd7c12fc700 20 Event(0x7fd7bc060b30 nevent=5000 time_id=5).wakeup ,
2021-09-07T02:35:00.330+0000 7fd7bb7fe700 5 --2- 172.21.15.12:0/3151163324 >> v2:172.21.15.12:6800/31803 conn(0x7fd7a405fea0 0x7fd7a40623b0 secure :-1 s=CLOSED pgs=299 cs=0 l=1 rev1=1 crypto rx=0x7fd7ac00ca30 tx=0x7fd7ac006e20 comp rx=0 tx=0).reset_security ,
2021-09-07T02:35:00.330+0000 7fd7c12fc700 10 --2- 172.21.15.12:0/3151163324 >> [v2:172.21.15.12:3300/0,v1:172.21.15.12:6789/0] conn(0x7fd7bc0a1070 0x7fd7bc06aa20 secure :-1 s=READY pgs=669 cs=0 l=1 rev1=1 crypto rx=0x7fd7a800c460 tx=0x7fd7a8007d10 comp rx=0 tx=0).discard_out_queue started Ignoring malparsed backtrace:
2021-09-07T02:35:00.674+0000 7fe2eebc3700 15 --2- >> v2:172.21.15.12:3300/0 conn(0x7fe2e806d1b0 0x7fe2e80a2d40 unknown :-1 s=START_CONNECT pgs=0 cs=0 l=0 rev1=0 crypto rx=0 tx=0 comp rx=0 tx=0).send_message inline write is denied, reschedule m=0x7fe2e80a28a0 ,
2021-09-07T02:35:00.674+0000 7fe2eebc3700 1 -- --> v2:172.21.15.57:3300/0 -- mon_getmap magic: 0 v1 -- 0x7fe2e80a0c30 con 0x7fe2e80a0820 ,
2021-09-07T02:35:00.674+0000 7fe2ec95f700 20 Event(0x7fe2e80645c0 nevent=5000 time_id=2).create_file_event create event started fd=13 mask=1 original mask is 0 Ignoring malparsed backtrace:
2021-09-07T02:35:00.674+0000 7fe2ed160700 20 --1- 172.21.15.12:0/4085025535 >> v1:172.21.15.57:6789/0 conn(0x7fe2e80a1dd0 0x7fe2e8138c00 :-1 s=CONNECTING_WAIT_BANNER_AND_IDENTIFY pgs=0 cs=0 l=0).handle_server_banner_and_identify r=0 ,
2021-09-07T02:35:00.674+0000 7fe2e7fff700 20 --2- 172.21.15.12:0/4085025535 >> v2:172.21.15.57:3300/0 conn(0x7fe2e80a0820 0x7fe2e80a1890 unknown :-1 s=HELLO_CONNECTING pgs=0 cs=0 l=0 rev1=1 crypto rx=0 tx=0 comp rx=0 tx=0).read_frame_segment seg_idx=0 ,
2021-09-07T02:35:00.674+0000 7fe2ed160700 20 --1- 172.21.15.12:0/4085025535 >> v1:172.21.15.57:6789/0 conn(0x7fe2e80a1dd0 0x7fe2e8138c00 :-1 s=CONNECTING_WAIT_BANNER_AND_IDENTIFY pgs=0 cs=0 l=0).handle_server_banner_and_identify connect read peer addr v1:172.21.15.57:6789/0 on socket 15 Ignoring malparsed backtrace:
2021-09-07T02:35:00.674+0000 7fe2ec95f700 20 -- 172.21.15.12:0/4085025535 >> v2:172.21.15.12:3300/0 conn(0x7fe2e806d1b0 msgr2=0x7fe2e80a2d40 secure :-1 s=STATE_CONNECTION_ESTABLISHED l=0).read start len=96 ,
2021-09-07T02:35:00.674+0000 7fe2ec95f700 20 -- 172.21.15.12:0/4085025535 >> v2:172.21.15.12:3300/0 conn(0x7fe2e806d1b0 msgr2=0x7fe2e80a2d40 secure :-1 s=STATE_CONNECTION_ESTABLISHED l=0).process ,
2021-09-07T02:35:00.674+0000 7fe2ec95f700 20 -- 172.21.15.12:0/4085025535 >> v2:172.21.15.12:3300/0 conn(0x7fe2e806d1b0 msgr2=0x7fe2e80a2d40 secure :-1 s=STATE_CONNECTION_ESTABLISHED l=0).read continue len=96 Ignoring malparsed backtrace:
2021-09-07T02:35:00.675+0000 7fe2ec95f700 20 --2- 172.21.15.12:0/4085025535 >> [v2:172.21.15.12:3300/0,v1:172.21.15.12:6789/0] conn(0x7fe2e806d1b0 0x7fe2e80a2d40 secure :-1 s=THROTTLE_DONE pgs=670 cs=0 l=1 rev1=1 crypto rx=0x7fe2e80a1400 tx=0x7fe2dc006ee0 comp rx=0 tx=0).handle_read_frame_epilogue_main r=0 ,
2021-09-07T02:35:00.675+0000 7fe2ec95f700 10 --2- 172.21.15.12:0/4085025535 >> [v2:172.21.15.12:3300/0,v1:172.21.15.12:6789/0] conn(0x7fe2e806d1b0 0x7fe2e80a2d40 secure :-1 s=THROTTLE_DONE pgs=670 cs=0 l=1 rev1=1 crypto rx=0x7fe2e80a1400 tx=0x7fe2dc006ee0 comp rx=0 tx=0).handle_read_frame_dispatch tag=17 ,
2021-09-07T02:35:00.675+0000 7fe2ec95f700 20 --2- 172.21.15.12:0/4085025535 >> [v2:172.21.15.12:3300/0,v1:172.21.15.12:6789/0] conn(0x7fe2e806d1b0 0x7fe2e80a2d40 secure :-1 s=THROTTLE_DONE pgs=670 cs=0 l=1 rev1=1 crypto rx=0x7fe2e80a1400 tx=0x7fe2dc006ee0 comp rx=0 tx=0).handle_message Ignoring malparsed backtrace:
2021-09-07T02:35:00.678+0000 7fe2e7fff700 20 EpollDriver.del_event del event fd=17 cur_mask=3 delmask=2 to 10 ,
2021-09-07T02:35:00.678+0000 7fe2ec95f700 20 --2- >> [v2:172.21.15.12:3301/0,v1:172.21.15.12:6790/0] conn(0x7fe2e806d1b0 0x7fe2e806a2b0 unknown :-1 s=BANNER_CONNECTING pgs=0 cs=0 l=1 rev1=0 crypto rx=0 tx=0 comp rx=0 tx=0)._handle_peer_banner_payload r=0 ,
2021-09-07T02:35:00.678+0000 7fe2e7fff700 10 -- >> [v2:172.21.15.57:3300/0,v1:172.21.15.57:6789/0] conn(0x7fe2e80a0820 msgr2=0x7fe2e8133b30 unknown :-1 s=STATE_CONNECTING_RE l=1).process connect successfully, ready to send banner Ignoring malparsed backtrace:
2021-09-07T02:35:00.678+0000 7fe2e7fff700 5 --2- 172.21.15.12:0/557005143 >> [v2:172.21.15.57:3300/0,v1:172.21.15.57:6789/0] conn(0x7fe2e80a0820 0x7fe2e8133b30 unknown :-1 s=HELLO_CONNECTING pgs=0 cs=0 l=1 rev1=1 crypto rx=0 tx=0 comp rx=0 tx=0).handle_hello received hello: peer_type=1 peer_addr_for_me=v2:172.21.15.12:52632/0 ,
2021-09-07T02:35:00.678+0000 7fe2ec95f700 20 -- 172.21.15.12:0/557005143 >> [v2:172.21.15.12:3301/0,v1:172.21.15.12:6790/0] conn(0x7fe2e806d1b0 msgr2=0x7fe2e806a2b0 unknown :-1 s=STATE_CONNECTION_ESTABLISHED l=1).read start len=32 ,
2021-09-07T02:35:00.678+0000 7fe2e7fff700 5 --2- 172.21.15.12:0/557005143 >> [v2:172.21.15.57:3300/0,v1:172.21.15.57:6789/0] conn(0x7fe2e80a0820 0x7fe2e8133b30 unknown :-1 s=HELLO_CONNECTING pgs=0 cs=0 l=1 rev1=1 crypto rx=0 tx=0 comp rx=0 tx=0).handle_hello getsockname says I am 172.21.15.12:52632 when talking to v2:172.21.15.57:3300/0 Ignoring malparsed backtrace:
2021-09-07T02:35:00.679+0000 7fe2ec95f700 20 --2- 172.21.15.12:0/557005143 >> [v2:172.21.15.12:3301/0,v1:172.21.15.12:6790/0] conn(0x7fe2e806d1b0 0x7fe2e806a2b0 secure :-1 s=SESSION_CONNECTING pgs=0 cs=0 l=1 rev1=1 crypto rx=0x7fe2dc010000 tx=0x7fe2dc011000 comp rx=0 tx=0).handle_server_ident payload.length()=123 ,
2021-09-07T02:35:00.679+0000 7fe2ec95f700 5 --2- 172.21.15.12:0/557005143 >> [v2:172.21.15.12:3301/0,v1:172.21.15.12:6790/0] conn(0x7fe2e806d1b0 0x7fe2e806a2b0 secure :-1 s=SESSION_CONNECTING pgs=0 cs=0 l=1 rev1=1 crypto rx=0x7fe2dc010000 tx=0x7fe2dc011000 comp rx=0 tx=0).handle_server_ident received server identification: addrs=[v2:172.21.15.12:3301/0,v1:172.21.15.12:6790/0] gid=2 global_seq=449 features_supported=3f01cfbb7ffdffff features_required=c01020042040000 flags=1 cookie=0 ,
2021-09-07T02:35:00.679+0000 7fe2ec95f700 10 --2- 172.21.15.12:0/557005143 >> [v2:172.21.15.12:3301/0,v1:172.21.15.12:6790/0] conn(0x7fe2e806d1b0 0x7fe2e806a2b0 secure :-1 s=SESSION_CONNECTING pgs=449 cs=0 l=1 rev1=1 crypto rx=0x7fe2dc010000 tx=0x7fe2dc011000 comp rx=0 tx=0).handle_server_ident connect success 0, lossy = 1, features 4540138303579357183 Ignoring malparsed backtrace:
2021-09-07T02:35:00.679+0000 7fe2ec95f700 15 authenticated_encrypt_final buffer.length()=96 final_len=0 ,
2021-09-07T02:35:00.679+0000 7fe2ec95f700 15 authenticated_encrypt_update plaintext.length()=48 buffer.length()=48 ,
2021-09-07T02:35:00.679+0000 7fe2ec95f700 15 authenticated_encrypt_update plaintext.length()=16 buffer.length()=64 Ignoring malparsed backtrace:
2021-09-07T02:35:00.681+0000 7fe2e4ff9700 20 -- 172.21.15.12:0/557005143 done calling dispatch on 0x7fe2dc07ca70 ,
2021-09-07T02:35:00.681+0000 7fe2e7fff700 20 --2- 172.21.15.12:0/557005143 >> v2:172.21.15.12:6800/31803 conn(0x7fe2d005fea0 0x7fe2d00623b0 unknown :-1 s=HELLO_CONNECTING pgs=0 cs=0 l=1 rev1=1 crypto rx=0 tx=0 comp rx=0 tx=0).read_frame ,
2021-09-07T02:35:00.681+0000 7fe2e7fff700 20 -- 172.21.15.12:0/557005143 >> v2:172.21.15.12:6800/31803 conn(0x7fe2d005fea0 msgr2=0x7fe2d00623b0 unknown :-1 s=STATE_CONNECTION_ESTABLISHED l=1).read start len=32 Ignoring malparsed backtrace:
2021-09-07T02:35:00.686+0000 7fe2ec95f700 20 --2- 172.21.15.12:0/557005143 >> [v2:172.21.15.12:3301/0,v1:172.21.15.12:6790/0] conn(0x7fe2e806d1b0 0x7fe2e806a2b0 secure :-1 s=READY pgs=449 cs=0 l=1 rev1=1 crypto rx=0x7fe2dc010000 tx=0x7fe2dc011000 comp rx=0 tx=0).read_frame ,
2021-09-07T02:35:00.686+0000 7fe2ec95f700 20 -- 172.21.15.12:0/557005143 >> [v2:172.21.15.12:3301/0,v1:172.21.15.12:6790/0] conn(0x7fe2e806d1b0 msgr2=0x7fe2e806a2b0 secure :-1 s=STATE_CONNECTION_ESTABLISHED l=1).read start len=96 ,
2021-09-07T02:35:00.686+0000 7fe2e4ff9700 1 -- 172.21.15.12:0/557005143 <== mon.2 v2:172.21.15.12:3301/0 6 ==== mon_command_ack([{"prefix": "get_command_descriptions"}]=0 v0) v1 ==== 72+0+153941 (secure 0 0 0) 0x7fe2dc04dde0 con 0x7fe2e806d1b0 Ignoring malparsed backtrace: instructing pg 7.12 on osd.6 to deep-scrub ,
2021-09-07T02:35:01.033 DEBUG:teuthology.orchestra.run.smithi012:> sudo adjust-ulimits ceph-coverage /home/ubuntu/cephtest/archive/coverage timeout 120 ceph --cluster ceph pg deep-scrub 7.11 ,
2021-09-07T02:35:01.162+0000 7f3dd97a4700 20 CompressorRegistry(0x7f3dd405f470) adding algorithm method: snappy Ignoring malparsed backtrace:
2021-09-07T02:35:01.164+0000 7f3dd27fc700 10 -- >> v2:172.21.15.12:3300/0 conn(0x7f3dd40a8230 msgr2=0x7f3dd40a0ec0 unknown :-1 s=STATE_CONNECTION_ESTABLISHED l=0)._try_send sent bytes 72 remaining bytes 0 ,
2021-09-07T02:35:01.164+0000 7f3dd37fe700 20 --2- >> v2:172.21.15.57:3300/0 conn(0x7f3dd40a2800 0x7f3dd40a2c10 unknown :-1 s=BANNER_CONNECTING pgs=0 cs=0 l=0 rev1=0 crypto rx=0 tx=0 comp rx=0 tx=0)._banner_exchange ,
2021-09-07T02:35:01.164+0000 7f3dd2ffd700 20 -- >> v1:172.21.15.12:6789/0 conn(0x7f3dd413ae50 legacy=0x7f3dd406cff0 unknown :-1 s=STATE_CONNECTION_ESTABLISHED l=0).process Ignoring malparsed backtrace:
2021-09-07T02:35:01.164+0000 7f3dd37fe700 20 --2- 172.21.15.12:0/949671439 >> v2:172.21.15.57:3300/0 conn(0x7f3dd40a2800 0x7f3dd40a2c10 unknown :-1 s=HELLO_CONNECTING pgs=0 cs=0 l=0 rev1=1 crypto rx=0 tx=0 comp rx=0 tx=0).handle_hello payload.length()=36 ,
2021-09-07T02:35:01.164+0000 7f3dd37fe700 5 --2- 172.21.15.12:0/949671439 >> v2:172.21.15.57:3300/0 conn(0x7f3dd40a2800 0x7f3dd40a2c10 unknown :-1 s=HELLO_CONNECTING pgs=0 cs=0 l=0 rev1=1 crypto rx=0 tx=0 comp rx=0 tx=0).handle_hello received hello: peer_type=1 peer_addr_for_me=v2:172.21.15.12:52642/0 ,
2021-09-07T02:35:01.164+0000 7f3dd2ffd700 20 -- 172.21.15.12:0/949671439 >> v1:172.21.15.12:6789/0 conn(0x7f3dd413ae50 legacy=0x7f3dd406cff0 unknown :-1 s=STATE_CONNECTION_ESTABLISHED l=1).process Ignoring malparsed backtrace:
2021-09-07T02:35:01.164+0000 7f3dd27fc700 10 -- 172.21.15.12:0/949671439 >> [v2:172.21.15.12:3300/0,v1:172.21.15.12:6789/0] conn(0x7f3dd40a8230 msgr2=0x7f3dd40a0ec0 secure :-1 s=STATE_CONNECTION_ESTABLISHED l=1)._try_send sent bytes 192 remaining bytes 0 ,
2021-09-07T02:35:01.164+0000 7f3dd27fc700 10 --2- 172.21.15.12:0/949671439 >> [v2:172.21.15.12:3300/0,v1:172.21.15.12:6789/0] conn(0x7f3dd40a8230 0x7f3dd40a0ec0 secure :-1 s=READY pgs=672 cs=0 l=1 rev1=1 crypto rx=0x7f3dd40a9d20 tx=0x7f3dc0007480 comp rx=0 tx=0).write_message sending 0x7f3dd40a1400 done. ,
2021-09-07T02:35:01.164+0000 7f3dd27fc700 20 -- 172.21.15.12:0/949671439 >> [v2:172.21.15.12:3300/0,v1:172.21.15.12:6789/0] conn(0x7f3dd40a8230 msgr2=0x7f3dd40a0ec0 secure :-1 s=STATE_CONNECTION_ESTABLISHED l=1).process Ignoring malparsed backtrace:
2021-09-07T02:35:01.165+0000 7f3dd97a4700 20 Event(0x7f3dd40645c0 nevent=5000 time_id=3).wakeup ,
2021-09-07T02:35:01.165+0000 7f3dd97a4700 20 Event(0x7f3dd4065fe0 nevent=5000 time_id=3).wakeup ,
2021-09-07T02:35:01.165+0000 7f3dd97a4700 10 -- 172.21.15.12:0/949671439 wait: done. Ignoring malparsed backtrace:
2021-09-07T02:35:01.168+0000 7f3dd2ffd700 1 --2- >> [v2:172.21.15.12:3300/0,v1:172.21.15.12:6789/0] conn(0x7f3dd40a2800 0x7f3dd4136580 unknown :-1 s=HELLO_CONNECTING pgs=0 cs=0 l=1 rev1=1 crypto rx=0 tx=0 comp rx=0 tx=0).handle_hello peer v2:172.21.15.12:3300/0 says I am v2:172.21.15.12:39352/0 (socket says 172.21.15.12:39352) ,
2021-09-07T02:35:01.168+0000 7f3dd2ffd700 10 -- 172.21.15.12:0/4095611270 learned_addr had no addrs ,
2021-09-07T02:35:01.168+0000 7f3dd37fe700 10 -- >> [v2:172.21.15.57:3300/0,v1:172.21.15.57:6789/0] conn(0x7f3dd413ae50 msgr2=0x7f3dd406a520 unknown :-1 s=STATE_CONNECTION_ESTABLISHED l=1)._try_send sent bytes 26 remaining bytes 0 Ignoring malparsed backtrace:
2021-09-07T02:35:01.168+0000 7f3dd37fe700 5 --2- 172.21.15.12:0/4095611270 >> [v2:172.21.15.57:3300/0,v1:172.21.15.57:6789/0] conn(0x7f3dd413ae50 0x7f3dd406a520 unknown :-1 s=AUTH_CONNECTING pgs=0 cs=0 l=1 rev1=1 crypto rx=0 tx=0 comp rx=0 tx=0).handle_auth_reply_more auth reply more len=9 ,
2021-09-07T02:35:01.168+0000 7f3dd27fc700 20 -- 172.21.15.12:0/4095611270 >> [v2:172.21.15.12:3301/0,v1:172.21.15.12:6790/0] conn(0x7f3dd40a8230 msgr2=0x7f3dd41145e0 unknown :-1 s=STATE_CLOSED l=1).process ,
2021-09-07T02:35:01.168+0000 7f3dd27fc700 20 -- 172.21.15.12:0/4095611270 >> [v2:172.21.15.12:3301/0,v1:172.21.15.12:6790/0] conn(0x7f3dd40a8230 msgr2=0x7f3dd41145e0 unknown :-1 s=STATE_CLOSED l=1).process socket closed Ignoring malparsed backtrace:
2021-09-07T02:35:01.169+0000 7f3dd2ffd700 20 --2- 172.21.15.12:0/4095611270 >> [v2:172.21.15.12:3300/0,v1:172.21.15.12:6789/0] conn(0x7f3dd40a2800 0x7f3dd4136580 secure :-1 s=READY pgs=673 cs=0 l=1 rev1=1 crypto rx=0x7f3dc400c570 tx=0x7f3dc40039f0 comp rx=0 tx=0).read_frame ,
2021-09-07T02:35:01.169+0000 7f3dd2ffd700 20 -- 172.21.15.12:0/4095611270 >> [v2:172.21.15.12:3300/0,v1:172.21.15.12:6789/0] conn(0x7f3dd40a2800 msgr2=0x7f3dd4136580 secure :-1 s=STATE_CONNECTION_ESTABLISHED l=1).read start len=96 ,
2021-09-07T02:35:01.169+0000 7f3dd2ffd700 20 --2- 172.21.15.12:0/4095611270 >> [v2:172.21.15.12:3300/0,v1:172.21.15.12:6789/0] conn(0x7f3dd40a2800 0x7f3dd4136580 secure :-1 s=READY pgs=673 cs=0 l=1 rev1=1 crypto rx=0x7f3dc400c570 tx=0x7f3dc40039f0 comp rx=0 tx=0).handle_read_frame_preamble_main r=0 Ignoring malparsed backtrace:
2021-09-07T02:35:01.171+0000 7f3dd2ffd700 20 --2- 172.21.15.12:0/4095611270 >> [v2:172.21.15.12:3300/0,v1:172.21.15.12:6789/0] conn(0x7f3dd40a2800 0x7f3dd4136580 secure :-1 s=THROTTLE_MESSAGE pgs=673 cs=0 l=1 rev1=1 crypto rx=0x7f3dc400c570 tx=0x7f3dc40039f0 comp rx=0 tx=0).throttle_message ,
2021-09-07T02:35:01.171+0000 7f3dd2ffd700 20 --2- 172.21.15.12:0/4095611270 >> [v2:172.21.15.12:3300/0,v1:172.21.15.12:6789/0] conn(0x7f3dd40a2800 0x7f3dd4136580 secure :-1 s=THROTTLE_BYTES pgs=673 cs=0 l=1 rev1=1 crypto rx=0x7f3dc400c570 tx=0x7f3dc40039f0 comp rx=0 tx=0).throttle_bytes ,
2021-09-07T02:35:01.171+0000 7f3dd2ffd700 20 --2- 172.21.15.12:0/4095611270 >> [v2:172.21.15.12:3300/0,v1:172.21.15.12:6789/0] conn(0x7f3dd40a2800 0x7f3dd4136580 secure :-1 s=THROTTLE_DISPATCH_QUEUE pgs=673 cs=0 l=1 rev1=1 crypto rx=0x7f3dc400c570 tx=0x7f3dc40039f0 comp rx=0 tx=0).throttle_dispatch_queue Ignoring malparsed backtrace:
2021-09-07T02:35:01.172+0000 7f3dd27fc700 20 --2- 172.21.15.12:0/4095611270 >> v2:172.21.15.12:6800/31803 conn(0x7f3db805fea0 0x7f3db80623b0 secure :-1 s=AUTH_CONNECTING_SIGN pgs=0 cs=0 l=1 rev1=1 crypto rx=0x7f3dc0007570 tx=0x7f3dc000f000 comp rx=0 tx=0).handle_auth_signature payload.length()=32 ,
2021-09-07T02:35:01.172+0000 7f3dd27fc700 20 --2- 172.21.15.12:0/4095611270 >> v2:172.21.15.12:6800/31803 conn(0x7f3db805fea0 0x7f3db80623b0 secure :-1 s=AUTH_CONNECTING_SIGN pgs=0 cs=0 l=1 rev1=1 crypto rx=0x7f3dc0007570 tx=0x7f3dc000f000 comp rx=0 tx=0).handle_auth_signature pre-auth signature success sig_frame.signature()=d5b4babbf3b44cc2edd21e8209c217e27d530492e27012a27029c64e81c4c409 ,
2021-09-07T02:35:01.172+0000 7f3dd27fc700 20 CompressorRegistry(0x7f3dd406cba0) get_mode peer_type 16 is_secure 1 Ignoring malparsed backtrace:
2021-09-07T02:35:01.347+0000 7f3dd97a4700 1 -- 172.21.15.12:0/4095611270 >> v2:172.21.15.12:6800/31803 conn(0x7f3db805fea0 msgr2=0x7f3db80623b0 secure :-1 s=STATE_CONNECTION_ESTABLISHED l=1).mark_down ,
2021-09-07T02:35:01.347+0000 7f3dd97a4700 1 --2- 172.21.15.12:0/4095611270 >> v2:172.21.15.12:6800/31803 conn(0x7f3db805fea0 0x7f3db80623b0 secure :-1 s=READY pgs=301 cs=0 l=1 rev1=1 crypto rx=0x7f3dc0007570 tx=0x7f3dc000f000 comp rx=0 tx=0).stop ,
2021-09-07T02:35:01.347+0000 7f3dd97a4700 5 --2- 172.21.15.12:0/4095611270 >> v2:172.21.15.12:6800/31803 conn(0x7f3db805fea0 0x7f3db80623b0 secure :-1 s=READY pgs=301 cs=0 l=1 rev1=1 crypto rx=0x7f3dc0007570 tx=0x7f3dc000f000 comp rx=0 tx=0).reset_recv_state Ignoring malparsed backtrace:
2021-09-07T02:35:01.670+0000 7f2043c43700 10 -- connect_to v2:172.21.15.57:3300/0 new 0x7f203c0a7260 ,
2021-09-07T02:35:01.670+0000 7f20411de700 20 -- >> v1:172.21.15.12:6789/0 conn(0x7f203c13a360 legacy=0x7f203c0a8810 unknown :-1 s=STATE_CONNECTING l=0).process ,
2021-09-07T02:35:01.670+0000 7f2043c43700 10 --1- >> v1:172.21.15.12:6789/0 conn(0x7f203c13a360 0x7f203c0a8810 :-1 s=START_CONNECT pgs=0 cs=0 l=0).send_keepalive Ignoring malparsed backtrace:
2021-09-07T02:35:01.671+0000 7f20421e0700 20 --2- 172.21.15.12:0/31883896 >> v2:172.21.15.57:3300/0 conn(0x7f203c0a7260 0x7f203c136ce0 unknown :-1 s=AUTH_CONNECTING pgs=0 cs=0 l=0 rev1=1 crypto rx=0 tx=0 comp rx=0 tx=0).read_frame ,
2021-09-07T02:35:01.671+0000 7f20411de700 20 -- 172.21.15.12:0/31883896 >> v1:172.21.15.12:6789/0 conn(0x7f203c13a360 legacy=0x7f203c0a8810 unknown :-1 s=STATE_CONNECTION_ESTABLISHED l=0).read start len=26 ,
2021-09-07T02:35:01.671+0000 7f20411de700 20 --1- 172.21.15.12:0/31883896 >> v1:172.21.15.12:6789/0 conn(0x7f203c13a360 0x7f203c0a8810 :-1 s=CONNECTING_SEND_CONNECT_MSG pgs=0 cs=0 l=0).handle_connect_reply_1 r=0 Ignoring malparsed backtrace:
2021-09-07T02:35:01.671+0000 7f20411de700 20 --1- 172.21.15.12:0/31883896 >> v1:172.21.15.12:6789/0 conn(0x7f203c13a360 0x7f203c0a8810 :-1 s=OPENED pgs=674 cs=1 l=1).wait_message ,
2021-09-07T02:35:01.671+0000 7f20419df700 1 -- 172.21.15.12:0/31883896 >> v2:172.21.15.57:3300/0 conn(0x7f203c0a7260 msgr2=0x7f203c136ce0 unknown :-1 s=STATE_CONNECTION_ESTABLISHED l=0).mark_down ,
2021-09-07T02:35:01.671+0000 7f20411de700 20 -- 172.21.15.12:0/31883896 >> v1:172.21.15.12:6789/0 conn(0x7f203c13a360 legacy=0x7f203c0a8810 unknown :-1 s=STATE_CONNECTION_ESTABLISHED l=1).read start len=1 Ignoring malparsed backtrace:
2021-09-07T02:35:01.672+0000 7f20419df700 20 --2- 172.21.15.12:0/31883896 >> [v2:172.21.15.12:3301/0,v1:172.21.15.12:6790/0] conn(0x7f203c1399b0 0x7f203c0a9df0 secure :-1 s=THROTTLE_DONE pgs=450 cs=0 l=1 rev1=1 crypto rx=0x7f202c0071a0 tx=0x7f202c005a00 comp rx=0 tx=0).handle_read_frame_segment r=0 ,
2021-09-07T02:35:01.672+0000 7f20419df700 20 -- 172.21.15.12:0/31883896 >> [v2:172.21.15.12:3301/0,v1:172.21.15.12:6790/0] conn(0x7f203c1399b0 msgr2=0x7f203c0a9df0 secure :-1 s=STATE_CONNECTION_ESTABLISHED l=1).read start len=32 ,
2021-09-07T02:35:01.672+0000 7f20419df700 20 --2- 172.21.15.12:0/31883896 >> [v2:172.21.15.12:3301/0,v1:172.21.15.12:6790/0] conn(0x7f203c1399b0 0x7f203c0a9df0 secure :-1 s=THROTTLE_DONE pgs=450 cs=0 l=1 rev1=1 crypto rx=0x7f202c0071a0 tx=0x7f202c005a00 comp rx=0 tx=0).handle_read_frame_epilogue_main r=0 Ignoring malparsed backtrace:
2021-09-07T02:35:01.674+0000 7f2043c43700 10 -- ready ,
2021-09-07T02:35:01.674+0000 7f2043c43700 1 Processor -- start ,
2021-09-07T02:35:01.674+0000 7f2043c43700 20 Event(0x7f203c0b1080 nevent=5000 time_id=2).wakeup Ignoring malparsed backtrace:
2021-09-07T02:35:01.675+0000 7f20419df700 10 -- 172.21.15.12:0/4292180483 >> [v2:172.21.15.57:3300/0,v1:172.21.15.57:6789/0] conn(0x7f203c0a7260 msgr2=0x7f203c0a3a40 unknown :-1 s=STATE_CONNECTION_ESTABLISHED l=1)._try_send sent bytes 72 remaining bytes 0 ,
2021-09-07T02:35:01.675+0000 7f20419df700 20 --2- 172.21.15.12:0/4292180483 >> [v2:172.21.15.57:3300/0,v1:172.21.15.57:6789/0] conn(0x7f203c0a7260 0x7f203c0a3a40 unknown :-1 s=HELLO_CONNECTING pgs=0 cs=0 l=1 rev1=1 crypto rx=0 tx=0 comp rx=0 tx=0).read_frame ,
2021-09-07T02:35:01.675+0000 7f20419df700 20 -- 172.21.15.12:0/4292180483 >> [v2:172.21.15.57:3300/0,v1:172.21.15.57:6789/0] conn(0x7f203c0a7260 msgr2=0x7f203c0a3a40 unknown :-1 s=STATE_CONNECTION_ESTABLISHED l=1).read start len=32 Ignoring malparsed backtrace:
2021-09-07T02:35:01.675+0000 7f20421e0700 5 --2- 172.21.15.12:0/4292180483 >> [v2:172.21.15.12:3301/0,v1:172.21.15.12:6790/0] conn(0x7f203c13a360 0x7f203c130050 unknown :-1 s=CLOSED pgs=0 cs=0 l=1 rev1=1 crypto rx=0 tx=0 comp rx=0 tx=0).reset_recv_state (warped) reseting crypto and compression handlers ,
2021-09-07T02:35:01.675+0000 7f20421e0700 5 --2- 172.21.15.12:0/4292180483 >> [v2:172.21.15.12:3301/0,v1:172.21.15.12:6790/0] conn(0x7f203c13a360 0x7f203c130050 unknown :-1 s=CLOSED pgs=0 cs=0 l=1 rev1=1 crypto rx=0 tx=0 comp rx=0 tx=0).reset_security ,
2021-09-07T02:35:01.675+0000 7f20411de700 15 authenticated_encrypt_update plaintext.length()=80 buffer.length()=80 Ignoring malparsed backtrace:
2021-09-07T02:35:01.676+0000 7f20411de700 5 --2- 172.21.15.12:0/4292180483 >> [v2:172.21.15.12:3300/0,v1:172.21.15.12:6789/0] conn(0x7f203c1399b0 0x7f203c0a5d70 secure :-1 s=THROTTLE_DONE pgs=675 cs=0 l=1 rev1=1 crypto rx=0x7f2030003980 tx=0x7f2030029ce0 comp rx=0 tx=0).handle_message got 4 + 0 + 0 byte message. envelope type=62 src mon.0 off 0 ,
2021-09-07T02:35:01.676+0000 7f20411de700 5 --2- 172.21.15.12:0/4292180483 >> [v2:172.21.15.12:3300/0,v1:172.21.15.12:6789/0] conn(0x7f203c1399b0 0x7f203c0a5d70 secure :-1 s=READ_MESSAGE_COMPLETE pgs=675 cs=0 l=1 rev1=1 crypto rx=0x7f2030003980 tx=0x7f2030029ce0 comp rx=0 tx=0).handle_message received message m=0x7f2030029290 seq=2 from=mon.0 type=62 config(0 keys) v1 ,
2021-09-07T02:35:01.676+0000 7f20411de700 20 -- 172.21.15.12:0/4292180483 queue 0x7f2030029290 prio 196 Ignoring malparsed backtrace:
2021-09-07T02:35:01.678+0000 7f20411de700 20 -- 172.21.15.12:0/4292180483 >> [v2:172.21.15.12:3300/0,v1:172.21.15.12:6789/0] conn(0x7f203c1399b0 msgr2=0x7f203c0a5d70 secure :-1 s=STATE_CONNECTION_ESTABLISHED l=1).read start len=96 ,
2021-09-07T02:35:01.678+0000 7f20411de700 10 -- 172.21.15.12:0/4292180483 >> [v2:172.21.15.12:3300/0,v1:172.21.15.12:6789/0] conn(0x7f203c1399b0 msgr2=0x7f203c0a5d70 secure :-1 s=STATE_CONNECTION_ESTABLISHED l=1).handle_write ,
2021-09-07T02:35:01.678+0000 7f20411de700 10 --2- 172.21.15.12:0/4292180483 >> [v2:172.21.15.12:3300/0,v1:172.21.15.12:6789/0] conn(0x7f203c1399b0 0x7f203c0a5d70 secure :-1 s=READY pgs=675 cs=0 l=1 rev1=1 crypto rx=0x7f2030003980 tx=0x7f2030029ce0 comp rx=0 tx=0).write_event Ignoring malparsed backtrace:
2021-09-07T02:35:01.679+0000 7f20419df700 5 --2- 172.21.15.12:0/4292180483 >> v2:172.21.15.12:6800/31803 conn(0x7f201c05fea0 0x7f201c0623b0 secure :-1 s=SESSION_CONNECTING pgs=0 cs=0 l=1 rev1=1 crypto rx=0x7f202c0071a0 tx=0x7f202c038000 comp rx=0 tx=0).send_client_ident sending identification: addrs=172.21.15.12:0/4292180483 target=v2:172.21.15.12:6800/31803 gid=5649 global_seq=4 features_supported=3f01cfbb7ffdffff features_required=800000000001000 flags=1 cookie=0 ,
2021-09-07T02:35:01.679+0000 7f20419df700 15 authenticated_encrypt_update plaintext.length()=80 buffer.length()=80 ,
2021-09-07T02:35:01.679+0000 7f20419df700 15 authenticated_encrypt_final buffer.length()=96 final_len=0 Ignoring malparsed backtrace:
2021-09-07T02:35:01.854+0000 7f20411de700 5 --2- 172.21.15.12:0/4292180483 >> [v2:172.21.15.12:3300/0,v1:172.21.15.12:6789/0] conn(0x7f203c1399b0 0x7f203c0a5d70 unknown :-1 s=CLOSED pgs=675 cs=0 l=1 rev1=1 crypto rx=0 tx=0 comp rx=0 tx=0).reset_compression ,
2021-09-07T02:35:01.854+0000 7f2043c43700 10 -- 172.21.15.12:0/4292180483 shutdown 172.21.15.12:0/4292180483 ,
2021-09-07T02:35:01.854+0000 7f2043c43700 10 Processor -- stop Ignoring malparsed backtrace:
2021-09-07T02:35:02.204+0000 7f003f7fe700 20 EpollDriver.add_event add event fd=14 cur_mask=0 add_mask=1 to 10 ,
2021-09-07T02:35:02.204+0000 7f003ffff700 20 EpollDriver.add_event add event fd=13 cur_mask=0 add_mask=1 to 7 ,
2021-09-07T02:35:02.204+0000 7f003f7fe700 20 Event(0x7f004006d4e0 nevent=5000 time_id=2).create_file_event create event end fd=14 mask=1 current mask is 1 Ignoring malparsed backtrace:
2021-09-07T02:35:02.204+0000 7f003f7fe700 20 --2- 172.21.15.12:0/2894314821 >> v2:172.21.15.12:3300/0 conn(0x7f00400a7bf0 0x7f00400a7150 unknown :-1 s=AUTH_CONNECTING pgs=0 cs=0 l=0 rev1=1 crypto rx=0 tx=0 comp rx=0 tx=0).handle_auth_reply_more payload.length()=13 ,
2021-09-07T02:35:02.204+0000 7f003ffff700 20 -- 172.21.15.12:0/2894314821 >> v1:172.21.15.12:6789/0 conn(0x7f00400a9d30 legacy=0x7f004013a240 unknown :-1 s=STATE_CONNECTION_ESTABLISHED l=0).read continue len=26 ,
2021-09-07T02:35:02.204+0000 7f0044e3a700 20 --2- 172.21.15.12:0/2894314821 >> [v2:172.21.15.12:3301/0,v1:172.21.15.12:6790/0] conn(0x7f00400a85d0 0x7f00400a89e0 unknown :-1 s=AUTH_CONNECTING pgs=0 cs=0 l=0 rev1=1 crypto rx=0 tx=0 comp rx=0 tx=0).handle_read_frame_preamble_main r=0 Ignoring malparsed backtrace:
2021-09-07T02:35:02.204+0000 7f003f7fe700 20 --2- 172.21.15.12:0/2894314821 >> v2:172.21.15.12:3300/0 conn(0x7f00400a7bf0 0x7f00400a7150 secure :-1 s=AUTH_CONNECTING_SIGN pgs=0 cs=0 l=0 rev1=1 crypto rx=0x7f003002d670 tx=0x7f0030006e20 comp rx=0 tx=0).handle_auth_signature payload.length()=32 ,
2021-09-07T02:35:02.204+0000 7f003f7fe700 20 --2- 172.21.15.12:0/2894314821 >> v2:172.21.15.12:3300/0 conn(0x7f00400a7bf0 0x7f00400a7150 secure :-1 s=AUTH_CONNECTING_SIGN pgs=0 cs=0 l=0 rev1=1 crypto rx=0x7f003002d670 tx=0x7f0030006e20 comp rx=0 tx=0).handle_auth_signature pre-auth signature success sig_frame.signature()=33efc64457c3f6bd9220ba65c0e1d7c6bd72f247617e7edfd1bfdb94ebace1ff ,
2021-09-07T02:35:02.204+0000 7f003f7fe700 20 CompressorRegistry(0x7f004005f470) get_mode peer_type 1 is_secure 1 Ignoring malparsed backtrace:
2021-09-07T02:35:02.205+0000 7f003f7fe700 20 --2- 172.21.15.12:0/2894314821 >> [v2:172.21.15.12:3300/0,v1:172.21.15.12:6789/0] conn(0x7f00400a7bf0 0x7f00400a7150 secure :-1 s=THROTTLE_BYTES pgs=677 cs=0 l=1 rev1=1 crypto rx=0x7f003002d670 tx=0x7f0030006e20 comp rx=0 tx=0).throttle_bytes ,
2021-09-07T02:35:02.205+0000 7f003f7fe700 20 --2- 172.21.15.12:0/2894314821 >> [v2:172.21.15.12:3300/0,v1:172.21.15.12:6789/0] conn(0x7f00400a7bf0 0x7f00400a7150 secure :-1 s=THROTTLE_DISPATCH_QUEUE pgs=677 cs=0 l=1 rev1=1 crypto rx=0x7f003002d670 tx=0x7f0030006e20 comp rx=0 tx=0).throttle_dispatch_queue ,
2021-09-07T02:35:02.205+0000 7f003f7fe700 20 --2- 172.21.15.12:0/2894314821 >> [v2:172.21.15.12:3300/0,v1:172.21.15.12:6789/0] conn(0x7f00400a7bf0 0x7f00400a7150 secure :-1 s=THROTTLE_DONE pgs=677 cs=0 l=1 rev1=1 crypto rx=0x7f003002d670 tx=0x7f0030006e20 comp rx=0 tx=0).read_frame_segment seg_idx=0 Ignoring malparsed backtrace:
2021-09-07T02:35:02.208+0000 7f004689d700 5 --2- >> [v2:172.21.15.12:3300/0,v1:172.21.15.12:6789/0] conn(0x7f00400a85d0 0x7f004012cd50 unknown :-1 s=START_CONNECT pgs=0 cs=0 l=1 rev1=0 crypto rx=0 tx=0 comp rx=0 tx=0).send_message enqueueing message m=0x7f004012d7d0 type=5 mon_getmap magic: 0 v1 ,
2021-09-07T02:35:02.208+0000 7f004689d700 15 --2- >> [v2:172.21.15.12:3300/0,v1:172.21.15.12:6789/0] conn(0x7f00400a85d0 0x7f004012cd50 unknown :-1 s=START_CONNECT pgs=0 cs=0 l=1 rev1=0 crypto rx=0 tx=0 comp rx=0 tx=0).send_message inline write is denied, reschedule m=0x7f004012d7d0 ,
2021-09-07T02:35:02.208+0000 7f004689d700 1 -- --> [v2:172.21.15.57:3300/0,v1:172.21.15.57:6789/0] -- mon_getmap magic: 0 v1 -- 0x7f004012dbe0 con 0x7f00400a7bf0 Ignoring malparsed backtrace:
2021-09-07T02:35:02.209+0000 7f003ffff700 20 -- 172.21.15.12:0/2790680135 >> [v2:172.21.15.57:3300/0,v1:172.21.15.57:6789/0] conn(0x7f00400a7bf0 msgr2=0x7f00400a2ec0 unknown :-1 s=STATE_CONNECTION_ESTABLISHED l=1).read start len=32 ,
