2021-09-07T02:23:54.287+0000 7f47bbcf4700 5 -- 172.21.15.12:0/2444070605 shutdown_connections delete 0x7f47b41399b0 Ignoring malparsed backtrace:
2021-09-07T02:23:54.289+0000 7f47ba291700 20 -- >> [v2:172.21.15.12:3300/0,v1:172.21.15.12:6789/0] conn(0x7f47b413a360 msgr2=0x7f47b406a550 unknown :-1 s=STATE_CONNECTION_ESTABLISHED l=1).read continue len=10 ,
2021-09-07T02:23:54.289+0000 7f47ba291700 20 --2- >> [v2:172.21.15.12:3300/0,v1:172.21.15.12:6789/0] conn(0x7f47b413a360 0x7f47b406a550 unknown :-1 s=BANNER_CONNECTING pgs=0 cs=0 l=1 rev1=0 crypto rx=0 tx=0 comp rx=0 tx=0)._handle_peer_banner r=0 ,
2021-09-07T02:23:54.289+0000 7f47ba291700 20 -- >> [v2:172.21.15.12:3300/0,v1:172.21.15.12:6789/0] conn(0x7f47b413a360 msgr2=0x7f47b406a550 unknown :-1 s=STATE_CONNECTION_ESTABLISHED l=1).read start len=16 Ignoring malparsed backtrace:
2021-09-07T02:23:54.290+0000 7f47b9a90700 10 -- 172.21.15.12:0/3536425068 >> [v2:172.21.15.57:3300/0,v1:172.21.15.57:6789/0] conn(0x7f47b40a7260 msgr2=0x7f47b413cbf0 unknown :-1 s=STATE_CONNECTION_ESTABLISHED l=1)._try_send sent bytes 76 remaining bytes 0 ,
2021-09-07T02:23:54.290+0000 7f47b928f700 20 -- 172.21.15.12:0/3536425068 >> [v2:172.21.15.12:3301/0,v1:172.21.15.12:6790/0] conn(0x7f47b41399b0 msgr2=0x7f47b4069390 unknown :-1 s=STATE_CONNECTION_ESTABLISHED l=1).process ,
2021-09-07T02:23:54.290+0000 7f47b928f700 20 -- 172.21.15.12:0/3536425068 >> [v2:172.21.15.12:3301/0,v1:172.21.15.12:6790/0] conn(0x7f47b41399b0 msgr2=0x7f47b4069390 unknown :-1 s=STATE_CONNECTION_ESTABLISHED l=1).read continue len=32 Ignoring malparsed backtrace:
2021-09-07T02:23:54.290+0000 7f47b928f700 20 --2- 172.21.15.12:0/3536425068 >> [v2:172.21.15.12:3301/0,v1:172.21.15.12:6790/0] conn(0x7f47b41399b0 0x7f47b4069390 secure :-1 s=READY pgs=392 cs=0 l=1 rev1=1 crypto rx=0x7f47a800c490 tx=0x7f47a8007c50 comp rx=0 tx=0).prepare_send_message encoding features 4540138303579357183 0x7f47a400b1a0 mon_subscribe({config=0+,monmap=0+}) v3 ,
2021-09-07T02:23:54.290+0000 7f47b928f700 15 authenticated_encrypt_update plaintext.length()=80 buffer.length()=80 ,
2021-09-07T02:23:54.290+0000 7f47b928f700 15 authenticated_encrypt_final buffer.length()=96 final_len=0 Ignoring malparsed backtrace:
2021-09-07T02:23:54.291+0000 7f47b928f700 15 authenticated_encrypt_final buffer.length()=80 final_len=0 ,
2021-09-07T02:23:54.291+0000 7f47b928f700 5 --2- 172.21.15.12:0/3536425068 >> [v2:172.21.15.12:3301/0,v1:172.21.15.12:6790/0] conn(0x7f47b41399b0 0x7f47b4069390 secure :-1 s=READY pgs=392 cs=0 l=1 rev1=1 crypto rx=0x7f47a800c490 tx=0x7f47a8007c50 comp rx=0 tx=0).write_message sending message m=0x7f47b406ac50 seq=4 mon_subscribe({osdmap=0}) v3 ,
2021-09-07T02:23:54.291+0000 7f47b928f700 20 --2- 172.21.15.12:0/3536425068 >> [v2:172.21.15.12:3301/0,v1:172.21.15.12:6790/0] conn(0x7f47b41399b0 0x7f47b4069390 secure :-1 s=READY pgs=392 cs=0 l=1 rev1=1 crypto rx=0x7f47a800c490 tx=0x7f47a8007c50 comp rx=0 tx=0).write_message sending m=0x7f47b406ac50 seq=4 src=client.5150 off=0 Ignoring malparsed backtrace:
2021-09-07T02:23:54.293+0000 7f47a1ffb700 10 -- 172.21.15.12:0/3536425068 dispatch_throttle_release 4126 to dispatch throttler 4126/104857600 ,
2021-09-07T02:23:54.293+0000 7f47a1ffb700 20 -- 172.21.15.12:0/3536425068 done calling dispatch on 0x7f47a807a6e0 ,
2021-09-07T02:23:54.293+0000 7f47b9a90700 20 -- 172.21.15.12:0/3536425068 >> v2:172.21.15.12:6800/31803 conn(0x7f479405fea0 msgr2=0x7f47940623b0 unknown :-1 s=STATE_CONNECTION_ESTABLISHED l=1).process Ignoring malparsed backtrace:
2021-09-07T02:23:54.469+0000 7f47b9a90700 15 authenticated_encrypt_final buffer.length()=96 final_len=0 ,
2021-09-07T02:23:54.469+0000 7f47b9a90700 15 authenticated_encrypt_update plaintext.length()=96 buffer.length()=96 ,
2021-09-07T02:23:54.469+0000 7f47b9a90700 15 authenticated_encrypt_update plaintext.length()=16 buffer.length()=112 Ignoring malparsed backtrace:
2021-09-07T02:23:54.828+0000 7f2e58a75700 2 Event(0x7f2e5406b570 nevent=5000 time_id=1).set_owner center_id=2 owner=139837032584960 ,
2021-09-07T02:23:54.828+0000 7f2e59a77700 20 Event(0x7f2e540aee70 nevent=5000 time_id=1).create_file_event create event started fd=5 mask=1 original mask is 0 ,
2021-09-07T02:23:54.828+0000 7f2e59a77700 20 EpollDriver.add_event add event fd=5 cur_mask=0 add_mask=1 to 4 Ignoring malparsed backtrace:
2021-09-07T02:23:54.830+0000 7f2e58a75700 20 --2- >> v2:172.21.15.57:3300/0 conn(0x7f2e54066430 0x7f2e54139b20 unknown :-1 s=BANNER_CONNECTING pgs=0 cs=0 l=0 rev1=0 crypto rx=0 tx=0 comp rx=0 tx=0)._handle_peer_banner r=0 ,
2021-09-07T02:23:54.830+0000 7f2e59a77700 20 --2- >> v2:172.21.15.12:3300/0 conn(0x7f2e540aa940 0x7f2e5413a060 unknown :-1 s=HELLO_CONNECTING pgs=0 cs=0 l=0 rev1=1 crypto rx=0 tx=0 comp rx=0 tx=0).read_frame ,
2021-09-07T02:23:54.830+0000 7f2e59a77700 20 -- >> v2:172.21.15.12:3300/0 conn(0x7f2e540aa940 msgr2=0x7f2e5413a060 unknown :-1 s=STATE_CONNECTION_ESTABLISHED l=0).read start len=32 Ignoring malparsed backtrace:
2021-09-07T02:23:54.830+0000 7f2e58a75700 10 -- 172.21.15.12:0/2760027166 >> v2:172.21.15.57:3300/0 conn(0x7f2e54066430 msgr2=0x7f2e54139b20 unknown :-1 s=STATE_CONNECTION_ESTABLISHED l=0)._try_send sent bytes 76 remaining bytes 0 ,
2021-09-07T02:23:54.830+0000 7f2e59276700 10 -- 172.21.15.12:0/2760027166 >> v1:172.21.15.57:6789/0 conn(0x7f2e540aa1a0 legacy=0x7f2e54065450 unknown :-1 s=STATE_CONNECTION_ESTABLISHED l=1)._try_send sent bytes 144 remaining bytes 0 ,
2021-09-07T02:23:54.830+0000 7f2e59276700 10 --1- 172.21.15.12:0/2760027166 >> v1:172.21.15.57:6789/0 conn(0x7f2e540aa1a0 0x7f2e54065450 :-1 s=OPENED pgs=361 cs=1 l=1).write_message sending 0x7f2e540a9d00 done. Ignoring malparsed backtrace:
2021-09-07T02:23:54.830+0000 7f2e59a77700 10 -- 172.21.15.12:0/2760027166 >> v2:172.21.15.12:3300/0 conn(0x7f2e540aa940 msgr2=0x7f2e5413a060 secure :-1 s=STATE_CONNECTION_ESTABLISHED l=0)._try_send sent bytes 96 remaining bytes 0 ,
2021-09-07T02:23:54.830+0000 7f2e59a77700 20 --2- 172.21.15.12:0/2760027166 >> v2:172.21.15.12:3300/0 conn(0x7f2e540aa940 0x7f2e5413a060 secure :-1 s=COMPRESSION_CONNECTING pgs=0 cs=0 l=0 rev1=1 crypto rx=0x7f2e540ab5c0 tx=0x7f2e44006ee0 comp rx=0 tx=0).read_frame ,
2021-09-07T02:23:54.830+0000 7f2e59a77700 20 -- 172.21.15.12:0/2760027166 >> v2:172.21.15.12:3300/0 conn(0x7f2e540aa940 msgr2=0x7f2e5413a060 secure :-1 s=STATE_CONNECTION_ESTABLISHED l=0).read start len=96 Ignoring malparsed backtrace:
2021-09-07T02:23:54.831+0000 7f2e59a77700 20 --2- 172.21.15.12:0/2760027166 >> [v2:172.21.15.12:3300/0,v1:172.21.15.12:6789/0] conn(0x7f2e540aa940 0x7f2e5413a060 secure :-1 s=THROTTLE_DONE pgs=598 cs=0 l=1 rev1=1 crypto rx=0x7f2e540ab5c0 tx=0x7f2e44006ee0 comp rx=0 tx=0).handle_read_frame_segment r=0 ,
2021-09-07T02:23:54.831+0000 7f2e59a77700 20 -- 172.21.15.12:0/2760027166 >> [v2:172.21.15.12:3300/0,v1:172.21.15.12:6789/0] conn(0x7f2e540aa940 msgr2=0x7f2e5413a060 secure :-1 s=STATE_CONNECTION_ESTABLISHED l=1).read start len=32 ,
2021-09-07T02:23:54.831+0000 7f2e59a77700 20 --2- 172.21.15.12:0/2760027166 >> [v2:172.21.15.12:3300/0,v1:172.21.15.12:6789/0] conn(0x7f2e540aa940 0x7f2e5413a060 secure :-1 s=THROTTLE_DONE pgs=598 cs=0 l=1 rev1=1 crypto rx=0x7f2e540ab5c0 tx=0x7f2e44006ee0 comp rx=0 tx=0).handle_read_frame_epilogue_main r=0 Ignoring malparsed backtrace:
2021-09-07T02:23:54.834+0000 7f2e59276700 20 EpollDriver.del_event del event fd=16 cur_mask=1 delmask=2 to 7 ,
2021-09-07T02:23:54.834+0000 7f2e58a75700 10 -- >> [v2:172.21.15.57:3300/0,v1:172.21.15.57:6789/0] conn(0x7f2e540aa940 msgr2=0x7f2e540a70b0 unknown :-1 s=STATE_CONNECTING_RE l=1).process nonblock connect inprogress ,
2021-09-07T02:23:54.834+0000 7f2e5b4da700 15 --2- >> [v2:172.21.15.12:3301/0,v1:172.21.15.12:6790/0] conn(0x7f2e5412e620 0x7f2e5412ea30 unknown :-1 s=START_CONNECT pgs=0 cs=0 l=1 rev1=0 crypto rx=0 tx=0 comp rx=0 tx=0).send_message inline write is denied, reschedule m=0x7f2e54125e20 Ignoring malparsed backtrace:
2021-09-07T02:23:54.834+0000 7f2e59a77700 20 --2- 172.21.15.12:0/974957476 >> [v2:172.21.15.12:3301/0,v1:172.21.15.12:6790/0] conn(0x7f2e5412e620 0x7f2e5412ea30 unknown :-1 s=AUTH_CONNECTING pgs=0 cs=0 l=1 rev1=1 crypto rx=0 tx=0 comp rx=0 tx=0).read_frame_segment seg_idx=0 ,
2021-09-07T02:23:54.834+0000 7f2e59a77700 20 -- 172.21.15.12:0/974957476 >> [v2:172.21.15.12:3301/0,v1:172.21.15.12:6790/0] conn(0x7f2e5412e620 msgr2=0x7f2e5412ea30 unknown :-1 s=STATE_CONNECTION_ESTABLISHED l=1).read start len=17 ,
2021-09-07T02:23:54.834+0000 7f2e59a77700 20 --2- 172.21.15.12:0/974957476 >> [v2:172.21.15.12:3301/0,v1:172.21.15.12:6790/0] conn(0x7f2e5412e620 0x7f2e5412ea30 unknown :-1 s=AUTH_CONNECTING pgs=0 cs=0 l=1 rev1=1 crypto rx=0 tx=0 comp rx=0 tx=0).handle_read_frame_segment r=0 Ignoring malparsed backtrace:
2021-09-07T02:23:54.835+0000 7f2e59276700 15 authenticated_encrypt_final buffer.length()=96 final_len=0 ,
2021-09-07T02:23:54.835+0000 7f2e59276700 15 authenticated_encrypt_update plaintext.length()=80 buffer.length()=80 ,
2021-09-07T02:23:54.835+0000 7f2e59276700 15 authenticated_encrypt_final buffer.length()=96 final_len=0 Ignoring malparsed backtrace:
2021-09-07T02:23:54.835+0000 7f2e59276700 20 --2- 172.21.15.12:0/974957476 >> [v2:172.21.15.12:3300/0,v1:172.21.15.12:6789/0] conn(0x7f2e54066430 0x7f2e54082070 secure :-1 s=READY pgs=599 cs=0 l=1 rev1=1 crypto rx=0x7f2e5002e590 tx=0x7f2e50029f90 comp rx=0 tx=0).read_frame ,
2021-09-07T02:23:54.835+0000 7f2e417fa700 1 -- 172.21.15.12:0/974957476 <== mon.0 v2:172.21.15.12:3300/0 3 ==== mon_map magic: 0 v1 ==== 413+0+0 (secure 0 0 0) 0x7f2e500290d0 con 0x7f2e54066430 ,
2021-09-07T02:23:54.835+0000 7f2e59276700 20 -- 172.21.15.12:0/974957476 >> [v2:172.21.15.12:3300/0,v1:172.21.15.12:6789/0] conn(0x7f2e54066430 msgr2=0x7f2e54082070 secure :-1 s=STATE_CONNECTION_ESTABLISHED l=1).read start len=96 Ignoring malparsed backtrace:
2021-09-07T02:23:54.837+0000 7f2e417fa700 20 Event(0x7f2e5406b570 nevent=5000 time_id=3).wakeup ,
2021-09-07T02:23:54.837+0000 7f2e417fa700 10 -- 172.21.15.12:0/974957476 create_connect 0x7f2e3405fea0 v2:172.21.15.12:6800/31803 v2:172.21.15.12:6800/31803 ,
2021-09-07T02:23:54.837+0000 7f2e59276700 10 --2- 172.21.15.12:0/974957476 >> [v2:172.21.15.12:3300/0,v1:172.21.15.12:6789/0] conn(0x7f2e54066430 0x7f2e54082070 secure :-1 s=THROTTLE_DONE pgs=599 cs=0 l=1 rev1=1 crypto rx=0x7f2e5002e590 tx=0x7f2e50029f90 comp rx=0 tx=0).handle_read_frame_dispatch tag=17 Ignoring malparsed backtrace:
2021-09-07T02:23:54.838+0000 7f2e58a75700 20 CompressorRegistry(0x7f2e5406a150) get_mode peer_type 16 is_secure 1 ,
2021-09-07T02:23:54.838+0000 7f2e58a75700 15 authenticated_encrypt_update plaintext.length()=80 buffer.length()=80 ,
2021-09-07T02:23:54.838+0000 7f2e58a75700 15 authenticated_encrypt_final buffer.length()=96 final_len=0 Ignoring malparsed backtrace:
2021-09-07T02:23:54.840+0000 7f2e59a77700 10 --2- 172.21.15.12:0/974957476 >> v2:172.21.15.12:6804/32065 conn(0x7f2e34066670 0x7f2e34068ae0 crc :-1 s=SESSION_CONNECTING pgs=0 cs=0 l=1 rev1=1 crypto rx=0 tx=0 comp rx=0 tx=0).handle_read_frame_dispatch tag=9 ,
2021-09-07T02:23:54.840+0000 7f2e59a77700 20 --2- 172.21.15.12:0/974957476 >> v2:172.21.15.12:6804/32065 conn(0x7f2e34066670 0x7f2e34068ae0 crc :-1 s=SESSION_CONNECTING pgs=0 cs=0 l=1 rev1=1 crypto rx=0 tx=0 comp rx=0 tx=0).handle_server_ident payload.length()=88 ,
2021-09-07T02:23:54.840+0000 7f2e59a77700 5 --2- 172.21.15.12:0/974957476 >> v2:172.21.15.12:6804/32065 conn(0x7f2e34066670 0x7f2e34068ae0 crc :-1 s=SESSION_CONNECTING pgs=0 cs=0 l=1 rev1=1 crypto rx=0 tx=0 comp rx=0 tx=0).handle_server_ident received server identification: addrs=v2:172.21.15.12:6804/32065 gid=1 global_seq=10 features_supported=3f01cfbb7ffdffff features_required=800000000000000 flags=1 cookie=0 Ignoring malparsed backtrace:
2021-09-07T02:23:54.846+0000 7f2e5b4da700 1 --2- 172.21.15.12:0/974957476 >> [v2:172.21.15.12:3300/0,v1:172.21.15.12:6789/0] conn(0x7f2e54066430 0x7f2e54082070 secure :-1 s=READY pgs=599 cs=0 l=1 rev1=1 crypto rx=0x7f2e5002e590 tx=0x7f2e50029f90 comp rx=0 tx=0).stop ,
2021-09-07T02:23:54.846+0000 7f2e5b4da700 5 --2- 172.21.15.12:0/974957476 >> [v2:172.21.15.12:3300/0,v1:172.21.15.12:6789/0] conn(0x7f2e54066430 0x7f2e54082070 secure :-1 s=READY pgs=599 cs=0 l=1 rev1=1 crypto rx=0x7f2e5002e590 tx=0x7f2e50029f90 comp rx=0 tx=0).reset_recv_state ,
2021-09-07T02:23:54.846+0000 7f2e5b4da700 20 Event(0x7f2e54064670 nevent=5000 time_id=5).wakeup Ignoring malparsed backtrace:
2021-09-07T02:23:55.408+0000 7f7eee7fc700 20 Event(0x7f7ef0064b60 nevent=5000 time_id=2).create_file_event create event end fd=14 mask=1 current mask is 1 ,
2021-09-07T02:23:55.408+0000 7f7eeeffd700 20 Event(0x7f7ef0060bb0 nevent=5000 time_id=2).create_file_event create event started fd=13 mask=1 original mask is 0 ,
2021-09-07T02:23:55.408+0000 7f7eeeffd700 20 EpollDriver.add_event add event fd=13 cur_mask=0 add_mask=1 to 7 Ignoring malparsed backtrace:
2021-09-07T02:23:55.409+0000 7f7eeeffd700 20 -- 172.21.15.12:0/1983827943 >> [v2:172.21.15.12:3301/0,v1:172.21.15.12:6790/0] conn(0x7f7ef01399b0 msgr2=0x7f7ef00a9df0 unknown :-1 s=STATE_CONNECTION_ESTABLISHED l=0).read start len=17 ,
2021-09-07T02:23:55.409+0000 7f7eef7fe700 10 --1- 172.21.15.12:0/1983827943 >> v1:172.21.15.12:6789/0 conn(0x7f7ef00a7260 0x7f7ef0136ce0 :-1 s=CONNECTING_SEND_CONNECT_MSG pgs=0 cs=0 l=0).handle_in_seq_write send in_seq done ,
2021-09-07T02:23:55.409+0000 7f7eee7fc700 20 -- 172.21.15.12:0/1983827943 >> v1:172.21.15.57:6789/0 conn(0x7f7ef013a360 legacy=0x7f7ef00a8810 unknown :-1 s=STATE_CONNECTION_ESTABLISHED l=0).read continue len=281 Ignoring malparsed backtrace:
2021-09-07T02:23:55.409+0000 7f7eef7fe700 20 --1- 172.21.15.12:0/1983827943 >> v1:172.21.15.12:6789/0 conn(0x7f7ef00a7260 0x7f7ef0136ce0 :-1 s=READ_MESSAGE_FRONT pgs=600 cs=1 l=1).read_message_data_prepare ,
2021-09-07T02:23:55.409+0000 7f7eef7fe700 20 --1- 172.21.15.12:0/1983827943 >> v1:172.21.15.12:6789/0 conn(0x7f7ef00a7260 0x7f7ef0136ce0 :-1 s=READ_MESSAGE_FRONT pgs=600 cs=1 l=1).read_message_data msg_left=0 ,
2021-09-07T02:23:55.409+0000 7f7eeeffd700 1 -- 172.21.15.12:0/1983827943 >> v1:172.21.15.57:6789/0 conn(0x7f7ef013a360 legacy=0x7f7ef00a8810 unknown :-1 s=STATE_CONNECTION_ESTABLISHED l=1).mark_down Ignoring malparsed backtrace:
2021-09-07T02:23:55.410+0000 7f7eeeffd700 10 -- 172.21.15.12:0/1983827943 >> [v2:172.21.15.12:3301/0,v1:172.21.15.12:6790/0] conn(0x7f7ef01399b0 msgr2=0x7f7ef00a9df0 secure :-1 s=STATE_CONNECTION_ESTABLISHED l=1)._try_send sent bytes 192 remaining bytes 0 ,
2021-09-07T02:23:55.410+0000 7f7eeeffd700 10 --2- 172.21.15.12:0/1983827943 >> [v2:172.21.15.12:3301/0,v1:172.21.15.12:6790/0] conn(0x7f7ef01399b0 0x7f7ef00a9df0 secure :-1 s=READY pgs=393 cs=0 l=1 rev1=1 crypto rx=0x7f7ee402d700 tx=0x7f7ee4006e20 comp rx=0 tx=0).write_message sending 0x7f7ef00a7670 done. ,
2021-09-07T02:23:55.410+0000 7f7eeeffd700 20 -- 172.21.15.12:0/1983827943 >> [v2:172.21.15.12:3301/0,v1:172.21.15.12:6790/0] conn(0x7f7ef01399b0 msgr2=0x7f7ef00a9df0 secure :-1 s=STATE_CONNECTION_ESTABLISHED l=1).process Ignoring malparsed backtrace:
2021-09-07T02:23:55.411+0000 7f7ef597d700 20 Event(0x7f7ef00b1080 nevent=5000 time_id=3).wakeup ,
2021-09-07T02:23:55.411+0000 7f7ef597d700 20 Event(0x7f7ef0060bb0 nevent=5000 time_id=3).wakeup ,
2021-09-07T02:23:55.411+0000 7f7ef597d700 20 Event(0x7f7ef0064b60 nevent=5000 time_id=3).wakeup Ignoring malparsed backtrace:
2021-09-07T02:23:55.413+0000 7f7eef7fe700 20 -- 172.21.15.12:0/1585629930 >> [v2:172.21.15.12:3300/0,v1:172.21.15.12:6789/0] conn(0x7f7ef013a360 msgr2=0x7f7ef0068550 unknown :-1 s=STATE_CONNECTION_ESTABLISHED l=1).read start len=32 ,
2021-09-07T02:23:55.413+0000 7f7eef7fe700 20 --2- 172.21.15.12:0/1585629930 >> [v2:172.21.15.12:3300/0,v1:172.21.15.12:6789/0] conn(0x7f7ef013a360 0x7f7ef0068550 unknown :-1 s=HELLO_CONNECTING pgs=0 cs=0 l=1 rev1=1 crypto rx=0 tx=0 comp rx=0 tx=0).handle_read_frame_preamble_main r=0 ,
2021-09-07T02:23:55.413+0000 7f7eef7fe700 20 --2- 172.21.15.12:0/1585629930 >> [v2:172.21.15.12:3300/0,v1:172.21.15.12:6789/0] conn(0x7f7ef013a360 0x7f7ef0068550 unknown :-1 s=HELLO_CONNECTING pgs=0 cs=0 l=1 rev1=1 crypto rx=0 tx=0 comp rx=0 tx=0).read_frame_segment seg_idx=0 Ignoring malparsed backtrace:
2021-09-07T02:23:55.413+0000 7f7eef7fe700 20 --2- 172.21.15.12:0/1585629930 >> [v2:172.21.15.12:3300/0,v1:172.21.15.12:6789/0] conn(0x7f7ef013a360 0x7f7ef0068550 unknown :-1 s=AUTH_CONNECTING pgs=0 cs=0 l=1 rev1=1 crypto rx=0 tx=0 comp rx=0 tx=0).handle_read_frame_preamble_main r=0 ,
2021-09-07T02:23:55.413+0000 7f7eef7fe700 20 --2- 172.21.15.12:0/1585629930 >> [v2:172.21.15.12:3300/0,v1:172.21.15.12:6789/0] conn(0x7f7ef013a360 0x7f7ef0068550 unknown :-1 s=AUTH_CONNECTING pgs=0 cs=0 l=1 rev1=1 crypto rx=0 tx=0 comp rx=0 tx=0).read_frame_segment seg_idx=0 ,
2021-09-07T02:23:55.413+0000 7f7eeeffd700 1 -- 172.21.15.12:0/1585629930 >> [v2:172.21.15.12:3300/0,v1:172.21.15.12:6789/0] conn(0x7f7ef013a360 msgr2=0x7f7ef0068550 unknown :-1 s=STATE_CONNECTION_ESTABLISHED l=1).mark_down Ignoring malparsed backtrace:
2021-09-07T02:23:55.414+0000 7f7eeeffd700 20 --2- 172.21.15.12:0/1585629930 >> [v2:172.21.15.12:3301/0,v1:172.21.15.12:6790/0] conn(0x7f7ef00a7260 0x7f7ef011f6d0 secure :-1 s=THROTTLE_DONE pgs=394 cs=0 l=1 rev1=1 crypto rx=0x7f7ee4007fd0 tx=0x7f7ee4059000 comp rx=0 tx=0).handle_read_frame_epilogue_main r=0 ,
2021-09-07T02:23:55.414+0000 7f7eeeffd700 10 --2- 172.21.15.12:0/1585629930 >> [v2:172.21.15.12:3301/0,v1:172.21.15.12:6790/0] conn(0x7f7ef00a7260 0x7f7ef011f6d0 secure :-1 s=THROTTLE_DONE pgs=394 cs=0 l=1 rev1=1 crypto rx=0x7f7ee4007fd0 tx=0x7f7ee4059000 comp rx=0 tx=0).handle_read_frame_dispatch tag=17 ,
2021-09-07T02:23:55.414+0000 7f7eeeffd700 20 --2- 172.21.15.12:0/1585629930 >> [v2:172.21.15.12:3301/0,v1:172.21.15.12:6790/0] conn(0x7f7ef00a7260 0x7f7ef011f6d0 secure :-1 s=THROTTLE_DONE pgs=394 cs=0 l=1 rev1=1 crypto rx=0x7f7ee4007fd0 tx=0x7f7ee4059000 comp rx=0 tx=0).handle_message Ignoring malparsed backtrace:
2021-09-07T02:23:55.416+0000 7f7eeeffd700 5 --2- 172.21.15.12:0/1585629930 >> [v2:172.21.15.12:3301/0,v1:172.21.15.12:6790/0] conn(0x7f7ef00a7260 0x7f7ef011f6d0 secure :-1 s=READ_MESSAGE_COMPLETE pgs=394 cs=0 l=1 rev1=1 crypto rx=0x7f7ee4007fd0 tx=0x7f7ee4059000 comp rx=0 tx=0).handle_message received message m=0x7f7ee4069030 seq=4 from=mon.2 type=1796 mgrmap(e 5) v1 ,
2021-09-07T02:23:55.416+0000 7f7eeeffd700 20 -- 172.21.15.12:0/1585629930 queue 0x7f7ee4069030 prio 196 ,
2021-09-07T02:23:55.416+0000 7f7eeeffd700 20 --2- 172.21.15.12:0/1585629930 >> [v2:172.21.15.12:3301/0,v1:172.21.15.12:6790/0] conn(0x7f7ef00a7260 0x7f7ef011f6d0 secure :-1 s=READY pgs=394 cs=0 l=1 rev1=1 crypto rx=0x7f7ee4007fd0 tx=0x7f7ee4059000 comp rx=0 tx=0).read_frame Ignoring malparsed backtrace:
2021-09-07T02:23:55.417+0000 7f7eee7fc700 10 -- 172.21.15.12:0/1585629930 >> v2:172.21.15.12:6800/31803 conn(0x7f7ed005fea0 msgr2=0x7f7ed00623b0 secure :-1 s=STATE_CONNECTION_ESTABLISHED l=1)._try_send sent bytes 96 remaining bytes 0 ,
2021-09-07T02:23:55.417+0000 7f7eee7fc700 20 --2- 172.21.15.12:0/1585629930 >> v2:172.21.15.12:6800/31803 conn(0x7f7ed005fea0 0x7f7ed00623b0 secure :-1 s=AUTH_CONNECTING_SIGN pgs=0 cs=0 l=1 rev1=1 crypto rx=0x7f7ed8007fd0 tx=0x7f7ed8007bb0 comp rx=0 tx=0).read_frame ,
2021-09-07T02:23:55.417+0000 7f7eee7fc700 20 -- 172.21.15.12:0/1585629930 >> v2:172.21.15.12:6800/31803 conn(0x7f7ed005fea0 msgr2=0x7f7ed00623b0 secure :-1 s=STATE_CONNECTION_ESTABLISHED l=1).read start len=96 Ignoring malparsed backtrace:
2021-09-07T02:23:55.597+0000 7f7eee7fc700 20 -- 172.21.15.12:0/1585629930 queue 0x7f7ef005fbd0 prio 127 ,
2021-09-07T02:23:55.597+0000 7f7eee7fc700 20 --2- 172.21.15.12:0/1585629930 >> v2:172.21.15.12:6800/31803 conn(0x7f7ed005fea0 0x7f7ed00623b0 secure :-1 s=READY pgs=273 cs=0 l=1 rev1=1 crypto rx=0x7f7ed8007fd0 tx=0x7f7ed8007bb0 comp rx=0 tx=0).read_frame ,
2021-09-07T02:23:55.597+0000 7f7eee7fc700 20 -- 172.21.15.12:0/1585629930 >> v2:172.21.15.12:6800/31803 conn(0x7f7ed005fea0 msgr2=0x7f7ed00623b0 secure :-1 s=STATE_CONNECTION_ESTABLISHED l=1).read start len=96 Ignoring malparsed backtrace:
2021-09-07T02:23:55.947+0000 7f3038a34700 10 -- connect_to v2:172.21.15.12:3300/0 new 0x7f30340664b0 ,
2021-09-07T02:23:55.947+0000 7f3038a34700 10 -- create_connect v1:172.21.15.12:6789/0, creating connection and registering ,
2021-09-07T02:23:55.947+0000 7f3031d9b700 20 -- >> v2:172.21.15.12:3300/0 conn(0x7f30340664b0 msgr2=0x7f30340aa6c0 unknown :-1 s=STATE_CONNECTING l=0).process Ignoring malparsed backtrace:
2021-09-07T02:23:55.947+0000 7f3032d9d700 10 --1- 172.21.15.12:0/2831648589 >> v1:172.21.15.12:6789/0 conn(0x7f30340a8ed0 0x7f303413a870 :-1 s=CONNECTING_SEND_CONNECT_MSG pgs=0 cs=0 l=0).discard_requeued_up_to 0 ,
2021-09-07T02:23:55.947+0000 7f3031d9b700 20 --2- 172.21.15.12:0/2831648589 >> v2:172.21.15.12:3300/0 conn(0x7f30340664b0 0x7f30340aa6c0 unknown :-1 s=HELLO_CONNECTING pgs=0 cs=0 l=0 rev1=1 crypto rx=0 tx=0 comp rx=0 tx=0).read_frame ,
2021-09-07T02:23:55.947+0000 7f3031d9b700 20 -- 172.21.15.12:0/2831648589 >> v2:172.21.15.12:3300/0 conn(0x7f30340664b0 msgr2=0x7f30340aa6c0 unknown :-1 s=STATE_CONNECTION_ESTABLISHED l=0).read start len=32 Ignoring malparsed backtrace:
2021-09-07T02:23:55.948+0000 7f303259c700 20 --1- 172.21.15.12:0/2831648589 >> v1:172.21.15.57:6789/0 conn(0x7f30340aa1f0 0x7f3034065450 :-1 s=OPENED pgs=363 cs=1 l=1).wait_message ,
2021-09-07T02:23:55.948+0000 7f3032d9d700 20 --1- 172.21.15.12:0/2831648589 >> v1:172.21.15.12:6789/0 conn(0x7f30340a8ed0 0x7f303413a870 :-1 s=READ_MESSAGE_FRONT pgs=601 cs=1 l=1).read_message_middle ,
2021-09-07T02:23:55.948+0000 7f303259c700 20 -- 172.21.15.12:0/2831648589 >> v1:172.21.15.57:6789/0 conn(0x7f30340aa1f0 legacy=0x7f3034065450 unknown :-1 s=STATE_CONNECTION_ESTABLISHED l=1).read start len=1 Ignoring malparsed backtrace:
2021-09-07T02:23:55.948+0000 7f3031d9b700 20 -- 172.21.15.12:0/2831648589 >> [v2:172.21.15.12:3300/0,v1:172.21.15.12:6789/0] conn(0x7f30340664b0 msgr2=0x7f30340aa6c0 secure :-1 s=STATE_CONNECTION_ESTABLISHED l=1).read start len=96 ,
2021-09-07T02:23:55.948+0000 7f3031d9b700 10 -- 172.21.15.12:0/2831648589 >> [v2:172.21.15.12:3300/0,v1:172.21.15.12:6789/0] conn(0x7f30340664b0 msgr2=0x7f30340aa6c0 secure :-1 s=STATE_CONNECTION_ESTABLISHED l=1).handle_write ,
2021-09-07T02:23:55.948+0000 7f3031d9b700 10 --2- 172.21.15.12:0/2831648589 >> [v2:172.21.15.12:3300/0,v1:172.21.15.12:6789/0] conn(0x7f30340664b0 0x7f30340aa6c0 secure :-1 s=READY pgs=602 cs=0 l=1 rev1=1 crypto rx=0x7f301c02d670 tx=0x7f301c006e20 comp rx=0 tx=0).write_event Ignoring malparsed backtrace:
2021-09-07T02:23:55.950+0000 7f3038a34700 5 -- 172.21.15.12:0/2831648589 shutdown_connections mark down v2:172.21.15.12:3300/0 0x7f30340664b0 ,
2021-09-07T02:23:55.950+0000 7f3038a34700 1 --2- 172.21.15.12:0/2831648589 >> [v2:172.21.15.12:3300/0,v1:172.21.15.12:6789/0] conn(0x7f30340664b0 0x7f30340aa6c0 unknown :-1 s=CLOSED pgs=602 cs=0 l=1 rev1=1 crypto rx=0 tx=0 comp rx=0 tx=0).stop ,
2021-09-07T02:23:55.950+0000 7f3038a34700 5 -- 172.21.15.12:0/2831648589 shutdown_connections delete 0x7f30340664b0 Ignoring malparsed backtrace:
2021-09-07T02:23:55.952+0000 7f3031d9b700 10 -- >> [v2:172.21.15.57:3300/0,v1:172.21.15.57:6789/0] conn(0x7f30340a8ed0 msgr2=0x7f30340a78e0 unknown :-1 s=STATE_CONNECTING_RE l=1).process connect successfully, ready to send banner ,
2021-09-07T02:23:55.952+0000 7f303259c700 20 --2- >> [v2:172.21.15.12:3301/0,v1:172.21.15.12:6790/0] conn(0x7f30340664b0 0x7f303413e350 unknown :-1 s=BANNER_CONNECTING pgs=0 cs=0 l=1 rev1=0 crypto rx=0 tx=0 comp rx=0 tx=0)._handle_peer_banner_payload r=0 ,
2021-09-07T02:23:55.952+0000 7f3031d9b700 20 --2- >> [v2:172.21.15.57:3300/0,v1:172.21.15.57:6789/0] conn(0x7f30340a8ed0 0x7f30340a78e0 unknown :-1 s=START_CONNECT pgs=0 cs=0 l=1 rev1=0 crypto rx=0 tx=0 comp rx=0 tx=0).read_event Ignoring malparsed backtrace:
2021-09-07T02:23:55.953+0000 7f3032d9d700 20 --2- 172.21.15.12:0/2459339007 >> [v2:172.21.15.12:3300/0,v1:172.21.15.12:6789/0] conn(0x7f30340aa1f0 0x7f303413fec0 unknown :-1 s=AUTH_CONNECTING pgs=0 cs=0 l=1 rev1=1 crypto rx=0 tx=0 comp rx=0 tx=0).handle_read_frame_preamble_main r=0 ,
2021-09-07T02:23:55.953+0000 7f3032d9d700 20 --2- 172.21.15.12:0/2459339007 >> [v2:172.21.15.12:3300/0,v1:172.21.15.12:6789/0] conn(0x7f30340aa1f0 0x7f303413fec0 unknown :-1 s=AUTH_CONNECTING pgs=0 cs=0 l=1 rev1=1 crypto rx=0 tx=0 comp rx=0 tx=0).read_frame_segment seg_idx=0 ,
2021-09-07T02:23:55.953+0000 7f3032d9d700 20 -- 172.21.15.12:0/2459339007 >> [v2:172.21.15.12:3300/0,v1:172.21.15.12:6789/0] conn(0x7f30340aa1f0 msgr2=0x7f303413fec0 unknown :-1 s=STATE_CONNECTION_ESTABLISHED l=1).read start len=844 Ignoring malparsed backtrace:
2021-09-07T02:23:55.953+0000 7f3032d9d700 15 authenticated_encrypt_final buffer.length()=96 final_len=0 ,
2021-09-07T02:23:55.953+0000 7f3032d9d700 15 authenticated_encrypt_update plaintext.length()=64 buffer.length()=64 ,
2021-09-07T02:23:55.953+0000 7f3032d9d700 15 authenticated_encrypt_update plaintext.length()=16 buffer.length()=80 Ignoring malparsed backtrace:
2021-09-07T02:23:55.954+0000 7f3038a34700 1 -- 172.21.15.12:0/2459339007 --> [v2:172.21.15.12:3300/0,v1:172.21.15.12:6789/0] -- mon_get_version(what=osdmap handle=1) v1 -- 0x7f303405fbd0 con 0x7f30340aa1f0 ,
2021-09-07T02:23:55.954+0000 7f3038a34700 5 --2- 172.21.15.12:0/2459339007 >> [v2:172.21.15.12:3300/0,v1:172.21.15.12:6789/0] conn(0x7f30340aa1f0 0x7f303413fec0 secure :-1 s=READY pgs=603 cs=0 l=1 rev1=1 crypto rx=0x7f302400c610 tx=0x7f3024004a80 comp rx=0 tx=0).send_message enqueueing message m=0x7f303405fbd0 type=19 mon_get_version(what=osdmap handle=1) v1 ,
2021-09-07T02:23:55.954+0000 7f3038a34700 15 --2- 172.21.15.12:0/2459339007 >> [v2:172.21.15.12:3300/0,v1:172.21.15.12:6789/0] conn(0x7f30340aa1f0 0x7f303413fec0 secure :-1 s=READY pgs=603 cs=0 l=1 rev1=1 crypto rx=0x7f302400c610 tx=0x7f3024004a80 comp rx=0 tx=0).send_message inline write is denied, reschedule m=0x7f303405fbd0 Ignoring malparsed backtrace:
2021-09-07T02:23:55.955+0000 7f303259c700 20 -- 172.21.15.12:0/2459339007 >> v2:172.21.15.12:6800/31803 conn(0x7f301005fea0 msgr2=0x7f30100623b0 unknown :-1 s=STATE_CONNECTION_ESTABLISHED l=1).read start len=32 ,
2021-09-07T02:23:55.955+0000 7f303259c700 20 --2- 172.21.15.12:0/2459339007 >> v2:172.21.15.12:6800/31803 conn(0x7f301005fea0 0x7f30100623b0 unknown :-1 s=HELLO_CONNECTING pgs=0 cs=0 l=1 rev1=1 crypto rx=0 tx=0 comp rx=0 tx=0).handle_read_frame_preamble_main r=0 ,
2021-09-07T02:23:55.955+0000 7f303259c700 20 --2- 172.21.15.12:0/2459339007 >> v2:172.21.15.12:6800/31803 conn(0x7f301005fea0 0x7f30100623b0 unknown :-1 s=HELLO_CONNECTING pgs=0 cs=0 l=1 rev1=1 crypto rx=0 tx=0 comp rx=0 tx=0).read_frame_segment seg_idx=0 Ignoring malparsed backtrace:
2021-09-07T02:23:55.956+0000 7f303259c700 20 --2- 172.21.15.12:0/2459339007 >> v2:172.21.15.12:6800/31803 conn(0x7f301005fea0 0x7f30100623b0 secure :-1 s=SESSION_CONNECTING pgs=0 cs=0 l=1 rev1=1 crypto rx=0x7f30341385c0 tx=0x7f3028007bb0 comp rx=0 tx=0).handle_read_frame_segment r=0 ,
2021-09-07T02:23:55.956+0000 7f3031d9b700 10 -- 172.21.15.12:0/2459339007 >> v2:172.21.15.12:6806/32176 conn(0x7f3010066670 msgr2=0x7f3010068ae0 unknown :-1 s=STATE_CONNECTION_ESTABLISHED l=1)._try_send sent bytes 72 remaining bytes 0 ,
2021-09-07T02:23:55.956+0000 7f3031d9b700 20 --2- 172.21.15.12:0/2459339007 >> v2:172.21.15.12:6806/32176 conn(0x7f3010066670 0x7f3010068ae0 unknown :-1 s=HELLO_CONNECTING pgs=0 cs=0 l=1 rev1=1 crypto rx=0 tx=0 comp rx=0 tx=0).read_frame Ignoring malparsed backtrace:
2021-09-07T02:23:55.959+0000 7f3031d9b700 20 --2- 172.21.15.12:0/2459339007 >> v2:172.21.15.12:6806/32176 conn(0x7f3010066670 0x7f3010068ae0 crc :-1 s=THROTTLE_DONE pgs=16 cs=0 l=1 rev1=1 crypto rx=0 tx=0 comp rx=0 tx=0).handle_message ,
2021-09-07T02:23:55.959+0000 7f3031d9b700 5 --2- 172.21.15.12:0/2459339007 >> v2:172.21.15.12:6806/32176 conn(0x7f3010066670 0x7f3010068ae0 crc :-1 s=THROTTLE_DONE pgs=16 cs=0 l=1 rev1=1 crypto rx=0 tx=0 comp rx=0 tx=0).handle_message got 8 + 0 + 4441 byte message. envelope type=98 src osd.2 off 0 ,
2021-09-07T02:23:55.959+0000 7f3031d9b700 5 --2- 172.21.15.12:0/2459339007 >> v2:172.21.15.12:6806/32176 conn(0x7f3010066670 0x7f3010068ae0 crc :-1 s=READ_MESSAGE_COMPLETE pgs=16 cs=0 l=1 rev1=1 crypto rx=0 tx=0 comp rx=0 tx=0).handle_message received message m=0x7f3010069170 seq=1 from=osd.2 type=98 command_reply(tid 1: 0 ) v1 Ignoring malparsed backtrace:
2021-09-07T02:23:55.964+0000 7f3038a34700 10 -- 172.21.15.12:0/2459339007 wait: dispatch queue is stopped ,
2021-09-07T02:23:55.964+0000 7f3038a34700 1 -- 172.21.15.12:0/2459339007 shutdown_connections ,
2021-09-07T02:23:55.964+0000 7f3038a34700 5 -- 172.21.15.12:0/2459339007 shutdown_connections delete 0x7f3034063320 Ignoring malparsed backtrace:
2021-09-07T02:23:56.532+0000 7f42dbfff700 20 --2- >> v2:172.21.15.57:3300/0 conn(0x7f42dc0a3440 0x7f42dc13a0e0 unknown :-1 s=START_CONNECT pgs=0 cs=0 l=0 rev1=0 crypto rx=0 tx=0 comp rx=0 tx=0).start_client_banner_exchange ,
2021-09-07T02:23:56.532+0000 7f42dbfff700 20 --2- >> v2:172.21.15.57:3300/0 conn(0x7f42dc0a3440 0x7f42dc13a0e0 unknown :-1 s=BANNER_CONNECTING pgs=0 cs=0 l=0 rev1=0 crypto rx=0 tx=0 comp rx=0 tx=0)._banner_exchange ,
2021-09-07T02:23:56.532+0000 7f42e0ff7700 20 --2- >> [v2:172.21.15.12:3301/0,v1:172.21.15.12:6790/0] conn(0x7f42dc0a3030 0x7f42dc139ba0 unknown :-1 s=BANNER_CONNECTING pgs=0 cs=0 l=0 rev1=0 crypto rx=0 tx=0 comp rx=0 tx=0)._handle_peer_banner r=0 Ignoring malparsed backtrace:
2021-09-07T02:23:56.532+0000 7f42dbfff700 20 -- 172.21.15.12:0/2343389776 >> v2:172.21.15.57:3300/0 conn(0x7f42dc0a3440 msgr2=0x7f42dc13a0e0 unknown :-1 s=STATE_CONNECTION_ESTABLISHED l=0).read start len=17 ,
2021-09-07T02:23:56.532+0000 7f42dbfff700 20 --2- 172.21.15.12:0/2343389776 >> v2:172.21.15.57:3300/0 conn(0x7f42dc0a3440 0x7f42dc13a0e0 unknown :-1 s=AUTH_CONNECTING pgs=0 cs=0 l=0 rev1=1 crypto rx=0 tx=0 comp rx=0 tx=0).handle_read_frame_segment r=0 ,
2021-09-07T02:23:56.532+0000 7f42dbfff700 10 --2- 172.21.15.12:0/2343389776 >> v2:172.21.15.57:3300/0 conn(0x7f42dc0a3440 0x7f42dc13a0e0 unknown :-1 s=AUTH_CONNECTING pgs=0 cs=0 l=0 rev1=1 crypto rx=0 tx=0 comp rx=0 tx=0).handle_read_frame_dispatch tag=4 Ignoring malparsed backtrace:
2021-09-07T02:23:56.533+0000 7f42e17f8700 5 --2- 172.21.15.12:0/2343389776 >> [v2:172.21.15.12:3300/0,v1:172.21.15.12:6789/0] conn(0x7f42dc136d00 0x7f42dc137110 secure :-1 s=READY pgs=604 cs=0 l=1 rev1=1 crypto rx=0x7f42dc0662e0 tx=0x7f42cc006f70 comp rx=0 tx=0).write_message sending message m=0x7f42dc137650 seq=1 mon_getmap magic: 0 v1 ,
2021-09-07T02:23:56.533+0000 7f42e17f8700 20 --2- 172.21.15.12:0/2343389776 >> [v2:172.21.15.12:3300/0,v1:172.21.15.12:6789/0] conn(0x7f42dc136d00 0x7f42dc137110 secure :-1 s=READY pgs=604 cs=0 l=1 rev1=1 crypto rx=0x7f42dc0662e0 tx=0x7f42cc006f70 comp rx=0 tx=0).write_message sending m=0x7f42dc137650 seq=1 src=client.? off=0 ,
2021-09-07T02:23:56.533+0000 7f42e17f8700 10 -- 172.21.15.12:0/2343389776 >> [v2:172.21.15.12:3300/0,v1:172.21.15.12:6789/0] conn(0x7f42dc136d00 msgr2=0x7f42dc137110 secure :-1 s=STATE_CONNECTION_ESTABLISHED l=1)._try_send sent bytes 96 remaining bytes 0 Ignoring malparsed backtrace:
2021-09-07T02:23:56.534+0000 7f42e325b700 2 --1- 172.21.15.12:0/2343389776 >> 172.21.15.12:0/2343389776 conn(0x7f42dc0afec0 0x7f42dc0b02d0 :-1 s=NONE pgs=0 cs=0 l=0).stop ,
2021-09-07T02:23:56.534+0000 7f42e325b700 5 --1- 172.21.15.12:0/2343389776 >> 172.21.15.12:0/2343389776 conn(0x7f42dc0afec0 0x7f42dc0b02d0 :-1 s=NONE pgs=0 cs=0 l=0).reset_recv_state ,
2021-09-07T02:23:56.534+0000 7f42e325b700 20 Event(0x7f42dc0b10a0 nevent=5000 time_id=3).wakeup Ignoring malparsed backtrace:
2021-09-07T02:23:56.536+0000 7f42e0ff7700 1 --2- >> [v2:172.21.15.12:3300/0,v1:172.21.15.12:6789/0] conn(0x7f42dc0a3030 0x7f42dc1363d0 unknown :-1 s=BANNER_CONNECTING pgs=0 cs=0 l=1 rev1=0 crypto rx=0 tx=0 comp rx=0 tx=0)._handle_peer_banner_payload supported=3 required=0 ,
2021-09-07T02:23:56.536+0000 7f42e17f8700 20 --2- >> [v2:172.21.15.12:3301/0,v1:172.21.15.12:6790/0] conn(0x7f42dc136d00 0x7f42dc1395c0 unknown :-1 s=BANNER_CONNECTING pgs=0 cs=0 l=1 rev1=0 crypto rx=0 tx=0 comp rx=0 tx=0)._handle_peer_banner r=0 ,
2021-09-07T02:23:56.536+0000 7f42e17f8700 20 -- >> [v2:172.21.15.12:3301/0,v1:172.21.15.12:6790/0] conn(0x7f42dc136d00 msgr2=0x7f42dc1395c0 unknown :-1 s=STATE_CONNECTION_ESTABLISHED l=1).read start len=16 Ignoring malparsed backtrace:
2021-09-07T02:23:56.537+0000 7f42e17f8700 20 --2- 172.21.15.12:0/406722257 >> [v2:172.21.15.12:3301/0,v1:172.21.15.12:6790/0] conn(0x7f42dc136d00 0x7f42dc1395c0 unknown :-1 s=AUTH_CONNECTING pgs=0 cs=0 l=1 rev1=1 crypto rx=0 tx=0 comp rx=0 tx=0).handle_read_frame_preamble_main r=0 ,
2021-09-07T02:23:56.537+0000 7f42e0ff7700 20 -- 172.21.15.12:0/406722257 >> [v2:172.21.15.12:3300/0,v1:172.21.15.12:6789/0] conn(0x7f42dc0a3030 msgr2=0x7f42dc1363d0 unknown :-1 s=STATE_CONNECTION_ESTABLISHED l=1).process ,
2021-09-07T02:23:56.537+0000 7f42e0ff7700 20 -- 172.21.15.12:0/406722257 >> [v2:172.21.15.12:3300/0,v1:172.21.15.12:6789/0] conn(0x7f42dc0a3030 msgr2=0x7f42dc1363d0 unknown :-1 s=STATE_CONNECTION_ESTABLISHED l=1).read continue len=32 Ignoring malparsed backtrace:
2021-09-07T02:23:56.537+0000 7f42e0ff7700 5 --2- 172.21.15.12:0/406722257 >> [v2:172.21.15.12:3300/0,v1:172.21.15.12:6789/0] conn(0x7f42dc0a3030 0x7f42dc1363d0 secure :-1 s=READY pgs=605 cs=0 l=1 rev1=1 crypto rx=0x7f42d0030630 tx=0x7f42d0008040 comp rx=0 tx=0).write_message sending message m=0x7f42d000b140 seq=2 mon_subscribe({config=0+,monmap=0+}) v3 ,
2021-09-07T02:23:56.537+0000 7f42e0ff7700 20 --2- 172.21.15.12:0/406722257 >> [v2:172.21.15.12:3300/0,v1:172.21.15.12:6789/0] conn(0x7f42dc0a3030 0x7f42dc1363d0 secure :-1 s=READY pgs=605 cs=0 l=1 rev1=1 crypto rx=0x7f42d0030630 tx=0x7f42d0008040 comp rx=0 tx=0).write_message sending m=0x7f42d000b140 seq=2 src=client.? off=0 ,
2021-09-07T02:23:56.537+0000 7f42e0ff7700 10 -- 172.21.15.12:0/406722257 >> [v2:172.21.15.12:3300/0,v1:172.21.15.12:6789/0] conn(0x7f42dc0a3030 msgr2=0x7f42dc1363d0 secure :-1 s=STATE_CONNECTION_ESTABLISHED l=1)._try_send sent bytes 192 remaining bytes 0 Ignoring malparsed backtrace:
2021-09-07T02:23:56.538+0000 7f42e325b700 20 Event(0x7f42dc064740 nevent=5000 time_id=4).wakeup ,
2021-09-07T02:23:56.538+0000 7f42e0ff7700 20 -- 172.21.15.12:0/406722257 >> [v2:172.21.15.12:3300/0,v1:172.21.15.12:6789/0] conn(0x7f42dc0a3030 msgr2=0x7f42dc1363d0 secure :-1 s=STATE_CONNECTION_ESTABLISHED l=1).read continue len=96 ,
2021-09-07T02:23:56.538+0000 7f42e0ff7700 20 --2- 172.21.15.12:0/406722257 >> [v2:172.21.15.12:3300/0,v1:172.21.15.12:6789/0] conn(0x7f42dc0a3030 0x7f42dc1363d0 secure :-1 s=READY pgs=605 cs=0 l=1 rev1=1 crypto rx=0x7f42d0030630 tx=0x7f42d0008040 comp rx=0 tx=0).handle_read_frame_preamble_main r=0 Ignoring malparsed backtrace:
2021-09-07T02:23:56.540+0000 7f42dbfff700 20 --2- 172.21.15.12:0/406722257 >> v2:172.21.15.12:6800/31803 conn(0x7f42c405fea0 0x7f42c40623b0 unknown :-1 s=AUTH_CONNECTING pgs=0 cs=0 l=1 rev1=1 crypto rx=0 tx=0 comp rx=0 tx=0).handle_read_frame_segment r=0 ,
2021-09-07T02:23:56.540+0000 7f42dbfff700 10 --2- 172.21.15.12:0/406722257 >> v2:172.21.15.12:6800/31803 conn(0x7f42c405fea0 0x7f42c40623b0 unknown :-1 s=AUTH_CONNECTING pgs=0 cs=0 l=1 rev1=1 crypto rx=0 tx=0 comp rx=0 tx=0).handle_read_frame_dispatch tag=4 ,
2021-09-07T02:23:56.540+0000 7f42dbfff700 20 --2- 172.21.15.12:0/406722257 >> v2:172.21.15.12:6800/31803 conn(0x7f42c405fea0 0x7f42c40623b0 unknown :-1 s=AUTH_CONNECTING pgs=0 cs=0 l=1 rev1=1 crypto rx=0 tx=0 comp rx=0 tx=0).handle_auth_reply_more payload.length()=36 Ignoring malparsed backtrace:
2021-09-07T02:23:56.715+0000 7f42dbfff700 10 --2- 172.21.15.12:0/406722257 >> v2:172.21.15.12:6800/31803 conn(0x7f42c405fea0 0x7f42c40623b0 secure :-1 s=READY pgs=275 cs=0 l=1 rev1=1 crypto rx=0x7f42dc066840 tx=0x7f42c8009220 comp rx=0 tx=0).write_message sending 0x7f42dc0aae00 done. ,
2021-09-07T02:23:56.715+0000 7f42dbfff700 20 -- 172.21.15.12:0/406722257 >> v2:172.21.15.12:6800/31803 conn(0x7f42c405fea0 msgr2=0x7f42c40623b0 secure :-1 s=STATE_CONNECTION_ESTABLISHED l=1).process ,
2021-09-07T02:23:56.715+0000 7f42dbfff700 20 -- 172.21.15.12:0/406722257 >> v2:172.21.15.12:6800/31803 conn(0x7f42c405fea0 msgr2=0x7f42c40623b0 secure :-1 s=STATE_CONNECTION_ESTABLISHED l=1).read continue len=96 Ignoring malparsed backtrace:
2021-09-07T02:23:57.039+0000 7f5b357f0700 20 Event(0x7f5b30065190 nevent=5000 time_id=1).create_file_event create event end fd=11 mask=1 current mask is 1 ,
2021-09-07T02:23:57.039+0000 7f5b357f0700 10 stack operator() starting ,
2021-09-07T02:23:57.039+0000 7f5b38255700 10 -- ready Ignoring malparsed backtrace:
2021-09-07T02:23:57.040+0000 7f5b357f0700 20 --2- 172.21.15.12:0/2103365642 >> v2:172.21.15.12:3300/0 conn(0x7f5b3013a300 0x7f5b300a7e00 unknown :-1 s=HELLO_CONNECTING pgs=0 cs=0 l=0 rev1=1 crypto rx=0 tx=0 comp rx=0 tx=0).handle_read_frame_segment r=0 ,
2021-09-07T02:23:57.040+0000 7f5b367f2700 20 --1- 172.21.15.12:0/2103365642 >> v1:172.21.15.12:6789/0 conn(0x7f5b300a7380 0x7f5b300a87e0 :-1 s=CONNECTING_SEND_CONNECT_MSG pgs=0 cs=0 l=0).send_connect_message ,
2021-09-07T02:23:57.040+0000 7f5b357f0700 10 --2- 172.21.15.12:0/2103365642 >> v2:172.21.15.12:3300/0 conn(0x7f5b3013a300 0x7f5b300a7e00 unknown :-1 s=HELLO_CONNECTING pgs=0 cs=0 l=0 rev1=1 crypto rx=0 tx=0 comp rx=0 tx=0).handle_read_frame_dispatch tag=1 Ignoring malparsed backtrace:
2021-09-07T02:23:57.040+0000 7f5b357f0700 20 --2- 172.21.15.12:0/2103365642 >> v2:172.21.15.12:3300/0 conn(0x7f5b3013a300 0x7f5b300a7e00 unknown :-1 s=AUTH_CONNECTING pgs=0 cs=0 l=0 rev1=1 crypto rx=0 tx=0 comp rx=0 tx=0).read_frame_segment seg_idx=0 ,
2021-09-07T02:23:57.040+0000 7f5b357f0700 20 -- 172.21.15.12:0/2103365642 >> v2:172.21.15.12:3300/0 conn(0x7f5b3013a300 msgr2=0x7f5b300a7e00 unknown :-1 s=STATE_CONNECTION_ESTABLISHED l=0).read start len=294 ,
2021-09-07T02:23:57.040+0000 7f5b35ff1700 10 -- 172.21.15.12:0/2103365642 >> v2:172.21.15.57:3300/0 conn(0x7f5b30139990 msgr2=0x7f5b300a9ea0 unknown :-1 s=STATE_CONNECTION_ESTABLISHED l=0)._try_send sent bytes 76 remaining bytes 0 Ignoring malparsed backtrace:
2021-09-07T02:23:57.041+0000 7f5b357f0700 20 --2- 172.21.15.12:0/2103365642 >> v2:172.21.15.12:3300/0 conn(0x7f5b3013a300 0x7f5b300a7e00 secure :-1 s=SESSION_CONNECTING pgs=0 cs=0 l=0 rev1=1 crypto rx=0x7f5b300b0ae0 tx=0x7f5b24006e20 comp rx=0 tx=0).handle_server_ident payload.length()=123 ,
2021-09-07T02:23:57.041+0000 7f5b357f0700 5 --2- 172.21.15.12:0/2103365642 >> v2:172.21.15.12:3300/0 conn(0x7f5b3013a300 0x7f5b300a7e00 secure :-1 s=SESSION_CONNECTING pgs=0 cs=0 l=0 rev1=1 crypto rx=0x7f5b300b0ae0 tx=0x7f5b24006e20 comp rx=0 tx=0).handle_server_ident received server identification: addrs=[v2:172.21.15.12:3300/0,v1:172.21.15.12:6789/0] gid=0 global_seq=607 features_supported=3f01cfbb7ffdffff features_required=c01020042040000 flags=1 cookie=0 ,
2021-09-07T02:23:57.041+0000 7f5b357f0700 10 --2- 172.21.15.12:0/2103365642 >> [v2:172.21.15.12:3300/0,v1:172.21.15.12:6789/0] conn(0x7f5b3013a300 0x7f5b300a7e00 secure :-1 s=SESSION_CONNECTING pgs=607 cs=0 l=1 rev1=1 crypto rx=0x7f5b300b0ae0 tx=0x7f5b24006e20 comp rx=0 tx=0).handle_server_ident connect success 0, lossy = 1, features 4540138303579357183 Ignoring malparsed backtrace:
2021-09-07T02:23:57.042+0000 7f5b38255700 20 Event(0x7f5b300b1090 nevent=5000 time_id=3).wakeup ,
2021-09-07T02:23:57.042+0000 7f5b38255700 1 -- 172.21.15.12:0/2103365642 shutdown_connections ,
2021-09-07T02:23:57.042+0000 7f5b38255700 5 -- 172.21.15.12:0/2103365642 shutdown_connections mark down v1:172.21.15.12:6789/0 0x7f5b300a7380 Ignoring malparsed backtrace:
2021-09-07T02:23:57.044+0000 7f5b35ff1700 20 --2- >> [v2:172.21.15.57:3300/0,v1:172.21.15.57:6789/0] conn(0x7f5b300a7380 0x7f5b3013cc90 unknown :-1 s=BANNER_CONNECTING pgs=0 cs=0 l=1 rev1=0 crypto rx=0 tx=0 comp rx=0 tx=0)._banner_exchange ,
2021-09-07T02:23:57.044+0000 7f5b35ff1700 10 -- >> [v2:172.21.15.57:3300/0,v1:172.21.15.57:6789/0] conn(0x7f5b300a7380 msgr2=0x7f5b3013cc90 unknown :-1 s=STATE_CONNECTION_ESTABLISHED l=1)._try_send sent bytes 26 remaining bytes 0 ,
2021-09-07T02:23:57.044+0000 7f5b367f2700 10 -- >> [v2:172.21.15.12:3300/0,v1:172.21.15.12:6789/0] conn(0x7f5b3013a300 msgr2=0x7f5b300695c0 unknown :-1 s=STATE_CONNECTION_ESTABLISHED l=1)._try_send sent bytes 26 remaining bytes 0 Ignoring malparsed backtrace:
2021-09-07T02:23:57.045+0000 7f5b35ff1700 20 --2- 172.21.15.12:0/3774657832 >> [v2:172.21.15.57:3300/0,v1:172.21.15.57:6789/0] conn(0x7f5b300a7380 0x7f5b3013cc90 unknown :-1 s=AUTH_CONNECTING pgs=0 cs=0 l=1 rev1=1 crypto rx=0 tx=0 comp rx=0 tx=0).read_frame_segment seg_idx=0 ,
2021-09-07T02:23:57.045+0000 7f5b35ff1700 20 -- 172.21.15.12:0/3774657832 >> [v2:172.21.15.57:3300/0,v1:172.21.15.57:6789/0] conn(0x7f5b300a7380 msgr2=0x7f5b3013cc90 unknown :-1 s=STATE_CONNECTION_ESTABLISHED l=1).read start len=17 ,
2021-09-07T02:23:57.045+0000 7f5b35ff1700 20 --2- 172.21.15.12:0/3774657832 >> [v2:172.21.15.57:3300/0,v1:172.21.15.57:6789/0] conn(0x7f5b300a7380 0x7f5b3013cc90 unknown :-1 s=AUTH_CONNECTING pgs=0 cs=0 l=1 rev1=1 crypto rx=0 tx=0 comp rx=0 tx=0).handle_read_frame_segment r=0 Ignoring malparsed backtrace:
2021-09-07T02:23:57.045+0000 7f5b357f0700 5 --2- 172.21.15.12:0/3774657832 >> [v2:172.21.15.12:3301/0,v1:172.21.15.12:6790/0] conn(0x7f5b30139990 0x7f5b3006a980 secure :-1 s=READY pgs=395 cs=0 l=1 rev1=1 crypto rx=0x7f5b30065f80 tx=0x7f5b24014000 comp rx=0 tx=0).write_message sending message m=0x7f5b300689f0 seq=1 mon_getmap magic: 0 v1 ,
2021-09-07T02:23:57.045+0000 7f5b357f0700 20 --2- 172.21.15.12:0/3774657832 >> [v2:172.21.15.12:3301/0,v1:172.21.15.12:6790/0] conn(0x7f5b30139990 0x7f5b3006a980 secure :-1 s=READY pgs=395 cs=0 l=1 rev1=1 crypto rx=0x7f5b30065f80 tx=0x7f5b24014000 comp rx=0 tx=0).write_message sending m=0x7f5b300689f0 seq=1 src=client.? off=0 ,
2021-09-07T02:23:57.045+0000 7f5b357f0700 10 -- 172.21.15.12:0/3774657832 >> [v2:172.21.15.12:3301/0,v1:172.21.15.12:6790/0] conn(0x7f5b30139990 msgr2=0x7f5b3006a980 secure :-1 s=STATE_CONNECTION_ESTABLISHED l=1)._try_send sent bytes 96 remaining bytes 0 Ignoring malparsed backtrace:
2021-09-07T02:23:57.046+0000 7f5b357f0700 15 authenticated_encrypt_update plaintext.length()=48 buffer.length()=48 ,
2021-09-07T02:23:57.046+0000 7f5b357f0700 15 authenticated_encrypt_update plaintext.length()=16 buffer.length()=64 ,
2021-09-07T02:23:57.046+0000 7f5b357f0700 15 authenticated_encrypt_final buffer.length()=80 final_len=0 Ignoring malparsed backtrace:
2021-09-07T02:23:57.048+0000 7f5b35ff1700 20 -- 172.21.15.12:0/3774657832 >> v2:172.21.15.12:6800/31803 conn(0x7f5b1005fea0 msgr2=0x7f5b100623b0 unknown :-1 s=STATE_CONNECTION_ESTABLISHED l=1).read continue len=10 ,
2021-09-07T02:23:57.048+0000 7f5b35ff1700 20 --2- 172.21.15.12:0/3774657832 >> v2:172.21.15.12:6800/31803 conn(0x7f5b1005fea0 0x7f5b100623b0 unknown :-1 s=BANNER_CONNECTING pgs=0 cs=0 l=1 rev1=0 crypto rx=0 tx=0 comp rx=0 tx=0)._handle_peer_banner r=0 ,
2021-09-07T02:23:57.048+0000 7f5b35ff1700 20 -- 172.21.15.12:0/3774657832 >> v2:172.21.15.12:6800/31803 conn(0x7f5b1005fea0 msgr2=0x7f5b100623b0 unknown :-1 s=STATE_CONNECTION_ESTABLISHED l=1).read start len=16 Ignoring malparsed backtrace:
2021-09-07T02:23:57.049+0000 7f5b35ff1700 10 --2- 172.21.15.12:0/3774657832 >> v2:172.21.15.12:6800/31803 conn(0x7f5b1005fea0 0x7f5b100623b0 secure :-1 s=SESSION_CONNECTING pgs=0 cs=0 l=1 rev1=1 crypto rx=0x7f5b20011fd0 tx=0x7f5b20011720 comp rx=0 tx=0).handle_read_frame_dispatch tag=9 ,
2021-09-07T02:23:57.049+0000 7f5b35ff1700 20 --2- 172.21.15.12:0/3774657832 >> v2:172.21.15.12:6800/31803 conn(0x7f5b1005fea0 0x7f5b100623b0 secure :-1 s=SESSION_CONNECTING pgs=0 cs=0 l=1 rev1=1 crypto rx=0x7f5b20011fd0 tx=0x7f5b20011720 comp rx=0 tx=0).handle_server_ident payload.length()=88 ,
2021-09-07T02:23:57.049+0000 7f5b35ff1700 5 --2- 172.21.15.12:0/3774657832 >> v2:172.21.15.12:6800/31803 conn(0x7f5b1005fea0 0x7f5b100623b0 secure :-1 s=SESSION_CONNECTING pgs=0 cs=0 l=1 rev1=1 crypto rx=0x7f5b20011fd0 tx=0x7f5b20011720 comp rx=0 tx=0).handle_server_ident received server identification: addrs=v2:172.21.15.12:6800/31803 gid=4104 global_seq=276 features_supported=3f01cfbb7ffdffff features_required=800000000000000 flags=1 cookie=0 Ignoring malparsed backtrace:
2021-09-07T02:23:57.652+0000 7f5b367f2700 10 -- 172.21.15.12:0/3774657832 >> v2:172.21.15.12:6808/32177 conn(0x7f5b10066670 msgr2=0x7f5b10068ae0 unknown :-1 s=STATE_CONNECTING_RE l=1).process connect successfully, ready to send banner ,
2021-09-07T02:23:57.652+0000 7f5b367f2700 20 --2- 172.21.15.12:0/3774657832 >> v2:172.21.15.12:6808/32177 conn(0x7f5b10066670 0x7f5b10068ae0 unknown :-1 s=START_CONNECT pgs=0 cs=0 l=1 rev1=1 crypto rx=0 tx=0 comp rx=0 tx=0).read_event ,
2021-09-07T02:23:57.652+0000 7f5b367f2700 20 --2- 172.21.15.12:0/3774657832 >> v2:172.21.15.12:6808/32177 conn(0x7f5b10066670 0x7f5b10068ae0 unknown :-1 s=START_CONNECT pgs=0 cs=0 l=1 rev1=1 crypto rx=0 tx=0 comp rx=0 tx=0).start_client_banner_exchange Ignoring malparsed backtrace:
2021-09-07T02:24:00.045+0000 7f5b357f0700 15 authenticated_encrypt_final buffer.length()=96 final_len=0 ,
2021-09-07T02:24:00.045+0000 7f5b357f0700 10 -- 172.21.15.12:0/3774657832 >> [v2:172.21.15.12:3301/0,v1:172.21.15.12:6790/0] conn(0x7f5b30139990 msgr2=0x7f5b3006a980 secure :-1 s=STATE_CONNECTION_ESTABLISHED l=1)._try_send sent bytes 96 remaining bytes 0 ,
2021-09-07T02:24:00.045+0000 7f5b357f0700 20 -- 172.21.15.12:0/3774657832 >> [v2:172.21.15.12:3301/0,v1:172.21.15.12:6790/0] conn(0x7f5b30139990 msgr2=0x7f5b3006a980 secure :-1 s=STATE_CONNECTION_ESTABLISHED l=1).process Ignoring malparsed backtrace:
2021-09-07T02:24:03.264+0000 7f5b367f2700 20 -- 172.21.15.12:0/3774657832 >> v2:172.21.15.12:6808/32177 conn(0x7f5b10066670 msgr2=0x7f5b10068ae0 unknown :-1 s=STATE_CONNECTION_ESTABLISHED l=1).process ,
2021-09-07T02:24:03.264+0000 7f5b367f2700 20 -- 172.21.15.12:0/3774657832 >> v2:172.21.15.12:6808/32177 conn(0x7f5b10066670 msgr2=0x7f5b10068ae0 unknown :-1 s=STATE_CONNECTION_ESTABLISHED l=1).read continue len=32 ,
2021-09-07T02:24:03.264+0000 7f5b367f2700 20 --2- 172.21.15.12:0/3774657832 >> v2:172.21.15.12:6808/32177 conn(0x7f5b10066670 0x7f5b10068ae0 unknown :-1 s=HELLO_CONNECTING pgs=0 cs=0 l=1 rev1=1 crypto rx=0 tx=0 comp rx=0 tx=0).handle_read_frame_preamble_main r=0 Ignoring malparsed backtrace:
2021-09-07T02:24:12.049+0000 7f5b1e7fc700 5 --2- 172.21.15.12:0/3774657832 >> v2:172.21.15.12:6808/32177 conn(0x7f5b10066670 0x7f5b10068ae0 unknown :-1 s=START_CONNECT pgs=0 cs=0 l=1 rev1=1 crypto rx=0 tx=0 comp rx=0 tx=0).send_message enqueueing message m=0x7f5b08003890 type=2 ping magic: 0 v1 ,
2021-09-07T02:24:12.049+0000 7f5b1e7fc700 15 --2- 172.21.15.12:0/3774657832 >> v2:172.21.15.12:6808/32177 conn(0x7f5b10066670 0x7f5b10068ae0 unknown :-1 s=START_CONNECT pgs=0 cs=0 l=1 rev1=1 crypto rx=0 tx=0 comp rx=0 tx=0).send_message inline write is denied, reschedule m=0x7f5b08003890 ,
2021-09-07T02:24:17.050+0000 7f5b1e7fc700 1 -- 172.21.15.12:0/3774657832 --> v2:172.21.15.12:6808/32177 -- ping magic: 0 v1 -- 0x7f5b08003a00 con 0x7f5b10066670 Ignoring malparsed backtrace:
2021-09-07T02:24:37.503+0000 7f5b367f2700 20 -- 172.21.15.12:0/3774657832 >> v2:172.21.15.12:6808/32177 conn(0x7f5b10066670 msgr2=0x7f5b10068ae0 unknown :-1 s=STATE_CONNECTING l=1).process ,
2021-09-07T02:24:37.503+0000 7f5b367f2700 20 Event(0x7f5b300b1090 nevent=5000 time_id=21).create_file_event create event started fd=18 mask=1 original mask is 0 ,
2021-09-07T02:24:37.503+0000 7f5b367f2700 20 EpollDriver.add_event add event fd=18 cur_mask=0 add_mask=1 to 4 Ignoring malparsed backtrace:
2021-09-07T02:24:52.519+0000 7f5b367f2700 20 --2- 172.21.15.12:0/3774657832 >> v2:172.21.15.12:6808/32177 conn(0x7f5b10066670 0x7f5b10068ae0 unknown :-1 s=BANNER_CONNECTING pgs=0 cs=0 l=1 rev1=1 crypto rx=0 tx=0 comp rx=0 tx=0)._banner_exchange ,
2021-09-07T02:24:52.519+0000 7f5b367f2700 10 -- 172.21.15.12:0/3774657832 >> v2:172.21.15.12:6808/32177 conn(0x7f5b10066670 msgr2=0x7f5b10068ae0 unknown :-1 s=STATE_CONNECTION_ESTABLISHED l=1)._try_send sent bytes 26 remaining bytes 0 ,
2021-09-07T02:24:52.519+0000 7f5b367f2700 20 -- 172.21.15.12:0/3774657832 >> v2:172.21.15.12:6808/32177 conn(0x7f5b10066670 msgr2=0x7f5b10068ae0 unknown :-1 s=STATE_CONNECTION_ESTABLISHED l=1).read start len=10 Ignoring malparsed backtrace:
2021-09-07T02:24:52.523+0000 7f5b367f2700 10 -- 172.21.15.12:0/3774657832 >> v2:172.21.15.12:6808/32177 conn(0x7f5b10066670 msgr2=0x7f5b10068ae0 crc :-1 s=STATE_CONNECTION_ESTABLISHED l=1)._try_send sent bytes 77 remaining bytes 0 ,
2021-09-07T02:24:52.523+0000 7f5b367f2700 10 --2- 172.21.15.12:0/3774657832 >> v2:172.21.15.12:6808/32177 conn(0x7f5b10066670 0x7f5b10068ae0 crc :-1 s=READY pgs=18 cs=0 l=1 rev1=1 crypto rx=0 tx=0 comp rx=0 tx=0).write_message sending 0x7f5b08003890 done. ,
2021-09-07T02:24:52.523+0000 7f5b367f2700 20 --2- 172.21.15.12:0/3774657832 >> v2:172.21.15.12:6808/32177 conn(0x7f5b10066670 0x7f5b10068ae0 crc :-1 s=READY pgs=18 cs=0 l=1 rev1=1 crypto rx=0 tx=0 comp rx=0 tx=0).prepare_send_message m=ping magic: 0 v1 Ignoring malparsed backtrace:
2021-09-07T02:24:52.529+0000 7f5b367f2700 20 --2- 172.21.15.12:0/3774657832 >> v2:172.21.15.12:6808/32177 conn(0x7f5b10066670 0x7f5b10068ae0 crc :-1 s=THROTTLE_DONE pgs=18 cs=0 l=1 rev1=1 crypto rx=0 tx=0 comp rx=0 tx=0).handle_read_frame_segment r=0 ,
2021-09-07T02:24:52.529+0000 7f5b367f2700 20 --2- 172.21.15.12:0/3774657832 >> v2:172.21.15.12:6808/32177 conn(0x7f5b10066670 0x7f5b10068ae0 crc :-1 s=THROTTLE_DONE pgs=18 cs=0 l=1 rev1=1 crypto rx=0 tx=0 comp rx=0 tx=0).read_frame_segment seg_idx=2 ,
