2021-09-07T02:23:50.574+0000 7fb45c86f700 20 --2- 172.21.15.12:0/2482894562 >> [v2:172.21.15.12:3300/0,v1:172.21.15.12:6789/0] conn(0x7fb4580659a0 0x7fb4580a87e0 secure :-1 s=THROTTLE_DONE pgs=588 cs=0 l=1 rev1=1 crypto rx=0x7fb44c01a6a0 tx=0x7fb44c006f70 comp rx=0 tx=0).read_frame_segment seg_idx=0 ,
2021-09-07T02:23:50.574+0000 7fb45c86f700 20 --2- 172.21.15.12:0/2482894562 >> [v2:172.21.15.12:3300/0,v1:172.21.15.12:6789/0] conn(0x7fb4580659a0 0x7fb4580a87e0 secure :-1 s=THROTTLE_DONE pgs=588 cs=0 l=1 rev1=1 crypto rx=0x7fb44c01a6a0 tx=0x7fb44c006f70 comp rx=0 tx=0).read_frame_segment seg_idx=1 Ignoring malparsed backtrace:
2021-09-07T02:23:50.577+0000 7fb45d070700 20 EpollDriver.del_event del event fd=16 cur_mask=1 delmask=2 to 7 ,
2021-09-07T02:23:50.577+0000 7fb45d070700 10 -- >> [v2:172.21.15.12:3301/0,v1:172.21.15.12:6790/0] conn(0x7fb4580659a0 msgr2=0x7fb4580a69e0 unknown :-1 s=STATE_CONNECTING_RE l=1).process connect successfully, ready to send banner ,
2021-09-07T02:23:50.577+0000 7fb45d070700 20 --2- >> [v2:172.21.15.12:3301/0,v1:172.21.15.12:6790/0] conn(0x7fb4580659a0 0x7fb4580a69e0 unknown :-1 s=START_CONNECT pgs=0 cs=0 l=1 rev1=0 crypto rx=0 tx=0 comp rx=0 tx=0).read_event Ignoring malparsed backtrace:
2021-09-07T02:23:50.578+0000 7fb45c86f700 10 --2- 172.21.15.12:0/2495861482 >> [v2:172.21.15.12:3300/0,v1:172.21.15.12:6789/0] conn(0x7fb4580a9090 0x7fb458120e30 unknown :-1 s=AUTH_CONNECTING pgs=0 cs=0 l=1 rev1=1 crypto rx=0 tx=0 comp rx=0 tx=0).handle_read_frame_dispatch tag=4 ,
2021-09-07T02:23:50.578+0000 7fb45c86f700 20 --2- 172.21.15.12:0/2495861482 >> [v2:172.21.15.12:3300/0,v1:172.21.15.12:6789/0] conn(0x7fb4580a9090 0x7fb458120e30 unknown :-1 s=AUTH_CONNECTING pgs=0 cs=0 l=1 rev1=1 crypto rx=0 tx=0 comp rx=0 tx=0).handle_auth_reply_more payload.length()=13 ,
2021-09-07T02:23:50.578+0000 7fb45d871700 20 -- 172.21.15.12:0/2495861482 >> [v2:172.21.15.57:3300/0,v1:172.21.15.57:6789/0] conn(0x7fb458137b20 msgr2=0x7fb458125700 unknown :-1 s=STATE_CONNECTION_ESTABLISHED l=1).read start len=32 Ignoring malparsed backtrace:
2021-09-07T02:23:50.578+0000 7fb45c86f700 15 authenticated_encrypt_update plaintext.length()=80 buffer.length()=80 ,
2021-09-07T02:23:50.578+0000 7fb45c86f700 15 authenticated_encrypt_final buffer.length()=96 final_len=0 ,
2021-09-07T02:23:50.578+0000 7fb45c86f700 15 authenticated_encrypt_update plaintext.length()=80 buffer.length()=80 Ignoring malparsed backtrace:
2021-09-07T02:23:50.579+0000 7fb45c86f700 20 --2- 172.21.15.12:0/2495861482 >> [v2:172.21.15.12:3300/0,v1:172.21.15.12:6789/0] conn(0x7fb4580a9090 0x7fb458120e30 secure :-1 s=THROTTLE_DONE pgs=589 cs=0 l=1 rev1=1 crypto rx=0x7fb458069f10 tx=0x7fb44c011000 comp rx=0 tx=0).handle_message ,
2021-09-07T02:23:50.579+0000 7fb45c86f700 5 --2- 172.21.15.12:0/2495861482 >> [v2:172.21.15.12:3300/0,v1:172.21.15.12:6789/0] conn(0x7fb4580a9090 0x7fb458120e30 secure :-1 s=THROTTLE_DONE pgs=589 cs=0 l=1 rev1=1 crypto rx=0x7fb458069f10 tx=0x7fb44c011000 comp rx=0 tx=0).handle_message got 413 + 0 + 0 byte message. envelope type=4 src mon.0 off 0 ,
2021-09-07T02:23:50.579+0000 7fb45c86f700 5 --2- 172.21.15.12:0/2495861482 >> [v2:172.21.15.12:3300/0,v1:172.21.15.12:6789/0] conn(0x7fb4580a9090 0x7fb458120e30 secure :-1 s=READ_MESSAGE_COMPLETE pgs=589 cs=0 l=1 rev1=1 crypto rx=0x7fb458069f10 tx=0x7fb44c011000 comp rx=0 tx=0).handle_message received message m=0x7fb44c00e9e0 seq=3 from=mon.0 type=4 mon_map magic: 0 v1 Ignoring malparsed backtrace:
2021-09-07T02:23:50.581+0000 7fb45d070700 20 --2- 172.21.15.12:0/2495861482 >> v2:172.21.15.12:6800/31803 conn(0x7fb43805fea0 0x7fb4380623b0 unknown :-1 s=START_CONNECT pgs=0 cs=0 l=1 rev1=0 crypto rx=0 tx=0 comp rx=0 tx=0).read_event ,
2021-09-07T02:23:50.581+0000 7fb45d070700 20 --2- 172.21.15.12:0/2495861482 >> v2:172.21.15.12:6800/31803 conn(0x7fb43805fea0 0x7fb4380623b0 unknown :-1 s=START_CONNECT pgs=0 cs=0 l=1 rev1=0 crypto rx=0 tx=0 comp rx=0 tx=0).start_client_banner_exchange ,
2021-09-07T02:23:50.581+0000 7fb45d070700 20 --2- 172.21.15.12:0/2495861482 >> v2:172.21.15.12:6800/31803 conn(0x7fb43805fea0 0x7fb4380623b0 unknown :-1 s=BANNER_CONNECTING pgs=0 cs=0 l=1 rev1=0 crypto rx=0 tx=0 comp rx=0 tx=0)._banner_exchange Ignoring malparsed backtrace:
2021-09-07T02:23:50.586+0000 7fb45c86f700 20 --2- 172.21.15.12:0/2495861482 >> [v2:172.21.15.12:3300/0,v1:172.21.15.12:6789/0] conn(0x7fb4580a9090 0x7fb458120e30 secure :-1 s=THROTTLE_DONE pgs=589 cs=0 l=1 rev1=1 crypto rx=0x7fb458069f10 tx=0x7fb44c011000 comp rx=0 tx=0).read_frame_segment seg_idx=1 ,
2021-09-07T02:23:50.586+0000 7fb45c86f700 20 -- 172.21.15.12:0/2495861482 >> [v2:172.21.15.12:3300/0,v1:172.21.15.12:6789/0] conn(0x7fb4580a9090 msgr2=0x7fb458120e30 secure :-1 s=STATE_CONNECTION_ESTABLISHED l=1).read start len=80 ,
2021-09-07T02:23:50.586+0000 7fb45c86f700 20 --2- 172.21.15.12:0/2495861482 >> [v2:172.21.15.12:3300/0,v1:172.21.15.12:6789/0] conn(0x7fb4580a9090 0x7fb458120e30 secure :-1 s=THROTTLE_DONE pgs=589 cs=0 l=1 rev1=1 crypto rx=0x7fb458069f10 tx=0x7fb44c011000 comp rx=0 tx=0).handle_read_frame_segment r=0 Ignoring malparsed backtrace:
2021-09-07T02:23:50.758+0000 7fb45f2d4700 20 Event(0x7fb4580aee90 nevent=5000 time_id=4).wakeup ,
2021-09-07T02:23:50.758+0000 7fb45f2d4700 10 --1- 172.21.15.12:0/2495861482 >> 172.21.15.12:0/2495861482 conn(0x7fb4580696b0 0x7fb458139480 :-1 s=NONE pgs=0 cs=0 l=0).discard_out_queue started ,
2021-09-07T02:23:50.758+0000 7fb45f2d4700 20 Event(0x7fb4580aee90 nevent=5000 time_id=4).wakeup Ignoring malparsed backtrace:
2021-09-07T02:23:51.095+0000 7ff002d9d700 20 Event(0x7ff0040b0ea0 nevent=5000 time_id=2).create_file_event create event end fd=15 mask=2 current mask is 3 ,
2021-09-07T02:23:51.095+0000 7ff001d9b700 10 -- >> v1:172.21.15.12:6789/0 conn(0x7ff004136b00 legacy=0x7ff0041397e0 unknown :-1 s=STATE_CONNECTION_ESTABLISHED l=0)._try_send sent bytes 9 remaining bytes 0 ,
2021-09-07T02:23:51.095+0000 7ff001d9b700 20 --1- >> v1:172.21.15.12:6789/0 conn(0x7ff004136b00 0x7ff0041397e0 :-1 s=CONNECTING pgs=0 cs=0 l=0).handle_client_banner_write r=0 Ignoring malparsed backtrace:
2021-09-07T02:23:51.095+0000 7ff001d9b700 20 --1- 172.21.15.12:0/1793913855 >> v1:172.21.15.12:6789/0 conn(0x7ff004136b00 0x7ff0041397e0 :-1 s=OPENED pgs=590 cs=1 l=1).prepare_send_message encoding features 4540138303579357183 0x7ff004137450 auth(proto 0 30 bytes epoch 0) v1 ,
2021-09-07T02:23:51.095+0000 7ff002d9d700 20 --2- 172.21.15.12:0/1793913855 >> v2:172.21.15.57:3300/0 conn(0x7ff004139ef0 0x7ff004136f10 unknown :-1 s=HELLO_CONNECTING pgs=0 cs=0 l=0 rev1=1 crypto rx=0 tx=0 comp rx=0 tx=0).handle_read_frame_segment r=0 ,
2021-09-07T02:23:51.095+0000 7ff002d9d700 10 --2- 172.21.15.12:0/1793913855 >> v2:172.21.15.57:3300/0 conn(0x7ff004139ef0 0x7ff004136f10 unknown :-1 s=HELLO_CONNECTING pgs=0 cs=0 l=0 rev1=1 crypto rx=0 tx=0 comp rx=0 tx=0).handle_read_frame_dispatch tag=1 Ignoring malparsed backtrace:
2021-09-07T02:23:51.096+0000 7ff00159a700 10 -- 172.21.15.12:0/1793913855 dispatch_throttle_release 33 to dispatch throttler 33/104857600 ,
2021-09-07T02:23:51.096+0000 7ff00159a700 20 -- 172.21.15.12:0/1793913855 done calling dispatch on 0x7ff004137450 ,
2021-09-07T02:23:51.096+0000 7ff00259c700 15 authenticated_encrypt_update plaintext.length()=80 buffer.length()=80 Ignoring malparsed backtrace:
2021-09-07T02:23:51.096+0000 7ff00259c700 20 -- 172.21.15.12:0/1793913855 queue 0x7feff4005bf0 prio 196 ,
2021-09-07T02:23:51.096+0000 7ff00259c700 20 --2- 172.21.15.12:0/1793913855 >> [v2:172.21.15.12:3301/0,v1:172.21.15.12:6790/0] conn(0x7ff0040acc70 0x7ff00413cd40 secure :-1 s=READY pgs=388 cs=0 l=1 rev1=1 crypto rx=0x7feff400fb80 tx=0x7feff4007d60 comp rx=0 tx=0).read_frame ,
2021-09-07T02:23:51.096+0000 7ff00259c700 20 -- 172.21.15.12:0/1793913855 >> [v2:172.21.15.12:3301/0,v1:172.21.15.12:6790/0] conn(0x7ff0040acc70 msgr2=0x7ff00413cd40 secure :-1 s=STATE_CONNECTION_ESTABLISHED l=1).read start len=96 Ignoring malparsed backtrace:
2021-09-07T02:23:51.100+0000 7ff00359e700 1 --2- >> [v2:172.21.15.57:3300/0,v1:172.21.15.57:6789/0] conn(0x7ff004139ef0 0x7ff004067700 unknown :-1 s=NONE pgs=0 cs=0 l=1 rev1=0 crypto rx=0 tx=0 comp rx=0 tx=0).connect ,
2021-09-07T02:23:51.100+0000 7ff00359e700 20 Event(0x7ff0040b0ea0 nevent=5000 time_id=2).wakeup ,
2021-09-07T02:23:51.100+0000 7ff00259c700 10 -- >> [v2:172.21.15.12:3301/0,v1:172.21.15.12:6790/0] conn(0x7ff0040acc70 msgr2=0x7ff0040a5a10 unknown :-1 s=STATE_CONNECTING_RE l=1).process connect successfully, ready to send banner Ignoring malparsed backtrace:
2021-09-07T02:23:51.100+0000 7ff00259c700 20 --2- 172.21.15.12:0/1854947391 >> [v2:172.21.15.12:3301/0,v1:172.21.15.12:6790/0] conn(0x7ff0040acc70 0x7ff0040a5a10 unknown :-1 s=AUTH_CONNECTING pgs=0 cs=0 l=1 rev1=1 crypto rx=0 tx=0 comp rx=0 tx=0).read_frame_segment seg_idx=0 ,
2021-09-07T02:23:51.100+0000 7ff001d9b700 20 --2- 172.21.15.12:0/1854947391 >> [v2:172.21.15.12:3300/0,v1:172.21.15.12:6789/0] conn(0x7ff004136b00 0x7ff00412c8b0 unknown :-1 s=AUTH_CONNECTING pgs=0 cs=0 l=1 rev1=1 crypto rx=0 tx=0 comp rx=0 tx=0).handle_read_frame_segment r=0 ,
2021-09-07T02:23:51.100+0000 7ff00259c700 20 -- 172.21.15.12:0/1854947391 >> [v2:172.21.15.12:3301/0,v1:172.21.15.12:6790/0] conn(0x7ff0040acc70 msgr2=0x7ff0040a5a10 unknown :-1 s=STATE_CONNECTION_ESTABLISHED l=1).read start len=17 Ignoring malparsed backtrace:
2021-09-07T02:23:51.100+0000 7ff00259c700 10 --2- 172.21.15.12:0/1854947391 >> [v2:172.21.15.12:3301/0,v1:172.21.15.12:6790/0] conn(0x7ff0040acc70 0x7ff0040a5a10 secure :-1 s=AUTH_CONNECTING_SIGN pgs=0 cs=0 l=1 rev1=1 crypto rx=0x7feff4058000 tx=0x7feff405b000 comp rx=0 tx=0).handle_read_frame_dispatch tag=7 ,
2021-09-07T02:23:51.100+0000 7ff00259c700 20 --2- 172.21.15.12:0/1854947391 >> [v2:172.21.15.12:3301/0,v1:172.21.15.12:6790/0] conn(0x7ff0040acc70 0x7ff0040a5a10 secure :-1 s=AUTH_CONNECTING_SIGN pgs=0 cs=0 l=1 rev1=1 crypto rx=0x7feff4058000 tx=0x7feff405b000 comp rx=0 tx=0).handle_auth_signature payload.length()=32 ,
2021-09-07T02:23:51.100+0000 7ff00259c700 20 --2- 172.21.15.12:0/1854947391 >> [v2:172.21.15.12:3301/0,v1:172.21.15.12:6790/0] conn(0x7ff0040acc70 0x7ff0040a5a10 secure :-1 s=AUTH_CONNECTING_SIGN pgs=0 cs=0 l=1 rev1=1 crypto rx=0x7feff4058000 tx=0x7feff405b000 comp rx=0 tx=0).handle_auth_signature pre-auth signature success sig_frame.signature()=cbff3709f7b57765ff4d868b6d0a2f12299dbf14bd449748981deab495c07b14 Ignoring malparsed backtrace:
2021-09-07T02:23:51.101+0000 7ff00259c700 20 -- 172.21.15.12:0/1854947391 >> [v2:172.21.15.12:3301/0,v1:172.21.15.12:6790/0] conn(0x7ff0040acc70 msgr2=0x7ff0040a5a10 secure :-1 s=STATE_CONNECTION_ESTABLISHED l=1).read start len=96 ,
2021-09-07T02:23:51.101+0000 7feff27fc700 10 -- 172.21.15.12:0/1854947391 dispatch_throttle_release 4 to dispatch throttler 4/104857600 ,
2021-09-07T02:23:51.101+0000 7ff00259c700 20 --2- 172.21.15.12:0/1854947391 >> [v2:172.21.15.12:3301/0,v1:172.21.15.12:6790/0] conn(0x7ff0040acc70 0x7ff0040a5a10 secure :-1 s=READY pgs=389 cs=0 l=1 rev1=1 crypto rx=0x7feff4058000 tx=0x7feff405b000 comp rx=0 tx=0).handle_read_frame_preamble_main r=0 Ignoring malparsed backtrace:
2021-09-07T02:23:51.103+0000 7ff00259c700 20 --2- 172.21.15.12:0/1854947391 >> [v2:172.21.15.12:3301/0,v1:172.21.15.12:6790/0] conn(0x7ff0040acc70 0x7ff0040a5a10 secure :-1 s=READY pgs=389 cs=0 l=1 rev1=1 crypto rx=0x7feff4058000 tx=0x7feff405b000 comp rx=0 tx=0).write_message sending m=0x7ff004063070 seq=5 src=client.5132 off=0 ,
2021-09-07T02:23:51.103+0000 7ff00259c700 10 -- 172.21.15.12:0/1854947391 >> [v2:172.21.15.12:3301/0,v1:172.21.15.12:6790/0] conn(0x7ff0040acc70 msgr2=0x7ff0040a5a10 secure :-1 s=STATE_CONNECTION_ESTABLISHED l=1)._try_send sent bytes 208 remaining bytes 0 ,
2021-09-07T02:23:51.103+0000 7ff00259c700 10 --2- 172.21.15.12:0/1854947391 >> [v2:172.21.15.12:3301/0,v1:172.21.15.12:6790/0] conn(0x7ff0040acc70 0x7ff0040a5a10 secure :-1 s=READY pgs=389 cs=0 l=1 rev1=1 crypto rx=0x7feff4058000 tx=0x7feff405b000 comp rx=0 tx=0).write_message sending 0x7ff004063070 done. Ignoring malparsed backtrace:
2021-09-07T02:23:51.104+0000 7ff001d9b700 20 --2- 172.21.15.12:0/1854947391 >> v2:172.21.15.12:6800/31803 conn(0x7fefe005fea0 0x7fefe00623b0 secure :-1 s=SESSION_CONNECTING pgs=0 cs=0 l=1 rev1=1 crypto rx=0x7fefec007630 tx=0x7fefec007ce0 comp rx=0 tx=0).handle_read_frame_segment r=0 ,
2021-09-07T02:23:51.104+0000 7ff001d9b700 10 --2- 172.21.15.12:0/1854947391 >> v2:172.21.15.12:6800/31803 conn(0x7fefe005fea0 0x7fefe00623b0 secure :-1 s=SESSION_CONNECTING pgs=0 cs=0 l=1 rev1=1 crypto rx=0x7fefec007630 tx=0x7fefec007ce0 comp rx=0 tx=0).handle_read_frame_dispatch tag=9 ,
2021-09-07T02:23:51.104+0000 7ff001d9b700 20 --2- 172.21.15.12:0/1854947391 >> v2:172.21.15.12:6800/31803 conn(0x7fefe005fea0 0x7fefe00623b0 secure :-1 s=SESSION_CONNECTING pgs=0 cs=0 l=1 rev1=1 crypto rx=0x7fefec007630 tx=0x7fefec007ce0 comp rx=0 tx=0).handle_server_ident payload.length()=88 Ignoring malparsed backtrace:
2021-09-07T02:23:51.280+0000 7ff00359e700 1 --2- 172.21.15.12:0/1854947391 >> v2:172.21.15.12:6800/31803 conn(0x7fefe005fea0 0x7fefe00623b0 unknown :-1 s=CLOSED pgs=267 cs=0 l=1 rev1=1 crypto rx=0 tx=0 comp rx=0 tx=0).stop ,
2021-09-07T02:23:51.280+0000 7ff00359e700 5 -- 172.21.15.12:0/1854947391 shutdown_connections mark down [v2:172.21.15.57:3300/0,v1:172.21.15.57:6789/0] 0x7ff004139ef0 ,
2021-09-07T02:23:51.280+0000 7ff00359e700 1 --2- 172.21.15.12:0/1854947391 >> [v2:172.21.15.57:3300/0,v1:172.21.15.57:6789/0] conn(0x7ff004139ef0 0x7ff004067700 unknown :-1 s=CLOSED pgs=0 cs=0 l=1 rev1=1 crypto rx=0 tx=0 comp rx=0 tx=0).stop Ignoring malparsed backtrace:
2021-09-07T02:23:51.640+0000 7f6fa1242700 20 Event(0x7f6f9c065fe0 nevent=5000 time_id=2).create_file_event create event started fd=14 mask=1 original mask is 0 ,
2021-09-07T02:23:51.640+0000 7f6fa1a43700 20 Event(0x7f6f9c0645c0 nevent=5000 time_id=2).create_file_event create event started fd=13 mask=1 original mask is 0 ,
2021-09-07T02:23:51.640+0000 7f6fa2244700 10 -- >> v1:172.21.15.57:6789/0 conn(0x7f6f9c0a1dd0 legacy=0x7f6f9c138c00 unknown :-1 s=STATE_CONNECTING_RE l=0).handle_write Ignoring malparsed backtrace:
2021-09-07T02:23:51.640+0000 7f6fa2244700 20 --1- 172.21.15.12:0/496693044 >> v1:172.21.15.57:6789/0 conn(0x7f6f9c0a1dd0 0x7f6f9c138c00 :-1 s=CONNECTING_SEND_CONNECT_MSG pgs=0 cs=0 l=0).handle_connect_message_write r=0 ,
2021-09-07T02:23:51.640+0000 7f6fa1a43700 20 -- 172.21.15.12:0/496693044 >> [v2:172.21.15.12:3301/0,v1:172.21.15.12:6790/0] conn(0x7f6f9c06d1b0 msgr2=0x7f6f9c0a2d40 unknown :-1 s=STATE_CONNECTION_ESTABLISHED l=0).read start len=32 ,
2021-09-07T02:23:51.640+0000 7f6fa2244700 20 --1- 172.21.15.12:0/496693044 >> v1:172.21.15.57:6789/0 conn(0x7f6f9c0a1dd0 0x7f6f9c138c00 :-1 s=CONNECTING_SEND_CONNECT_MSG pgs=0 cs=0 l=0).handle_connect_message_write connect wrote (self +) cseq, waiting for reply Ignoring malparsed backtrace:
2021-09-07T02:23:51.641+0000 7f6fa1242700 20 -- 172.21.15.12:0/496693044 >> v2:172.21.15.12:3300/0 conn(0x7f6f9c0a0820 msgr2=0x7f6f9c0a1890 secure :-1 s=STATE_CONNECTION_ESTABLISHED l=0).read start len=96 ,
2021-09-07T02:23:51.641+0000 7f6fa1242700 20 -- 172.21.15.12:0/496693044 >> v2:172.21.15.12:3300/0 conn(0x7f6f9c0a0820 msgr2=0x7f6f9c0a1890 secure :-1 s=STATE_CONNECTION_ESTABLISHED l=0).process ,
2021-09-07T02:23:51.641+0000 7f6fa1242700 20 -- 172.21.15.12:0/496693044 >> v2:172.21.15.12:3300/0 conn(0x7f6f9c0a0820 msgr2=0x7f6f9c0a1890 secure :-1 s=STATE_CONNECTION_ESTABLISHED l=0).read continue len=96 Ignoring malparsed backtrace:
2021-09-07T02:23:51.641+0000 7f6fa1242700 20 --2- 172.21.15.12:0/496693044 >> [v2:172.21.15.12:3300/0,v1:172.21.15.12:6789/0] conn(0x7f6f9c0a0820 0x7f6f9c0a1890 secure :-1 s=THROTTLE_DONE pgs=591 cs=0 l=1 rev1=1 crypto rx=0x7f6f900075d0 tx=0x7f6f90009b80 comp rx=0 tx=0).handle_read_frame_epilogue_main r=0 ,
2021-09-07T02:23:51.641+0000 7f6fa1242700 10 --2- 172.21.15.12:0/496693044 >> [v2:172.21.15.12:3300/0,v1:172.21.15.12:6789/0] conn(0x7f6f9c0a0820 0x7f6f9c0a1890 secure :-1 s=THROTTLE_DONE pgs=591 cs=0 l=1 rev1=1 crypto rx=0x7f6f900075d0 tx=0x7f6f90009b80 comp rx=0 tx=0).handle_read_frame_dispatch tag=17 ,
2021-09-07T02:23:51.641+0000 7f6fa1242700 20 --2- 172.21.15.12:0/496693044 >> [v2:172.21.15.12:3300/0,v1:172.21.15.12:6789/0] conn(0x7f6f9c0a0820 0x7f6f9c0a1890 secure :-1 s=THROTTLE_DONE pgs=591 cs=0 l=1 rev1=1 crypto rx=0x7f6f900075d0 tx=0x7f6f90009b80 comp rx=0 tx=0).handle_message Ignoring malparsed backtrace:
2021-09-07T02:23:51.644+0000 7f6fa1242700 10 -- >> [v2:172.21.15.12:3301/0,v1:172.21.15.12:6790/0] conn(0x7f6f9c0a0820 msgr2=0x7f6f9c133d30 unknown :-1 s=STATE_CONNECTING_RE l=1).process connect successfully, ready to send banner ,
2021-09-07T02:23:51.644+0000 7f6fa3ca7700 15 --2- >> [v2:172.21.15.57:3300/0,v1:172.21.15.57:6789/0] conn(0x7f6f9c06d1b0 0x7f6f9c06a050 unknown :-1 s=START_CONNECT pgs=0 cs=0 l=1 rev1=0 crypto rx=0 tx=0 comp rx=0 tx=0).send_message inline write is denied, reschedule m=0x7f6f9c06a590 ,
2021-09-07T02:23:51.645+0000 7f6fa3ca7700 1 -- --> [v2:172.21.15.12:3301/0,v1:172.21.15.12:6790/0] -- mon_getmap magic: 0 v1 -- 0x7f6f9c134270 con 0x7f6f9c0a0820 Ignoring malparsed backtrace:
2021-09-07T02:23:51.645+0000 7f6fa1a43700 20 -- 172.21.15.12:0/498201769 >> [v2:172.21.15.57:3300/0,v1:172.21.15.57:6789/0] conn(0x7f6f9c06d1b0 msgr2=0x7f6f9c06a050 unknown :-1 s=STATE_CONNECTION_ESTABLISHED l=1).read continue len=32 ,
2021-09-07T02:23:51.645+0000 7f6fa1242700 20 -- 172.21.15.12:0/498201769 >> [v2:172.21.15.12:3301/0,v1:172.21.15.12:6790/0] conn(0x7f6f9c0a0820 msgr2=0x7f6f9c133d30 unknown :-1 s=STATE_CONNECTION_ESTABLISHED l=1).read start len=32 ,
2021-09-07T02:23:51.645+0000 7f6fa2244700 10 --2- 172.21.15.12:0/498201769 >> [v2:172.21.15.12:3300/0,v1:172.21.15.12:6789/0] conn(0x7f6f9c0a1dd0 0x7f6f9c131150 unknown :-1 s=AUTH_CONNECTING pgs=0 cs=0 l=1 rev1=1 crypto rx=0 tx=0 comp rx=0 tx=0).handle_read_frame_dispatch tag=4 Ignoring malparsed backtrace:
2021-09-07T02:23:51.645+0000 7f6fa2244700 10 -- 172.21.15.12:0/498201769 >> [v2:172.21.15.12:3300/0,v1:172.21.15.12:6789/0] conn(0x7f6f9c0a1dd0 msgr2=0x7f6f9c131150 secure :-1 s=STATE_CONNECTION_ESTABLISHED l=1)._try_send sent bytes 192 remaining bytes 0 ,
2021-09-07T02:23:51.645+0000 7f6fa2244700 20 --2- 172.21.15.12:0/498201769 >> [v2:172.21.15.12:3300/0,v1:172.21.15.12:6789/0] conn(0x7f6f9c0a1dd0 0x7f6f9c131150 secure :-1 s=SESSION_CONNECTING pgs=0 cs=0 l=1 rev1=1 crypto rx=0x7f6f8c00c1e0 tx=0x7f6f8c007af0 comp rx=0 tx=0).read_frame ,
2021-09-07T02:23:51.645+0000 7f6fa2244700 20 -- 172.21.15.12:0/498201769 >> [v2:172.21.15.12:3300/0,v1:172.21.15.12:6789/0] conn(0x7f6f9c0a1dd0 msgr2=0x7f6f9c131150 secure :-1 s=STATE_CONNECTION_ESTABLISHED l=1).read start len=96 Ignoring malparsed backtrace:
2021-09-07T02:23:51.646+0000 7f6fa2244700 10 -- 172.21.15.12:0/498201769 >> [v2:172.21.15.12:3300/0,v1:172.21.15.12:6789/0] conn(0x7f6f9c0a1dd0 msgr2=0x7f6f9c131150 secure :-1 s=STATE_CONNECTION_ESTABLISHED l=1).handle_write ,
2021-09-07T02:23:51.646+0000 7f6fa2244700 10 --2- 172.21.15.12:0/498201769 >> [v2:172.21.15.12:3300/0,v1:172.21.15.12:6789/0] conn(0x7f6f9c0a1dd0 0x7f6f9c131150 secure :-1 s=READY pgs=592 cs=0 l=1 rev1=1 crypto rx=0x7f6f8c00c1e0 tx=0x7f6f8c007af0 comp rx=0 tx=0).write_event ,
2021-09-07T02:23:51.646+0000 7f6fa2244700 20 --2- 172.21.15.12:0/498201769 >> [v2:172.21.15.12:3300/0,v1:172.21.15.12:6789/0] conn(0x7f6f9c0a1dd0 0x7f6f9c131150 secure :-1 s=READY pgs=592 cs=0 l=1 rev1=1 crypto rx=0x7f6f8c00c1e0 tx=0x7f6f8c007af0 comp rx=0 tx=0).prepare_send_message m=mon_subscribe({mgrmap=0+}) v3 Ignoring malparsed backtrace:
2021-09-07T02:23:51.649+0000 7f6fa1a43700 20 -- 172.21.15.12:0/498201769 >> v2:172.21.15.12:6800/31803 conn(0x7f6f7c05fea0 msgr2=0x7f6f7c0623b0 unknown :-1 s=STATE_CONNECTION_ESTABLISHED l=1).read start len=10 ,
2021-09-07T02:23:51.649+0000 7f6fa1a43700 20 -- 172.21.15.12:0/498201769 >> v2:172.21.15.12:6800/31803 conn(0x7f6f7c05fea0 msgr2=0x7f6f7c0623b0 unknown :-1 s=STATE_CONNECTION_ESTABLISHED l=1).process ,
2021-09-07T02:23:51.649+0000 7f6fa1a43700 20 -- 172.21.15.12:0/498201769 >> v2:172.21.15.12:6800/31803 conn(0x7f6f7c05fea0 msgr2=0x7f6f7c0623b0 unknown :-1 s=STATE_CONNECTION_ESTABLISHED l=1).read continue len=10 Ignoring malparsed backtrace:
2021-09-07T02:23:51.652+0000 7f6fa2244700 20 --2- 172.21.15.12:0/498201769 >> [v2:172.21.15.12:3300/0,v1:172.21.15.12:6789/0] conn(0x7f6f9c0a1dd0 0x7f6f9c131150 secure :-1 s=THROTTLE_DONE pgs=592 cs=0 l=1 rev1=1 crypto rx=0x7f6f8c00c1e0 tx=0x7f6f8c007af0 comp rx=0 tx=0).read_frame_segment seg_idx=3 ,
2021-09-07T02:23:51.652+0000 7f6fa2244700 20 -- 172.21.15.12:0/498201769 >> [v2:172.21.15.12:3300/0,v1:172.21.15.12:6789/0] conn(0x7f6f9c0a1dd0 msgr2=0x7f6f9c131150 secure :-1 s=STATE_CONNECTION_ESTABLISHED l=1).read start len=153952 ,
2021-09-07T02:23:51.652+0000 7f6fa2244700 20 --2- 172.21.15.12:0/498201769 >> [v2:172.21.15.12:3300/0,v1:172.21.15.12:6789/0] conn(0x7f6f9c0a1dd0 0x7f6f9c131150 secure :-1 s=THROTTLE_DONE pgs=592 cs=0 l=1 rev1=1 crypto rx=0x7f6f8c00c1e0 tx=0x7f6f8c007af0 comp rx=0 tx=0).handle_read_frame_segment r=0 Ignoring malparsed backtrace:
2021-09-07T02:23:51.824+0000 7f6fa2244700 5 --1- 172.21.15.12:0/498201769 >> 172.21.15.12:0/498201769 conn(0x7f6f9c0abda0 0x7f6f9c06c8e0 :-1 s=CLOSED pgs=0 cs=0 l=0).reset_recv_state (warped) reseting security handlers ,
2021-09-07T02:23:51.824+0000 7f6fa3ca7700 20 Event(0x7f6f9c065fe0 nevent=5000 time_id=4).wakeup ,
2021-09-07T02:23:51.824+0000 7f6fa2244700 5 --1- 172.21.15.12:0/498201769 >> 172.21.15.12:0/498201769 conn(0x7f6f9c0abda0 0x7f6f9c06c8e0 :-1 s=CLOSED pgs=0 cs=0 l=0).reset_security Ignoring malparsed backtrace:
2021-09-07T02:23:52.186+0000 7ff6a0ec5700 20 -- >> v2:172.21.15.12:3300/0 conn(0x7ff69c136b00 msgr2=0x7ff69c136f10 unknown :-1 s=STATE_CONNECTION_ESTABLISHED l=0).process ,
2021-09-07T02:23:52.186+0000 7ff6a16c6700 20 -- >> v2:172.21.15.57:3300/0 conn(0x7ff69c0acc70 msgr2=0x7ff69c13cd40 unknown :-1 s=STATE_CONNECTING_RE l=0).process ,
2021-09-07T02:23:52.186+0000 7ff6a0ec5700 20 -- >> v2:172.21.15.12:3300/0 conn(0x7ff69c136b00 msgr2=0x7ff69c136f10 unknown :-1 s=STATE_CONNECTION_ESTABLISHED l=0).read continue len=10 Ignoring malparsed backtrace:
2021-09-07T02:23:52.186+0000 7ff6a0ec5700 1 -- 172.21.15.12:0/1029599118 >> v2:172.21.15.57:3300/0 conn(0x7ff69c0acc70 msgr2=0x7ff69c13cd40 unknown :-1 s=STATE_CONNECTION_ESTABLISHED l=0).mark_down ,
2021-09-07T02:23:52.186+0000 7ff6a0ec5700 1 --2- 172.21.15.12:0/1029599118 >> v2:172.21.15.57:3300/0 conn(0x7ff69c0acc70 0x7ff69c13cd40 unknown :-1 s=AUTH_CONNECTING pgs=0 cs=0 l=0 rev1=1 crypto rx=0 tx=0 comp rx=0 tx=0).stop ,
2021-09-07T02:23:52.186+0000 7ff6a1ec7700 20 -- 172.21.15.12:0/1029599118 >> v1:172.21.15.57:6789/0 conn(0x7ff69c1397e0 legacy=0x7ff69c139bf0 unknown :-1 s=STATE_CONNECTION_ESTABLISHED l=0).read start len=26 Ignoring malparsed backtrace:
2021-09-07T02:23:52.187+0000 7ff6a0ec5700 20 -- 172.21.15.12:0/1029599118 >> [v2:172.21.15.12:3300/0,v1:172.21.15.12:6789/0] conn(0x7ff69c136b00 msgr2=0x7ff69c136f10 secure :-1 s=STATE_CONNECTION_ESTABLISHED l=1).read start len=32 ,
2021-09-07T02:23:52.187+0000 7ff6a0ec5700 20 --2- 172.21.15.12:0/1029599118 >> [v2:172.21.15.12:3300/0,v1:172.21.15.12:6789/0] conn(0x7ff69c136b00 0x7ff69c136f10 secure :-1 s=THROTTLE_DONE pgs=593 cs=0 l=1 rev1=1 crypto rx=0x7ff69c047310 tx=0x7ff6900117e0 comp rx=0 tx=0).handle_read_frame_epilogue_main r=0 ,
2021-09-07T02:23:52.187+0000 7ff6a0ec5700 10 --2- 172.21.15.12:0/1029599118 >> [v2:172.21.15.12:3300/0,v1:172.21.15.12:6789/0] conn(0x7ff69c136b00 0x7ff69c136f10 secure :-1 s=THROTTLE_DONE pgs=593 cs=0 l=1 rev1=1 crypto rx=0x7ff69c047310 tx=0x7ff6900117e0 comp rx=0 tx=0).handle_read_frame_dispatch tag=17 Ignoring malparsed backtrace:
2021-09-07T02:23:52.189+0000 7ff6a26c8700 1 Processor -- start ,
2021-09-07T02:23:52.189+0000 7ff6a26c8700 20 Event(0x7ff69c0b0ea0 nevent=5000 time_id=2).wakeup ,
2021-09-07T02:23:52.189+0000 7ff6a26c8700 1 -- start start Ignoring malparsed backtrace:
2021-09-07T02:23:52.190+0000 7ff6a0ec5700 1 -- 172.21.15.12:0/1604937949 learned_addr learned my addr 172.21.15.12:0/1604937949 (peer_addr_for_me v2:172.21.15.12:0/0) ,
2021-09-07T02:23:52.190+0000 7ff6a16c6700 20 --2- 172.21.15.12:0/1604937949 >> [v2:172.21.15.57:3300/0,v1:172.21.15.57:6789/0] conn(0x7ff69c0acc70 0x7ff69c0671f0 unknown :-1 s=HELLO_CONNECTING pgs=0 cs=0 l=1 rev1=1 crypto rx=0 tx=0 comp rx=0 tx=0).handle_read_frame_preamble_main r=0 ,
2021-09-07T02:23:52.190+0000 7ff6a0ec5700 20 --2- 172.21.15.12:0/1604937949 >> [v2:172.21.15.12:3300/0,v1:172.21.15.12:6789/0] conn(0x7ff69c136b00 0x7ff69c0a2ac0 unknown :-1 s=HELLO_CONNECTING pgs=0 cs=0 l=1 rev1=1 crypto rx=0 tx=0 comp rx=0 tx=0).post_client_banner_exchange Ignoring malparsed backtrace:
2021-09-07T02:23:52.191+0000 7ff6a16c6700 20 -- 172.21.15.12:0/1604937949 >> [v2:172.21.15.57:3300/0,v1:172.21.15.57:6789/0] conn(0x7ff69c0acc70 msgr2=0x7ff69c0671f0 unknown :-1 s=STATE_CLOSED l=1).process ,
2021-09-07T02:23:52.191+0000 7ff6a16c6700 20 -- 172.21.15.12:0/1604937949 >> [v2:172.21.15.57:3300/0,v1:172.21.15.57:6789/0] conn(0x7ff69c0acc70 msgr2=0x7ff69c0671f0 unknown :-1 s=STATE_CLOSED l=1).process socket closed ,
2021-09-07T02:23:52.191+0000 7ff6a16c6700 20 EpollDriver.del_event del event fd=16 cur_mask=1 delmask=3 to 7 Ignoring malparsed backtrace:
2021-09-07T02:23:52.191+0000 7ff6a26c8700 5 --2- 172.21.15.12:0/1604937949 >> [v2:172.21.15.12:3300/0,v1:172.21.15.12:6789/0] conn(0x7ff69c136b00 0x7ff69c0a2ac0 secure :-1 s=THROTTLE_DONE pgs=594 cs=0 l=1 rev1=1 crypto rx=0x7ff69c064210 tx=0x7ff69000d000 comp rx=0 tx=0).send_message enqueueing message m=0x7ff69c0a0470 type=15 mon_subscribe({mgrmap=0+}) v3 ,
2021-09-07T02:23:52.191+0000 7ff6a0ec5700 10 --2- 172.21.15.12:0/1604937949 >> [v2:172.21.15.12:3300/0,v1:172.21.15.12:6789/0] conn(0x7ff69c136b00 0x7ff69c0a2ac0 secure :-1 s=THROTTLE_DONE pgs=594 cs=0 l=1 rev1=1 crypto rx=0x7ff69c064210 tx=0x7ff69000d000 comp rx=0 tx=0).handle_read_frame_dispatch tag=17 ,
2021-09-07T02:23:52.191+0000 7ff6a26c8700 15 --2- 172.21.15.12:0/1604937949 >> [v2:172.21.15.12:3300/0,v1:172.21.15.12:6789/0] conn(0x7ff69c136b00 0x7ff69c0a2ac0 secure :-1 s=THROTTLE_DONE pgs=594 cs=0 l=1 rev1=1 crypto rx=0x7ff69c064210 tx=0x7ff69000d000 comp rx=0 tx=0).send_message inline write is denied, reschedule m=0x7ff69c0a0470 Ignoring malparsed backtrace:
2021-09-07T02:23:52.193+0000 7ff6a0ec5700 10 -- 172.21.15.12:0/1604937949 >> [v2:172.21.15.12:3300/0,v1:172.21.15.12:6789/0] conn(0x7ff69c136b00 msgr2=0x7ff69c0a2ac0 secure :-1 s=STATE_CONNECTION_ESTABLISHED l=1).handle_write ,
2021-09-07T02:23:52.193+0000 7ff6a0ec5700 10 --2- 172.21.15.12:0/1604937949 >> [v2:172.21.15.12:3300/0,v1:172.21.15.12:6789/0] conn(0x7ff69c136b00 0x7ff69c0a2ac0 secure :-1 s=READY pgs=594 cs=0 l=1 rev1=1 crypto rx=0x7ff69c064210 tx=0x7ff69000d000 comp rx=0 tx=0).write_event ,
2021-09-07T02:23:52.193+0000 7ff6a0ec5700 20 --2- 172.21.15.12:0/1604937949 >> [v2:172.21.15.12:3300/0,v1:172.21.15.12:6789/0] conn(0x7ff69c136b00 0x7ff69c0a2ac0 secure :-1 s=READY pgs=594 cs=0 l=1 rev1=1 crypto rx=0x7ff69c064210 tx=0x7ff69000d000 comp rx=0 tx=0).prepare_send_message m=mon_command({"prefix": "get_command_descriptions"} v 0) v1 Ignoring malparsed backtrace:
2021-09-07T02:23:52.194+0000 7ff6a16c6700 15 authenticated_encrypt_update plaintext.length()=80 buffer.length()=80 ,
2021-09-07T02:23:52.194+0000 7ff6a16c6700 15 authenticated_encrypt_final buffer.length()=96 final_len=0 ,
2021-09-07T02:23:52.194+0000 7ff6a16c6700 15 authenticated_encrypt_update plaintext.length()=80 buffer.length()=80 Ignoring malparsed backtrace:
2021-09-07T02:23:52.372+0000 7ff6a16c6700 5 --2- 172.21.15.12:0/1604937949 >> v2:172.21.15.12:6800/31803 conn(0x7ff67c05fea0 0x7ff67c0623b0 secure :-1 s=CLOSED pgs=269 cs=0 l=1 rev1=1 crypto rx=0x7ff69c066f90 tx=0x7ff68c008040 comp rx=0 tx=0).reset_recv_state (warped) reseting crypto and compression handlers ,
2021-09-07T02:23:52.372+0000 7ff6a16c6700 5 --2- 172.21.15.12:0/1604937949 >> v2:172.21.15.12:6800/31803 conn(0x7ff67c05fea0 0x7ff67c0623b0 secure :-1 s=CLOSED pgs=269 cs=0 l=1 rev1=1 crypto rx=0x7ff69c066f90 tx=0x7ff68c008040 comp rx=0 tx=0).reset_security ,
2021-09-07T02:23:52.372+0000 7ff6a0ec5700 5 --2- 172.21.15.12:0/1604937949 >> [v2:172.21.15.12:3300/0,v1:172.21.15.12:6789/0] conn(0x7ff69c136b00 0x7ff69c0a2ac0 secure :-1 s=CLOSED pgs=594 cs=0 l=1 rev1=1 crypto rx=0x7ff69c064210 tx=0x7ff69000d000 comp rx=0 tx=0).reset_recv_state (warped) reseting crypto and compression handlers Ignoring malparsed backtrace:
2021-09-07T02:23:53.719+0000 7f18b5f22700 20 Event(0x7f18b0060d00 nevent=5000 time_id=2).create_file_event create event started fd=13 mask=2 original mask is 1 ,
2021-09-07T02:23:53.719+0000 7f18b5f22700 20 EpollDriver.add_event add event fd=13 cur_mask=1 add_mask=2 to 7 ,
2021-09-07T02:23:53.719+0000 7f18b5f22700 20 Event(0x7f18b0060d00 nevent=5000 time_id=2).create_file_event create event end fd=13 mask=2 current mask is 3 Ignoring malparsed backtrace:
2021-09-07T02:23:53.720+0000 7f18b5f22700 20 -- 172.21.15.12:0/709804787 >> v2:172.21.15.57:3300/0 conn(0x7f18b00a79d0 msgr2=0x7f18b00697d0 unknown :-1 s=STATE_CONNECTION_ESTABLISHED l=0).process ,
2021-09-07T02:23:53.720+0000 7f18b5f22700 20 -- 172.21.15.12:0/709804787 >> v2:172.21.15.57:3300/0 conn(0x7f18b00a79d0 msgr2=0x7f18b00697d0 unknown :-1 s=STATE_CONNECTION_ESTABLISHED l=0).read continue len=10 ,
2021-09-07T02:23:53.720+0000 7f18b6723700 20 --1- 172.21.15.12:0/709804787 >> v1:172.21.15.12:6789/0 conn(0x7f18b00a9500 0x7f18b0063320 :-1 s=OPENED pgs=595 cs=1 l=1).wait_message Ignoring malparsed backtrace:
2021-09-07T02:23:53.720+0000 7f18b4f20700 1 -- 172.21.15.12:0/709804787 <== mon.0 v1:172.21.15.12:6789/0 1 ==== auth_reply(proto 2 0 (0) Success) v1 ==== 33+0+0 (unknown 4166397847 0 0) 0x7f18b0069e30 con 0x7f18b00a9500 ,
2021-09-07T02:23:53.720+0000 7f18b5f22700 10 -- 172.21.15.12:0/709804787 >> v2:172.21.15.57:3300/0 conn(0x7f18b00a79d0 msgr2=0x7f18b00697d0 unknown :-1 s=STATE_CONNECTION_ESTABLISHED l=0)._try_send sent bytes 76 remaining bytes 0 ,
2021-09-07T02:23:53.720+0000 7f18b5721700 1 -- 172.21.15.12:0/709804787 >> v2:172.21.15.57:3300/0 conn(0x7f18b00a79d0 msgr2=0x7f18b00697d0 unknown :-1 s=STATE_CONNECTION_ESTABLISHED l=0).mark_down Ignoring malparsed backtrace:
2021-09-07T02:23:53.721+0000 7f18b5721700 20 --2- 172.21.15.12:0/709804787 >> [v2:172.21.15.12:3301/0,v1:172.21.15.12:6790/0] conn(0x7f18b006a830 0x7f18b00a8fc0 secure :-1 s=THROTTLE_DONE pgs=390 cs=0 l=1 rev1=1 crypto rx=0x7f189c006fd0 tx=0x7f189c006eb0 comp rx=0 tx=0).read_frame_segment seg_idx=1 ,
2021-09-07T02:23:53.721+0000 7f18b5721700 20 -- 172.21.15.12:0/709804787 >> [v2:172.21.15.12:3301/0,v1:172.21.15.12:6790/0] conn(0x7f18b006a830 msgr2=0x7f18b00a8fc0 secure :-1 s=STATE_CONNECTION_ESTABLISHED l=1).read start len=416 ,
2021-09-07T02:23:53.721+0000 7f18b5721700 20 --2- 172.21.15.12:0/709804787 >> [v2:172.21.15.12:3301/0,v1:172.21.15.12:6790/0] conn(0x7f18b006a830 0x7f18b00a8fc0 secure :-1 s=THROTTLE_DONE pgs=390 cs=0 l=1 rev1=1 crypto rx=0x7f189c006fd0 tx=0x7f189c006eb0 comp rx=0 tx=0).handle_read_frame_segment r=0 Ignoring malparsed backtrace:
2021-09-07T02:23:53.723+0000 7f18b8186700 20 CompressorRegistry(0x7f18b00a4280) _parse_method_list snappy zlib zstd lz4 -> [1,2,3,4] ,
2021-09-07T02:23:53.723+0000 7f18b8186700 10 CompressorRegistry(0x7f18b00a4280) _refresh_config ms_osd_compression_mode 0 ms_osd_compression_methods [1,2,3,4] ms_osd_compress_above_min_size 1024 ms_compress_secure 0 ,
2021-09-07T02:23:53.723+0000 7f18b8186700 10 -- ready Ignoring malparsed backtrace:
2021-09-07T02:23:53.724+0000 7f18b5721700 20 -- 172.21.15.12:0/570159676 >> [v2:172.21.15.57:3300/0,v1:172.21.15.57:6789/0] conn(0x7f18b00a79d0 msgr2=0x7f18b0076130 unknown :-1 s=STATE_CONNECTION_ESTABLISHED l=1).read start len=16 ,
2021-09-07T02:23:53.724+0000 7f18b5721700 20 --2- 172.21.15.12:0/570159676 >> [v2:172.21.15.57:3300/0,v1:172.21.15.57:6789/0] conn(0x7f18b00a79d0 0x7f18b0076130 unknown :-1 s=BANNER_CONNECTING pgs=0 cs=0 l=1 rev1=0 crypto rx=0 tx=0 comp rx=0 tx=0)._handle_peer_banner_payload r=0 ,
2021-09-07T02:23:53.724+0000 7f18b5721700 1 --2- 172.21.15.12:0/570159676 >> [v2:172.21.15.57:3300/0,v1:172.21.15.57:6789/0] conn(0x7f18b00a79d0 0x7f18b0076130 unknown :-1 s=BANNER_CONNECTING pgs=0 cs=0 l=1 rev1=0 crypto rx=0 tx=0 comp rx=0 tx=0)._handle_peer_banner_payload supported=3 required=0 Ignoring malparsed backtrace:
2021-09-07T02:23:53.725+0000 7f18b5f22700 1 -- 172.21.15.12:0/570159676 --> [v2:172.21.15.12:3301/0,v1:172.21.15.12:6790/0] -- mon_subscribe({config=0+,monmap=0+}) v3 -- 0x7f189c01c1f0 con 0x7f18b006a830 ,
2021-09-07T02:23:53.725+0000 7f18b5721700 20 -- 172.21.15.12:0/570159676 >> [v2:172.21.15.57:3300/0,v1:172.21.15.57:6789/0] conn(0x7f18b00a79d0 msgr2=0x7f18b0076130 unknown :-1 s=STATE_CLOSED l=1).process socket closed ,
2021-09-07T02:23:53.725+0000 7f18b5f22700 5 --2- 172.21.15.12:0/570159676 >> [v2:172.21.15.12:3301/0,v1:172.21.15.12:6790/0] conn(0x7f18b006a830 0x7f18b0132cc0 unknown :-1 s=AUTH_CONNECTING pgs=0 cs=0 l=1 rev1=1 crypto rx=0 tx=0 comp rx=0 tx=0).send_message enqueueing message m=0x7f189c01c1f0 type=15 mon_subscribe({config=0+,monmap=0+}) v3 Ignoring malparsed backtrace:
2021-09-07T02:23:53.725+0000 7f18a1ffb700 1 -- 172.21.15.12:0/570159676 <== mon.2 v2:172.21.15.12:3301/0 1 ==== mon_map magic: 0 v1 ==== 413+0+0 (secure 0 0 0) 0x7f18ac02b5b0 con 0x7f18b006a830 ,
2021-09-07T02:23:53.725+0000 7f18b5f22700 20 -- 172.21.15.12:0/570159676 >> [v2:172.21.15.12:3301/0,v1:172.21.15.12:6790/0] conn(0x7f18b006a830 msgr2=0x7f18b0132cc0 secure :-1 s=STATE_CONNECTION_ESTABLISHED l=1).read start len=32 ,
2021-09-07T02:23:53.725+0000 7f18b5f22700 20 --2- 172.21.15.12:0/570159676 >> [v2:172.21.15.12:3301/0,v1:172.21.15.12:6790/0] conn(0x7f18b006a830 0x7f18b0132cc0 secure :-1 s=THROTTLE_DONE pgs=391 cs=0 l=1 rev1=1 crypto rx=0x7f18ac0529f0 tx=0x7f18ac02b2c0 comp rx=0 tx=0).handle_read_frame_epilogue_main r=0 Ignoring malparsed backtrace:
2021-09-07T02:23:53.728+0000 7f18b5f22700 20 -- 172.21.15.12:0/570159676 >> [v2:172.21.15.12:3301/0,v1:172.21.15.12:6790/0] conn(0x7f18b006a830 msgr2=0x7f18b0132cc0 secure :-1 s=STATE_CONNECTION_ESTABLISHED l=1).read start len=96 ,
2021-09-07T02:23:53.728+0000 7f18a1ffb700 1 -- 172.21.15.12:0/570159676 <== mon.2 v2:172.21.15.12:3301/0 4 ==== mgrmap(e 5) v1 ==== 77765+0+0 (secure 0 0 0) 0x7f18ac065070 con 0x7f18b006a830 ,
2021-09-07T02:23:53.728+0000 7f18b5f22700 20 --2- 172.21.15.12:0/570159676 >> [v2:172.21.15.12:3301/0,v1:172.21.15.12:6790/0] conn(0x7f18b006a830 0x7f18b0132cc0 secure :-1 s=READY pgs=391 cs=0 l=1 rev1=1 crypto rx=0x7f18ac0529f0 tx=0x7f18ac02b2c0 comp rx=0 tx=0).handle_read_frame_preamble_main r=0 Ignoring malparsed backtrace:
2021-09-07T02:23:53.728+0000 7f18b6723700 10 -- 172.21.15.12:0/570159676 >> v2:172.21.15.12:6801/32018 conn(0x7f1890066670 msgr2=0x7f1890068ae0 unknown :-1 s=STATE_CONNECTION_ESTABLISHED l=1)._try_send sent bytes 26 remaining bytes 0 ,
2021-09-07T02:23:53.728+0000 7f18b6723700 20 -- 172.21.15.12:0/570159676 >> v2:172.21.15.12:6801/32018 conn(0x7f1890066670 msgr2=0x7f1890068ae0 unknown :-1 s=STATE_CONNECTION_ESTABLISHED l=1).read start len=10 ,
2021-09-07T02:23:53.728+0000 7f18b5721700 20 -- 172.21.15.12:0/570159676 >> v2:172.21.15.12:6800/31803 conn(0x7f189005fea0 msgr2=0x7f18900623b0 unknown :-1 s=STATE_CONNECTION_ESTABLISHED l=1).process Ignoring malparsed backtrace:
2021-09-07T02:23:53.730+0000 7f18b6723700 20 -- 172.21.15.12:0/570159676 >> v2:172.21.15.12:6801/32018 conn(0x7f1890066670 msgr2=0x7f1890068ae0 unknown :-1 s=STATE_CONNECTION_ESTABLISHED l=1).read start len=32 ,
2021-09-07T02:23:53.730+0000 7f18b6723700 20 -- 172.21.15.12:0/570159676 >> v2:172.21.15.12:6801/32018 conn(0x7f1890066670 msgr2=0x7f1890068ae0 unknown :-1 s=STATE_CONNECTION_ESTABLISHED l=1).process ,
2021-09-07T02:23:53.730+0000 7f18b6723700 20 -- 172.21.15.12:0/570159676 >> v2:172.21.15.12:6801/32018 conn(0x7f1890066670 msgr2=0x7f1890068ae0 unknown :-1 s=STATE_CONNECTION_ESTABLISHED l=1).read continue len=32 Ignoring malparsed backtrace:
2021-09-07T02:23:53.736+0000 7f18b6723700 20 -- 172.21.15.12:0/570159676 >> v2:172.21.15.12:6801/32018 conn(0x7f1890066670 msgr2=0x7f1890068ae0 crc :-1 s=STATE_CONNECTION_ESTABLISHED l=1).read start len=22 ,
2021-09-07T02:23:53.736+0000 7f18b6723700 20 --2- 172.21.15.12:0/570159676 >> v2:172.21.15.12:6801/32018 conn(0x7f1890066670 0x7f1890068ae0 crc :-1 s=THROTTLE_DONE pgs=89 cs=0 l=1 rev1=1 crypto rx=0 tx=0 comp rx=0 tx=0).handle_read_frame_segment r=0 ,
2021-09-07T02:23:53.736+0000 7f18b6723700 20 -- 172.21.15.12:0/570159676 >> v2:172.21.15.12:6801/32018 conn(0x7f1890066670 msgr2=0x7f1890068ae0 crc :-1 s=STATE_CONNECTION_ESTABLISHED l=1).read start len=13 Ignoring malparsed backtrace:
2021-09-07T02:23:54.283+0000 7f47bbcf4700 1 Processor -- start ,
2021-09-07T02:23:54.283+0000 7f47bbcf4700 20 Event(0x7f47b40b1080 nevent=5000 time_id=1).wakeup ,
2021-09-07T02:23:54.284+0000 7f47bbcf4700 1 -- start start Ignoring malparsed backtrace:
2021-09-07T02:23:54.285+0000 7f47b928f700 10 -- 172.21.15.12:0/2444070605 >> v1:172.21.15.12:6789/0 conn(0x7f47b413a360 legacy=0x7f47b40a8810 unknown :-1 s=STATE_CONNECTION_ESTABLISHED l=0)._try_send sent bytes 136 remaining bytes 0 ,
2021-09-07T02:23:54.285+0000 7f47b928f700 20 --1- 172.21.15.12:0/2444070605 >> v1:172.21.15.12:6789/0 conn(0x7f47b413a360 0x7f47b40a8810 :-1 s=CONNECTING_WAIT_BANNER_AND_IDENTIFY pgs=0 cs=0 l=0).handle_my_addr_write r=0 ,
2021-09-07T02:23:54.285+0000 7f47b928f700 10 --1- 172.21.15.12:0/2444070605 >> v1:172.21.15.12:6789/0 conn(0x7f47b413a360 0x7f47b40a8810 :-1 s=CONNECTING_WAIT_BANNER_AND_IDENTIFY pgs=0 cs=0 l=0).handle_my_addr_write connect sent my addr v1:172.21.15.12:0/2444070605 Ignoring malparsed backtrace:
2021-09-07T02:23:54.285+0000 7f47ba291700 20 --2- 172.21.15.12:0/2444070605 >> v2:172.21.15.57:3300/0 conn(0x7f47b40a7260 0x7f47b4136ce0 unknown :-1 s=AUTH_CONNECTING pgs=0 cs=0 l=0 rev1=1 crypto rx=0 tx=0 comp rx=0 tx=0).read_frame ,
2021-09-07T02:23:54.285+0000 7f47ba291700 20 -- 172.21.15.12:0/2444070605 >> v2:172.21.15.57:3300/0 conn(0x7f47b40a7260 msgr2=0x7f47b4136ce0 unknown :-1 s=STATE_CONNECTION_ESTABLISHED l=0).read start len=32 ,
2021-09-07T02:23:54.285+0000 7f47b928f700 20 -- 172.21.15.12:0/2444070605 >> v1:172.21.15.12:6789/0 conn(0x7f47b413a360 legacy=0x7f47b40a8810 unknown :-1 s=STATE_CONNECTION_ESTABLISHED l=1).process Ignoring malparsed backtrace:
2021-09-07T02:23:54.286+0000 7f47b9a90700 10 -- 172.21.15.12:0/2444070605 >> [v2:172.21.15.12:3300/0,v1:172.21.15.12:6789/0] conn(0x7f47b41399b0 msgr2=0x7f47b40a9df0 secure :-1 s=STATE_CONNECTION_ESTABLISHED l=1).handle_write ,
2021-09-07T02:23:54.286+0000 7f47b9a90700 10 --2- 172.21.15.12:0/2444070605 >> [v2:172.21.15.12:3300/0,v1:172.21.15.12:6789/0] conn(0x7f47b41399b0 0x7f47b40a9df0 secure :-1 s=READY pgs=597 cs=0 l=1 rev1=1 crypto rx=0x7f47b40a90b0 tx=0x7f47a4006e20 comp rx=0 tx=0).write_event ,
2021-09-07T02:23:54.286+0000 7f47b9a90700 20 --2- 172.21.15.12:0/2444070605 >> [v2:172.21.15.12:3300/0,v1:172.21.15.12:6789/0] conn(0x7f47b41399b0 0x7f47b40a9df0 secure :-1 s=READY pgs=597 cs=0 l=1 rev1=1 crypto rx=0x7f47b40a90b0 tx=0x7f47a4006e20 comp rx=0 tx=0).prepare_send_message m=mon_getmap magic: 0 v1 Ignoring malparsed backtrace:
2021-09-07T02:23:54.287+0000 7f47bbcf4700 20 --1- 172.21.15.12:0/2444070605 >> v1:172.21.15.12:6789/0 conn(0x7f47b413a360 0x7f47b40a8810 :-1 s=CLOSED pgs=596 cs=1 l=1).stop ,
2021-09-07T02:23:54.287+0000 7f47bbcf4700 5 -- 172.21.15.12:0/2444070605 shutdown_connections delete 0x7f47b40a7260 ,
2021-09-07T02:23:54.287+0000 7f47bbcf4700 5 -- 172.21.15.12:0/2444070605 shutdown_connections delete 0x7f47b41399b0 Ignoring malparsed backtrace:
2021-09-07T02:23:54.289+0000 7f47ba291700 20 -- >> [v2:172.21.15.12:3300/0,v1:172.21.15.12:6789/0] conn(0x7f47b413a360 msgr2=0x7f47b406a550 unknown :-1 s=STATE_CONNECTION_ESTABLISHED l=1).read continue len=10 ,
2021-09-07T02:23:54.289+0000 7f47ba291700 20 --2- >> [v2:172.21.15.12:3300/0,v1:172.21.15.12:6789/0] conn(0x7f47b413a360 0x7f47b406a550 unknown :-1 s=BANNER_CONNECTING pgs=0 cs=0 l=1 rev1=0 crypto rx=0 tx=0 comp rx=0 tx=0)._handle_peer_banner r=0 ,
2021-09-07T02:23:54.289+0000 7f47ba291700 20 -- >> [v2:172.21.15.12:3300/0,v1:172.21.15.12:6789/0] conn(0x7f47b413a360 msgr2=0x7f47b406a550 unknown :-1 s=STATE_CONNECTION_ESTABLISHED l=1).read start len=16 Ignoring malparsed backtrace:
2021-09-07T02:23:54.290+0000 7f47b9a90700 10 -- 172.21.15.12:0/3536425068 >> [v2:172.21.15.57:3300/0,v1:172.21.15.57:6789/0] conn(0x7f47b40a7260 msgr2=0x7f47b413cbf0 unknown :-1 s=STATE_CONNECTION_ESTABLISHED l=1)._try_send sent bytes 76 remaining bytes 0 ,
2021-09-07T02:23:54.290+0000 7f47b928f700 20 -- 172.21.15.12:0/3536425068 >> [v2:172.21.15.12:3301/0,v1:172.21.15.12:6790/0] conn(0x7f47b41399b0 msgr2=0x7f47b4069390 unknown :-1 s=STATE_CONNECTION_ESTABLISHED l=1).process ,
2021-09-07T02:23:54.290+0000 7f47b928f700 20 -- 172.21.15.12:0/3536425068 >> [v2:172.21.15.12:3301/0,v1:172.21.15.12:6790/0] conn(0x7f47b41399b0 msgr2=0x7f47b4069390 unknown :-1 s=STATE_CONNECTION_ESTABLISHED l=1).read continue len=32 Ignoring malparsed backtrace:
2021-09-07T02:23:54.290+0000 7f47b928f700 20 --2- 172.21.15.12:0/3536425068 >> [v2:172.21.15.12:3301/0,v1:172.21.15.12:6790/0] conn(0x7f47b41399b0 0x7f47b4069390 secure :-1 s=READY pgs=392 cs=0 l=1 rev1=1 crypto rx=0x7f47a800c490 tx=0x7f47a8007c50 comp rx=0 tx=0).prepare_send_message encoding features 4540138303579357183 0x7f47a400b1a0 mon_subscribe({config=0+,monmap=0+}) v3 ,
2021-09-07T02:23:54.290+0000 7f47b928f700 15 authenticated_encrypt_update plaintext.length()=80 buffer.length()=80 ,
2021-09-07T02:23:54.290+0000 7f47b928f700 15 authenticated_encrypt_final buffer.length()=96 final_len=0 Ignoring malparsed backtrace:
2021-09-07T02:23:54.291+0000 7f47b928f700 15 authenticated_encrypt_final buffer.length()=80 final_len=0 ,
2021-09-07T02:23:54.291+0000 7f47b928f700 5 --2- 172.21.15.12:0/3536425068 >> [v2:172.21.15.12:3301/0,v1:172.21.15.12:6790/0] conn(0x7f47b41399b0 0x7f47b4069390 secure :-1 s=READY pgs=392 cs=0 l=1 rev1=1 crypto rx=0x7f47a800c490 tx=0x7f47a8007c50 comp rx=0 tx=0).write_message sending message m=0x7f47b406ac50 seq=4 mon_subscribe({osdmap=0}) v3 ,
2021-09-07T02:23:54.291+0000 7f47b928f700 20 --2- 172.21.15.12:0/3536425068 >> [v2:172.21.15.12:3301/0,v1:172.21.15.12:6790/0] conn(0x7f47b41399b0 0x7f47b4069390 secure :-1 s=READY pgs=392 cs=0 l=1 rev1=1 crypto rx=0x7f47a800c490 tx=0x7f47a8007c50 comp rx=0 tx=0).write_message sending m=0x7f47b406ac50 seq=4 src=client.5150 off=0 Ignoring malparsed backtrace:
2021-09-07T02:23:54.293+0000 7f47a1ffb700 10 -- 172.21.15.12:0/3536425068 dispatch_throttle_release 4126 to dispatch throttler 4126/104857600 ,
2021-09-07T02:23:54.293+0000 7f47a1ffb700 20 -- 172.21.15.12:0/3536425068 done calling dispatch on 0x7f47a807a6e0 ,
2021-09-07T02:23:54.293+0000 7f47b9a90700 20 -- 172.21.15.12:0/3536425068 >> v2:172.21.15.12:6800/31803 conn(0x7f479405fea0 msgr2=0x7f47940623b0 unknown :-1 s=STATE_CONNECTION_ESTABLISHED l=1).process Ignoring malparsed backtrace:
2021-09-07T02:23:54.469+0000 7f47b9a90700 15 authenticated_encrypt_final buffer.length()=96 final_len=0 ,
2021-09-07T02:23:54.469+0000 7f47b9a90700 15 authenticated_encrypt_update plaintext.length()=96 buffer.length()=96 ,
2021-09-07T02:23:54.469+0000 7f47b9a90700 15 authenticated_encrypt_update plaintext.length()=16 buffer.length()=112 Ignoring malparsed backtrace:
2021-09-07T02:23:54.828+0000 7f2e58a75700 2 Event(0x7f2e5406b570 nevent=5000 time_id=1).set_owner center_id=2 owner=139837032584960 ,
2021-09-07T02:23:54.828+0000 7f2e59a77700 20 Event(0x7f2e540aee70 nevent=5000 time_id=1).create_file_event create event started fd=5 mask=1 original mask is 0 ,
2021-09-07T02:23:54.828+0000 7f2e59a77700 20 EpollDriver.add_event add event fd=5 cur_mask=0 add_mask=1 to 4 Ignoring malparsed backtrace:
2021-09-07T02:23:54.830+0000 7f2e58a75700 20 --2- >> v2:172.21.15.57:3300/0 conn(0x7f2e54066430 0x7f2e54139b20 unknown :-1 s=BANNER_CONNECTING pgs=0 cs=0 l=0 rev1=0 crypto rx=0 tx=0 comp rx=0 tx=0)._handle_peer_banner r=0 ,
2021-09-07T02:23:54.830+0000 7f2e59a77700 20 --2- >> v2:172.21.15.12:3300/0 conn(0x7f2e540aa940 0x7f2e5413a060 unknown :-1 s=HELLO_CONNECTING pgs=0 cs=0 l=0 rev1=1 crypto rx=0 tx=0 comp rx=0 tx=0).read_frame ,
2021-09-07T02:23:54.830+0000 7f2e59a77700 20 -- >> v2:172.21.15.12:3300/0 conn(0x7f2e540aa940 msgr2=0x7f2e5413a060 unknown :-1 s=STATE_CONNECTION_ESTABLISHED l=0).read start len=32 Ignoring malparsed backtrace:
2021-09-07T02:23:54.830+0000 7f2e58a75700 10 -- 172.21.15.12:0/2760027166 >> v2:172.21.15.57:3300/0 conn(0x7f2e54066430 msgr2=0x7f2e54139b20 unknown :-1 s=STATE_CONNECTION_ESTABLISHED l=0)._try_send sent bytes 76 remaining bytes 0 ,
2021-09-07T02:23:54.830+0000 7f2e59276700 10 -- 172.21.15.12:0/2760027166 >> v1:172.21.15.57:6789/0 conn(0x7f2e540aa1a0 legacy=0x7f2e54065450 unknown :-1 s=STATE_CONNECTION_ESTABLISHED l=1)._try_send sent bytes 144 remaining bytes 0 ,
2021-09-07T02:23:54.830+0000 7f2e59276700 10 --1- 172.21.15.12:0/2760027166 >> v1:172.21.15.57:6789/0 conn(0x7f2e540aa1a0 0x7f2e54065450 :-1 s=OPENED pgs=361 cs=1 l=1).write_message sending 0x7f2e540a9d00 done. Ignoring malparsed backtrace:
2021-09-07T02:23:54.830+0000 7f2e59a77700 10 -- 172.21.15.12:0/2760027166 >> v2:172.21.15.12:3300/0 conn(0x7f2e540aa940 msgr2=0x7f2e5413a060 secure :-1 s=STATE_CONNECTION_ESTABLISHED l=0)._try_send sent bytes 96 remaining bytes 0 ,
2021-09-07T02:23:54.830+0000 7f2e59a77700 20 --2- 172.21.15.12:0/2760027166 >> v2:172.21.15.12:3300/0 conn(0x7f2e540aa940 0x7f2e5413a060 secure :-1 s=COMPRESSION_CONNECTING pgs=0 cs=0 l=0 rev1=1 crypto rx=0x7f2e540ab5c0 tx=0x7f2e44006ee0 comp rx=0 tx=0).read_frame ,
2021-09-07T02:23:54.830+0000 7f2e59a77700 20 -- 172.21.15.12:0/2760027166 >> v2:172.21.15.12:3300/0 conn(0x7f2e540aa940 msgr2=0x7f2e5413a060 secure :-1 s=STATE_CONNECTION_ESTABLISHED l=0).read start len=96 Ignoring malparsed backtrace:
2021-09-07T02:23:54.831+0000 7f2e59a77700 20 --2- 172.21.15.12:0/2760027166 >> [v2:172.21.15.12:3300/0,v1:172.21.15.12:6789/0] conn(0x7f2e540aa940 0x7f2e5413a060 secure :-1 s=THROTTLE_DONE pgs=598 cs=0 l=1 rev1=1 crypto rx=0x7f2e540ab5c0 tx=0x7f2e44006ee0 comp rx=0 tx=0).handle_read_frame_segment r=0 ,
2021-09-07T02:23:54.831+0000 7f2e59a77700 20 -- 172.21.15.12:0/2760027166 >> [v2:172.21.15.12:3300/0,v1:172.21.15.12:6789/0] conn(0x7f2e540aa940 msgr2=0x7f2e5413a060 secure :-1 s=STATE_CONNECTION_ESTABLISHED l=1).read start len=32 ,
2021-09-07T02:23:54.831+0000 7f2e59a77700 20 --2- 172.21.15.12:0/2760027166 >> [v2:172.21.15.12:3300/0,v1:172.21.15.12:6789/0] conn(0x7f2e540aa940 0x7f2e5413a060 secure :-1 s=THROTTLE_DONE pgs=598 cs=0 l=1 rev1=1 crypto rx=0x7f2e540ab5c0 tx=0x7f2e44006ee0 comp rx=0 tx=0).handle_read_frame_epilogue_main r=0 Ignoring malparsed backtrace:
2021-09-07T02:23:54.834+0000 7f2e59276700 20 EpollDriver.del_event del event fd=16 cur_mask=1 delmask=2 to 7 ,
2021-09-07T02:23:54.834+0000 7f2e58a75700 10 -- >> [v2:172.21.15.57:3300/0,v1:172.21.15.57:6789/0] conn(0x7f2e540aa940 msgr2=0x7f2e540a70b0 unknown :-1 s=STATE_CONNECTING_RE l=1).process nonblock connect inprogress ,
2021-09-07T02:23:54.834+0000 7f2e5b4da700 15 --2- >> [v2:172.21.15.12:3301/0,v1:172.21.15.12:6790/0] conn(0x7f2e5412e620 0x7f2e5412ea30 unknown :-1 s=START_CONNECT pgs=0 cs=0 l=1 rev1=0 crypto rx=0 tx=0 comp rx=0 tx=0).send_message inline write is denied, reschedule m=0x7f2e54125e20 Ignoring malparsed backtrace:
2021-09-07T02:23:54.834+0000 7f2e59a77700 20 --2- 172.21.15.12:0/974957476 >> [v2:172.21.15.12:3301/0,v1:172.21.15.12:6790/0] conn(0x7f2e5412e620 0x7f2e5412ea30 unknown :-1 s=AUTH_CONNECTING pgs=0 cs=0 l=1 rev1=1 crypto rx=0 tx=0 comp rx=0 tx=0).read_frame_segment seg_idx=0 ,
2021-09-07T02:23:54.834+0000 7f2e59a77700 20 -- 172.21.15.12:0/974957476 >> [v2:172.21.15.12:3301/0,v1:172.21.15.12:6790/0] conn(0x7f2e5412e620 msgr2=0x7f2e5412ea30 unknown :-1 s=STATE_CONNECTION_ESTABLISHED l=1).read start len=17 ,
2021-09-07T02:23:54.834+0000 7f2e59a77700 20 --2- 172.21.15.12:0/974957476 >> [v2:172.21.15.12:3301/0,v1:172.21.15.12:6790/0] conn(0x7f2e5412e620 0x7f2e5412ea30 unknown :-1 s=AUTH_CONNECTING pgs=0 cs=0 l=1 rev1=1 crypto rx=0 tx=0 comp rx=0 tx=0).handle_read_frame_segment r=0 Ignoring malparsed backtrace:
2021-09-07T02:23:54.835+0000 7f2e59276700 15 authenticated_encrypt_final buffer.length()=96 final_len=0 ,
2021-09-07T02:23:54.835+0000 7f2e59276700 15 authenticated_encrypt_update plaintext.length()=80 buffer.length()=80 ,
2021-09-07T02:23:54.835+0000 7f2e59276700 15 authenticated_encrypt_final buffer.length()=96 final_len=0 Ignoring malparsed backtrace:
2021-09-07T02:23:54.835+0000 7f2e59276700 20 --2- 172.21.15.12:0/974957476 >> [v2:172.21.15.12:3300/0,v1:172.21.15.12:6789/0] conn(0x7f2e54066430 0x7f2e54082070 secure :-1 s=READY pgs=599 cs=0 l=1 rev1=1 crypto rx=0x7f2e5002e590 tx=0x7f2e50029f90 comp rx=0 tx=0).read_frame ,
2021-09-07T02:23:54.835+0000 7f2e417fa700 1 -- 172.21.15.12:0/974957476 <== mon.0 v2:172.21.15.12:3300/0 3 ==== mon_map magic: 0 v1 ==== 413+0+0 (secure 0 0 0) 0x7f2e500290d0 con 0x7f2e54066430 ,
2021-09-07T02:23:54.835+0000 7f2e59276700 20 -- 172.21.15.12:0/974957476 >> [v2:172.21.15.12:3300/0,v1:172.21.15.12:6789/0] conn(0x7f2e54066430 msgr2=0x7f2e54082070 secure :-1 s=STATE_CONNECTION_ESTABLISHED l=1).read start len=96 Ignoring malparsed backtrace:
2021-09-07T02:23:54.837+0000 7f2e417fa700 20 Event(0x7f2e5406b570 nevent=5000 time_id=3).wakeup ,
2021-09-07T02:23:54.837+0000 7f2e417fa700 10 -- 172.21.15.12:0/974957476 create_connect 0x7f2e3405fea0 v2:172.21.15.12:6800/31803 v2:172.21.15.12:6800/31803 ,
