2021-09-07T02:24:52.529+0000 7f5b367f2700 20 --2- 172.21.15.12:0/3774657832 >> v2:172.21.15.12:6808/32177 conn(0x7f5b10066670 0x7f5b10068ae0 crc :-1 s=THROTTLE_DONE pgs=18 cs=0 l=1 rev1=1 crypto rx=0 tx=0 comp rx=0 tx=0).read_frame_segment seg_idx=3 Ignoring malparsed backtrace:
2021-09-07T02:24:52.763+0000 7fba4b7fe700 20 Event(0x7fba4c065fe0 nevent=5000 time_id=1).create_file_event create event end fd=11 mask=1 current mask is 1 ,
2021-09-07T02:24:52.763+0000 7fba4b7fe700 10 stack operator() starting ,
2021-09-07T02:24:52.763+0000 7fba5257d700 10 -- ready Ignoring malparsed backtrace:
2021-09-07T02:24:52.764+0000 7fba4bfff700 10 -- 172.21.15.12:0/837776444 >> v1:172.21.15.12:6789/0 conn(0x7fba4c06d1b0 legacy=0x7fba4c0a3fc0 unknown :-1 s=STATE_CONNECTION_ESTABLISHED l=0)._try_send sent bytes 136 remaining bytes 0 ,
2021-09-07T02:24:52.764+0000 7fba4b7fe700 20 --2- 172.21.15.12:0/837776444 >> v2:172.21.15.12:3300/0 conn(0x7fba4c0a46d0 0x7fba4c13d5e0 unknown :-1 s=AUTH_CONNECTING pgs=0 cs=0 l=0 rev1=1 crypto rx=0 tx=0 comp rx=0 tx=0).send_auth_request peer_type 1 auth_client 0x7fba5257be10 ,
2021-09-07T02:24:52.764+0000 7fba4bfff700 20 --1- 172.21.15.12:0/837776444 >> v1:172.21.15.12:6789/0 conn(0x7fba4c06d1b0 0x7fba4c0a3fc0 :-1 s=CONNECTING_WAIT_BANNER_AND_IDENTIFY pgs=0 cs=0 l=0).handle_my_addr_write r=0 Ignoring malparsed backtrace:
2021-09-07T02:24:52.764+0000 7fba4b7fe700 20 --2- 172.21.15.12:0/837776444 >> v2:172.21.15.57:3300/0 conn(0x7fba4c13db20 0x7fba4c13df30 unknown :-1 s=AUTH_CONNECTING pgs=0 cs=0 l=0 rev1=1 crypto rx=0 tx=0 comp rx=0 tx=0).discard_out_queue discard mon_getmap magic: 0 v1 ,
2021-09-07T02:24:52.764+0000 7fba4b7fe700 20 Event(0x7fba4c0ad510 nevent=5000 time_id=2).wakeup ,
2021-09-07T02:24:52.764+0000 7fba50b1a700 5 --2- 172.21.15.12:0/837776444 >> v2:172.21.15.57:3300/0 conn(0x7fba4c13db20 0x7fba4c13df30 unknown :-1 s=AUTH_CONNECTING pgs=0 cs=0 l=0 rev1=1 crypto rx=0 tx=0 comp rx=0 tx=0).reset_recv_state (warped) reseting crypto and compression handlers Ignoring malparsed backtrace:
2021-09-07T02:24:52.765+0000 7fba4b7fe700 5 --2- 172.21.15.12:0/837776444 >> [v2:172.21.15.12:3300/0,v1:172.21.15.12:6789/0] conn(0x7fba4c0a46d0 0x7fba4c13d5e0 secure :-1 s=THROTTLE_DONE pgs=613 cs=0 l=1 rev1=1 crypto rx=0x7fba4c06d700 tx=0x7fba3c006e20 comp rx=0 tx=0).handle_message got 413 + 0 + 0 byte message. envelope type=4 src mon.0 off 0 ,
2021-09-07T02:24:52.765+0000 7fba4b7fe700 5 --2- 172.21.15.12:0/837776444 >> [v2:172.21.15.12:3300/0,v1:172.21.15.12:6789/0] conn(0x7fba4c0a46d0 0x7fba4c13d5e0 secure :-1 s=READ_MESSAGE_COMPLETE pgs=613 cs=0 l=1 rev1=1 crypto rx=0x7fba4c06d700 tx=0x7fba3c006e20 comp rx=0 tx=0).handle_message received message m=0x7fba3c0050d0 seq=1 from=mon.0 type=4 mon_map magic: 0 v1 ,
2021-09-07T02:24:52.765+0000 7fba4b7fe700 20 -- 172.21.15.12:0/837776444 queue 0x7fba3c0050d0 prio 196 Ignoring malparsed backtrace:
2021-09-07T02:24:52.768+0000 7fba5257d700 1 --2- >> [v2:172.21.15.57:3300/0,v1:172.21.15.57:6789/0] conn(0x7fba4c06d1b0 0x7fba4c074440 unknown :-1 s=NONE pgs=0 cs=0 l=1 rev1=0 crypto rx=0 tx=0 comp rx=0 tx=0).connect ,
2021-09-07T02:24:52.768+0000 7fba5257d700 20 Event(0x7fba4c0645c0 nevent=5000 time_id=3).wakeup ,
2021-09-07T02:24:52.768+0000 7fba5257d700 10 -- create_connect 0x7fba4c06d1b0 [v2:172.21.15.57:3300/0,v1:172.21.15.57:6789/0] [v2:172.21.15.57:3300/0,v1:172.21.15.57:6789/0] Ignoring malparsed backtrace:
2021-09-07T02:24:52.768+0000 7fba50b1a700 20 --2- 172.21.15.12:0/3402410107 >> [v2:172.21.15.12:3301/0,v1:172.21.15.12:6790/0] conn(0x7fba4c13db20 0x7fba4c072c90 unknown :-1 s=AUTH_CONNECTING pgs=0 cs=0 l=1 rev1=1 crypto rx=0 tx=0 comp rx=0 tx=0).send_auth_request peer_type 1 auth_client 0x7fba4c05d128 ,
2021-09-07T02:24:52.768+0000 7fba4b7fe700 10 --2- 172.21.15.12:0/3402410107 >> [v2:172.21.15.12:3300/0,v1:172.21.15.12:6789/0] conn(0x7fba4c0a46d0 0x7fba4c11d900 unknown :-1 s=HELLO_CONNECTING pgs=0 cs=0 l=1 rev1=1 crypto rx=0 tx=0 comp rx=0 tx=0).handle_read_frame_dispatch tag=1 ,
2021-09-07T02:24:52.768+0000 7fba4bfff700 20 -- 172.21.15.12:0/3402410107 >> [v2:172.21.15.57:3300/0,v1:172.21.15.57:6789/0] conn(0x7fba4c06d1b0 msgr2=0x7fba4c074440 unknown :-1 s=STATE_CONNECTION_ESTABLISHED l=1).read start len=16 Ignoring malparsed backtrace:
2021-09-07T02:24:52.769+0000 7fba4bfff700 5 --2- 172.21.15.12:0/3402410107 >> [v2:172.21.15.57:3300/0,v1:172.21.15.57:6789/0] conn(0x7fba4c06d1b0 0x7fba4c074440 unknown :-1 s=CLOSED pgs=0 cs=0 l=1 rev1=1 crypto rx=0 tx=0 comp rx=0 tx=0).reset_compression ,
2021-09-07T02:24:52.769+0000 7fba4bfff700 20 EpollDriver.del_event del event fd=16 cur_mask=1 delmask=3 to 7 ,
2021-09-07T02:24:52.769+0000 7fba50b1a700 1 --2- 172.21.15.12:0/3402410107 >> [v2:172.21.15.12:3301/0,v1:172.21.15.12:6790/0] conn(0x7fba4c13db20 0x7fba4c072c90 unknown :-1 s=CLOSED pgs=0 cs=0 l=1 rev1=1 crypto rx=0 tx=0 comp rx=0 tx=0).handle_auth_done state changed! Ignoring malparsed backtrace:
2021-09-07T02:24:52.769+0000 7fba4b7fe700 20 -- 172.21.15.12:0/3402410107 >> [v2:172.21.15.12:3300/0,v1:172.21.15.12:6789/0] conn(0x7fba4c0a46d0 msgr2=0x7fba4c11d900 secure :-1 s=STATE_CONNECTION_ESTABLISHED l=1).read start len=32 ,
2021-09-07T02:24:52.769+0000 7fba2ffff700 1 -- 172.21.15.12:0/3402410107 <== mon.0 v2:172.21.15.12:3300/0 1 ==== mon_map magic: 0 v1 ==== 413+0+0 (secure 0 0 0) 0x7fba3c003ad0 con 0x7fba4c0a46d0 ,
2021-09-07T02:24:52.769+0000 7fba4b7fe700 20 --2- 172.21.15.12:0/3402410107 >> [v2:172.21.15.12:3300/0,v1:172.21.15.12:6789/0] conn(0x7fba4c0a46d0 0x7fba4c11d900 secure :-1 s=THROTTLE_DONE pgs=614 cs=0 l=1 rev1=1 crypto rx=0x7fba3c012000 tx=0x7fba3c013000 comp rx=0 tx=0).handle_read_frame_epilogue_main r=0 Ignoring malparsed backtrace:
2021-09-07T02:24:52.771+0000 7fba4b7fe700 20 --2- 172.21.15.12:0/3402410107 >> [v2:172.21.15.12:3300/0,v1:172.21.15.12:6789/0] conn(0x7fba4c0a46d0 0x7fba4c11d900 secure :-1 s=THROTTLE_DONE pgs=614 cs=0 l=1 rev1=1 crypto rx=0x7fba3c012000 tx=0x7fba3c013000 comp rx=0 tx=0).handle_message ,
2021-09-07T02:24:52.771+0000 7fba4b7fe700 5 --2- 172.21.15.12:0/3402410107 >> [v2:172.21.15.12:3300/0,v1:172.21.15.12:6789/0] conn(0x7fba4c0a46d0 0x7fba4c11d900 secure :-1 s=THROTTLE_DONE pgs=614 cs=0 l=1 rev1=1 crypto rx=0x7fba3c012000 tx=0x7fba3c013000 comp rx=0 tx=0).handle_message got 4126 + 0 + 0 byte message. envelope type=41 src mon.0 off 0 ,
2021-09-07T02:24:52.771+0000 7fba4b7fe700 5 --2- 172.21.15.12:0/3402410107 >> [v2:172.21.15.12:3300/0,v1:172.21.15.12:6789/0] conn(0x7fba4c0a46d0 0x7fba4c11d900 secure :-1 s=READ_MESSAGE_COMPLETE pgs=614 cs=0 l=1 rev1=1 crypto rx=0x7fba3c012000 tx=0x7fba3c013000 comp rx=0 tx=0).handle_message received message m=0x7fba3c09e040 seq=5 from=mon.0 type=41 osd_map(39..39 src has 1..39) v4 Ignoring malparsed backtrace:
2021-09-07T02:24:52.772+0000 7fba4bfff700 10 --2- 172.21.15.12:0/3402410107 >> v2:172.21.15.12:6800/31803 conn(0x7fba3405fea0 0x7fba340623b0 secure :-1 s=COMPRESSION_CONNECTING pgs=0 cs=0 l=1 rev1=1 crypto rx=0x7fba4c072c20 tx=0x7fba380031f0 comp rx=0 tx=0).handle_read_frame_dispatch tag=22 ,
2021-09-07T02:24:52.772+0000 7fba4bfff700 10 --2- 172.21.15.12:0/3402410107 >> v2:172.21.15.12:6800/31803 conn(0x7fba3405fea0 0x7fba340623b0 secure :-1 s=COMPRESSION_CONNECTING pgs=0 cs=0 l=1 rev1=1 crypto rx=0x7fba4c072c20 tx=0x7fba380031f0 comp rx=0 tx=0).handle_compression_done CompressionDoneFrame(is_compress=0, method=0) ,
2021-09-07T02:24:52.772+0000 7fba4bfff700 20 --2- 172.21.15.12:0/3402410107 >> v2:172.21.15.12:6800/31803 conn(0x7fba3405fea0 0x7fba340623b0 secure :-1 s=SESSION_CONNECTING pgs=0 cs=0 l=1 rev1=1 crypto rx=0x7fba4c072c20 tx=0x7fba380031f0 comp rx=0 tx=0).send_client_ident Ignoring malparsed backtrace:
2021-09-07T02:24:52.950+0000 7fba4bfff700 5 --2- 172.21.15.12:0/3402410107 >> v2:172.21.15.12:6800/31803 conn(0x7fba3405fea0 0x7fba340623b0 unknown :-1 s=CLOSED pgs=278 cs=0 l=1 rev1=1 crypto rx=0 tx=0 comp rx=0 tx=0).reset_compression ,
2021-09-07T02:24:52.950+0000 7fba4b7fe700 5 --2- 172.21.15.12:0/3402410107 >> [v2:172.21.15.12:3300/0,v1:172.21.15.12:6789/0] conn(0x7fba4c0a46d0 0x7fba4c11d900 secure :-1 s=CLOSED pgs=614 cs=0 l=1 rev1=1 crypto rx=0x7fba3c012000 tx=0x7fba3c013000 comp rx=0 tx=0).reset_recv_state (warped) reseting crypto and compression handlers ,
2021-09-07T02:24:52.950+0000 7fba4bfff700 20 EpollDriver.del_event del event fd=16 cur_mask=1 delmask=3 to 7 Ignoring malparsed backtrace:
2021-09-07T02:24:53.253+0000 7eff8e7fc700 20 EpollDriver.add_event add event fd=14 cur_mask=1 add_mask=2 to 10 ,
2021-09-07T02:24:53.253+0000 7eff8e7fc700 20 Event(0x7eff90065f80 nevent=5000 time_id=2).create_file_event create event end fd=14 mask=2 current mask is 3 ,
2021-09-07T02:24:53.253+0000 7eff95906700 15 --2- >> v2:172.21.15.12:3300/0 conn(0x7eff900a95c0 0x7eff900a7af0 unknown :-1 s=START_CONNECT pgs=0 cs=0 l=0 rev1=0 crypto rx=0 tx=0 comp rx=0 tx=0).send_message inline write is denied, reschedule m=0x7eff900a99d0 Ignoring malparsed backtrace:
2021-09-07T02:24:53.254+0000 7eff8f7fe700 20 --2- 172.21.15.12:0/1969956967 >> [v2:172.21.15.12:3301/0,v1:172.21.15.12:6790/0] conn(0x7eff90063320 0x7eff90063730 unknown :-1 s=AUTH_CONNECTING pgs=0 cs=0 l=0 rev1=1 crypto rx=0 tx=0 comp rx=0 tx=0).handle_read_frame_preamble_main r=0 ,
2021-09-07T02:24:53.254+0000 7eff8effd700 20 -- 172.21.15.12:0/1969956967 >> v2:172.21.15.12:3300/0 conn(0x7eff900a95c0 msgr2=0x7eff900a7af0 unknown :-1 s=STATE_CONNECTION_ESTABLISHED l=0).read start len=16 ,
2021-09-07T02:24:53.254+0000 7eff8f7fe700 20 --2- 172.21.15.12:0/1969956967 >> [v2:172.21.15.12:3301/0,v1:172.21.15.12:6790/0] conn(0x7eff90063320 0x7eff90063730 unknown :-1 s=AUTH_CONNECTING pgs=0 cs=0 l=0 rev1=1 crypto rx=0 tx=0 comp rx=0 tx=0).read_frame_segment seg_idx=0 Ignoring malparsed backtrace:
2021-09-07T02:24:53.254+0000 7eff8f7fe700 1 --2- 172.21.15.12:0/1969956967 >> [v2:172.21.15.12:3301/0,v1:172.21.15.12:6790/0] conn(0x7eff90063320 0x7eff90063730 secure :-1 s=READY pgs=399 cs=0 l=1 rev1=1 crypto rx=0x7eff9006a4c0 tx=0x7eff84009dd0 comp rx=0 tx=0).ready entity=mon.2 client_cookie=7fb393e2ce97b3da server_cookie=0 in_seq=0 out_seq=0 ,
2021-09-07T02:24:53.254+0000 7eff8f7fe700 20 --2- 172.21.15.12:0/1969956967 >> [v2:172.21.15.12:3301/0,v1:172.21.15.12:6790/0] conn(0x7eff90063320 0x7eff90063730 secure :-1 s=READY pgs=399 cs=0 l=1 rev1=1 crypto rx=0x7eff9006a4c0 tx=0x7eff84009dd0 comp rx=0 tx=0).read_frame ,
2021-09-07T02:24:53.254+0000 7eff8f7fe700 20 -- 172.21.15.12:0/1969956967 >> [v2:172.21.15.12:3301/0,v1:172.21.15.12:6790/0] conn(0x7eff90063320 msgr2=0x7eff90063730 secure :-1 s=STATE_CONNECTION_ESTABLISHED l=1).read start len=96 Ignoring malparsed backtrace:
2021-09-07T02:24:53.255+0000 7eff95906700 1 --2- 172.21.15.12:0/1969956967 >> v2:172.21.15.12:3300/0 conn(0x7eff900a95c0 0x7eff900a7af0 unknown :-1 s=CLOSED pgs=0 cs=0 l=0 rev1=1 crypto rx=0 tx=0 comp rx=0 tx=0).stop ,
2021-09-07T02:24:53.255+0000 7eff95906700 5 -- 172.21.15.12:0/1969956967 shutdown_connections mark down [v2:172.21.15.12:3301/0,v1:172.21.15.12:6790/0] 0x7eff90063320 ,
2021-09-07T02:24:53.255+0000 7eff95906700 1 --2- 172.21.15.12:0/1969956967 >> [v2:172.21.15.12:3301/0,v1:172.21.15.12:6790/0] conn(0x7eff90063320 0x7eff90063730 unknown :-1 s=CLOSED pgs=399 cs=0 l=1 rev1=1 crypto rx=0 tx=0 comp rx=0 tx=0).stop Ignoring malparsed backtrace:
2021-09-07T02:24:53.258+0000 7eff8effd700 20 --2- >> [v2:172.21.15.12:3301/0,v1:172.21.15.12:6790/0] conn(0x7eff90063320 0x7eff900a28b0 unknown :-1 s=HELLO_CONNECTING pgs=0 cs=0 l=1 rev1=1 crypto rx=0 tx=0 comp rx=0 tx=0).handle_read_frame_preamble_main r=0 ,
2021-09-07T02:24:53.258+0000 7eff8e7fc700 20 -- >> [v2:172.21.15.57:3300/0,v1:172.21.15.57:6789/0] conn(0x7eff90069bb0 msgr2=0x7eff90144a30 unknown :-1 s=STATE_CONNECTING_RE l=1).process ,
2021-09-07T02:24:53.258+0000 7eff8effd700 20 --2- >> [v2:172.21.15.12:3301/0,v1:172.21.15.12:6790/0] conn(0x7eff90063320 0x7eff900a28b0 unknown :-1 s=HELLO_CONNECTING pgs=0 cs=0 l=1 rev1=1 crypto rx=0 tx=0 comp rx=0 tx=0).read_frame_segment seg_idx=0 Ignoring malparsed backtrace:
2021-09-07T02:24:53.258+0000 7eff8e7fc700 20 -- 172.21.15.12:0/1011783029 >> [v2:172.21.15.57:3300/0,v1:172.21.15.57:6789/0] conn(0x7eff90069bb0 msgr2=0x7eff90144a30 unknown :-1 s=STATE_CONNECTION_ESTABLISHED l=1).process ,
2021-09-07T02:24:53.258+0000 7eff8e7fc700 20 -- 172.21.15.12:0/1011783029 >> [v2:172.21.15.57:3300/0,v1:172.21.15.57:6789/0] conn(0x7eff90069bb0 msgr2=0x7eff90144a30 unknown :-1 s=STATE_CONNECTION_ESTABLISHED l=1).read continue len=32 ,
2021-09-07T02:24:53.258+0000 7eff8f7fe700 20 --2- 172.21.15.12:0/1011783029 >> [v2:172.21.15.12:3300/0,v1:172.21.15.12:6789/0] conn(0x7eff900a95c0 0x7eff900a3680 unknown :-1 s=AUTH_CONNECTING pgs=0 cs=0 l=1 rev1=1 crypto rx=0 tx=0 comp rx=0 tx=0).handle_read_frame_segment r=0 Ignoring malparsed backtrace:
2021-09-07T02:24:53.259+0000 7eff8f7fe700 20 --2- 172.21.15.12:0/1011783029 >> [v2:172.21.15.12:3300/0,v1:172.21.15.12:6789/0] conn(0x7eff900a95c0 0x7eff900a3680 secure :-1 s=READY pgs=615 cs=0 l=1 rev1=1 crypto rx=0x7eff900ada40 tx=0x7eff84012000 comp rx=0 tx=0).prepare_send_message m=mon_subscribe({config=0+,monmap=0+}) v3 ,
2021-09-07T02:24:53.259+0000 7eff8f7fe700 20 --2- 172.21.15.12:0/1011783029 >> [v2:172.21.15.12:3300/0,v1:172.21.15.12:6789/0] conn(0x7eff900a95c0 0x7eff900a3680 secure :-1 s=READY pgs=615 cs=0 l=1 rev1=1 crypto rx=0x7eff900ada40 tx=0x7eff84012000 comp rx=0 tx=0).prepare_send_message encoding features 4540138303579357183 0x7eff84004aa0 mon_subscribe({config=0+,monmap=0+}) v3 ,
2021-09-07T02:24:53.259+0000 7eff8f7fe700 15 authenticated_encrypt_update plaintext.length()=80 buffer.length()=80 Ignoring malparsed backtrace:
2021-09-07T02:24:53.259+0000 7eff8f7fe700 15 authenticated_encrypt_final buffer.length()=80 final_len=0 ,
2021-09-07T02:24:53.259+0000 7eff8f7fe700 5 --2- 172.21.15.12:0/1011783029 >> [v2:172.21.15.12:3300/0,v1:172.21.15.12:6789/0] conn(0x7eff900a95c0 0x7eff900a3680 secure :-1 s=READY pgs=615 cs=0 l=1 rev1=1 crypto rx=0x7eff900ada40 tx=0x7eff84012000 comp rx=0 tx=0).write_message sending message m=0x7eff900a4030 seq=4 mon_subscribe({osdmap=0}) v3 ,
2021-09-07T02:24:53.259+0000 7eff8f7fe700 20 --2- 172.21.15.12:0/1011783029 >> [v2:172.21.15.12:3300/0,v1:172.21.15.12:6789/0] conn(0x7eff900a95c0 0x7eff900a3680 secure :-1 s=READY pgs=615 cs=0 l=1 rev1=1 crypto rx=0x7eff900ada40 tx=0x7eff84012000 comp rx=0 tx=0).write_message sending m=0x7eff900a4030 seq=4 src=client.5538 off=0 Ignoring malparsed backtrace:
2021-09-07T02:24:53.261+0000 7eff8effd700 20 -- 172.21.15.12:0/1011783029 >> v2:172.21.15.12:6800/31803 conn(0x7eff7005fea0 msgr2=0x7eff700623b0 unknown :-1 s=STATE_CONNECTION_ESTABLISHED l=1).read start len=16 ,
2021-09-07T02:24:53.261+0000 7eff8effd700 20 --2- 172.21.15.12:0/1011783029 >> v2:172.21.15.12:6800/31803 conn(0x7eff7005fea0 0x7eff700623b0 unknown :-1 s=BANNER_CONNECTING pgs=0 cs=0 l=1 rev1=0 crypto rx=0 tx=0 comp rx=0 tx=0)._handle_peer_banner_payload r=0 ,
2021-09-07T02:24:53.261+0000 7eff8effd700 1 --2- 172.21.15.12:0/1011783029 >> v2:172.21.15.12:6800/31803 conn(0x7eff7005fea0 0x7eff700623b0 unknown :-1 s=BANNER_CONNECTING pgs=0 cs=0 l=1 rev1=0 crypto rx=0 tx=0 comp rx=0 tx=0)._handle_peer_banner_payload supported=3 required=0 Ignoring malparsed backtrace:
2021-09-07T02:24:53.262+0000 7eff8effd700 20 --2- 172.21.15.12:0/1011783029 >> v2:172.21.15.12:6800/31803 conn(0x7eff7005fea0 0x7eff700623b0 secure :-1 s=SESSION_CONNECTING pgs=0 cs=0 l=1 rev1=1 crypto rx=0x7eff80006fd0 tx=0x7eff80008040 comp rx=0 tx=0).send_client_ident ,
2021-09-07T02:24:53.262+0000 7eff8effd700 5 --2- 172.21.15.12:0/1011783029 >> v2:172.21.15.12:6800/31803 conn(0x7eff7005fea0 0x7eff700623b0 secure :-1 s=SESSION_CONNECTING pgs=0 cs=0 l=1 rev1=1 crypto rx=0x7eff80006fd0 tx=0x7eff80008040 comp rx=0 tx=0).send_client_ident sending identification: addrs=172.21.15.12:0/1011783029 target=v2:172.21.15.12:6800/31803 gid=5538 global_seq=4 features_supported=3f01cfbb7ffdffff features_required=800000000001000 flags=1 cookie=0 ,
2021-09-07T02:24:53.262+0000 7eff8effd700 15 authenticated_encrypt_update plaintext.length()=80 buffer.length()=80 Ignoring malparsed backtrace:
2021-09-07T02:24:53.465+0000 7eff8e7fc700 1 --2- 172.21.15.12:0/1011783029 >> v2:172.21.15.57:6800/32027 conn(0x7eff70066670 0x7eff70068ae0 unknown :-1 s=AUTH_CONNECTING pgs=0 cs=0 l=1 rev1=1 crypto rx=0 tx=0 comp rx=0 tx=0).handle_auth_bad_method method=2 result (13) Permission denied, allowed methods=[2], allowed modes=[1,2] ,
2021-09-07T02:24:53.465+0000 7eff8e7fc700 10 --2- 172.21.15.12:0/1011783029 >> v2:172.21.15.57:6800/32027 conn(0x7eff70066670 0x7eff70068ae0 unknown :-1 s=AUTH_CONNECTING pgs=0 cs=0 l=1 rev1=1 crypto rx=0 tx=0 comp rx=0 tx=0)._fault ,
2021-09-07T02:24:53.465+0000 7eff8e7fc700 20 EpollDriver.del_event del event fd=17 cur_mask=1 delmask=3 to 10 Ignoring malparsed backtrace:
2021-09-07T02:24:54.669+0000 7eff8e7fc700 10 -- 172.21.15.12:0/1011783029 >> v2:172.21.15.57:6800/32027 conn(0x7eff70066670 msgr2=0x7eff70068ae0 unknown :-1 s=STATE_CONNECTION_ESTABLISHED l=1)._try_send sent bytes 230 remaining bytes 0 ,
2021-09-07T02:24:54.669+0000 7eff8e7fc700 20 --2- 172.21.15.12:0/1011783029 >> v2:172.21.15.57:6800/32027 conn(0x7eff70066670 0x7eff70068ae0 unknown :-1 s=AUTH_CONNECTING pgs=0 cs=0 l=1 rev1=1 crypto rx=0 tx=0 comp rx=0 tx=0).read_frame ,
2021-09-07T02:24:54.670+0000 7eff8e7fc700 20 -- 172.21.15.12:0/1011783029 >> v2:172.21.15.57:6800/32027 conn(0x7eff70066670 msgr2=0x7eff70068ae0 unknown :-1 s=STATE_CONNECTION_ESTABLISHED l=1).read start len=32 Ignoring malparsed backtrace:
2021-09-07T02:24:58.260+0000 7eff8f7fe700 20 --2- 172.21.15.12:0/1011783029 >> [v2:172.21.15.12:3300/0,v1:172.21.15.12:6789/0] conn(0x7eff900a95c0 0x7eff900a3680 secure :-1 s=READY pgs=615 cs=0 l=1 rev1=1 crypto rx=0x7eff900ada40 tx=0x7eff84012000 comp rx=0 tx=0).prepare_send_message encoding features 4540138303579357183 0x7eff68003220 mon_subscribe({osdmap=40}) v3 ,
2021-09-07T02:24:58.260+0000 7eff8f7fe700 15 authenticated_encrypt_update plaintext.length()=80 buffer.length()=80 ,
2021-09-07T02:24:58.260+0000 7eff8f7fe700 15 authenticated_encrypt_final buffer.length()=96 final_len=0 Ignoring malparsed backtrace:
2021-09-07T02:25:05.887+0000 7eff8e7fc700 10 --2- 172.21.15.12:0/1011783029 >> v2:172.21.15.57:6800/32027 conn(0x7eff70066670 0x7eff70068ae0 unknown :-1 s=HELLO_CONNECTING pgs=0 cs=0 l=1 rev1=1 crypto rx=0 tx=0 comp rx=0 tx=0).handle_read_frame_dispatch tag=1 ,
2021-09-07T02:25:05.887+0000 7eff8e7fc700 20 --2- 172.21.15.12:0/1011783029 >> v2:172.21.15.57:6800/32027 conn(0x7eff70066670 0x7eff70068ae0 unknown :-1 s=HELLO_CONNECTING pgs=0 cs=0 l=1 rev1=1 crypto rx=0 tx=0 comp rx=0 tx=0).handle_hello payload.length()=36 ,
2021-09-07T02:25:05.887+0000 7eff8e7fc700 5 --2- 172.21.15.12:0/1011783029 >> v2:172.21.15.57:6800/32027 conn(0x7eff70066670 0x7eff70068ae0 unknown :-1 s=HELLO_CONNECTING pgs=0 cs=0 l=1 rev1=1 crypto rx=0 tx=0 comp rx=0 tx=0).handle_hello received hello: peer_type=4 peer_addr_for_me=172.21.15.12:35286/0 Ignoring malparsed backtrace:
2021-09-07T02:25:18.702+0000 7eff8e7fc700 5 --2- 172.21.15.12:0/1011783029 >> v2:172.21.15.57:6800/32027 conn(0x7eff70066670 0x7eff70068ae0 unknown :-1 s=HELLO_CONNECTING pgs=0 cs=0 l=1 rev1=1 crypto rx=0 tx=0 comp rx=0 tx=0).handle_hello received hello: peer_type=4 peer_addr_for_me=172.21.15.12:35288/0 ,
2021-09-07T02:25:18.702+0000 7eff8e7fc700 5 --2- 172.21.15.12:0/1011783029 >> v2:172.21.15.57:6800/32027 conn(0x7eff70066670 0x7eff70068ae0 unknown :-1 s=HELLO_CONNECTING pgs=0 cs=0 l=1 rev1=1 crypto rx=0 tx=0 comp rx=0 tx=0).handle_hello getsockname says I am 172.21.15.12:35288 when talking to v2:172.21.15.57:6800/32027 ,
2021-09-07T02:25:18.702+0000 7eff8e7fc700 20 --2- 172.21.15.12:0/1011783029 >> v2:172.21.15.57:6800/32027 conn(0x7eff70066670 0x7eff70068ae0 unknown :-1 s=HELLO_CONNECTING pgs=0 cs=0 l=1 rev1=1 crypto rx=0 tx=0 comp rx=0 tx=0).post_client_banner_exchange Ignoring malparsed backtrace:
2021-09-07T02:25:33.719+0000 7eff8e7fc700 5 --2- 172.21.15.12:0/1011783029 >> v2:172.21.15.57:6800/32027 conn(0x7eff70066670 0x7eff70068ae0 unknown :-1 s=AUTH_CONNECTING pgs=0 cs=0 l=1 rev1=1 crypto rx=0 tx=0 comp rx=0 tx=0).reset_security ,
2021-09-07T02:25:33.719+0000 7eff8e7fc700 5 --2- 172.21.15.12:0/1011783029 >> v2:172.21.15.57:6800/32027 conn(0x7eff70066670 0x7eff70068ae0 unknown :-1 s=AUTH_CONNECTING pgs=0 cs=0 l=1 rev1=1 crypto rx=0 tx=0 comp rx=0 tx=0).reset_compression ,
2021-09-07T02:25:33.720+0000 7eff8e7fc700 1 --2- 172.21.15.12:0/1011783029 >> v2:172.21.15.57:6800/32027 conn(0x7eff70066670 0x7eff70068ae0 unknown :-1 s=START_CONNECT pgs=0 cs=0 l=1 rev1=1 crypto rx=0 tx=0 comp rx=0 tx=0)._fault waiting 15.000000 Ignoring malparsed backtrace:
2021-09-07T02:25:48.737+0000 7eff8e7fc700 1 --2- 172.21.15.12:0/1011783029 >> v2:172.21.15.57:6800/32027 conn(0x7eff70066670 0x7eff70068ae0 unknown :-1 s=START_CONNECT pgs=0 cs=0 l=1 rev1=1 crypto rx=0 tx=0 comp rx=0 tx=0)._fault waiting 15.000000 ,
2021-09-07T02:25:53.270+0000 7eff777fe700 1 -- 172.21.15.12:0/1011783029 --> v2:172.21.15.57:6800/32027 -- ping magic: 0 v1 -- 0x7eff68004580 con 0x7eff70066670 ,
2021-09-07T02:25:53.270+0000 7eff777fe700 5 --2- 172.21.15.12:0/1011783029 >> v2:172.21.15.57:6800/32027 conn(0x7eff70066670 0x7eff70068ae0 unknown :-1 s=START_CONNECT pgs=0 cs=0 l=1 rev1=1 crypto rx=0 tx=0 comp rx=0 tx=0).send_message enqueueing message m=0x7eff68004580 type=2 ping magic: 0 v1 Ignoring malparsed backtrace:
2021-09-07T02:26:08.273+0000 7eff777fe700 5 --2- 172.21.15.12:0/1011783029 >> v2:172.21.15.57:6800/32027 conn(0x7eff70066670 0x7eff70068ae0 unknown :-1 s=START_CONNECT pgs=0 cs=0 l=1 rev1=1 crypto rx=0 tx=0 comp rx=0 tx=0).send_message enqueueing message m=0x7eff680049d0 type=2 ping magic: 0 v1 ,
2021-09-07T02:26:08.273+0000 7eff777fe700 15 --2- 172.21.15.12:0/1011783029 >> v2:172.21.15.57:6800/32027 conn(0x7eff70066670 0x7eff70068ae0 unknown :-1 s=START_CONNECT pgs=0 cs=0 l=1 rev1=1 crypto rx=0 tx=0 comp rx=0 tx=0).send_message inline write is denied, reschedule m=0x7eff680049d0 ,
2021-09-07T02:26:13.274+0000 7eff777fe700 1 -- 172.21.15.12:0/1011783029 --> v2:172.21.15.57:6800/32027 -- ping magic: 0 v1 -- 0x7eff68004b40 con 0x7eff70066670 Ignoring malparsed backtrace:
2021-09-07T02:26:28.277+0000 7eff777fe700 1 -- 172.21.15.12:0/1011783029 --> v2:172.21.15.57:6800/32027 -- ping magic: 0 v1 -- 0x7eff68004f90 con 0x7eff70066670 ,
2021-09-07T02:26:28.277+0000 7eff777fe700 5 --2- 172.21.15.12:0/1011783029 >> v2:172.21.15.57:6800/32027 conn(0x7eff70066670 0x7eff70068ae0 unknown :-1 s=START_CONNECT pgs=0 cs=0 l=1 rev1=1 crypto rx=0 tx=0 comp rx=0 tx=0).send_message enqueueing message m=0x7eff68004f90 type=2 ping magic: 0 v1 ,
2021-09-07T02:26:28.277+0000 7eff777fe700 15 --2- 172.21.15.12:0/1011783029 >> v2:172.21.15.57:6800/32027 conn(0x7eff70066670 0x7eff70068ae0 unknown :-1 s=START_CONNECT pgs=0 cs=0 l=1 rev1=1 crypto rx=0 tx=0 comp rx=0 tx=0).send_message inline write is denied, reschedule m=0x7eff68004f90 Ignoring malparsed backtrace:
2021-09-07T02:26:46.274+0000 7eff8f7fe700 20 -- 172.21.15.12:0/1011783029 >> [v2:172.21.15.12:3300/0,v1:172.21.15.12:6789/0] conn(0x7eff900a95c0 msgr2=0x7eff900a3680 secure :-1 s=STATE_CONNECTION_ESTABLISHED l=1).read start len=96 ,
2021-09-07T02:26:48.281+0000 7eff777fe700 1 -- 172.21.15.12:0/1011783029 --> v2:172.21.15.57:6800/32027 -- ping magic: 0 v1 -- 0x7eff68005550 con 0x7eff70066670 ,
2021-09-07T02:26:48.281+0000 7eff777fe700 5 --2- 172.21.15.12:0/1011783029 >> v2:172.21.15.57:6800/32027 conn(0x7eff70066670 0x7eff70068ae0 unknown :-1 s=START_CONNECT pgs=0 cs=0 l=1 rev1=1 crypto rx=0 tx=0 comp rx=0 tx=0).send_message enqueueing message m=0x7eff68005550 type=2 ping magic: 0 v1 Ignoring malparsed backtrace:
2021-09-07T02:26:53.301+0000 7f2cf41fb700 10 -- >> [v2:172.21.15.12:3301/0,v1:172.21.15.12:6790/0] conn(0x7f2cec0a7380 msgr2=0x7f2cec0a87e0 unknown :-1 s=STATE_NONE l=0)._connect ,
2021-09-07T02:26:53.301+0000 7f2cf41fb700 1 --2- >> [v2:172.21.15.12:3301/0,v1:172.21.15.12:6790/0] conn(0x7f2cec0a7380 0x7f2cec0a87e0 unknown :-1 s=NONE pgs=0 cs=0 l=0 rev1=0 crypto rx=0 tx=0 comp rx=0 tx=0).connect ,
2021-09-07T02:26:53.301+0000 7f2cf41fb700 20 Event(0x7f2cec0b1090 nevent=5000 time_id=1).wakeup Ignoring malparsed backtrace:
2021-09-07T02:26:53.302+0000 7f2cf2798700 20 -- 172.21.15.12:0/334571342 >> [v2:172.21.15.12:3301/0,v1:172.21.15.12:6790/0] conn(0x7f2cec0a7380 msgr2=0x7f2cec0a87e0 unknown :-1 s=STATE_CONNECTION_ESTABLISHED l=0).read continue len=32 ,
2021-09-07T02:26:53.302+0000 7f2cf1f97700 20 --2- 172.21.15.12:0/334571342 >> v2:172.21.15.57:3300/0 conn(0x7f2cec139990 0x7f2cec0a9ea0 unknown :-1 s=HELLO_CONNECTING pgs=0 cs=0 l=0 rev1=1 crypto rx=0 tx=0 comp rx=0 tx=0).handle_read_frame_preamble_main r=0 ,
2021-09-07T02:26:53.302+0000 7f2cf2798700 20 --2- 172.21.15.12:0/334571342 >> [v2:172.21.15.12:3301/0,v1:172.21.15.12:6790/0] conn(0x7f2cec0a7380 0x7f2cec0a87e0 unknown :-1 s=AUTH_CONNECTING pgs=0 cs=0 l=0 rev1=1 crypto rx=0 tx=0 comp rx=0 tx=0).handle_read_frame_preamble_main r=0 Ignoring malparsed backtrace:
2021-09-07T02:26:53.302+0000 7f2cf2798700 1 -- 172.21.15.12:0/334571342 --> [v2:172.21.15.12:3301/0,v1:172.21.15.12:6790/0] -- mon_subscribe({config=0+,monmap=0+}) v3 -- 0x7f2cec13a850 con 0x7f2cec0a7380 ,
2021-09-07T02:26:53.302+0000 7f2cf2798700 5 --2- 172.21.15.12:0/334571342 >> [v2:172.21.15.12:3301/0,v1:172.21.15.12:6790/0] conn(0x7f2cec0a7380 0x7f2cec0a87e0 unknown :-1 s=AUTH_CONNECTING pgs=0 cs=0 l=0 rev1=1 crypto rx=0 tx=0 comp rx=0 tx=0).send_message enqueueing message m=0x7f2cec13a850 type=15 mon_subscribe({config=0+,monmap=0+}) v3 ,
2021-09-07T02:26:53.302+0000 7f2cf2798700 15 --2- 172.21.15.12:0/334571342 >> [v2:172.21.15.12:3301/0,v1:172.21.15.12:6790/0] conn(0x7f2cec0a7380 0x7f2cec0a87e0 unknown :-1 s=AUTH_CONNECTING pgs=0 cs=0 l=0 rev1=1 crypto rx=0 tx=0 comp rx=0 tx=0).send_message inline write is denied, reschedule m=0x7f2cec13a850 Ignoring malparsed backtrace:
2021-09-07T02:26:53.303+0000 7f2cf2798700 20 -- 172.21.15.12:0/334571342 >> [v2:172.21.15.12:3301/0,v1:172.21.15.12:6790/0] conn(0x7f2cec0a7380 msgr2=0x7f2cec0a87e0 secure :-1 s=STATE_CONNECTION_ESTABLISHED l=1).read start len=32 ,
2021-09-07T02:26:53.303+0000 7f2cf2798700 20 --2- 172.21.15.12:0/334571342 >> [v2:172.21.15.12:3301/0,v1:172.21.15.12:6790/0] conn(0x7f2cec0a7380 0x7f2cec0a87e0 secure :-1 s=THROTTLE_DONE pgs=405 cs=0 l=1 rev1=1 crypto rx=0x7f2ce8009a30 tx=0x7f2ce80092d0 comp rx=0 tx=0).handle_read_frame_epilogue_main r=0 ,
2021-09-07T02:26:53.303+0000 7f2cf2798700 10 --2- 172.21.15.12:0/334571342 >> [v2:172.21.15.12:3301/0,v1:172.21.15.12:6790/0] conn(0x7f2cec0a7380 0x7f2cec0a87e0 secure :-1 s=THROTTLE_DONE pgs=405 cs=0 l=1 rev1=1 crypto rx=0x7f2ce8009a30 tx=0x7f2ce80092d0 comp rx=0 tx=0).handle_read_frame_dispatch tag=17 Ignoring malparsed backtrace:
2021-09-07T02:26:53.306+0000 7f2cf41fb700 20 Event(0x7f2cec0b1090 nevent=5000 time_id=3).wakeup ,
2021-09-07T02:26:53.306+0000 7f2cf1f97700 20 EpollDriver.add_event add event fd=16 cur_mask=0 add_mask=1 to 7 ,
2021-09-07T02:26:53.306+0000 7f2cf1f97700 20 Event(0x7f2cec064670 nevent=5000 time_id=3).create_file_event create event end fd=16 mask=1 current mask is 1 Ignoring malparsed backtrace:
2021-09-07T02:26:53.306+0000 7f2cf2798700 20 --2- 172.21.15.12:0/4061123598 >> [v2:172.21.15.12:3300/0,v1:172.21.15.12:6789/0] conn(0x7f2cec13a300 0x7f2cec145110 unknown :-1 s=HELLO_CONNECTING pgs=0 cs=0 l=1 rev1=1 crypto rx=0 tx=0 comp rx=0 tx=0).handle_hello payload.length()=36 ,
2021-09-07T02:26:53.306+0000 7f2cf1796700 20 --2- 172.21.15.12:0/4061123598 >> [v2:172.21.15.57:3300/0,v1:172.21.15.57:6789/0] conn(0x7f2cec139990 0x7f2cec13caf0 unknown :-1 s=HELLO_CONNECTING pgs=0 cs=0 l=1 rev1=1 crypto rx=0 tx=0 comp rx=0 tx=0).read_frame ,
2021-09-07T02:26:53.306+0000 7f2cf2798700 5 --2- 172.21.15.12:0/4061123598 >> [v2:172.21.15.12:3300/0,v1:172.21.15.12:6789/0] conn(0x7f2cec13a300 0x7f2cec145110 unknown :-1 s=HELLO_CONNECTING pgs=0 cs=0 l=1 rev1=1 crypto rx=0 tx=0 comp rx=0 tx=0).handle_hello received hello: peer_type=1 peer_addr_for_me=v2:172.21.15.12:38858/0 Ignoring malparsed backtrace:
2021-09-07T02:26:53.306+0000 7f2cf1f97700 20 --2- 172.21.15.12:0/4061123598 >> [v2:172.21.15.12:3301/0,v1:172.21.15.12:6790/0] conn(0x7f2cec0a7380 0x7f2cec13bf00 secure :-1 s=COMPRESSION_CONNECTING pgs=0 cs=0 l=1 rev1=1 crypto rx=0x7f2cdc00e8d0 tx=0x7f2cdc006e20 comp rx=0 tx=0).read_frame_segment seg_idx=0 ,
2021-09-07T02:26:53.306+0000 7f2cf1f97700 10 --2- 172.21.15.12:0/4061123598 >> [v2:172.21.15.12:3301/0,v1:172.21.15.12:6790/0] conn(0x7f2cec0a7380 0x7f2cec13bf00 secure :-1 s=COMPRESSION_CONNECTING pgs=0 cs=0 l=1 rev1=1 crypto rx=0x7f2cdc00e8d0 tx=0x7f2cdc006e20 comp rx=0 tx=0).handle_read_frame_dispatch tag=22 ,
2021-09-07T02:26:53.306+0000 7f2cf1f97700 10 --2- 172.21.15.12:0/4061123598 >> [v2:172.21.15.12:3301/0,v1:172.21.15.12:6790/0] conn(0x7f2cec0a7380 0x7f2cec13bf00 secure :-1 s=COMPRESSION_CONNECTING pgs=0 cs=0 l=1 rev1=1 crypto rx=0x7f2cdc00e8d0 tx=0x7f2cdc006e20 comp rx=0 tx=0).handle_compression_done CompressionDoneFrame(is_compress=0, method=0) Ignoring malparsed backtrace:
2021-09-07T02:26:53.307+0000 7f2cf41fb700 20 Event(0x7f2cec064670 nevent=5000 time_id=4).wakeup ,
2021-09-07T02:26:53.307+0000 7f2cf1f97700 10 --2- 172.21.15.12:0/4061123598 >> [v2:172.21.15.12:3301/0,v1:172.21.15.12:6790/0] conn(0x7f2cec0a7380 0x7f2cec13bf00 secure :-1 s=THROTTLE_DONE pgs=406 cs=0 l=1 rev1=1 crypto rx=0x7f2cdc00e8d0 tx=0x7f2cdc006e20 comp rx=0 tx=0).handle_read_frame_dispatch tag=17 ,
2021-09-07T02:26:53.307+0000 7f2cf1f97700 20 --2- 172.21.15.12:0/4061123598 >> [v2:172.21.15.12:3301/0,v1:172.21.15.12:6790/0] conn(0x7f2cec0a7380 0x7f2cec13bf00 secure :-1 s=THROTTLE_DONE pgs=406 cs=0 l=1 rev1=1 crypto rx=0x7f2cdc00e8d0 tx=0x7f2cdc006e20 comp rx=0 tx=0).handle_message Ignoring malparsed backtrace:
2021-09-07T02:26:53.309+0000 7f2cf1f97700 20 --2- 172.21.15.12:0/4061123598 >> [v2:172.21.15.12:3301/0,v1:172.21.15.12:6790/0] conn(0x7f2cec0a7380 0x7f2cec13bf00 secure :-1 s=THROTTLE_DONE pgs=406 cs=0 l=1 rev1=1 crypto rx=0x7f2cdc00e8d0 tx=0x7f2cdc006e20 comp rx=0 tx=0).read_frame_segment seg_idx=0 ,
2021-09-07T02:26:53.309+0000 7f2cf1f97700 20 --2- 172.21.15.12:0/4061123598 >> [v2:172.21.15.12:3301/0,v1:172.21.15.12:6790/0] conn(0x7f2cec0a7380 0x7f2cec13bf00 secure :-1 s=THROTTLE_DONE pgs=406 cs=0 l=1 rev1=1 crypto rx=0x7f2cdc00e8d0 tx=0x7f2cdc006e20 comp rx=0 tx=0).read_frame_segment seg_idx=1 ,
2021-09-07T02:26:53.309+0000 7f2cf1f97700 20 -- 172.21.15.12:0/4061123598 >> [v2:172.21.15.12:3301/0,v1:172.21.15.12:6790/0] conn(0x7f2cec0a7380 msgr2=0x7f2cec13bf00 secure :-1 s=STATE_CONNECTION_ESTABLISHED l=1).read start len=32 Ignoring malparsed backtrace:
2021-09-07T02:26:53.309+0000 7f2cf1796700 20 --2- 172.21.15.12:0/4061123598 >> v2:172.21.15.12:6800/31803 conn(0x7f2ccc05fea0 0x7f2ccc0623b0 unknown :-1 s=AUTH_CONNECTING pgs=0 cs=0 l=1 rev1=1 crypto rx=0 tx=0 comp rx=0 tx=0).read_frame_segment seg_idx=0 ,
2021-09-07T02:26:53.309+0000 7f2cf1796700 20 -- 172.21.15.12:0/4061123598 >> v2:172.21.15.12:6800/31803 conn(0x7f2ccc05fea0 msgr2=0x7f2ccc0623b0 unknown :-1 s=STATE_CONNECTION_ESTABLISHED l=1).read start len=120 ,
2021-09-07T02:26:53.309+0000 7f2cf1796700 20 --2- 172.21.15.12:0/4061123598 >> v2:172.21.15.12:6800/31803 conn(0x7f2ccc05fea0 0x7f2ccc0623b0 unknown :-1 s=AUTH_CONNECTING pgs=0 cs=0 l=1 rev1=1 crypto rx=0 tx=0 comp rx=0 tx=0).handle_read_frame_segment r=0 Ignoring malparsed backtrace:
2021-09-07T02:26:53.512+0000 7f2cf2798700 20 --2- 172.21.15.12:0/4061123598 >> v2:172.21.15.57:6803/32064 conn(0x7f2ccc066670 0x7f2ccc068ae0 unknown :-1 s=START_CONNECT pgs=0 cs=0 l=1 rev1=1 crypto rx=0 tx=0 comp rx=0 tx=0).start_client_banner_exchange ,
2021-09-07T02:26:53.512+0000 7f2cf2798700 20 --2- 172.21.15.12:0/4061123598 >> v2:172.21.15.57:6803/32064 conn(0x7f2ccc066670 0x7f2ccc068ae0 unknown :-1 s=BANNER_CONNECTING pgs=0 cs=0 l=1 rev1=1 crypto rx=0 tx=0 comp rx=0 tx=0)._banner_exchange ,
2021-09-07T02:26:53.512+0000 7f2cf2798700 10 -- 172.21.15.12:0/4061123598 >> v2:172.21.15.57:6803/32064 conn(0x7f2ccc066670 msgr2=0x7f2ccc068ae0 unknown :-1 s=STATE_CONNECTION_ESTABLISHED l=1)._try_send sent bytes 26 remaining bytes 0 Ignoring malparsed backtrace:
2021-09-07T02:26:54.717+0000 7f2cf2798700 20 EpollDriver.add_event add event fd=18 cur_mask=0 add_mask=1 to 4 ,
2021-09-07T02:26:54.717+0000 7f2cf2798700 20 Event(0x7f2cec0b1090 nevent=5000 time_id=11).create_file_event create event end fd=18 mask=1 current mask is 1 ,
2021-09-07T02:26:54.717+0000 7f2cf2798700 10 NetHandler reconnect reconnect: 114 Operation already in progress Ignoring malparsed backtrace:
2021-09-07T02:26:56.322+0000 7f2cf2798700 20 -- 172.21.15.12:0/4061123598 >> v2:172.21.15.57:6803/32064 conn(0x7f2ccc066670 msgr2=0x7f2ccc068ae0 unknown :-1 s=STATE_CONNECTION_ESTABLISHED l=1).read start len=40 ,
2021-09-07T02:26:56.322+0000 7f2cf2798700 20 --2- 172.21.15.12:0/4061123598 >> v2:172.21.15.57:6803/32064 conn(0x7f2ccc066670 0x7f2ccc068ae0 unknown :-1 s=HELLO_CONNECTING pgs=0 cs=0 l=1 rev1=1 crypto rx=0 tx=0 comp rx=0 tx=0).handle_read_frame_segment r=0 ,
2021-09-07T02:26:56.322+0000 7f2cf2798700 10 --2- 172.21.15.12:0/4061123598 >> v2:172.21.15.57:6803/32064 conn(0x7f2ccc066670 0x7f2ccc068ae0 unknown :-1 s=HELLO_CONNECTING pgs=0 cs=0 l=1 rev1=1 crypto rx=0 tx=0 comp rx=0 tx=0).handle_read_frame_dispatch tag=1 Ignoring malparsed backtrace:
2021-09-07T02:26:59.529+0000 7f2cf2798700 1 --2- 172.21.15.12:0/4061123598 >> v2:172.21.15.57:6803/32064 conn(0x7f2ccc066670 0x7f2ccc068ae0 unknown :-1 s=START_CONNECT pgs=0 cs=0 l=1 rev1=1 crypto rx=0 tx=0 comp rx=0 tx=0)._fault waiting 6.400000 ,
2021-09-07T02:27:03.309+0000 7f2cda7fc700 1 -- 172.21.15.12:0/4061123598 --> v2:172.21.15.57:6803/32064 -- ping magic: 0 v1 -- 0x7f2cbc003720 con 0x7f2ccc066670 ,
2021-09-07T02:27:03.309+0000 7f2cda7fc700 5 --2- 172.21.15.12:0/4061123598 >> v2:172.21.15.57:6803/32064 conn(0x7f2ccc066670 0x7f2ccc068ae0 unknown :-1 s=START_CONNECT pgs=0 cs=0 l=1 rev1=1 crypto rx=0 tx=0 comp rx=0 tx=0).send_message enqueueing message m=0x7f2cbc003720 type=2 ping magic: 0 v1 Ignoring malparsed backtrace:
2021-09-07T02:27:18.311+0000 7f2cda7fc700 5 --2- 172.21.15.12:0/4061123598 >> v2:172.21.15.57:6803/32064 conn(0x7f2ccc066670 0x7f2ccc068ae0 unknown :-1 s=START_CONNECT pgs=0 cs=0 l=1 rev1=1 crypto rx=0 tx=0 comp rx=0 tx=0).send_message enqueueing message m=0x7f2cbc003b70 type=2 ping magic: 0 v1 ,
2021-09-07T02:27:18.311+0000 7f2cda7fc700 15 --2- 172.21.15.12:0/4061123598 >> v2:172.21.15.57:6803/32064 conn(0x7f2ccc066670 0x7f2ccc068ae0 unknown :-1 s=START_CONNECT pgs=0 cs=0 l=1 rev1=1 crypto rx=0 tx=0 comp rx=0 tx=0).send_message inline write is denied, reschedule m=0x7f2cbc003b70 ,
2021-09-07T02:27:18.749+0000 7f2cf2798700 20 -- 172.21.15.12:0/4061123598 >> v2:172.21.15.57:6803/32064 conn(0x7f2ccc066670 msgr2=0x7f2ccc068ae0 unknown :-1 s=STATE_CONNECTING l=1).process Ignoring malparsed backtrace:
2021-09-07T02:27:33.767+0000 7f2cf2798700 20 -- 172.21.15.12:0/4061123598 >> v2:172.21.15.57:6803/32064 conn(0x7f2ccc066670 msgr2=0x7f2ccc068ae0 unknown :-1 s=STATE_CONNECTION_ESTABLISHED l=1).process ,
2021-09-07T02:27:33.767+0000 7f2cf2798700 20 -- 172.21.15.12:0/4061123598 >> v2:172.21.15.57:6803/32064 conn(0x7f2ccc066670 msgr2=0x7f2ccc068ae0 unknown :-1 s=STATE_CONNECTION_ESTABLISHED l=1).read continue len=10 ,
2021-09-07T02:27:33.767+0000 7f2cf2798700 20 --2- 172.21.15.12:0/4061123598 >> v2:172.21.15.57:6803/32064 conn(0x7f2ccc066670 0x7f2ccc068ae0 unknown :-1 s=BANNER_CONNECTING pgs=0 cs=0 l=1 rev1=1 crypto rx=0 tx=0 comp rx=0 tx=0)._handle_peer_banner r=0 Ignoring malparsed backtrace:
2021-09-07T02:27:48.784+0000 7f2cf2798700 20 --2- 172.21.15.12:0/4061123598 >> v2:172.21.15.57:6803/32064 conn(0x7f2ccc066670 0x7f2ccc068ae0 unknown :-1 s=BANNER_CONNECTING pgs=0 cs=0 l=1 rev1=1 crypto rx=0 tx=0 comp rx=0 tx=0)._handle_peer_banner r=0 ,
2021-09-07T02:27:48.784+0000 7f2cf2798700 20 -- 172.21.15.12:0/4061123598 >> v2:172.21.15.57:6803/32064 conn(0x7f2ccc066670 msgr2=0x7f2ccc068ae0 unknown :-1 s=STATE_CONNECTION_ESTABLISHED l=1).read start len=16 ,
2021-09-07T02:27:48.784+0000 7f2cf2798700 20 --2- 172.21.15.12:0/4061123598 >> v2:172.21.15.57:6803/32064 conn(0x7f2ccc066670 0x7f2ccc068ae0 unknown :-1 s=BANNER_CONNECTING pgs=0 cs=0 l=1 rev1=1 crypto rx=0 tx=0 comp rx=0 tx=0)._handle_peer_banner_payload r=0 Ignoring malparsed backtrace:
2021-09-07T02:28:03.802+0000 7f2cf2798700 10 -- 172.21.15.12:0/4061123598 >> v2:172.21.15.57:6803/32064 conn(0x7f2ccc066670 msgr2=0x7f2ccc068ae0 unknown :-1 s=STATE_CONNECTION_ESTABLISHED l=1)._try_send sent bytes 230 remaining bytes 0 ,
2021-09-07T02:28:03.802+0000 7f2cf2798700 20 --2- 172.21.15.12:0/4061123598 >> v2:172.21.15.57:6803/32064 conn(0x7f2ccc066670 0x7f2ccc068ae0 unknown :-1 s=AUTH_CONNECTING pgs=0 cs=0 l=1 rev1=1 crypto rx=0 tx=0 comp rx=0 tx=0).read_frame ,
2021-09-07T02:28:03.802+0000 7f2cf2798700 20 -- 172.21.15.12:0/4061123598 >> v2:172.21.15.57:6803/32064 conn(0x7f2ccc066670 msgr2=0x7f2ccc068ae0 unknown :-1 s=STATE_CONNECTION_ESTABLISHED l=1).read start len=32 Ignoring malparsed backtrace:
2021-09-07T02:28:18.823+0000 7f2cf2798700 20 -- 172.21.15.12:0/4061123598 >> v2:172.21.15.57:6803/32064 conn(0x7f2ccc066670 msgr2=0x7f2ccc068ae0 unknown :-1 s=STATE_CONNECTION_ESTABLISHED l=1).read start len=32 ,
2021-09-07T02:28:18.823+0000 7f2cf2798700 20 -- 172.21.15.12:0/4061123598 >> v2:172.21.15.57:6803/32064 conn(0x7f2ccc066670 msgr2=0x7f2ccc068ae0 unknown :-1 s=STATE_CONNECTION_ESTABLISHED l=1).process ,
2021-09-07T02:28:18.824+0000 7f2cf2798700 20 -- 172.21.15.12:0/4061123598 >> v2:172.21.15.57:6803/32064 conn(0x7f2ccc066670 msgr2=0x7f2ccc068ae0 unknown :-1 s=STATE_CONNECTION_ESTABLISHED l=1).read continue len=32 Ignoring malparsed backtrace:
2021-09-07T02:28:36.320+0000 7f2cf1f97700 10 --2- 172.21.15.12:0/4061123598 >> [v2:172.21.15.12:3301/0,v1:172.21.15.12:6790/0] conn(0x7f2cec0a7380 0x7f2cec13bf00 secure :-1 s=READY pgs=406 cs=0 l=1 rev1=1 crypto rx=0x7f2cdc00e8d0 tx=0x7f2cdc006e20 comp rx=0 tx=0).write_event ,
2021-09-07T02:28:36.320+0000 7f2cf1f97700 10 --2- 172.21.15.12:0/4061123598 >> [v2:172.21.15.12:3301/0,v1:172.21.15.12:6790/0] conn(0x7f2cec0a7380 0x7f2cec13bf00 secure :-1 s=READY pgs=406 cs=0 l=1 rev1=1 crypto rx=0x7f2cdc00e8d0 tx=0x7f2cdc006e20 comp rx=0 tx=0).write_event appending keepalive ,
2021-09-07T02:28:36.320+0000 7f2cf1f97700 15 authenticated_encrypt_update plaintext.length()=80 buffer.length()=80 Ignoring malparsed backtrace:
2021-09-07T02:28:53.345+0000 7fe62f649700 20 CompressorRegistry(0x7fe62805f470) adding algorithm method: zstd ,
2021-09-07T02:28:53.345+0000 7fe62f649700 20 CompressorRegistry(0x7fe62805f470) adding algorithm method: lz4 ,
2021-09-07T02:28:53.345+0000 7fe62f649700 20 CompressorRegistry(0x7fe62805f470) _parse_method_list snappy zlib zstd lz4 -> [1,2,3,4] Ignoring malparsed backtrace:
2021-09-07T02:28:53.347+0000 7fe62d3e5700 20 --2- >> [v2:172.21.15.12:3301/0,v1:172.21.15.12:6790/0] conn(0x7fe628139990 0x7fe6280a9ea0 unknown :-1 s=BANNER_CONNECTING pgs=0 cs=0 l=0 rev1=0 crypto rx=0 tx=0 comp rx=0 tx=0)._handle_peer_banner_payload r=0 ,
2021-09-07T02:28:53.347+0000 7fe62d3e5700 1 --2- >> [v2:172.21.15.12:3301/0,v1:172.21.15.12:6790/0] conn(0x7fe628139990 0x7fe6280a9ea0 unknown :-1 s=BANNER_CONNECTING pgs=0 cs=0 l=0 rev1=0 crypto rx=0 tx=0 comp rx=0 tx=0)._handle_peer_banner_payload supported=3 required=0 ,
2021-09-07T02:28:53.347+0000 7fe62d3e5700 10 -- >> [v2:172.21.15.12:3301/0,v1:172.21.15.12:6790/0] conn(0x7fe628139990 msgr2=0x7fe6280a9ea0 unknown :-1 s=STATE_CONNECTION_ESTABLISHED l=0)._try_send sent bytes 72 remaining bytes 0 Ignoring malparsed backtrace:
2021-09-07T02:28:53.348+0000 7fe62dbe6700 10 --1- 172.21.15.12:0/2652818734 >> v1:172.21.15.57:6789/0 conn(0x7fe6280a7380 0x7fe6280a87e0 :-1 s=CONNECTING_SEND_CONNECT_MSG pgs=369 cs=1 l=1).client_ready connect success 1, lossy = 1, features 4540138303579357183 ,
2021-09-07T02:28:53.348+0000 7fe62d3e5700 20 --2- 172.21.15.12:0/2652818734 >> [v2:172.21.15.12:3301/0,v1:172.21.15.12:6790/0] conn(0x7fe628139990 0x7fe6280a9ea0 unknown :-1 s=AUTH_CONNECTING pgs=0 cs=0 l=0 rev1=1 crypto rx=0 tx=0 comp rx=0 tx=0).handle_read_frame_preamble_main r=0 ,
2021-09-07T02:28:53.348+0000 7fe62dbe6700 10 --1- 172.21.15.12:0/2652818734 >> v1:172.21.15.57:6789/0 conn(0x7fe6280a7380 0x7fe6280a87e0 :-1 s=CONNECTING_SEND_CONNECT_MSG pgs=369 cs=1 l=1).client_ready no authorizer, clearing session_security Ignoring malparsed backtrace:
2021-09-07T02:28:53.348+0000 7fe62d3e5700 15 authenticated_encrypt_update plaintext.length()=64 buffer.length()=64 ,
2021-09-07T02:28:53.348+0000 7fe62d3e5700 15 authenticated_encrypt_update plaintext.length()=16 buffer.length()=80 ,
2021-09-07T02:28:53.348+0000 7fe62d3e5700 15 authenticated_encrypt_final buffer.length()=96 final_len=0 Ignoring malparsed backtrace:
2021-09-07T02:28:53.349+0000 7fe62f649700 20 Event(0x7fe628065190 nevent=5000 time_id=2).wakeup ,
2021-09-07T02:28:53.349+0000 7fe62dbe6700 5 --1- 172.21.15.12:0/2652818734 >> 172.21.15.12:0/2652818734 conn(0x7fe628063d60 0x7fe6280afeb0 :-1 s=CLOSED pgs=0 cs=0 l=0).reset_security ,
2021-09-07T02:28:53.349+0000 7fe62f649700 10 -- 172.21.15.12:0/2652818734 wait: waiting for dispatch queue Ignoring malparsed backtrace:
2021-09-07T02:28:53.352+0000 7fe62d3e5700 20 -- >> [v2:172.21.15.12:3301/0,v1:172.21.15.12:6790/0] conn(0x7fe6280a7380 msgr2=0x7fe6280a1b50 unknown :-1 s=STATE_CONNECTION_ESTABLISHED l=1).read continue len=10 ,
2021-09-07T02:28:53.352+0000 7fe62dbe6700 20 --2- >> [v2:172.21.15.57:3300/0,v1:172.21.15.57:6789/0] conn(0x7fe62813a300 0x7fe628148e00 unknown :-1 s=HELLO_CONNECTING pgs=0 cs=0 l=1 rev1=1 crypto rx=0 tx=0 comp rx=0 tx=0).read_frame ,
2021-09-07T02:28:53.352+0000 7fe62cbe4700 10 -- >> [v2:172.21.15.12:3300/0,v1:172.21.15.12:6789/0] conn(0x7fe628139990 msgr2=0x7fe6280a3080 unknown :-1 s=STATE_CONNECTION_ESTABLISHED l=1)._try_send sent bytes 72 remaining bytes 0 Ignoring malparsed backtrace:
2021-09-07T02:28:53.353+0000 7fe62dbe6700 20 -- 172.21.15.12:0/3689118150 >> [v2:172.21.15.57:3300/0,v1:172.21.15.57:6789/0] conn(0x7fe62813a300 msgr2=0x7fe628148e00 unknown :-1 s=STATE_CONNECTION_ESTABLISHED l=1).read start len=844 ,
2021-09-07T02:28:53.353+0000 7fe62dbe6700 20 --2- 172.21.15.12:0/3689118150 >> [v2:172.21.15.57:3300/0,v1:172.21.15.57:6789/0] conn(0x7fe62813a300 0x7fe628148e00 unknown :-1 s=AUTH_CONNECTING pgs=0 cs=0 l=1 rev1=1 crypto rx=0 tx=0 comp rx=0 tx=0).handle_read_frame_segment r=0 ,
2021-09-07T02:28:53.353+0000 7fe62dbe6700 10 --2- 172.21.15.12:0/3689118150 >> [v2:172.21.15.57:3300/0,v1:172.21.15.57:6789/0] conn(0x7fe62813a300 0x7fe628148e00 unknown :-1 s=AUTH_CONNECTING pgs=0 cs=0 l=1 rev1=1 crypto rx=0 tx=0 comp rx=0 tx=0).handle_read_frame_dispatch tag=6 Ignoring malparsed backtrace:
2021-09-07T02:28:53.353+0000 7fe62cbe4700 15 authenticated_encrypt_final buffer.length()=96 final_len=0 ,
2021-09-07T02:28:53.353+0000 7fe62cbe4700 5 --2- 172.21.15.12:0/3689118150 >> [v2:172.21.15.12:3300/0,v1:172.21.15.12:6789/0] conn(0x7fe628139990 0x7fe6280a3080 secure :-1 s=READY pgs=629 cs=0 l=1 rev1=1 crypto rx=0x7fe61c038180 tx=0x7fe61c015040 comp rx=0 tx=0).write_message sending message m=0x7fe624009570 seq=2 mon_subscribe({config=0+,monmap=0+}) v3 ,
2021-09-07T02:28:53.353+0000 7fe62cbe4700 20 --2- 172.21.15.12:0/3689118150 >> [v2:172.21.15.12:3300/0,v1:172.21.15.12:6789/0] conn(0x7fe628139990 0x7fe6280a3080 secure :-1 s=READY pgs=629 cs=0 l=1 rev1=1 crypto rx=0x7fe61c038180 tx=0x7fe61c015040 comp rx=0 tx=0).write_message sending m=0x7fe624009570 seq=2 src=client.? off=0 Ignoring malparsed backtrace:
2021-09-07T02:28:53.354+0000 7fe62cbe4700 20 --2- 172.21.15.12:0/3689118150 >> [v2:172.21.15.12:3300/0,v1:172.21.15.12:6789/0] conn(0x7fe628139990 0x7fe6280a3080 secure :-1 s=THROTTLE_MESSAGE pgs=629 cs=0 l=1 rev1=1 crypto rx=0x7fe61c038180 tx=0x7fe61c015040 comp rx=0 tx=0).throttle_message ,
2021-09-07T02:28:53.354+0000 7fe62cbe4700 20 --2- 172.21.15.12:0/3689118150 >> [v2:172.21.15.12:3300/0,v1:172.21.15.12:6789/0] conn(0x7fe628139990 0x7fe6280a3080 secure :-1 s=THROTTLE_BYTES pgs=629 cs=0 l=1 rev1=1 crypto rx=0x7fe61c038180 tx=0x7fe61c015040 comp rx=0 tx=0).throttle_bytes ,
2021-09-07T02:28:53.354+0000 7fe62cbe4700 20 --2- 172.21.15.12:0/3689118150 >> [v2:172.21.15.12:3300/0,v1:172.21.15.12:6789/0] conn(0x7fe628139990 0x7fe6280a3080 secure :-1 s=THROTTLE_DISPATCH_QUEUE pgs=629 cs=0 l=1 rev1=1 crypto rx=0x7fe61c038180 tx=0x7fe61c015040 comp rx=0 tx=0).throttle_dispatch_queue Ignoring malparsed backtrace:
2021-09-07T02:28:53.356+0000 7fe6157fa700 10 -- 172.21.15.12:0/3689118150 connect_to v2:172.21.15.57:6805/32101 new 0x7fe608066670 ,
2021-09-07T02:28:53.356+0000 7fe62dbe6700 20 -- 172.21.15.12:0/3689118150 >> v2:172.21.15.57:6805/32101 conn(0x7fe608066670 msgr2=0x7fe608068ae0 unknown :-1 s=STATE_CONNECTING l=1).process ,
2021-09-07T02:28:53.356+0000 7fe6157fa700 1 -- 172.21.15.12:0/3689118150 --> v2:172.21.15.57:6805/32101 -- command(tid 1: {"prefix": "get_command_descriptions"}) v1 -- 0x7fe608069170 con 0x7fe608066670 Ignoring malparsed backtrace:
2021-09-07T02:28:53.356+0000 7fe62d3e5700 5 --2- 172.21.15.12:0/3689118150 >> v2:172.21.15.12:6800/31803 conn(0x7fe60805fea0 0x7fe6080623b0 secure :-1 s=SESSION_CONNECTING pgs=0 cs=0 l=1 rev1=1 crypto rx=0x7fe6280b0c70 tx=0x7fe624015000 comp rx=0 tx=0).handle_server_ident received server identification: addrs=v2:172.21.15.12:6800/31803 gid=4104 global_seq=284 features_supported=3f01cfbb7ffdffff features_required=800000000000000 flags=1 cookie=0 ,
2021-09-07T02:28:53.356+0000 7fe62dbe6700 20 -- 172.21.15.12:0/3689118150 >> v2:172.21.15.57:6805/32101 conn(0x7fe608066670 msgr2=0x7fe608068ae0 unknown :-1 s=STATE_CONNECTION_ESTABLISHED l=1).process ,
2021-09-07T02:28:53.356+0000 7fe62d3e5700 10 --2- 172.21.15.12:0/3689118150 >> v2:172.21.15.12:6800/31803 conn(0x7fe60805fea0 0x7fe6080623b0 secure :-1 s=SESSION_CONNECTING pgs=284 cs=0 l=1 rev1=1 crypto rx=0x7fe6280b0c70 tx=0x7fe624015000 comp rx=0 tx=0).handle_server_ident connect success 0, lossy = 1, features 4540138303579357183 Ignoring malparsed backtrace:
2021-09-07T02:28:53.960+0000 7fe62dbe6700 20 Event(0x7fe6280b1090 nevent=5000 time_id=9).create_file_event create event started fd=18 mask=1 original mask is 0 ,
2021-09-07T02:28:53.960+0000 7fe62dbe6700 20 EpollDriver.add_event add event fd=18 cur_mask=0 add_mask=1 to 4 ,
2021-09-07T02:28:53.960+0000 7fe62dbe6700 20 Event(0x7fe6280b1090 nevent=5000 time_id=9).create_file_event create event end fd=18 mask=1 current mask is 1 Ignoring malparsed backtrace:
2021-09-07T02:28:54.765+0000 7fe62dbe6700 20 --2- 172.21.15.12:0/3689118150 >> v2:172.21.15.57:6805/32101 conn(0x7fe608066670 0x7fe608068ae0 unknown :-1 s=AUTH_CONNECTING pgs=0 cs=0 l=1 rev1=1 crypto rx=0 tx=0 comp rx=0 tx=0).handle_read_frame_segment r=0 ,
2021-09-07T02:28:54.765+0000 7fe62dbe6700 10 --2- 172.21.15.12:0/3689118150 >> v2:172.21.15.57:6805/32101 conn(0x7fe608066670 0x7fe608068ae0 unknown :-1 s=AUTH_CONNECTING pgs=0 cs=0 l=1 rev1=1 crypto rx=0 tx=0 comp rx=0 tx=0).handle_read_frame_dispatch tag=3 ,
2021-09-07T02:28:54.765+0000 7fe62dbe6700 20 --2- 172.21.15.12:0/3689118150 >> v2:172.21.15.57:6805/32101 conn(0x7fe608066670 0x7fe608068ae0 unknown :-1 s=AUTH_CONNECTING pgs=0 cs=0 l=1 rev1=1 crypto rx=0 tx=0 comp rx=0 tx=0).handle_auth_bad_method payload.length()=28 Ignoring malparsed backtrace:
2021-09-07T02:28:58.354+0000 7fe62cbe4700 10 -- 172.21.15.12:0/3689118150 >> [v2:172.21.15.12:3300/0,v1:172.21.15.12:6789/0] conn(0x7fe628139990 msgr2=0x7fe6280a3080 secure :-1 s=STATE_CONNECTION_ESTABLISHED l=1)._try_send sent bytes 176 remaining bytes 0 ,
2021-09-07T02:28:58.354+0000 7fe62cbe4700 10 --2- 172.21.15.12:0/3689118150 >> [v2:172.21.15.12:3300/0,v1:172.21.15.12:6789/0] conn(0x7fe628139990 0x7fe6280a3080 secure :-1 s=READY pgs=629 cs=0 l=1 rev1=1 crypto rx=0x7fe61c038180 tx=0x7fe61c015040 comp rx=0 tx=0).write_message sending 0x7fe600003220 done. ,
2021-09-07T02:28:59.570+0000 7fe62dbe6700 20 -- 172.21.15.12:0/3689118150 >> v2:172.21.15.57:6805/32101 conn(0x7fe608066670 msgr2=0x7fe608068ae0 unknown :-1 s=STATE_CONNECTING l=1).process Ignoring malparsed backtrace:
2021-09-07T02:29:05.980+0000 7fe62dbe6700 20 -- 172.21.15.12:0/3689118150 >> v2:172.21.15.57:6805/32101 conn(0x7fe608066670 msgr2=0x7fe608068ae0 unknown :-1 s=STATE_CONNECTION_ESTABLISHED l=1).read start len=32 ,
2021-09-07T02:29:05.981+0000 7fe62dbe6700 20 -- 172.21.15.12:0/3689118150 >> v2:172.21.15.57:6805/32101 conn(0x7fe608066670 msgr2=0x7fe608068ae0 unknown :-1 s=STATE_CONNECTION_ESTABLISHED l=1).process ,
2021-09-07T02:29:05.981+0000 7fe62dbe6700 20 -- 172.21.15.12:0/3689118150 >> v2:172.21.15.57:6805/32101 conn(0x7fe608066670 msgr2=0x7fe608068ae0 unknown :-1 s=STATE_CONNECTION_ESTABLISHED l=1).read continue len=32 Ignoring malparsed backtrace:
2021-09-07T02:29:18.790+0000 7fe62dbe6700 20 -- 172.21.15.12:0/3689118150 >> v2:172.21.15.57:6805/32101 conn(0x7fe608066670 msgr2=0x7fe608068ae0 unknown :-1 s=STATE_CONNECTION_ESTABLISHED l=1).read continue len=32 ,
2021-09-07T02:29:18.790+0000 7fe62dbe6700 20 --2- 172.21.15.12:0/3689118150 >> v2:172.21.15.57:6805/32101 conn(0x7fe608066670 0x7fe608068ae0 unknown :-1 s=AUTH_CONNECTING pgs=0 cs=0 l=1 rev1=1 crypto rx=0 tx=0 comp rx=0 tx=0).handle_read_frame_preamble_main r=0 ,
2021-09-07T02:29:18.790+0000 7fe62dbe6700 20 --2- 172.21.15.12:0/3689118150 >> v2:172.21.15.57:6805/32101 conn(0x7fe608066670 0x7fe608068ae0 unknown :-1 s=AUTH_CONNECTING pgs=0 cs=0 l=1 rev1=1 crypto rx=0 tx=0 comp rx=0 tx=0).read_frame_segment seg_idx=0 Ignoring malparsed backtrace:
2021-09-07T02:29:36.358+0000 7fe62cbe4700 15 authenticated_encrypt_update plaintext.length()=80 buffer.length()=80 ,
2021-09-07T02:29:36.358+0000 7fe62cbe4700 15 authenticated_encrypt_final buffer.length()=96 final_len=0 ,
