2021-09-07T02:23:55.597+0000 7f7eee7fc700 20 -- 172.21.15.12:0/1585629930 >> v2:172.21.15.12:6800/31803 conn(0x7f7ed005fea0 msgr2=0x7f7ed00623b0 secure :-1 s=STATE_CONNECTION_ESTABLISHED l=1).read start len=96 Ignoring malparsed backtrace:
2021-09-07T02:23:55.947+0000 7f3038a34700 10 -- connect_to v2:172.21.15.12:3300/0 new 0x7f30340664b0 ,
2021-09-07T02:23:55.947+0000 7f3038a34700 10 -- create_connect v1:172.21.15.12:6789/0, creating connection and registering ,
2021-09-07T02:23:55.947+0000 7f3031d9b700 20 -- >> v2:172.21.15.12:3300/0 conn(0x7f30340664b0 msgr2=0x7f30340aa6c0 unknown :-1 s=STATE_CONNECTING l=0).process Ignoring malparsed backtrace:
2021-09-07T02:23:55.947+0000 7f3032d9d700 10 --1- 172.21.15.12:0/2831648589 >> v1:172.21.15.12:6789/0 conn(0x7f30340a8ed0 0x7f303413a870 :-1 s=CONNECTING_SEND_CONNECT_MSG pgs=0 cs=0 l=0).discard_requeued_up_to 0 ,
2021-09-07T02:23:55.947+0000 7f3031d9b700 20 --2- 172.21.15.12:0/2831648589 >> v2:172.21.15.12:3300/0 conn(0x7f30340664b0 0x7f30340aa6c0 unknown :-1 s=HELLO_CONNECTING pgs=0 cs=0 l=0 rev1=1 crypto rx=0 tx=0 comp rx=0 tx=0).read_frame ,
2021-09-07T02:23:55.947+0000 7f3031d9b700 20 -- 172.21.15.12:0/2831648589 >> v2:172.21.15.12:3300/0 conn(0x7f30340664b0 msgr2=0x7f30340aa6c0 unknown :-1 s=STATE_CONNECTION_ESTABLISHED l=0).read start len=32 Ignoring malparsed backtrace:
2021-09-07T02:23:55.948+0000 7f303259c700 20 --1- 172.21.15.12:0/2831648589 >> v1:172.21.15.57:6789/0 conn(0x7f30340aa1f0 0x7f3034065450 :-1 s=OPENED pgs=363 cs=1 l=1).wait_message ,
2021-09-07T02:23:55.948+0000 7f3032d9d700 20 --1- 172.21.15.12:0/2831648589 >> v1:172.21.15.12:6789/0 conn(0x7f30340a8ed0 0x7f303413a870 :-1 s=READ_MESSAGE_FRONT pgs=601 cs=1 l=1).read_message_middle ,
2021-09-07T02:23:55.948+0000 7f303259c700 20 -- 172.21.15.12:0/2831648589 >> v1:172.21.15.57:6789/0 conn(0x7f30340aa1f0 legacy=0x7f3034065450 unknown :-1 s=STATE_CONNECTION_ESTABLISHED l=1).read start len=1 Ignoring malparsed backtrace:
2021-09-07T02:23:55.948+0000 7f3031d9b700 20 -- 172.21.15.12:0/2831648589 >> [v2:172.21.15.12:3300/0,v1:172.21.15.12:6789/0] conn(0x7f30340664b0 msgr2=0x7f30340aa6c0 secure :-1 s=STATE_CONNECTION_ESTABLISHED l=1).read start len=96 ,
2021-09-07T02:23:55.948+0000 7f3031d9b700 10 -- 172.21.15.12:0/2831648589 >> [v2:172.21.15.12:3300/0,v1:172.21.15.12:6789/0] conn(0x7f30340664b0 msgr2=0x7f30340aa6c0 secure :-1 s=STATE_CONNECTION_ESTABLISHED l=1).handle_write ,
2021-09-07T02:23:55.948+0000 7f3031d9b700 10 --2- 172.21.15.12:0/2831648589 >> [v2:172.21.15.12:3300/0,v1:172.21.15.12:6789/0] conn(0x7f30340664b0 0x7f30340aa6c0 secure :-1 s=READY pgs=602 cs=0 l=1 rev1=1 crypto rx=0x7f301c02d670 tx=0x7f301c006e20 comp rx=0 tx=0).write_event Ignoring malparsed backtrace:
2021-09-07T02:23:55.950+0000 7f3038a34700 5 -- 172.21.15.12:0/2831648589 shutdown_connections mark down v2:172.21.15.12:3300/0 0x7f30340664b0 ,
2021-09-07T02:23:55.950+0000 7f3038a34700 1 --2- 172.21.15.12:0/2831648589 >> [v2:172.21.15.12:3300/0,v1:172.21.15.12:6789/0] conn(0x7f30340664b0 0x7f30340aa6c0 unknown :-1 s=CLOSED pgs=602 cs=0 l=1 rev1=1 crypto rx=0 tx=0 comp rx=0 tx=0).stop ,
2021-09-07T02:23:55.950+0000 7f3038a34700 5 -- 172.21.15.12:0/2831648589 shutdown_connections delete 0x7f30340664b0 Ignoring malparsed backtrace:
2021-09-07T02:23:55.952+0000 7f3031d9b700 10 -- >> [v2:172.21.15.57:3300/0,v1:172.21.15.57:6789/0] conn(0x7f30340a8ed0 msgr2=0x7f30340a78e0 unknown :-1 s=STATE_CONNECTING_RE l=1).process connect successfully, ready to send banner ,
2021-09-07T02:23:55.952+0000 7f303259c700 20 --2- >> [v2:172.21.15.12:3301/0,v1:172.21.15.12:6790/0] conn(0x7f30340664b0 0x7f303413e350 unknown :-1 s=BANNER_CONNECTING pgs=0 cs=0 l=1 rev1=0 crypto rx=0 tx=0 comp rx=0 tx=0)._handle_peer_banner_payload r=0 ,
2021-09-07T02:23:55.952+0000 7f3031d9b700 20 --2- >> [v2:172.21.15.57:3300/0,v1:172.21.15.57:6789/0] conn(0x7f30340a8ed0 0x7f30340a78e0 unknown :-1 s=START_CONNECT pgs=0 cs=0 l=1 rev1=0 crypto rx=0 tx=0 comp rx=0 tx=0).read_event Ignoring malparsed backtrace:
2021-09-07T02:23:55.953+0000 7f3032d9d700 20 --2- 172.21.15.12:0/2459339007 >> [v2:172.21.15.12:3300/0,v1:172.21.15.12:6789/0] conn(0x7f30340aa1f0 0x7f303413fec0 unknown :-1 s=AUTH_CONNECTING pgs=0 cs=0 l=1 rev1=1 crypto rx=0 tx=0 comp rx=0 tx=0).handle_read_frame_preamble_main r=0 ,
2021-09-07T02:23:55.953+0000 7f3032d9d700 20 --2- 172.21.15.12:0/2459339007 >> [v2:172.21.15.12:3300/0,v1:172.21.15.12:6789/0] conn(0x7f30340aa1f0 0x7f303413fec0 unknown :-1 s=AUTH_CONNECTING pgs=0 cs=0 l=1 rev1=1 crypto rx=0 tx=0 comp rx=0 tx=0).read_frame_segment seg_idx=0 ,
2021-09-07T02:23:55.953+0000 7f3032d9d700 20 -- 172.21.15.12:0/2459339007 >> [v2:172.21.15.12:3300/0,v1:172.21.15.12:6789/0] conn(0x7f30340aa1f0 msgr2=0x7f303413fec0 unknown :-1 s=STATE_CONNECTION_ESTABLISHED l=1).read start len=844 Ignoring malparsed backtrace:
2021-09-07T02:23:55.953+0000 7f3032d9d700 15 authenticated_encrypt_final buffer.length()=96 final_len=0 ,
2021-09-07T02:23:55.953+0000 7f3032d9d700 15 authenticated_encrypt_update plaintext.length()=64 buffer.length()=64 ,
2021-09-07T02:23:55.953+0000 7f3032d9d700 15 authenticated_encrypt_update plaintext.length()=16 buffer.length()=80 Ignoring malparsed backtrace:
2021-09-07T02:23:55.954+0000 7f3038a34700 1 -- 172.21.15.12:0/2459339007 --> [v2:172.21.15.12:3300/0,v1:172.21.15.12:6789/0] -- mon_get_version(what=osdmap handle=1) v1 -- 0x7f303405fbd0 con 0x7f30340aa1f0 ,
2021-09-07T02:23:55.954+0000 7f3038a34700 5 --2- 172.21.15.12:0/2459339007 >> [v2:172.21.15.12:3300/0,v1:172.21.15.12:6789/0] conn(0x7f30340aa1f0 0x7f303413fec0 secure :-1 s=READY pgs=603 cs=0 l=1 rev1=1 crypto rx=0x7f302400c610 tx=0x7f3024004a80 comp rx=0 tx=0).send_message enqueueing message m=0x7f303405fbd0 type=19 mon_get_version(what=osdmap handle=1) v1 ,
2021-09-07T02:23:55.954+0000 7f3038a34700 15 --2- 172.21.15.12:0/2459339007 >> [v2:172.21.15.12:3300/0,v1:172.21.15.12:6789/0] conn(0x7f30340aa1f0 0x7f303413fec0 secure :-1 s=READY pgs=603 cs=0 l=1 rev1=1 crypto rx=0x7f302400c610 tx=0x7f3024004a80 comp rx=0 tx=0).send_message inline write is denied, reschedule m=0x7f303405fbd0 Ignoring malparsed backtrace:
2021-09-07T02:23:55.955+0000 7f303259c700 20 -- 172.21.15.12:0/2459339007 >> v2:172.21.15.12:6800/31803 conn(0x7f301005fea0 msgr2=0x7f30100623b0 unknown :-1 s=STATE_CONNECTION_ESTABLISHED l=1).read start len=32 ,
2021-09-07T02:23:55.955+0000 7f303259c700 20 --2- 172.21.15.12:0/2459339007 >> v2:172.21.15.12:6800/31803 conn(0x7f301005fea0 0x7f30100623b0 unknown :-1 s=HELLO_CONNECTING pgs=0 cs=0 l=1 rev1=1 crypto rx=0 tx=0 comp rx=0 tx=0).handle_read_frame_preamble_main r=0 ,
2021-09-07T02:23:55.955+0000 7f303259c700 20 --2- 172.21.15.12:0/2459339007 >> v2:172.21.15.12:6800/31803 conn(0x7f301005fea0 0x7f30100623b0 unknown :-1 s=HELLO_CONNECTING pgs=0 cs=0 l=1 rev1=1 crypto rx=0 tx=0 comp rx=0 tx=0).read_frame_segment seg_idx=0 Ignoring malparsed backtrace:
2021-09-07T02:23:55.956+0000 7f303259c700 20 --2- 172.21.15.12:0/2459339007 >> v2:172.21.15.12:6800/31803 conn(0x7f301005fea0 0x7f30100623b0 secure :-1 s=SESSION_CONNECTING pgs=0 cs=0 l=1 rev1=1 crypto rx=0x7f30341385c0 tx=0x7f3028007bb0 comp rx=0 tx=0).handle_read_frame_segment r=0 ,
2021-09-07T02:23:55.956+0000 7f3031d9b700 10 -- 172.21.15.12:0/2459339007 >> v2:172.21.15.12:6806/32176 conn(0x7f3010066670 msgr2=0x7f3010068ae0 unknown :-1 s=STATE_CONNECTION_ESTABLISHED l=1)._try_send sent bytes 72 remaining bytes 0 ,
2021-09-07T02:23:55.956+0000 7f3031d9b700 20 --2- 172.21.15.12:0/2459339007 >> v2:172.21.15.12:6806/32176 conn(0x7f3010066670 0x7f3010068ae0 unknown :-1 s=HELLO_CONNECTING pgs=0 cs=0 l=1 rev1=1 crypto rx=0 tx=0 comp rx=0 tx=0).read_frame Ignoring malparsed backtrace:
2021-09-07T02:23:55.959+0000 7f3031d9b700 20 --2- 172.21.15.12:0/2459339007 >> v2:172.21.15.12:6806/32176 conn(0x7f3010066670 0x7f3010068ae0 crc :-1 s=THROTTLE_DONE pgs=16 cs=0 l=1 rev1=1 crypto rx=0 tx=0 comp rx=0 tx=0).handle_message ,
2021-09-07T02:23:55.959+0000 7f3031d9b700 5 --2- 172.21.15.12:0/2459339007 >> v2:172.21.15.12:6806/32176 conn(0x7f3010066670 0x7f3010068ae0 crc :-1 s=THROTTLE_DONE pgs=16 cs=0 l=1 rev1=1 crypto rx=0 tx=0 comp rx=0 tx=0).handle_message got 8 + 0 + 4441 byte message. envelope type=98 src osd.2 off 0 ,
2021-09-07T02:23:55.959+0000 7f3031d9b700 5 --2- 172.21.15.12:0/2459339007 >> v2:172.21.15.12:6806/32176 conn(0x7f3010066670 0x7f3010068ae0 crc :-1 s=READ_MESSAGE_COMPLETE pgs=16 cs=0 l=1 rev1=1 crypto rx=0 tx=0 comp rx=0 tx=0).handle_message received message m=0x7f3010069170 seq=1 from=osd.2 type=98 command_reply(tid 1: 0 ) v1 Ignoring malparsed backtrace:
2021-09-07T02:23:55.964+0000 7f3038a34700 10 -- 172.21.15.12:0/2459339007 wait: dispatch queue is stopped ,
2021-09-07T02:23:55.964+0000 7f3038a34700 1 -- 172.21.15.12:0/2459339007 shutdown_connections ,
2021-09-07T02:23:55.964+0000 7f3038a34700 5 -- 172.21.15.12:0/2459339007 shutdown_connections delete 0x7f3034063320 Ignoring malparsed backtrace:
2021-09-07T02:23:56.532+0000 7f42dbfff700 20 --2- >> v2:172.21.15.57:3300/0 conn(0x7f42dc0a3440 0x7f42dc13a0e0 unknown :-1 s=START_CONNECT pgs=0 cs=0 l=0 rev1=0 crypto rx=0 tx=0 comp rx=0 tx=0).start_client_banner_exchange ,
2021-09-07T02:23:56.532+0000 7f42dbfff700 20 --2- >> v2:172.21.15.57:3300/0 conn(0x7f42dc0a3440 0x7f42dc13a0e0 unknown :-1 s=BANNER_CONNECTING pgs=0 cs=0 l=0 rev1=0 crypto rx=0 tx=0 comp rx=0 tx=0)._banner_exchange ,
2021-09-07T02:23:56.532+0000 7f42e0ff7700 20 --2- >> [v2:172.21.15.12:3301/0,v1:172.21.15.12:6790/0] conn(0x7f42dc0a3030 0x7f42dc139ba0 unknown :-1 s=BANNER_CONNECTING pgs=0 cs=0 l=0 rev1=0 crypto rx=0 tx=0 comp rx=0 tx=0)._handle_peer_banner r=0 Ignoring malparsed backtrace:
2021-09-07T02:23:56.532+0000 7f42dbfff700 20 -- 172.21.15.12:0/2343389776 >> v2:172.21.15.57:3300/0 conn(0x7f42dc0a3440 msgr2=0x7f42dc13a0e0 unknown :-1 s=STATE_CONNECTION_ESTABLISHED l=0).read start len=17 ,
2021-09-07T02:23:56.532+0000 7f42dbfff700 20 --2- 172.21.15.12:0/2343389776 >> v2:172.21.15.57:3300/0 conn(0x7f42dc0a3440 0x7f42dc13a0e0 unknown :-1 s=AUTH_CONNECTING pgs=0 cs=0 l=0 rev1=1 crypto rx=0 tx=0 comp rx=0 tx=0).handle_read_frame_segment r=0 ,
2021-09-07T02:23:56.532+0000 7f42dbfff700 10 --2- 172.21.15.12:0/2343389776 >> v2:172.21.15.57:3300/0 conn(0x7f42dc0a3440 0x7f42dc13a0e0 unknown :-1 s=AUTH_CONNECTING pgs=0 cs=0 l=0 rev1=1 crypto rx=0 tx=0 comp rx=0 tx=0).handle_read_frame_dispatch tag=4 Ignoring malparsed backtrace:
2021-09-07T02:23:56.533+0000 7f42e17f8700 5 --2- 172.21.15.12:0/2343389776 >> [v2:172.21.15.12:3300/0,v1:172.21.15.12:6789/0] conn(0x7f42dc136d00 0x7f42dc137110 secure :-1 s=READY pgs=604 cs=0 l=1 rev1=1 crypto rx=0x7f42dc0662e0 tx=0x7f42cc006f70 comp rx=0 tx=0).write_message sending message m=0x7f42dc137650 seq=1 mon_getmap magic: 0 v1 ,
2021-09-07T02:23:56.533+0000 7f42e17f8700 20 --2- 172.21.15.12:0/2343389776 >> [v2:172.21.15.12:3300/0,v1:172.21.15.12:6789/0] conn(0x7f42dc136d00 0x7f42dc137110 secure :-1 s=READY pgs=604 cs=0 l=1 rev1=1 crypto rx=0x7f42dc0662e0 tx=0x7f42cc006f70 comp rx=0 tx=0).write_message sending m=0x7f42dc137650 seq=1 src=client.? off=0 ,
2021-09-07T02:23:56.533+0000 7f42e17f8700 10 -- 172.21.15.12:0/2343389776 >> [v2:172.21.15.12:3300/0,v1:172.21.15.12:6789/0] conn(0x7f42dc136d00 msgr2=0x7f42dc137110 secure :-1 s=STATE_CONNECTION_ESTABLISHED l=1)._try_send sent bytes 96 remaining bytes 0 Ignoring malparsed backtrace:
2021-09-07T02:23:56.534+0000 7f42e325b700 2 --1- 172.21.15.12:0/2343389776 >> 172.21.15.12:0/2343389776 conn(0x7f42dc0afec0 0x7f42dc0b02d0 :-1 s=NONE pgs=0 cs=0 l=0).stop ,
2021-09-07T02:23:56.534+0000 7f42e325b700 5 --1- 172.21.15.12:0/2343389776 >> 172.21.15.12:0/2343389776 conn(0x7f42dc0afec0 0x7f42dc0b02d0 :-1 s=NONE pgs=0 cs=0 l=0).reset_recv_state ,
2021-09-07T02:23:56.534+0000 7f42e325b700 20 Event(0x7f42dc0b10a0 nevent=5000 time_id=3).wakeup Ignoring malparsed backtrace:
2021-09-07T02:23:56.536+0000 7f42e0ff7700 1 --2- >> [v2:172.21.15.12:3300/0,v1:172.21.15.12:6789/0] conn(0x7f42dc0a3030 0x7f42dc1363d0 unknown :-1 s=BANNER_CONNECTING pgs=0 cs=0 l=1 rev1=0 crypto rx=0 tx=0 comp rx=0 tx=0)._handle_peer_banner_payload supported=3 required=0 ,
2021-09-07T02:23:56.536+0000 7f42e17f8700 20 --2- >> [v2:172.21.15.12:3301/0,v1:172.21.15.12:6790/0] conn(0x7f42dc136d00 0x7f42dc1395c0 unknown :-1 s=BANNER_CONNECTING pgs=0 cs=0 l=1 rev1=0 crypto rx=0 tx=0 comp rx=0 tx=0)._handle_peer_banner r=0 ,
2021-09-07T02:23:56.536+0000 7f42e17f8700 20 -- >> [v2:172.21.15.12:3301/0,v1:172.21.15.12:6790/0] conn(0x7f42dc136d00 msgr2=0x7f42dc1395c0 unknown :-1 s=STATE_CONNECTION_ESTABLISHED l=1).read start len=16 Ignoring malparsed backtrace:
2021-09-07T02:23:56.537+0000 7f42e17f8700 20 --2- 172.21.15.12:0/406722257 >> [v2:172.21.15.12:3301/0,v1:172.21.15.12:6790/0] conn(0x7f42dc136d00 0x7f42dc1395c0 unknown :-1 s=AUTH_CONNECTING pgs=0 cs=0 l=1 rev1=1 crypto rx=0 tx=0 comp rx=0 tx=0).handle_read_frame_preamble_main r=0 ,
2021-09-07T02:23:56.537+0000 7f42e0ff7700 20 -- 172.21.15.12:0/406722257 >> [v2:172.21.15.12:3300/0,v1:172.21.15.12:6789/0] conn(0x7f42dc0a3030 msgr2=0x7f42dc1363d0 unknown :-1 s=STATE_CONNECTION_ESTABLISHED l=1).process ,
2021-09-07T02:23:56.537+0000 7f42e0ff7700 20 -- 172.21.15.12:0/406722257 >> [v2:172.21.15.12:3300/0,v1:172.21.15.12:6789/0] conn(0x7f42dc0a3030 msgr2=0x7f42dc1363d0 unknown :-1 s=STATE_CONNECTION_ESTABLISHED l=1).read continue len=32 Ignoring malparsed backtrace:
2021-09-07T02:23:56.537+0000 7f42e0ff7700 5 --2- 172.21.15.12:0/406722257 >> [v2:172.21.15.12:3300/0,v1:172.21.15.12:6789/0] conn(0x7f42dc0a3030 0x7f42dc1363d0 secure :-1 s=READY pgs=605 cs=0 l=1 rev1=1 crypto rx=0x7f42d0030630 tx=0x7f42d0008040 comp rx=0 tx=0).write_message sending message m=0x7f42d000b140 seq=2 mon_subscribe({config=0+,monmap=0+}) v3 ,
2021-09-07T02:23:56.537+0000 7f42e0ff7700 20 --2- 172.21.15.12:0/406722257 >> [v2:172.21.15.12:3300/0,v1:172.21.15.12:6789/0] conn(0x7f42dc0a3030 0x7f42dc1363d0 secure :-1 s=READY pgs=605 cs=0 l=1 rev1=1 crypto rx=0x7f42d0030630 tx=0x7f42d0008040 comp rx=0 tx=0).write_message sending m=0x7f42d000b140 seq=2 src=client.? off=0 ,
2021-09-07T02:23:56.537+0000 7f42e0ff7700 10 -- 172.21.15.12:0/406722257 >> [v2:172.21.15.12:3300/0,v1:172.21.15.12:6789/0] conn(0x7f42dc0a3030 msgr2=0x7f42dc1363d0 secure :-1 s=STATE_CONNECTION_ESTABLISHED l=1)._try_send sent bytes 192 remaining bytes 0 Ignoring malparsed backtrace:
2021-09-07T02:23:56.538+0000 7f42e325b700 20 Event(0x7f42dc064740 nevent=5000 time_id=4).wakeup ,
2021-09-07T02:23:56.538+0000 7f42e0ff7700 20 -- 172.21.15.12:0/406722257 >> [v2:172.21.15.12:3300/0,v1:172.21.15.12:6789/0] conn(0x7f42dc0a3030 msgr2=0x7f42dc1363d0 secure :-1 s=STATE_CONNECTION_ESTABLISHED l=1).read continue len=96 ,
2021-09-07T02:23:56.538+0000 7f42e0ff7700 20 --2- 172.21.15.12:0/406722257 >> [v2:172.21.15.12:3300/0,v1:172.21.15.12:6789/0] conn(0x7f42dc0a3030 0x7f42dc1363d0 secure :-1 s=READY pgs=605 cs=0 l=1 rev1=1 crypto rx=0x7f42d0030630 tx=0x7f42d0008040 comp rx=0 tx=0).handle_read_frame_preamble_main r=0 Ignoring malparsed backtrace:
2021-09-07T02:23:56.540+0000 7f42dbfff700 20 --2- 172.21.15.12:0/406722257 >> v2:172.21.15.12:6800/31803 conn(0x7f42c405fea0 0x7f42c40623b0 unknown :-1 s=AUTH_CONNECTING pgs=0 cs=0 l=1 rev1=1 crypto rx=0 tx=0 comp rx=0 tx=0).handle_read_frame_segment r=0 ,
2021-09-07T02:23:56.540+0000 7f42dbfff700 10 --2- 172.21.15.12:0/406722257 >> v2:172.21.15.12:6800/31803 conn(0x7f42c405fea0 0x7f42c40623b0 unknown :-1 s=AUTH_CONNECTING pgs=0 cs=0 l=1 rev1=1 crypto rx=0 tx=0 comp rx=0 tx=0).handle_read_frame_dispatch tag=4 ,
2021-09-07T02:23:56.540+0000 7f42dbfff700 20 --2- 172.21.15.12:0/406722257 >> v2:172.21.15.12:6800/31803 conn(0x7f42c405fea0 0x7f42c40623b0 unknown :-1 s=AUTH_CONNECTING pgs=0 cs=0 l=1 rev1=1 crypto rx=0 tx=0 comp rx=0 tx=0).handle_auth_reply_more payload.length()=36 Ignoring malparsed backtrace:
2021-09-07T02:23:56.715+0000 7f42dbfff700 10 --2- 172.21.15.12:0/406722257 >> v2:172.21.15.12:6800/31803 conn(0x7f42c405fea0 0x7f42c40623b0 secure :-1 s=READY pgs=275 cs=0 l=1 rev1=1 crypto rx=0x7f42dc066840 tx=0x7f42c8009220 comp rx=0 tx=0).write_message sending 0x7f42dc0aae00 done. ,
2021-09-07T02:23:56.715+0000 7f42dbfff700 20 -- 172.21.15.12:0/406722257 >> v2:172.21.15.12:6800/31803 conn(0x7f42c405fea0 msgr2=0x7f42c40623b0 secure :-1 s=STATE_CONNECTION_ESTABLISHED l=1).process ,
2021-09-07T02:23:56.715+0000 7f42dbfff700 20 -- 172.21.15.12:0/406722257 >> v2:172.21.15.12:6800/31803 conn(0x7f42c405fea0 msgr2=0x7f42c40623b0 secure :-1 s=STATE_CONNECTION_ESTABLISHED l=1).read continue len=96 Ignoring malparsed backtrace:
2021-09-07T02:23:57.039+0000 7f5b357f0700 20 Event(0x7f5b30065190 nevent=5000 time_id=1).create_file_event create event end fd=11 mask=1 current mask is 1 ,
2021-09-07T02:23:57.039+0000 7f5b357f0700 10 stack operator() starting ,
2021-09-07T02:23:57.039+0000 7f5b38255700 10 -- ready Ignoring malparsed backtrace:
2021-09-07T02:23:57.040+0000 7f5b357f0700 20 --2- 172.21.15.12:0/2103365642 >> v2:172.21.15.12:3300/0 conn(0x7f5b3013a300 0x7f5b300a7e00 unknown :-1 s=HELLO_CONNECTING pgs=0 cs=0 l=0 rev1=1 crypto rx=0 tx=0 comp rx=0 tx=0).handle_read_frame_segment r=0 ,
2021-09-07T02:23:57.040+0000 7f5b367f2700 20 --1- 172.21.15.12:0/2103365642 >> v1:172.21.15.12:6789/0 conn(0x7f5b300a7380 0x7f5b300a87e0 :-1 s=CONNECTING_SEND_CONNECT_MSG pgs=0 cs=0 l=0).send_connect_message ,
2021-09-07T02:23:57.040+0000 7f5b357f0700 10 --2- 172.21.15.12:0/2103365642 >> v2:172.21.15.12:3300/0 conn(0x7f5b3013a300 0x7f5b300a7e00 unknown :-1 s=HELLO_CONNECTING pgs=0 cs=0 l=0 rev1=1 crypto rx=0 tx=0 comp rx=0 tx=0).handle_read_frame_dispatch tag=1 Ignoring malparsed backtrace:
2021-09-07T02:23:57.040+0000 7f5b357f0700 20 --2- 172.21.15.12:0/2103365642 >> v2:172.21.15.12:3300/0 conn(0x7f5b3013a300 0x7f5b300a7e00 unknown :-1 s=AUTH_CONNECTING pgs=0 cs=0 l=0 rev1=1 crypto rx=0 tx=0 comp rx=0 tx=0).read_frame_segment seg_idx=0 ,
2021-09-07T02:23:57.040+0000 7f5b357f0700 20 -- 172.21.15.12:0/2103365642 >> v2:172.21.15.12:3300/0 conn(0x7f5b3013a300 msgr2=0x7f5b300a7e00 unknown :-1 s=STATE_CONNECTION_ESTABLISHED l=0).read start len=294 ,
2021-09-07T02:23:57.040+0000 7f5b35ff1700 10 -- 172.21.15.12:0/2103365642 >> v2:172.21.15.57:3300/0 conn(0x7f5b30139990 msgr2=0x7f5b300a9ea0 unknown :-1 s=STATE_CONNECTION_ESTABLISHED l=0)._try_send sent bytes 76 remaining bytes 0 Ignoring malparsed backtrace:
2021-09-07T02:23:57.041+0000 7f5b357f0700 20 --2- 172.21.15.12:0/2103365642 >> v2:172.21.15.12:3300/0 conn(0x7f5b3013a300 0x7f5b300a7e00 secure :-1 s=SESSION_CONNECTING pgs=0 cs=0 l=0 rev1=1 crypto rx=0x7f5b300b0ae0 tx=0x7f5b24006e20 comp rx=0 tx=0).handle_server_ident payload.length()=123 ,
2021-09-07T02:23:57.041+0000 7f5b357f0700 5 --2- 172.21.15.12:0/2103365642 >> v2:172.21.15.12:3300/0 conn(0x7f5b3013a300 0x7f5b300a7e00 secure :-1 s=SESSION_CONNECTING pgs=0 cs=0 l=0 rev1=1 crypto rx=0x7f5b300b0ae0 tx=0x7f5b24006e20 comp rx=0 tx=0).handle_server_ident received server identification: addrs=[v2:172.21.15.12:3300/0,v1:172.21.15.12:6789/0] gid=0 global_seq=607 features_supported=3f01cfbb7ffdffff features_required=c01020042040000 flags=1 cookie=0 ,
2021-09-07T02:23:57.041+0000 7f5b357f0700 10 --2- 172.21.15.12:0/2103365642 >> [v2:172.21.15.12:3300/0,v1:172.21.15.12:6789/0] conn(0x7f5b3013a300 0x7f5b300a7e00 secure :-1 s=SESSION_CONNECTING pgs=607 cs=0 l=1 rev1=1 crypto rx=0x7f5b300b0ae0 tx=0x7f5b24006e20 comp rx=0 tx=0).handle_server_ident connect success 0, lossy = 1, features 4540138303579357183 Ignoring malparsed backtrace:
2021-09-07T02:23:57.042+0000 7f5b38255700 20 Event(0x7f5b300b1090 nevent=5000 time_id=3).wakeup ,
2021-09-07T02:23:57.042+0000 7f5b38255700 1 -- 172.21.15.12:0/2103365642 shutdown_connections ,
2021-09-07T02:23:57.042+0000 7f5b38255700 5 -- 172.21.15.12:0/2103365642 shutdown_connections mark down v1:172.21.15.12:6789/0 0x7f5b300a7380 Ignoring malparsed backtrace:
2021-09-07T02:23:57.044+0000 7f5b35ff1700 20 --2- >> [v2:172.21.15.57:3300/0,v1:172.21.15.57:6789/0] conn(0x7f5b300a7380 0x7f5b3013cc90 unknown :-1 s=BANNER_CONNECTING pgs=0 cs=0 l=1 rev1=0 crypto rx=0 tx=0 comp rx=0 tx=0)._banner_exchange ,
2021-09-07T02:23:57.044+0000 7f5b35ff1700 10 -- >> [v2:172.21.15.57:3300/0,v1:172.21.15.57:6789/0] conn(0x7f5b300a7380 msgr2=0x7f5b3013cc90 unknown :-1 s=STATE_CONNECTION_ESTABLISHED l=1)._try_send sent bytes 26 remaining bytes 0 ,
2021-09-07T02:23:57.044+0000 7f5b367f2700 10 -- >> [v2:172.21.15.12:3300/0,v1:172.21.15.12:6789/0] conn(0x7f5b3013a300 msgr2=0x7f5b300695c0 unknown :-1 s=STATE_CONNECTION_ESTABLISHED l=1)._try_send sent bytes 26 remaining bytes 0 Ignoring malparsed backtrace:
2021-09-07T02:23:57.045+0000 7f5b35ff1700 20 --2- 172.21.15.12:0/3774657832 >> [v2:172.21.15.57:3300/0,v1:172.21.15.57:6789/0] conn(0x7f5b300a7380 0x7f5b3013cc90 unknown :-1 s=AUTH_CONNECTING pgs=0 cs=0 l=1 rev1=1 crypto rx=0 tx=0 comp rx=0 tx=0).read_frame_segment seg_idx=0 ,
2021-09-07T02:23:57.045+0000 7f5b35ff1700 20 -- 172.21.15.12:0/3774657832 >> [v2:172.21.15.57:3300/0,v1:172.21.15.57:6789/0] conn(0x7f5b300a7380 msgr2=0x7f5b3013cc90 unknown :-1 s=STATE_CONNECTION_ESTABLISHED l=1).read start len=17 ,
2021-09-07T02:23:57.045+0000 7f5b35ff1700 20 --2- 172.21.15.12:0/3774657832 >> [v2:172.21.15.57:3300/0,v1:172.21.15.57:6789/0] conn(0x7f5b300a7380 0x7f5b3013cc90 unknown :-1 s=AUTH_CONNECTING pgs=0 cs=0 l=1 rev1=1 crypto rx=0 tx=0 comp rx=0 tx=0).handle_read_frame_segment r=0 Ignoring malparsed backtrace:
2021-09-07T02:23:57.045+0000 7f5b357f0700 5 --2- 172.21.15.12:0/3774657832 >> [v2:172.21.15.12:3301/0,v1:172.21.15.12:6790/0] conn(0x7f5b30139990 0x7f5b3006a980 secure :-1 s=READY pgs=395 cs=0 l=1 rev1=1 crypto rx=0x7f5b30065f80 tx=0x7f5b24014000 comp rx=0 tx=0).write_message sending message m=0x7f5b300689f0 seq=1 mon_getmap magic: 0 v1 ,
2021-09-07T02:23:57.045+0000 7f5b357f0700 20 --2- 172.21.15.12:0/3774657832 >> [v2:172.21.15.12:3301/0,v1:172.21.15.12:6790/0] conn(0x7f5b30139990 0x7f5b3006a980 secure :-1 s=READY pgs=395 cs=0 l=1 rev1=1 crypto rx=0x7f5b30065f80 tx=0x7f5b24014000 comp rx=0 tx=0).write_message sending m=0x7f5b300689f0 seq=1 src=client.? off=0 ,
2021-09-07T02:23:57.045+0000 7f5b357f0700 10 -- 172.21.15.12:0/3774657832 >> [v2:172.21.15.12:3301/0,v1:172.21.15.12:6790/0] conn(0x7f5b30139990 msgr2=0x7f5b3006a980 secure :-1 s=STATE_CONNECTION_ESTABLISHED l=1)._try_send sent bytes 96 remaining bytes 0 Ignoring malparsed backtrace:
2021-09-07T02:23:57.046+0000 7f5b357f0700 15 authenticated_encrypt_update plaintext.length()=48 buffer.length()=48 ,
2021-09-07T02:23:57.046+0000 7f5b357f0700 15 authenticated_encrypt_update plaintext.length()=16 buffer.length()=64 ,
2021-09-07T02:23:57.046+0000 7f5b357f0700 15 authenticated_encrypt_final buffer.length()=80 final_len=0 Ignoring malparsed backtrace:
2021-09-07T02:23:57.048+0000 7f5b35ff1700 20 -- 172.21.15.12:0/3774657832 >> v2:172.21.15.12:6800/31803 conn(0x7f5b1005fea0 msgr2=0x7f5b100623b0 unknown :-1 s=STATE_CONNECTION_ESTABLISHED l=1).read continue len=10 ,
2021-09-07T02:23:57.048+0000 7f5b35ff1700 20 --2- 172.21.15.12:0/3774657832 >> v2:172.21.15.12:6800/31803 conn(0x7f5b1005fea0 0x7f5b100623b0 unknown :-1 s=BANNER_CONNECTING pgs=0 cs=0 l=1 rev1=0 crypto rx=0 tx=0 comp rx=0 tx=0)._handle_peer_banner r=0 ,
2021-09-07T02:23:57.048+0000 7f5b35ff1700 20 -- 172.21.15.12:0/3774657832 >> v2:172.21.15.12:6800/31803 conn(0x7f5b1005fea0 msgr2=0x7f5b100623b0 unknown :-1 s=STATE_CONNECTION_ESTABLISHED l=1).read start len=16 Ignoring malparsed backtrace:
2021-09-07T02:23:57.049+0000 7f5b35ff1700 10 --2- 172.21.15.12:0/3774657832 >> v2:172.21.15.12:6800/31803 conn(0x7f5b1005fea0 0x7f5b100623b0 secure :-1 s=SESSION_CONNECTING pgs=0 cs=0 l=1 rev1=1 crypto rx=0x7f5b20011fd0 tx=0x7f5b20011720 comp rx=0 tx=0).handle_read_frame_dispatch tag=9 ,
2021-09-07T02:23:57.049+0000 7f5b35ff1700 20 --2- 172.21.15.12:0/3774657832 >> v2:172.21.15.12:6800/31803 conn(0x7f5b1005fea0 0x7f5b100623b0 secure :-1 s=SESSION_CONNECTING pgs=0 cs=0 l=1 rev1=1 crypto rx=0x7f5b20011fd0 tx=0x7f5b20011720 comp rx=0 tx=0).handle_server_ident payload.length()=88 ,
2021-09-07T02:23:57.049+0000 7f5b35ff1700 5 --2- 172.21.15.12:0/3774657832 >> v2:172.21.15.12:6800/31803 conn(0x7f5b1005fea0 0x7f5b100623b0 secure :-1 s=SESSION_CONNECTING pgs=0 cs=0 l=1 rev1=1 crypto rx=0x7f5b20011fd0 tx=0x7f5b20011720 comp rx=0 tx=0).handle_server_ident received server identification: addrs=v2:172.21.15.12:6800/31803 gid=4104 global_seq=276 features_supported=3f01cfbb7ffdffff features_required=800000000000000 flags=1 cookie=0 Ignoring malparsed backtrace:
2021-09-07T02:23:57.652+0000 7f5b367f2700 10 -- 172.21.15.12:0/3774657832 >> v2:172.21.15.12:6808/32177 conn(0x7f5b10066670 msgr2=0x7f5b10068ae0 unknown :-1 s=STATE_CONNECTING_RE l=1).process connect successfully, ready to send banner ,
2021-09-07T02:23:57.652+0000 7f5b367f2700 20 --2- 172.21.15.12:0/3774657832 >> v2:172.21.15.12:6808/32177 conn(0x7f5b10066670 0x7f5b10068ae0 unknown :-1 s=START_CONNECT pgs=0 cs=0 l=1 rev1=1 crypto rx=0 tx=0 comp rx=0 tx=0).read_event ,
2021-09-07T02:23:57.652+0000 7f5b367f2700 20 --2- 172.21.15.12:0/3774657832 >> v2:172.21.15.12:6808/32177 conn(0x7f5b10066670 0x7f5b10068ae0 unknown :-1 s=START_CONNECT pgs=0 cs=0 l=1 rev1=1 crypto rx=0 tx=0 comp rx=0 tx=0).start_client_banner_exchange Ignoring malparsed backtrace:
2021-09-07T02:24:00.045+0000 7f5b357f0700 15 authenticated_encrypt_final buffer.length()=96 final_len=0 ,
2021-09-07T02:24:00.045+0000 7f5b357f0700 10 -- 172.21.15.12:0/3774657832 >> [v2:172.21.15.12:3301/0,v1:172.21.15.12:6790/0] conn(0x7f5b30139990 msgr2=0x7f5b3006a980 secure :-1 s=STATE_CONNECTION_ESTABLISHED l=1)._try_send sent bytes 96 remaining bytes 0 ,
2021-09-07T02:24:00.045+0000 7f5b357f0700 20 -- 172.21.15.12:0/3774657832 >> [v2:172.21.15.12:3301/0,v1:172.21.15.12:6790/0] conn(0x7f5b30139990 msgr2=0x7f5b3006a980 secure :-1 s=STATE_CONNECTION_ESTABLISHED l=1).process Ignoring malparsed backtrace:
2021-09-07T02:24:03.264+0000 7f5b367f2700 20 -- 172.21.15.12:0/3774657832 >> v2:172.21.15.12:6808/32177 conn(0x7f5b10066670 msgr2=0x7f5b10068ae0 unknown :-1 s=STATE_CONNECTION_ESTABLISHED l=1).process ,
2021-09-07T02:24:03.264+0000 7f5b367f2700 20 -- 172.21.15.12:0/3774657832 >> v2:172.21.15.12:6808/32177 conn(0x7f5b10066670 msgr2=0x7f5b10068ae0 unknown :-1 s=STATE_CONNECTION_ESTABLISHED l=1).read continue len=32 ,
2021-09-07T02:24:03.264+0000 7f5b367f2700 20 --2- 172.21.15.12:0/3774657832 >> v2:172.21.15.12:6808/32177 conn(0x7f5b10066670 0x7f5b10068ae0 unknown :-1 s=HELLO_CONNECTING pgs=0 cs=0 l=1 rev1=1 crypto rx=0 tx=0 comp rx=0 tx=0).handle_read_frame_preamble_main r=0 Ignoring malparsed backtrace:
2021-09-07T02:24:12.049+0000 7f5b1e7fc700 5 --2- 172.21.15.12:0/3774657832 >> v2:172.21.15.12:6808/32177 conn(0x7f5b10066670 0x7f5b10068ae0 unknown :-1 s=START_CONNECT pgs=0 cs=0 l=1 rev1=1 crypto rx=0 tx=0 comp rx=0 tx=0).send_message enqueueing message m=0x7f5b08003890 type=2 ping magic: 0 v1 ,
2021-09-07T02:24:12.049+0000 7f5b1e7fc700 15 --2- 172.21.15.12:0/3774657832 >> v2:172.21.15.12:6808/32177 conn(0x7f5b10066670 0x7f5b10068ae0 unknown :-1 s=START_CONNECT pgs=0 cs=0 l=1 rev1=1 crypto rx=0 tx=0 comp rx=0 tx=0).send_message inline write is denied, reschedule m=0x7f5b08003890 ,
2021-09-07T02:24:17.050+0000 7f5b1e7fc700 1 -- 172.21.15.12:0/3774657832 --> v2:172.21.15.12:6808/32177 -- ping magic: 0 v1 -- 0x7f5b08003a00 con 0x7f5b10066670 Ignoring malparsed backtrace:
2021-09-07T02:24:37.503+0000 7f5b367f2700 20 -- 172.21.15.12:0/3774657832 >> v2:172.21.15.12:6808/32177 conn(0x7f5b10066670 msgr2=0x7f5b10068ae0 unknown :-1 s=STATE_CONNECTING l=1).process ,
2021-09-07T02:24:37.503+0000 7f5b367f2700 20 Event(0x7f5b300b1090 nevent=5000 time_id=21).create_file_event create event started fd=18 mask=1 original mask is 0 ,
2021-09-07T02:24:37.503+0000 7f5b367f2700 20 EpollDriver.add_event add event fd=18 cur_mask=0 add_mask=1 to 4 Ignoring malparsed backtrace:
2021-09-07T02:24:52.519+0000 7f5b367f2700 20 --2- 172.21.15.12:0/3774657832 >> v2:172.21.15.12:6808/32177 conn(0x7f5b10066670 0x7f5b10068ae0 unknown :-1 s=BANNER_CONNECTING pgs=0 cs=0 l=1 rev1=1 crypto rx=0 tx=0 comp rx=0 tx=0)._banner_exchange ,
2021-09-07T02:24:52.519+0000 7f5b367f2700 10 -- 172.21.15.12:0/3774657832 >> v2:172.21.15.12:6808/32177 conn(0x7f5b10066670 msgr2=0x7f5b10068ae0 unknown :-1 s=STATE_CONNECTION_ESTABLISHED l=1)._try_send sent bytes 26 remaining bytes 0 ,
2021-09-07T02:24:52.519+0000 7f5b367f2700 20 -- 172.21.15.12:0/3774657832 >> v2:172.21.15.12:6808/32177 conn(0x7f5b10066670 msgr2=0x7f5b10068ae0 unknown :-1 s=STATE_CONNECTION_ESTABLISHED l=1).read start len=10 Ignoring malparsed backtrace:
2021-09-07T02:24:52.523+0000 7f5b367f2700 10 -- 172.21.15.12:0/3774657832 >> v2:172.21.15.12:6808/32177 conn(0x7f5b10066670 msgr2=0x7f5b10068ae0 crc :-1 s=STATE_CONNECTION_ESTABLISHED l=1)._try_send sent bytes 77 remaining bytes 0 ,
2021-09-07T02:24:52.523+0000 7f5b367f2700 10 --2- 172.21.15.12:0/3774657832 >> v2:172.21.15.12:6808/32177 conn(0x7f5b10066670 0x7f5b10068ae0 crc :-1 s=READY pgs=18 cs=0 l=1 rev1=1 crypto rx=0 tx=0 comp rx=0 tx=0).write_message sending 0x7f5b08003890 done. ,
2021-09-07T02:24:52.523+0000 7f5b367f2700 20 --2- 172.21.15.12:0/3774657832 >> v2:172.21.15.12:6808/32177 conn(0x7f5b10066670 0x7f5b10068ae0 crc :-1 s=READY pgs=18 cs=0 l=1 rev1=1 crypto rx=0 tx=0 comp rx=0 tx=0).prepare_send_message m=ping magic: 0 v1 Ignoring malparsed backtrace:
2021-09-07T02:24:52.529+0000 7f5b367f2700 20 --2- 172.21.15.12:0/3774657832 >> v2:172.21.15.12:6808/32177 conn(0x7f5b10066670 0x7f5b10068ae0 crc :-1 s=THROTTLE_DONE pgs=18 cs=0 l=1 rev1=1 crypto rx=0 tx=0 comp rx=0 tx=0).handle_read_frame_segment r=0 ,
2021-09-07T02:24:52.529+0000 7f5b367f2700 20 --2- 172.21.15.12:0/3774657832 >> v2:172.21.15.12:6808/32177 conn(0x7f5b10066670 0x7f5b10068ae0 crc :-1 s=THROTTLE_DONE pgs=18 cs=0 l=1 rev1=1 crypto rx=0 tx=0 comp rx=0 tx=0).read_frame_segment seg_idx=2 ,
2021-09-07T02:24:52.529+0000 7f5b367f2700 20 --2- 172.21.15.12:0/3774657832 >> v2:172.21.15.12:6808/32177 conn(0x7f5b10066670 0x7f5b10068ae0 crc :-1 s=THROTTLE_DONE pgs=18 cs=0 l=1 rev1=1 crypto rx=0 tx=0 comp rx=0 tx=0).read_frame_segment seg_idx=3 Ignoring malparsed backtrace:
2021-09-07T02:24:52.763+0000 7fba4b7fe700 20 Event(0x7fba4c065fe0 nevent=5000 time_id=1).create_file_event create event end fd=11 mask=1 current mask is 1 ,
2021-09-07T02:24:52.763+0000 7fba4b7fe700 10 stack operator() starting ,
2021-09-07T02:24:52.763+0000 7fba5257d700 10 -- ready Ignoring malparsed backtrace:
2021-09-07T02:24:52.764+0000 7fba4bfff700 10 -- 172.21.15.12:0/837776444 >> v1:172.21.15.12:6789/0 conn(0x7fba4c06d1b0 legacy=0x7fba4c0a3fc0 unknown :-1 s=STATE_CONNECTION_ESTABLISHED l=0)._try_send sent bytes 136 remaining bytes 0 ,
2021-09-07T02:24:52.764+0000 7fba4b7fe700 20 --2- 172.21.15.12:0/837776444 >> v2:172.21.15.12:3300/0 conn(0x7fba4c0a46d0 0x7fba4c13d5e0 unknown :-1 s=AUTH_CONNECTING pgs=0 cs=0 l=0 rev1=1 crypto rx=0 tx=0 comp rx=0 tx=0).send_auth_request peer_type 1 auth_client 0x7fba5257be10 ,
2021-09-07T02:24:52.764+0000 7fba4bfff700 20 --1- 172.21.15.12:0/837776444 >> v1:172.21.15.12:6789/0 conn(0x7fba4c06d1b0 0x7fba4c0a3fc0 :-1 s=CONNECTING_WAIT_BANNER_AND_IDENTIFY pgs=0 cs=0 l=0).handle_my_addr_write r=0 Ignoring malparsed backtrace:
2021-09-07T02:24:52.764+0000 7fba4b7fe700 20 --2- 172.21.15.12:0/837776444 >> v2:172.21.15.57:3300/0 conn(0x7fba4c13db20 0x7fba4c13df30 unknown :-1 s=AUTH_CONNECTING pgs=0 cs=0 l=0 rev1=1 crypto rx=0 tx=0 comp rx=0 tx=0).discard_out_queue discard mon_getmap magic: 0 v1 ,
2021-09-07T02:24:52.764+0000 7fba4b7fe700 20 Event(0x7fba4c0ad510 nevent=5000 time_id=2).wakeup ,
2021-09-07T02:24:52.764+0000 7fba50b1a700 5 --2- 172.21.15.12:0/837776444 >> v2:172.21.15.57:3300/0 conn(0x7fba4c13db20 0x7fba4c13df30 unknown :-1 s=AUTH_CONNECTING pgs=0 cs=0 l=0 rev1=1 crypto rx=0 tx=0 comp rx=0 tx=0).reset_recv_state (warped) reseting crypto and compression handlers Ignoring malparsed backtrace:
2021-09-07T02:24:52.765+0000 7fba4b7fe700 5 --2- 172.21.15.12:0/837776444 >> [v2:172.21.15.12:3300/0,v1:172.21.15.12:6789/0] conn(0x7fba4c0a46d0 0x7fba4c13d5e0 secure :-1 s=THROTTLE_DONE pgs=613 cs=0 l=1 rev1=1 crypto rx=0x7fba4c06d700 tx=0x7fba3c006e20 comp rx=0 tx=0).handle_message got 413 + 0 + 0 byte message. envelope type=4 src mon.0 off 0 ,
2021-09-07T02:24:52.765+0000 7fba4b7fe700 5 --2- 172.21.15.12:0/837776444 >> [v2:172.21.15.12:3300/0,v1:172.21.15.12:6789/0] conn(0x7fba4c0a46d0 0x7fba4c13d5e0 secure :-1 s=READ_MESSAGE_COMPLETE pgs=613 cs=0 l=1 rev1=1 crypto rx=0x7fba4c06d700 tx=0x7fba3c006e20 comp rx=0 tx=0).handle_message received message m=0x7fba3c0050d0 seq=1 from=mon.0 type=4 mon_map magic: 0 v1 ,
2021-09-07T02:24:52.765+0000 7fba4b7fe700 20 -- 172.21.15.12:0/837776444 queue 0x7fba3c0050d0 prio 196 Ignoring malparsed backtrace:
2021-09-07T02:24:52.768+0000 7fba5257d700 1 --2- >> [v2:172.21.15.57:3300/0,v1:172.21.15.57:6789/0] conn(0x7fba4c06d1b0 0x7fba4c074440 unknown :-1 s=NONE pgs=0 cs=0 l=1 rev1=0 crypto rx=0 tx=0 comp rx=0 tx=0).connect ,
2021-09-07T02:24:52.768+0000 7fba5257d700 20 Event(0x7fba4c0645c0 nevent=5000 time_id=3).wakeup ,
2021-09-07T02:24:52.768+0000 7fba5257d700 10 -- create_connect 0x7fba4c06d1b0 [v2:172.21.15.57:3300/0,v1:172.21.15.57:6789/0] [v2:172.21.15.57:3300/0,v1:172.21.15.57:6789/0] Ignoring malparsed backtrace:
2021-09-07T02:24:52.768+0000 7fba50b1a700 20 --2- 172.21.15.12:0/3402410107 >> [v2:172.21.15.12:3301/0,v1:172.21.15.12:6790/0] conn(0x7fba4c13db20 0x7fba4c072c90 unknown :-1 s=AUTH_CONNECTING pgs=0 cs=0 l=1 rev1=1 crypto rx=0 tx=0 comp rx=0 tx=0).send_auth_request peer_type 1 auth_client 0x7fba4c05d128 ,
2021-09-07T02:24:52.768+0000 7fba4b7fe700 10 --2- 172.21.15.12:0/3402410107 >> [v2:172.21.15.12:3300/0,v1:172.21.15.12:6789/0] conn(0x7fba4c0a46d0 0x7fba4c11d900 unknown :-1 s=HELLO_CONNECTING pgs=0 cs=0 l=1 rev1=1 crypto rx=0 tx=0 comp rx=0 tx=0).handle_read_frame_dispatch tag=1 ,
2021-09-07T02:24:52.768+0000 7fba4bfff700 20 -- 172.21.15.12:0/3402410107 >> [v2:172.21.15.57:3300/0,v1:172.21.15.57:6789/0] conn(0x7fba4c06d1b0 msgr2=0x7fba4c074440 unknown :-1 s=STATE_CONNECTION_ESTABLISHED l=1).read start len=16 Ignoring malparsed backtrace:
2021-09-07T02:24:52.769+0000 7fba4bfff700 5 --2- 172.21.15.12:0/3402410107 >> [v2:172.21.15.57:3300/0,v1:172.21.15.57:6789/0] conn(0x7fba4c06d1b0 0x7fba4c074440 unknown :-1 s=CLOSED pgs=0 cs=0 l=1 rev1=1 crypto rx=0 tx=0 comp rx=0 tx=0).reset_compression ,
2021-09-07T02:24:52.769+0000 7fba4bfff700 20 EpollDriver.del_event del event fd=16 cur_mask=1 delmask=3 to 7 ,
2021-09-07T02:24:52.769+0000 7fba50b1a700 1 --2- 172.21.15.12:0/3402410107 >> [v2:172.21.15.12:3301/0,v1:172.21.15.12:6790/0] conn(0x7fba4c13db20 0x7fba4c072c90 unknown :-1 s=CLOSED pgs=0 cs=0 l=1 rev1=1 crypto rx=0 tx=0 comp rx=0 tx=0).handle_auth_done state changed! Ignoring malparsed backtrace:
2021-09-07T02:24:52.769+0000 7fba4b7fe700 20 -- 172.21.15.12:0/3402410107 >> [v2:172.21.15.12:3300/0,v1:172.21.15.12:6789/0] conn(0x7fba4c0a46d0 msgr2=0x7fba4c11d900 secure :-1 s=STATE_CONNECTION_ESTABLISHED l=1).read start len=32 ,
2021-09-07T02:24:52.769+0000 7fba2ffff700 1 -- 172.21.15.12:0/3402410107 <== mon.0 v2:172.21.15.12:3300/0 1 ==== mon_map magic: 0 v1 ==== 413+0+0 (secure 0 0 0) 0x7fba3c003ad0 con 0x7fba4c0a46d0 ,
2021-09-07T02:24:52.769+0000 7fba4b7fe700 20 --2- 172.21.15.12:0/3402410107 >> [v2:172.21.15.12:3300/0,v1:172.21.15.12:6789/0] conn(0x7fba4c0a46d0 0x7fba4c11d900 secure :-1 s=THROTTLE_DONE pgs=614 cs=0 l=1 rev1=1 crypto rx=0x7fba3c012000 tx=0x7fba3c013000 comp rx=0 tx=0).handle_read_frame_epilogue_main r=0 Ignoring malparsed backtrace:
2021-09-07T02:24:52.771+0000 7fba4b7fe700 20 --2- 172.21.15.12:0/3402410107 >> [v2:172.21.15.12:3300/0,v1:172.21.15.12:6789/0] conn(0x7fba4c0a46d0 0x7fba4c11d900 secure :-1 s=THROTTLE_DONE pgs=614 cs=0 l=1 rev1=1 crypto rx=0x7fba3c012000 tx=0x7fba3c013000 comp rx=0 tx=0).handle_message ,
2021-09-07T02:24:52.771+0000 7fba4b7fe700 5 --2- 172.21.15.12:0/3402410107 >> [v2:172.21.15.12:3300/0,v1:172.21.15.12:6789/0] conn(0x7fba4c0a46d0 0x7fba4c11d900 secure :-1 s=THROTTLE_DONE pgs=614 cs=0 l=1 rev1=1 crypto rx=0x7fba3c012000 tx=0x7fba3c013000 comp rx=0 tx=0).handle_message got 4126 + 0 + 0 byte message. envelope type=41 src mon.0 off 0 ,
2021-09-07T02:24:52.771+0000 7fba4b7fe700 5 --2- 172.21.15.12:0/3402410107 >> [v2:172.21.15.12:3300/0,v1:172.21.15.12:6789/0] conn(0x7fba4c0a46d0 0x7fba4c11d900 secure :-1 s=READ_MESSAGE_COMPLETE pgs=614 cs=0 l=1 rev1=1 crypto rx=0x7fba3c012000 tx=0x7fba3c013000 comp rx=0 tx=0).handle_message received message m=0x7fba3c09e040 seq=5 from=mon.0 type=41 osd_map(39..39 src has 1..39) v4 Ignoring malparsed backtrace:
2021-09-07T02:24:52.772+0000 7fba4bfff700 10 --2- 172.21.15.12:0/3402410107 >> v2:172.21.15.12:6800/31803 conn(0x7fba3405fea0 0x7fba340623b0 secure :-1 s=COMPRESSION_CONNECTING pgs=0 cs=0 l=1 rev1=1 crypto rx=0x7fba4c072c20 tx=0x7fba380031f0 comp rx=0 tx=0).handle_read_frame_dispatch tag=22 ,
2021-09-07T02:24:52.772+0000 7fba4bfff700 10 --2- 172.21.15.12:0/3402410107 >> v2:172.21.15.12:6800/31803 conn(0x7fba3405fea0 0x7fba340623b0 secure :-1 s=COMPRESSION_CONNECTING pgs=0 cs=0 l=1 rev1=1 crypto rx=0x7fba4c072c20 tx=0x7fba380031f0 comp rx=0 tx=0).handle_compression_done CompressionDoneFrame(is_compress=0, method=0) ,
2021-09-07T02:24:52.772+0000 7fba4bfff700 20 --2- 172.21.15.12:0/3402410107 >> v2:172.21.15.12:6800/31803 conn(0x7fba3405fea0 0x7fba340623b0 secure :-1 s=SESSION_CONNECTING pgs=0 cs=0 l=1 rev1=1 crypto rx=0x7fba4c072c20 tx=0x7fba380031f0 comp rx=0 tx=0).send_client_ident Ignoring malparsed backtrace:
2021-09-07T02:24:52.950+0000 7fba4bfff700 5 --2- 172.21.15.12:0/3402410107 >> v2:172.21.15.12:6800/31803 conn(0x7fba3405fea0 0x7fba340623b0 unknown :-1 s=CLOSED pgs=278 cs=0 l=1 rev1=1 crypto rx=0 tx=0 comp rx=0 tx=0).reset_compression ,
2021-09-07T02:24:52.950+0000 7fba4b7fe700 5 --2- 172.21.15.12:0/3402410107 >> [v2:172.21.15.12:3300/0,v1:172.21.15.12:6789/0] conn(0x7fba4c0a46d0 0x7fba4c11d900 secure :-1 s=CLOSED pgs=614 cs=0 l=1 rev1=1 crypto rx=0x7fba3c012000 tx=0x7fba3c013000 comp rx=0 tx=0).reset_recv_state (warped) reseting crypto and compression handlers ,
2021-09-07T02:24:52.950+0000 7fba4bfff700 20 EpollDriver.del_event del event fd=16 cur_mask=1 delmask=3 to 7 Ignoring malparsed backtrace:
2021-09-07T02:24:53.253+0000 7eff8e7fc700 20 EpollDriver.add_event add event fd=14 cur_mask=1 add_mask=2 to 10 ,
2021-09-07T02:24:53.253+0000 7eff8e7fc700 20 Event(0x7eff90065f80 nevent=5000 time_id=2).create_file_event create event end fd=14 mask=2 current mask is 3 ,
2021-09-07T02:24:53.253+0000 7eff95906700 15 --2- >> v2:172.21.15.12:3300/0 conn(0x7eff900a95c0 0x7eff900a7af0 unknown :-1 s=START_CONNECT pgs=0 cs=0 l=0 rev1=0 crypto rx=0 tx=0 comp rx=0 tx=0).send_message inline write is denied, reschedule m=0x7eff900a99d0 Ignoring malparsed backtrace:
2021-09-07T02:24:53.254+0000 7eff8f7fe700 20 --2- 172.21.15.12:0/1969956967 >> [v2:172.21.15.12:3301/0,v1:172.21.15.12:6790/0] conn(0x7eff90063320 0x7eff90063730 unknown :-1 s=AUTH_CONNECTING pgs=0 cs=0 l=0 rev1=1 crypto rx=0 tx=0 comp rx=0 tx=0).handle_read_frame_preamble_main r=0 ,
2021-09-07T02:24:53.254+0000 7eff8effd700 20 -- 172.21.15.12:0/1969956967 >> v2:172.21.15.12:3300/0 conn(0x7eff900a95c0 msgr2=0x7eff900a7af0 unknown :-1 s=STATE_CONNECTION_ESTABLISHED l=0).read start len=16 ,
2021-09-07T02:24:53.254+0000 7eff8f7fe700 20 --2- 172.21.15.12:0/1969956967 >> [v2:172.21.15.12:3301/0,v1:172.21.15.12:6790/0] conn(0x7eff90063320 0x7eff90063730 unknown :-1 s=AUTH_CONNECTING pgs=0 cs=0 l=0 rev1=1 crypto rx=0 tx=0 comp rx=0 tx=0).read_frame_segment seg_idx=0 Ignoring malparsed backtrace:
2021-09-07T02:24:53.254+0000 7eff8f7fe700 1 --2- 172.21.15.12:0/1969956967 >> [v2:172.21.15.12:3301/0,v1:172.21.15.12:6790/0] conn(0x7eff90063320 0x7eff90063730 secure :-1 s=READY pgs=399 cs=0 l=1 rev1=1 crypto rx=0x7eff9006a4c0 tx=0x7eff84009dd0 comp rx=0 tx=0).ready entity=mon.2 client_cookie=7fb393e2ce97b3da server_cookie=0 in_seq=0 out_seq=0 ,
2021-09-07T02:24:53.254+0000 7eff8f7fe700 20 --2- 172.21.15.12:0/1969956967 >> [v2:172.21.15.12:3301/0,v1:172.21.15.12:6790/0] conn(0x7eff90063320 0x7eff90063730 secure :-1 s=READY pgs=399 cs=0 l=1 rev1=1 crypto rx=0x7eff9006a4c0 tx=0x7eff84009dd0 comp rx=0 tx=0).read_frame ,
2021-09-07T02:24:53.254+0000 7eff8f7fe700 20 -- 172.21.15.12:0/1969956967 >> [v2:172.21.15.12:3301/0,v1:172.21.15.12:6790/0] conn(0x7eff90063320 msgr2=0x7eff90063730 secure :-1 s=STATE_CONNECTION_ESTABLISHED l=1).read start len=96 Ignoring malparsed backtrace:
2021-09-07T02:24:53.255+0000 7eff95906700 1 --2- 172.21.15.12:0/1969956967 >> v2:172.21.15.12:3300/0 conn(0x7eff900a95c0 0x7eff900a7af0 unknown :-1 s=CLOSED pgs=0 cs=0 l=0 rev1=1 crypto rx=0 tx=0 comp rx=0 tx=0).stop ,
2021-09-07T02:24:53.255+0000 7eff95906700 5 -- 172.21.15.12:0/1969956967 shutdown_connections mark down [v2:172.21.15.12:3301/0,v1:172.21.15.12:6790/0] 0x7eff90063320 ,
2021-09-07T02:24:53.255+0000 7eff95906700 1 --2- 172.21.15.12:0/1969956967 >> [v2:172.21.15.12:3301/0,v1:172.21.15.12:6790/0] conn(0x7eff90063320 0x7eff90063730 unknown :-1 s=CLOSED pgs=399 cs=0 l=1 rev1=1 crypto rx=0 tx=0 comp rx=0 tx=0).stop Ignoring malparsed backtrace:
2021-09-07T02:24:53.258+0000 7eff8effd700 20 --2- >> [v2:172.21.15.12:3301/0,v1:172.21.15.12:6790/0] conn(0x7eff90063320 0x7eff900a28b0 unknown :-1 s=HELLO_CONNECTING pgs=0 cs=0 l=1 rev1=1 crypto rx=0 tx=0 comp rx=0 tx=0).handle_read_frame_preamble_main r=0 ,
2021-09-07T02:24:53.258+0000 7eff8e7fc700 20 -- >> [v2:172.21.15.57:3300/0,v1:172.21.15.57:6789/0] conn(0x7eff90069bb0 msgr2=0x7eff90144a30 unknown :-1 s=STATE_CONNECTING_RE l=1).process ,
2021-09-07T02:24:53.258+0000 7eff8effd700 20 --2- >> [v2:172.21.15.12:3301/0,v1:172.21.15.12:6790/0] conn(0x7eff90063320 0x7eff900a28b0 unknown :-1 s=HELLO_CONNECTING pgs=0 cs=0 l=1 rev1=1 crypto rx=0 tx=0 comp rx=0 tx=0).read_frame_segment seg_idx=0 Ignoring malparsed backtrace:
2021-09-07T02:24:53.258+0000 7eff8e7fc700 20 -- 172.21.15.12:0/1011783029 >> [v2:172.21.15.57:3300/0,v1:172.21.15.57:6789/0] conn(0x7eff90069bb0 msgr2=0x7eff90144a30 unknown :-1 s=STATE_CONNECTION_ESTABLISHED l=1).process ,
2021-09-07T02:24:53.258+0000 7eff8e7fc700 20 -- 172.21.15.12:0/1011783029 >> [v2:172.21.15.57:3300/0,v1:172.21.15.57:6789/0] conn(0x7eff90069bb0 msgr2=0x7eff90144a30 unknown :-1 s=STATE_CONNECTION_ESTABLISHED l=1).read continue len=32 ,
2021-09-07T02:24:53.258+0000 7eff8f7fe700 20 --2- 172.21.15.12:0/1011783029 >> [v2:172.21.15.12:3300/0,v1:172.21.15.12:6789/0] conn(0x7eff900a95c0 0x7eff900a3680 unknown :-1 s=AUTH_CONNECTING pgs=0 cs=0 l=1 rev1=1 crypto rx=0 tx=0 comp rx=0 tx=0).handle_read_frame_segment r=0 Ignoring malparsed backtrace:
2021-09-07T02:24:53.259+0000 7eff8f7fe700 20 --2- 172.21.15.12:0/1011783029 >> [v2:172.21.15.12:3300/0,v1:172.21.15.12:6789/0] conn(0x7eff900a95c0 0x7eff900a3680 secure :-1 s=READY pgs=615 cs=0 l=1 rev1=1 crypto rx=0x7eff900ada40 tx=0x7eff84012000 comp rx=0 tx=0).prepare_send_message m=mon_subscribe({config=0+,monmap=0+}) v3 ,
2021-09-07T02:24:53.259+0000 7eff8f7fe700 20 --2- 172.21.15.12:0/1011783029 >> [v2:172.21.15.12:3300/0,v1:172.21.15.12:6789/0] conn(0x7eff900a95c0 0x7eff900a3680 secure :-1 s=READY pgs=615 cs=0 l=1 rev1=1 crypto rx=0x7eff900ada40 tx=0x7eff84012000 comp rx=0 tx=0).prepare_send_message encoding features 4540138303579357183 0x7eff84004aa0 mon_subscribe({config=0+,monmap=0+}) v3 ,
2021-09-07T02:24:53.259+0000 7eff8f7fe700 15 authenticated_encrypt_update plaintext.length()=80 buffer.length()=80 Ignoring malparsed backtrace:
2021-09-07T02:24:53.259+0000 7eff8f7fe700 15 authenticated_encrypt_final buffer.length()=80 final_len=0 ,
2021-09-07T02:24:53.259+0000 7eff8f7fe700 5 --2- 172.21.15.12:0/1011783029 >> [v2:172.21.15.12:3300/0,v1:172.21.15.12:6789/0] conn(0x7eff900a95c0 0x7eff900a3680 secure :-1 s=READY pgs=615 cs=0 l=1 rev1=1 crypto rx=0x7eff900ada40 tx=0x7eff84012000 comp rx=0 tx=0).write_message sending message m=0x7eff900a4030 seq=4 mon_subscribe({osdmap=0}) v3 ,
2021-09-07T02:24:53.259+0000 7eff8f7fe700 20 --2- 172.21.15.12:0/1011783029 >> [v2:172.21.15.12:3300/0,v1:172.21.15.12:6789/0] conn(0x7eff900a95c0 0x7eff900a3680 secure :-1 s=READY pgs=615 cs=0 l=1 rev1=1 crypto rx=0x7eff900ada40 tx=0x7eff84012000 comp rx=0 tx=0).write_message sending m=0x7eff900a4030 seq=4 src=client.5538 off=0 Ignoring malparsed backtrace:
2021-09-07T02:24:53.261+0000 7eff8effd700 20 -- 172.21.15.12:0/1011783029 >> v2:172.21.15.12:6800/31803 conn(0x7eff7005fea0 msgr2=0x7eff700623b0 unknown :-1 s=STATE_CONNECTION_ESTABLISHED l=1).read start len=16 ,
2021-09-07T02:24:53.261+0000 7eff8effd700 20 --2- 172.21.15.12:0/1011783029 >> v2:172.21.15.12:6800/31803 conn(0x7eff7005fea0 0x7eff700623b0 unknown :-1 s=BANNER_CONNECTING pgs=0 cs=0 l=1 rev1=0 crypto rx=0 tx=0 comp rx=0 tx=0)._handle_peer_banner_payload r=0 ,
2021-09-07T02:24:53.261+0000 7eff8effd700 1 --2- 172.21.15.12:0/1011783029 >> v2:172.21.15.12:6800/31803 conn(0x7eff7005fea0 0x7eff700623b0 unknown :-1 s=BANNER_CONNECTING pgs=0 cs=0 l=1 rev1=0 crypto rx=0 tx=0 comp rx=0 tx=0)._handle_peer_banner_payload supported=3 required=0 Ignoring malparsed backtrace:
2021-09-07T02:24:53.262+0000 7eff8effd700 20 --2- 172.21.15.12:0/1011783029 >> v2:172.21.15.12:6800/31803 conn(0x7eff7005fea0 0x7eff700623b0 secure :-1 s=SESSION_CONNECTING pgs=0 cs=0 l=1 rev1=1 crypto rx=0x7eff80006fd0 tx=0x7eff80008040 comp rx=0 tx=0).send_client_ident ,
2021-09-07T02:24:53.262+0000 7eff8effd700 5 --2- 172.21.15.12:0/1011783029 >> v2:172.21.15.12:6800/31803 conn(0x7eff7005fea0 0x7eff700623b0 secure :-1 s=SESSION_CONNECTING pgs=0 cs=0 l=1 rev1=1 crypto rx=0x7eff80006fd0 tx=0x7eff80008040 comp rx=0 tx=0).send_client_ident sending identification: addrs=172.21.15.12:0/1011783029 target=v2:172.21.15.12:6800/31803 gid=5538 global_seq=4 features_supported=3f01cfbb7ffdffff features_required=800000000001000 flags=1 cookie=0 ,
2021-09-07T02:24:53.262+0000 7eff8effd700 15 authenticated_encrypt_update plaintext.length()=80 buffer.length()=80 Ignoring malparsed backtrace:
2021-09-07T02:24:53.465+0000 7eff8e7fc700 1 --2- 172.21.15.12:0/1011783029 >> v2:172.21.15.57:6800/32027 conn(0x7eff70066670 0x7eff70068ae0 unknown :-1 s=AUTH_CONNECTING pgs=0 cs=0 l=1 rev1=1 crypto rx=0 tx=0 comp rx=0 tx=0).handle_auth_bad_method method=2 result (13) Permission denied, allowed methods=[2], allowed modes=[1,2] ,
2021-09-07T02:24:53.465+0000 7eff8e7fc700 10 --2- 172.21.15.12:0/1011783029 >> v2:172.21.15.57:6800/32027 conn(0x7eff70066670 0x7eff70068ae0 unknown :-1 s=AUTH_CONNECTING pgs=0 cs=0 l=1 rev1=1 crypto rx=0 tx=0 comp rx=0 tx=0)._fault ,
2021-09-07T02:24:53.465+0000 7eff8e7fc700 20 EpollDriver.del_event del event fd=17 cur_mask=1 delmask=3 to 10 Ignoring malparsed backtrace:
2021-09-07T02:24:54.669+0000 7eff8e7fc700 10 -- 172.21.15.12:0/1011783029 >> v2:172.21.15.57:6800/32027 conn(0x7eff70066670 msgr2=0x7eff70068ae0 unknown :-1 s=STATE_CONNECTION_ESTABLISHED l=1)._try_send sent bytes 230 remaining bytes 0 ,
2021-09-07T02:24:54.669+0000 7eff8e7fc700 20 --2- 172.21.15.12:0/1011783029 >> v2:172.21.15.57:6800/32027 conn(0x7eff70066670 0x7eff70068ae0 unknown :-1 s=AUTH_CONNECTING pgs=0 cs=0 l=1 rev1=1 crypto rx=0 tx=0 comp rx=0 tx=0).read_frame ,
2021-09-07T02:24:54.670+0000 7eff8e7fc700 20 -- 172.21.15.12:0/1011783029 >> v2:172.21.15.57:6800/32027 conn(0x7eff70066670 msgr2=0x7eff70068ae0 unknown :-1 s=STATE_CONNECTION_ESTABLISHED l=1).read start len=32 Ignoring malparsed backtrace:
2021-09-07T02:24:58.260+0000 7eff8f7fe700 20 --2- 172.21.15.12:0/1011783029 >> [v2:172.21.15.12:3300/0,v1:172.21.15.12:6789/0] conn(0x7eff900a95c0 0x7eff900a3680 secure :-1 s=READY pgs=615 cs=0 l=1 rev1=1 crypto rx=0x7eff900ada40 tx=0x7eff84012000 comp rx=0 tx=0).prepare_send_message encoding features 4540138303579357183 0x7eff68003220 mon_subscribe({osdmap=40}) v3 ,
2021-09-07T02:24:58.260+0000 7eff8f7fe700 15 authenticated_encrypt_update plaintext.length()=80 buffer.length()=80 ,
2021-09-07T02:24:58.260+0000 7eff8f7fe700 15 authenticated_encrypt_final buffer.length()=96 final_len=0 Ignoring malparsed backtrace:
2021-09-07T02:25:05.887+0000 7eff8e7fc700 10 --2- 172.21.15.12:0/1011783029 >> v2:172.21.15.57:6800/32027 conn(0x7eff70066670 0x7eff70068ae0 unknown :-1 s=HELLO_CONNECTING pgs=0 cs=0 l=1 rev1=1 crypto rx=0 tx=0 comp rx=0 tx=0).handle_read_frame_dispatch tag=1 ,
2021-09-07T02:25:05.887+0000 7eff8e7fc700 20 --2- 172.21.15.12:0/1011783029 >> v2:172.21.15.57:6800/32027 conn(0x7eff70066670 0x7eff70068ae0 unknown :-1 s=HELLO_CONNECTING pgs=0 cs=0 l=1 rev1=1 crypto rx=0 tx=0 comp rx=0 tx=0).handle_hello payload.length()=36 ,
2021-09-07T02:25:05.887+0000 7eff8e7fc700 5 --2- 172.21.15.12:0/1011783029 >> v2:172.21.15.57:6800/32027 conn(0x7eff70066670 0x7eff70068ae0 unknown :-1 s=HELLO_CONNECTING pgs=0 cs=0 l=1 rev1=1 crypto rx=0 tx=0 comp rx=0 tx=0).handle_hello received hello: peer_type=4 peer_addr_for_me=172.21.15.12:35286/0 Ignoring malparsed backtrace:
2021-09-07T02:25:18.702+0000 7eff8e7fc700 5 --2- 172.21.15.12:0/1011783029 >> v2:172.21.15.57:6800/32027 conn(0x7eff70066670 0x7eff70068ae0 unknown :-1 s=HELLO_CONNECTING pgs=0 cs=0 l=1 rev1=1 crypto rx=0 tx=0 comp rx=0 tx=0).handle_hello received hello: peer_type=4 peer_addr_for_me=172.21.15.12:35288/0 ,
2021-09-07T02:25:18.702+0000 7eff8e7fc700 5 --2- 172.21.15.12:0/1011783029 >> v2:172.21.15.57:6800/32027 conn(0x7eff70066670 0x7eff70068ae0 unknown :-1 s=HELLO_CONNECTING pgs=0 cs=0 l=1 rev1=1 crypto rx=0 tx=0 comp rx=0 tx=0).handle_hello getsockname says I am 172.21.15.12:35288 when talking to v2:172.21.15.57:6800/32027 ,
2021-09-07T02:25:18.702+0000 7eff8e7fc700 20 --2- 172.21.15.12:0/1011783029 >> v2:172.21.15.57:6800/32027 conn(0x7eff70066670 0x7eff70068ae0 unknown :-1 s=HELLO_CONNECTING pgs=0 cs=0 l=1 rev1=1 crypto rx=0 tx=0 comp rx=0 tx=0).post_client_banner_exchange Ignoring malparsed backtrace:
