2021-09-15T23:21:32.098 WARNING:scrape:Ignoring malparsed backtrace:
2021-09-15T13:16:38.299+0000 7f555effd700 20 -- 172.21.15.149:0/582648670 >> v2:172.21.15.200:6800/31399 conn(0x7f554005fea0 msgr2=0x7f55400623b0 unknown :-1 s=STATE_CONNECTING l=1).process ,
2021-09-15T13:16:38.299+0000 7f555effd700 20 Event(0x7f556006d3a0 nevent=5000 time_id=5).create_file_event create event started fd=16 mask=1 original mask is 0 ,
2021-09-15T13:16:38.299+0000 7f555effd700 20 EpollDriver.add_event add event fd=16 cur_mask=0 add_mask=1 to 7
2021-09-15T23:21:32.098 WARNING:scrape:Ignoring malparsed backtrace:
2021-09-15T13:16:38.300+0000 7f555effd700 5 --2- 172.21.15.149:0/582648670 >> v2:172.21.15.200:6800/31399 conn(0x7f554005fea0 0x7f55400623b0 secure :-1 s=SESSION_CONNECTING pgs=0 cs=0 l=1 rev1=1 crypto rx=0x7f555401afd0 tx=0x7f555401bcd0 comp rx=0 tx=0).handle_server_ident received server identification: addrs=v2:172.21.15.200:6800/31399 gid=4108 global_seq=307 features_supported=3f01cfbb7ffdffff features_required=800000000000000 flags=1 cookie=0 ,
2021-09-15T13:16:38.300+0000 7f555effd700 10 --2- 172.21.15.149:0/582648670 >> v2:172.21.15.200:6800/31399 conn(0x7f554005fea0 0x7f55400623b0 secure :-1 s=SESSION_CONNECTING pgs=307 cs=0 l=1 rev1=1 crypto rx=0x7f555401afd0 tx=0x7f555401bcd0 comp rx=0 tx=0).handle_server_ident connect success 0, lossy = 1, features 4540138303579357183 ,
2021-09-15T13:16:38.300+0000 7f555effd700 1 --2- 172.21.15.149:0/582648670 >> v2:172.21.15.200:6800/31399 conn(0x7f554005fea0 0x7f55400623b0 secure :-1 s=READY pgs=307 cs=0 l=1 rev1=1 crypto rx=0x7f555401afd0 tx=0x7f555401bcd0 comp rx=0 tx=0).ready entity=mgr.4108 client_cookie=0 server_cookie=0 in_seq=0 out_seq=0
2021-09-15T23:21:32.100 WARNING:scrape:Ignoring malparsed backtrace:
2021-09-15T13:16:38.468+0000 7f5565415700 5 -- 172.21.15.149:0/582648670 shutdown_connections delete 0x7f5560069880 ,
2021-09-15T13:16:38.468+0000 7f5565415700 5 -- 172.21.15.149:0/582648670 shutdown_connections delete 0x7f5560069c90 ,
2021-09-15T13:16:38.468+0000 7f5565415700 5 -- 172.21.15.149:0/582648670 shutdown_connections delete 0x7f5560135ba0
2021-09-15T23:21:32.101 WARNING:scrape:Ignoring malparsed backtrace:
2021-09-15T13:16:38.825+0000 7f4931d9b700 20 Event(0x7f4934066ae0 nevent=5000 time_id=2).create_file_event create event started fd=14 mask=1 original mask is 0 ,
2021-09-15T13:16:38.825+0000 7f4931d9b700 20 EpollDriver.add_event add event fd=14 cur_mask=0 add_mask=1 to 10 ,
2021-09-15T13:16:38.825+0000 7f4931d9b700 20 Event(0x7f4934066ae0 nevent=5000 time_id=2).create_file_event create event end fd=14 mask=1 current mask is 1
2021-09-15T23:21:32.102 WARNING:scrape:Ignoring malparsed backtrace:
2021-09-15T13:16:38.825+0000 7f4931d9b700 20 -- 172.21.15.149:0/953059161 >> v1:172.21.15.149:6789/0 conn(0x7f4934069460 legacy=0x7f4934069870 unknown :-1 s=STATE_CONNECTION_ESTABLISHED l=1).process ,
2021-09-15T13:16:38.825+0000 7f4932d9d700 10 -- 172.21.15.149:0/953059161 >> v1:172.21.15.200:6789/0 conn(0x7f49341398f0 legacy=0x7f4934139d00 unknown :-1 s=STATE_CONNECTION_ESTABLISHED l=0)._try_send sent bytes 33 remaining bytes 0 ,
2021-09-15T13:16:38.825+0000 7f493259c700 20 -- 172.21.15.149:0/953059161 >> v2:172.21.15.200:3300/0 conn(0x7f493406a780 msgr2=0x7f4934063510 unknown :-1 s=STATE_CONNECTION_ESTABLISHED l=0).read start len=40
2021-09-15T23:21:32.103 WARNING:scrape:Ignoring malparsed backtrace:
2021-09-15T13:16:38.826+0000 7f4932d9d700 20 -- 172.21.15.149:0/953059161 >> v1:172.21.15.200:6789/0 conn(0x7f49341398f0 legacy=0x7f4934139d00 unknown :-1 s=STATE_CONNECTION_ESTABLISHED l=1).read start len=1 ,
2021-09-15T13:16:38.826+0000 7f4931d9b700 20 --1- 172.21.15.149:0/953059161 >> v1:172.21.15.149:6789/0 conn(0x7f4934069460 0x7f4934069870 :-1 s=OPENED pgs=704 cs=1 l=1).wait_message ,
2021-09-15T13:16:38.826+0000 7f4931d9b700 20 -- 172.21.15.149:0/953059161 >> v1:172.21.15.149:6789/0 conn(0x7f4934069460 legacy=0x7f4934069870 unknown :-1 s=STATE_CONNECTION_ESTABLISHED l=1).read start len=1
2021-09-15T23:21:32.104 WARNING:scrape:Ignoring malparsed backtrace:
2021-09-15T13:16:38.826+0000 7f493259c700 20 --2- 172.21.15.149:0/953059161 >> v2:172.21.15.200:3300/0 conn(0x7f493406a780 0x7f4934063510 secure :-1 s=COMPRESSION_CONNECTING pgs=0 cs=0 l=0 rev1=1 crypto rx=0x7f4924009960 tx=0x7f4924009220 comp rx=0 tx=0).read_frame_segment seg_idx=0 ,
2021-09-15T13:16:38.826+0000 7f493259c700 10 --2- 172.21.15.149:0/953059161 >> v2:172.21.15.200:3300/0 conn(0x7f493406a780 0x7f4934063510 secure :-1 s=COMPRESSION_CONNECTING pgs=0 cs=0 l=0 rev1=1 crypto rx=0x7f4924009960 tx=0x7f4924009220 comp rx=0 tx=0).handle_read_frame_dispatch tag=22 ,
2021-09-15T13:16:38.826+0000 7f493259c700 10 --2- 172.21.15.149:0/953059161 >> v2:172.21.15.200:3300/0 conn(0x7f493406a780 0x7f4934063510 secure :-1 s=COMPRESSION_CONNECTING pgs=0 cs=0 l=0 rev1=1 crypto rx=0x7f4924009960 tx=0x7f4924009220 comp rx=0 tx=0).handle_compression_done CompressionDoneFrame(is_compress=0, method=0)
2021-09-15T23:21:32.105 WARNING:scrape:Ignoring malparsed backtrace:
2021-09-15T13:16:38.827+0000 7f493259c700 5 --2- 172.21.15.149:0/953059161 >> [v2:172.21.15.200:3300/0,v1:172.21.15.200:6789/0] conn(0x7f493406a780 0x7f4934063510 secure :-1 s=READ_MESSAGE_COMPLETE pgs=478 cs=0 l=1 rev1=1 crypto rx=0x7f4924009960 tx=0x7f4924009220 comp rx=0 tx=0).handle_message received message m=0x7f49240050f0 seq=3 from=mon.1 type=4 mon_map magic: 0 v1 ,
2021-09-15T13:16:38.827+0000 7f493259c700 20 -- 172.21.15.149:0/953059161 queue 0x7f49240050f0 prio 196 ,
2021-09-15T13:16:38.827+0000 7f493159a700 1 -- 172.21.15.149:0/953059161 <== mon.1 v2:172.21.15.200:3300/0 3 ==== mon_map magic: 0 v1 ==== 413+0+0 (secure 0 0 0) 0x7f49240050f0 con 0x7f493406a780
2021-09-15T23:21:32.106 WARNING:scrape:Ignoring malparsed backtrace:
2021-09-15T13:16:38.830+0000 7f4932d9d700 10 -- >> [v2:172.21.15.200:3300/0,v1:172.21.15.200:6789/0] conn(0x7f49341398f0 msgr2=0x7f4934134f80 unknown :-1 s=STATE_CONNECTING_RE l=1).process nonblock connect inprogress ,
2021-09-15T13:16:38.830+0000 7f4931d9b700 20 --2- >> [v2:172.21.15.149:3301/0,v1:172.21.15.149:6790/0] conn(0x7f493406a780 0x7f4934144f20 unknown :-1 s=START_CONNECT pgs=0 cs=0 l=1 rev1=0 crypto rx=0 tx=0 comp rx=0 tx=0).start_client_banner_exchange ,
2021-09-15T13:16:38.830+0000 7f4932d9d700 20 Event(0x7f49340adc30 nevent=5000 time_id=4).create_file_event create event started fd=18 mask=2 original mask is 1
2021-09-15T23:21:32.106 WARNING:scrape:Ignoring malparsed backtrace:
2021-09-15T13:16:38.830+0000 7f4931d9b700 20 --2- 172.21.15.149:0/4047364834 >> [v2:172.21.15.149:3301/0,v1:172.21.15.149:6790/0] conn(0x7f493406a780 0x7f4934144f20 unknown :-1 s=AUTH_CONNECTING pgs=0 cs=0 l=1 rev1=1 crypto rx=0 tx=0 comp rx=0 tx=0).read_frame_segment seg_idx=0 ,
2021-09-15T13:16:38.830+0000 7f493259c700 5 --2- 172.21.15.149:0/4047364834 >> [v2:172.21.15.149:3300/0,v1:172.21.15.149:6789/0] conn(0x7f4934069460 0x7f49340a4f80 unknown :-1 s=AUTH_CONNECTING pgs=0 cs=0 l=1 rev1=1 crypto rx=0 tx=0 comp rx=0 tx=0).handle_auth_reply_more auth reply more len=9 ,
2021-09-15T13:16:38.830+0000 7f4931d9b700 20 -- 172.21.15.149:0/4047364834 >> [v2:172.21.15.149:3301/0,v1:172.21.15.149:6790/0] conn(0x7f493406a780 msgr2=0x7f4934144f20 unknown :-1 s=STATE_CONNECTION_ESTABLISHED l=1).read start len=17
2021-09-15T23:21:32.107 WARNING:scrape:Ignoring malparsed backtrace:
2021-09-15T13:16:38.831+0000 7f493259c700 10 --2- 172.21.15.149:0/4047364834 >> [v2:172.21.15.149:3300/0,v1:172.21.15.149:6789/0] conn(0x7f4934069460 0x7f49340a4f80 secure :-1 s=SESSION_CONNECTING pgs=705 cs=0 l=1 rev1=1 crypto rx=0x7f492400b0e0 tx=0x7f4924015000 comp rx=0 tx=0).handle_server_ident connect success 0, lossy = 1, features 4540138303579357183 ,
2021-09-15T13:16:38.831+0000 7f493259c700 1 --2- 172.21.15.149:0/4047364834 >> [v2:172.21.15.149:3300/0,v1:172.21.15.149:6789/0] conn(0x7f4934069460 0x7f49340a4f80 secure :-1 s=READY pgs=705 cs=0 l=1 rev1=1 crypto rx=0x7f492400b0e0 tx=0x7f4924015000 comp rx=0 tx=0).ready entity=mon.0 client_cookie=0 server_cookie=0 in_seq=0 out_seq=0 ,
2021-09-15T13:16:38.831+0000 7f493259c700 20 --2- 172.21.15.149:0/4047364834 >> [v2:172.21.15.149:3300/0,v1:172.21.15.149:6789/0] conn(0x7f4934069460 0x7f49340a4f80 secure :-1 s=READY pgs=705 cs=0 l=1 rev1=1 crypto rx=0x7f492400b0e0 tx=0x7f4924015000 comp rx=0 tx=0).read_frame
2021-09-15T23:21:32.108 WARNING:scrape:Ignoring malparsed backtrace:
2021-09-15T13:16:38.831+0000 7f493259c700 5 --2- 172.21.15.149:0/4047364834 >> [v2:172.21.15.149:3300/0,v1:172.21.15.149:6789/0] conn(0x7f4934069460 0x7f49340a4f80 secure :-1 s=READY pgs=705 cs=0 l=1 rev1=1 crypto rx=0x7f492400b0e0 tx=0x7f4924015000 comp rx=0 tx=0).write_message sending message m=0x7f4934145da0 seq=3 mon_subscribe({mgrmap=0+}) v3 ,
2021-09-15T13:16:38.831+0000 7f493259c700 20 --2- 172.21.15.149:0/4047364834 >> [v2:172.21.15.149:3300/0,v1:172.21.15.149:6789/0] conn(0x7f4934069460 0x7f49340a4f80 secure :-1 s=READY pgs=705 cs=0 l=1 rev1=1 crypto rx=0x7f492400b0e0 tx=0x7f4924015000 comp rx=0 tx=0).write_message sending m=0x7f4934145da0 seq=3 src=client.5613 off=0 ,
2021-09-15T13:16:38.831+0000 7f493359e700 5 --2- 172.21.15.149:0/4047364834 >> [v2:172.21.15.149:3300/0,v1:172.21.15.149:6789/0] conn(0x7f4934069460 0x7f49340a4f80 secure :-1 s=READY pgs=705 cs=0 l=1 rev1=1 crypto rx=0x7f492400b0e0 tx=0x7f4924015000 comp rx=0 tx=0).send_message enqueueing message m=0x7f49341454e0 type=15 mon_subscribe({osdmap=0}) v3
2021-09-15T23:21:32.108 WARNING:scrape:Ignoring malparsed backtrace:
2021-09-15T13:16:38.834+0000 7f4931d9b700 20 --2- 172.21.15.149:0/4047364834 >> v2:172.21.15.200:6800/31399 conn(0x7f491005fea0 0x7f49100623b0 unknown :-1 s=BANNER_CONNECTING pgs=0 cs=0 l=1 rev1=0 crypto rx=0 tx=0 comp rx=0 tx=0)._handle_peer_banner r=0 ,
2021-09-15T13:16:38.834+0000 7f4931d9b700 20 -- 172.21.15.149:0/4047364834 >> v2:172.21.15.200:6800/31399 conn(0x7f491005fea0 msgr2=0x7f49100623b0 unknown :-1 s=STATE_CONNECTION_ESTABLISHED l=1).read start len=16 ,
2021-09-15T13:16:38.834+0000 7f4931d9b700 20 --2- 172.21.15.149:0/4047364834 >> v2:172.21.15.200:6800/31399 conn(0x7f491005fea0 0x7f49100623b0 unknown :-1 s=BANNER_CONNECTING pgs=0 cs=0 l=1 rev1=0 crypto rx=0 tx=0 comp rx=0 tx=0)._handle_peer_banner_payload r=0
2021-09-15T23:21:32.109 WARNING:scrape:Ignoring malparsed backtrace:
2021-09-15T13:16:38.837+0000 7f493259c700 20 --2- 172.21.15.149:0/4047364834 >> [v2:172.21.15.149:3300/0,v1:172.21.15.149:6789/0] conn(0x7f4934069460 0x7f49340a4f80 secure :-1 s=THROTTLE_DONE pgs=705 cs=0 l=1 rev1=1 crypto rx=0x7f492400b0e0 tx=0x7f4924015000 comp rx=0 tx=0).handle_message ,
2021-09-15T13:16:38.837+0000 7f493259c700 5 --2- 172.21.15.149:0/4047364834 >> [v2:172.21.15.149:3300/0,v1:172.21.15.149:6789/0] conn(0x7f4934069460 0x7f49340a4f80 secure :-1 s=THROTTLE_DONE pgs=705 cs=0 l=1 rev1=1 crypto rx=0x7f492400b0e0 tx=0x7f4924015000 comp rx=0 tx=0).handle_message got 72 + 0 + 153941 byte message. envelope type=51 src mon.0 off 0 ,
2021-09-15T13:16:38.837+0000 7f493259c700 5 --2- 172.21.15.149:0/4047364834 >> [v2:172.21.15.149:3300/0,v1:172.21.15.149:6789/0] conn(0x7f4934069460 0x7f49340a4f80 secure :-1 s=READ_MESSAGE_COMPLETE pgs=705 cs=0 l=1 rev1=1 crypto rx=0x7f492400b0e0 tx=0x7f4924015000 comp rx=0 tx=0).handle_message received message m=0x7f492404da90 seq=6 from=mon.0 type=51 mon_command_ack([{"prefix": "get_command_descriptions"}]=0 v0) v1
2021-09-15T23:21:32.110 WARNING:scrape:Ignoring malparsed backtrace:
2021-09-15T13:16:38.995+0000 7f493359e700 1 -- 172.21.15.149:0/4047364834 wait complete. ,
2021-09-15T13:16:38.996+0000 7f493359e700 20 Event(0x7f49340adc30 nevent=5000 time_id=4).wakeup ,
2021-09-15T13:16:38.996+0000 7f493359e700 20 Event(0x7f493406d190 nevent=5000 time_id=5).wakeup
2021-09-15T23:21:32.111 WARNING:scrape:Ignoring malparsed backtrace:
2021-09-15T13:16:39.355+0000 7f2758c44700 20 -- >> v1:172.21.15.149:6789/0 conn(0x7f27540aa010 legacy=0x7f27540a73e0 unknown :-1 s=STATE_CONNECTION_ESTABLISHED l=0).read continue len=281 ,
2021-09-15T13:16:39.355+0000 7f2759445700 20 EpollDriver.del_event del event fd=15 cur_mask=3 delmask=2 to 4 ,
2021-09-15T13:16:39.355+0000 7f2759445700 10 -- >> v1:172.21.15.200:6789/0 conn(0x7f275413d030 legacy=0x7f2754139d80 unknown :-1 s=STATE_CONNECTING_RE l=0).process connect successfully, ready to send banner
2021-09-15T23:21:32.112 WARNING:scrape:Ignoring malparsed backtrace:
2021-09-15T13:16:39.356+0000 7f2759445700 20 --1- 172.21.15.149:0/2913986785 >> v1:172.21.15.200:6789/0 conn(0x7f275413d030 0x7f2754139d80 :-1 s=CONNECTING_SEND_CONNECT_MSG pgs=0 cs=0 l=0).send_connect_message ,
2021-09-15T13:16:39.356+0000 7f2759445700 10 --1- 172.21.15.149:0/2913986785 >> v1:172.21.15.200:6789/0 conn(0x7f275413d030 0x7f2754139d80 :-1 s=CONNECTING_SEND_CONNECT_MSG pgs=0 cs=0 l=0).send_connect_message connect sending gseq=2 cseq=0 proto=15 ,
2021-09-15T13:16:39.356+0000 7f2759445700 10 -- 172.21.15.149:0/2913986785 >> v1:172.21.15.200:6789/0 conn(0x7f275413d030 legacy=0x7f2754139d80 unknown :-1 s=STATE_CONNECTION_ESTABLISHED l=0)._try_send sent bytes 33 remaining bytes 0
2021-09-15T23:21:32.113 WARNING:scrape:Ignoring malparsed backtrace:
2021-09-15T13:16:39.356+0000 7f2753fff700 10 --1- 172.21.15.149:0/2913986785 >> v1:172.21.15.149:6789/0 conn(0x7f27540aa010 0x7f27540a73e0 :-1 s=OPENED pgs=706 cs=1 l=1).discard_out_queue started ,
2021-09-15T13:16:39.356+0000 7f2759445700 20 EpollDriver.del_event del event fd=15 cur_mask=1 delmask=3 to 4 ,
2021-09-15T13:16:39.356+0000 7f2758c44700 5 --1- 172.21.15.149:0/2913986785 >> v1:172.21.15.149:6789/0 conn(0x7f27540aa010 0x7f27540a73e0 :-1 s=CLOSED pgs=706 cs=1 l=1).reset_recv_state (warped) reseting security handlers
2021-09-15T23:21:32.115 WARNING:scrape:Ignoring malparsed backtrace:
2021-09-15T13:16:39.356+0000 7f2753fff700 20 -- 172.21.15.149:0/2913986785 >> [v2:172.21.15.149:3301/0,v1:172.21.15.149:6790/0] conn(0x7f275413dbe0 msgr2=0x7f27540ad2b0 secure :-1 s=STATE_CONNECTION_ESTABLISHED l=1).read start len=32 ,
2021-09-15T13:16:39.356+0000 7f2753fff700 20 --2- 172.21.15.149:0/2913986785 >> [v2:172.21.15.149:3301/0,v1:172.21.15.149:6790/0] conn(0x7f275413dbe0 0x7f27540ad2b0 secure :-1 s=THROTTLE_DONE pgs=450 cs=0 l=1 rev1=1 crypto rx=0x7f273c011e10 tx=0x7f273c006eb0 comp rx=0 tx=0).handle_read_frame_epilogue_main r=0 ,
2021-09-15T13:16:39.356+0000 7f2753fff700 10 --2- 172.21.15.149:0/2913986785 >> [v2:172.21.15.149:3301/0,v1:172.21.15.149:6790/0] conn(0x7f275413dbe0 0x7f27540ad2b0 secure :-1 s=THROTTLE_DONE pgs=450 cs=0 l=1 rev1=1 crypto rx=0x7f273c011e10 tx=0x7f273c006eb0 comp rx=0 tx=0).handle_read_frame_dispatch tag=17
2021-09-15T23:21:32.116 WARNING:scrape:Ignoring malparsed backtrace:
2021-09-15T13:16:39.359+0000 7f2758c44700 20 EpollDriver.add_event add event fd=16 cur_mask=0 add_mask=1 to 7 ,
2021-09-15T13:16:39.359+0000 7f275aea8700 10 -- create_connect [v2:172.21.15.149:3301/0,v1:172.21.15.149:6790/0], creating connection and registering ,
2021-09-15T13:16:39.359+0000 7f2753fff700 20 -- >> [v2:172.21.15.149:3300/0,v1:172.21.15.149:6789/0] conn(0x7f275413d030 msgr2=0x7f27540677d0 unknown :-1 s=STATE_CONNECTING l=1).process
2021-09-15T23:21:32.117 WARNING:scrape:Ignoring malparsed backtrace:
2021-09-15T13:16:39.360+0000 7f2759445700 20 -- 172.21.15.149:0/564265858 >> [v2:172.21.15.149:3301/0,v1:172.21.15.149:6790/0] conn(0x7f275413dbe0 msgr2=0x7f2754148940 unknown :-1 s=STATE_CONNECTION_ESTABLISHED l=1).read start len=32 ,
2021-09-15T13:16:39.360+0000 7f2758c44700 20 -- 172.21.15.149:0/564265858 >> [v2:172.21.15.200:3300/0,v1:172.21.15.200:6789/0] conn(0x7f27540aa010 msgr2=0x7f2754139ec0 unknown :-1 s=STATE_CONNECTION_ESTABLISHED l=1).read start len=16 ,
2021-09-15T13:16:39.360+0000 7f2753fff700 20 --2- 172.21.15.149:0/564265858 >> [v2:172.21.15.149:3300/0,v1:172.21.15.149:6789/0] conn(0x7f275413d030 0x7f27540677d0 unknown :-1 s=AUTH_CONNECTING pgs=0 cs=0 l=1 rev1=1 crypto rx=0 tx=0 comp rx=0 tx=0).handle_read_frame_preamble_main r=0
2021-09-15T23:21:32.119 WARNING:scrape:Ignoring malparsed backtrace:
2021-09-15T13:16:39.360+0000 7f2753fff700 20 --2- 172.21.15.149:0/564265858 >> [v2:172.21.15.149:3300/0,v1:172.21.15.149:6789/0] conn(0x7f275413d030 0x7f27540677d0 secure :-1 s=AUTH_CONNECTING_SIGN pgs=0 cs=0 l=1 rev1=1 crypto rx=0x7f27540b0f80 tx=0x7f273c011000 comp rx=0 tx=0).handle_read_frame_preamble_main r=0 ,
2021-09-15T13:16:39.360+0000 7f2753fff700 20 --2- 172.21.15.149:0/564265858 >> [v2:172.21.15.149:3300/0,v1:172.21.15.149:6789/0] conn(0x7f275413d030 0x7f27540677d0 secure :-1 s=AUTH_CONNECTING_SIGN pgs=0 cs=0 l=1 rev1=1 crypto rx=0x7f27540b0f80 tx=0x7f273c011000 comp rx=0 tx=0).read_frame_segment seg_idx=0 ,
2021-09-15T13:16:39.360+0000 7f2753fff700 10 --2- 172.21.15.149:0/564265858 >> [v2:172.21.15.149:3300/0,v1:172.21.15.149:6789/0] conn(0x7f275413d030 0x7f27540677d0 secure :-1 s=AUTH_CONNECTING_SIGN pgs=0 cs=0 l=1 rev1=1 crypto rx=0x7f27540b0f80 tx=0x7f273c011000 comp rx=0 tx=0).handle_read_frame_dispatch tag=7
2021-09-15T23:21:32.120 WARNING:scrape:Ignoring malparsed backtrace:
2021-09-15T13:16:39.361+0000 7f2753fff700 20 --2- 172.21.15.149:0/564265858 >> [v2:172.21.15.149:3300/0,v1:172.21.15.149:6789/0] conn(0x7f275413d030 0x7f27540677d0 secure :-1 s=THROTTLE_MESSAGE pgs=707 cs=0 l=1 rev1=1 crypto rx=0x7f27540b0f80 tx=0x7f273c011000 comp rx=0 tx=0).throttle_message ,
2021-09-15T13:16:39.361+0000 7f2753fff700 20 --2- 172.21.15.149:0/564265858 >> [v2:172.21.15.149:3300/0,v1:172.21.15.149:6789/0] conn(0x7f275413d030 0x7f27540677d0 secure :-1 s=THROTTLE_BYTES pgs=707 cs=0 l=1 rev1=1 crypto rx=0x7f27540b0f80 tx=0x7f273c011000 comp rx=0 tx=0).throttle_bytes ,
2021-09-15T13:16:39.361+0000 7f275aea8700 1 -- 172.21.15.149:0/564265858 --> [v2:172.21.15.149:3300/0,v1:172.21.15.149:6789/0] -- mon_subscribe({mgrmap=0+}) v3 -- 0x7f2754067f90 con 0x7f275413d030
2021-09-15T23:21:32.121 WARNING:scrape:Ignoring malparsed backtrace:
2021-09-15T13:16:39.362+0000 7f2753fff700 15 authenticated_encrypt_final buffer.length()=112 final_len=0 ,
2021-09-15T13:16:39.362+0000 7f2753fff700 5 --2- 172.21.15.149:0/564265858 >> [v2:172.21.15.149:3300/0,v1:172.21.15.149:6789/0] conn(0x7f275413d030 0x7f27540677d0 secure :-1 s=READY pgs=707 cs=0 l=1 rev1=1 crypto rx=0x7f27540b0f80 tx=0x7f273c011000 comp rx=0 tx=0).write_message sending message m=0x7f275406d350 seq=5 mon_command({"prefix": "get_command_descriptions"} v 0) v1 ,
2021-09-15T13:16:39.362+0000 7f2753fff700 20 --2- 172.21.15.149:0/564265858 >> [v2:172.21.15.149:3300/0,v1:172.21.15.149:6789/0] conn(0x7f275413d030 0x7f27540677d0 secure :-1 s=READY pgs=707 cs=0 l=1 rev1=1 crypto rx=0x7f27540b0f80 tx=0x7f273c011000 comp rx=0 tx=0).write_message sending m=0x7f275406d350 seq=5 src=client.5619 off=0
2021-09-15T23:21:32.122 WARNING:scrape:Ignoring malparsed backtrace:
2021-09-15T13:16:39.363+0000 7f2758c44700 15 authenticated_encrypt_update plaintext.length()=80 buffer.length()=80 ,
2021-09-15T13:16:39.363+0000 7f2758c44700 15 authenticated_encrypt_final buffer.length()=96 final_len=0 ,
2021-09-15T13:16:39.363+0000 7f2758c44700 15 authenticated_encrypt_update plaintext.length()=80 buffer.length()=80
2021-09-15T23:21:32.124 WARNING:scrape:Ignoring malparsed backtrace:
2021-09-15T13:16:39.530+0000 7f2753fff700 5 --2- 172.21.15.149:0/564265858 >> [v2:172.21.15.149:3300/0,v1:172.21.15.149:6789/0] conn(0x7f275413d030 0x7f27540677d0 unknown :-1 s=CLOSED pgs=707 cs=0 l=1 rev1=1 crypto rx=0 tx=0 comp rx=0 tx=0).reset_compression ,
2021-09-15T13:16:39.530+0000 7f2753fff700 20 EpollDriver.del_event del event fd=17 cur_mask=1 delmask=3 to 10 ,
2021-09-15T13:16:39.530+0000 7f275aea8700 10 -- 172.21.15.149:0/564265858 shutdown 172.21.15.149:0/564265858
2021-09-15T23:21:32.125 WARNING:scrape:Ignoring malparsed backtrace:
2021-09-15T13:16:39.977+0000 7f7a9b7fe700 20 Event(0x7f7a9c06d3a0 nevent=5000 time_id=2).create_file_event create event end fd=14 mask=2 current mask is 3 ,
2021-09-15T13:16:39.977+0000 7f7aa1e94700 1 -- --> [v2:172.21.15.149:3301/0,v1:172.21.15.149:6790/0] -- mon_getmap magic: 0 v1 -- 0x7f7a9c068ff0 con 0x7f7a9c0a86b0 ,
2021-09-15T13:16:39.977+0000 7f7a9b7fe700 10 -- >> v1:172.21.15.200:6789/0 conn(0x7f7a9c069d70 legacy=0x7f7a9c0a75d0 unknown :-1 s=STATE_CONNECTING_RE l=0).handle_write
2021-09-15T23:21:32.126 WARNING:scrape:Ignoring malparsed backtrace:
2021-09-15T13:16:39.977+0000 7f7a9affd700 10 --1- 172.21.15.149:0/2514034450 >> v1:172.21.15.149:6789/0 conn(0x7f7a9c0a82a0 0x7f7a9c139ad0 :-1 s=CONNECTING_SEND_CONNECT_MSG pgs=0 cs=0 l=0).handle_in_seq_write send in_seq done ,
2021-09-15T13:16:39.977+0000 7f7a9b7fe700 20 --1- 172.21.15.149:0/2514034450 >> v1:172.21.15.200:6789/0 conn(0x7f7a9c069d70 0x7f7a9c0a75d0 :-1 s=CONNECTING_SEND_CONNECT_MSG pgs=0 cs=0 l=0).handle_connect_message_write connect wrote (self +) cseq, waiting for reply ,
2021-09-15T13:16:39.977+0000 7f7a9affd700 20 --1- 172.21.15.149:0/2514034450 >> v1:172.21.15.149:6789/0 conn(0x7f7a9c0a82a0 0x7f7a9c139ad0 :-1 s=CONNECTING_SEND_CONNECT_MSG pgs=0 cs=0 l=0).client_ready
2021-09-15T23:21:32.128 WARNING:scrape:Ignoring malparsed backtrace:
2021-09-15T13:16:39.978+0000 7f7a9affd700 20 -- 172.21.15.149:0/2514034450 >> v1:172.21.15.149:6789/0 conn(0x7f7a9c0a82a0 legacy=0x7f7a9c139ad0 unknown :-1 s=STATE_CONNECTION_ESTABLISHED l=1).read start len=21 ,
2021-09-15T13:16:39.978+0000 7f7a9affd700 20 --1- 172.21.15.149:0/2514034450 >> v1:172.21.15.149:6789/0 conn(0x7f7a9c0a82a0 0x7f7a9c139ad0 :-1 s=READ_FOOTER_AND_DISPATCH pgs=708 cs=1 l=1).handle_message_footer r=0 ,
2021-09-15T13:16:39.978+0000 7f7a9affd700 10 --1- 172.21.15.149:0/2514034450 >> v1:172.21.15.149:6789/0 conn(0x7f7a9c0a82a0 0x7f7a9c139ad0 :-1 s=READ_FOOTER_AND_DISPATCH pgs=708 cs=1 l=1).handle_message_footer aborted = 0
2021-09-15T23:21:32.129 WARNING:scrape:Ignoring malparsed backtrace:
2021-09-15T13:16:39.978+0000 7f7a9bfff700 20 -- 172.21.15.149:0/2514034450 >> [v2:172.21.15.149:3301/0,v1:172.21.15.149:6790/0] conn(0x7f7a9c0a86b0 msgr2=0x7f7a9c13a1e0 secure :-1 s=STATE_CONNECTION_ESTABLISHED l=0).read start len=96 ,
2021-09-15T13:16:39.978+0000 7f7a9bfff700 20 -- 172.21.15.149:0/2514034450 >> [v2:172.21.15.149:3301/0,v1:172.21.15.149:6790/0] conn(0x7f7a9c0a86b0 msgr2=0x7f7a9c13a1e0 secure :-1 s=STATE_CONNECTION_ESTABLISHED l=0).process ,
2021-09-15T13:16:39.978+0000 7f7a9bfff700 20 -- 172.21.15.149:0/2514034450 >> [v2:172.21.15.149:3301/0,v1:172.21.15.149:6790/0] conn(0x7f7a9c0a86b0 msgr2=0x7f7a9c13a1e0 secure :-1 s=STATE_CONNECTION_ESTABLISHED l=0).read continue len=96
2021-09-15T23:21:32.130 WARNING:scrape:Ignoring malparsed backtrace:
2021-09-15T13:16:39.979+0000 7f7a9bfff700 20 --2- 172.21.15.149:0/2514034450 >> [v2:172.21.15.149:3301/0,v1:172.21.15.149:6790/0] conn(0x7f7a9c0a86b0 0x7f7a9c13a1e0 secure :-1 s=THROTTLE_DONE pgs=451 cs=0 l=1 rev1=1 crypto rx=0x7f7a9002b990 tx=0x7f7a9002b2c0 comp rx=0 tx=0).handle_read_frame_epilogue_main r=0 ,
2021-09-15T13:16:39.979+0000 7f7a9bfff700 10 --2- 172.21.15.149:0/2514034450 >> [v2:172.21.15.149:3301/0,v1:172.21.15.149:6790/0] conn(0x7f7a9c0a86b0 0x7f7a9c13a1e0 secure :-1 s=THROTTLE_DONE pgs=451 cs=0 l=1 rev1=1 crypto rx=0x7f7a9002b990 tx=0x7f7a9002b2c0 comp rx=0 tx=0).handle_read_frame_dispatch tag=17 ,
2021-09-15T13:16:39.979+0000 7f7a9bfff700 20 --2- 172.21.15.149:0/2514034450 >> [v2:172.21.15.149:3301/0,v1:172.21.15.149:6790/0] conn(0x7f7a9c0a86b0 0x7f7a9c13a1e0 secure :-1 s=THROTTLE_DONE pgs=451 cs=0 l=1 rev1=1 crypto rx=0x7f7a9002b990 tx=0x7f7a9002b2c0 comp rx=0 tx=0).handle_message
2021-09-15T23:21:32.131 WARNING:scrape:Ignoring malparsed backtrace:
2021-09-15T13:16:39.982+0000 7f7aa1e94700 15 --2- >> [v2:172.21.15.200:3300/0,v1:172.21.15.200:6789/0] conn(0x7f7a9c0a86b0 0x7f7a9c115f60 unknown :-1 s=START_CONNECT pgs=0 cs=0 l=1 rev1=0 crypto rx=0 tx=0 comp rx=0 tx=0).send_message inline write is denied, reschedule m=0x7f7a9c0a64b0 ,
2021-09-15T13:16:39.982+0000 7f7a9affd700 20 EpollDriver.del_event del event fd=17 cur_mask=1 delmask=2 to 10 ,
2021-09-15T13:16:39.982+0000 7f7a9bfff700 20 Event(0x7f7a9c0ade10 nevent=5000 time_id=4).create_file_event create event end fd=18 mask=1 current mask is 1
2021-09-15T23:21:32.133 WARNING:scrape:Ignoring malparsed backtrace:
2021-09-15T13:16:39.982+0000 7f7a9b7fe700 20 -- 172.21.15.149:0/2197280885 >> [v2:172.21.15.149:3300/0,v1:172.21.15.149:6789/0] conn(0x7f7a9c069d70 msgr2=0x7f7a9c0a58b0 unknown :-1 s=STATE_CONNECTION_ESTABLISHED l=1).read start len=32 ,
2021-09-15T13:16:39.982+0000 7f7a9bfff700 20 --2- 172.21.15.149:0/2197280885 >> [v2:172.21.15.200:3300/0,v1:172.21.15.200:6789/0] conn(0x7f7a9c0a86b0 0x7f7a9c115f60 unknown :-1 s=HELLO_CONNECTING pgs=0 cs=0 l=1 rev1=1 crypto rx=0 tx=0 comp rx=0 tx=0).handle_hello payload.length()=36 ,
2021-09-15T13:16:39.982+0000 7f7a9affd700 20 --2- 172.21.15.149:0/2197280885 >> [v2:172.21.15.149:3301/0,v1:172.21.15.149:6790/0] conn(0x7f7a9c0a82a0 0x7f7a9c115060 unknown :-1 s=AUTH_CONNECTING pgs=0 cs=0 l=1 rev1=1 crypto rx=0 tx=0 comp rx=0 tx=0).handle_read_frame_preamble_main r=0
2021-09-15T23:21:32.134 WARNING:scrape:Ignoring malparsed backtrace:
2021-09-15T13:16:39.982+0000 7f7a9b7fe700 20 -- 172.21.15.149:0/2197280885 >> [v2:172.21.15.149:3300/0,v1:172.21.15.149:6789/0] conn(0x7f7a9c069d70 msgr2=0x7f7a9c0a58b0 secure :-1 s=STATE_CONNECTION_ESTABLISHED l=1).read start len=96 ,
2021-09-15T13:16:39.982+0000 7f7a9b7fe700 20 --2- 172.21.15.149:0/2197280885 >> [v2:172.21.15.149:3300/0,v1:172.21.15.149:6789/0] conn(0x7f7a9c069d70 0x7f7a9c0a58b0 secure :-1 s=SESSION_CONNECTING pgs=0 cs=0 l=1 rev1=1 crypto rx=0x7f7a8c00c490 tx=0x7f7a8c007c80 comp rx=0 tx=0).handle_read_frame_segment r=0 ,
2021-09-15T13:16:39.982+0000 7f7a9b7fe700 10 --2- 172.21.15.149:0/2197280885 >> [v2:172.21.15.149:3300/0,v1:172.21.15.149:6789/0] conn(0x7f7a9c069d70 0x7f7a9c0a58b0 secure :-1 s=SESSION_CONNECTING pgs=0 cs=0 l=1 rev1=1 crypto rx=0x7f7a8c00c490 tx=0x7f7a8c007c80 comp rx=0 tx=0).handle_read_frame_dispatch tag=9
2021-09-15T23:21:32.135 WARNING:scrape:Ignoring malparsed backtrace:
2021-09-15T13:16:39.983+0000 7f7a9b7fe700 15 authenticated_encrypt_update plaintext.length()=16 buffer.length()=64 ,
2021-09-15T13:16:39.983+0000 7f7a9b7fe700 15 authenticated_encrypt_final buffer.length()=80 final_len=0 ,
2021-09-15T13:16:39.983+0000 7f7a837fe700 10 -- 172.21.15.149:0/2197280885 dispatch_throttle_release 413 to dispatch throttler 413/104857600
2021-09-15T23:21:32.136 WARNING:scrape:Ignoring malparsed backtrace:
2021-09-15T13:16:39.985+0000 7f7a9affd700 20 -- 172.21.15.149:0/2197280885 >> v2:172.21.15.200:6800/31399 conn(0x7f7a7c05fea0 msgr2=0x7f7a7c0623b0 unknown :-1 s=STATE_CONNECTION_ESTABLISHED l=1).read start len=10 ,
2021-09-15T13:16:39.985+0000 7f7a837fe700 10 -- 172.21.15.149:0/2197280885 dispatch_throttle_release 4478 to dispatch throttler 4478/104857600 ,
2021-09-15T13:16:39.985+0000 7f7a837fe700 20 -- 172.21.15.149:0/2197280885 done calling dispatch on 0x7f7a8c07ab60
2021-09-15T23:21:32.138 WARNING:scrape:Ignoring malparsed backtrace:
2021-09-15T13:16:39.989+0000 7f7a9b7fe700 20 --2- 172.21.15.149:0/2197280885 >> [v2:172.21.15.149:3300/0,v1:172.21.15.149:6789/0] conn(0x7f7a9c069d70 0x7f7a9c0a58b0 secure :-1 s=THROTTLE_DONE pgs=709 cs=0 l=1 rev1=1 crypto rx=0x7f7a8c00c490 tx=0x7f7a8c007c80 comp rx=0 tx=0).read_frame_segment seg_idx=2 ,
2021-09-15T13:16:39.989+0000 7f7a9b7fe700 20 --2- 172.21.15.149:0/2197280885 >> [v2:172.21.15.149:3300/0,v1:172.21.15.149:6789/0] conn(0x7f7a9c069d70 0x7f7a9c0a58b0 secure :-1 s=THROTTLE_DONE pgs=709 cs=0 l=1 rev1=1 crypto rx=0x7f7a8c00c490 tx=0x7f7a8c007c80 comp rx=0 tx=0).read_frame_segment seg_idx=3 ,
2021-09-15T13:16:39.989+0000 7f7a9b7fe700 20 -- 172.21.15.149:0/2197280885 >> [v2:172.21.15.149:3300/0,v1:172.21.15.149:6789/0] conn(0x7f7a9c069d70 msgr2=0x7f7a9c0a58b0 secure :-1 s=STATE_CONNECTION_ESTABLISHED l=1).read start len=153952
2021-09-15T23:21:32.139 WARNING:scrape:Ignoring malparsed backtrace:
2021-09-15T13:16:40.149+0000 7f7aa1e94700 10 -- 172.21.15.149:0/2197280885 wait: dispatch queue is stopped ,
2021-09-15T13:16:40.149+0000 7f7aa1e94700 1 -- 172.21.15.149:0/2197280885 shutdown_connections ,
2021-09-15T13:16:40.149+0000 7f7aa1e94700 5 -- 172.21.15.149:0/2197280885 shutdown_connections delete 0x7f7a9c0689d0
2021-09-15T23:21:32.140 WARNING:scrape:Ignoring malparsed backtrace:
2021-09-15T13:16:40.537+0000 7fdf937fe700 10 -- >> v1:172.21.15.149:6789/0 conn(0x7fdf941389c0 legacy=0x7fdf94138dd0 unknown :-1 s=STATE_CONNECTION_ESTABLISHED l=0)._try_send sent bytes 0 remaining bytes 0 ,
2021-09-15T13:16:40.537+0000 7fdf92ffd700 20 -- >> [v2:172.21.15.149:3301/0,v1:172.21.15.149:6790/0] conn(0x7fdf940635c0 msgr2=0x7fdf940644c0 unknown :-1 s=STATE_CONNECTION_ESTABLISHED l=0).read start len=10 ,
2021-09-15T13:16:40.537+0000 7fdf92ffd700 20 -- >> [v2:172.21.15.149:3301/0,v1:172.21.15.149:6790/0] conn(0x7fdf940635c0 msgr2=0x7fdf940644c0 unknown :-1 s=STATE_CONNECTION_ESTABLISHED l=0).process
2021-09-15T23:21:32.142 WARNING:scrape:Ignoring malparsed backtrace:
2021-09-15T13:16:40.537+0000 7fdf937fe700 20 --1- 172.21.15.149:0/1898960758 >> v1:172.21.15.149:6789/0 conn(0x7fdf941389c0 0x7fdf94138dd0 :-1 s=OPENED pgs=710 cs=1 l=1).write_message sending 1 0x7fdf94064a00 ,
2021-09-15T13:16:40.537+0000 7fdf92ffd700 20 -- 172.21.15.149:0/1898960758 >> [v2:172.21.15.149:3301/0,v1:172.21.15.149:6790/0] conn(0x7fdf940635c0 msgr2=0x7fdf940644c0 unknown :-1 s=STATE_CONNECTION_ESTABLISHED l=0).read start len=17 ,
2021-09-15T13:16:40.537+0000 7fdf927fc700 10 -- 172.21.15.149:0/1898960758 >> v2:172.21.15.149:3300/0 conn(0x7fdf9406a200 msgr2=0x7fdf9406a610 unknown :-1 s=STATE_CONNECTION_ESTABLISHED l=0)._try_send sent bytes 76 remaining bytes 0
2021-09-15T23:21:32.143 WARNING:scrape:Ignoring malparsed backtrace:
2021-09-15T13:16:40.538+0000 7fdf927fc700 20 --2- 172.21.15.149:0/1898960758 >> [v2:172.21.15.149:3300/0,v1:172.21.15.149:6789/0] conn(0x7fdf9406a200 0x7fdf9406a610 secure :-1 s=READY pgs=711 cs=0 l=1 rev1=1 crypto rx=0x7fdf7c007550 tx=0x7fdf7c00c040 comp rx=0 tx=0).prepare_send_message m=mon_getmap magic: 0 v1 ,
2021-09-15T13:16:40.538+0000 7fdf927fc700 20 --2- 172.21.15.149:0/1898960758 >> [v2:172.21.15.149:3300/0,v1:172.21.15.149:6789/0] conn(0x7fdf9406a200 0x7fdf9406a610 secure :-1 s=READY pgs=711 cs=0 l=1 rev1=1 crypto rx=0x7fdf7c007550 tx=0x7fdf7c00c040 comp rx=0 tx=0).prepare_send_message encoding features 4540138303579357183 0x7fdf94064c40 mon_getmap magic: 0 v1 ,
2021-09-15T13:16:40.538+0000 7fdf927fc700 15 authenticated_encrypt_update plaintext.length()=80 buffer.length()=80
2021-09-15T23:21:32.144 WARNING:scrape:Ignoring malparsed backtrace:
2021-09-15T13:16:40.539+0000 7fdf93fff700 5 -- 172.21.15.149:0/1898960758 shutdown_connections delete 0x7fdf940635c0 ,
2021-09-15T13:16:40.539+0000 7fdf93fff700 5 -- 172.21.15.149:0/1898960758 shutdown_connections delete 0x7fdf9406a200 ,
2021-09-15T13:16:40.539+0000 7fdf93fff700 5 -- 172.21.15.149:0/1898960758 shutdown_connections delete 0x7fdf941389c0
2021-09-15T23:21:32.146 WARNING:scrape:Ignoring malparsed backtrace:
2021-09-15T13:16:40.541+0000 7fdf92ffd700 20 --2- >> [v2:172.21.15.149:3301/0,v1:172.21.15.149:6790/0] conn(0x7fdf940635c0 0x7fdf94115e00 unknown :-1 s=HELLO_CONNECTING pgs=0 cs=0 l=1 rev1=1 crypto rx=0 tx=0 comp rx=0 tx=0).read_frame_segment seg_idx=0 ,
2021-09-15T13:16:40.541+0000 7fdf92ffd700 20 -- >> [v2:172.21.15.149:3301/0,v1:172.21.15.149:6790/0] conn(0x7fdf940635c0 msgr2=0x7fdf94115e00 unknown :-1 s=STATE_CONNECTION_ESTABLISHED l=1).read start len=40 ,
2021-09-15T13:16:40.541+0000 7fdf927fc700 20 -- >> [v2:172.21.15.200:3300/0,v1:172.21.15.200:6789/0] conn(0x7fdf9406a200 msgr2=0x7fdf94115170 unknown :-1 s=STATE_CONNECTING_RE l=1).process
2021-09-15T23:21:32.147 WARNING:scrape:Ignoring malparsed backtrace:
2021-09-15T13:16:40.541+0000 7fdf937fe700 20 -- 172.21.15.149:0/2255361832 >> [v2:172.21.15.149:3300/0,v1:172.21.15.149:6789/0] conn(0x7fdf941389c0 msgr2=0x7fdf940a4fe0 unknown :-1 s=STATE_CONNECTION_ESTABLISHED l=1).read continue len=32 ,
2021-09-15T13:16:40.541+0000 7fdf927fc700 20 -- 172.21.15.149:0/2255361832 >> [v2:172.21.15.200:3300/0,v1:172.21.15.200:6789/0] conn(0x7fdf9406a200 msgr2=0x7fdf94115170 unknown :-1 s=STATE_CONNECTION_ESTABLISHED l=1).read start len=17 ,
2021-09-15T13:16:40.541+0000 7fdf92ffd700 20 --2- 172.21.15.149:0/2255361832 >> [v2:172.21.15.149:3301/0,v1:172.21.15.149:6790/0] conn(0x7fdf940635c0 0x7fdf94115e00 unknown :-1 s=AUTH_CONNECTING pgs=0 cs=0 l=1 rev1=1 crypto rx=0 tx=0 comp rx=0 tx=0).handle_read_frame_segment r=0
2021-09-15T23:21:32.148 WARNING:scrape:Ignoring malparsed backtrace:
2021-09-15T13:16:40.542+0000 7fdf92ffd700 15 authenticated_encrypt_final buffer.length()=96 final_len=0 ,
2021-09-15T13:16:40.542+0000 7fdf92ffd700 15 authenticated_encrypt_update plaintext.length()=64 buffer.length()=64 ,
2021-09-15T13:16:40.542+0000 7fdf92ffd700 15 authenticated_encrypt_update plaintext.length()=16 buffer.length()=80
2021-09-15T23:21:32.149 WARNING:scrape:Ignoring malparsed backtrace:
2021-09-15T13:16:40.543+0000 7fdf93fff700 1 -- 172.21.15.149:0/2255361832 --> [v2:172.21.15.149:3301/0,v1:172.21.15.149:6790/0] -- mon_command({"prefix": "get_command_descriptions"} v 0) v1 -- 0x7fdf9406a610 con 0x7fdf940635c0 ,
2021-09-15T13:16:40.543+0000 7fdf93fff700 5 --2- 172.21.15.149:0/2255361832 >> [v2:172.21.15.149:3301/0,v1:172.21.15.149:6790/0] conn(0x7fdf940635c0 0x7fdf94115e00 secure :-1 s=READY pgs=452 cs=0 l=1 rev1=1 crypto rx=0x7fdf8800e8d0 tx=0x7fdf88006e20 comp rx=0 tx=0).send_message enqueueing message m=0x7fdf9406a610 type=50 mon_command({"prefix": "get_command_descriptions"} v 0) v1 ,
2021-09-15T13:16:40.543+0000 7fdf93fff700 15 --2- 172.21.15.149:0/2255361832 >> [v2:172.21.15.149:3301/0,v1:172.21.15.149:6790/0] conn(0x7fdf940635c0 0x7fdf94115e00 secure :-1 s=READY pgs=452 cs=0 l=1 rev1=1 crypto rx=0x7fdf8800e8d0 tx=0x7fdf88006e20 comp rx=0 tx=0).send_message inline write is denied, reschedule m=0x7fdf9406a610
2021-09-15T23:21:32.149 WARNING:scrape:Ignoring malparsed backtrace:
2021-09-15T13:16:40.544+0000 7fdf927fc700 20 --2- 172.21.15.149:0/2255361832 >> v2:172.21.15.200:6800/31399 conn(0x7fdf7405fea0 0x7fdf740623b0 unknown :-1 s=HELLO_CONNECTING pgs=0 cs=0 l=1 rev1=1 crypto rx=0 tx=0 comp rx=0 tx=0).post_client_banner_exchange ,
2021-09-15T13:16:40.544+0000 7fdf927fc700 20 --2- 172.21.15.149:0/2255361832 >> v2:172.21.15.200:6800/31399 conn(0x7fdf7405fea0 0x7fdf740623b0 unknown :-1 s=AUTH_CONNECTING pgs=0 cs=0 l=1 rev1=1 crypto rx=0 tx=0 comp rx=0 tx=0).send_auth_request peer_type 16 auth_client 0x7fdf9405d128 ,
2021-09-15T13:16:40.544+0000 7fdf927fc700 10 -- 172.21.15.149:0/2255361832 >> v2:172.21.15.200:6800/31399 conn(0x7fdf7405fea0 msgr2=0x7fdf740623b0 unknown :-1 s=STATE_CONNECTION_ESTABLISHED l=1)._try_send sent bytes 230 remaining bytes 0
2021-09-15T23:21:32.150 WARNING:scrape:Ignoring malparsed backtrace:
2021-09-15T13:16:40.703+0000 7fdf927fc700 20 --2- 172.21.15.149:0/2255361832 >> v2:172.21.15.200:6800/31399 conn(0x7fdf7405fea0 0x7fdf740623b0 secure :-1 s=READY pgs=311 cs=0 l=1 rev1=1 crypto rx=0x7fdf940ab9d0 tx=0x7fdf7c015000 comp rx=0 tx=0).prepare_send_message m=mgr_command(tid 0: {"prefix": "pg deep-scrub", "pgid": "1.0", "target": ["mon-mgr", ""]}) v1 ,
2021-09-15T13:16:40.703+0000 7fdf927fc700 20 --2- 172.21.15.149:0/2255361832 >> v2:172.21.15.200:6800/31399 conn(0x7fdf7405fea0 0x7fdf740623b0 secure :-1 s=READY pgs=311 cs=0 l=1 rev1=1 crypto rx=0x7fdf940ab9d0 tx=0x7fdf7c015000 comp rx=0 tx=0).prepare_send_message encoding features 4540138303579357183 0x7fdf9405fbd0 mgr_command(tid 0: {"prefix": "pg deep-scrub", "pgid": "1.0", "target": ["mon-mgr", ""]}) v1 ,
2021-09-15T13:16:40.703+0000 7fdf927fc700 15 authenticated_encrypt_update plaintext.length()=80 buffer.length()=80
2021-09-15T23:21:32.151 WARNING:scrape:Ignoring malparsed backtrace:
2021-09-15T13:16:41.055+0000 7f972dc3c700 2 Event(0x7f9728060be0 nevent=5000 time_id=1).set_owner center_id=1 owner=140287284594432 ,
2021-09-15T13:16:41.055+0000 7f972e43d700 20 Event(0x7f97280ad3b0 nevent=5000 time_id=1).create_file_event create event end fd=5 mask=1 current mask is 1 ,
2021-09-15T13:16:41.055+0000 7f972e43d700 10 stack operator() starting
2021-09-15T23:21:32.151 WARNING:scrape:Ignoring malparsed backtrace:
2021-09-15T13:16:41.056+0000 7f972e43d700 10 -- 172.21.15.149:0/2574861440 >> v1:172.21.15.200:6789/0 conn(0x7f97280a7ac0 legacy=0x7f97281321f0 unknown :-1 s=STATE_CONNECTION_ESTABLISHED l=0)._try_send sent bytes 9 remaining bytes 0 ,
2021-09-15T13:16:41.056+0000 7f972dc3c700 20 --1- 172.21.15.149:0/2574861440 >> v1:172.21.15.149:6789/0 conn(0x7f97280a0d40 0x7f97280a2850 :-1 s=CONNECTING_WAIT_BANNER_AND_IDENTIFY pgs=0 cs=0 l=0).handle_my_addr_write r=0 ,
2021-09-15T13:16:41.056+0000 7f972e43d700 20 --1- 172.21.15.149:0/2574861440 >> v1:172.21.15.200:6789/0 conn(0x7f97280a7ac0 0x7f97281321f0 :-1 s=CONNECTING pgs=0 cs=0 l=0).handle_client_banner_write r=0
2021-09-15T23:21:32.152 WARNING:scrape:Ignoring malparsed backtrace:
2021-09-15T13:16:41.056+0000 7f972e43d700 20 --1- 172.21.15.149:0/2574861440 >> v1:172.21.15.200:6789/0 conn(0x7f97280a7ac0 0x7f97281321f0 :-1 s=CONNECTING_SEND_CONNECT_MSG pgs=0 cs=0 l=0).wait_ack_seq ,
2021-09-15T13:16:41.056+0000 7f972e43d700 20 -- 172.21.15.149:0/2574861440 >> v1:172.21.15.200:6789/0 conn(0x7f97280a7ac0 legacy=0x7f97281321f0 unknown :-1 s=STATE_CONNECTION_ESTABLISHED l=0).read start len=8 ,
2021-09-15T13:16:41.056+0000 7f972e43d700 20 --1- 172.21.15.149:0/2574861440 >> v1:172.21.15.200:6789/0 conn(0x7f97280a7ac0 0x7f97281321f0 :-1 s=CONNECTING_SEND_CONNECT_MSG pgs=0 cs=0 l=0).handle_ack_seq r=0
2021-09-15T23:21:32.153 WARNING:scrape:Ignoring malparsed backtrace:
2021-09-15T13:16:41.057+0000 7f972d43b700 20 --2- 172.21.15.149:0/2574861440 >> [v2:172.21.15.149:3301/0,v1:172.21.15.149:6790/0] conn(0x7f97280acb60 0x7f97280a18e0 secure :-1 s=COMPRESSION_CONNECTING pgs=0 cs=0 l=0 rev1=1 crypto rx=0x7f971c011eb0 tx=0x7f971c011720 comp rx=0 tx=0).read_frame ,
2021-09-15T13:16:41.057+0000 7f972d43b700 20 -- 172.21.15.149:0/2574861440 >> [v2:172.21.15.149:3301/0,v1:172.21.15.149:6790/0] conn(0x7f97280acb60 msgr2=0x7f97280a18e0 secure :-1 s=STATE_CONNECTION_ESTABLISHED l=0).read start len=96 ,
2021-09-15T13:16:41.057+0000 7f972d43b700 20 -- 172.21.15.149:0/2574861440 >> [v2:172.21.15.149:3301/0,v1:172.21.15.149:6790/0] conn(0x7f97280acb60 msgr2=0x7f97280a18e0 secure :-1 s=STATE_CONNECTION_ESTABLISHED l=0).process
2021-09-15T23:21:32.153 WARNING:scrape:Ignoring malparsed backtrace:
2021-09-15T13:16:41.057+0000 7f972d43b700 20 -- 172.21.15.149:0/2574861440 >> [v2:172.21.15.149:3301/0,v1:172.21.15.149:6790/0] conn(0x7f97280acb60 msgr2=0x7f97280a18e0 secure :-1 s=STATE_CONNECTION_ESTABLISHED l=1).read start len=32 ,
2021-09-15T13:16:41.057+0000 7f972d43b700 20 --2- 172.21.15.149:0/2574861440 >> [v2:172.21.15.149:3301/0,v1:172.21.15.149:6790/0] conn(0x7f97280acb60 0x7f97280a18e0 secure :-1 s=THROTTLE_DONE pgs=453 cs=0 l=1 rev1=1 crypto rx=0x7f971c011eb0 tx=0x7f971c011720 comp rx=0 tx=0).handle_read_frame_epilogue_main r=0 ,
2021-09-15T13:16:41.057+0000 7f972d43b700 10 --2- 172.21.15.149:0/2574861440 >> [v2:172.21.15.149:3301/0,v1:172.21.15.149:6790/0] conn(0x7f97280acb60 0x7f97280a18e0 secure :-1 s=THROTTLE_DONE pgs=453 cs=0 l=1 rev1=1 crypto rx=0x7f971c011eb0 tx=0x7f971c011720 comp rx=0 tx=0).handle_read_frame_dispatch tag=17
2021-09-15T23:21:32.154 WARNING:scrape:Ignoring malparsed backtrace:
2021-09-15T13:16:41.060+0000 7f972ec3e700 15 --2- >> [v2:172.21.15.200:3300/0,v1:172.21.15.200:6789/0] conn(0x7f97280a0d40 0x7f97280a3180 unknown :-1 s=START_CONNECT pgs=0 cs=0 l=1 rev1=0 crypto rx=0 tx=0 comp rx=0 tx=0).send_message inline write is denied, reschedule m=0x7f97280a3a90 ,
2021-09-15T13:16:41.060+0000 7f972d43b700 20 Event(0x7f9728065dc0 nevent=5000 time_id=4).create_file_event create event end fd=17 mask=1 current mask is 1 ,
2021-09-15T13:16:41.060+0000 7f972d43b700 20 EpollDriver.del_event del event fd=17 cur_mask=1 delmask=2 to 10
2021-09-15T23:21:32.155 WARNING:scrape:Ignoring malparsed backtrace:
2021-09-15T13:16:41.060+0000 7f972dc3c700 20 -- 172.21.15.149:0/3580088622 >> [v2:172.21.15.200:3300/0,v1:172.21.15.200:6789/0] conn(0x7f97280a0d40 msgr2=0x7f97280a3180 unknown :-1 s=STATE_CONNECTION_ESTABLISHED l=1).read start len=16 ,
2021-09-15T13:16:41.060+0000 7f972dc3c700 20 --2- 172.21.15.149:0/3580088622 >> [v2:172.21.15.200:3300/0,v1:172.21.15.200:6789/0] conn(0x7f97280a0d40 0x7f97280a3180 unknown :-1 s=BANNER_CONNECTING pgs=0 cs=0 l=1 rev1=0 crypto rx=0 tx=0 comp rx=0 tx=0)._handle_peer_banner_payload r=0 ,
2021-09-15T13:16:41.060+0000 7f972dc3c700 1 --2- 172.21.15.149:0/3580088622 >> [v2:172.21.15.200:3300/0,v1:172.21.15.200:6789/0] conn(0x7f97280a0d40 0x7f97280a3180 unknown :-1 s=BANNER_CONNECTING pgs=0 cs=0 l=1 rev1=0 crypto rx=0 tx=0 comp rx=0 tx=0)._handle_peer_banner_payload supported=3 required=0
2021-09-15T23:21:32.156 WARNING:scrape:Ignoring malparsed backtrace:
2021-09-15T13:16:41.061+0000 7f972d43b700 5 --2- 172.21.15.149:0/3580088622 >> [v2:172.21.15.149:3300/0,v1:172.21.15.149:6789/0] conn(0x7f97280a7ac0 0x7f972813a590 secure :-1 s=SESSION_CONNECTING pgs=0 cs=0 l=1 rev1=1 crypto rx=0x7f971c00c000 tx=0x7f971c00d000 comp rx=0 tx=0).send_client_ident sending identification: addrs=172.21.15.149:0/3580088622 target=v2:172.21.15.149:3300/0 gid=-1 global_seq=1 features_supported=3f01cfbb7ffdffff features_required=800000000001000 flags=1 cookie=0 ,
2021-09-15T13:16:41.061+0000 7f972d43b700 15 authenticated_encrypt_update plaintext.length()=80 buffer.length()=80 ,
2021-09-15T13:16:41.061+0000 7f972d43b700 15 authenticated_encrypt_final buffer.length()=96 final_len=0
2021-09-15T23:21:32.156 WARNING:scrape:Ignoring malparsed backtrace:
2021-09-15T13:16:41.061+0000 7f972d43b700 10 --2- 172.21.15.149:0/3580088622 >> [v2:172.21.15.149:3300/0,v1:172.21.15.149:6789/0] conn(0x7f97280a7ac0 0x7f972813a590 secure :-1 s=THROTTLE_DONE pgs=713 cs=0 l=1 rev1=1 crypto rx=0x7f971c00c000 tx=0x7f971c00d000 comp rx=0 tx=0).handle_read_frame_dispatch tag=17 ,
2021-09-15T13:16:41.061+0000 7f972d43b700 20 --2- 172.21.15.149:0/3580088622 >> [v2:172.21.15.149:3300/0,v1:172.21.15.149:6789/0] conn(0x7f97280a7ac0 0x7f972813a590 secure :-1 s=THROTTLE_DONE pgs=713 cs=0 l=1 rev1=1 crypto rx=0x7f971c00c000 tx=0x7f971c00d000 comp rx=0 tx=0).handle_message ,
2021-09-15T13:16:41.061+0000 7f972d43b700 5 --2- 172.21.15.149:0/3580088622 >> [v2:172.21.15.149:3300/0,v1:172.21.15.149:6789/0] conn(0x7f97280a7ac0 0x7f972813a590 secure :-1 s=THROTTLE_DONE pgs=713 cs=0 l=1 rev1=1 crypto rx=0x7f971c00c000 tx=0x7f971c00d000 comp rx=0 tx=0).handle_message got 413 + 0 + 0 byte message. envelope type=4 src mon.0 off 0
2021-09-15T23:21:32.157 WARNING:scrape:Ignoring malparsed backtrace:
2021-09-15T13:16:41.063+0000 7f972dc3c700 10 -- 172.21.15.149:0/3580088622 >> v2:172.21.15.200:6800/31399 conn(0x7f970805fea0 msgr2=0x7f97080623b0 unknown :-1 s=STATE_CONNECTING_RE l=1).process nonblock connect inprogress ,
2021-09-15T13:16:41.063+0000 7f972dc3c700 20 Event(0x7f9728060be0 nevent=5000 time_id=5).create_file_event create event started fd=16 mask=2 original mask is 1 ,
2021-09-15T13:16:41.063+0000 7f972dc3c700 20 EpollDriver.add_event add event fd=16 cur_mask=1 add_mask=2 to 7
2021-09-15T23:21:32.158 WARNING:scrape:Ignoring malparsed backtrace:
2021-09-15T13:16:41.064+0000 7f972dc3c700 20 --2- 172.21.15.149:0/3580088622 >> v2:172.21.15.200:6800/31399 conn(0x7f970805fea0 0x7f97080623b0 secure :-1 s=READY pgs=312 cs=0 l=1 rev1=1 crypto rx=0x7f97280a8440 tx=0x7f9718009040 comp rx=0 tx=0).read_frame ,
2021-09-15T13:16:41.064+0000 7f972dc3c700 20 -- 172.21.15.149:0/3580088622 >> v2:172.21.15.200:6800/31399 conn(0x7f970805fea0 msgr2=0x7f97080623b0 secure :-1 s=STATE_CONNECTION_ESTABLISHED l=1).read start len=96 ,
2021-09-15T13:16:41.068+0000 7f972d43b700 20 -- 172.21.15.149:0/3580088622 >> [v2:172.21.15.149:3300/0,v1:172.21.15.149:6789/0] conn(0x7f97280a7ac0 msgr2=0x7f972813a590 secure :-1 s=STATE_CONNECTION_ESTABLISHED l=1).process
2021-09-15T23:21:32.158 WARNING:scrape:Ignoring malparsed backtrace:
2021-09-15T13:16:41.230+0000 7f972ec3e700 1 -- 172.21.15.149:0/3580088622 >> 172.21.15.149:0/3580088622 conn(0x7f972806c9d0 msgr2=0x7f972805f1b0 unknown :-1 s=STATE_NONE l=0).mark_down ,
2021-09-15T13:16:41.230+0000 7f972ec3e700 20 --1- 172.21.15.149:0/3580088622 >> 172.21.15.149:0/3580088622 conn(0x7f972806c9d0 0x7f972805f1b0 :-1 s=NONE pgs=0 cs=0 l=0).stop ,
2021-09-15T13:16:41.230+0000 7f972ec3e700 2 --1- 172.21.15.149:0/3580088622 >> 172.21.15.149:0/3580088622 conn(0x7f972806c9d0 0x7f972805f1b0 :-1 s=NONE pgs=0 cs=0 l=0).stop
2021-09-15T23:21:32.159 WARNING:scrape:Ignoring malparsed backtrace:
2021-09-15T13:16:41.610+0000 7f5eed469700 10 --1- >> v1:172.21.15.200:6789/0 conn(0x7f5ee80a9670 0x7f5ee80a4890 :-1 s=START_CONNECT pgs=0 cs=0 l=0).write_event ,
2021-09-15T13:16:41.610+0000 7f5eef6cd700 15 --2- >> v2:172.21.15.200:3300/0 conn(0x7f5ee8064520 0x7f5ee8064930 unknown :-1 s=START_CONNECT pgs=0 cs=0 l=0 rev1=0 crypto rx=0 tx=0 comp rx=0 tx=0).send_message inline write is denied, reschedule m=0x7f5ee8064e70 ,
2021-09-15T13:16:41.610+0000 7f5eecc68700 20 --2- >> [v2:172.21.15.149:3301/0,v1:172.21.15.149:6790/0] conn(0x7f5ee8136b40 0x7f5ee8136f50 unknown :-1 s=START_CONNECT pgs=0 cs=0 l=0 rev1=0 crypto rx=0 tx=0 comp rx=0 tx=0).start_client_banner_exchange
2021-09-15T23:21:32.160 WARNING:scrape:Ignoring malparsed backtrace:
2021-09-15T13:16:41.610+0000 7f5eed469700 20 -- 172.21.15.149:0/2188715048 >> v1:172.21.15.200:6789/0 conn(0x7f5ee80a9670 legacy=0x7f5ee80a4890 unknown :-1 s=STATE_CONNECTION_ESTABLISHED l=0).process ,
2021-09-15T13:16:41.610+0000 7f5eed469700 20 -- 172.21.15.149:0/2188715048 >> v1:172.21.15.200:6789/0 conn(0x7f5ee80a9670 legacy=0x7f5ee80a4890 unknown :-1 s=STATE_CONNECTION_ESTABLISHED l=0).read continue len=26 ,
2021-09-15T13:16:41.610+0000 7f5eed469700 20 --1- 172.21.15.149:0/2188715048 >> v1:172.21.15.200:6789/0 conn(0x7f5ee80a9670 0x7f5ee80a4890 :-1 s=CONNECTING_SEND_CONNECT_MSG pgs=0 cs=0 l=0).handle_connect_reply_1 r=0
2021-09-15T23:21:32.161 WARNING:scrape:Ignoring malparsed backtrace:
2021-09-15T13:16:41.610+0000 7f5eecc68700 10 -- 172.21.15.149:0/2188715048 >> [v2:172.21.15.149:3301/0,v1:172.21.15.149:6790/0] conn(0x7f5ee8136b40 msgr2=0x7f5ee8136f50 secure :-1 s=STATE_CONNECTION_ESTABLISHED l=0)._try_send sent bytes 192 remaining bytes 0 ,
2021-09-15T13:16:41.610+0000 7f5eecc68700 20 --2- 172.21.15.149:0/2188715048 >> [v2:172.21.15.149:3301/0,v1:172.21.15.149:6790/0] conn(0x7f5ee8136b40 0x7f5ee8136f50 secure :-1 s=SESSION_CONNECTING pgs=0 cs=0 l=0 rev1=1 crypto rx=0x7f5edc00b6c0 tx=0x7f5edc006ee0 comp rx=0 tx=0).read_frame ,
2021-09-15T13:16:41.610+0000 7f5eecc68700 20 -- 172.21.15.149:0/2188715048 >> [v2:172.21.15.149:3301/0,v1:172.21.15.149:6790/0] conn(0x7f5ee8136b40 msgr2=0x7f5ee8136f50 secure :-1 s=STATE_CONNECTION_ESTABLISHED l=0).read start len=96
2021-09-15T23:21:32.161 WARNING:scrape:Ignoring malparsed backtrace:
2021-09-15T13:16:41.611+0000 7f5eef6cd700 5 --2- 172.21.15.149:0/2188715048 >> [v2:172.21.15.149:3301/0,v1:172.21.15.149:6790/0] conn(0x7f5ee8136b40 0x7f5ee8136f50 secure :-1 s=READY pgs=454 cs=0 l=1 rev1=1 crypto rx=0x7f5edc00b6c0 tx=0x7f5edc006ee0 comp rx=0 tx=0).reset_recv_state ,
2021-09-15T13:16:41.611+0000 7f5eef6cd700 20 Event(0x7f5ee80679c0 nevent=5000 time_id=3).wakeup ,
2021-09-15T13:16:41.611+0000 7f5eef6cd700 10 --2- 172.21.15.149:0/2188715048 >> [v2:172.21.15.149:3301/0,v1:172.21.15.149:6790/0] conn(0x7f5ee8136b40 0x7f5ee8136f50 secure :-1 s=READY pgs=454 cs=0 l=1 rev1=1 crypto rx=0x7f5edc00b6c0 tx=0x7f5edc006ee0 comp rx=0 tx=0).discard_out_queue started
2021-09-15T23:21:32.162 WARNING:scrape:Ignoring malparsed backtrace:
2021-09-15T13:16:41.614+0000 7f5eedc6a700 10 -- >> [v2:172.21.15.200:3300/0,v1:172.21.15.200:6789/0] conn(0x7f5ee8136b40 msgr2=0x7f5ee80a3240 unknown :-1 s=STATE_CONNECTING_RE l=1).process nonblock connect inprogress ,
2021-09-15T13:16:41.614+0000 7f5eecc68700 20 --2- >> [v2:172.21.15.149:3301/0,v1:172.21.15.149:6790/0] conn(0x7f5ee80a9670 0x7f5ee80a2d00 unknown :-1 s=BANNER_CONNECTING pgs=0 cs=0 l=1 rev1=0 crypto rx=0 tx=0 comp rx=0 tx=0)._banner_exchange ,
2021-09-15T13:16:41.614+0000 7f5eedc6a700 20 Event(0x7f5ee80aeec0 nevent=5000 time_id=3).create_file_event create event started fd=18 mask=2 original mask is 1
2021-09-15T23:21:32.163 WARNING:scrape:Ignoring malparsed backtrace:
2021-09-15T13:16:41.614+0000 7f5eed469700 20 --2- 172.21.15.149:0/1129462528 >> [v2:172.21.15.149:3300/0,v1:172.21.15.149:6789/0] conn(0x7f5ee8064520 0x7f5ee80a1d60 unknown :-1 s=AUTH_CONNECTING pgs=0 cs=0 l=1 rev1=1 crypto rx=0 tx=0 comp rx=0 tx=0).read_frame_segment seg_idx=0 ,
2021-09-15T13:16:41.614+0000 7f5eedc6a700 20 -- 172.21.15.149:0/1129462528 >> [v2:172.21.15.200:3300/0,v1:172.21.15.200:6789/0] conn(0x7f5ee8136b40 msgr2=0x7f5ee80a3240 unknown :-1 s=STATE_CONNECTION_ESTABLISHED l=1).read start len=32 ,
2021-09-15T13:16:41.614+0000 7f5eed469700 20 -- 172.21.15.149:0/1129462528 >> [v2:172.21.15.149:3300/0,v1:172.21.15.149:6789/0] conn(0x7f5ee8064520 msgr2=0x7f5ee80a1d60 unknown :-1 s=STATE_CONNECTION_ESTABLISHED l=1).read start len=17
2021-09-15T23:21:32.164 WARNING:scrape:Ignoring malparsed backtrace:
2021-09-15T13:16:41.614+0000 7f5eecc68700 20 --2- 172.21.15.149:0/1129462528 >> [v2:172.21.15.149:3301/0,v1:172.21.15.149:6790/0] conn(0x7f5ee80a9670 0x7f5ee80a2d00 secure :-1 s=READY pgs=455 cs=0 l=1 rev1=1 crypto rx=0x7f5edc010000 tx=0x7f5edc011000 comp rx=0 tx=0).prepare_send_message m=mon_getmap magic: 0 v1 ,
2021-09-15T13:16:41.615+0000 7f5eecc68700 20 --2- 172.21.15.149:0/1129462528 >> [v2:172.21.15.149:3301/0,v1:172.21.15.149:6790/0] conn(0x7f5ee80a9670 0x7f5ee80a2d00 secure :-1 s=READY pgs=455 cs=0 l=1 rev1=1 crypto rx=0x7f5edc010000 tx=0x7f5edc011000 comp rx=0 tx=0).prepare_send_message encoding features 4540138303579357183 0x7f5ee8148bb0 mon_getmap magic: 0 v1 ,
2021-09-15T13:16:41.615+0000 7f5eecc68700 15 authenticated_encrypt_update plaintext.length()=80 buffer.length()=80
