2021-09-15T13:09:19.914+0000 7fbc627fc700 1 -- 172.21.15.149:0/2703432418 --> v2:172.21.15.149:6806/32035 -- ping magic: 0 v1 -- 0x7fbc4c0042a0 con 0x7fbc54066720 ,
2021-09-15T13:09:19.914+0000 7fbc627fc700 5 --2- 172.21.15.149:0/2703432418 >> v2:172.21.15.149:6806/32035 conn(0x7fbc54066720 0x7fbc54068bf0 unknown :-1 s=START_CONNECT pgs=0 cs=0 l=1 rev1=1 crypto rx=0 tx=0 comp rx=0 tx=0).send_message enqueueing message m=0x7fbc4c0042a0 type=2 ping magic: 0 v1 ,
2021-09-15T13:09:19.914+0000 7fbc627fc700 15 --2- 172.21.15.149:0/2703432418 >> v2:172.21.15.149:6806/32035 conn(0x7fbc54066720 0x7fbc54068bf0 unknown :-1 s=START_CONNECT pgs=0 cs=0 l=1 rev1=1 crypto rx=0 tx=0 comp rx=0 tx=0).send_message inline write is denied, reschedule m=0x7fbc4c0042a0
2021-09-15T23:21:32.868 WARNING:scrape:Ignoring malparsed backtrace:
2021-09-15T13:09:40.372+0000 7fbc7a38b700 20 EpollDriver.add_event add event fd=18 cur_mask=0 add_mask=1 to 4 ,
2021-09-15T13:09:40.372+0000 7fbc7a38b700 20 Event(0x7fbc740b10a0 nevent=5000 time_id=24).create_file_event create event end fd=18 mask=1 current mask is 1 ,
2021-09-15T13:09:40.372+0000 7fbc7a38b700 20 EpollDriver.del_event del event fd=18 cur_mask=1 delmask=2 to 4
2021-09-15T23:21:32.869 WARNING:scrape:Ignoring malparsed backtrace:
2021-09-15T13:09:55.385+0000 7fbc7a38b700 20 -- 172.21.15.149:0/2703432418 >> v2:172.21.15.149:6806/32035 conn(0x7fbc54066720 msgr2=0x7fbc54068bf0 unknown :-1 s=STATE_CONNECTION_ESTABLISHED l=1).read start len=10 ,
2021-09-15T13:09:55.385+0000 7fbc7a38b700 20 -- 172.21.15.149:0/2703432418 >> v2:172.21.15.149:6806/32035 conn(0x7fbc54066720 msgr2=0x7fbc54068bf0 unknown :-1 s=STATE_CONNECTION_ESTABLISHED l=1).process ,
2021-09-15T13:09:55.385+0000 7fbc7a38b700 20 -- 172.21.15.149:0/2703432418 >> v2:172.21.15.149:6806/32035 conn(0x7fbc54066720 msgr2=0x7fbc54068bf0 unknown :-1 s=STATE_CONNECTION_ESTABLISHED l=1).read continue len=10
2021-09-15T23:21:32.870 WARNING:scrape:Ignoring malparsed backtrace:
2021-09-15T13:10:10.389+0000 7fbc7a38b700 20 -- 172.21.15.149:0/2703432418 >> v2:172.21.15.149:6806/32035 conn(0x7fbc54066720 msgr2=0x7fbc54068bf0 unknown :-1 s=STATE_CONNECTION_ESTABLISHED l=1).process ,
2021-09-15T13:10:10.389+0000 7fbc7a38b700 20 -- 172.21.15.149:0/2703432418 >> v2:172.21.15.149:6806/32035 conn(0x7fbc54066720 msgr2=0x7fbc54068bf0 unknown :-1 s=STATE_CONNECTION_ESTABLISHED l=1).read continue len=32 ,
2021-09-15T13:10:10.389+0000 7fbc7a38b700 20 --2- 172.21.15.149:0/2703432418 >> v2:172.21.15.149:6806/32035 conn(0x7fbc54066720 0x7fbc54068bf0 unknown :-1 s=AUTH_CONNECTING pgs=0 cs=0 l=1 rev1=1 crypto rx=0 tx=0 comp rx=0 tx=0).handle_read_frame_preamble_main r=0
2021-09-15T23:21:32.870 WARNING:scrape:Ignoring malparsed backtrace:
2021-09-15T13:10:25.405+0000 7fbc7a38b700 1 --2- 172.21.15.149:0/2703432418 >> v2:172.21.15.149:6806/32035 conn(0x7fbc54066720 0x7fbc54068bf0 unknown :-1 s=AUTH_CONNECTING pgs=0 cs=0 l=1 rev1=1 crypto rx=0 tx=0 comp rx=0 tx=0).handle_auth_bad_method method=2 result (13) Permission denied, allowed methods=[2], allowed modes=[1,2] ,
2021-09-15T13:10:25.405+0000 7fbc7a38b700 10 --2- 172.21.15.149:0/2703432418 >> v2:172.21.15.149:6806/32035 conn(0x7fbc54066720 0x7fbc54068bf0 unknown :-1 s=AUTH_CONNECTING pgs=0 cs=0 l=1 rev1=1 crypto rx=0 tx=0 comp rx=0 tx=0)._fault ,
2021-09-15T13:10:25.405+0000 7fbc7a38b700 20 EpollDriver.del_event del event fd=18 cur_mask=1 delmask=3 to 4
2021-09-15T23:21:32.871 WARNING:scrape:Ignoring malparsed backtrace:
2021-09-15T13:10:29.945+0000 7faf3ffff700 1 --2- >> v2:172.21.15.149:3300/0 conn(0x7faf480a09c0 0x7faf481324f0 unknown :-1 s=BANNER_CONNECTING pgs=0 cs=0 l=0 rev1=0 crypto rx=0 tx=0 comp rx=0 tx=0)._handle_peer_banner_payload supported=3 required=0 ,
2021-09-15T13:10:29.945+0000 7faf4ce15700 20 -- >> [v2:172.21.15.149:3301/0,v1:172.21.15.149:6790/0] conn(0x7faf480632a0 msgr2=0x7faf480a0480 unknown :-1 s=STATE_CONNECTION_ESTABLISHED l=0).process ,
2021-09-15T13:10:29.945+0000 7faf4d616700 20 --2- >> v2:172.21.15.200:3300/0 conn(0x7faf48132a30 0x7faf481388d0 unknown :-1 s=START_CONNECT pgs=0 cs=0 l=0 rev1=0 crypto rx=0 tx=0 comp rx=0 tx=0).read_event
2021-09-15T23:21:32.872 WARNING:scrape:Ignoring malparsed backtrace:
2021-09-15T13:10:29.945+0000 7faf3ffff700 20 -- 172.21.15.149:0/3258691487 >> v2:172.21.15.149:3300/0 conn(0x7faf480a09c0 msgr2=0x7faf481324f0 unknown :-1 s=STATE_CONNECTION_ESTABLISHED l=0).read start len=294 ,
2021-09-15T13:10:29.945+0000 7faf3ffff700 20 --2- 172.21.15.149:0/3258691487 >> v2:172.21.15.149:3300/0 conn(0x7faf480a09c0 0x7faf481324f0 unknown :-1 s=AUTH_CONNECTING pgs=0 cs=0 l=0 rev1=1 crypto rx=0 tx=0 comp rx=0 tx=0).handle_read_frame_segment r=0 ,
2021-09-15T13:10:29.945+0000 7faf4d616700 20 --2- 172.21.15.149:0/3258691487 >> v2:172.21.15.200:3300/0 conn(0x7faf48132a30 0x7faf481388d0 unknown :-1 s=AUTH_CONNECTING pgs=0 cs=0 l=0 rev1=1 crypto rx=0 tx=0 comp rx=0 tx=0).handle_read_frame_preamble_main r=0
2021-09-15T23:21:32.872 WARNING:scrape:Ignoring malparsed backtrace:
2021-09-15T13:10:29.946+0000 7faf3ffff700 20 --2- 172.21.15.149:0/3258691487 >> [v2:172.21.15.149:3300/0,v1:172.21.15.149:6789/0] conn(0x7faf480a09c0 0x7faf481324f0 secure :-1 s=READY pgs=654 cs=0 l=1 rev1=1 crypto rx=0x7faf480a18b0 tx=0x7faf30006ee0 comp rx=0 tx=0).prepare_send_message encoding features 4540138303579357183 0x7faf48132fb0 mon_subscribe({config=0+,monmap=0+}) v3 ,
2021-09-15T13:10:29.946+0000 7faf3ffff700 15 authenticated_encrypt_update plaintext.length()=80 buffer.length()=80 ,
2021-09-15T13:10:29.946+0000 7faf3ffff700 15 authenticated_encrypt_final buffer.length()=96 final_len=0
2021-09-15T23:21:32.873 WARNING:scrape:Ignoring malparsed backtrace:
2021-09-15T13:10:29.947+0000 7faf4d616700 5 --1- 172.21.15.149:0/3258691487 >> 172.21.15.149:0/3258691487 conn(0x7faf4806c9d0 0x7faf480ac190 :-1 s=NONE pgs=0 cs=0 l=0).reset_recv_state (warped) reseting security handlers ,
2021-09-15T13:10:29.947+0000 7faf4de17700 20 Event(0x7faf48060b30 nevent=5000 time_id=2).wakeup ,
2021-09-15T13:10:29.947+0000 7faf4d616700 5 --1- 172.21.15.149:0/3258691487 >> 172.21.15.149:0/3258691487 conn(0x7faf4806c9d0 0x7faf480ac190 :-1 s=CLOSED pgs=0 cs=0 l=0).reset_security
2021-09-15T23:21:32.874 WARNING:scrape:Ignoring malparsed backtrace:
2021-09-15T13:10:29.949+0000 7faf4ce15700 20 --2- >> [v2:172.21.15.149:3301/0,v1:172.21.15.149:6790/0] conn(0x7faf480632a0 0x7faf480a46e0 unknown :-1 s=HELLO_CONNECTING pgs=0 cs=0 l=1 rev1=1 crypto rx=0 tx=0 comp rx=0 tx=0).read_frame ,
2021-09-15T13:10:29.949+0000 7faf3ffff700 20 --2- >> [v2:172.21.15.149:3300/0,v1:172.21.15.149:6789/0] conn(0x7faf480a09c0 0x7faf480a39d0 unknown :-1 s=HELLO_CONNECTING pgs=0 cs=0 l=1 rev1=1 crypto rx=0 tx=0 comp rx=0 tx=0).handle_read_frame_preamble_main r=0 ,
2021-09-15T13:10:29.949+0000 7faf4d616700 10 -- >> [v2:172.21.15.200:3300/0,v1:172.21.15.200:6789/0] conn(0x7faf48132a30 msgr2=0x7faf4806a3e0 unknown :-1 s=STATE_CONNECTION_ESTABLISHED l=1)._try_send sent bytes 26 remaining bytes 0
2021-09-15T23:21:32.875 WARNING:scrape:Ignoring malparsed backtrace:
2021-09-15T13:10:29.950+0000 7faf4ce15700 10 --2- 172.21.15.149:0/4131767897 >> [v2:172.21.15.149:3301/0,v1:172.21.15.149:6790/0] conn(0x7faf480632a0 0x7faf480a46e0 unknown :-1 s=AUTH_CONNECTING pgs=0 cs=0 l=1 rev1=1 crypto rx=0 tx=0 comp rx=0 tx=0).handle_read_frame_dispatch tag=6 ,
2021-09-15T13:10:29.950+0000 7faf3ffff700 20 -- 172.21.15.149:0/4131767897 >> [v2:172.21.15.149:3300/0,v1:172.21.15.149:6789/0] conn(0x7faf480a09c0 msgr2=0x7faf480a39d0 unknown :-1 s=STATE_CONNECTION_ESTABLISHED l=1).read start len=844 ,
2021-09-15T13:10:29.950+0000 7faf4ce15700 20 --2- 172.21.15.149:0/4131767897 >> [v2:172.21.15.149:3301/0,v1:172.21.15.149:6790/0] conn(0x7faf480632a0 0x7faf480a46e0 unknown :-1 s=AUTH_CONNECTING pgs=0 cs=0 l=1 rev1=1 crypto rx=0 tx=0 comp rx=0 tx=0).handle_auth_done payload.length()=840
2021-09-15T23:21:32.875 WARNING:scrape:Ignoring malparsed backtrace:
2021-09-15T13:10:29.950+0000 7faf4ce15700 20 --2- 172.21.15.149:0/4131767897 >> [v2:172.21.15.149:3301/0,v1:172.21.15.149:6790/0] conn(0x7faf480632a0 0x7faf480a46e0 secure :-1 s=THROTTLE_MESSAGE pgs=426 cs=0 l=1 rev1=1 crypto rx=0x7faf3801f600 tx=0x7faf38006e20 comp rx=0 tx=0).throttle_message ,
2021-09-15T13:10:29.950+0000 7faf4ce15700 20 --2- 172.21.15.149:0/4131767897 >> [v2:172.21.15.149:3301/0,v1:172.21.15.149:6790/0] conn(0x7faf480632a0 0x7faf480a46e0 secure :-1 s=THROTTLE_BYTES pgs=426 cs=0 l=1 rev1=1 crypto rx=0x7faf3801f600 tx=0x7faf38006e20 comp rx=0 tx=0).throttle_bytes ,
2021-09-15T13:10:29.950+0000 7faf4ce15700 20 --2- 172.21.15.149:0/4131767897 >> [v2:172.21.15.149:3301/0,v1:172.21.15.149:6790/0] conn(0x7faf480632a0 0x7faf480a46e0 secure :-1 s=THROTTLE_DISPATCH_QUEUE pgs=426 cs=0 l=1 rev1=1 crypto rx=0x7faf3801f600 tx=0x7faf38006e20 comp rx=0 tx=0).throttle_dispatch_queue
2021-09-15T23:21:32.876 WARNING:scrape:Ignoring malparsed backtrace:
2021-09-15T13:10:29.951+0000 7faf4ce15700 15 authenticated_encrypt_update plaintext.length()=16 buffer.length()=48 ,
2021-09-15T13:10:29.951+0000 7faf4ce15700 15 authenticated_encrypt_final buffer.length()=64 final_len=0 ,
2021-09-15T13:10:29.951+0000 7faf4ce15700 5 --2- 172.21.15.149:0/4131767897 >> [v2:172.21.15.149:3301/0,v1:172.21.15.149:6790/0] conn(0x7faf480632a0 0x7faf480a46e0 secure :-1 s=READY pgs=426 cs=0 l=1 rev1=1 crypto rx=0x7faf3801f600 tx=0x7faf38006e20 comp rx=0 tx=0).write_message sending message m=0x7faf4805fbd0 seq=5 mon_get_version(what=osdmap handle=1) v1
2021-09-15T23:21:32.877 WARNING:scrape:Ignoring malparsed backtrace:
2021-09-15T13:10:29.953+0000 7faf4d616700 20 Event(0x7faf480ad370 nevent=5000 time_id=4).create_file_event create event end fd=18 mask=1 current mask is 1 ,
2021-09-15T13:10:29.953+0000 7faf3cff9700 10 -- 172.21.15.149:0/4131767897 dispatch_throttle_release 24 to dispatch throttler 24/104857600 ,
2021-09-15T13:10:29.953+0000 7faf4d616700 10 NetHandler reconnect reconnect: 114 Operation already in progress
2021-09-15T23:21:32.877 WARNING:scrape:Ignoring malparsed backtrace:
2021-09-15T13:10:29.953+0000 7faf3ffff700 20 --2- 172.21.15.149:0/4131767897 >> v2:172.21.15.200:6800/31399 conn(0x7faf2805fea0 0x7faf280623b0 secure :-1 s=SESSION_CONNECTING pgs=0 cs=0 l=1 rev1=1 crypto rx=0x7faf480a0e80 tx=0x7faf30015000 comp rx=0 tx=0).read_frame_segment seg_idx=0 ,
2021-09-15T13:10:29.953+0000 7faf3ffff700 20 -- 172.21.15.149:0/4131767897 >> v2:172.21.15.200:6800/31399 conn(0x7faf2805fea0 msgr2=0x7faf280623b0 secure :-1 s=STATE_CONNECTION_ESTABLISHED l=1).read start len=64 ,
2021-09-15T13:10:29.953+0000 7faf3ffff700 20 --2- 172.21.15.149:0/4131767897 >> v2:172.21.15.200:6800/31399 conn(0x7faf2805fea0 0x7faf280623b0 secure :-1 s=SESSION_CONNECTING pgs=0 cs=0 l=1 rev1=1 crypto rx=0x7faf480a0e80 tx=0x7faf30015000 comp rx=0 tx=0).handle_read_frame_segment r=0
2021-09-15T23:21:32.878 WARNING:scrape:Ignoring malparsed backtrace:
2021-09-15T13:10:29.957+0000 7faf4d616700 10 --2- 172.21.15.149:0/4131767897 >> v2:172.21.15.200:6802/31944 conn(0x7faf28066720 0x7faf28068bf0 crc :-1 s=THROTTLE_DONE pgs=11 cs=0 l=1 rev1=1 crypto rx=0 tx=0 comp rx=0 tx=0).handle_read_frame_dispatch tag=17 ,
2021-09-15T13:10:29.957+0000 7faf4d616700 20 --2- 172.21.15.149:0/4131767897 >> v2:172.21.15.200:6802/31944 conn(0x7faf28066720 0x7faf28068bf0 crc :-1 s=THROTTLE_DONE pgs=11 cs=0 l=1 rev1=1 crypto rx=0 tx=0 comp rx=0 tx=0).handle_message ,
2021-09-15T13:10:29.957+0000 7faf4d616700 5 --2- 172.21.15.149:0/4131767897 >> v2:172.21.15.200:6802/31944 conn(0x7faf28066720 0x7faf28068bf0 crc :-1 s=THROTTLE_DONE pgs=11 cs=0 l=1 rev1=1 crypto rx=0 tx=0 comp rx=0 tx=0).handle_message got 8 + 0 + 4441 byte message. envelope type=98 src osd.4 off 0
2021-09-15T23:21:32.879 WARNING:scrape:Ignoring malparsed backtrace:
2021-09-15T13:10:29.962+0000 7faf4d616700 5 --1- 172.21.15.149:0/4131767897 >> 172.21.15.149:0/4131767897 conn(0x7faf4806c9d0 0x7faf4805f1b0 :-1 s=CLOSED pgs=0 cs=0 l=0).reset_security ,
2021-09-15T13:10:29.962+0000 7faf4de17700 20 Event(0x7faf480660b0 nevent=5000 time_id=6).wakeup ,
2021-09-15T13:10:29.962+0000 7faf4de17700 10 -- 172.21.15.149:0/4131767897 wait: waiting for dispatch queue
2021-09-15T23:21:32.880 WARNING:scrape:Ignoring malparsed backtrace:
2021-09-15T13:10:30.507+0000 7fb867fff700 20 -- >> [v2:172.21.15.149:3301/0,v1:172.21.15.149:6790/0] conn(0x7fb86806a860 msgr2=0x7fb868064330 unknown :-1 s=STATE_CONNECTION_ESTABLISHED l=0).read continue len=10 ,
2021-09-15T13:10:30.507+0000 7fb86c8d7700 10 -- >> v1:172.21.15.149:6789/0 conn(0x7fb86813cd70 legacy=0x7fb86813d180 unknown :-1 s=STATE_CONNECTION_ESTABLISHED l=0).handle_write ,
2021-09-15T13:10:30.507+0000 7fb86c8d7700 10 --1- >> v1:172.21.15.149:6789/0 conn(0x7fb86813cd70 0x7fb86813d180 :-1 s=CONNECTING_WAIT_BANNER_AND_IDENTIFY pgs=0 cs=0 l=0).write_event
2021-09-15T23:21:32.880 WARNING:scrape:Ignoring malparsed backtrace:
2021-09-15T13:10:30.507+0000 7fb8677fe700 20 -- 172.21.15.149:0/3209526888 >> v2:172.21.15.200:3300/0 conn(0x7fb8680635c0 msgr2=0x7fb868069950 unknown :-1 s=STATE_CONNECTION_ESTABLISHED l=0).read continue len=32 ,
2021-09-15T13:10:30.507+0000 7fb8677fe700 20 --2- 172.21.15.149:0/3209526888 >> v2:172.21.15.200:3300/0 conn(0x7fb8680635c0 0x7fb868069950 unknown :-1 s=HELLO_CONNECTING pgs=0 cs=0 l=0 rev1=1 crypto rx=0 tx=0 comp rx=0 tx=0).handle_read_frame_preamble_main r=0 ,
2021-09-15T13:10:30.507+0000 7fb8677fe700 20 --2- 172.21.15.149:0/3209526888 >> v2:172.21.15.200:3300/0 conn(0x7fb8680635c0 0x7fb868069950 unknown :-1 s=HELLO_CONNECTING pgs=0 cs=0 l=0 rev1=1 crypto rx=0 tx=0 comp rx=0 tx=0).read_frame_segment seg_idx=0
2021-09-15T23:21:32.881 WARNING:scrape:Ignoring malparsed backtrace:
2021-09-15T13:10:30.508+0000 7fb867fff700 20 --2- 172.21.15.149:0/3209526888 >> [v2:172.21.15.149:3301/0,v1:172.21.15.149:6790/0] conn(0x7fb86806a860 0x7fb868064330 secure :-1 s=READY pgs=427 cs=0 l=1 rev1=1 crypto rx=0x7fb854013ea0 tx=0x7fb854006e20 comp rx=0 tx=0).prepare_send_message encoding features 4540138303579357183 0x7fb868069e90 mon_getmap magic: 0 v1 ,
2021-09-15T13:10:30.508+0000 7fb867fff700 15 authenticated_encrypt_update plaintext.length()=80 buffer.length()=80 ,
2021-09-15T13:10:30.508+0000 7fb867fff700 15 authenticated_encrypt_final buffer.length()=96 final_len=0
2021-09-15T23:21:32.882 WARNING:scrape:Ignoring malparsed backtrace:
2021-09-15T13:10:30.509+0000 7fb86d0d8700 5 -- 172.21.15.149:0/3209526888 shutdown_connections delete 0x7fb86813cd70 ,
2021-09-15T13:10:30.509+0000 7fb86d0d8700 1 -- 172.21.15.149:0/3209526888 >> 172.21.15.149:0/3209526888 conn(0x7fb8680683f0 msgr2=0x7fb8680aca60 unknown :-1 s=STATE_NONE l=0).mark_down ,
2021-09-15T13:10:30.509+0000 7fb86d0d8700 20 --1- 172.21.15.149:0/3209526888 >> 172.21.15.149:0/3209526888 conn(0x7fb8680683f0 0x7fb8680aca60 :-1 s=NONE pgs=0 cs=0 l=0).stop
2021-09-15T23:21:32.882 WARNING:scrape:Ignoring malparsed backtrace:
2021-09-15T13:10:30.511+0000 7fb8677fe700 20 -- >> [v2:172.21.15.200:3300/0,v1:172.21.15.200:6789/0] conn(0x7fb86806a860 msgr2=0x7fb8680a27a0 unknown :-1 s=STATE_CONNECTING_RE l=1).process ,
2021-09-15T13:10:30.511+0000 7fb86c8d7700 20 --2- >> [v2:172.21.15.149:3301/0,v1:172.21.15.149:6790/0] conn(0x7fb86813cd70 0x7fb8680a48d0 unknown :-1 s=HELLO_CONNECTING pgs=0 cs=0 l=1 rev1=1 crypto rx=0 tx=0 comp rx=0 tx=0).read_frame ,
2021-09-15T13:10:30.511+0000 7fb867fff700 20 --2- >> [v2:172.21.15.149:3300/0,v1:172.21.15.149:6789/0] conn(0x7fb8680635c0 0x7fb86813a170 unknown :-1 s=HELLO_CONNECTING pgs=0 cs=0 l=1 rev1=1 crypto rx=0 tx=0 comp rx=0 tx=0).read_frame_segment seg_idx=0
2021-09-15T23:21:32.883 WARNING:scrape:Ignoring malparsed backtrace:
2021-09-15T13:10:30.512+0000 7fb8677fe700 20 -- 172.21.15.149:0/845606693 >> [v2:172.21.15.200:3300/0,v1:172.21.15.200:6789/0] conn(0x7fb86806a860 msgr2=0x7fb8680a27a0 unknown :-1 s=STATE_CLOSED l=1).process socket closed ,
2021-09-15T13:10:30.512+0000 7fb86c8d7700 1 --2- 172.21.15.149:0/845606693 >> [v2:172.21.15.149:3300/0,v1:172.21.15.149:6789/0] conn(0x7fb8680635c0 0x7fb86813a170 unknown :-1 s=AUTH_CONNECTING pgs=0 cs=0 l=1 rev1=1 crypto rx=0 tx=0 comp rx=0 tx=0).stop ,
2021-09-15T13:10:30.512+0000 7fb86c8d7700 5 --2- 172.21.15.149:0/845606693 >> [v2:172.21.15.149:3300/0,v1:172.21.15.149:6789/0] conn(0x7fb8680635c0 0x7fb86813a170 unknown :-1 s=AUTH_CONNECTING pgs=0 cs=0 l=1 rev1=1 crypto rx=0 tx=0 comp rx=0 tx=0).reset_recv_state
2021-09-15T23:21:32.884 WARNING:scrape:Ignoring malparsed backtrace:
2021-09-15T13:10:30.512+0000 7fb86c8d7700 20 --2- 172.21.15.149:0/845606693 >> [v2:172.21.15.149:3301/0,v1:172.21.15.149:6790/0] conn(0x7fb86813cd70 0x7fb8680a48d0 secure :-1 s=READY pgs=428 cs=0 l=1 rev1=1 crypto rx=0x7fb85c00c540 tx=0x7fb85c0039d0 comp rx=0 tx=0).read_frame ,
2021-09-15T13:10:30.512+0000 7fb86c8d7700 20 -- 172.21.15.149:0/845606693 >> [v2:172.21.15.149:3301/0,v1:172.21.15.149:6790/0] conn(0x7fb86813cd70 msgr2=0x7fb8680a48d0 secure :-1 s=STATE_CONNECTION_ESTABLISHED l=1).read start len=96 ,
2021-09-15T13:10:30.512+0000 7fb86c8d7700 20 --2- 172.21.15.149:0/845606693 >> [v2:172.21.15.149:3301/0,v1:172.21.15.149:6790/0] conn(0x7fb86813cd70 0x7fb8680a48d0 secure :-1 s=READY pgs=428 cs=0 l=1 rev1=1 crypto rx=0x7fb85c00c540 tx=0x7fb85c0039d0 comp rx=0 tx=0).handle_read_frame_preamble_main r=0
2021-09-15T23:21:32.885 WARNING:scrape:Ignoring malparsed backtrace:
2021-09-15T13:10:30.514+0000 7fb86c8d7700 20 --2- 172.21.15.149:0/845606693 >> [v2:172.21.15.149:3301/0,v1:172.21.15.149:6790/0] conn(0x7fb86813cd70 0x7fb8680a48d0 secure :-1 s=THROTTLE_MESSAGE pgs=428 cs=0 l=1 rev1=1 crypto rx=0x7fb85c00c540 tx=0x7fb85c0039d0 comp rx=0 tx=0).throttle_message ,
2021-09-15T13:10:30.514+0000 7fb86c8d7700 20 --2- 172.21.15.149:0/845606693 >> [v2:172.21.15.149:3301/0,v1:172.21.15.149:6790/0] conn(0x7fb86813cd70 0x7fb8680a48d0 secure :-1 s=THROTTLE_BYTES pgs=428 cs=0 l=1 rev1=1 crypto rx=0x7fb85c00c540 tx=0x7fb85c0039d0 comp rx=0 tx=0).throttle_bytes ,
2021-09-15T13:10:30.514+0000 7fb86c8d7700 20 --2- 172.21.15.149:0/845606693 >> [v2:172.21.15.149:3301/0,v1:172.21.15.149:6790/0] conn(0x7fb86813cd70 0x7fb8680a48d0 secure :-1 s=THROTTLE_DISPATCH_QUEUE pgs=428 cs=0 l=1 rev1=1 crypto rx=0x7fb85c00c540 tx=0x7fb85c0039d0 comp rx=0 tx=0).throttle_dispatch_queue
2021-09-15T23:21:32.885 WARNING:scrape:Ignoring malparsed backtrace:
2021-09-15T13:10:30.515+0000 7fb867fff700 10 -- 172.21.15.149:0/845606693 >> v2:172.21.15.200:6800/31399 conn(0x7fb85005fea0 msgr2=0x7fb8500623b0 secure :-1 s=STATE_CONNECTION_ESTABLISHED l=1)._try_send sent bytes 96 remaining bytes 0 ,
2021-09-15T13:10:30.515+0000 7fb867fff700 20 --2- 172.21.15.149:0/845606693 >> v2:172.21.15.200:6800/31399 conn(0x7fb85005fea0 0x7fb8500623b0 secure :-1 s=AUTH_CONNECTING_SIGN pgs=0 cs=0 l=1 rev1=1 crypto rx=0x7fb86813a820 tx=0x7fb854026000 comp rx=0 tx=0).read_frame ,
2021-09-15T13:10:30.515+0000 7fb867fff700 20 -- 172.21.15.149:0/845606693 >> v2:172.21.15.200:6800/31399 conn(0x7fb85005fea0 msgr2=0x7fb8500623b0 secure :-1 s=STATE_CONNECTION_ESTABLISHED l=1).read start len=96
2021-09-15T23:21:32.886 WARNING:scrape:Ignoring malparsed backtrace:
2021-09-15T13:10:30.678+0000 7fb867fff700 20 -- 172.21.15.149:0/845606693 queue 0x7fb8680651f0 prio 127 ,
2021-09-15T13:10:30.678+0000 7fb867fff700 20 --2- 172.21.15.149:0/845606693 >> v2:172.21.15.200:6800/31399 conn(0x7fb85005fea0 0x7fb8500623b0 secure :-1 s=READY pgs=288 cs=0 l=1 rev1=1 crypto rx=0x7fb86813a820 tx=0x7fb854026000 comp rx=0 tx=0).read_frame ,
2021-09-15T13:10:30.678+0000 7fb867fff700 20 -- 172.21.15.149:0/845606693 >> v2:172.21.15.200:6800/31399 conn(0x7fb85005fea0 msgr2=0x7fb8500623b0 secure :-1 s=STATE_CONNECTION_ESTABLISHED l=1).read start len=96
2021-09-15T23:21:32.887 WARNING:scrape:Ignoring malparsed backtrace:
2021-09-15T13:10:31.008+0000 7fab87dd0700 10 -- create_connect 0x7fab800a9670 v1:172.21.15.149:6789/0 v1:172.21.15.149:6789/0 ,
2021-09-15T13:10:31.008+0000 7fab87dd0700 10 -- connect_to v1:172.21.15.149:6789/0 new 0x7fab800a9670 ,
2021-09-15T13:10:31.008+0000 7fab87dd0700 10 -- create_connect v2:172.21.15.149:3300/0, creating connection and registering
2021-09-15T23:21:32.887 WARNING:scrape:Ignoring malparsed backtrace:
2021-09-15T13:10:31.008+0000 7fab8536b700 10 --1- 172.21.15.149:0/3050928330 >> v1:172.21.15.149:6789/0 conn(0x7fab800a9670 0x7fab801392a0 :-1 s=CONNECTING_SEND_CONNECT_MSG pgs=0 cs=0 l=0).send_connect_message connect sending gseq=2 cseq=0 proto=15 ,
2021-09-15T13:10:31.008+0000 7fab8636d700 20 --2- 172.21.15.149:0/3050928330 >> v2:172.21.15.149:3300/0 conn(0x7fab80132a20 0x7fab80140e30 unknown :-1 s=AUTH_CONNECTING pgs=0 cs=0 l=0 rev1=1 crypto rx=0 tx=0 comp rx=0 tx=0).read_frame ,
2021-09-15T13:10:31.008+0000 7fab8636d700 20 -- 172.21.15.149:0/3050928330 >> v2:172.21.15.149:3300/0 conn(0x7fab80132a20 msgr2=0x7fab80140e30 unknown :-1 s=STATE_CONNECTION_ESTABLISHED l=0).read start len=32
2021-09-15T23:21:32.888 WARNING:scrape:Ignoring malparsed backtrace:
2021-09-15T13:10:31.008+0000 7fab8636d700 10 --1- 172.21.15.149:0/3050928330 >> v1:172.21.15.200:6789/0 conn(0x7fab80135520 0x7fab800691f0 :-1 s=OPENED pgs=436 cs=1 l=1).discard_out_queue started ,
2021-09-15T13:10:31.008+0000 7fab85b6c700 20 --1- 172.21.15.149:0/3050928330 >> v1:172.21.15.200:6789/0 conn(0x7fab80135520 0x7fab800691f0 :-1 s=OPENED pgs=436 cs=1 l=1).write_message no session security ,
2021-09-15T13:10:31.008+0000 7fab8636d700 1 -- 172.21.15.149:0/3050928330 >> v1:172.21.15.149:6789/0 conn(0x7fab800a9670 legacy=0x7fab801392a0 unknown :-1 s=STATE_CONNECTION_ESTABLISHED l=1).mark_down
2021-09-15T23:21:32.889 WARNING:scrape:Ignoring malparsed backtrace:
2021-09-15T13:10:31.009+0000 7fab8636d700 20 --2- 172.21.15.149:0/3050928330 >> [v2:172.21.15.149:3300/0,v1:172.21.15.149:6789/0] conn(0x7fab80132a20 0x7fab80140e30 secure :-1 s=THROTTLE_DONE pgs=657 cs=0 l=1 rev1=1 crypto rx=0x7fab7000b6c0 tx=0x7fab70006ee0 comp rx=0 tx=0).handle_message ,
2021-09-15T13:10:31.009+0000 7fab8636d700 5 --2- 172.21.15.149:0/3050928330 >> [v2:172.21.15.149:3300/0,v1:172.21.15.149:6789/0] conn(0x7fab80132a20 0x7fab80140e30 secure :-1 s=THROTTLE_DONE pgs=657 cs=0 l=1 rev1=1 crypto rx=0x7fab7000b6c0 tx=0x7fab70006ee0 comp rx=0 tx=0).handle_message got 413 + 0 + 0 byte message. envelope type=4 src mon.0 off 0 ,
2021-09-15T13:10:31.009+0000 7fab8636d700 5 --2- 172.21.15.149:0/3050928330 >> [v2:172.21.15.149:3300/0,v1:172.21.15.149:6789/0] conn(0x7fab80132a20 0x7fab80140e30 secure :-1 s=READ_MESSAGE_COMPLETE pgs=657 cs=0 l=1 rev1=1 crypto rx=0x7fab7000b6c0 tx=0x7fab70006ee0 comp rx=0 tx=0).handle_message received message m=0x7fab700052e0 seq=1 from=mon.0 type=4 mon_map magic: 0 v1
2021-09-15T23:21:32.890 WARNING:scrape:Ignoring malparsed backtrace:
2021-09-15T13:10:31.011+0000 7fab87dd0700 1 -- start start ,
2021-09-15T13:10:31.012+0000 7fab87dd0700 10 -- create_connect [v2:172.21.15.149:3301/0,v1:172.21.15.149:6790/0], creating connection and registering ,
2021-09-15T13:10:31.012+0000 7fab87dd0700 10 -- >> [v2:172.21.15.149:3301/0,v1:172.21.15.149:6790/0] conn(0x7fab800a9670 msgr2=0x7fab800a0e60 unknown :-1 s=STATE_NONE l=1)._connect
2021-09-15T23:21:32.890 WARNING:scrape:Ignoring malparsed backtrace:
2021-09-15T13:10:31.012+0000 7fab85b6c700 20 --2- 172.21.15.149:0/440513646 >> [v2:172.21.15.149:3301/0,v1:172.21.15.149:6790/0] conn(0x7fab800a9670 0x7fab800a0e60 unknown :-1 s=HELLO_CONNECTING pgs=0 cs=0 l=1 rev1=1 crypto rx=0 tx=0 comp rx=0 tx=0).handle_hello payload.length()=36 ,
2021-09-15T13:10:31.012+0000 7fab8536b700 20 --2- 172.21.15.149:0/440513646 >> [v2:172.21.15.149:3300/0,v1:172.21.15.149:6789/0] conn(0x7fab80132a20 0x7fab800a5be0 unknown :-1 s=HELLO_CONNECTING pgs=0 cs=0 l=1 rev1=1 crypto rx=0 tx=0 comp rx=0 tx=0).post_client_banner_exchange ,
2021-09-15T13:10:31.012+0000 7fab8536b700 20 --2- 172.21.15.149:0/440513646 >> [v2:172.21.15.149:3300/0,v1:172.21.15.149:6789/0] conn(0x7fab80132a20 0x7fab800a5be0 unknown :-1 s=AUTH_CONNECTING pgs=0 cs=0 l=1 rev1=1 crypto rx=0 tx=0 comp rx=0 tx=0).send_auth_request peer_type 1 auth_client 0x7fab8005d128
2021-09-15T23:21:32.891 WARNING:scrape:Ignoring malparsed backtrace:
2021-09-15T13:10:31.013+0000 7fab8636d700 5 --2- 172.21.15.149:0/440513646 >> [v2:172.21.15.200:3300/0,v1:172.21.15.200:6789/0] conn(0x7fab80135520 0x7fab800a6120 unknown :-1 s=CLOSED pgs=0 cs=0 l=1 rev1=1 crypto rx=0 tx=0 comp rx=0 tx=0).reset_security ,
2021-09-15T13:10:31.013+0000 7fab8636d700 5 --2- 172.21.15.149:0/440513646 >> [v2:172.21.15.200:3300/0,v1:172.21.15.200:6789/0] conn(0x7fab80135520 0x7fab800a6120 unknown :-1 s=CLOSED pgs=0 cs=0 l=1 rev1=1 crypto rx=0 tx=0 comp rx=0 tx=0).reset_compression ,
2021-09-15T13:10:31.013+0000 7fab8636d700 20 EpollDriver.del_event del event fd=18 cur_mask=1 delmask=3 to 4
2021-09-15T23:21:32.892 WARNING:scrape:Ignoring malparsed backtrace:
2021-09-15T13:10:31.013+0000 7fab8536b700 20 --2- 172.21.15.149:0/440513646 >> [v2:172.21.15.149:3300/0,v1:172.21.15.149:6789/0] conn(0x7fab80132a20 0x7fab800a5be0 secure :-1 s=THROTTLE_DISPATCH_QUEUE pgs=658 cs=0 l=1 rev1=1 crypto rx=0x7fab68007df0 tx=0x7fab6800acc0 comp rx=0 tx=0).throttle_dispatch_queue ,
2021-09-15T13:10:31.013+0000 7fab8536b700 20 --2- 172.21.15.149:0/440513646 >> [v2:172.21.15.149:3300/0,v1:172.21.15.149:6789/0] conn(0x7fab80132a20 0x7fab800a5be0 secure :-1 s=THROTTLE_DONE pgs=658 cs=0 l=1 rev1=1 crypto rx=0x7fab68007df0 tx=0x7fab6800acc0 comp rx=0 tx=0).read_frame_segment seg_idx=0 ,
2021-09-15T13:10:31.013+0000 7fab8536b700 20 --2- 172.21.15.149:0/440513646 >> [v2:172.21.15.149:3300/0,v1:172.21.15.149:6789/0] conn(0x7fab80132a20 0x7fab800a5be0 secure :-1 s=THROTTLE_DONE pgs=658 cs=0 l=1 rev1=1 crypto rx=0x7fab68007df0 tx=0x7fab6800acc0 comp rx=0 tx=0).read_frame_segment seg_idx=1
2021-09-15T23:21:32.892 WARNING:scrape:Ignoring malparsed backtrace:
2021-09-15T13:10:31.015+0000 7fab8536b700 20 --2- 172.21.15.149:0/440513646 >> [v2:172.21.15.149:3300/0,v1:172.21.15.149:6789/0] conn(0x7fab80132a20 0x7fab800a5be0 secure :-1 s=THROTTLE_DONE pgs=658 cs=0 l=1 rev1=1 crypto rx=0x7fab68007df0 tx=0x7fab6800acc0 comp rx=0 tx=0).handle_read_frame_segment r=0 ,
2021-09-15T13:10:31.015+0000 7fab8536b700 20 -- 172.21.15.149:0/440513646 >> [v2:172.21.15.149:3300/0,v1:172.21.15.149:6789/0] conn(0x7fab80132a20 msgr2=0x7fab800a5be0 secure :-1 s=STATE_CONNECTION_ESTABLISHED l=1).read start len=32 ,
2021-09-15T13:10:31.015+0000 7fab8536b700 20 --2- 172.21.15.149:0/440513646 >> [v2:172.21.15.149:3300/0,v1:172.21.15.149:6789/0] conn(0x7fab80132a20 0x7fab800a5be0 secure :-1 s=THROTTLE_DONE pgs=658 cs=0 l=1 rev1=1 crypto rx=0x7fab68007df0 tx=0x7fab6800acc0 comp rx=0 tx=0).handle_read_frame_epilogue_main r=0
2021-09-15T23:21:32.893 WARNING:scrape:Ignoring malparsed backtrace:
2021-09-15T13:10:31.016+0000 7fab85b6c700 10 -- 172.21.15.149:0/440513646 >> v2:172.21.15.200:6800/31399 conn(0x7fab6005fea0 msgr2=0x7fab600623b0 unknown :-1 s=STATE_CONNECTION_ESTABLISHED l=1)._try_send sent bytes 72 remaining bytes 0 ,
2021-09-15T13:10:31.016+0000 7fab8636d700 20 --2- 172.21.15.149:0/440513646 >> v2:172.21.15.200:6804/31983 conn(0x7fab600666d0 0x7fab60068ba0 unknown :-1 s=START_CONNECT pgs=0 cs=0 l=1 rev1=0 crypto rx=0 tx=0 comp rx=0 tx=0).start_client_banner_exchange ,
2021-09-15T13:10:31.016+0000 7fab8636d700 20 --2- 172.21.15.149:0/440513646 >> v2:172.21.15.200:6804/31983 conn(0x7fab600666d0 0x7fab60068ba0 unknown :-1 s=BANNER_CONNECTING pgs=0 cs=0 l=1 rev1=0 crypto rx=0 tx=0 comp rx=0 tx=0)._banner_exchange
2021-09-15T23:21:32.894 WARNING:scrape:Ignoring malparsed backtrace:
2021-09-15T13:10:31.017+0000 7fab8636d700 5 --2- 172.21.15.149:0/440513646 >> v2:172.21.15.200:6804/31983 conn(0x7fab600666d0 0x7fab60068ba0 unknown :-1 s=HELLO_CONNECTING pgs=0 cs=0 l=1 rev1=1 crypto rx=0 tx=0 comp rx=0 tx=0).handle_hello received hello: peer_type=4 peer_addr_for_me=172.21.15.149:34104/0 ,
2021-09-15T13:10:31.017+0000 7fab8636d700 5 --2- 172.21.15.149:0/440513646 >> v2:172.21.15.200:6804/31983 conn(0x7fab600666d0 0x7fab60068ba0 unknown :-1 s=HELLO_CONNECTING pgs=0 cs=0 l=1 rev1=1 crypto rx=0 tx=0 comp rx=0 tx=0).handle_hello getsockname says I am 172.21.15.149:34104 when talking to v2:172.21.15.200:6804/31983 ,
2021-09-15T13:10:31.017+0000 7fab8636d700 20 --2- 172.21.15.149:0/440513646 >> v2:172.21.15.200:6804/31983 conn(0x7fab600666d0 0x7fab60068ba0 unknown :-1 s=HELLO_CONNECTING pgs=0 cs=0 l=1 rev1=1 crypto rx=0 tx=0 comp rx=0 tx=0).post_client_banner_exchange
2021-09-15T23:21:32.895 WARNING:scrape:Ignoring malparsed backtrace:
2021-09-15T13:10:31.621+0000 7fab8636d700 10 -- 172.21.15.149:0/440513646 >> v2:172.21.15.200:6804/31983 conn(0x7fab600666d0 msgr2=0x7fab60068ba0 unknown :-1 s=STATE_CONNECTION_ESTABLISHED l=1)._try_send sent bytes 72 remaining bytes 0 ,
2021-09-15T13:10:31.621+0000 7fab8636d700 20 --2- 172.21.15.149:0/440513646 >> v2:172.21.15.200:6804/31983 conn(0x7fab600666d0 0x7fab60068ba0 unknown :-1 s=HELLO_CONNECTING pgs=0 cs=0 l=1 rev1=1 crypto rx=0 tx=0 comp rx=0 tx=0).read_frame ,
2021-09-15T13:10:31.621+0000 7fab8636d700 20 -- 172.21.15.149:0/440513646 >> v2:172.21.15.200:6804/31983 conn(0x7fab600666d0 msgr2=0x7fab60068ba0 unknown :-1 s=STATE_CONNECTION_ESTABLISHED l=1).read start len=32
2021-09-15T23:21:32.895 WARNING:scrape:Ignoring malparsed backtrace:
2021-09-15T13:10:34.012+0000 7fab8536b700 10 --2- 172.21.15.149:0/440513646 >> [v2:172.21.15.149:3300/0,v1:172.21.15.149:6789/0] conn(0x7fab80132a20 0x7fab800a5be0 secure :-1 s=READY pgs=658 cs=0 l=1 rev1=1 crypto rx=0x7fab68007df0 tx=0x7fab6800acc0 comp rx=0 tx=0).handle_read_frame_dispatch tag=19 ,
2021-09-15T13:10:34.012+0000 7fab8536b700 20 --2- 172.21.15.149:0/440513646 >> [v2:172.21.15.149:3300/0,v1:172.21.15.149:6789/0] conn(0x7fab80132a20 0x7fab800a5be0 secure :-1 s=READY pgs=658 cs=0 l=1 rev1=1 crypto rx=0x7fab68007df0 tx=0x7fab6800acc0 comp rx=0 tx=0).handle_keepalive2_ack payload.length()=8 ,
2021-09-15T13:10:34.012+0000 7fab8536b700 20 --2- 172.21.15.149:0/440513646 >> [v2:172.21.15.149:3300/0,v1:172.21.15.149:6789/0] conn(0x7fab80132a20 0x7fab800a5be0 secure :-1 s=READY pgs=658 cs=0 l=1 rev1=1 crypto rx=0x7fab68007df0 tx=0x7fab6800acc0 comp rx=0 tx=0).handle_keepalive2_ack got KEEPALIVE_ACK
2021-09-15T23:21:32.896 WARNING:scrape:Ignoring malparsed backtrace:
2021-09-15T13:10:37.232+0000 7fab8636d700 20 -- 172.21.15.149:0/440513646 >> v2:172.21.15.200:6804/31983 conn(0x7fab600666d0 msgr2=0x7fab60068ba0 unknown :-1 s=STATE_CONNECTION_ESTABLISHED l=1).read start len=16 ,
2021-09-15T13:10:37.232+0000 7fab8636d700 20 --2- 172.21.15.149:0/440513646 >> v2:172.21.15.200:6804/31983 conn(0x7fab600666d0 0x7fab60068ba0 unknown :-1 s=BANNER_CONNECTING pgs=0 cs=0 l=1 rev1=1 crypto rx=0 tx=0 comp rx=0 tx=0)._handle_peer_banner_payload r=0 ,
2021-09-15T13:10:37.232+0000 7fab8636d700 1 --2- 172.21.15.149:0/440513646 >> v2:172.21.15.200:6804/31983 conn(0x7fab600666d0 0x7fab60068ba0 unknown :-1 s=BANNER_CONNECTING pgs=0 cs=0 l=1 rev1=1 crypto rx=0 tx=0 comp rx=0 tx=0)._handle_peer_banner_payload supported=1 required=0
2021-09-15T23:21:32.897 WARNING:scrape:Ignoring malparsed backtrace:
2021-09-15T13:10:44.014+0000 7fab8536b700 15 authenticated_encrypt_final buffer.length()=96 final_len=0 ,
2021-09-15T13:10:44.014+0000 7fab8536b700 10 -- 172.21.15.149:0/440513646 >> [v2:172.21.15.149:3300/0,v1:172.21.15.149:6789/0] conn(0x7fab80132a20 msgr2=0x7fab800a5be0 secure :-1 s=STATE_CONNECTION_ESTABLISHED l=1)._try_send sent bytes 96 remaining bytes 0 ,
2021-09-15T13:10:44.014+0000 7fab8536b700 20 -- 172.21.15.149:0/440513646 >> [v2:172.21.15.149:3300/0,v1:172.21.15.149:6789/0] conn(0x7fab80132a20 msgr2=0x7fab800a5be0 secure :-1 s=STATE_CONNECTION_ESTABLISHED l=1).process
2021-09-15T23:21:32.898 WARNING:scrape:Ignoring malparsed backtrace:
2021-09-15T13:11:04.017+0000 7fab8536b700 15 authenticated_encrypt_update plaintext.length()=80 buffer.length()=80 ,
2021-09-15T13:11:04.017+0000 7fab8536b700 15 authenticated_encrypt_final buffer.length()=96 final_len=0 ,
2021-09-15T13:11:04.017+0000 7fab8536b700 10 -- 172.21.15.149:0/440513646 >> [v2:172.21.15.149:3300/0,v1:172.21.15.149:6789/0] conn(0x7fab80132a20 msgr2=0x7fab800a5be0 secure :-1 s=STATE_CONNECTION_ESTABLISHED l=1)._try_send sent bytes 96 remaining bytes 0
2021-09-15T23:21:32.898 WARNING:scrape:Ignoring malparsed backtrace:
2021-09-15T13:11:24.019+0000 7fab8536b700 10 --2- 172.21.15.149:0/440513646 >> [v2:172.21.15.149:3300/0,v1:172.21.15.149:6789/0] conn(0x7fab80132a20 0x7fab800a5be0 secure :-1 s=READY pgs=658 cs=0 l=1 rev1=1 crypto rx=0x7fab68007df0 tx=0x7fab6800acc0 comp rx=0 tx=0).write_event appending keepalive ,
2021-09-15T13:11:24.019+0000 7fab8536b700 15 authenticated_encrypt_update plaintext.length()=80 buffer.length()=80 ,
2021-09-15T13:11:24.019+0000 7fab8536b700 15 authenticated_encrypt_final buffer.length()=96 final_len=0
2021-09-15T23:21:32.899 WARNING:scrape:Ignoring malparsed backtrace:
2021-09-15T13:11:41.505+0000 7fab8636d700 20 Event(0x7fab800addd0 nevent=5000 time_id=25).create_file_event create event end fd=18 mask=1 current mask is 1 ,
2021-09-15T13:11:41.505+0000 7fab8636d700 10 NetHandler reconnect reconnect: 114 Operation already in progress ,
2021-09-15T13:11:41.505+0000 7fab8636d700 10 -- 172.21.15.149:0/440513646 >> v2:172.21.15.200:6804/31983 conn(0x7fab600666d0 msgr2=0x7fab60068ba0 unknown :-1 s=STATE_CONNECTING_RE l=1).process nonblock connect inprogress
2021-09-15T23:21:32.900 WARNING:scrape:Ignoring malparsed backtrace:
2021-09-15T13:11:56.523+0000 7fab8636d700 10 -- 172.21.15.149:0/440513646 >> v2:172.21.15.200:6804/31983 conn(0x7fab600666d0 msgr2=0x7fab60068ba0 unknown :-1 s=STATE_CONNECTING_RE l=1).process nonblock connect inprogress ,
2021-09-15T13:11:56.523+0000 7fab8636d700 20 Event(0x7fab800addd0 nevent=5000 time_id=27).create_file_event create event started fd=18 mask=2 original mask is 1 ,
2021-09-15T13:11:56.523+0000 7fab8636d700 20 EpollDriver.add_event add event fd=18 cur_mask=1 add_mask=2 to 4
2021-09-15T23:21:32.900 WARNING:scrape:Ignoring malparsed backtrace:
2021-09-15T13:12:11.539+0000 7fab8636d700 20 --2- 172.21.15.149:0/440513646 >> v2:172.21.15.200:6804/31983 conn(0x7fab600666d0 0x7fab60068ba0 unknown :-1 s=HELLO_CONNECTING pgs=0 cs=0 l=1 rev1=1 crypto rx=0 tx=0 comp rx=0 tx=0).read_frame ,
2021-09-15T13:12:11.539+0000 7fab8636d700 20 -- 172.21.15.149:0/440513646 >> v2:172.21.15.200:6804/31983 conn(0x7fab600666d0 msgr2=0x7fab60068ba0 unknown :-1 s=STATE_CONNECTION_ESTABLISHED l=1).read start len=32 ,
2021-09-15T13:12:11.539+0000 7fab8636d700 20 -- 172.21.15.149:0/440513646 >> v2:172.21.15.200:6804/31983 conn(0x7fab600666d0 msgr2=0x7fab60068ba0 unknown :-1 s=STATE_CONNECTION_ESTABLISHED l=1).process
2021-09-15T23:21:32.901 WARNING:scrape:Ignoring malparsed backtrace:
2021-09-15T13:12:26.556+0000 7fab8636d700 20 -- 172.21.15.149:0/440513646 >> v2:172.21.15.200:6804/31983 conn(0x7fab600666d0 msgr2=0x7fab60068ba0 unknown :-1 s=STATE_CONNECTION_ESTABLISHED l=1).process ,
2021-09-15T13:12:26.556+0000 7fab8636d700 20 -- 172.21.15.149:0/440513646 >> v2:172.21.15.200:6804/31983 conn(0x7fab600666d0 msgr2=0x7fab60068ba0 unknown :-1 s=STATE_CONNECTION_ESTABLISHED l=1).read continue len=32 ,
2021-09-15T13:12:26.556+0000 7fab8636d700 20 --2- 172.21.15.149:0/440513646 >> v2:172.21.15.200:6804/31983 conn(0x7fab600666d0 0x7fab60068ba0 unknown :-1 s=HELLO_CONNECTING pgs=0 cs=0 l=1 rev1=1 crypto rx=0 tx=0 comp rx=0 tx=0).handle_read_frame_preamble_main r=0
2021-09-15T23:21:32.902 WARNING:scrape:Ignoring malparsed backtrace:
2021-09-15T13:12:31.062+0000 7fea77fff700 20 Event(0x7fea78063fb0 nevent=5000 time_id=2).create_file_event create event started fd=14 mask=2 original mask is 1 ,
2021-09-15T13:12:31.062+0000 7fea77fff700 20 EpollDriver.add_event add event fd=14 cur_mask=1 add_mask=2 to 10 ,
2021-09-15T13:12:31.062+0000 7fea77fff700 20 Event(0x7fea78063fb0 nevent=5000 time_id=2).create_file_event create event end fd=14 mask=2 current mask is 3
2021-09-15T23:21:32.903 WARNING:scrape:Ignoring malparsed backtrace:
2021-09-15T13:12:31.063+0000 7fea7d6d0700 20 -- 172.21.15.149:0/1492211044 >> v1:172.21.15.200:6789/0 conn(0x7fea78137240 legacy=0x7fea7813d4a0 unknown :-1 s=STATE_CONNECTION_ESTABLISHED l=0).read continue len=26 ,
2021-09-15T13:12:31.063+0000 7fea77fff700 5 --2- 172.21.15.149:0/1492211044 >> v2:172.21.15.200:3300/0 conn(0x7fea780a9f80 0x7fea78136d00 unknown :-1 s=HELLO_CONNECTING pgs=0 cs=0 l=0 rev1=1 crypto rx=0 tx=0 comp rx=0 tx=0).handle_hello received hello: peer_type=1 peer_addr_for_me=v2:172.21.15.149:55270/0 ,
2021-09-15T13:12:31.063+0000 7fea7d6d0700 20 --1- 172.21.15.149:0/1492211044 >> v1:172.21.15.200:6789/0 conn(0x7fea78137240 0x7fea7813d4a0 :-1 s=CONNECTING_SEND_CONNECT_MSG pgs=0 cs=0 l=0).handle_connect_reply_1 r=0
2021-09-15T23:21:32.903 WARNING:scrape:Ignoring malparsed backtrace:
2021-09-15T13:12:31.063+0000 7fea7cecf700 20 --2- 172.21.15.149:0/1492211044 >> v2:172.21.15.149:3300/0 conn(0x7fea780ad080 0x7fea780a9a40 secure :-1 s=SESSION_CONNECTING pgs=0 cs=0 l=0 rev1=1 crypto rx=0x7fea780a6f10 tx=0x7fea6c0092d0 comp rx=0 tx=0).handle_read_frame_segment r=0 ,
2021-09-15T13:12:31.063+0000 7fea7cecf700 10 --2- 172.21.15.149:0/1492211044 >> v2:172.21.15.149:3300/0 conn(0x7fea780ad080 0x7fea780a9a40 secure :-1 s=SESSION_CONNECTING pgs=0 cs=0 l=0 rev1=1 crypto rx=0x7fea780a6f10 tx=0x7fea6c0092d0 comp rx=0 tx=0).handle_read_frame_dispatch tag=9 ,
2021-09-15T13:12:31.063+0000 7fea7cecf700 20 --2- 172.21.15.149:0/1492211044 >> v2:172.21.15.149:3300/0 conn(0x7fea780ad080 0x7fea780a9a40 secure :-1 s=SESSION_CONNECTING pgs=0 cs=0 l=0 rev1=1 crypto rx=0x7fea780a6f10 tx=0x7fea6c0092d0 comp rx=0 tx=0).handle_server_ident payload.length()=123
2021-09-15T23:21:32.904 WARNING:scrape:Ignoring malparsed backtrace:
2021-09-15T13:12:31.064+0000 7fea7f133700 10 Processor -- stop ,
2021-09-15T13:12:31.064+0000 7fea7f133700 20 Event(0x7fea780b10a0 nevent=5000 time_id=3).wakeup ,
2021-09-15T13:12:31.064+0000 7fea7f133700 1 -- 172.21.15.149:0/1492211044 shutdown_connections
2021-09-15T23:21:32.905 WARNING:scrape:Ignoring malparsed backtrace:
2021-09-15T13:12:31.066+0000 7fea7d6d0700 10 -- >> [v2:172.21.15.149:3301/0,v1:172.21.15.149:6790/0] conn(0x7fea78137240 msgr2=0x7fea78069d60 unknown :-1 s=STATE_CONNECTION_ESTABLISHED l=1)._try_send sent bytes 26 remaining bytes 0 ,
2021-09-15T13:12:31.066+0000 7fea7cecf700 20 -- >> [v2:172.21.15.149:3300/0,v1:172.21.15.149:6789/0] conn(0x7fea780a9f80 msgr2=0x7fea780af960 unknown :-1 s=STATE_CONNECTION_ESTABLISHED l=1).read start len=16 ,
2021-09-15T13:12:31.066+0000 7fea7d6d0700 20 -- >> [v2:172.21.15.149:3301/0,v1:172.21.15.149:6790/0] conn(0x7fea78137240 msgr2=0x7fea78069d60 unknown :-1 s=STATE_CONNECTION_ESTABLISHED l=1).read start len=10
2021-09-15T23:21:32.905 WARNING:scrape:Ignoring malparsed backtrace:
2021-09-15T13:12:31.067+0000 7fea77fff700 20 -- 172.21.15.149:0/752751162 >> [v2:172.21.15.200:3300/0,v1:172.21.15.200:6789/0] conn(0x7fea780ad080 msgr2=0x7fea78069820 unknown :-1 s=STATE_CONNECTION_ESTABLISHED l=1).read start len=32 ,
2021-09-15T13:12:31.067+0000 7fea7cecf700 20 -- 172.21.15.149:0/752751162 >> [v2:172.21.15.149:3300/0,v1:172.21.15.149:6789/0] conn(0x7fea780a9f80 msgr2=0x7fea780af960 unknown :-1 s=STATE_CONNECTION_ESTABLISHED l=1).process ,
2021-09-15T13:12:31.067+0000 7fea7cecf700 20 -- 172.21.15.149:0/752751162 >> [v2:172.21.15.149:3300/0,v1:172.21.15.149:6789/0] conn(0x7fea780a9f80 msgr2=0x7fea780af960 unknown :-1 s=STATE_CONNECTION_ESTABLISHED l=1).read continue len=32
2021-09-15T23:21:32.906 WARNING:scrape:Ignoring malparsed backtrace:
2021-09-15T13:12:31.067+0000 7fea7cecf700 10 --2- 172.21.15.149:0/752751162 >> [v2:172.21.15.149:3300/0,v1:172.21.15.149:6789/0] conn(0x7fea780a9f80 0x7fea780af960 secure :-1 s=READY pgs=664 cs=0 l=1 rev1=1 crypto rx=0x7fea6c009310 tx=0x7fea6c015000 comp rx=0 tx=0).write_event ,
2021-09-15T13:12:31.067+0000 7fea7cecf700 20 --2- 172.21.15.149:0/752751162 >> [v2:172.21.15.149:3300/0,v1:172.21.15.149:6789/0] conn(0x7fea780a9f80 0x7fea780af960 secure :-1 s=READY pgs=664 cs=0 l=1 rev1=1 crypto rx=0x7fea6c009310 tx=0x7fea6c015000 comp rx=0 tx=0).prepare_send_message m=mon_getmap magic: 0 v1 ,
2021-09-15T13:12:31.067+0000 7fea7cecf700 20 --2- 172.21.15.149:0/752751162 >> [v2:172.21.15.149:3300/0,v1:172.21.15.149:6789/0] conn(0x7fea780a9f80 0x7fea780af960 secure :-1 s=READY pgs=664 cs=0 l=1 rev1=1 crypto rx=0x7fea6c009310 tx=0x7fea6c015000 comp rx=0 tx=0).prepare_send_message encoding features 4540138303579357183 0x7fea78067280 mon_getmap magic: 0 v1
2021-09-15T23:21:32.907 WARNING:scrape:Ignoring malparsed backtrace:
2021-09-15T13:12:31.068+0000 7fea7cecf700 10 --2- 172.21.15.149:0/752751162 >> [v2:172.21.15.149:3300/0,v1:172.21.15.149:6789/0] conn(0x7fea780a9f80 0x7fea780af960 secure :-1 s=READY pgs=664 cs=0 l=1 rev1=1 crypto rx=0x7fea6c009310 tx=0x7fea6c015000 comp rx=0 tx=0).write_message sending 0x7fea78148c80 done. ,
2021-09-15T13:12:31.068+0000 7fea7cecf700 20 --2- 172.21.15.149:0/752751162 >> [v2:172.21.15.149:3300/0,v1:172.21.15.149:6789/0] conn(0x7fea780a9f80 0x7fea780af960 secure :-1 s=READY pgs=664 cs=0 l=1 rev1=1 crypto rx=0x7fea6c009310 tx=0x7fea6c015000 comp rx=0 tx=0).prepare_send_message m=mon_subscribe({osdmap=0}) v3 ,
2021-09-15T13:12:31.068+0000 7fea7cecf700 20 --2- 172.21.15.149:0/752751162 >> [v2:172.21.15.149:3300/0,v1:172.21.15.149:6789/0] conn(0x7fea780a9f80 0x7fea780af960 secure :-1 s=READY pgs=664 cs=0 l=1 rev1=1 crypto rx=0x7fea6c009310 tx=0x7fea6c015000 comp rx=0 tx=0).prepare_send_message encoding features 4540138303579357183 0x7fea78149240 mon_subscribe({osdmap=0}) v3
2021-09-15T23:21:32.907 WARNING:scrape:Ignoring malparsed backtrace:
2021-09-15T13:12:31.070+0000 7fea77fff700 20 EpollDriver.del_event del event fd=17 cur_mask=3 delmask=2 to 10 ,
2021-09-15T13:12:31.070+0000 7fea77fff700 10 -- 172.21.15.149:0/752751162 >> v2:172.21.15.200:6800/31399 conn(0x7fea5805fea0 msgr2=0x7fea580623b0 unknown :-1 s=STATE_CONNECTING_RE l=1).process connect successfully, ready to send banner ,
2021-09-15T13:12:31.070+0000 7fea77fff700 20 --2- 172.21.15.149:0/752751162 >> v2:172.21.15.200:6800/31399 conn(0x7fea5805fea0 0x7fea580623b0 unknown :-1 s=START_CONNECT pgs=0 cs=0 l=1 rev1=0 crypto rx=0 tx=0 comp rx=0 tx=0).read_event
2021-09-15T23:21:32.908 WARNING:scrape:Ignoring malparsed backtrace:
2021-09-15T13:12:31.071+0000 7fea77fff700 20 --2- 172.21.15.149:0/752751162 >> v2:172.21.15.200:6800/31399 conn(0x7fea5805fea0 0x7fea580623b0 secure :-1 s=AUTH_CONNECTING_SIGN pgs=0 cs=0 l=1 rev1=1 crypto rx=0x7fea780690c0 tx=0x7fea60011830 comp rx=0 tx=0).handle_auth_signature pre-auth signature success sig_frame.signature()=84a5c4de3f8f3f35547b3beb2afbd561f3361eba434b5388c9de8b4ab87cde20 ,
2021-09-15T13:12:31.071+0000 7fea77fff700 20 CompressorRegistry(0x7fea7813c6d0) get_mode peer_type 16 is_secure 1 ,
2021-09-15T13:12:31.071+0000 7fea77fff700 15 authenticated_encrypt_update plaintext.length()=80 buffer.length()=80
2021-09-15T23:21:32.909 WARNING:scrape:Ignoring malparsed backtrace:
2021-09-15T13:12:31.073+0000 7fea7d6d0700 10 --2- 172.21.15.149:0/752751162 >> v2:172.21.15.200:6806/32020 conn(0x7fea580666d0 0x7fea58068ba0 crc :-1 s=READY pgs=16 cs=0 l=1 rev1=1 crypto rx=0 tx=0 comp rx=0 tx=0).write_event ,
2021-09-15T13:12:31.073+0000 7fea7d6d0700 20 --2- 172.21.15.149:0/752751162 >> v2:172.21.15.200:6806/32020 conn(0x7fea580666d0 0x7fea58068ba0 crc :-1 s=READY pgs=16 cs=0 l=1 rev1=1 crypto rx=0 tx=0 comp rx=0 tx=0).prepare_send_message m=command(tid 1: {"prefix": "get_command_descriptions"}) v1 ,
2021-09-15T13:12:31.073+0000 7fea7d6d0700 20 --2- 172.21.15.149:0/752751162 >> v2:172.21.15.200:6806/32020 conn(0x7fea580666d0 0x7fea58068ba0 crc :-1 s=READY pgs=16 cs=0 l=1 rev1=1 crypto rx=0 tx=0 comp rx=0 tx=0).prepare_send_message encoding features 4540138303579357183 0x7fea58069230 command(tid 1: {"prefix": "get_command_descriptions"}) v1
2021-09-15T23:21:32.910 WARNING:scrape:Ignoring malparsed backtrace:
2021-09-15T13:12:31.080+0000 7fea7f133700 10 --2- 172.21.15.149:0/752751162 >> [v2:172.21.15.149:3300/0,v1:172.21.15.149:6789/0] conn(0x7fea780a9f80 0x7fea780af960 secure :-1 s=READY pgs=664 cs=0 l=1 rev1=1 crypto rx=0x7fea6c009310 tx=0x7fea6c015000 comp rx=0 tx=0).discard_out_queue started ,
2021-09-15T13:12:31.080+0000 7fea7f133700 20 Event(0x7fea780b10a0 nevent=5000 time_id=6).wakeup ,
2021-09-15T13:12:31.080+0000 7fea7d6d0700 1 -- 172.21.15.149:0/752751162 reap_dead start
2021-09-15T23:21:32.910 WARNING:scrape:Ignoring malparsed backtrace:
2021-09-15T13:12:31.631+0000 7f34b9a16700 5 --2- >> v2:172.21.15.149:3300/0 conn(0x7f34b4064a40 0x7f34b4069ee0 unknown :-1 s=START_CONNECT pgs=0 cs=0 l=0 rev1=0 crypto rx=0 tx=0 comp rx=0 tx=0).send_message enqueueing message m=0x7f34b4064330 type=5 mon_getmap magic: 0 v1 ,
2021-09-15T13:12:31.631+0000 7f34b2ffd700 10 -- >> v1:172.21.15.200:6789/0 conn(0x7f34b40a75d0 legacy=0x7f34b4063c20 unknown :-1 s=STATE_CONNECTING_RE l=0).handle_write ,
2021-09-15T13:12:31.631+0000 7f34b2ffd700 10 --1- >> v1:172.21.15.200:6789/0 conn(0x7f34b40a75d0 0x7f34b4063c20 :-1 s=START_CONNECT pgs=0 cs=0 l=0).write_event
2021-09-15T23:21:32.911 WARNING:scrape:Ignoring malparsed backtrace:
2021-09-15T13:12:31.632+0000 7f34b37fe700 20 --2- 172.21.15.149:0/3945566700 >> [v2:172.21.15.149:3301/0,v1:172.21.15.149:6790/0] conn(0x7f34b4139ad0 0x7f34b4139ee0 unknown :-1 s=AUTH_CONNECTING pgs=0 cs=0 l=0 rev1=1 crypto rx=0 tx=0 comp rx=0 tx=0).handle_read_frame_preamble_main r=0 ,
2021-09-15T13:12:31.632+0000 7f34b37fe700 20 --2- 172.21.15.149:0/3945566700 >> [v2:172.21.15.149:3301/0,v1:172.21.15.149:6790/0] conn(0x7f34b4139ad0 0x7f34b4139ee0 unknown :-1 s=AUTH_CONNECTING pgs=0 cs=0 l=0 rev1=1 crypto rx=0 tx=0 comp rx=0 tx=0).read_frame_segment seg_idx=0 ,
2021-09-15T13:12:31.632+0000 7f34b37fe700 20 -- 172.21.15.149:0/3945566700 >> [v2:172.21.15.149:3301/0,v1:172.21.15.149:6790/0] conn(0x7f34b4139ad0 msgr2=0x7f34b4139ee0 unknown :-1 s=STATE_CONNECTION_ESTABLISHED l=0).read start len=17
2021-09-15T23:21:32.912 WARNING:scrape:Ignoring malparsed backtrace:
2021-09-15T13:12:31.632+0000 7f34b27fc700 5 --2- 172.21.15.149:0/3945566700 >> v2:172.21.15.149:3300/0 conn(0x7f34b4064a40 0x7f34b4069ee0 unknown :-1 s=CLOSED pgs=0 cs=0 l=0 rev1=1 crypto rx=0 tx=0 comp rx=0 tx=0).reset_compression ,
2021-09-15T13:12:31.632+0000 7f34b27fc700 20 EpollDriver.del_event del event fd=14 cur_mask=1 delmask=3 to 10 ,
2021-09-15T13:12:31.632+0000 7f34b37fe700 10 -- 172.21.15.149:0/3945566700 >> [v2:172.21.15.149:3301/0,v1:172.21.15.149:6790/0] conn(0x7f34b4139ad0 msgr2=0x7f34b4139ee0 secure :-1 s=STATE_CONNECTION_ESTABLISHED l=0)._try_send sent bytes 96 remaining bytes 0
2021-09-15T23:21:32.913 WARNING:scrape:Ignoring malparsed backtrace:
2021-09-15T13:12:31.633+0000 7f34b1ffb700 20 -- 172.21.15.149:0/3945566700 done calling dispatch on 0x7f34a4003880 ,
2021-09-15T13:12:31.633+0000 7f34b37fe700 20 --2- 172.21.15.149:0/3945566700 >> [v2:172.21.15.149:3301/0,v1:172.21.15.149:6790/0] conn(0x7f34b4139ad0 0x7f34b4139ee0 secure :-1 s=READY pgs=432 cs=0 l=1 rev1=1 crypto rx=0x7f34a4013300 tx=0x7f34a4011b70 comp rx=0 tx=0).read_frame ,
2021-09-15T13:12:31.633+0000 7f34b37fe700 20 -- 172.21.15.149:0/3945566700 >> [v2:172.21.15.149:3301/0,v1:172.21.15.149:6790/0] conn(0x7f34b4139ad0 msgr2=0x7f34b4139ee0 secure :-1 s=STATE_CONNECTION_ESTABLISHED l=1).read start len=96
2021-09-15T23:21:32.913 WARNING:scrape:Ignoring malparsed backtrace:
2021-09-15T13:12:31.636+0000 7f34b2ffd700 20 Event(0x7f34b406d3a0 nevent=5000 time_id=4).create_file_event create event started fd=16 mask=1 original mask is 0 ,
2021-09-15T13:12:31.636+0000 7f34b2ffd700 20 EpollDriver.add_event add event fd=16 cur_mask=0 add_mask=1 to 7 ,
2021-09-15T13:12:31.636+0000 7f34b9a16700 5 --2- >> [v2:172.21.15.149:3300/0,v1:172.21.15.149:6789/0] conn(0x7f34b40a75d0 0x7f34b4071f90 unknown :-1 s=START_CONNECT pgs=0 cs=0 l=1 rev1=0 crypto rx=0 tx=0 comp rx=0 tx=0).send_message enqueueing message m=0x7f34b40725c0 type=5 mon_getmap magic: 0 v1
2021-09-15T23:21:32.914 WARNING:scrape:Ignoring malparsed backtrace:
2021-09-15T13:12:31.636+0000 7f34b2ffd700 20 -- 172.21.15.149:0/4131778817 >> [v2:172.21.15.149:3301/0,v1:172.21.15.149:6790/0] conn(0x7f34b4064a40 msgr2=0x7f34b40730d0 unknown :-1 s=STATE_CONNECTION_ESTABLISHED l=1).read start len=17 ,
2021-09-15T13:12:31.636+0000 7f34b37fe700 10 -- 172.21.15.149:0/4131778817 >> [v2:172.21.15.200:3300/0,v1:172.21.15.200:6789/0] conn(0x7f34b4139ad0 msgr2=0x7f34b4074630 unknown :-1 s=STATE_CONNECTION_ESTABLISHED l=1)._try_send sent bytes 72 remaining bytes 0 ,
2021-09-15T13:12:31.636+0000 7f34b2ffd700 20 --2- 172.21.15.149:0/4131778817 >> [v2:172.21.15.149:3301/0,v1:172.21.15.149:6790/0] conn(0x7f34b4064a40 0x7f34b40730d0 unknown :-1 s=AUTH_CONNECTING pgs=0 cs=0 l=1 rev1=1 crypto rx=0 tx=0 comp rx=0 tx=0).handle_read_frame_segment r=0
2021-09-15T23:21:32.915 WARNING:scrape:Ignoring malparsed backtrace:
2021-09-15T13:12:31.636+0000 7f34b27fc700 20 CompressorRegistry(0x7f34b40ab630) get_mode peer_type 1 is_secure 1 ,
2021-09-15T13:12:31.636+0000 7f34b27fc700 15 authenticated_encrypt_update plaintext.length()=80 buffer.length()=80 ,
2021-09-15T13:12:31.636+0000 7f34b27fc700 15 authenticated_encrypt_final buffer.length()=96 final_len=0
2021-09-15T23:21:32.916 WARNING:scrape:Ignoring malparsed backtrace:
2021-09-15T13:12:31.637+0000 7f34b9a16700 5 --2- 172.21.15.149:0/4131778817 >> [v2:172.21.15.149:3300/0,v1:172.21.15.149:6789/0] conn(0x7f34b40a75d0 0x7f34b4071f90 secure :-1 s=THROTTLE_DONE pgs=665 cs=0 l=1 rev1=1 crypto rx=0x7f349c00e900 tx=0x7f349c008040 comp rx=0 tx=0).send_message enqueueing message m=0x7f34a4011e10 type=15 mon_subscribe({mgrmap=0+}) v3 ,
2021-09-15T13:12:31.637+0000 7f34b27fc700 20 --2- 172.21.15.149:0/4131778817 >> [v2:172.21.15.149:3300/0,v1:172.21.15.149:6789/0] conn(0x7f34b40a75d0 0x7f34b4071f90 secure :-1 s=THROTTLE_DONE pgs=665 cs=0 l=1 rev1=1 crypto rx=0x7f349c00e900 tx=0x7f349c008040 comp rx=0 tx=0).read_frame_segment seg_idx=1 ,
