y":5,"acting_primary":5,"purged_snaps":[]}],"pool_stats":[{"poolid":8,"num_pg":12,"stat_sum":{"num_bytes":0,"num_objects":0,"num_object_clones":0,"num_object_copies":0,"num_objects_missing_on_primary":0,"num_objects_missing":0,"num_objects_degraded":0,"num_objects_misplaced":0,"num_objects_unfound":0,"num_objects_dirty":0,"num_whiteouts":0,"num_read":0,"num_read_kb":0,"num_write":0,"num_write_kb":0,"num_scrub_errors":0,"num_shallow_scrub_errors":0,"num_deep_scrub_errors":0,"num_objects_recovered":0,"num_bytes_recovered":0,"num_keys_recovered":0,"num_objects_omap":0,"num_objects_hit_set_archive":0,"num_bytes_hit_set_archive":0,"num_flush":0,"num_flush_kb":0,"num_evict":0,"num_evict_kb":0,"num_promote":0,"num_flush_mode_high":0,"num_flush_mode_low":0,"num_evict_mode_some":0,"num_evict_mode_full":0,"num_objects_pinned":0,"num_legacy_snapsets":0,"num_large_omap_objects":0,"num_objects_manifest":0,"num_omap_bytes":0,"num_omap_keys":0,"num_objects_repaired":0},"store_stats":{"total":0,"available":0,"internally_reserved":0,"allocated":0,"data_stored":0,"data_compressed":0,"data_compressed_allocated":0,"data_compressed_original":0,"omap_allocated":0,"internal_metadata":0},"log_size":8923,"ondisk_log_size":8923,"up":36,"acting":36,"num_store_stats":0},{"poolid":1,"num_pg":1,"stat_sum":{"num_bytes":0,"num_objects":0,"num_object_clones":0,"num_object_copies":0,"num_objects_missing_on_primary":0,"num_objects_missing":0,"num_objects_degraded":0,"num_objects_misplaced":0,"num_objects_unfound":0,"num_objects_dirty":0,"num_whiteouts":0,"num_read":0,"num_read_kb":0,"num_write":0,"num_write_kb":0,"num_scrub_errors":0,"num_shallow_scrub_errors":0,"num_deep_scrub_errors":0,"num_objects_recovered":0,"num_bytes_recovered":0,"num_keys_recovered":0,"num_objects_omap":0,"num_objects_hit_set_archive":0,"num_bytes_hit_set_archive":0,"num_flush":0,"num_flush_kb":0,"num_evict":0,"num_evict_kb":0,"num_promote":0,"num_flush_mode_high":0,"num_flush_mode_low":0,"num_evict_mode_some":0,"num_evict_mode_full":0,"num_objects_pinned":0,"num_legacy_snapsets":0,"num_large_omap_objects":0,"num_objects_manifest":0,"num_omap_bytes":0,"num_omap_keys":0,"num_objects_repaired":0},"store_stats":{"total":0,"available":0,"internally_reserved":0,"allocated":0,"data_stored":0,"data_compressed":0,"data_compressed_allocated":0,"data_compressed_original":0,"omap_allocated":0,"internal_metadata":0},"log_size":117,"ondisk_log_size":117,"up":2,"acting":2,"num_store_stats":0},{"poolid":2,"num_pg":8,"stat_sum":{"num_bytes":0,"num_objects":0,"num_object_clones":0,"num_object_copies":0,"num_objects_missing_on_primary":0,"num_objects_missing":0,"num_objects_degraded":0,"num_objects_misplaced":0,"num_objects_unfound":0,"num_objects_dirty":0,"num_whiteouts":0,"num_read":0,"num_read_kb":0,"num_write":0,"num_write_kb":0,"num_scrub_errors":0,"num_shallow_scrub_errors":0,"num_deep_scrub_errors":0,"num_objects_recovered":0,"num_bytes_recovered":0,"num_keys_recovered":0,"num_objects_omap":0,"num_objects_hit_set_archive":0,"num_bytes_hit_set_archive":0,"num_flush":0,"num_flush_kb":0,"num_evict":0,"num_evict_kb":0,"num_promote":0,"num_flush_mode_high":0,"num_flush_mode_low":0,"num_evict_mode_some":0,"num_evict_mode_full":0,"num_objects_pinned":0,"num_legacy_snapsets":0,"num_large_omap_objects":0,"num_objects_manifest":0,"num_omap_bytes":0,"num_omap_keys":0,"num_objects_repaired":0},"store_stats":{"total":0,"available":0,"internally_reserved":0,"allocated":0,"data_stored":0,"data_compressed":0,"data_compressed_allocated":0,"data_compressed_original":0,"omap_allocated":0,"internal_metadata":0},"log_size":0,"ondisk_log_size":0,"up":16,"acting":16,"num_store_stats":0}],"osd_stats":[{"osd":7,"up_from":12,"seq":51539613360,"num_pgs":0,"num_osds":1,"num_per_pool_osds":0,"num_per_pool_omap_osds":0,"kb":94371840,"kb_used":39824,"kb_used_data":840,"kb_used_omap":0,"kb_used_meta":38976,"kb_avail":94332016,"statfs":{"total":96636764160,"available":96595984384,"internally_reserved":0,"allocated":860160,"data_stored":745255,"data_compressed":0,"data_compressed_allocated":0,"data_compressed_original":0,"omap_allocated":0,"internal_metadata":39911424},"hb_peers":[0,1,2,3,4,5,6],"snap_trim_queue_len":0,"num_snap_trimming":0,"num_shards_repaired":0,"op_queue_age_hist":{"histogram":[],"upper_bound":1},"perf_stat":{"commit_latency_ms":0,"apply_latency_ms":0,"commit_latency_ns":0,"apply_latency_ns":0},"alerts":[],"network_ping_times":[]},{"osd":6,"up_from":12,"seq":51539613364,"num_pgs":0,"num_osds":1,"num_per_pool_osds":0,"num_per_pool_omap_osds":0,"kb":94371840,"kb_used":18124,"kb_used_data":260,"kb_used_omap":0,"kb_used_meta":17856,"kb_avail":94353716,"statfs":{"total":96636764160,"available":96618205184,"internally_reserved":0,"allocated":266240,"data_stored":154887,"data_compressed":0,"data_compressed_allocated":0,"data_compressed_original":0,"omap_allocated":0,"internal_metadata":18284544},"hb_peers":[0,1,2,3,4,5,7],"snap_trim_queue_len":0,"num_snap_trimming":0,"num_shards_repaired":0,"op_queue_age_hist":{"histogram":[],"upper_bound":1},"perf_stat":{"commit_latency_ms":0,"apply_latency_ms":0,"commit_latency_ns":0,"apply_latency_ns":0},"alerts":[],"network_ping_times":[]},{"osd":1,"up_from":12,"seq":51539613362,"num_pgs":0,"num_osds":1,"num_per_pool_osds":0,"num_per_pool_omap_osds":0,"kb":94371840,"kb_used":5772,"kb_used_data":260,"kb_used_omap":0,"kb_used_meta":5504,"kb_avail":94366068,"statfs":{"total":96636764160,"available":96630853632,"internally_reserved":0,"allocated":266240,"data_stored":154887,"data_compressed":0,"data_compressed_allocated":0,"data_compressed_original":0,"omap_allocated":0,"internal_metadata":5636096},"hb_peers":[0,2,3,4,5,6,7],"snap_trim_queue_len":0,"num_snap_trimming":0,"num_shards_repaired":0,"op_queue_age_hist":{"histogram":[],"upper_bound":1},"perf_stat":{"commit_latency_ms":0,"apply_latency_ms":0,"commit_latency_ns":0,"apply_latency_ns":0},"alerts":[],"network_ping_times":[]},{"osd":0,"up_from":12,"seq":51539613359,"num_pgs":0,"num_osds":1,"num_per_pool_osds":0,"num_per_pool_omap_osds":0,"kb":94371840,"kb_used":12880,"kb_used_data":840,"kb_used_omap":0,"kb_used_meta":12032,"kb_avail":94358960,"statfs":{"total":96636764160,"available":96623575040,"internally_reserved":0,"allocated":860160,"data_stored":745255,"data_compressed":0,"data_compressed_allocated":0,"data_compressed_original":0,"omap_allocated":0,"internal_metadata":12320768},"hb_peers":[1,2,3,4,5,6,7],"snap_trim_queue_len":0,"num_snap_trimming":0,"num_shards_repaired":0,"op_queue_age_hist":{"histogram":[],"upper_bound":1},"perf_stat":{"commit_latency_ms":0,"apply_latency_ms":0,"commit_latency_ns":0,"apply_latency_ns":0},"alerts":[],"network_ping_times":[]},{"osd":2,"up_from":12,"seq":51539613362,"num_pgs":0,"num_osds":1,"num_per_pool_osds":0,"num_per_pool_omap_osds":0,"kb":94371840,"kb_used":13964,"kb_used_data":260,"kb_used_omap":0,"kb_used_meta":13696,"kb_avail":94357876,"statfs":{"total":96636764160,"available":96622465024,"internally_reserved":0,"allocated":266240,"data_stored":154887,"data_compressed":0,"data_compressed_allocated":0,"data_compressed_original":0,"omap_allocated":0,"internal_metadata":14024704},"hb_peers":[0,1,3,4,5,6,7],"snap_trim_queue_len":0,"num_snap_trimming":0,"num_shards_repaired":0,"op_queue_age_hist":{"histogram":[],"upper_bound":1},"perf_stat":{"commit_latency_ms":0,"apply_latency_ms":0,"commit_latency_ns":0,"apply_latency_ns":0},"alerts":[],"network_ping_times":[]},{"osd":3,"up_from":12,"seq":51539613360,"num_pgs":0,"num_osds":1,"num_per_pool_osds":0,"num_per_pool_omap_osds":0,"kb":94371840,"kb_used":6092,"kb_used_data":260,"kb_used_omap":0,"kb_used_meta":5824,"kb_avail":94365748,"statfs":{"total":96636764160,"available":96630525952,"internally_reserved":0,"allocated":266240,"data_stored":154887,"data_compressed":0,"data_compressed_allocated":0,"data_compressed_original":0,"omap_allocated":0,"internal_metadata":5963776},"hb_peers":[0,1,2,4,5,6,7],"snap_trim_queue_len":0,"num_snap_trimming":0,"num_shards_repaired":0,"op_queue_age_hist":{"histogram":[],"upper_bound":1},"perf_stat":{"commit_latency_ms":0,"apply_latency_ms":0,"commit_latency_ns":0,"apply_latency_ns":0},"alerts":[],"network_ping_times":[]},{"osd":4,"up_from":12,"seq":51539613363,"num_pgs":0,"num_osds":1,"num_per_pool_osds":0,"num_per_pool_omap_osds":0,"kb":94371840,"kb_used":45388,"kb_used_data":260,"kb_used_omap":0,"kb_used_meta":45120,"kb_avail":94326452,"statfs":{"total":96636764160,"available":96590286848,"internally_reserved":0,"allocated":266240,"data_stored":154887,"data_compressed":0,"data_compressed_allocated":0,"data_compressed_original":0,"omap_allocated":0,"internal_metadata":46202880},"hb_peers":[0,1,2,3,5,6,7],"snap_trim_queue_len":0,"num_snap_trimming":0,"num_shards_repaired":0,"op_queue_age_hist":{"histogram":[],"upper_bound":1},"perf_stat":{"commit_latency_ms":0,"apply_latency_ms":0,"commit_latency_ns":0,"apply_latency_ns":0},"alerts":[],"network_ping_times":[]},{"osd":5,"up_from":12,"seq":51539613363,"num_pgs":0,"num_osds":1,"num_per_pool_osds":0,"num_per_pool_omap_osds":0,"kb":94371840,"kb_used":10124,"kb_used_data":260,"kb_used_omap":0,"kb_used_meta":9856,"kb_avail":94361716,"statfs":{"total":96636764160,"available":96626397184,"internally_reserved":0,"allocated":266240,"data_stored":154887,"data_compressed":0,"data_compressed_allocated":0,"data_compressed_original":0,"omap_allocated":0,"internal_metadata":10092544},"hb_peers":[0,1,2,3,4,6,7],"snap_trim_queue_len":0,"num_snap_trimming":0,"num_shards_repaired":0,"op_queue_age_hist":{"histogram":[],"upper_bound":1},"perf_stat":{"commit_latency_ms":0,"apply_latency_ms":0,"commit_latency_ns":0,"apply_latency_ns":0},"alerts":[],"network_ping_times":[]}],"pool_statfs":[]}} ,
2021-09-15T13:16:36.119 INFO:tasks.ceph:pgid 8.7 last_scrub_stamp
2021-09-15T12:52:08.103842+0000 time.struct_time(tm_year=2021, tm_mon=9, tm_mday=15, tm_hour=12, tm_min=52, tm_sec=8, tm_wday=2, tm_yday=258, tm_isdst=-1) <= time.struct_time(tm_year=2021, tm_mon=9, tm_mday=15, tm_hour=13, tm_min=6, tm_sec=26, tm_wday=2, tm_yday=258, tm_isdst=0) ,
2021-09-15T13:16:36.119 INFO:tasks.ceph:pgid 8.5 last_scrub_stamp
2021-09-15T12:52:08.103842+0000 time.struct_time(tm_year=2021, tm_mon=9, tm_mday=15, tm_hour=12, tm_min=52, tm_sec=8, tm_wday=2, tm_yday=258, tm_isdst=-1) <= time.struct_time(tm_year=2021, tm_mon=9, tm_mday=15, tm_hour=13, tm_min=6, tm_sec=26, tm_wday=2, tm_yday=258, tm_isdst=0)
2021-09-15T23:21:32.541 WARNING:scrape:Ignoring malparsed backtrace:
2021-09-15T13:16:36.252+0000 7ff6e77fe700 20 -- >> v1:172.21.15.149:6789/0 conn(0x7ff6e8069830 legacy=0x7ff6e8063020 unknown :-1 s=STATE_CONNECTION_ESTABLISHED l=0).read start len=281 ,
2021-09-15T13:16:36.252+0000 7ff6e67fc700 20 -- >> [v2:172.21.15.149:3301/0,v1:172.21.15.149:6790/0] conn(0x7ff6e80a76a0 msgr2=0x7ff6e80a8c50 unknown :-1 s=STATE_CONNECTION_ESTABLISHED l=0).read start len=10 ,
2021-09-15T13:16:36.252+0000 7ff6e77fe700 10 -- >> v1:172.21.15.149:6789/0 conn(0x7ff6e8069830 legacy=0x7ff6e8063020 unknown :-1 s=STATE_CONNECTION_ESTABLISHED l=0).handle_write
2021-09-15T23:21:32.542 WARNING:scrape:Ignoring malparsed backtrace:
2021-09-15T13:16:36.252+0000 7ff6e77fe700 20 --1- 172.21.15.149:0/3069931367 >> v1:172.21.15.149:6789/0 conn(0x7ff6e8069830 0x7ff6e8063020 :-1 s=CONNECTING_SEND_CONNECT_MSG pgs=0 cs=0 l=0).handle_in_seq_write r=0 ,
2021-09-15T13:16:36.252+0000 7ff6e6ffd700 20 --2- 172.21.15.149:0/3069931367 >> v2:172.21.15.149:3300/0 conn(0x7ff6e80a7ca0 0x7ff6e80a8610 unknown :-1 s=AUTH_CONNECTING pgs=0 cs=0 l=0 rev1=1 crypto rx=0 tx=0 comp rx=0 tx=0).read_frame ,
2021-09-15T13:16:36.252+0000 7ff6e77fe700 10 --1- 172.21.15.149:0/3069931367 >> v1:172.21.15.149:6789/0 conn(0x7ff6e8069830 0x7ff6e8063020 :-1 s=CONNECTING_SEND_CONNECT_MSG pgs=0 cs=0 l=0).handle_in_seq_write send in_seq done
2021-09-15T23:21:32.543 WARNING:scrape:Ignoring malparsed backtrace:
2021-09-15T13:16:36.252+0000 7ff6e6ffd700 5 --2- 172.21.15.149:0/3069931367 >> v2:172.21.15.149:3300/0 conn(0x7ff6e80a7ca0 0x7ff6e80a8610 unknown :-1 s=CLOSED pgs=0 cs=0 l=0 rev1=1 crypto rx=0 tx=0 comp rx=0 tx=0).reset_compression ,
2021-09-15T13:16:36.252+0000 7ff6e6ffd700 20 EpollDriver.del_event del event fd=13 cur_mask=1 delmask=3 to 7 ,
2021-09-15T13:16:36.252+0000 7ff6e67fc700 10 -- 172.21.15.149:0/3069931367 >> [v2:172.21.15.149:3301/0,v1:172.21.15.149:6790/0] conn(0x7ff6e80a76a0 msgr2=0x7ff6e80a8c50 secure :-1 s=STATE_CONNECTION_ESTABLISHED l=0)._try_send sent bytes 96 remaining bytes 0
2021-09-15T23:21:32.544 WARNING:scrape:Ignoring malparsed backtrace:
2021-09-15T13:16:36.253+0000 7ff6e67fc700 20 -- 172.21.15.149:0/3069931367 >> [v2:172.21.15.149:3301/0,v1:172.21.15.149:6790/0] conn(0x7ff6e80a76a0 msgr2=0x7ff6e80a8c50 secure :-1 s=STATE_CONNECTION_ESTABLISHED l=1).read start len=96 ,
2021-09-15T13:16:36.253+0000 7ff6e67fc700 20 --2- 172.21.15.149:0/3069931367 >> [v2:172.21.15.149:3301/0,v1:172.21.15.149:6790/0] conn(0x7ff6e80a76a0 0x7ff6e80a8c50 secure :-1 s=READY pgs=447 cs=0 l=1 rev1=1 crypto rx=0x7ff6d4011f20 tx=0x7ff6d40117e0 comp rx=0 tx=0).handle_read_frame_preamble_main r=0 ,
2021-09-15T13:16:36.253+0000 7ff6e67fc700 20 --2- 172.21.15.149:0/3069931367 >> [v2:172.21.15.149:3301/0,v1:172.21.15.149:6790/0] conn(0x7ff6e80a76a0 0x7ff6e80a8c50 secure :-1 s=THROTTLE_MESSAGE pgs=447 cs=0 l=1 rev1=1 crypto rx=0x7ff6d4011f20 tx=0x7ff6d40117e0 comp rx=0 tx=0).throttle_message
2021-09-15T23:21:32.544 WARNING:scrape:Ignoring malparsed backtrace:
2021-09-15T13:16:36.256+0000 7ff6e6ffd700 10 -- >> [v2:172.21.15.149:3300/0,v1:172.21.15.149:6789/0] conn(0x7ff6e8069830 msgr2=0x7ff6e80a0720 unknown :-1 s=STATE_CONNECTING_RE l=1).process connect successfully, ready to send banner ,
2021-09-15T13:16:36.256+0000 7ff6e77fe700 20 -- >> [v2:172.21.15.149:3301/0,v1:172.21.15.149:6790/0] conn(0x7ff6e80a7ca0 msgr2=0x7ff6e80a2810 unknown :-1 s=STATE_CONNECTING l=1).process ,
2021-09-15T13:16:36.256+0000 7ff6e6ffd700 20 --2- >> [v2:172.21.15.149:3300/0,v1:172.21.15.149:6789/0] conn(0x7ff6e8069830 0x7ff6e80a0720 unknown :-1 s=START_CONNECT pgs=0 cs=0 l=1 rev1=0 crypto rx=0 tx=0 comp rx=0 tx=0).read_event
2021-09-15T23:21:32.545 WARNING:scrape:Ignoring malparsed backtrace:
2021-09-15T13:16:36.256+0000 7ff6e6ffd700 20 -- 172.21.15.149:0/788159260 >> [v2:172.21.15.149:3300/0,v1:172.21.15.149:6789/0] conn(0x7ff6e8069830 msgr2=0x7ff6e80a0720 unknown :-1 s=STATE_CONNECTION_ESTABLISHED l=1).read continue len=32 ,
2021-09-15T13:16:36.256+0000 7ff6e77fe700 20 --2- 172.21.15.149:0/788159260 >> [v2:172.21.15.149:3301/0,v1:172.21.15.149:6790/0] conn(0x7ff6e80a7ca0 0x7ff6e80a2810 unknown :-1 s=AUTH_CONNECTING pgs=0 cs=0 l=1 rev1=1 crypto rx=0 tx=0 comp rx=0 tx=0).handle_read_frame_segment r=0 ,
2021-09-15T13:16:36.256+0000 7ff6e6ffd700 20 --2- 172.21.15.149:0/788159260 >> [v2:172.21.15.149:3300/0,v1:172.21.15.149:6789/0] conn(0x7ff6e8069830 0x7ff6e80a0720 unknown :-1 s=AUTH_CONNECTING pgs=0 cs=0 l=1 rev1=1 crypto rx=0 tx=0 comp rx=0 tx=0).handle_read_frame_preamble_main r=0
2021-09-15T23:21:32.545 WARNING:scrape:Ignoring malparsed backtrace:
2021-09-15T13:16:36.257+0000 7ff6e77fe700 10 -- 172.21.15.149:0/788159260 >> [v2:172.21.15.149:3301/0,v1:172.21.15.149:6790/0] conn(0x7ff6e80a7ca0 msgr2=0x7ff6e80a2810 secure :-1 s=STATE_CONNECTION_ESTABLISHED l=1)._try_send sent bytes 96 remaining bytes 0 ,
2021-09-15T13:16:36.257+0000 7ff6e77fe700 20 --2- 172.21.15.149:0/788159260 >> [v2:172.21.15.149:3301/0,v1:172.21.15.149:6790/0] conn(0x7ff6e80a7ca0 0x7ff6e80a2810 secure :-1 s=COMPRESSION_CONNECTING pgs=0 cs=0 l=1 rev1=1 crypto rx=0x7ff6dc00c460 tx=0x7ff6dc007bb0 comp rx=0 tx=0).read_frame ,
2021-09-15T13:16:36.257+0000 7ff6e77fe700 20 -- 172.21.15.149:0/788159260 >> [v2:172.21.15.149:3301/0,v1:172.21.15.149:6790/0] conn(0x7ff6e80a7ca0 msgr2=0x7ff6e80a2810 secure :-1 s=STATE_CONNECTION_ESTABLISHED l=1).read start len=96
2021-09-15T23:21:32.546 WARNING:scrape:Ignoring malparsed backtrace:
2021-09-15T13:16:36.257+0000 7ff6caffd700 20 -- 172.21.15.149:0/788159260 done calling dispatch on 0x7ff6dc007290 ,
2021-09-15T13:16:36.257+0000 7ff6e77fe700 20 --2- 172.21.15.149:0/788159260 >> [v2:172.21.15.149:3301/0,v1:172.21.15.149:6790/0] conn(0x7ff6e80a7ca0 0x7ff6e80a2810 secure :-1 s=THROTTLE_MESSAGE pgs=448 cs=0 l=1 rev1=1 crypto rx=0x7ff6dc00c460 tx=0x7ff6dc007bb0 comp rx=0 tx=0).throttle_message ,
2021-09-15T13:16:36.257+0000 7ff6e77fe700 20 --2- 172.21.15.149:0/788159260 >> [v2:172.21.15.149:3301/0,v1:172.21.15.149:6790/0] conn(0x7ff6e80a7ca0 0x7ff6e80a2810 secure :-1 s=THROTTLE_BYTES pgs=448 cs=0 l=1 rev1=1 crypto rx=0x7ff6dc00c460 tx=0x7ff6dc007bb0 comp rx=0 tx=0).throttle_bytes
2021-09-15T23:21:32.547 WARNING:scrape:Ignoring malparsed backtrace:
2021-09-15T13:16:36.260+0000 7ff6caffd700 20 Event(0x7ff6e806d190 nevent=5000 time_id=3).wakeup ,
2021-09-15T13:16:36.260+0000 7ff6caffd700 10 -- 172.21.15.149:0/788159260 create_connect 0x7ff6d005fea0 v2:172.21.15.200:6800/31399 v2:172.21.15.200:6800/31399 ,
2021-09-15T13:16:36.260+0000 7ff6caffd700 10 -- 172.21.15.149:0/788159260 connect_to v2:172.21.15.200:6800/31399 new 0x7ff6d005fea0
2021-09-15T23:21:32.548 WARNING:scrape:Ignoring malparsed backtrace:
2021-09-15T13:16:36.261+0000 7ff6e6ffd700 20 --2- 172.21.15.149:0/788159260 >> v2:172.21.15.200:6800/31399 conn(0x7ff6d005fea0 0x7ff6d00623b0 secure :-1 s=SESSION_CONNECTING pgs=0 cs=0 l=1 rev1=1 crypto rx=0x7ff6e80a22a0 tx=0x7ff6d8009220 comp rx=0 tx=0).read_frame_segment seg_idx=0 ,
2021-09-15T13:16:36.261+0000 7ff6e6ffd700 20 -- 172.21.15.149:0/788159260 >> v2:172.21.15.200:6800/31399 conn(0x7ff6d005fea0 msgr2=0x7ff6d00623b0 secure :-1 s=STATE_CONNECTION_ESTABLISHED l=1).read start len=64 ,
2021-09-15T13:16:36.261+0000 7ff6e6ffd700 20 --2- 172.21.15.149:0/788159260 >> v2:172.21.15.200:6800/31399 conn(0x7ff6d005fea0 0x7ff6d00623b0 secure :-1 s=SESSION_CONNECTING pgs=0 cs=0 l=1 rev1=1 crypto rx=0x7ff6e80a22a0 tx=0x7ff6d8009220 comp rx=0 tx=0).handle_read_frame_segment r=0
2021-09-15T23:21:32.548 WARNING:scrape:Ignoring malparsed backtrace:
2021-09-15T13:16:36.423+0000 7ff6e7fff700 5 -- 172.21.15.149:0/788159260 shutdown_connections mark down [v2:172.21.15.149:3300/0,v1:172.21.15.149:6789/0] 0x7ff6e8069830 ,
2021-09-15T13:16:36.423+0000 7ff6e7fff700 1 --2- 172.21.15.149:0/788159260 >> [v2:172.21.15.149:3300/0,v1:172.21.15.149:6789/0] conn(0x7ff6e8069830 0x7ff6e80a0720 unknown :-1 s=CLOSED pgs=0 cs=0 l=1 rev1=1 crypto rx=0 tx=0 comp rx=0 tx=0).stop ,
2021-09-15T13:16:36.423+0000 7ff6e7fff700 5 -- 172.21.15.149:0/788159260 shutdown_connections mark down [v2:172.21.15.200:3300/0,v1:172.21.15.200:6789/0] 0x7ff6e80a76a0
2021-09-15T23:21:32.549 WARNING:scrape:Ignoring malparsed backtrace:
2021-09-15T13:16:36.812+0000 7efed5be1700 20 Event(0x7efed0067680 nevent=5000 time_id=2).create_file_event create event started fd=14 mask=2 original mask is 1 ,
2021-09-15T13:16:36.812+0000 7efed5be1700 20 EpollDriver.add_event add event fd=14 cur_mask=1 add_mask=2 to 10 ,
2021-09-15T13:16:36.812+0000 7efed5be1700 20 Event(0x7efed0067680 nevent=5000 time_id=2).create_file_event create event end fd=14 mask=2 current mask is 3
2021-09-15T23:21:32.550 WARNING:scrape:Ignoring malparsed backtrace:
2021-09-15T13:16:36.813+0000 7efed63e2700 20 --2- 172.21.15.149:0/3604848706 >> v2:172.21.15.200:3300/0 conn(0x7efed00aa8d0 0x7efed0064790 unknown :-1 s=HELLO_CONNECTING pgs=0 cs=0 l=0 rev1=1 crypto rx=0 tx=0 comp rx=0 tx=0).handle_hello payload.length()=36 ,
2021-09-15T13:16:36.813+0000 7efed63e2700 5 --2- 172.21.15.149:0/3604848706 >> v2:172.21.15.200:3300/0 conn(0x7efed00aa8d0 0x7efed0064790 unknown :-1 s=HELLO_CONNECTING pgs=0 cs=0 l=0 rev1=1 crypto rx=0 tx=0 comp rx=0 tx=0).handle_hello received hello: peer_type=1 peer_addr_for_me=v2:172.21.15.149:55486/0 ,
2021-09-15T13:16:36.813+0000 7efed63e2700 5 --2- 172.21.15.149:0/3604848706 >> v2:172.21.15.200:3300/0 conn(0x7efed00aa8d0 0x7efed0064790 unknown :-1 s=HELLO_CONNECTING pgs=0 cs=0 l=0 rev1=1 crypto rx=0 tx=0 comp rx=0 tx=0).handle_hello getsockname says I am 172.21.15.149:55486 when talking to v2:172.21.15.200:3300/0
2021-09-15T23:21:32.550 WARNING:scrape:Ignoring malparsed backtrace:
2021-09-15T13:16:36.813+0000 7efed6be3700 10 -- 172.21.15.149:0/3604848706 >> v2:172.21.15.149:3300/0 conn(0x7efed00aa0d0 msgr2=0x7efed0139ae0 secure :-1 s=STATE_CONNECTION_ESTABLISHED l=0)._try_send sent bytes 96 remaining bytes 0 ,
2021-09-15T13:16:36.813+0000 7efed6be3700 20 --2- 172.21.15.149:0/3604848706 >> v2:172.21.15.149:3300/0 conn(0x7efed00aa0d0 0x7efed0139ae0 secure :-1 s=COMPRESSION_CONNECTING pgs=0 cs=0 l=0 rev1=1 crypto rx=0x7efed00aec60 tx=0x7efec0006ee0 comp rx=0 tx=0).read_frame ,
2021-09-15T13:16:36.813+0000 7efed6be3700 20 -- 172.21.15.149:0/3604848706 >> v2:172.21.15.149:3300/0 conn(0x7efed00aa0d0 msgr2=0x7efed0139ae0 secure :-1 s=STATE_CONNECTION_ESTABLISHED l=0).read start len=96
2021-09-15T23:21:32.551 WARNING:scrape:Ignoring malparsed backtrace:
2021-09-15T13:16:36.813+0000 7efed6be3700 20 --2- 172.21.15.149:0/3604848706 >> [v2:172.21.15.149:3300/0,v1:172.21.15.149:6789/0] conn(0x7efed00aa0d0 0x7efed0139ae0 secure :-1 s=THROTTLE_DONE pgs=697 cs=0 l=1 rev1=1 crypto rx=0x7efed00aec60 tx=0x7efec0006ee0 comp rx=0 tx=0).handle_read_frame_segment r=0 ,
2021-09-15T13:16:36.813+0000 7efed6be3700 20 -- 172.21.15.149:0/3604848706 >> [v2:172.21.15.149:3300/0,v1:172.21.15.149:6789/0] conn(0x7efed00aa0d0 msgr2=0x7efed0139ae0 secure :-1 s=STATE_CONNECTION_ESTABLISHED l=1).read start len=32 ,
2021-09-15T13:16:36.813+0000 7efed6be3700 20 --2- 172.21.15.149:0/3604848706 >> [v2:172.21.15.149:3300/0,v1:172.21.15.149:6789/0] conn(0x7efed00aa0d0 0x7efed0139ae0 secure :-1 s=THROTTLE_DONE pgs=697 cs=0 l=1 rev1=1 crypto rx=0x7efed00aec60 tx=0x7efec0006ee0 comp rx=0 tx=0).handle_read_frame_epilogue_main r=0
2021-09-15T23:21:32.552 WARNING:scrape:Ignoring malparsed backtrace:
2021-09-15T13:16:36.816+0000 7efed8646700 15 --2- >> [v2:172.21.15.200:3300/0,v1:172.21.15.200:6789/0] conn(0x7efed00a9cc0 0x7efed00a4b50 unknown :-1 s=START_CONNECT pgs=0 cs=0 l=1 rev1=0 crypto rx=0 tx=0 comp rx=0 tx=0).send_message inline write is denied, reschedule m=0x7efed00a3870 ,
2021-09-15T13:16:36.816+0000 7efed5be1700 20 Event(0x7efed0067680 nevent=5000 time_id=4).create_file_event create event end fd=17 mask=1 current mask is 1 ,
2021-09-15T13:16:36.816+0000 7efed5be1700 20 EpollDriver.del_event del event fd=17 cur_mask=1 delmask=2 to 10
2021-09-15T23:21:32.552 WARNING:scrape:Ignoring malparsed backtrace:
2021-09-15T13:16:36.816+0000 7efed63e2700 5 --2- 172.21.15.149:0/3639260319 >> [v2:172.21.15.200:3300/0,v1:172.21.15.200:6789/0] conn(0x7efed00a9cc0 0x7efed00a4b50 unknown :-1 s=HELLO_CONNECTING pgs=0 cs=0 l=1 rev1=1 crypto rx=0 tx=0 comp rx=0 tx=0).handle_hello getsockname says I am 172.21.15.149:55492 when talking to v2:172.21.15.200:3300/0 ,
2021-09-15T13:16:36.816+0000 7efed63e2700 20 --2- 172.21.15.149:0/3639260319 >> [v2:172.21.15.200:3300/0,v1:172.21.15.200:6789/0] conn(0x7efed00a9cc0 0x7efed00a4b50 unknown :-1 s=HELLO_CONNECTING pgs=0 cs=0 l=1 rev1=1 crypto rx=0 tx=0 comp rx=0 tx=0).post_client_banner_exchange ,
2021-09-15T13:16:36.816+0000 7efed5be1700 5 --2- 172.21.15.149:0/3639260319 >> [v2:172.21.15.149:3300/0,v1:172.21.15.149:6789/0] conn(0x7efed00aa0d0 0x7efed00a6020 unknown :-1 s=AUTH_CONNECTING pgs=0 cs=0 l=1 rev1=1 crypto rx=0 tx=0 comp rx=0 tx=0).handle_auth_reply_more auth reply more len=9
2021-09-15T23:21:32.553 WARNING:scrape:Ignoring malparsed backtrace:
2021-09-15T13:16:36.817+0000 7efed5be1700 20 --2- 172.21.15.149:0/3639260319 >> [v2:172.21.15.149:3300/0,v1:172.21.15.149:6789/0] conn(0x7efed00aa0d0 0x7efed00a6020 secure :-1 s=SESSION_CONNECTING pgs=0 cs=0 l=1 rev1=1 crypto rx=0x7efeb800c440 tx=0x7efeb8007c90 comp rx=0 tx=0).read_frame_segment seg_idx=0 ,
2021-09-15T13:16:36.817+0000 7efed5be1700 20 -- 172.21.15.149:0/3639260319 >> [v2:172.21.15.149:3300/0,v1:172.21.15.149:6789/0] conn(0x7efed00aa0d0 msgr2=0x7efed00a6020 secure :-1 s=STATE_CONNECTION_ESTABLISHED l=1).read start len=96 ,
2021-09-15T13:16:36.817+0000 7efed5be1700 20 --2- 172.21.15.149:0/3639260319 >> [v2:172.21.15.149:3300/0,v1:172.21.15.149:6789/0] conn(0x7efed00aa0d0 0x7efed00a6020 secure :-1 s=SESSION_CONNECTING pgs=0 cs=0 l=1 rev1=1 crypto rx=0x7efeb800c440 tx=0x7efeb8007c90 comp rx=0 tx=0).handle_read_frame_segment r=0
2021-09-15T23:21:32.554 WARNING:scrape:Ignoring malparsed backtrace:
2021-09-15T13:16:36.817+0000 7efed5be1700 15 authenticated_encrypt_update plaintext.length()=80 buffer.length()=80 ,
2021-09-15T13:16:36.817+0000 7efed8646700 1 -- 172.21.15.149:0/3639260319 --> [v2:172.21.15.149:3300/0,v1:172.21.15.149:6789/0] -- mon_subscribe({osdmap=0}) v3 -- 0x7efed00a44e0 con 0x7efed00aa0d0 ,
2021-09-15T13:16:36.817+0000 7efed5be1700 15 authenticated_encrypt_final buffer.length()=96 final_len=0
2021-09-15T23:21:32.555 WARNING:scrape:Ignoring malparsed backtrace:
2021-09-15T13:16:36.819+0000 7efed63e2700 10 -- 172.21.15.149:0/3639260319 >> v2:172.21.15.200:6800/31399 conn(0x7efeb005fea0 msgr2=0x7efeb00623b0 unknown :-1 s=STATE_CONNECTION_ESTABLISHED l=1)._try_send sent bytes 26 remaining bytes 0 ,
2021-09-15T13:16:36.819+0000 7efed63e2700 20 -- 172.21.15.149:0/3639260319 >> v2:172.21.15.200:6800/31399 conn(0x7efeb005fea0 msgr2=0x7efeb00623b0 unknown :-1 s=STATE_CONNECTION_ESTABLISHED l=1).read start len=10 ,
2021-09-15T13:16:36.819+0000 7efec67fc700 10 -- 172.21.15.149:0/3639260319 dispatch_throttle_release 4478 to dispatch throttler 4478/104857600
2021-09-15T23:21:32.555 WARNING:scrape:Ignoring malparsed backtrace:
2021-09-15T13:16:36.823+0000 7efed5be1700 20 --2- 172.21.15.149:0/3639260319 >> [v2:172.21.15.149:3300/0,v1:172.21.15.149:6789/0] conn(0x7efed00aa0d0 0x7efed00a6020 secure :-1 s=THROTTLE_DONE pgs=698 cs=0 l=1 rev1=1 crypto rx=0x7efeb800c440 tx=0x7efeb8007c90 comp rx=0 tx=0).handle_read_frame_segment r=0 ,
2021-09-15T13:16:36.823+0000 7efed5be1700 20 --2- 172.21.15.149:0/3639260319 >> [v2:172.21.15.149:3300/0,v1:172.21.15.149:6789/0] conn(0x7efed00aa0d0 0x7efed00a6020 secure :-1 s=THROTTLE_DONE pgs=698 cs=0 l=1 rev1=1 crypto rx=0x7efeb800c440 tx=0x7efeb8007c90 comp rx=0 tx=0).read_frame_segment seg_idx=2 ,
2021-09-15T13:16:36.823+0000 7efed5be1700 20 --2- 172.21.15.149:0/3639260319 >> [v2:172.21.15.149:3300/0,v1:172.21.15.149:6789/0] conn(0x7efed00aa0d0 0x7efed00a6020 secure :-1 s=THROTTLE_DONE pgs=698 cs=0 l=1 rev1=1 crypto rx=0x7efeb800c440 tx=0x7efeb8007c90 comp rx=0 tx=0).read_frame_segment seg_idx=3
2021-09-15T23:21:32.556 WARNING:scrape:Ignoring malparsed backtrace:
2021-09-15T13:16:36.984+0000 7efed8646700 10 -- 172.21.15.149:0/3639260319 wait: waiting for dispatch queue ,
2021-09-15T13:16:36.984+0000 7efed8646700 10 -- 172.21.15.149:0/3639260319 wait: dispatch queue is stopped ,
2021-09-15T13:16:36.984+0000 7efed8646700 1 -- 172.21.15.149:0/3639260319 shutdown_connections
2021-09-15T23:21:32.557 WARNING:scrape:Ignoring malparsed backtrace:
2021-09-15T13:16:37.304+0000 7f81b193d700 20 --2- >> [v2:172.21.15.149:3301/0,v1:172.21.15.149:6790/0] conn(0x7f81ac06a940 0x7f81ac063500 unknown :-1 s=BANNER_CONNECTING pgs=0 cs=0 l=0 rev1=0 crypto rx=0 tx=0 comp rx=0 tx=0)._handle_peer_banner_payload r=0 ,
2021-09-15T13:16:37.304+0000 7f81b193d700 1 --2- >> [v2:172.21.15.149:3301/0,v1:172.21.15.149:6790/0] conn(0x7f81ac06a940 0x7f81ac063500 unknown :-1 s=BANNER_CONNECTING pgs=0 cs=0 l=0 rev1=0 crypto rx=0 tx=0 comp rx=0 tx=0)._handle_peer_banner_payload supported=3 required=0 ,
2021-09-15T13:16:37.304+0000 7f81b213e700 20 -- >> v1:172.21.15.200:6789/0 conn(0x7f81ac064a00 legacy=0x7f81ac13ab80 unknown :-1 s=STATE_CONNECTING_RE l=0).process
2021-09-15T23:21:32.557 WARNING:scrape:Ignoring malparsed backtrace:
2021-09-15T13:16:37.304+0000 7f81b213e700 10 --1- 172.21.15.149:0/1123334351 >> v1:172.21.15.200:6789/0 conn(0x7f81ac064a00 0x7f81ac13ab80 :-1 s=CONNECTING_SEND_CONNECT_MSG pgs=0 cs=0 l=0).handle_in_seq_write send in_seq done ,
2021-09-15T13:16:37.304+0000 7f81b213e700 20 --1- 172.21.15.149:0/1123334351 >> v1:172.21.15.200:6789/0 conn(0x7f81ac064a00 0x7f81ac13ab80 :-1 s=CONNECTING_SEND_CONNECT_MSG pgs=0 cs=0 l=0).client_ready ,
2021-09-15T13:16:37.304+0000 7f81b213e700 10 --1- 172.21.15.149:0/1123334351 >> v1:172.21.15.200:6789/0 conn(0x7f81ac064a00 0x7f81ac13ab80 :-1 s=CONNECTING_SEND_CONNECT_MSG pgs=472 cs=1 l=1).client_ready connect success 1, lossy = 1, features 4540138303579357183
2021-09-15T23:21:32.558 WARNING:scrape:Ignoring malparsed backtrace:
2021-09-15T13:16:37.305+0000 7f81b193d700 20 -- 172.21.15.149:0/1123334351 >> [v2:172.21.15.149:3301/0,v1:172.21.15.149:6790/0] conn(0x7f81ac06a940 msgr2=0x7f81ac063500 secure :-1 s=STATE_CONNECTION_ESTABLISHED l=0).read continue len=96 ,
2021-09-15T13:16:37.305+0000 7f81b193d700 20 --2- 172.21.15.149:0/1123334351 >> [v2:172.21.15.149:3301/0,v1:172.21.15.149:6790/0] conn(0x7f81ac06a940 0x7f81ac063500 secure :-1 s=SESSION_CONNECTING pgs=0 cs=0 l=0 rev1=1 crypto rx=0x7f819c00b6c0 tx=0x7f819c006ee0 comp rx=0 tx=0).handle_read_frame_preamble_main r=0 ,
2021-09-15T13:16:37.305+0000 7f81b193d700 20 --2- 172.21.15.149:0/1123334351 >> [v2:172.21.15.149:3301/0,v1:172.21.15.149:6790/0] conn(0x7f81ac06a940 0x7f81ac063500 secure :-1 s=SESSION_CONNECTING pgs=0 cs=0 l=0 rev1=1 crypto rx=0x7f819c00b6c0 tx=0x7f819c006ee0 comp rx=0 tx=0).read_frame_segment seg_idx=0
2021-09-15T23:21:32.559 WARNING:scrape:Ignoring malparsed backtrace:
2021-09-15T13:16:37.306+0000 7f81b193d700 5 --2- 172.21.15.149:0/1123334351 >> [v2:172.21.15.149:3301/0,v1:172.21.15.149:6790/0] conn(0x7f81ac06a940 0x7f81ac063500 secure :-1 s=CLOSED pgs=449 cs=0 l=1 rev1=1 crypto rx=0x7f819c00b6c0 tx=0x7f819c006ee0 comp rx=0 tx=0).reset_recv_state (warped) reseting crypto and compression handlers ,
2021-09-15T13:16:37.306+0000 7f81b193d700 5 --2- 172.21.15.149:0/1123334351 >> [v2:172.21.15.149:3301/0,v1:172.21.15.149:6790/0] conn(0x7f81ac06a940 0x7f81ac063500 secure :-1 s=CLOSED pgs=449 cs=0 l=1 rev1=1 crypto rx=0x7f819c00b6c0 tx=0x7f819c006ee0 comp rx=0 tx=0).reset_security ,
2021-09-15T13:16:37.306+0000 7f81b193d700 5 --2- 172.21.15.149:0/1123334351 >> [v2:172.21.15.149:3301/0,v1:172.21.15.149:6790/0] conn(0x7f81ac06a940 0x7f81ac063500 unknown :-1 s=CLOSED pgs=449 cs=0 l=1 rev1=1 crypto rx=0 tx=0 comp rx=0 tx=0).reset_compression
2021-09-15T23:21:32.559 WARNING:scrape:Ignoring malparsed backtrace:
2021-09-15T13:16:37.308+0000 7f81b293f700 5 --2- >> [v2:172.21.15.149:3301/0,v1:172.21.15.149:6790/0] conn(0x7f81ac064a00 0x7f81ac115930 unknown :-1 s=BANNER_CONNECTING pgs=0 cs=0 l=1 rev1=0 crypto rx=0 tx=0 comp rx=0 tx=0).send_message enqueueing message m=0x7f81ac0a3fa0 type=5 mon_getmap magic: 0 v1 ,
2021-09-15T13:16:37.308+0000 7f81b293f700 15 --2- >> [v2:172.21.15.149:3301/0,v1:172.21.15.149:6790/0] conn(0x7f81ac064a00 0x7f81ac115930 unknown :-1 s=BANNER_CONNECTING pgs=0 cs=0 l=1 rev1=0 crypto rx=0 tx=0 comp rx=0 tx=0).send_message inline write is denied, reschedule m=0x7f81ac0a3fa0 ,
2021-09-15T13:16:37.308+0000 7f81b213e700 20 -- >> [v2:172.21.15.200:3300/0,v1:172.21.15.200:6789/0] conn(0x7f81ac06a940 msgr2=0x7f81ac0a3a60 unknown :-1 s=STATE_CONNECTING_RE l=1).process
2021-09-15T23:21:32.560 WARNING:scrape:Ignoring malparsed backtrace:
2021-09-15T13:16:37.308+0000 7f81b213e700 10 -- 172.21.15.149:0/3669819567 >> [v2:172.21.15.200:3300/0,v1:172.21.15.200:6789/0] conn(0x7f81ac06a940 msgr2=0x7f81ac0a3a60 unknown :-1 s=STATE_CONNECTION_ESTABLISHED l=1)._try_send sent bytes 78 remaining bytes 0 ,
2021-09-15T13:16:37.308+0000 7f81b193d700 20 -- 172.21.15.149:0/3669819567 >> [v2:172.21.15.149:3301/0,v1:172.21.15.149:6790/0] conn(0x7f81ac064a00 msgr2=0x7f81ac115930 unknown :-1 s=STATE_CONNECTION_ESTABLISHED l=1).read start len=32 ,
2021-09-15T13:16:37.308+0000 7f81b213e700 20 --2- 172.21.15.149:0/3669819567 >> [v2:172.21.15.200:3300/0,v1:172.21.15.200:6789/0] conn(0x7f81ac06a940 0x7f81ac0a3a60 unknown :-1 s=AUTH_CONNECTING pgs=0 cs=0 l=1 rev1=1 crypto rx=0 tx=0 comp rx=0 tx=0).read_frame
2021-09-15T23:21:32.561 WARNING:scrape:Ignoring malparsed backtrace:
2021-09-15T13:16:37.309+0000 7f81b113c700 20 -- 172.21.15.149:0/3669819567 >> [v2:172.21.15.149:3300/0,v1:172.21.15.149:6789/0] conn(0x7f81ac069420 msgr2=0x7f81ac116e90 secure :-1 s=STATE_CONNECTION_ESTABLISHED l=1).read start len=96 ,
2021-09-15T13:16:37.309+0000 7f81b113c700 10 -- 172.21.15.149:0/3669819567 >> [v2:172.21.15.149:3300/0,v1:172.21.15.149:6789/0] conn(0x7f81ac069420 msgr2=0x7f81ac116e90 secure :-1 s=STATE_CONNECTION_ESTABLISHED l=1).handle_write ,
2021-09-15T13:16:37.309+0000 7f81b113c700 10 --2- 172.21.15.149:0/3669819567 >> [v2:172.21.15.149:3300/0,v1:172.21.15.149:6789/0] conn(0x7f81ac069420 0x7f81ac116e90 secure :-1 s=READY pgs=699 cs=0 l=1 rev1=1 crypto rx=0x7f81a001f900 tx=0x7f81a0017e30 comp rx=0 tx=0).write_event
2021-09-15T23:21:32.561 WARNING:scrape:Ignoring malparsed backtrace:
2021-09-15T13:16:37.309+0000 7f81b113c700 20 --2- 172.21.15.149:0/3669819567 >> [v2:172.21.15.149:3300/0,v1:172.21.15.149:6789/0] conn(0x7f81ac069420 0x7f81ac116e90 secure :-1 s=READY pgs=699 cs=0 l=1 rev1=1 crypto rx=0x7f81a001f900 tx=0x7f81a0017e30 comp rx=0 tx=0).write_message sending m=0x7f81ac1149f0 seq=3 src=client.5595 off=0 ,
2021-09-15T13:16:37.309+0000 7f81b113c700 10 -- 172.21.15.149:0/3669819567 >> [v2:172.21.15.149:3300/0,v1:172.21.15.149:6789/0] conn(0x7f81ac069420 msgr2=0x7f81ac116e90 secure :-1 s=STATE_CONNECTION_ESTABLISHED l=1)._try_send sent bytes 176 remaining bytes 0 ,
2021-09-15T13:16:37.309+0000 7f81b113c700 10 --2- 172.21.15.149:0/3669819567 >> [v2:172.21.15.149:3300/0,v1:172.21.15.149:6789/0] conn(0x7f81ac069420 0x7f81ac116e90 secure :-1 s=READY pgs=699 cs=0 l=1 rev1=1 crypto rx=0x7f81a001f900 tx=0x7f81a0017e30 comp rx=0 tx=0).write_message sending 0x7f81ac1149f0 done.
2021-09-15T23:21:32.562 WARNING:scrape:Ignoring malparsed backtrace:
2021-09-15T13:16:37.312+0000 7f81b193d700 1 --2- 172.21.15.149:0/3669819567 >> v2:172.21.15.200:6800/31399 conn(0x7f818c05fea0 0x7f818c0623b0 unknown :-1 s=BANNER_CONNECTING pgs=0 cs=0 l=1 rev1=0 crypto rx=0 tx=0 comp rx=0 tx=0)._handle_peer_banner_payload supported=3 required=0 ,
2021-09-15T13:16:37.312+0000 7f81b193d700 10 -- 172.21.15.149:0/3669819567 >> v2:172.21.15.200:6800/31399 conn(0x7f818c05fea0 msgr2=0x7f818c0623b0 unknown :-1 s=STATE_CONNECTION_ESTABLISHED l=1)._try_send sent bytes 72 remaining bytes 0 ,
2021-09-15T13:16:37.312+0000 7f81b193d700 20 --2- 172.21.15.149:0/3669819567 >> v2:172.21.15.200:6800/31399 conn(0x7f818c05fea0 0x7f818c0623b0 unknown :-1 s=HELLO_CONNECTING pgs=0 cs=0 l=1 rev1=1 crypto rx=0 tx=0 comp rx=0 tx=0).read_frame
2021-09-15T23:21:32.563 WARNING:scrape:Ignoring malparsed backtrace:
2021-09-15T13:16:37.316+0000 7f81b113c700 20 -- 172.21.15.149:0/3669819567 queue 0x7f81a005d5c0 prio 196 ,
2021-09-15T13:16:37.316+0000 7f81b113c700 20 --2- 172.21.15.149:0/3669819567 >> [v2:172.21.15.149:3300/0,v1:172.21.15.149:6789/0] conn(0x7f81ac069420 0x7f81ac116e90 secure :-1 s=READY pgs=699 cs=0 l=1 rev1=1 crypto rx=0x7f81a001f900 tx=0x7f81a0017e30 comp rx=0 tx=0).read_frame ,
2021-09-15T13:16:37.316+0000 7f81b113c700 20 -- 172.21.15.149:0/3669819567 >> [v2:172.21.15.149:3300/0,v1:172.21.15.149:6789/0] conn(0x7f81ac069420 msgr2=0x7f81ac116e90 secure :-1 s=STATE_CONNECTION_ESTABLISHED l=1).read start len=96
2021-09-15T23:21:32.563 WARNING:scrape:Ignoring malparsed backtrace: instructing pg 8.3s0 on osd.1 to deep-scrub ,
2021-09-15T13:16:37.680 DEBUG:teuthology.orchestra.run.smithi149:> sudo adjust-ulimits ceph-coverage /home/ubuntu/cephtest/archive/coverage timeout 120 ceph --cluster ceph pg deep-scrub 8.0 ,
2021-09-15T13:16:37.806+0000 7f39e4a70700 20 CompressorRegistry(0x7f39e005f470) adding algorithm method: snappy
2021-09-15T23:21:32.564 WARNING:scrape:Ignoring malparsed backtrace:
2021-09-15T13:16:37.807+0000 7f39de59c700 20 --2- >> v2:172.21.15.149:3300/0 conn(0x7f39e00aa010 0x7f39e00ad2b0 unknown :-1 s=HELLO_CONNECTING pgs=0 cs=0 l=0 rev1=1 crypto rx=0 tx=0 comp rx=0 tx=0).handle_read_frame_preamble_main r=0 ,
2021-09-15T13:16:37.807+0000 7f39ddd9b700 10 -- >> v1:172.21.15.200:6789/0 conn(0x7f39e013dbe0 legacy=0x7f39e00a73e0 unknown :-1 s=STATE_CONNECTION_ESTABLISHED l=0)._try_send sent bytes 9 remaining bytes 0 ,
2021-09-15T13:16:37.807+0000 7f39de59c700 20 --2- >> v2:172.21.15.149:3300/0 conn(0x7f39e00aa010 0x7f39e00ad2b0 unknown :-1 s=HELLO_CONNECTING pgs=0 cs=0 l=0 rev1=1 crypto rx=0 tx=0 comp rx=0 tx=0).read_frame_segment seg_idx=0
2021-09-15T23:21:32.565 WARNING:scrape:Ignoring malparsed backtrace:
2021-09-15T13:16:37.808+0000 7f39de59c700 20 -- 172.21.15.149:0/3990737018 >> v2:172.21.15.149:3300/0 conn(0x7f39e00aa010 msgr2=0x7f39e00ad2b0 unknown :-1 s=STATE_CONNECTION_ESTABLISHED l=0).read start len=294 ,
2021-09-15T13:16:37.808+0000 7f39ddd9b700 10 --1- 172.21.15.149:0/3990737018 >> v1:172.21.15.200:6789/0 conn(0x7f39e013dbe0 0x7f39e00a73e0 :-1 s=CONNECTING_SEND_CONNECT_MSG pgs=0 cs=0 l=0).handle_in_seq_write send in_seq done ,
2021-09-15T13:16:37.808+0000 7f39ded9d700 20 --2- 172.21.15.149:0/3990737018 >> [v2:172.21.15.149:3301/0,v1:172.21.15.149:6790/0] conn(0x7f39e013d030 0x7f39e0139d80 unknown :-1 s=AUTH_CONNECTING pgs=0 cs=0 l=0 rev1=1 crypto rx=0 tx=0 comp rx=0 tx=0).handle_read_frame_preamble_main r=0
2021-09-15T23:21:32.565 WARNING:scrape:Ignoring malparsed backtrace:
2021-09-15T13:16:37.808+0000 7f39de59c700 5 --2- 172.21.15.149:0/3990737018 >> [v2:172.21.15.149:3300/0,v1:172.21.15.149:6789/0] conn(0x7f39e00aa010 0x7f39e00ad2b0 secure :-1 s=READY pgs=700 cs=0 l=1 rev1=1 crypto rx=0x7f39c801aa30 tx=0x7f39c801a370 comp rx=0 tx=0).write_message sending message m=0x7f39e013d440 seq=1 mon_getmap magic: 0 v1 ,
2021-09-15T13:16:37.808+0000 7f39de59c700 20 --2- 172.21.15.149:0/3990737018 >> [v2:172.21.15.149:3300/0,v1:172.21.15.149:6789/0] conn(0x7f39e00aa010 0x7f39e00ad2b0 secure :-1 s=READY pgs=700 cs=0 l=1 rev1=1 crypto rx=0x7f39c801aa30 tx=0x7f39c801a370 comp rx=0 tx=0).write_message sending m=0x7f39e013d440 seq=1 src=client.? off=0 ,
2021-09-15T13:16:37.808+0000 7f39de59c700 10 -- 172.21.15.149:0/3990737018 >> [v2:172.21.15.149:3300/0,v1:172.21.15.149:6789/0] conn(0x7f39e00aa010 msgr2=0x7f39e00ad2b0 secure :-1 s=STATE_CONNECTION_ESTABLISHED l=1)._try_send sent bytes 96 remaining bytes 0
2021-09-15T23:21:32.566 WARNING:scrape:Ignoring malparsed backtrace:
2021-09-15T13:16:37.809+0000 7f39e4a70700 2 --1- 172.21.15.149:0/3990737018 >> 172.21.15.149:0/3990737018 conn(0x7f39e006cdb0 0x7f39e006d1c0 :-1 s=NONE pgs=0 cs=0 l=0).stop ,
2021-09-15T13:16:37.809+0000 7f39e4a70700 5 --1- 172.21.15.149:0/3990737018 >> 172.21.15.149:0/3990737018 conn(0x7f39e006cdb0 0x7f39e006d1c0 :-1 s=NONE pgs=0 cs=0 l=0).reset_recv_state ,
2021-09-15T13:16:37.809+0000 7f39e4a70700 20 Event(0x7f39e00b10f0 nevent=5000 time_id=2).wakeup
2021-09-15T23:21:32.567 WARNING:scrape:Ignoring malparsed backtrace:
2021-09-15T13:16:37.811+0000 7f39de59c700 20 -- >> [v2:172.21.15.149:3300/0,v1:172.21.15.149:6789/0] conn(0x7f39e00aa010 msgr2=0x7f39e0072d00 unknown :-1 s=STATE_CONNECTION_ESTABLISHED l=1).read start len=40 ,
2021-09-15T13:16:37.811+0000 7f39ded9d700 20 --2- >> [v2:172.21.15.200:3300/0,v1:172.21.15.200:6789/0] conn(0x7f39e013dbe0 0x7f39e0068c00 unknown :-1 s=BANNER_CONNECTING pgs=0 cs=0 l=1 rev1=0 crypto rx=0 tx=0 comp rx=0 tx=0)._banner_exchange ,
2021-09-15T13:16:37.811+0000 7f39de59c700 20 --2- >> [v2:172.21.15.149:3300/0,v1:172.21.15.149:6789/0] conn(0x7f39e00aa010 0x7f39e0072d00 unknown :-1 s=HELLO_CONNECTING pgs=0 cs=0 l=1 rev1=1 crypto rx=0 tx=0 comp rx=0 tx=0).handle_read_frame_segment r=0
2021-09-15T23:21:32.567 WARNING:scrape:Ignoring malparsed backtrace:
2021-09-15T13:16:37.812+0000 7f39de59c700 5 --2- 172.21.15.149:0/411996802 >> [v2:172.21.15.149:3300/0,v1:172.21.15.149:6789/0] conn(0x7f39e00aa010 0x7f39e0072d00 unknown :-1 s=AUTH_CONNECTING pgs=0 cs=0 l=1 rev1=1 crypto rx=0 tx=0 comp rx=0 tx=0).send_message enqueueing message m=0x7f39d000b1a0 type=15 mon_subscribe({config=0+,monmap=0+}) v3 ,
2021-09-15T13:16:37.812+0000 7f39de59c700 15 --2- 172.21.15.149:0/411996802 >> [v2:172.21.15.149:3300/0,v1:172.21.15.149:6789/0] conn(0x7f39e00aa010 0x7f39e0072d00 unknown :-1 s=AUTH_CONNECTING pgs=0 cs=0 l=1 rev1=1 crypto rx=0 tx=0 comp rx=0 tx=0).send_message inline write is denied, reschedule m=0x7f39d000b1a0 ,
2021-09-15T13:16:37.812+0000 7f39ded9d700 5 --2- 172.21.15.149:0/411996802 >> [v2:172.21.15.200:3300/0,v1:172.21.15.200:6789/0] conn(0x7f39e013dbe0 0x7f39e0068c00 unknown :-1 s=CLOSED pgs=0 cs=0 l=1 rev1=1 crypto rx=0 tx=0 comp rx=0 tx=0).reset_recv_state (warped) reseting crypto and compression handlers
2021-09-15T23:21:32.568 WARNING:scrape:Ignoring malparsed backtrace:
2021-09-15T13:16:37.812+0000 7f39d67fc700 10 -- 172.21.15.149:0/411996802 dispatch_throttle_release 413 to dispatch throttler 417/104857600 ,
2021-09-15T13:16:37.812+0000 7f39d67fc700 20 -- 172.21.15.149:0/411996802 done calling dispatch on 0x7f39c801a490 ,
2021-09-15T13:16:37.812+0000 7f39de59c700 10 --2- 172.21.15.149:0/411996802 >> [v2:172.21.15.149:3300/0,v1:172.21.15.149:6789/0] conn(0x7f39e00aa010 0x7f39e0072d00 secure :-1 s=THROTTLE_DONE pgs=701 cs=0 l=1 rev1=1 crypto rx=0x7f39c801a3b0 tx=0x7f39c804a000 comp rx=0 tx=0).handle_read_frame_dispatch tag=17
2021-09-15T23:21:32.569 WARNING:scrape:Ignoring malparsed backtrace:
2021-09-15T13:16:37.814+0000 7f39de59c700 20 -- 172.21.15.149:0/411996802 queue 0x7f39c80b0190 prio 196 ,
2021-09-15T13:16:37.814+0000 7f39de59c700 20 --2- 172.21.15.149:0/411996802 >> [v2:172.21.15.149:3300/0,v1:172.21.15.149:6789/0] conn(0x7f39e00aa010 0x7f39e0072d00 secure :-1 s=READY pgs=701 cs=0 l=1 rev1=1 crypto rx=0x7f39c801a3b0 tx=0x7f39c804a000 comp rx=0 tx=0).read_frame ,
2021-09-15T13:16:37.814+0000 7f39de59c700 20 -- 172.21.15.149:0/411996802 >> [v2:172.21.15.149:3300/0,v1:172.21.15.149:6789/0] conn(0x7f39e00aa010 msgr2=0x7f39e0072d00 secure :-1 s=STATE_CONNECTION_ESTABLISHED l=1).read start len=96
2021-09-15T23:21:32.569 WARNING:scrape:Ignoring malparsed backtrace:
2021-09-15T13:16:37.815+0000 7f39ddd9b700 20 -- 172.21.15.149:0/411996802 >> v2:172.21.15.200:6800/31399 conn(0x7f39c405fea0 msgr2=0x7f39c40623b0 secure :-1 s=STATE_CONNECTION_ESTABLISHED l=1).read start len=96 ,
2021-09-15T13:16:37.815+0000 7f39ddd9b700 20 -- 172.21.15.149:0/411996802 >> v2:172.21.15.200:6800/31399 conn(0x7f39c405fea0 msgr2=0x7f39c40623b0 secure :-1 s=STATE_CONNECTION_ESTABLISHED l=1).process ,
2021-09-15T13:16:37.815+0000 7f39ddd9b700 20 -- 172.21.15.149:0/411996802 >> v2:172.21.15.200:6800/31399 conn(0x7f39c405fea0 msgr2=0x7f39c40623b0 secure :-1 s=STATE_CONNECTION_ESTABLISHED l=1).read continue len=96
2021-09-15T23:21:32.570 WARNING:scrape:Ignoring malparsed backtrace:
2021-09-15T13:16:37.978+0000 7f39ddd9b700 5 --2- 172.21.15.149:0/411996802 >> v2:172.21.15.200:6800/31399 conn(0x7f39c405fea0 0x7f39c40623b0 secure :-1 s=CLOSED pgs=306 cs=0 l=1 rev1=1 crypto rx=0x7f39e013e080 tx=0x7f39cc0031f0 comp rx=0 tx=0).reset_recv_state (warped) reseting crypto and compression handlers ,
2021-09-15T13:16:37.979+0000 7f39e4a70700 5 --2- 172.21.15.149:0/411996802 >> [v2:172.21.15.149:3300/0,v1:172.21.15.149:6789/0] conn(0x7f39e00aa010 0x7f39e0072d00 secure :-1 s=READY pgs=701 cs=0 l=1 rev1=1 crypto rx=0x7f39c801a3b0 tx=0x7f39c804a000 comp rx=0 tx=0).reset_recv_state ,
2021-09-15T13:16:37.979+0000 7f39ddd9b700 5 --2- 172.21.15.149:0/411996802 >> v2:172.21.15.200:6800/31399 conn(0x7f39c405fea0 0x7f39c40623b0 secure :-1 s=CLOSED pgs=306 cs=0 l=1 rev1=1 crypto rx=0x7f39e013e080 tx=0x7f39cc0031f0 comp rx=0 tx=0).reset_security
2021-09-15T23:21:32.571 WARNING:scrape:Ignoring malparsed backtrace:
2021-09-15T13:16:38.292+0000 7f5565415700 20 Event(0x7f556006d3a0 nevent=5000 time_id=2).wakeup ,
2021-09-15T13:16:38.292+0000 7f555effd700 20 Event(0x7f556006d3a0 nevent=5000 time_id=2).create_file_event create event started fd=13 mask=1 original mask is 0 ,
2021-09-15T13:16:38.292+0000 7f555effd700 20 EpollDriver.add_event add event fd=13 cur_mask=0 add_mask=1 to 7
2021-09-15T23:21:32.571 WARNING:scrape:Ignoring malparsed backtrace:
2021-09-15T13:16:38.292+0000 7f555e7fc700 20 --2- 172.21.15.149:0/3081629829 >> v2:172.21.15.200:3300/0 conn(0x7f5560069c90 0x7f5560135660 unknown :-1 s=HELLO_CONNECTING pgs=0 cs=0 l=0 rev1=1 crypto rx=0 tx=0 comp rx=0 tx=0).read_frame_segment seg_idx=0 ,
2021-09-15T13:16:38.292+0000 7f555effd700 10 -- 172.21.15.149:0/3081629829 >> v1:172.21.15.200:6789/0 conn(0x7f5560069880 legacy=0x7f5560132a60 unknown :-1 s=STATE_CONNECTION_ESTABLISHED l=0)._try_send sent bytes 136 remaining bytes 0 ,
2021-09-15T13:16:38.292+0000 7f555e7fc700 20 -- 172.21.15.149:0/3081629829 >> v2:172.21.15.200:3300/0 conn(0x7f5560069c90 msgr2=0x7f5560135660 unknown :-1 s=STATE_CONNECTION_ESTABLISHED l=0).read start len=40
2021-09-15T23:21:32.572 WARNING:scrape:Ignoring malparsed backtrace:
2021-09-15T13:16:38.292+0000 7f555effd700 20 -- 172.21.15.149:0/3081629829 >> v1:172.21.15.200:6789/0 conn(0x7f5560069880 legacy=0x7f5560132a60 unknown :-1 s=STATE_CONNECTION_ESTABLISHED l=1).process ,
2021-09-15T13:16:38.292+0000 7f555f7fe700 20 --1- 172.21.15.149:0/3081629829 >> v1:172.21.15.149:6789/0 conn(0x7f5560135ba0 0x7f55600a75d0 :-1 s=THROTTLE_DISPATCH_QUEUE pgs=702 cs=1 l=1).throttle_dispatch_queue ,
2021-09-15T13:16:38.292+0000 7f555f7fe700 20 --1- 172.21.15.149:0/3081629829 >> v1:172.21.15.149:6789/0 conn(0x7f5560135ba0 0x7f55600a75d0 :-1 s=READ_MESSAGE_FRONT pgs=702 cs=1 l=1).read_message_front
2021-09-15T23:21:32.573 WARNING:scrape:Ignoring malparsed backtrace:
2021-09-15T13:16:38.293+0000 7f555dffb700 10 -- 172.21.15.149:0/3081629829 dispatch_throttle_release 33 to dispatch throttler 33/104857600 ,
2021-09-15T13:16:38.293+0000 7f555dffb700 20 -- 172.21.15.149:0/3081629829 done calling dispatch on 0x7f55601361b0 ,
2021-09-15T13:16:38.293+0000 7f555e7fc700 15 authenticated_encrypt_update plaintext.length()=80 buffer.length()=80
2021-09-15T23:21:32.573 WARNING:scrape:Ignoring malparsed backtrace:
2021-09-15T13:16:38.293+0000 7f555dffb700 20 -- 172.21.15.149:0/3081629829 done calling dispatch on 0x7f5548005320 ,
2021-09-15T13:16:38.293+0000 7f555e7fc700 5 --2- 172.21.15.149:0/3081629829 >> [v2:172.21.15.200:3300/0,v1:172.21.15.200:6789/0] conn(0x7f5560069c90 0x7f5560135660 secure :-1 s=READ_MESSAGE_COMPLETE pgs=476 cs=0 l=1 rev1=1 crypto rx=0x7f554800b660 tx=0x7f5548006e20 comp rx=0 tx=0).handle_message received message m=0x7f5548003500 seq=2 from=mon.1 type=62 config(0 keys) v1 ,
2021-09-15T13:16:38.293+0000 7f555e7fc700 20 -- 172.21.15.149:0/3081629829 queue 0x7f5548003500 prio 196
2021-09-15T23:21:32.574 WARNING:scrape:Ignoring malparsed backtrace:
2021-09-15T13:16:38.296+0000 7f555effd700 20 EpollDriver.add_event add event fd=16 cur_mask=0 add_mask=1 to 7 ,
2021-09-15T13:16:38.296+0000 7f555f7fe700 20 -- >> [v2:172.21.15.149:3300/0,v1:172.21.15.149:6789/0] conn(0x7f5560135ba0 msgr2=0x7f5560145b50 unknown :-1 s=STATE_CONNECTING l=1).process ,
2021-09-15T13:16:38.296+0000 7f555effd700 20 Event(0x7f556006d3a0 nevent=5000 time_id=4).create_file_event create event end fd=16 mask=1 current mask is 1
2021-09-15T23:21:32.575 WARNING:scrape:Ignoring malparsed backtrace:
2021-09-15T13:16:38.297+0000 7f555f7fe700 10 -- 172.21.15.149:0/582648670 >> [v2:172.21.15.149:3300/0,v1:172.21.15.149:6789/0] conn(0x7f5560135ba0 msgr2=0x7f5560145b50 unknown :-1 s=STATE_CONNECTION_ESTABLISHED l=1)._try_send sent bytes 76 remaining bytes 0 ,
2021-09-15T13:16:38.297+0000 7f555f7fe700 20 --2- 172.21.15.149:0/582648670 >> [v2:172.21.15.149:3300/0,v1:172.21.15.149:6789/0] conn(0x7f5560135ba0 0x7f5560145b50 unknown :-1 s=AUTH_CONNECTING pgs=0 cs=0 l=1 rev1=1 crypto rx=0 tx=0 comp rx=0 tx=0).read_frame ,
2021-09-15T13:16:38.297+0000 7f555effd700 20 -- 172.21.15.149:0/582648670 >> [v2:172.21.15.149:3301/0,v1:172.21.15.149:6790/0] conn(0x7f5560069880 msgr2=0x7f55601450c0 unknown :-1 s=STATE_CONNECTION_ESTABLISHED l=1).process
2021-09-15T23:21:32.575 WARNING:scrape:Ignoring malparsed backtrace:
2021-09-15T13:16:38.297+0000 7f555f7fe700 20 --2- 172.21.15.149:0/582648670 >> [v2:172.21.15.149:3300/0,v1:172.21.15.149:6789/0] conn(0x7f5560135ba0 0x7f5560145b50 secure :-1 s=COMPRESSION_CONNECTING pgs=0 cs=0 l=1 rev1=1 crypto rx=0x7f555000bd50 tx=0x7f55500095d0 comp rx=0 tx=0).handle_read_frame_preamble_main r=0 ,
2021-09-15T13:16:38.297+0000 7f555f7fe700 20 --2- 172.21.15.149:0/582648670 >> [v2:172.21.15.149:3300/0,v1:172.21.15.149:6789/0] conn(0x7f5560135ba0 0x7f5560145b50 secure :-1 s=COMPRESSION_CONNECTING pgs=0 cs=0 l=1 rev1=1 crypto rx=0x7f555000bd50 tx=0x7f55500095d0 comp rx=0 tx=0).read_frame_segment seg_idx=0 ,
2021-09-15T13:16:38.297+0000 7f555f7fe700 10 --2- 172.21.15.149:0/582648670 >> [v2:172.21.15.149:3300/0,v1:172.21.15.149:6789/0] conn(0x7f5560135ba0 0x7f5560145b50 secure :-1 s=COMPRESSION_CONNECTING pgs=0 cs=0 l=1 rev1=1 crypto rx=0x7f555000bd50 tx=0x7f55500095d0 comp rx=0 tx=0).handle_read_frame_dispatch tag=22
2021-09-15T23:21:32.576 WARNING:scrape:Ignoring malparsed backtrace:
2021-09-15T13:16:38.297+0000 7f5565415700 5 --2- 172.21.15.149:0/582648670 >> [v2:172.21.15.149:3300/0,v1:172.21.15.149:6789/0] conn(0x7f5560135ba0 0x7f5560145b50 secure :-1 s=THROTTLE_DONE pgs=703 cs=0 l=1 rev1=1 crypto rx=0x7f555000bd50 tx=0x7f55500095d0 comp rx=0 tx=0).send_message enqueueing message m=0x7f556012c0e0 type=15 mon_subscribe({mgrmap=0+}) v3 ,
2021-09-15T13:16:38.297+0000 7f555f7fe700 5 --2- 172.21.15.149:0/582648670 >> [v2:172.21.15.149:3300/0,v1:172.21.15.149:6789/0] conn(0x7f5560135ba0 0x7f5560145b50 secure :-1 s=READ_MESSAGE_COMPLETE pgs=703 cs=0 l=1 rev1=1 crypto rx=0x7f555000bd50 tx=0x7f55500095d0 comp rx=0 tx=0).handle_message received message m=0x7f5550006380 seq=3 from=mon.0 type=4 mon_map magic: 0 v1 ,
2021-09-15T13:16:38.297+0000 7f5565415700 15 --2- 172.21.15.149:0/582648670 >> [v2:172.21.15.149:3300/0,v1:172.21.15.149:6789/0] conn(0x7f5560135ba0 0x7f5560145b50 secure :-1 s=READ_MESSAGE_COMPLETE pgs=703 cs=0 l=1 rev1=1 crypto rx=0x7f555000bd50 tx=0x7f55500095d0 comp rx=0 tx=0).send_message inline write is denied, reschedule m=0x7f556012c0e0
