2021-09-28T00:42:55.287+0000 7f61e09eb700 20 --2- 172.21.15.91:0/827707780 >> v2:172.21.15.91:6808/32067 conn(0x7f61c40679d0 0x7f61c4069ea0 unknown :-1 s=AUTH_CONNECTING pgs=0 cs=0 l=1 rev1=1 crypto rx=0 tx=0 comp rx=0 tx=0).handle_read_frame_preamble_main r=0 ,
2021-09-28T00:42:55.287+0000 7f61e09eb700 20 --2- 172.21.15.91:0/827707780 >> v2:172.21.15.91:6808/32067 conn(0x7f61c40679d0 0x7f61c4069ea0 unknown :-1 s=AUTH_CONNECTING pgs=0 cs=0 l=1 rev1=1 crypto rx=0 tx=0 comp rx=0 tx=0).read_frame_segment seg_idx=0 Ignoring malparsed backtrace:
2021-09-28T00:42:55.293+0000 7f61e09eb700 20 -- 172.21.15.91:0/827707780 >> v2:172.21.15.91:6808/32067 conn(0x7f61c40679d0 msgr2=0x7f61c4069ea0 crc :-1 s=STATE_CONNECTION_ESTABLISHED l=1).read start len=13 ,
2021-09-28T00:42:55.293+0000 7f61e09eb700 20 --2- 172.21.15.91:0/827707780 >> v2:172.21.15.91:6808/32067 conn(0x7f61c40679d0 0x7f61c4069ea0 crc :-1 s=THROTTLE_DONE pgs=17 cs=0 l=1 rev1=1 crypto rx=0 tx=0 comp rx=0 tx=0).handle_read_frame_epilogue_main r=0 ,
2021-09-28T00:42:55.293+0000 7f61e09eb700 10 --2- 172.21.15.91:0/827707780 >> v2:172.21.15.91:6808/32067 conn(0x7f61c40679d0 0x7f61c4069ea0 crc :-1 s=THROTTLE_DONE pgs=17 cs=0 l=1 rev1=1 crypto rx=0 tx=0 comp rx=0 tx=0).handle_read_frame_dispatch tag=17 Ignoring malparsed backtrace:
2021-09-28T00:42:55.870+0000 7f7554bbf700 20 Event(0x7f75500ade70 nevent=5000 time_id=1).wakeup ,
2021-09-28T00:42:55.870+0000 7f7554bbf700 1 -- start start ,
2021-09-28T00:42:55.871+0000 7f7554bbf700 10 -- create_connect v1:172.21.15.91:6789/0, creating connection and registering Ignoring malparsed backtrace:
2021-09-28T00:42:55.872+0000 7f754e59c700 10 --1- 172.21.15.91:0/4130269854 >> v1:172.21.15.91:6789/0 conn(0x7f7550069090 0x7f7550069c00 :-1 s=CONNECTING_WAIT_BANNER_AND_IDENTIFY pgs=0 cs=0 l=0).handle_my_addr_write connect sent my addr v1:172.21.15.91:0/4130269854 ,
2021-09-28T00:42:55.872+0000 7f754ed9d700 20 --2- 172.21.15.91:0/4130269854 >> [v2:172.21.15.91:3301/0,v1:172.21.15.91:6790/0] conn(0x7f7550065510 0x7f7550138220 unknown :-1 s=HELLO_CONNECTING pgs=0 cs=0 l=0 rev1=1 crypto rx=0 tx=0 comp rx=0 tx=0).handle_hello payload.length()=36 ,
2021-09-28T00:42:55.872+0000 7f754e59c700 20 --1- 172.21.15.91:0/4130269854 >> v1:172.21.15.91:6789/0 conn(0x7f7550069090 0x7f7550069c00 :-1 s=CONNECTING_SEND_CONNECT_MSG pgs=0 cs=0 l=0).send_connect_message Ignoring malparsed backtrace:
2021-09-28T00:42:55.872+0000 7f754dd9b700 10 --1- 172.21.15.91:0/4130269854 >> v1:172.21.15.117:6789/0 conn(0x7f755006a310 0x7f7550137b10 :-1 s=OPENED pgs=364 cs=1 l=1).write_event ,
2021-09-28T00:42:55.872+0000 7f754dd9b700 10 --1- 172.21.15.91:0/4130269854 >> v1:172.21.15.117:6789/0 conn(0x7f755006a310 0x7f7550137b10 :-1 s=OPENED pgs=364 cs=1 l=1).append_keepalive_or_ack ,
2021-09-28T00:42:55.872+0000 7f754ed9d700 20 -- 172.21.15.91:0/4130269854 >> [v2:172.21.15.91:3301/0,v1:172.21.15.91:6790/0] conn(0x7f7550065510 msgr2=0x7f7550138220 unknown :-1 s=STATE_CONNECTION_ESTABLISHED l=0).process Ignoring malparsed backtrace:
2021-09-28T00:42:55.872+0000 7f754ed9d700 20 -- 172.21.15.91:0/4130269854 >> [v2:172.21.15.91:3301/0,v1:172.21.15.91:6790/0] conn(0x7f7550065510 msgr2=0x7f7550138220 secure :-1 s=STATE_CONNECTION_ESTABLISHED l=0).read start len=96 ,
2021-09-28T00:42:55.872+0000 7f754ed9d700 20 -- 172.21.15.91:0/4130269854 >> [v2:172.21.15.91:3301/0,v1:172.21.15.91:6790/0] conn(0x7f7550065510 msgr2=0x7f7550138220 secure :-1 s=STATE_CONNECTION_ESTABLISHED l=0).process ,
2021-09-28T00:42:55.872+0000 7f754ed9d700 20 -- 172.21.15.91:0/4130269854 >> [v2:172.21.15.91:3301/0,v1:172.21.15.91:6790/0] conn(0x7f7550065510 msgr2=0x7f7550138220 secure :-1 s=STATE_CONNECTION_ESTABLISHED l=0).read continue len=96 Ignoring malparsed backtrace:
2021-09-28T00:42:55.873+0000 7f7554bbf700 10 --2- 172.21.15.91:0/4130269854 >> [v2:172.21.15.91:3301/0,v1:172.21.15.91:6790/0] conn(0x7f7550065510 0x7f7550138220 secure :-1 s=READY pgs=424 cs=0 l=1 rev1=1 crypto rx=0x7f7540014670 tx=0x7f754000fa40 comp rx=0 tx=0).discard_out_queue started ,
2021-09-28T00:42:55.873+0000 7f754ed9d700 5 --2- 172.21.15.91:0/4130269854 >> [v2:172.21.15.91:3301/0,v1:172.21.15.91:6790/0] conn(0x7f7550065510 0x7f7550138220 secure :-1 s=CLOSED pgs=424 cs=0 l=1 rev1=1 crypto rx=0x7f7540014670 tx=0x7f754000fa40 comp rx=0 tx=0).reset_recv_state (warped) reseting crypto and compression handlers ,
2021-09-28T00:42:55.873+0000 7f754ed9d700 5 --2- 172.21.15.91:0/4130269854 >> [v2:172.21.15.91:3301/0,v1:172.21.15.91:6790/0] conn(0x7f7550065510 0x7f7550138220 secure :-1 s=CLOSED pgs=424 cs=0 l=1 rev1=1 crypto rx=0x7f7540014670 tx=0x7f754000fa40 comp rx=0 tx=0).reset_security Ignoring malparsed backtrace:
2021-09-28T00:42:55.876+0000 7f754dd9b700 20 --2- >> [v2:172.21.15.91:3300/0,v1:172.21.15.91:6789/0] conn(0x7f7550069090 0x7f75500a3060 unknown :-1 s=BANNER_CONNECTING pgs=0 cs=0 l=1 rev1=0 crypto rx=0 tx=0 comp rx=0 tx=0)._banner_exchange ,
2021-09-28T00:42:55.876+0000 7f754e59c700 10 -- >> [v2:172.21.15.91:3301/0,v1:172.21.15.91:6790/0] conn(0x7f7550065510 msgr2=0x7f75500a4670 unknown :-1 s=STATE_CONNECTION_ESTABLISHED l=1)._try_send sent bytes 26 remaining bytes 0 ,
2021-09-28T00:42:55.876+0000 7f754dd9b700 10 -- >> [v2:172.21.15.91:3300/0,v1:172.21.15.91:6789/0] conn(0x7f7550069090 msgr2=0x7f75500a3060 unknown :-1 s=STATE_CONNECTION_ESTABLISHED l=1)._try_send sent bytes 26 remaining bytes 0 Ignoring malparsed backtrace:
2021-09-28T00:42:55.876+0000 7f754ed9d700 5 --2- 172.21.15.91:0/1014566416 >> [v2:172.21.15.117:3300/0,v1:172.21.15.117:6789/0] conn(0x7f755006a310 0x7f755013b370 unknown :-1 s=HELLO_CONNECTING pgs=0 cs=0 l=1 rev1=1 crypto rx=0 tx=0 comp rx=0 tx=0).handle_hello getsockname says I am 172.21.15.91:34108 when talking to v2:172.21.15.117:3300/0 ,
2021-09-28T00:42:55.876+0000 7f754dd9b700 1 -- 172.21.15.91:0/1014566416 >> [v2:172.21.15.91:3301/0,v1:172.21.15.91:6790/0] conn(0x7f7550065510 msgr2=0x7f75500a4670 unknown :-1 s=STATE_CONNECTION_ESTABLISHED l=1).mark_down ,
2021-09-28T00:42:55.876+0000 7f754e59c700 20 --2- 172.21.15.91:0/1014566416 >> [v2:172.21.15.91:3301/0,v1:172.21.15.91:6790/0] conn(0x7f7550065510 0x7f75500a4670 unknown :-1 s=AUTH_CONNECTING pgs=0 cs=0 l=1 rev1=1 crypto rx=0 tx=0 comp rx=0 tx=0).handle_read_frame_segment r=0 Ignoring malparsed backtrace:
2021-09-28T00:42:55.877+0000 7f754dd9b700 20 -- 172.21.15.91:0/1014566416 >> [v2:172.21.15.91:3300/0,v1:172.21.15.91:6789/0] conn(0x7f7550069090 msgr2=0x7f75500a3060 secure :-1 s=STATE_CONNECTION_ESTABLISHED l=1).process ,
2021-09-28T00:42:55.877+0000 7f754dd9b700 20 -- 172.21.15.91:0/1014566416 >> [v2:172.21.15.91:3300/0,v1:172.21.15.91:6789/0] conn(0x7f7550069090 msgr2=0x7f75500a3060 secure :-1 s=STATE_CONNECTION_ESTABLISHED l=1).read continue len=96 ,
2021-09-28T00:42:55.877+0000 7f754dd9b700 20 --2- 172.21.15.91:0/1014566416 >> [v2:172.21.15.91:3300/0,v1:172.21.15.91:6789/0] conn(0x7f7550069090 0x7f75500a3060 secure :-1 s=READY pgs=671 cs=0 l=1 rev1=1 crypto rx=0x7f753800c440 tx=0x7f7538007c40 comp rx=0 tx=0).handle_read_frame_preamble_main r=0 Ignoring malparsed backtrace:
2021-09-28T00:42:55.878+0000 7f754dd9b700 15 authenticated_encrypt_update plaintext.length()=80 buffer.length()=80 ,
2021-09-28T00:42:55.878+0000 7f754dd9b700 15 authenticated_encrypt_final buffer.length()=96 final_len=0 ,
2021-09-28T00:42:55.878+0000 7f754dd9b700 15 authenticated_encrypt_update plaintext.length()=80 buffer.length()=80 Ignoring malparsed backtrace:
2021-09-28T00:42:55.879+0000 7f754e59c700 20 -- 172.21.15.91:0/1014566416 >> v2:172.21.15.91:6800/31751 conn(0x7f752c061280 msgr2=0x7f752c063790 unknown :-1 s=STATE_CONNECTION_ESTABLISHED l=1).read start len=32 ,
2021-09-28T00:42:55.879+0000 7f754e59c700 20 -- 172.21.15.91:0/1014566416 >> v2:172.21.15.91:6800/31751 conn(0x7f752c061280 msgr2=0x7f752c063790 unknown :-1 s=STATE_CONNECTION_ESTABLISHED l=1).process ,
2021-09-28T00:42:55.879+0000 7f754e59c700 20 -- 172.21.15.91:0/1014566416 >> v2:172.21.15.91:6800/31751 conn(0x7f752c061280 msgr2=0x7f752c063790 unknown :-1 s=STATE_CONNECTION_ESTABLISHED l=1).read continue len=32 Ignoring malparsed backtrace:
2021-09-28T00:42:56.042+0000 7f754e59c700 20 --2- 172.21.15.91:0/1014566416 >> v2:172.21.15.91:6800/31751 conn(0x7f752c061280 0x7f752c063790 secure :-1 s=THROTTLE_DISPATCH_QUEUE pgs=285 cs=0 l=1 rev1=1 crypto rx=0x7f75500a2c10 tx=0x7f7544029100 comp rx=0 tx=0).throttle_dispatch_queue ,
2021-09-28T00:42:56.042+0000 7f754e59c700 20 --2- 172.21.15.91:0/1014566416 >> v2:172.21.15.91:6800/31751 conn(0x7f752c061280 0x7f752c063790 secure :-1 s=THROTTLE_DONE pgs=285 cs=0 l=1 rev1=1 crypto rx=0x7f75500a2c10 tx=0x7f7544029100 comp rx=0 tx=0).read_frame_segment seg_idx=0 ,
2021-09-28T00:42:56.042+0000 7f754e59c700 20 --2- 172.21.15.91:0/1014566416 >> v2:172.21.15.91:6800/31751 conn(0x7f752c061280 0x7f752c063790 secure :-1 s=THROTTLE_DONE pgs=285 cs=0 l=1 rev1=1 crypto rx=0x7f75500a2c10 tx=0x7f7544029100 comp rx=0 tx=0).read_frame_segment seg_idx=1 Ignoring malparsed backtrace:
2021-09-28T00:42:56.422+0000 7f7a9cb64700 1 -- start start ,
2021-09-28T00:42:56.423+0000 7f7a9cb64700 10 -- create_connect [v2:172.21.15.91:3301/0,v1:172.21.15.91:6790/0], creating connection and registering ,
2021-09-28T00:42:56.423+0000 7f7a9cb64700 10 -- >> [v2:172.21.15.91:3301/0,v1:172.21.15.91:6790/0] conn(0x7f7a980a7910 msgr2=0x7f7a9813a3c0 unknown :-1 s=STATE_NONE l=0)._connect Ignoring malparsed backtrace:
2021-09-28T00:42:56.423+0000 7f7a96d9d700 10 -- 172.21.15.91:0/3737478063 >> v1:172.21.15.91:6789/0 conn(0x7f7a98136e10 legacy=0x7f7a9813cfe0 unknown :-1 s=STATE_CONNECTION_ESTABLISHED l=0)._try_send sent bytes 33 remaining bytes 0 ,
2021-09-28T00:42:56.423+0000 7f7a96d9d700 20 --1- 172.21.15.91:0/3737478063 >> v1:172.21.15.91:6789/0 conn(0x7f7a98136e10 0x7f7a9813cfe0 :-1 s=CONNECTING_SEND_CONNECT_MSG pgs=0 cs=0 l=0).handle_connect_message_write r=0 ,
2021-09-28T00:42:56.423+0000 7f7a96d9d700 20 --1- 172.21.15.91:0/3737478063 >> v1:172.21.15.91:6789/0 conn(0x7f7a98136e10 0x7f7a9813cfe0 :-1 s=CONNECTING_SEND_CONNECT_MSG pgs=0 cs=0 l=0).handle_connect_message_write connect wrote (self +) cseq, waiting for reply Ignoring malparsed backtrace:
2021-09-28T00:42:56.424+0000 7f7a95d9b700 10 --2- 172.21.15.91:0/3737478063 >> v2:172.21.15.117:3300/0 conn(0x7f7a980a8190 0x7f7a980a99d0 unknown :-1 s=AUTH_CONNECTING pgs=0 cs=0 l=0 rev1=1 crypto rx=0 tx=0 comp rx=0 tx=0).handle_read_frame_dispatch tag=4 ,
2021-09-28T00:42:56.424+0000 7f7a96d9d700 20 --1- 172.21.15.91:0/3737478063 >> v1:172.21.15.91:6789/0 conn(0x7f7a98136e10 0x7f7a9813cfe0 :-1 s=OPENED pgs=672 cs=1 l=1).handle_message_header got MSG header ,
2021-09-28T00:42:56.424+0000 7f7a95d9b700 20 --2- 172.21.15.91:0/3737478063 >> v2:172.21.15.117:3300/0 conn(0x7f7a980a8190 0x7f7a980a99d0 unknown :-1 s=AUTH_CONNECTING pgs=0 cs=0 l=0 rev1=1 crypto rx=0 tx=0 comp rx=0 tx=0).handle_auth_reply_more payload.length()=13 Ignoring malparsed backtrace:
2021-09-28T00:42:56.424+0000 7f7a9659c700 15 authenticated_encrypt_update plaintext.length()=80 buffer.length()=80 ,
2021-09-28T00:42:56.424+0000 7f7a9659c700 15 authenticated_encrypt_final buffer.length()=96 final_len=0 ,
2021-09-28T00:42:56.424+0000 7f7a9659c700 5 --2- 172.21.15.91:0/3737478063 >> [v2:172.21.15.91:3301/0,v1:172.21.15.91:6790/0] conn(0x7f7a980a7910 0x7f7a9813a3c0 secure :-1 s=READY pgs=425 cs=0 l=1 rev1=1 crypto rx=0x7f7a88009960 tx=0x7f7a88009220 comp rx=0 tx=0).write_message sending message m=0x7f7a980a7d20 seq=1 mon_getmap magic: 0 v1 Ignoring malparsed backtrace:
2021-09-28T00:42:56.425+0000 7f7a9cb64700 5 -- 172.21.15.91:0/3737478063 shutdown_connections delete 0x7f7a98136e10 ,
2021-09-28T00:42:56.425+0000 7f7a9cb64700 1 -- 172.21.15.91:0/3737478063 >> 172.21.15.91:0/3737478063 conn(0x7f7a98063b90 msgr2=0x7f7a980affd0 unknown :-1 s=STATE_NONE l=0).mark_down ,
2021-09-28T00:42:56.425+0000 7f7a9cb64700 20 --1- 172.21.15.91:0/3737478063 >> 172.21.15.91:0/3737478063 conn(0x7f7a98063b90 0x7f7a980affd0 :-1 s=NONE pgs=0 cs=0 l=0).stop Ignoring malparsed backtrace:
2021-09-28T00:42:56.428+0000 7f7a95d9b700 20 --2- >> [v2:172.21.15.91:3300/0,v1:172.21.15.91:6789/0] conn(0x7f7a980a8190 0x7f7a980a06a0 unknown :-1 s=BANNER_CONNECTING pgs=0 cs=0 l=1 rev1=0 crypto rx=0 tx=0 comp rx=0 tx=0)._handle_peer_banner_payload r=0 ,
2021-09-28T00:42:56.428+0000 7f7a95d9b700 1 --2- >> [v2:172.21.15.91:3300/0,v1:172.21.15.91:6789/0] conn(0x7f7a980a8190 0x7f7a980a06a0 unknown :-1 s=BANNER_CONNECTING pgs=0 cs=0 l=1 rev1=0 crypto rx=0 tx=0 comp rx=0 tx=0)._handle_peer_banner_payload supported=3 required=0 ,
2021-09-28T00:42:56.428+0000 7f7a95d9b700 10 -- >> [v2:172.21.15.91:3300/0,v1:172.21.15.91:6789/0] conn(0x7f7a980a8190 msgr2=0x7f7a980a06a0 unknown :-1 s=STATE_CONNECTION_ESTABLISHED l=1)._try_send sent bytes 72 remaining bytes 0 Ignoring malparsed backtrace:
2021-09-28T00:42:56.428+0000 7f7a95d9b700 20 -- 172.21.15.91:0/1408542826 >> [v2:172.21.15.91:3300/0,v1:172.21.15.91:6789/0] conn(0x7f7a980a8190 msgr2=0x7f7a980a06a0 unknown :-1 s=STATE_CONNECTION_ESTABLISHED l=1).process ,
2021-09-28T00:42:56.428+0000 7f7a95d9b700 20 -- 172.21.15.91:0/1408542826 >> [v2:172.21.15.91:3300/0,v1:172.21.15.91:6789/0] conn(0x7f7a980a8190 msgr2=0x7f7a980a06a0 unknown :-1 s=STATE_CONNECTION_ESTABLISHED l=1).read continue len=32 ,
2021-09-28T00:42:56.428+0000 7f7a95d9b700 20 --2- 172.21.15.91:0/1408542826 >> [v2:172.21.15.91:3300/0,v1:172.21.15.91:6789/0] conn(0x7f7a980a8190 0x7f7a980a06a0 unknown :-1 s=AUTH_CONNECTING pgs=0 cs=0 l=1 rev1=1 crypto rx=0 tx=0 comp rx=0 tx=0).handle_read_frame_preamble_main r=0 Ignoring malparsed backtrace:
2021-09-28T00:42:56.429+0000 7f7a95d9b700 15 authenticated_encrypt_update plaintext.length()=64 buffer.length()=64 ,
2021-09-28T00:42:56.429+0000 7f7a95d9b700 15 authenticated_encrypt_update plaintext.length()=16 buffer.length()=80 ,
2021-09-28T00:42:56.429+0000 7f7a95d9b700 15 authenticated_encrypt_final buffer.length()=96 final_len=0 Ignoring malparsed backtrace:
2021-09-28T00:42:56.429+0000 7f7a95d9b700 20 -- 172.21.15.91:0/1408542826 >> [v2:172.21.15.91:3300/0,v1:172.21.15.91:6789/0] conn(0x7f7a980a8190 msgr2=0x7f7a980a06a0 secure :-1 s=STATE_CONNECTION_ESTABLISHED l=1).read continue len=96 ,
2021-09-28T00:42:56.429+0000 7f7a9cb64700 1 -- 172.21.15.91:0/1408542826 --> [v2:172.21.15.91:3300/0,v1:172.21.15.91:6789/0] -- mon_get_version(what=osdmap handle=1) v1 -- 0x7f7a9806d9c0 con 0x7f7a980a8190 ,
2021-09-28T00:42:56.429+0000 7f7a95d9b700 20 --2- 172.21.15.91:0/1408542826 >> [v2:172.21.15.91:3300/0,v1:172.21.15.91:6789/0] conn(0x7f7a980a8190 0x7f7a980a06a0 secure :-1 s=READY pgs=673 cs=0 l=1 rev1=1 crypto rx=0x7f7a8000b860 tx=0x7f7a80004ef0 comp rx=0 tx=0).handle_read_frame_preamble_main r=0 Ignoring malparsed backtrace:
2021-09-28T00:42:56.431+0000 7f7a9659c700 20 --2- 172.21.15.91:0/1408542826 >> v2:172.21.15.91:6800/31751 conn(0x7f7a74061280 0x7f7a74063790 unknown :-1 s=HELLO_CONNECTING pgs=0 cs=0 l=1 rev1=1 crypto rx=0 tx=0 comp rx=0 tx=0).handle_read_frame_preamble_main r=0 ,
2021-09-28T00:42:56.431+0000 7f7a9659c700 20 --2- 172.21.15.91:0/1408542826 >> v2:172.21.15.91:6800/31751 conn(0x7f7a74061280 0x7f7a74063790 unknown :-1 s=HELLO_CONNECTING pgs=0 cs=0 l=1 rev1=1 crypto rx=0 tx=0 comp rx=0 tx=0).read_frame_segment seg_idx=0 ,
2021-09-28T00:42:56.431+0000 7f7a9659c700 20 -- 172.21.15.91:0/1408542826 >> v2:172.21.15.91:6800/31751 conn(0x7f7a74061280 msgr2=0x7f7a74063790 unknown :-1 s=STATE_CONNECTION_ESTABLISHED l=1).read start len=40 Ignoring malparsed backtrace:
2021-09-28T00:42:56.431+0000 7f7a9659c700 10 --2- 172.21.15.91:0/1408542826 >> v2:172.21.15.91:6800/31751 conn(0x7f7a74061280 0x7f7a74063790 secure :-1 s=SESSION_CONNECTING pgs=0 cs=0 l=1 rev1=1 crypto rx=0x7f7a88009960 tx=0x7f7a88015000 comp rx=0 tx=0).handle_read_frame_dispatch tag=9 ,
2021-09-28T00:42:56.431+0000 7f7a9659c700 20 --2- 172.21.15.91:0/1408542826 >> v2:172.21.15.91:6800/31751 conn(0x7f7a74061280 0x7f7a74063790 secure :-1 s=SESSION_CONNECTING pgs=0 cs=0 l=1 rev1=1 crypto rx=0x7f7a88009960 tx=0x7f7a88015000 comp rx=0 tx=0).handle_server_ident payload.length()=88 ,
2021-09-28T00:42:56.431+0000 7f7a9659c700 5 --2- 172.21.15.91:0/1408542826 >> v2:172.21.15.91:6800/31751 conn(0x7f7a74061280 0x7f7a74063790 secure :-1 s=SESSION_CONNECTING pgs=0 cs=0 l=1 rev1=1 crypto rx=0x7f7a88009960 tx=0x7f7a88015000 comp rx=0 tx=0).handle_server_ident received server identification: addrs=v2:172.21.15.91:6800/31751 gid=4111 global_seq=286 features_supported=3f01cfbb7ffdffff features_required=800000000000000 flags=1 cookie=0 Ignoring malparsed backtrace:
2021-09-28T00:42:56.435+0000 7f7a96d9d700 20 --2- 172.21.15.91:0/1408542826 >> v2:172.21.15.117:6800/31944 conn(0x7f7a740679d0 0x7f7a74069ea0 crc :-1 s=THROTTLE_DONE pgs=12 cs=0 l=1 rev1=1 crypto rx=0 tx=0 comp rx=0 tx=0).read_frame_segment seg_idx=2 ,
2021-09-28T00:42:56.435+0000 7f7a96d9d700 20 --2- 172.21.15.91:0/1408542826 >> v2:172.21.15.117:6800/31944 conn(0x7f7a740679d0 0x7f7a74069ea0 crc :-1 s=THROTTLE_DONE pgs=12 cs=0 l=1 rev1=1 crypto rx=0 tx=0 comp rx=0 tx=0).read_frame_segment seg_idx=3 ,
2021-09-28T00:42:56.435+0000 7f7a96d9d700 20 -- 172.21.15.91:0/1408542826 >> v2:172.21.15.117:6800/31944 conn(0x7f7a740679d0 msgr2=0x7f7a74069ea0 crc :-1 s=STATE_CONNECTION_ESTABLISHED l=1).read start len=4441 Ignoring malparsed backtrace:
2021-09-28T00:42:56.440+0000 7f7a9cb64700 20 Event(0x7f7a980b11b0 nevent=5000 time_id=6).wakeup ,
2021-09-28T00:42:56.440+0000 7f7a9cb64700 10 --1- 172.21.15.91:0/1408542826 >> 172.21.15.91:0/1408542826 conn(0x7f7a98063b90 0x7f7a980ad1a0 :-1 s=NONE pgs=0 cs=0 l=0).discard_out_queue started ,
2021-09-28T00:42:56.440+0000 7f7a9cb64700 20 Event(0x7f7a980b11b0 nevent=5000 time_id=6).wakeup Ignoring malparsed backtrace:
2021-09-28T00:42:57.023+0000 7f6110a9e700 20 --1- >> v1:172.21.15.91:6789/0 conn(0x7f610c0aaa70 0x7f610c0a9e00 :-1 s=CONNECTING_WAIT_BANNER_AND_IDENTIFY pgs=0 cs=0 l=0).wait_server_banner ,
2021-09-28T00:42:57.023+0000 7f6110a9e700 20 -- >> v1:172.21.15.91:6789/0 conn(0x7f610c0aaa70 legacy=0x7f610c0a9e00 unknown :-1 s=STATE_CONNECTION_ESTABLISHED l=0).read start len=281 ,
2021-09-28T00:42:57.023+0000 7f611129f700 10 -- >> v1:172.21.15.117:6789/0 conn(0x7f610c0a6120 legacy=0x7f610c137c30 unknown :-1 s=STATE_CONNECTING_RE l=0).handle_write Ignoring malparsed backtrace:
2021-09-28T00:42:57.024+0000 7f6110a9e700 20 --1- 172.21.15.91:0/2057360116 >> v1:172.21.15.91:6789/0 conn(0x7f610c0aaa70 0x7f610c0a9e00 :-1 s=OPENED pgs=674 cs=1 l=1).prepare_send_message encoding features 4540138303579357183 0x7f610c0aa510 auth(proto 0 30 bytes epoch 0) v1 ,
2021-09-28T00:42:57.024+0000 7f611129f700 10 --1- 172.21.15.91:0/2057360116 >> v1:172.21.15.117:6789/0 conn(0x7f610c0a6120 0x7f610c137c30 :-1 s=CONNECTING_WAIT_BANNER_AND_IDENTIFY pgs=0 cs=0 l=0).handle_my_addr_write connect sent my addr v1:172.21.15.91:0/2057360116 ,
2021-09-28T00:42:57.024+0000 7f611129f700 20 --1- 172.21.15.91:0/2057360116 >> v1:172.21.15.117:6789/0 conn(0x7f610c0a6120 0x7f610c137c30 :-1 s=CONNECTING_SEND_CONNECT_MSG pgs=0 cs=0 l=0).send_connect_message Ignoring malparsed backtrace:
2021-09-28T00:42:57.024+0000 7f6103fff700 5 --1- 172.21.15.91:0/2057360116 >> v1:172.21.15.91:6789/0 conn(0x7f610c0aaa70 0x7f610c0a9e00 :-1 s=OPENED pgs=674 cs=1 l=1).reset_recv_state ,
2021-09-28T00:42:57.024+0000 7f6103fff700 20 Event(0x7f610c064660 nevent=5000 time_id=3).wakeup ,
2021-09-28T00:42:57.024+0000 7f6103fff700 10 --1- 172.21.15.91:0/2057360116 >> v1:172.21.15.91:6789/0 conn(0x7f610c0aaa70 0x7f610c0a9e00 :-1 s=OPENED pgs=674 cs=1 l=1).discard_out_queue started Ignoring malparsed backtrace:
2021-09-28T00:42:57.025+0000 7f6103fff700 20 --2- 172.21.15.91:0/2057360116 >> [v2:172.21.15.91:3300/0,v1:172.21.15.91:6789/0] conn(0x7f610c0a8130 0x7f610c0a5be0 secure :-1 s=THROTTLE_DISPATCH_QUEUE pgs=675 cs=0 l=1 rev1=1 crypto rx=0x7f60f400b6c0 tx=0x7f60f4006e20 comp rx=0 tx=0).throttle_dispatch_queue ,
2021-09-28T00:42:57.025+0000 7f6103fff700 20 --2- 172.21.15.91:0/2057360116 >> [v2:172.21.15.91:3300/0,v1:172.21.15.91:6789/0] conn(0x7f610c0a8130 0x7f610c0a5be0 secure :-1 s=THROTTLE_DONE pgs=675 cs=0 l=1 rev1=1 crypto rx=0x7f60f400b6c0 tx=0x7f60f4006e20 comp rx=0 tx=0).read_frame_segment seg_idx=0 ,
2021-09-28T00:42:57.025+0000 7f6103fff700 20 --2- 172.21.15.91:0/2057360116 >> [v2:172.21.15.91:3300/0,v1:172.21.15.91:6789/0] conn(0x7f610c0a8130 0x7f610c0a5be0 secure :-1 s=THROTTLE_DONE pgs=675 cs=0 l=1 rev1=1 crypto rx=0x7f60f400b6c0 tx=0x7f60f4006e20 comp rx=0 tx=0).read_frame_segment seg_idx=1 Ignoring malparsed backtrace:
2021-09-28T00:42:57.028+0000 7f6112d02700 1 --2- >> [v2:172.21.15.91:3301/0,v1:172.21.15.91:6790/0] conn(0x7f610c0a8130 0x7f610c1451b0 unknown :-1 s=NONE pgs=0 cs=0 l=1 rev1=0 crypto rx=0 tx=0 comp rx=0 tx=0).connect ,
2021-09-28T00:42:57.028+0000 7f6112d02700 20 Event(0x7f610c06b490 nevent=5000 time_id=3).wakeup ,
2021-09-28T00:42:57.028+0000 7f6110a9e700 20 Event(0x7f610c064660 nevent=5000 time_id=4).create_file_event create event started fd=16 mask=1 original mask is 0 Ignoring malparsed backtrace:
2021-09-28T00:42:57.028+0000 7f6103fff700 20 --2- 172.21.15.91:0/1691699589 >> [v2:172.21.15.91:3301/0,v1:172.21.15.91:6790/0] conn(0x7f610c0a8130 0x7f610c1451b0 unknown :-1 s=AUTH_CONNECTING pgs=0 cs=0 l=1 rev1=1 crypto rx=0 tx=0 comp rx=0 tx=0).read_frame ,
2021-09-28T00:42:57.028+0000 7f6103fff700 20 -- 172.21.15.91:0/1691699589 >> [v2:172.21.15.91:3301/0,v1:172.21.15.91:6790/0] conn(0x7f610c0a8130 msgr2=0x7f610c1451b0 unknown :-1 s=STATE_CONNECTION_ESTABLISHED l=1).read start len=32 ,
2021-09-28T00:42:57.028+0000 7f611129f700 20 -- 172.21.15.91:0/1691699589 >> [v2:172.21.15.91:3300/0,v1:172.21.15.91:6789/0] conn(0x7f610c0aaa70 msgr2=0x7f610c0a1500 unknown :-1 s=STATE_CONNECTION_ESTABLISHED l=1).read start len=32 Ignoring malparsed backtrace:
2021-09-28T00:42:57.028+0000 7f611129f700 10 --2- 172.21.15.91:0/1691699589 >> [v2:172.21.15.91:3300/0,v1:172.21.15.91:6789/0] conn(0x7f610c0aaa70 0x7f610c0a1500 secure :-1 s=AUTH_CONNECTING_SIGN pgs=0 cs=0 l=1 rev1=1 crypto rx=0x7f610800a790 tx=0x7f610800c240 comp rx=0 tx=0).handle_read_frame_dispatch tag=7 ,
2021-09-28T00:42:57.028+0000 7f611129f700 20 --2- 172.21.15.91:0/1691699589 >> [v2:172.21.15.91:3300/0,v1:172.21.15.91:6789/0] conn(0x7f610c0aaa70 0x7f610c0a1500 secure :-1 s=AUTH_CONNECTING_SIGN pgs=0 cs=0 l=1 rev1=1 crypto rx=0x7f610800a790 tx=0x7f610800c240 comp rx=0 tx=0).handle_auth_signature payload.length()=32 ,
2021-09-28T00:42:57.028+0000 7f611129f700 20 --2- 172.21.15.91:0/1691699589 >> [v2:172.21.15.91:3300/0,v1:172.21.15.91:6789/0] conn(0x7f610c0aaa70 0x7f610c0a1500 secure :-1 s=AUTH_CONNECTING_SIGN pgs=0 cs=0 l=1 rev1=1 crypto rx=0x7f610800a790 tx=0x7f610800c240 comp rx=0 tx=0).handle_auth_signature pre-auth signature success sig_frame.signature()=53c2216c3c678b8b7263fd92dced5f7af4769463d11a36a91c7aefbb757d85f3 Ignoring malparsed backtrace:
2021-09-28T00:42:57.029+0000 7f6100ff9700 20 -- 172.21.15.91:0/1691699589 done calling dispatch on 0x7f6108003c10 ,
2021-09-28T00:42:57.029+0000 7f611129f700 20 -- 172.21.15.91:0/1691699589 >> [v2:172.21.15.91:3300/0,v1:172.21.15.91:6789/0] conn(0x7f610c0aaa70 msgr2=0x7f610c0a1500 secure :-1 s=STATE_CONNECTION_ESTABLISHED l=1).read start len=416 ,
2021-09-28T00:42:57.029+0000 7f611129f700 20 --2- 172.21.15.91:0/1691699589 >> [v2:172.21.15.91:3300/0,v1:172.21.15.91:6789/0] conn(0x7f610c0aaa70 0x7f610c0a1500 secure :-1 s=THROTTLE_DONE pgs=676 cs=0 l=1 rev1=1 crypto rx=0x7f610800a790 tx=0x7f610800c240 comp rx=0 tx=0).handle_read_frame_segment r=0 Ignoring malparsed backtrace:
2021-09-28T00:42:57.031+0000 7f6100ff9700 10 -- 172.21.15.91:0/1691699589 >> v2:172.21.15.91:6800/31751 conn(0x7f60ec061280 msgr2=0x7f60ec063790 unknown :-1 s=STATE_NONE l=1)._connect ,
2021-09-28T00:42:57.031+0000 7f6100ff9700 1 --2- 172.21.15.91:0/1691699589 >> v2:172.21.15.91:6800/31751 conn(0x7f60ec061280 0x7f60ec063790 unknown :-1 s=NONE pgs=0 cs=0 l=1 rev1=0 crypto rx=0 tx=0 comp rx=0 tx=0).connect ,
2021-09-28T00:42:57.031+0000 7f6100ff9700 20 Event(0x7f610c064660 nevent=5000 time_id=4).wakeup Ignoring malparsed backtrace:
2021-09-28T00:42:57.032+0000 7f6110a9e700 20 --2- 172.21.15.91:0/1691699589 >> v2:172.21.15.91:6800/31751 conn(0x7f60ec061280 0x7f60ec063790 secure :-1 s=SESSION_CONNECTING pgs=0 cs=0 l=1 rev1=1 crypto rx=0x7f610c0a0570 tx=0x7f60fc007c30 comp rx=0 tx=0).handle_server_ident payload.length()=88 ,
2021-09-28T00:42:57.032+0000 7f6110a9e700 5 --2- 172.21.15.91:0/1691699589 >> v2:172.21.15.91:6800/31751 conn(0x7f60ec061280 0x7f60ec063790 secure :-1 s=SESSION_CONNECTING pgs=0 cs=0 l=1 rev1=1 crypto rx=0x7f610c0a0570 tx=0x7f60fc007c30 comp rx=0 tx=0).handle_server_ident received server identification: addrs=v2:172.21.15.91:6800/31751 gid=4111 global_seq=287 features_supported=3f01cfbb7ffdffff features_required=800000000000000 flags=1 cookie=0 ,
2021-09-28T00:42:57.032+0000 7f6110a9e700 10 --2- 172.21.15.91:0/1691699589 >> v2:172.21.15.91:6800/31751 conn(0x7f60ec061280 0x7f60ec063790 secure :-1 s=SESSION_CONNECTING pgs=287 cs=0 l=1 rev1=1 crypto rx=0x7f610c0a0570 tx=0x7f60fc007c30 comp rx=0 tx=0).handle_server_ident connect success 0, lossy = 1, features 4540138303579357183 Ignoring malparsed backtrace:
2021-09-28T00:42:57.199+0000 7f6112d02700 5 -- 172.21.15.91:0/1691699589 shutdown_connections delete 0x7f60ec061280 ,
2021-09-28T00:42:57.199+0000 7f6112d02700 5 -- 172.21.15.91:0/1691699589 shutdown_connections delete 0x7f610c0a6120 ,
2021-09-28T00:42:57.199+0000 7f6112d02700 5 -- 172.21.15.91:0/1691699589 shutdown_connections delete 0x7f610c0a8130 Ignoring malparsed backtrace:
2021-09-28T00:42:57.585+0000 7fde077fe700 10 -- >> v1:172.21.15.91:6789/0 conn(0x7fde08066e70 legacy=0x7fde08063150 unknown :-1 s=STATE_CONNECTING_RE l=0).process connect successfully, ready to send banner ,
2021-09-28T00:42:57.585+0000 7fde077fe700 20 --1- >> v1:172.21.15.91:6789/0 conn(0x7fde08066e70 0x7fde08063150 :-1 s=START_CONNECT pgs=0 cs=0 l=0).read_event ,
2021-09-28T00:42:57.585+0000 7fde0cf89700 10 -- >> v1:172.21.15.117:6789/0 conn(0x7fde08069870 legacy=0x7fde08063860 unknown :-1 s=STATE_CONNECTING_RE l=0).process nonblock connect inprogress Ignoring malparsed backtrace:
2021-09-28T00:42:57.586+0000 7fde07fff700 20 --2- 172.21.15.91:0/2060442856 >> v2:172.21.15.91:3300/0 conn(0x7fde080a9040 0x7fde080a77e0 unknown :-1 s=AUTH_CONNECTING pgs=0 cs=0 l=0 rev1=1 crypto rx=0 tx=0 comp rx=0 tx=0).handle_auth_reply_more payload.length()=13 ,
2021-09-28T00:42:57.586+0000 7fde077fe700 20 --1- 172.21.15.91:0/2060442856 >> v1:172.21.15.91:6789/0 conn(0x7fde08066e70 0x7fde08063150 :-1 s=OPENED pgs=677 cs=1 l=1).write_message sending message type=17 src client.? front=60 data=0 off 0 ,
2021-09-28T00:42:57.586+0000 7fde07fff700 5 --2- 172.21.15.91:0/2060442856 >> v2:172.21.15.91:3300/0 conn(0x7fde080a9040 0x7fde080a77e0 unknown :-1 s=AUTH_CONNECTING pgs=0 cs=0 l=0 rev1=1 crypto rx=0 tx=0 comp rx=0 tx=0).handle_auth_reply_more auth reply more len=9 Ignoring malparsed backtrace:
2021-09-28T00:42:57.586+0000 7fde077fe700 20 --1- 172.21.15.91:0/2060442856 >> v1:172.21.15.91:6789/0 conn(0x7fde08066e70 0x7fde08063150 :-1 s=READ_FOOTER_AND_DISPATCH pgs=677 cs=1 l=1).handle_message_footer r=0 ,
2021-09-28T00:42:57.586+0000 7fde077fe700 10 --1- 172.21.15.91:0/2060442856 >> v1:172.21.15.91:6789/0 conn(0x7fde08066e70 0x7fde08063150 :-1 s=READ_FOOTER_AND_DISPATCH pgs=677 cs=1 l=1).handle_message_footer aborted = 0 ,
2021-09-28T00:42:57.586+0000 7fde077fe700 20 --1- 172.21.15.91:0/2060442856 >> v1:172.21.15.91:6789/0 conn(0x7fde08066e70 0x7fde08063150 :-1 s=READ_FOOTER_AND_DISPATCH pgs=677 cs=1 l=1).handle_message_footer got 33 + 0 + 0 byte message Ignoring malparsed backtrace:
2021-09-28T00:42:57.587+0000 7fde07fff700 5 --2- 172.21.15.91:0/2060442856 >> [v2:172.21.15.91:3300/0,v1:172.21.15.91:6789/0] conn(0x7fde080a9040 0x7fde080a77e0 secure :-1 s=THROTTLE_DONE pgs=678 cs=0 l=1 rev1=1 crypto rx=0x7fddf400b660 tx=0x7fddf4006e20 comp rx=0 tx=0).handle_message got 413 + 0 + 0 byte message. envelope type=4 src mon.0 off 0 ,
2021-09-28T00:42:57.587+0000 7fde07fff700 5 --2- 172.21.15.91:0/2060442856 >> [v2:172.21.15.91:3300/0,v1:172.21.15.91:6789/0] conn(0x7fde080a9040 0x7fde080a77e0 secure :-1 s=READ_MESSAGE_COMPLETE pgs=678 cs=0 l=1 rev1=1 crypto rx=0x7fddf400b660 tx=0x7fddf4006e20 comp rx=0 tx=0).handle_message received message m=0x7fddf40053b0 seq=1 from=mon.0 type=4 mon_map magic: 0 v1 ,
2021-09-28T00:42:57.587+0000 7fde07fff700 20 -- 172.21.15.91:0/2060442856 queue 0x7fddf40053b0 prio 196 Ignoring malparsed backtrace:
2021-09-28T00:42:57.590+0000 7fde0d78a700 10 -- >> [v2:172.21.15.91:3301/0,v1:172.21.15.91:6790/0] conn(0x7fde08066e70 msgr2=0x7fde08148680 unknown :-1 s=STATE_NONE l=1)._connect ,
2021-09-28T00:42:57.590+0000 7fde0d78a700 1 --2- >> [v2:172.21.15.91:3301/0,v1:172.21.15.91:6790/0] conn(0x7fde08066e70 0x7fde08148680 unknown :-1 s=NONE pgs=0 cs=0 l=1 rev1=0 crypto rx=0 tx=0 comp rx=0 tx=0).connect ,
2021-09-28T00:42:57.590+0000 7fde0d78a700 20 Event(0x7fde08060310 nevent=5000 time_id=3).wakeup Ignoring malparsed backtrace:
2021-09-28T00:42:57.590+0000 7fde077fe700 20 -- 172.21.15.91:0/1681688429 >> [v2:172.21.15.117:3300/0,v1:172.21.15.117:6789/0] conn(0x7fde08069870 msgr2=0x7fde081312b0 unknown :-1 s=STATE_CONNECTION_ESTABLISHED l=1).read start len=10 ,
2021-09-28T00:42:57.590+0000 7fde0cf89700 5 --2- 172.21.15.91:0/1681688429 >> [v2:172.21.15.91:3300/0,v1:172.21.15.91:6789/0] conn(0x7fde080a9040 0x7fde081317f0 unknown :-1 s=HELLO_CONNECTING pgs=0 cs=0 l=1 rev1=1 crypto rx=0 tx=0 comp rx=0 tx=0).handle_hello received hello: peer_type=1 peer_addr_for_me=v2:172.21.15.91:52316/0 ,
2021-09-28T00:42:57.590+0000 7fde07fff700 10 -- 172.21.15.91:0/1681688429 >> [v2:172.21.15.91:3301/0,v1:172.21.15.91:6790/0] conn(0x7fde08066e70 msgr2=0x7fde08148680 unknown :-1 s=STATE_CONNECTION_ESTABLISHED l=1)._try_send sent bytes 78 remaining bytes 0 Ignoring malparsed backtrace:
2021-09-28T00:42:57.590+0000 7fde077fe700 20 EpollDriver.del_event del event fd=17 cur_mask=1 delmask=3 to 10 ,
2021-09-28T00:42:57.590+0000 7fde0cf89700 1 -- 172.21.15.91:0/1681688429 --> [v2:172.21.15.91:3300/0,v1:172.21.15.91:6789/0] -- mon_subscribe({config=0+,monmap=0+}) v3 -- 0x7fddf400b1a0 con 0x7fde080a9040 ,
2021-09-28T00:42:57.590+0000 7fde0cf89700 5 --2- 172.21.15.91:0/1681688429 >> [v2:172.21.15.91:3300/0,v1:172.21.15.91:6789/0] conn(0x7fde080a9040 0x7fde081317f0 unknown :-1 s=AUTH_CONNECTING pgs=0 cs=0 l=1 rev1=1 crypto rx=0 tx=0 comp rx=0 tx=0).send_message enqueueing message m=0x7fddf400b1a0 type=15 mon_subscribe({config=0+,monmap=0+}) v3 Ignoring malparsed backtrace:
2021-09-28T00:42:57.591+0000 7fddebfff700 1 -- 172.21.15.91:0/1681688429 <== mon.0 v2:172.21.15.91:3300/0 1 ==== mon_map magic: 0 v1 ==== 413+0+0 (secure 0 0 0) 0x7fddfc00ce50 con 0x7fde080a9040 ,
2021-09-28T00:42:57.591+0000 7fde0cf89700 20 -- 172.21.15.91:0/1681688429 >> [v2:172.21.15.91:3300/0,v1:172.21.15.91:6789/0] conn(0x7fde080a9040 msgr2=0x7fde081317f0 secure :-1 s=STATE_CONNECTION_ESTABLISHED l=1).read start len=16 ,
2021-09-28T00:42:57.591+0000 7fde0cf89700 20 --2- 172.21.15.91:0/1681688429 >> [v2:172.21.15.91:3300/0,v1:172.21.15.91:6789/0] conn(0x7fde080a9040 0x7fde081317f0 secure :-1 s=THROTTLE_DONE pgs=679 cs=0 l=1 rev1=1 crypto rx=0x7fddfc00c4a0 tx=0x7fddfc007f10 comp rx=0 tx=0).handle_read_frame_segment r=0 Ignoring malparsed backtrace:
2021-09-28T00:42:57.593+0000 7fde0cf89700 20 --2- 172.21.15.91:0/1681688429 >> [v2:172.21.15.91:3300/0,v1:172.21.15.91:6789/0] conn(0x7fde080a9040 0x7fde081317f0 secure :-1 s=THROTTLE_DONE pgs=679 cs=0 l=1 rev1=1 crypto rx=0x7fddfc00c4a0 tx=0x7fddfc007f10 comp rx=0 tx=0).handle_read_frame_epilogue_main r=0 ,
2021-09-28T00:42:57.593+0000 7fde0cf89700 10 --2- 172.21.15.91:0/1681688429 >> [v2:172.21.15.91:3300/0,v1:172.21.15.91:6789/0] conn(0x7fde080a9040 0x7fde081317f0 secure :-1 s=THROTTLE_DONE pgs=679 cs=0 l=1 rev1=1 crypto rx=0x7fddfc00c4a0 tx=0x7fddfc007f10 comp rx=0 tx=0).handle_read_frame_dispatch tag=17 ,
2021-09-28T00:42:57.593+0000 7fde0cf89700 20 --2- 172.21.15.91:0/1681688429 >> [v2:172.21.15.91:3300/0,v1:172.21.15.91:6789/0] conn(0x7fde080a9040 0x7fde081317f0 secure :-1 s=THROTTLE_DONE pgs=679 cs=0 l=1 rev1=1 crypto rx=0x7fddfc00c4a0 tx=0x7fddfc007f10 comp rx=0 tx=0).handle_message Ignoring malparsed backtrace:
2021-09-28T00:42:57.593+0000 7fddebfff700 10 -- 172.21.15.91:0/1681688429 dispatch_throttle_release 4478 to dispatch throttler 4502/104857600 ,
2021-09-28T00:42:57.593+0000 7fddebfff700 20 -- 172.21.15.91:0/1681688429 done calling dispatch on 0x7fddfc07bf10 ,
2021-09-28T00:42:57.593+0000 7fddebfff700 1 -- 172.21.15.91:0/1681688429 <== mon.0 v2:172.21.15.91:3300/0 6 ==== mon_get_version_reply(handle=1 version=46) v2 ==== 24+0+0 (secure 0 0 0) 0x7fddfc07e560 con 0x7fde080a9040 Ignoring malparsed backtrace:
2021-09-28T00:42:57.595+0000 7fde077fe700 20 -- 172.21.15.91:0/1681688429 >> v2:172.21.15.117:6803/31981 conn(0x7fddf00679d0 msgr2=0x7fddf0069ea0 unknown :-1 s=STATE_CONNECTION_ESTABLISHED l=1).read continue len=32 ,
2021-09-28T00:42:57.595+0000 7fde077fe700 20 --2- 172.21.15.91:0/1681688429 >> v2:172.21.15.117:6803/31981 conn(0x7fddf00679d0 0x7fddf0069ea0 unknown :-1 s=AUTH_CONNECTING pgs=0 cs=0 l=1 rev1=1 crypto rx=0 tx=0 comp rx=0 tx=0).handle_read_frame_preamble_main r=0 ,
2021-09-28T00:42:57.595+0000 7fde077fe700 20 --2- 172.21.15.91:0/1681688429 >> v2:172.21.15.117:6803/31981 conn(0x7fddf00679d0 0x7fddf0069ea0 unknown :-1 s=AUTH_CONNECTING pgs=0 cs=0 l=1 rev1=1 crypto rx=0 tx=0 comp rx=0 tx=0).read_frame_segment seg_idx=0 Ignoring malparsed backtrace:
2021-09-28T00:42:57.602+0000 7fde077fe700 20 --2- 172.21.15.91:0/1681688429 >> v2:172.21.15.117:6803/31981 conn(0x7fddf00679d0 0x7fddf0069ea0 crc :-1 s=THROTTLE_BYTES pgs=88 cs=0 l=1 rev1=1 crypto rx=0 tx=0 comp rx=0 tx=0).throttle_bytes ,
2021-09-28T00:42:57.602+0000 7fde077fe700 20 --2- 172.21.15.91:0/1681688429 >> v2:172.21.15.117:6803/31981 conn(0x7fddf00679d0 0x7fddf0069ea0 crc :-1 s=THROTTLE_DISPATCH_QUEUE pgs=88 cs=0 l=1 rev1=1 crypto rx=0 tx=0 comp rx=0 tx=0).throttle_dispatch_queue ,
2021-09-28T00:42:57.602+0000 7fde077fe700 20 --2- 172.21.15.91:0/1681688429 >> v2:172.21.15.117:6803/31981 conn(0x7fddf00679d0 0x7fddf0069ea0 crc :-1 s=THROTTLE_DONE pgs=88 cs=0 l=1 rev1=1 crypto rx=0 tx=0 comp rx=0 tx=0).read_frame_segment seg_idx=0 Ignoring malparsed backtrace:
2021-09-28T00:42:58.244+0000 7fdc6a438700 20 EpollDriver.add_event add event fd=8 cur_mask=0 add_mask=1 to 7 ,
2021-09-28T00:42:58.244+0000 7fdc6a438700 20 Event(0x7fdc640641e0 nevent=5000 time_id=1).create_file_event create event end fd=8 mask=1 current mask is 1 ,
2021-09-28T00:42:58.244+0000 7fdc6a438700 10 stack operator() starting Ignoring malparsed backtrace:
2021-09-28T00:42:58.246+0000 7fdc6a438700 20 --2- 172.21.15.91:0/1530721682 >> [v2:172.21.15.91:3301/0,v1:172.21.15.91:6790/0] conn(0x7fdc640ac540 0x7fdc640a7440 unknown :-1 s=HELLO_CONNECTING pgs=0 cs=0 l=0 rev1=1 crypto rx=0 tx=0 comp rx=0 tx=0).handle_read_frame_preamble_main r=0 ,
2021-09-28T00:42:58.246+0000 7fdc69c37700 20 --1- 172.21.15.91:0/1530721682 >> v1:172.21.15.91:6789/0 conn(0x7fdc640a7980 0x7fdc64069620 :-1 s=CONNECTING_WAIT_BANNER_AND_IDENTIFY pgs=0 cs=0 l=0).handle_my_addr_write r=0 ,
2021-09-28T00:42:58.246+0000 7fdc69c37700 10 --1- 172.21.15.91:0/1530721682 >> v1:172.21.15.91:6789/0 conn(0x7fdc640a7980 0x7fdc64069620 :-1 s=CONNECTING_WAIT_BANNER_AND_IDENTIFY pgs=0 cs=0 l=0).handle_my_addr_write connect sent my addr v1:172.21.15.91:0/1530721682 Ignoring malparsed backtrace:
2021-09-28T00:42:58.246+0000 7fdc6a438700 20 --2- 172.21.15.91:0/1530721682 >> [v2:172.21.15.91:3301/0,v1:172.21.15.91:6790/0] conn(0x7fdc640ac540 0x7fdc640a7440 unknown :-1 s=AUTH_CONNECTING pgs=0 cs=0 l=0 rev1=1 crypto rx=0 tx=0 comp rx=0 tx=0).read_frame_segment seg_idx=0 ,
2021-09-28T00:42:58.246+0000 7fdc6a438700 20 -- 172.21.15.91:0/1530721682 >> [v2:172.21.15.91:3301/0,v1:172.21.15.91:6790/0] conn(0x7fdc640ac540 msgr2=0x7fdc640a7440 unknown :-1 s=STATE_CONNECTION_ESTABLISHED l=0).read start len=294 ,
2021-09-28T00:42:58.246+0000 7fdc6a438700 20 --2- 172.21.15.91:0/1530721682 >> [v2:172.21.15.91:3301/0,v1:172.21.15.91:6790/0] conn(0x7fdc640ac540 0x7fdc640a7440 unknown :-1 s=AUTH_CONNECTING pgs=0 cs=0 l=0 rev1=1 crypto rx=0 tx=0 comp rx=0 tx=0).handle_read_frame_segment r=0 Ignoring malparsed backtrace:
2021-09-28T00:42:58.246+0000 7fdc6a438700 20 --2- 172.21.15.91:0/1530721682 >> [v2:172.21.15.91:3301/0,v1:172.21.15.91:6790/0] conn(0x7fdc640ac540 0x7fdc640a7440 secure :-1 s=THROTTLE_DONE pgs=426 cs=0 l=1 rev1=1 crypto rx=0x7fdc54006690 tx=0x7fdc54009aa0 comp rx=0 tx=0).handle_read_frame_epilogue_main r=0 ,
2021-09-28T00:42:58.246+0000 7fdc6a438700 10 --2- 172.21.15.91:0/1530721682 >> [v2:172.21.15.91:3301/0,v1:172.21.15.91:6790/0] conn(0x7fdc640ac540 0x7fdc640a7440 secure :-1 s=THROTTLE_DONE pgs=426 cs=0 l=1 rev1=1 crypto rx=0x7fdc54006690 tx=0x7fdc54009aa0 comp rx=0 tx=0).handle_read_frame_dispatch tag=17 ,
2021-09-28T00:42:58.246+0000 7fdc6a438700 20 --2- 172.21.15.91:0/1530721682 >> [v2:172.21.15.91:3301/0,v1:172.21.15.91:6790/0] conn(0x7fdc640ac540 0x7fdc640a7440 secure :-1 s=THROTTLE_DONE pgs=426 cs=0 l=1 rev1=1 crypto rx=0x7fdc54006690 tx=0x7fdc54009aa0 comp rx=0 tx=0).handle_message Ignoring malparsed backtrace:
2021-09-28T00:42:58.249+0000 7fdc6c69c700 10 -- ready ,
2021-09-28T00:42:58.249+0000 7fdc6c69c700 1 Processor -- start ,
2021-09-28T00:42:58.249+0000 7fdc6c69c700 20 Event(0x7fdc640ad610 nevent=5000 time_id=2).wakeup Ignoring malparsed backtrace:
2021-09-28T00:42:58.250+0000 7fdc6a438700 20 --2- 172.21.15.91:0/904643541 >> [v2:172.21.15.91:3300/0,v1:172.21.15.91:6789/0] conn(0x7fdc64069d30 0x7fdc64096020 unknown :-1 s=HELLO_CONNECTING pgs=0 cs=0 l=1 rev1=1 crypto rx=0 tx=0 comp rx=0 tx=0).read_frame_segment seg_idx=0 ,
2021-09-28T00:42:58.250+0000 7fdc69c37700 20 --2- 172.21.15.91:0/904643541 >> [v2:172.21.15.91:3301/0,v1:172.21.15.91:6790/0] conn(0x7fdc640a7980 0x7fdc641326e0 unknown :-1 s=AUTH_CONNECTING pgs=0 cs=0 l=1 rev1=1 crypto rx=0 tx=0 comp rx=0 tx=0).send_auth_request peer_type 1 auth_client 0x7fdc6405d2a8 ,
2021-09-28T00:42:58.250+0000 7fdc6a438700 20 -- 172.21.15.91:0/904643541 >> [v2:172.21.15.91:3300/0,v1:172.21.15.91:6789/0] conn(0x7fdc64069d30 msgr2=0x7fdc64096020 unknown :-1 s=STATE_CONNECTION_ESTABLISHED l=1).read start len=40 Ignoring malparsed backtrace:
2021-09-28T00:42:58.250+0000 7fdc6ac39700 5 --2- 172.21.15.91:0/904643541 >> [v2:172.21.15.117:3300/0,v1:172.21.15.117:6789/0] conn(0x7fdc640ac540 0x7fdc64094870 unknown :-1 s=CLOSED pgs=0 cs=0 l=1 rev1=1 crypto rx=0 tx=0 comp rx=0 tx=0).reset_compression ,
2021-09-28T00:42:58.250+0000 7fdc6a438700 5 --2- 172.21.15.91:0/904643541 >> [v2:172.21.15.91:3300/0,v1:172.21.15.91:6789/0] conn(0x7fdc64069d30 0x7fdc64096020 unknown :-1 s=AUTH_CONNECTING pgs=0 cs=0 l=1 rev1=1 crypto rx=0 tx=0 comp rx=0 tx=0).send_message enqueueing message m=0x7fdc54009d40 type=15 mon_subscribe({config=0+,monmap=0+}) v3 ,
2021-09-28T00:42:58.250+0000 7fdc6a438700 15 --2- 172.21.15.91:0/904643541 >> [v2:172.21.15.91:3300/0,v1:172.21.15.91:6789/0] conn(0x7fdc64069d30 0x7fdc64096020 unknown :-1 s=AUTH_CONNECTING pgs=0 cs=0 l=1 rev1=1 crypto rx=0 tx=0 comp rx=0 tx=0).send_message inline write is denied, reschedule m=0x7fdc54009d40 Ignoring malparsed backtrace:
2021-09-28T00:42:58.251+0000 7fdc527fc700 20 -- 172.21.15.91:0/904643541 done calling dispatch on 0x7fdc540146f0 ,
2021-09-28T00:42:58.251+0000 7fdc6a438700 5 --2- 172.21.15.91:0/904643541 >> [v2:172.21.15.91:3300/0,v1:172.21.15.91:6789/0] conn(0x7fdc64069d30 0x7fdc64096020 secure :-1 s=THROTTLE_DONE pgs=681 cs=0 l=1 rev1=1 crypto rx=0x7fdc640a9f40 tx=0x7fdc54015000 comp rx=0 tx=0).handle_message got 4 + 0 + 0 byte message. envelope type=62 src mon.0 off 0 ,
2021-09-28T00:42:58.251+0000 7fdc6a438700 5 --2- 172.21.15.91:0/904643541 >> [v2:172.21.15.91:3300/0,v1:172.21.15.91:6789/0] conn(0x7fdc64069d30 0x7fdc64096020 secure :-1 s=READ_MESSAGE_COMPLETE pgs=681 cs=0 l=1 rev1=1 crypto rx=0x7fdc640a9f40 tx=0x7fdc54015000 comp rx=0 tx=0).handle_message received message m=0x7fdc54014870 seq=2 from=mon.0 type=62 config(0 keys) v1 Ignoring malparsed backtrace:
2021-09-28T00:42:58.252+0000 7fdc6a438700 10 -- 172.21.15.91:0/904643541 >> [v2:172.21.15.91:3300/0,v1:172.21.15.91:6789/0] conn(0x7fdc64069d30 msgr2=0x7fdc64096020 secure :-1 s=STATE_CONNECTION_ESTABLISHED l=1).handle_write ,
2021-09-28T00:42:58.252+0000 7fdc6a438700 10 --2- 172.21.15.91:0/904643541 >> [v2:172.21.15.91:3300/0,v1:172.21.15.91:6789/0] conn(0x7fdc64069d30 0x7fdc64096020 secure :-1 s=READY pgs=681 cs=0 l=1 rev1=1 crypto rx=0x7fdc640a9f40 tx=0x7fdc54015000 comp rx=0 tx=0).write_event ,
2021-09-28T00:42:58.252+0000 7fdc6a438700 20 --2- 172.21.15.91:0/904643541 >> [v2:172.21.15.91:3300/0,v1:172.21.15.91:6789/0] conn(0x7fdc64069d30 0x7fdc64096020 secure :-1 s=READY pgs=681 cs=0 l=1 rev1=1 crypto rx=0x7fdc640a9f40 tx=0x7fdc54015000 comp rx=0 tx=0).prepare_send_message m=mon_command({"prefix": "get_command_descriptions"} v 0) v1 Ignoring malparsed backtrace:
2021-09-28T00:42:58.253+0000 7fdc69c37700 15 authenticated_encrypt_update plaintext.length()=80 buffer.length()=80 ,
2021-09-28T00:42:58.253+0000 7fdc69c37700 15 authenticated_encrypt_final buffer.length()=96 final_len=0 ,
2021-09-28T00:42:58.253+0000 7fdc69c37700 15 authenticated_encrypt_update plaintext.length()=80 buffer.length()=80 Ignoring malparsed backtrace:
2021-09-28T00:42:58.417+0000 7fdc6c69c700 20 Event(0x7fdc640ad610 nevent=5000 time_id=4).wakeup ,
2021-09-28T00:42:58.417+0000 7fdc6a438700 5 --2- 172.21.15.91:0/904643541 >> [v2:172.21.15.91:3300/0,v1:172.21.15.91:6789/0] conn(0x7fdc64069d30 0x7fdc64096020 secure :-1 s=CLOSED pgs=681 cs=0 l=1 rev1=1 crypto rx=0x7fdc640a9f40 tx=0x7fdc54015000 comp rx=0 tx=0).reset_recv_state (warped) reseting crypto and compression handlers ,
2021-09-28T00:42:58.417+0000 7fdc6a438700 5 --2- 172.21.15.91:0/904643541 >> [v2:172.21.15.91:3300/0,v1:172.21.15.91:6789/0] conn(0x7fdc64069d30 0x7fdc64096020 secure :-1 s=CLOSED pgs=681 cs=0 l=1 rev1=1 crypto rx=0x7fdc640a9f40 tx=0x7fdc54015000 comp rx=0 tx=0).reset_security Ignoring malparsed backtrace:
2021-09-28T00:42:58.816+0000 7fa1adb02700 20 EpollDriver.add_event add event fd=13 cur_mask=0 add_mask=1 to 10 ,
2021-09-28T00:42:58.816+0000 7fa1ae303700 20 Event(0x7fa1a8060310 nevent=5000 time_id=2).create_file_event create event end fd=14 mask=1 current mask is 1 ,
2021-09-28T00:42:58.816+0000 7fa1adb02700 20 Event(0x7fa1a806b4a0 nevent=5000 time_id=2).create_file_event create event end fd=13 mask=1 current mask is 1 Ignoring malparsed backtrace:
2021-09-28T00:42:58.817+0000 7fa1aeb04700 5 --2- 172.21.15.91:0/3385370836 >> v2:172.21.15.91:3300/0 conn(0x7fa1a80a89f0 0x7fa1a8137b30 unknown :-1 s=AUTH_CONNECTING pgs=0 cs=0 l=0 rev1=1 crypto rx=0 tx=0 comp rx=0 tx=0).handle_auth_reply_more auth reply more len=9 ,
2021-09-28T00:42:58.817+0000 7fa1adb02700 20 --1- 172.21.15.91:0/3385370836 >> v1:172.21.15.117:6789/0 conn(0x7fa1a80a78c0 0x7fa1a80a82e0 :-1 s=CONNECTING_SEND_CONNECT_MSG pgs=0 cs=0 l=0).wait_connect_reply ,
2021-09-28T00:42:58.817+0000 7fa1ae303700 20 --2- 172.21.15.91:0/3385370836 >> v2:172.21.15.117:3300/0 conn(0x7fa1a80a9960 0x7fa1a813b840 unknown :-1 s=HELLO_CONNECTING pgs=0 cs=0 l=0 rev1=1 crypto rx=0 tx=0 comp rx=0 tx=0).handle_read_frame_segment r=0 Ignoring malparsed backtrace:
2021-09-28T00:42:58.817+0000 7fa1aeb04700 20 --2- 172.21.15.91:0/3385370836 >> v2:172.21.15.91:3300/0 conn(0x7fa1a80a89f0 0x7fa1a8137b30 secure :-1 s=AUTH_CONNECTING_SIGN pgs=0 cs=0 l=0 rev1=1 crypto rx=0x7fa1a8065b90 tx=0x7fa198006ee0 comp rx=0 tx=0).read_frame ,
2021-09-28T00:42:58.817+0000 7fa1aeb04700 20 -- 172.21.15.91:0/3385370836 >> v2:172.21.15.91:3300/0 conn(0x7fa1a80a89f0 msgr2=0x7fa1a8137b30 secure :-1 s=STATE_CONNECTION_ESTABLISHED l=0).read start len=96 ,
2021-09-28T00:42:58.817+0000 7fa1aeb04700 20 --2- 172.21.15.91:0/3385370836 >> v2:172.21.15.91:3300/0 conn(0x7fa1a80a89f0 0x7fa1a8137b30 secure :-1 s=AUTH_CONNECTING_SIGN pgs=0 cs=0 l=0 rev1=1 crypto rx=0x7fa1a8065b90 tx=0x7fa198006ee0 comp rx=0 tx=0).handle_read_frame_preamble_main r=0 Ignoring malparsed backtrace:
2021-09-28T00:42:58.817+0000 7fa1aeb04700 20 --2- 172.21.15.91:0/3385370836 >> [v2:172.21.15.91:3300/0,v1:172.21.15.91:6789/0] conn(0x7fa1a80a89f0 0x7fa1a8137b30 secure :-1 s=THROTTLE_BYTES pgs=682 cs=0 l=1 rev1=1 crypto rx=0x7fa1a8065b90 tx=0x7fa198006ee0 comp rx=0 tx=0).throttle_bytes ,
2021-09-28T00:42:58.817+0000 7fa1aeb04700 20 --2- 172.21.15.91:0/3385370836 >> [v2:172.21.15.91:3300/0,v1:172.21.15.91:6789/0] conn(0x7fa1a80a89f0 0x7fa1a8137b30 secure :-1 s=THROTTLE_DISPATCH_QUEUE pgs=682 cs=0 l=1 rev1=1 crypto rx=0x7fa1a8065b90 tx=0x7fa198006ee0 comp rx=0 tx=0).throttle_dispatch_queue ,
2021-09-28T00:42:58.817+0000 7fa1ad301700 10 -- 172.21.15.91:0/3385370836 dispatch_throttle_release 413 to dispatch throttler 830/104857600 Ignoring malparsed backtrace:
2021-09-28T00:42:58.820+0000 7fa1b0567700 10 -- create_connect 0x7fa1a80a9960 [v2:172.21.15.91:3301/0,v1:172.21.15.91:6790/0] [v2:172.21.15.91:3301/0,v1:172.21.15.91:6790/0] ,
2021-09-28T00:42:58.820+0000 7fa1adb02700 20 -- >> [v2:172.21.15.91:3300/0,v1:172.21.15.91:6789/0] conn(0x7fa1a80a89f0 msgr2=0x7fa1a8115910 unknown :-1 s=STATE_CONNECTING l=1).process ,
2021-09-28T00:42:58.820+0000 7fa1b0567700 10 -- connect_to [v2:172.21.15.91:3301/0,v1:172.21.15.91:6790/0] new 0x7fa1a80a9960 Ignoring malparsed backtrace:
2021-09-28T00:42:58.821+0000 7fa1ae303700 10 -- 172.21.15.91:0/3713849141 >> [v2:172.21.15.117:3300/0,v1:172.21.15.117:6789/0] conn(0x7fa1a80a78c0 msgr2=0x7fa1a81170f0 unknown :-1 s=STATE_CONNECTION_ESTABLISHED l=1)._try_send sent bytes 72 remaining bytes 0 ,
2021-09-28T00:42:58.821+0000 7fa1ae303700 20 --2- 172.21.15.91:0/3713849141 >> [v2:172.21.15.117:3300/0,v1:172.21.15.117:6789/0] conn(0x7fa1a80a78c0 0x7fa1a81170f0 unknown :-1 s=HELLO_CONNECTING pgs=0 cs=0 l=1 rev1=1 crypto rx=0 tx=0 comp rx=0 tx=0).read_frame ,
2021-09-28T00:42:58.821+0000 7fa1adb02700 10 -- 172.21.15.91:0/3713849141 >> [v2:172.21.15.91:3300/0,v1:172.21.15.91:6789/0] conn(0x7fa1a80a89f0 msgr2=0x7fa1a8115910 unknown :-1 s=STATE_CONNECTION_ESTABLISHED l=1)._try_send sent bytes 76 remaining bytes 0 Ignoring malparsed backtrace:
2021-09-28T00:42:58.821+0000 7fa1adb02700 15 authenticated_encrypt_final buffer.length()=96 final_len=0 ,
2021-09-28T00:42:58.821+0000 7fa1adb02700 15 authenticated_encrypt_update plaintext.length()=80 buffer.length()=80 ,
2021-09-28T00:42:58.821+0000 7fa1adb02700 15 authenticated_encrypt_final buffer.length()=96 final_len=0 Ignoring malparsed backtrace:
2021-09-28T00:42:58.822+0000 7fa1adb02700 10 -- 172.21.15.91:0/3713849141 >> [v2:172.21.15.91:3300/0,v1:172.21.15.91:6789/0] conn(0x7fa1a80a89f0 msgr2=0x7fa1a8115910 secure :-1 s=STATE_CONNECTION_ESTABLISHED l=1).handle_write ,
2021-09-28T00:42:58.822+0000 7fa1adb02700 10 --2- 172.21.15.91:0/3713849141 >> [v2:172.21.15.91:3300/0,v1:172.21.15.91:6789/0] conn(0x7fa1a80a89f0 0x7fa1a8115910 secure :-1 s=READY pgs=683 cs=0 l=1 rev1=1 crypto rx=0x7fa19000c210 tx=0x7fa190007c60 comp rx=0 tx=0).write_event ,
2021-09-28T00:42:58.822+0000 7fa1adb02700 20 --2- 172.21.15.91:0/3713849141 >> [v2:172.21.15.91:3300/0,v1:172.21.15.91:6789/0] conn(0x7fa1a80a89f0 0x7fa1a8115910 secure :-1 s=READY pgs=683 cs=0 l=1 rev1=1 crypto rx=0x7fa19000c210 tx=0x7fa190007c60 comp rx=0 tx=0).prepare_send_message m=mon_subscribe({mgrmap=0+}) v3 Ignoring malparsed backtrace:
2021-09-28T00:42:58.824+0000 7fa1adb02700 20 --2- 172.21.15.91:0/3713849141 >> [v2:172.21.15.91:3300/0,v1:172.21.15.91:6789/0] conn(0x7fa1a80a89f0 0x7fa1a8115910 secure :-1 s=READY pgs=683 cs=0 l=1 rev1=1 crypto rx=0x7fa19000c210 tx=0x7fa190007c60 comp rx=0 tx=0).read_frame ,
2021-09-28T00:42:58.824+0000 7fa1adb02700 20 -- 172.21.15.91:0/3713849141 >> [v2:172.21.15.91:3300/0,v1:172.21.15.91:6789/0] conn(0x7fa1a80a89f0 msgr2=0x7fa1a8115910 secure :-1 s=STATE_CONNECTION_ESTABLISHED l=1).read start len=96 ,
2021-09-28T00:42:58.824+0000 7fa19e7fc700 10 -- 172.21.15.91:0/3713849141 create_connect v2:172.21.15.91:6800/31751, creating connection and registering Ignoring malparsed backtrace:
2021-09-28T00:42:58.824+0000 7fa1aeb04700 20 --2- 172.21.15.91:0/3713849141 >> v2:172.21.15.117:6806/32019 conn(0x7fa1880679d0 0x7fa188069ea0 unknown :-1 s=BANNER_CONNECTING pgs=0 cs=0 l=1 rev1=0 crypto rx=0 tx=0 comp rx=0 tx=0)._banner_exchange ,
2021-09-28T00:42:58.824+0000 7fa1ae303700 20 --2- 172.21.15.91:0/3713849141 >> v2:172.21.15.91:6800/31751 conn(0x7fa188061280 0x7fa188063790 secure :-1 s=AUTH_CONNECTING_SIGN pgs=0 cs=0 l=1 rev1=1 crypto rx=0x7fa1a8114920 tx=0x7fa1a4009220 comp rx=0 tx=0).handle_auth_signature pre-auth signature success sig_frame.signature()=54a8f352c0b6db184cbd8f150549586ba2144693de07ce60af4ae98b85128e70 ,
2021-09-28T00:42:58.824+0000 7fa1ae303700 20 CompressorRegistry(0x7fa1a80ac400) get_mode peer_type 16 is_secure 1 Ignoring malparsed backtrace:
2021-09-28T00:42:58.827+0000 7fa1aeb04700 20 --2- 172.21.15.91:0/3713849141 >> v2:172.21.15.117:6806/32019 conn(0x7fa1880679d0 0x7fa188069ea0 crc :-1 s=SESSION_CONNECTING pgs=0 cs=0 l=1 rev1=1 crypto rx=0 tx=0 comp rx=0 tx=0).handle_read_frame_preamble_main r=0 ,
2021-09-28T00:42:58.827+0000 7fa1aeb04700 20 --2- 172.21.15.91:0/3713849141 >> v2:172.21.15.117:6806/32019 conn(0x7fa1880679d0 0x7fa188069ea0 crc :-1 s=SESSION_CONNECTING pgs=0 cs=0 l=1 rev1=1 crypto rx=0 tx=0 comp rx=0 tx=0).read_frame_segment seg_idx=0 ,
2021-09-28T00:42:58.827+0000 7fa1aeb04700 20 -- 172.21.15.91:0/3713849141 >> v2:172.21.15.117:6806/32019 conn(0x7fa1880679d0 msgr2=0x7fa188069ea0 crc :-1 s=STATE_CONNECTION_ESTABLISHED l=1).read start len=92 Ignoring malparsed backtrace:
2021-09-28T00:42:58.833+0000 7fa1b0567700 1 --2- 172.21.15.91:0/3713849141 >> v2:172.21.15.91:6800/31751 conn(0x7fa188061280 0x7fa188063790 secure :-1 s=READY pgs=290 cs=0 l=1 rev1=1 crypto rx=0x7fa1a8114920 tx=0x7fa1a4009220 comp rx=0 tx=0).stop ,
