2021-09-28T00:45:41.219+0000 7efc03fff700 20 --2- 172.21.15.91:0/2271945552 >> [v2:172.21.15.91:3301/0,v1:172.21.15.91:6790/0] conn(0x7efc040ac540 0x7efc040a7c20 secure :-1 s=AUTH_CONNECTING_SIGN pgs=0 cs=0 l=0 rev1=1 crypto rx=0x7efc040ad1a0 tx=0x7efbf4006ee0 comp rx=0 tx=0).read_frame ,
2021-09-28T00:45:41.219+0000 7efc03fff700 20 -- 172.21.15.91:0/2271945552 >> [v2:172.21.15.91:3301/0,v1:172.21.15.91:6790/0] conn(0x7efc040ac540 msgr2=0x7efc040a7c20 secure :-1 s=STATE_CONNECTION_ESTABLISHED l=0).read start len=96 Ignoring malparsed backtrace:
2021-09-28T00:45:41.220+0000 7efc03fff700 20 --2- 172.21.15.91:0/2271945552 >> [v2:172.21.15.91:3301/0,v1:172.21.15.91:6790/0] conn(0x7efc040ac540 0x7efc040a7c20 secure :-1 s=READY pgs=434 cs=0 l=1 rev1=1 crypto rx=0x7efc040ad1a0 tx=0x7efbf4006ee0 comp rx=0 tx=0).read_frame ,
2021-09-28T00:45:41.220+0000 7efc02ffd700 10 -- 172.21.15.91:0/2271945552 dispatch_throttle_release 4 to dispatch throttler 4/104857600 ,
2021-09-28T00:45:41.220+0000 7efc02ffd700 20 -- 172.21.15.91:0/2271945552 done calling dispatch on 0x7efbf4003500 Ignoring malparsed backtrace:
2021-09-28T00:45:41.223+0000 7efc037fe700 20 -- >> [v2:172.21.15.117:3300/0,v1:172.21.15.117:6789/0] conn(0x7efc040a9910 msgr2=0x7efc041453f0 unknown :-1 s=STATE_CONNECTING l=1).process ,
2021-09-28T00:45:41.223+0000 7efc0a704700 10 -- create_connect 0x7efc040ac540 [v2:172.21.15.91:3301/0,v1:172.21.15.91:6790/0] [v2:172.21.15.91:3301/0,v1:172.21.15.91:6790/0] ,
2021-09-28T00:45:41.223+0000 7efc0a704700 10 -- connect_to [v2:172.21.15.91:3301/0,v1:172.21.15.91:6790/0] new 0x7efc040ac540 Ignoring malparsed backtrace:
2021-09-28T00:45:41.223+0000 7efc08ca1700 20 --2- 172.21.15.91:0/2732628702 >> [v2:172.21.15.91:3301/0,v1:172.21.15.91:6790/0] conn(0x7efc040ac540 0x7efc040925d0 unknown :-1 s=HELLO_CONNECTING pgs=0 cs=0 l=1 rev1=1 crypto rx=0 tx=0 comp rx=0 tx=0).post_client_banner_exchange ,
2021-09-28T00:45:41.223+0000 7efc037fe700 20 -- 172.21.15.91:0/2732628702 >> [v2:172.21.15.117:3300/0,v1:172.21.15.117:6789/0] conn(0x7efc040a9910 msgr2=0x7efc041453f0 unknown :-1 s=STATE_CONNECTION_ESTABLISHED l=1).read start len=32 ,
2021-09-28T00:45:41.223+0000 7efc08ca1700 20 --2- 172.21.15.91:0/2732628702 >> [v2:172.21.15.91:3301/0,v1:172.21.15.91:6790/0] conn(0x7efc040ac540 0x7efc040925d0 unknown :-1 s=AUTH_CONNECTING pgs=0 cs=0 l=1 rev1=1 crypto rx=0 tx=0 comp rx=0 tx=0).send_auth_request peer_type 1 auth_client 0x7efc0405d2a8 Ignoring malparsed backtrace:
2021-09-28T00:45:41.224+0000 7efc03fff700 15 authenticated_encrypt_final buffer.length()=96 final_len=0 ,
2021-09-28T00:45:41.224+0000 7efc03fff700 10 -- 172.21.15.91:0/2732628702 >> [v2:172.21.15.91:3300/0,v1:172.21.15.91:6789/0] conn(0x7efc040a8fc0 msgr2=0x7efc040a2420 secure :-1 s=STATE_CONNECTION_ESTABLISHED l=1)._try_send sent bytes 192 remaining bytes 0 ,
2021-09-28T00:45:41.224+0000 7efc03fff700 20 --2- 172.21.15.91:0/2732628702 >> [v2:172.21.15.91:3300/0,v1:172.21.15.91:6789/0] conn(0x7efc040a8fc0 0x7efc040a2420 secure :-1 s=SESSION_CONNECTING pgs=0 cs=0 l=1 rev1=1 crypto rx=0x7efbf4006f20 tx=0x7efbf4026000 comp rx=0 tx=0).read_frame Ignoring malparsed backtrace:
2021-09-28T00:45:41.224+0000 7efbe7fff700 10 -- 172.21.15.91:0/2732628702 dispatch_throttle_release 4 to dispatch throttler 417/104857600 ,
2021-09-28T00:45:41.224+0000 7efc03fff700 20 --2- 172.21.15.91:0/2732628702 >> [v2:172.21.15.91:3300/0,v1:172.21.15.91:6789/0] conn(0x7efc040a8fc0 0x7efc040a2420 secure :-1 s=READY pgs=697 cs=0 l=1 rev1=1 crypto rx=0x7efbf4006f20 tx=0x7efbf4026000 comp rx=0 tx=0).prepare_send_message m=mon_subscribe({mgrmap=0+}) v3 ,
2021-09-28T00:45:41.224+0000 7efbe7fff700 20 -- 172.21.15.91:0/2732628702 done calling dispatch on 0x7efbf402f7a0 Ignoring malparsed backtrace:
2021-09-28T00:45:41.226+0000 7efc037fe700 10 -- 172.21.15.91:0/2732628702 >> v2:172.21.15.91:6800/31751 conn(0x7efbec061280 msgr2=0x7efbec063790 unknown :-1 s=STATE_CONNECTION_ESTABLISHED l=1)._try_send sent bytes 26 remaining bytes 0 ,
2021-09-28T00:45:41.226+0000 7efc037fe700 20 -- 172.21.15.91:0/2732628702 >> v2:172.21.15.91:6800/31751 conn(0x7efbec061280 msgr2=0x7efbec063790 unknown :-1 s=STATE_CONNECTION_ESTABLISHED l=1).read start len=10 ,
2021-09-28T00:45:41.226+0000 7efc037fe700 20 -- 172.21.15.91:0/2732628702 >> v2:172.21.15.91:6800/31751 conn(0x7efbec061280 msgr2=0x7efbec063790 unknown :-1 s=STATE_CONNECTION_ESTABLISHED l=1).process Ignoring malparsed backtrace:
2021-09-28T00:45:41.231+0000 7efc03fff700 20 --2- 172.21.15.91:0/2732628702 >> [v2:172.21.15.91:3300/0,v1:172.21.15.91:6789/0] conn(0x7efc040a8fc0 0x7efc040a2420 secure :-1 s=THROTTLE_DONE pgs=697 cs=0 l=1 rev1=1 crypto rx=0x7efbf4006f20 tx=0x7efbf4026000 comp rx=0 tx=0).read_frame_segment seg_idx=3 ,
2021-09-28T00:45:41.231+0000 7efc03fff700 20 -- 172.21.15.91:0/2732628702 >> [v2:172.21.15.91:3300/0,v1:172.21.15.91:6789/0] conn(0x7efc040a8fc0 msgr2=0x7efc040a2420 secure :-1 s=STATE_CONNECTION_ESTABLISHED l=1).read start len=153952 ,
2021-09-28T00:45:41.231+0000 7efc03fff700 20 --2- 172.21.15.91:0/2732628702 >> [v2:172.21.15.91:3300/0,v1:172.21.15.91:6789/0] conn(0x7efc040a8fc0 0x7efc040a2420 secure :-1 s=THROTTLE_DONE pgs=697 cs=0 l=1 rev1=1 crypto rx=0x7efbf4006f20 tx=0x7efbf4026000 comp rx=0 tx=0).handle_read_frame_segment r=0 Ignoring malparsed backtrace:
2021-09-28T00:45:41.428+0000 7efc037fe700 20 -- 172.21.15.91:0/2732628702 >> v2:172.21.15.91:6800/31751 conn(0x7efbec061280 msgr2=0x7efbec063790 secure :-1 s=STATE_CONNECTION_ESTABLISHED l=1).read start len=96 ,
2021-09-28T00:45:41.428+0000 7efc037fe700 20 -- 172.21.15.91:0/2732628702 >> v2:172.21.15.91:6800/31751 conn(0x7efbec061280 msgr2=0x7efbec063790 secure :-1 s=STATE_CONNECTION_ESTABLISHED l=1).process ,
2021-09-28T00:45:41.428+0000 7efc037fe700 20 -- 172.21.15.91:0/2732628702 >> v2:172.21.15.91:6800/31751 conn(0x7efbec061280 msgr2=0x7efbec063790 secure :-1 s=STATE_CONNECTION_ESTABLISHED l=1).read continue len=96 Ignoring malparsed backtrace:
2021-09-28T00:45:41.432+0000 7efc0a704700 1 -- 172.21.15.91:0/2732628702 shutdown_connections ,
2021-09-28T00:45:41.432+0000 7efc0a704700 5 -- 172.21.15.91:0/2732628702 shutdown_connections delete 0x7efc04068120 ,
2021-09-28T00:45:41.432+0000 7efc0a704700 20 Event(0x7efc040ad610 nevent=5000 time_id=3).wakeup Ignoring malparsed backtrace:
2021-09-28T00:46:01.815+0000 7f7c10ce7700 20 -- >> [v2:172.21.15.91:3301/0,v1:172.21.15.91:6790/0] conn(0x7f7c0c0ac540 msgr2=0x7f7c0c0a7c20 unknown :-1 s=STATE_CONNECTION_ESTABLISHED l=0).read continue len=10 ,
2021-09-28T00:46:01.815+0000 7f7c10ce7700 20 --2- >> [v2:172.21.15.91:3301/0,v1:172.21.15.91:6790/0] conn(0x7f7c0c0ac540 0x7f7c0c0a7c20 unknown :-1 s=BANNER_CONNECTING pgs=0 cs=0 l=0 rev1=0 crypto rx=0 tx=0 comp rx=0 tx=0)._handle_peer_banner r=0 ,
2021-09-28T00:46:01.815+0000 7f7c10ce7700 20 -- >> [v2:172.21.15.91:3301/0,v1:172.21.15.91:6790/0] conn(0x7f7c0c0ac540 msgr2=0x7f7c0c0a7c20 unknown :-1 s=STATE_CONNECTION_ESTABLISHED l=0).read start len=16 Ignoring malparsed backtrace:
2021-09-28T00:46:01.815+0000 7f7c10ce7700 20 --2- 172.21.15.91:0/3449603618 >> [v2:172.21.15.91:3301/0,v1:172.21.15.91:6790/0] conn(0x7f7c0c0ac540 0x7f7c0c0a7c20 unknown :-1 s=AUTH_CONNECTING pgs=0 cs=0 l=0 rev1=1 crypto rx=0 tx=0 comp rx=0 tx=0).handle_read_frame_preamble_main r=0 ,
2021-09-28T00:46:01.815+0000 7f7c10ce7700 20 --2- 172.21.15.91:0/3449603618 >> [v2:172.21.15.91:3301/0,v1:172.21.15.91:6790/0] conn(0x7f7c0c0ac540 0x7f7c0c0a7c20 unknown :-1 s=AUTH_CONNECTING pgs=0 cs=0 l=0 rev1=1 crypto rx=0 tx=0 comp rx=0 tx=0).read_frame_segment seg_idx=0 ,
2021-09-28T00:46:01.815+0000 7f7c114e8700 20 -- 172.21.15.91:0/3449603618 >> v2:172.21.15.117:3300/0 conn(0x7f7c0c0a9910 msgr2=0x7f7c0c13d0d0 unknown :-1 s=STATE_CONNECTION_ESTABLISHED l=0).read start len=32 Ignoring malparsed backtrace:
2021-09-28T00:46:01.815+0000 7f7c10ce7700 15 authenticated_encrypt_final buffer.length()=96 final_len=0 ,
2021-09-28T00:46:01.815+0000 7f7c10ce7700 15 authenticated_encrypt_update plaintext.length()=64 buffer.length()=64 ,
2021-09-28T00:46:01.815+0000 7f7c10ce7700 15 authenticated_encrypt_update plaintext.length()=16 buffer.length()=80 Ignoring malparsed backtrace:
2021-09-28T00:46:01.816+0000 7f7c114e8700 5 --1- 172.21.15.91:0/3449603618 >> 172.21.15.91:0/3449603618 conn(0x7f7c0c068120 0x7f7c0c063150 :-1 s=CLOSED pgs=0 cs=0 l=0).reset_security ,
2021-09-28T00:46:01.816+0000 7f7c12f4b700 10 -- 172.21.15.91:0/3449603618 wait: waiting for dispatch queue ,
2021-09-28T00:46:01.816+0000 7f7c12f4b700 10 -- 172.21.15.91:0/3449603618 wait: dispatch queue is stopped Ignoring malparsed backtrace:
2021-09-28T00:46:01.819+0000 7f7c0bfff700 20 --2- >> [v2:172.21.15.91:3300/0,v1:172.21.15.91:6789/0] conn(0x7f7c0c0a9910 0x7f7c0c092870 unknown :-1 s=HELLO_CONNECTING pgs=0 cs=0 l=1 rev1=1 crypto rx=0 tx=0 comp rx=0 tx=0).handle_read_frame_preamble_main r=0 ,
2021-09-28T00:46:01.819+0000 7f7c0bfff700 20 --2- >> [v2:172.21.15.91:3300/0,v1:172.21.15.91:6789/0] conn(0x7f7c0c0a9910 0x7f7c0c092870 unknown :-1 s=HELLO_CONNECTING pgs=0 cs=0 l=1 rev1=1 crypto rx=0 tx=0 comp rx=0 tx=0).read_frame_segment seg_idx=0 ,
2021-09-28T00:46:01.819+0000 7f7c114e8700 10 -- >> [v2:172.21.15.91:3301/0,v1:172.21.15.91:6790/0] conn(0x7f7c0c0ac540 msgr2=0x7f7c0c149450 unknown :-1 s=STATE_CONNECTION_ESTABLISHED l=1)._try_send sent bytes 72 remaining bytes 0 Ignoring malparsed backtrace:
2021-09-28T00:46:01.819+0000 7f7c0bfff700 20 --2- 172.21.15.91:0/1386346320 >> [v2:172.21.15.91:3300/0,v1:172.21.15.91:6789/0] conn(0x7f7c0c0a9910 0x7f7c0c092870 unknown :-1 s=AUTH_CONNECTING pgs=0 cs=0 l=1 rev1=1 crypto rx=0 tx=0 comp rx=0 tx=0).read_frame_segment seg_idx=0 ,
2021-09-28T00:46:01.819+0000 7f7c0bfff700 20 -- 172.21.15.91:0/1386346320 >> [v2:172.21.15.91:3300/0,v1:172.21.15.91:6789/0] conn(0x7f7c0c0a9910 msgr2=0x7f7c0c092870 unknown :-1 s=STATE_CONNECTION_ESTABLISHED l=1).read start len=844 ,
2021-09-28T00:46:01.819+0000 7f7c0bfff700 20 --2- 172.21.15.91:0/1386346320 >> [v2:172.21.15.91:3300/0,v1:172.21.15.91:6789/0] conn(0x7f7c0c0a9910 0x7f7c0c092870 unknown :-1 s=AUTH_CONNECTING pgs=0 cs=0 l=1 rev1=1 crypto rx=0 tx=0 comp rx=0 tx=0).handle_read_frame_segment r=0 Ignoring malparsed backtrace:
2021-09-28T00:46:01.820+0000 7f7c114e8700 20 --2- 172.21.15.91:0/1386346320 >> [v2:172.21.15.91:3301/0,v1:172.21.15.91:6790/0] conn(0x7f7c0c0ac540 0x7f7c0c149450 secure :-1 s=THROTTLE_BYTES pgs=436 cs=0 l=1 rev1=1 crypto rx=0x7f7bfc00b490 tx=0x7f7bfc008040 comp rx=0 tx=0).throttle_bytes ,
2021-09-28T00:46:01.820+0000 7f7c114e8700 20 --2- 172.21.15.91:0/1386346320 >> [v2:172.21.15.91:3301/0,v1:172.21.15.91:6790/0] conn(0x7f7c0c0ac540 0x7f7c0c149450 secure :-1 s=THROTTLE_DISPATCH_QUEUE pgs=436 cs=0 l=1 rev1=1 crypto rx=0x7f7bfc00b490 tx=0x7f7bfc008040 comp rx=0 tx=0).throttle_dispatch_queue ,
2021-09-28T00:46:01.820+0000 7f7c114e8700 20 --2- 172.21.15.91:0/1386346320 >> [v2:172.21.15.91:3301/0,v1:172.21.15.91:6790/0] conn(0x7f7c0c0ac540 0x7f7c0c149450 secure :-1 s=THROTTLE_DONE pgs=436 cs=0 l=1 rev1=1 crypto rx=0x7f7bfc00b490 tx=0x7f7bfc008040 comp rx=0 tx=0).read_frame_segment seg_idx=0 Ignoring malparsed backtrace:
2021-09-28T00:46:01.821+0000 7f7c114e8700 20 --2- 172.21.15.91:0/1386346320 >> [v2:172.21.15.91:3301/0,v1:172.21.15.91:6790/0] conn(0x7f7c0c0ac540 0x7f7c0c149450 secure :-1 s=THROTTLE_DONE pgs=436 cs=0 l=1 rev1=1 crypto rx=0x7f7bfc00b490 tx=0x7f7bfc008040 comp rx=0 tx=0).handle_read_frame_epilogue_main r=0 ,
2021-09-28T00:46:01.821+0000 7f7c12f4b700 5 --2- 172.21.15.91:0/1386346320 >> [v2:172.21.15.91:3301/0,v1:172.21.15.91:6790/0] conn(0x7f7c0c0ac540 0x7f7c0c149450 secure :-1 s=THROTTLE_DONE pgs=436 cs=0 l=1 rev1=1 crypto rx=0x7f7bfc00b490 tx=0x7f7bfc008040 comp rx=0 tx=0).send_message enqueueing message m=0x7f7c0c0a95e0 type=50 mon_command({"prefix": "get_command_descriptions"} v 0) v1 ,
2021-09-28T00:46:01.821+0000 7f7c12f4b700 15 --2- 172.21.15.91:0/1386346320 >> [v2:172.21.15.91:3301/0,v1:172.21.15.91:6790/0] conn(0x7f7c0c0ac540 0x7f7c0c149450 secure :-1 s=THROTTLE_DONE pgs=436 cs=0 l=1 rev1=1 crypto rx=0x7f7bfc00b490 tx=0x7f7bfc008040 comp rx=0 tx=0).send_message inline write is denied, reschedule m=0x7f7c0c0a95e0 Ignoring malparsed backtrace:
2021-09-28T00:46:01.823+0000 7f7c10ce7700 20 --2- 172.21.15.91:0/1386346320 >> v2:172.21.15.91:6800/31751 conn(0x7f7bec061280 0x7f7bec063790 unknown :-1 s=AUTH_CONNECTING pgs=0 cs=0 l=1 rev1=1 crypto rx=0 tx=0 comp rx=0 tx=0).read_frame_segment seg_idx=0 ,
2021-09-28T00:46:01.823+0000 7f7c10ce7700 20 -- 172.21.15.91:0/1386346320 >> v2:172.21.15.91:6800/31751 conn(0x7f7bec061280 msgr2=0x7f7bec063790 unknown :-1 s=STATE_CONNECTION_ESTABLISHED l=1).read start len=120 ,
2021-09-28T00:46:01.823+0000 7f7c10ce7700 20 --2- 172.21.15.91:0/1386346320 >> v2:172.21.15.91:6800/31751 conn(0x7f7bec061280 0x7f7bec063790 unknown :-1 s=AUTH_CONNECTING pgs=0 cs=0 l=1 rev1=1 crypto rx=0 tx=0 comp rx=0 tx=0).handle_read_frame_segment r=0 Ignoring malparsed backtrace:
2021-09-28T00:46:01.985+0000 7f7c10ce7700 20 --2- 172.21.15.91:0/1386346320 >> v2:172.21.15.91:6800/31751 conn(0x7f7bec061280 0x7f7bec063790 secure :-1 s=THROTTLE_DONE pgs=304 cs=0 l=1 rev1=1 crypto rx=0x7f7c00005c40 tx=0x7f7c00028000 comp rx=0 tx=0).handle_read_frame_segment r=0 ,
2021-09-28T00:46:01.985+0000 7f7c10ce7700 20 --2- 172.21.15.91:0/1386346320 >> v2:172.21.15.91:6800/31751 conn(0x7f7bec061280 0x7f7bec063790 secure :-1 s=THROTTLE_DONE pgs=304 cs=0 l=1 rev1=1 crypto rx=0x7f7c00005c40 tx=0x7f7c00028000 comp rx=0 tx=0).read_frame_segment seg_idx=2 ,
2021-09-28T00:46:01.985+0000 7f7c10ce7700 20 --2- 172.21.15.91:0/1386346320 >> v2:172.21.15.91:6800/31751 conn(0x7f7bec061280 0x7f7bec063790 secure :-1 s=THROTTLE_DONE pgs=304 cs=0 l=1 rev1=1 crypto rx=0x7f7c00005c40 tx=0x7f7c00028000 comp rx=0 tx=0).read_frame_segment seg_idx=3 Ignoring malparsed backtrace:
2021-09-28T00:46:22.360+0000 7fdf8ffff700 20 Event(0x7fdf9805fcf0 nevent=5000 time_id=1).create_file_event create event end fd=11 mask=1 current mask is 1 ,
2021-09-28T00:46:22.360+0000 7fdf8ffff700 10 stack operator() starting ,
2021-09-28T00:46:22.360+0000 7fdf9dfe6700 10 -- ready Ignoring malparsed backtrace:
2021-09-28T00:46:22.361+0000 7fdf9cfe4700 20 -- 172.21.15.91:0/3188085755 >> v1:172.21.15.91:6789/0 conn(0x7fdf980aa850 legacy=0x7fdf980a57a0 unknown :-1 s=STATE_CONNECTION_ESTABLISHED l=0).read start len=26 ,
2021-09-28T00:46:22.361+0000 7fdf8ffff700 20 --2- 172.21.15.91:0/3188085755 >> [v2:172.21.15.91:3301/0,v1:172.21.15.91:6790/0] conn(0x7fdf980a8a70 0x7fdf980a9d80 unknown :-1 s=BANNER_CONNECTING pgs=0 cs=0 l=0 rev1=0 crypto rx=0 tx=0 comp rx=0 tx=0)._handle_peer_banner_payload r=0 ,
2021-09-28T00:46:22.361+0000 7fdf8ffff700 1 --2- 172.21.15.91:0/3188085755 >> [v2:172.21.15.91:3301/0,v1:172.21.15.91:6790/0] conn(0x7fdf980a8a70 0x7fdf980a9d80 unknown :-1 s=BANNER_CONNECTING pgs=0 cs=0 l=0 rev1=0 crypto rx=0 tx=0 comp rx=0 tx=0)._handle_peer_banner_payload supported=3 required=0 Ignoring malparsed backtrace:
2021-09-28T00:46:22.361+0000 7fdf9d7e5700 20 -- 172.21.15.91:0/3188085755 >> v1:172.21.15.117:6789/0 conn(0x7fdf98137e00 legacy=0x7fdf98138210 unknown :-1 s=STATE_CONNECTION_ESTABLISHED l=1).read start len=1 ,
2021-09-28T00:46:22.361+0000 7fdf8ffff700 20 -- 172.21.15.91:0/3188085755 >> [v2:172.21.15.91:3301/0,v1:172.21.15.91:6790/0] conn(0x7fdf980a8a70 msgr2=0x7fdf980a9d80 unknown :-1 s=STATE_CONNECTION_ESTABLISHED l=0).read start len=32 ,
2021-09-28T00:46:22.361+0000 7fdf9d7e5700 10 -- 172.21.15.91:0/3188085755 >> v1:172.21.15.117:6789/0 conn(0x7fdf98137e00 legacy=0x7fdf98138210 unknown :-1 s=STATE_CONNECTION_ESTABLISHED l=1).handle_write Ignoring malparsed backtrace:
2021-09-28T00:46:22.362+0000 7fdf8ffff700 5 --1- 172.21.15.91:0/3188085755 >> v1:172.21.15.91:6789/0 conn(0x7fdf980aa850 0x7fdf980a57a0 :-1 s=OPENED pgs=701 cs=1 l=1).reset_recv_state ,
2021-09-28T00:46:22.362+0000 7fdf8ffff700 20 Event(0x7fdf980644a0 nevent=5000 time_id=3).wakeup ,
2021-09-28T00:46:22.362+0000 7fdf9d7e5700 20 EpollDriver.del_event del event fd=15 cur_mask=1 delmask=3 to 4 Ignoring malparsed backtrace:
2021-09-28T00:46:22.362+0000 7fdf8ffff700 20 --2- 172.21.15.91:0/3188085755 >> [v2:172.21.15.91:3301/0,v1:172.21.15.91:6790/0] conn(0x7fdf980a8a70 0x7fdf980a9d80 secure :-1 s=THROTTLE_DONE pgs=439 cs=0 l=1 rev1=1 crypto rx=0x7fdf8001c600 tx=0x7fdf80017e30 comp rx=0 tx=0).read_frame_segment seg_idx=0 ,
2021-09-28T00:46:22.362+0000 7fdf8ffff700 20 --2- 172.21.15.91:0/3188085755 >> [v2:172.21.15.91:3301/0,v1:172.21.15.91:6790/0] conn(0x7fdf980a8a70 0x7fdf980a9d80 secure :-1 s=THROTTLE_DONE pgs=439 cs=0 l=1 rev1=1 crypto rx=0x7fdf8001c600 tx=0x7fdf80017e30 comp rx=0 tx=0).read_frame_segment seg_idx=1 ,
2021-09-28T00:46:22.362+0000 7fdf8ffff700 20 -- 172.21.15.91:0/3188085755 >> [v2:172.21.15.91:3301/0,v1:172.21.15.91:6790/0] conn(0x7fdf980a8a70 msgr2=0x7fdf980a9d80 secure :-1 s=STATE_CONNECTION_ESTABLISHED l=1).read start len=16 Ignoring malparsed backtrace:
2021-09-28T00:46:22.365+0000 7fdf9cfe4700 20 -- >> [v2:172.21.15.91:3301/0,v1:172.21.15.91:6790/0] conn(0x7fdf980a8a70 msgr2=0x7fdf980ac420 unknown :-1 s=STATE_CONNECTING l=1).process ,
2021-09-28T00:46:22.365+0000 7fdf9dfe6700 10 -- create_connect 0x7fdf980aa850 [v2:172.21.15.117:3300/0,v1:172.21.15.117:6789/0] [v2:172.21.15.117:3300/0,v1:172.21.15.117:6789/0] ,
2021-09-28T00:46:22.365+0000 7fdf9dfe6700 10 -- connect_to [v2:172.21.15.117:3300/0,v1:172.21.15.117:6789/0] new 0x7fdf980aa850 Ignoring malparsed backtrace:
2021-09-28T00:46:22.365+0000 7fdf8ffff700 20 --2- 172.21.15.91:0/1151303658 >> [v2:172.21.15.117:3300/0,v1:172.21.15.117:6789/0] conn(0x7fdf980aa850 0x7fdf98148bd0 unknown :-1 s=BANNER_CONNECTING pgs=0 cs=0 l=1 rev1=0 crypto rx=0 tx=0 comp rx=0 tx=0)._handle_peer_banner_payload r=0 ,
2021-09-28T00:46:22.365+0000 7fdf8ffff700 1 --2- 172.21.15.91:0/1151303658 >> [v2:172.21.15.117:3300/0,v1:172.21.15.117:6789/0] conn(0x7fdf980aa850 0x7fdf98148bd0 unknown :-1 s=BANNER_CONNECTING pgs=0 cs=0 l=1 rev1=0 crypto rx=0 tx=0 comp rx=0 tx=0)._handle_peer_banner_payload supported=3 required=0 ,
2021-09-28T00:46:22.365+0000 7fdf9d7e5700 10 -- 172.21.15.91:0/1151303658 >> [v2:172.21.15.91:3300/0,v1:172.21.15.91:6789/0] conn(0x7fdf98137e00 msgr2=0x7fdf98149110 unknown :-1 s=STATE_CONNECTION_ESTABLISHED l=1)._try_send sent bytes 78 remaining bytes 0 Ignoring malparsed backtrace:
2021-09-28T00:46:22.366+0000 7fdf9cfe4700 15 authenticated_encrypt_final buffer.length()=96 final_len=0 ,
2021-09-28T00:46:22.366+0000 7fdf9d7e5700 5 --2- 172.21.15.91:0/1151303658 >> [v2:172.21.15.91:3300/0,v1:172.21.15.91:6789/0] conn(0x7fdf98137e00 0x7fdf98149110 unknown :-1 s=CLOSED pgs=0 cs=0 l=1 rev1=1 crypto rx=0 tx=0 comp rx=0 tx=0).reset_security ,
2021-09-28T00:46:22.366+0000 7fdf9d7e5700 5 --2- 172.21.15.91:0/1151303658 >> [v2:172.21.15.91:3300/0,v1:172.21.15.91:6789/0] conn(0x7fdf98137e00 0x7fdf98149110 unknown :-1 s=CLOSED pgs=0 cs=0 l=1 rev1=1 crypto rx=0 tx=0 comp rx=0 tx=0).reset_compression Ignoring malparsed backtrace:
2021-09-28T00:46:22.366+0000 7fdf9cfe4700 20 -- 172.21.15.91:0/1151303658 queue 0x7fdf88007270 prio 196 ,
2021-09-28T00:46:22.366+0000 7fdf9cfe4700 20 --2- 172.21.15.91:0/1151303658 >> [v2:172.21.15.91:3301/0,v1:172.21.15.91:6790/0] conn(0x7fdf980a8a70 0x7fdf980ac420 secure :-1 s=READY pgs=440 cs=0 l=1 rev1=1 crypto rx=0x7fdf980a5150 tx=0x7fdf88007c30 comp rx=0 tx=0).read_frame ,
2021-09-28T00:46:22.366+0000 7fdf9cfe4700 20 -- 172.21.15.91:0/1151303658 >> [v2:172.21.15.91:3301/0,v1:172.21.15.91:6790/0] conn(0x7fdf980a8a70 msgr2=0x7fdf980ac420 secure :-1 s=STATE_CONNECTION_ESTABLISHED l=1).read start len=96 Ignoring malparsed backtrace:
2021-09-28T00:46:22.368+0000 7fdf9cfe4700 10 --2- 172.21.15.91:0/1151303658 >> [v2:172.21.15.91:3301/0,v1:172.21.15.91:6790/0] conn(0x7fdf980a8a70 0x7fdf980ac420 secure :-1 s=READY pgs=440 cs=0 l=1 rev1=1 crypto rx=0x7fdf980a5150 tx=0x7fdf88007c30 comp rx=0 tx=0).write_event ,
2021-09-28T00:46:22.368+0000 7fdf9cfe4700 20 --2- 172.21.15.91:0/1151303658 >> [v2:172.21.15.91:3301/0,v1:172.21.15.91:6790/0] conn(0x7fdf980a8a70 0x7fdf980ac420 secure :-1 s=READY pgs=440 cs=0 l=1 rev1=1 crypto rx=0x7fdf980a5150 tx=0x7fdf88007c30 comp rx=0 tx=0).prepare_send_message m=mon_command({"prefix": "get_command_descriptions"} v 0) v1 ,
2021-09-28T00:46:22.368+0000 7fdf9cfe4700 20 --2- 172.21.15.91:0/1151303658 >> [v2:172.21.15.91:3301/0,v1:172.21.15.91:6790/0] conn(0x7fdf980a8a70 0x7fdf980ac420 secure :-1 s=READY pgs=440 cs=0 l=1 rev1=1 crypto rx=0x7fdf980a5150 tx=0x7fdf88007c30 comp rx=0 tx=0).prepare_send_message encoding features 4540138303579357183 0x7fdf980accb0 mon_command({"prefix": "get_command_descriptions"} v 0) v1 Ignoring malparsed backtrace:
2021-09-28T00:46:22.369+0000 7fdf8ffff700 15 authenticated_encrypt_final buffer.length()=96 final_len=0 ,
2021-09-28T00:46:22.369+0000 7fdf8ffff700 15 authenticated_encrypt_update plaintext.length()=80 buffer.length()=80 ,
2021-09-28T00:46:22.369+0000 7fdf8ffff700 15 authenticated_encrypt_final buffer.length()=96 final_len=0 Ignoring malparsed backtrace:
2021-09-28T00:46:22.537+0000 7fdf9dfe6700 10 --2- 172.21.15.91:0/1151303658 >> [v2:172.21.15.91:3301/0,v1:172.21.15.91:6790/0] conn(0x7fdf980a8a70 0x7fdf980ac420 secure :-1 s=READY pgs=440 cs=0 l=1 rev1=1 crypto rx=0x7fdf980a5150 tx=0x7fdf88007c30 comp rx=0 tx=0).discard_out_queue started ,
2021-09-28T00:46:22.537+0000 7fdf8ffff700 20 EpollDriver.del_event del event fd=17 cur_mask=1 delmask=3 to 10 ,
2021-09-28T00:46:22.537+0000 7fdf9cfe4700 5 --2- 172.21.15.91:0/1151303658 >> [v2:172.21.15.91:3301/0,v1:172.21.15.91:6790/0] conn(0x7fdf980a8a70 0x7fdf980ac420 secure :-1 s=CLOSED pgs=440 cs=0 l=1 rev1=1 crypto rx=0x7fdf980a5150 tx=0x7fdf88007c30 comp rx=0 tx=0).reset_recv_state (warped) reseting crypto and compression handlers Ignoring malparsed backtrace:
2021-09-28T00:46:42.967+0000 7f6f4dca5700 20 EpollDriver.add_event add event fd=13 cur_mask=0 add_mask=1 to 7 ,
2021-09-28T00:46:42.967+0000 7f6f4dca5700 20 Event(0x7f6f480641e0 nevent=5000 time_id=2).create_file_event create event end fd=13 mask=1 current mask is 1 ,
2021-09-28T00:46:42.967+0000 7f6f4eca7700 1 -- --> v2:172.21.15.91:3300/0 -- mon_getmap magic: 0 v1 -- 0x7f6f48139e20 con 0x7f6f480a6500 Ignoring malparsed backtrace:
2021-09-28T00:46:42.967+0000 7f6f4d4a4700 20 --1- 172.21.15.91:0/2720809077 >> v1:172.21.15.91:6789/0 conn(0x7f6f480a3e50 0x7f6f480a4260 :-1 s=CONNECTING_SEND_CONNECT_MSG pgs=0 cs=0 l=0).client_ready ,
2021-09-28T00:46:42.967+0000 7f6f4d4a4700 10 --1- 172.21.15.91:0/2720809077 >> v1:172.21.15.91:6789/0 conn(0x7f6f480a3e50 0x7f6f480a4260 :-1 s=CONNECTING_SEND_CONNECT_MSG pgs=702 cs=1 l=1).client_ready connect success 1, lossy = 1, features 4540138303579357183 ,
2021-09-28T00:46:42.967+0000 7f6f4d4a4700 10 --1- 172.21.15.91:0/2720809077 >> v1:172.21.15.91:6789/0 conn(0x7f6f480a3e50 0x7f6f480a4260 :-1 s=CONNECTING_SEND_CONNECT_MSG pgs=702 cs=1 l=1).client_ready no authorizer, clearing session_security Ignoring malparsed backtrace:
2021-09-28T00:46:42.968+0000 7f6f4d4a4700 10 --1- 172.21.15.91:0/2720809077 >> v1:172.21.15.91:6789/0 conn(0x7f6f480a3e50 0x7f6f480a4260 :-1 s=READ_FOOTER_AND_DISPATCH pgs=702 cs=1 l=1).handle_message_footer aborted = 0 ,
2021-09-28T00:46:42.968+0000 7f6f4d4a4700 20 --1- 172.21.15.91:0/2720809077 >> v1:172.21.15.91:6789/0 conn(0x7f6f480a3e50 0x7f6f480a4260 :-1 s=READ_FOOTER_AND_DISPATCH pgs=702 cs=1 l=1).handle_message_footer got 33 + 0 + 0 byte message ,
2021-09-28T00:46:42.968+0000 7f6f4d4a4700 10 --1- 172.21.15.91:0/2720809077 >> v1:172.21.15.91:6789/0 conn(0x7f6f480a3e50 0x7f6f480a4260 :-1 s=READ_FOOTER_AND_DISPATCH pgs=702 cs=1 l=1).handle_message_footer no session security set Ignoring malparsed backtrace:
2021-09-28T00:46:42.968+0000 7f6f4e4a6700 5 --2- 172.21.15.91:0/2720809077 >> [v2:172.21.15.91:3300/0,v1:172.21.15.91:6789/0] conn(0x7f6f480a6500 0x7f6f480a6910 secure :-1 s=THROTTLE_DONE pgs=703 cs=0 l=1 rev1=1 crypto rx=0x7f6f480b0a80 tx=0x7f6f44009220 comp rx=0 tx=0).handle_message got 413 + 0 + 0 byte message. envelope type=4 src mon.0 off 0 ,
2021-09-28T00:46:42.968+0000 7f6f4e4a6700 5 --2- 172.21.15.91:0/2720809077 >> [v2:172.21.15.91:3300/0,v1:172.21.15.91:6789/0] conn(0x7f6f480a6500 0x7f6f480a6910 secure :-1 s=READ_MESSAGE_COMPLETE pgs=703 cs=0 l=1 rev1=1 crypto rx=0x7f6f480b0a80 tx=0x7f6f44009220 comp rx=0 tx=0).handle_message received message m=0x7f6f44009e50 seq=1 from=mon.0 type=4 mon_map magic: 0 v1 ,
2021-09-28T00:46:42.968+0000 7f6f4e4a6700 20 -- 172.21.15.91:0/2720809077 queue 0x7f6f44009e50 prio 196 Ignoring malparsed backtrace:
2021-09-28T00:46:42.971+0000 7f6f4eca7700 10 -- create_connect [v2:172.21.15.91:3301/0,v1:172.21.15.91:6790/0], creating connection and registering ,
2021-09-28T00:46:42.971+0000 7f6f4eca7700 10 -- >> [v2:172.21.15.91:3301/0,v1:172.21.15.91:6790/0] conn(0x7f6f480a3e50 msgr2=0x7f6f480a7e70 unknown :-1 s=STATE_NONE l=1)._connect ,
2021-09-28T00:46:42.971+0000 7f6f4eca7700 1 --2- >> [v2:172.21.15.91:3301/0,v1:172.21.15.91:6790/0] conn(0x7f6f480a3e50 0x7f6f480a7e70 unknown :-1 s=NONE pgs=0 cs=0 l=1 rev1=0 crypto rx=0 tx=0 comp rx=0 tx=0).connect Ignoring malparsed backtrace:
2021-09-28T00:46:42.971+0000 7f6f4e4a6700 20 -- 172.21.15.91:0/1506895184 >> [v2:172.21.15.117:3300/0,v1:172.21.15.117:6789/0] conn(0x7f6f480a6500 msgr2=0x7f6f480a2090 unknown :-1 s=STATE_CONNECTION_ESTABLISHED l=1).read continue len=10 ,
2021-09-28T00:46:42.971+0000 7f6f4e4a6700 20 --2- 172.21.15.91:0/1506895184 >> [v2:172.21.15.117:3300/0,v1:172.21.15.117:6789/0] conn(0x7f6f480a6500 0x7f6f480a2090 unknown :-1 s=BANNER_CONNECTING pgs=0 cs=0 l=1 rev1=0 crypto rx=0 tx=0 comp rx=0 tx=0)._handle_peer_banner r=0 ,
2021-09-28T00:46:42.971+0000 7f6f4e4a6700 20 -- 172.21.15.91:0/1506895184 >> [v2:172.21.15.117:3300/0,v1:172.21.15.117:6789/0] conn(0x7f6f480a6500 msgr2=0x7f6f480a2090 unknown :-1 s=STATE_CONNECTION_ESTABLISHED l=1).read start len=16 Ignoring malparsed backtrace:
2021-09-28T00:46:42.972+0000 7f6f4d4a4700 20 --2- 172.21.15.91:0/1506895184 >> [v2:172.21.15.91:3300/0,v1:172.21.15.91:6789/0] conn(0x7f6f480a53a0 0x7f6f480aac70 secure :-1 s=SESSION_CONNECTING pgs=0 cs=0 l=1 rev1=1 crypto rx=0x7f6f3c00c490 tx=0x7f6f3c007ce0 comp rx=0 tx=0).handle_read_frame_preamble_main r=0 ,
2021-09-28T00:46:42.972+0000 7f6f4d4a4700 20 --2- 172.21.15.91:0/1506895184 >> [v2:172.21.15.91:3300/0,v1:172.21.15.91:6789/0] conn(0x7f6f480a53a0 0x7f6f480aac70 secure :-1 s=SESSION_CONNECTING pgs=0 cs=0 l=1 rev1=1 crypto rx=0x7f6f3c00c490 tx=0x7f6f3c007ce0 comp rx=0 tx=0).read_frame_segment seg_idx=0 ,
2021-09-28T00:46:42.972+0000 7f6f4d4a4700 20 -- 172.21.15.91:0/1506895184 >> [v2:172.21.15.91:3300/0,v1:172.21.15.91:6789/0] conn(0x7f6f480a53a0 msgr2=0x7f6f480aac70 secure :-1 s=STATE_CONNECTION_ESTABLISHED l=1).read start len=96 Ignoring malparsed backtrace:
2021-09-28T00:46:42.972+0000 7f6f4d4a4700 20 -- 172.21.15.91:0/1506895184 >> [v2:172.21.15.91:3300/0,v1:172.21.15.91:6789/0] conn(0x7f6f480a53a0 msgr2=0x7f6f480aac70 secure :-1 s=STATE_CONNECTION_ESTABLISHED l=1).read start len=416 ,
2021-09-28T00:46:42.972+0000 7f6f35ffb700 10 -- 172.21.15.91:0/1506895184 dispatch_throttle_release 4 to dispatch throttler 417/104857600 ,
2021-09-28T00:46:42.972+0000 7f6f4d4a4700 20 --2- 172.21.15.91:0/1506895184 >> [v2:172.21.15.91:3300/0,v1:172.21.15.91:6789/0] conn(0x7f6f480a53a0 0x7f6f480aac70 secure :-1 s=THROTTLE_DONE pgs=704 cs=0 l=1 rev1=1 crypto rx=0x7f6f3c00c490 tx=0x7f6f3c007ce0 comp rx=0 tx=0).handle_read_frame_segment r=0 Ignoring malparsed backtrace:
2021-09-28T00:46:42.974+0000 7f6f4dca5700 20 -- 172.21.15.91:0/1506895184 >> v2:172.21.15.91:6800/31751 conn(0x7f6f28061280 msgr2=0x7f6f28063790 unknown :-1 s=STATE_CONNECTION_ESTABLISHED l=1).read start len=10 ,
2021-09-28T00:46:42.974+0000 7f6f35ffb700 1 -- 172.21.15.91:0/1506895184 <== mon.0 v2:172.21.15.91:3300/0 5 ==== osd_map(46..46 src has 1..46) v4 ==== 4478+0+0 (secure 0 0 0) 0x7f6f3c07c190 con 0x7f6f480a53a0 ,
2021-09-28T00:46:42.974+0000 7f6f4dca5700 20 -- 172.21.15.91:0/1506895184 >> v2:172.21.15.91:6800/31751 conn(0x7f6f28061280 msgr2=0x7f6f28063790 unknown :-1 s=STATE_CONNECTION_ESTABLISHED l=1).process Ignoring malparsed backtrace:
2021-09-28T00:46:42.979+0000 7f6f4d4a4700 20 --2- 172.21.15.91:0/1506895184 >> [v2:172.21.15.91:3300/0,v1:172.21.15.91:6789/0] conn(0x7f6f480a53a0 0x7f6f480aac70 secure :-1 s=THROTTLE_DONE pgs=704 cs=0 l=1 rev1=1 crypto rx=0x7f6f3c00c490 tx=0x7f6f3c007ce0 comp rx=0 tx=0).read_frame_segment seg_idx=3 ,
2021-09-28T00:46:42.979+0000 7f6f4d4a4700 20 -- 172.21.15.91:0/1506895184 >> [v2:172.21.15.91:3300/0,v1:172.21.15.91:6789/0] conn(0x7f6f480a53a0 msgr2=0x7f6f480aac70 secure :-1 s=STATE_CONNECTION_ESTABLISHED l=1).read start len=153952 ,
2021-09-28T00:46:42.979+0000 7f6f4d4a4700 20 --2- 172.21.15.91:0/1506895184 >> [v2:172.21.15.91:3300/0,v1:172.21.15.91:6789/0] conn(0x7f6f480a53a0 0x7f6f480aac70 secure :-1 s=THROTTLE_DONE pgs=704 cs=0 l=1 rev1=1 crypto rx=0x7f6f3c00c490 tx=0x7f6f3c007ce0 comp rx=0 tx=0).handle_read_frame_segment r=0 Ignoring malparsed backtrace:
2021-09-28T00:46:43.142+0000 7f6f4e4a6700 5 --1- 172.21.15.91:0/1506895184 >> 172.21.15.91:0/1506895184 conn(0x7f6f48063ba0 0x7f6f480a4260 :-1 s=CLOSED pgs=0 cs=0 l=0).reset_recv_state (warped) reseting security handlers ,
2021-09-28T00:46:43.142+0000 7f6f4eca7700 20 Event(0x7f6f4805fb70 nevent=5000 time_id=5).wakeup ,
2021-09-28T00:46:43.142+0000 7f6f4e4a6700 5 --1- 172.21.15.91:0/1506895184 >> 172.21.15.91:0/1506895184 conn(0x7f6f48063ba0 0x7f6f480a4260 :-1 s=CLOSED pgs=0 cs=0 l=0).reset_security Ignoring malparsed backtrace:
2021-09-28T00:47:03.546+0000 7fdcb3fff700 10 -- >> [v2:172.21.15.91:3301/0,v1:172.21.15.91:6790/0] conn(0x7fdcb40a53a0 msgr2=0x7fdcb41398e0 unknown :-1 s=STATE_CONNECTION_ESTABLISHED l=0)._try_send sent bytes 26 remaining bytes 0 ,
2021-09-28T00:47:03.546+0000 7fdcb37fe700 20 --1- >> v1:172.21.15.91:6789/0 conn(0x7fdcb40a3e50 0x7fdcb40a4260 :-1 s=CONNECTING pgs=0 cs=0 l=0).handle_client_banner_write r=0 ,
2021-09-28T00:47:03.546+0000 7fdcb3fff700 20 -- >> [v2:172.21.15.91:3301/0,v1:172.21.15.91:6790/0] conn(0x7fdcb40a53a0 msgr2=0x7fdcb41398e0 unknown :-1 s=STATE_CONNECTION_ESTABLISHED l=0).read start len=10 Ignoring malparsed backtrace:
2021-09-28T00:47:03.546+0000 7fdcb37fe700 20 --1- 172.21.15.91:0/3354973305 >> v1:172.21.15.91:6789/0 conn(0x7fdcb40a3e50 0x7fdcb40a4260 :-1 s=OPENED pgs=705 cs=1 l=1).write_message sending 1 0x7fdcb413a180 ,
2021-09-28T00:47:03.546+0000 7fdcb8c33700 20 --2- 172.21.15.91:0/3354973305 >> v2:172.21.15.117:3300/0 conn(0x7fdcb40a6500 0x7fdcb40a6910 unknown :-1 s=HELLO_CONNECTING pgs=0 cs=0 l=0 rev1=1 crypto rx=0 tx=0 comp rx=0 tx=0).handle_read_frame_preamble_main r=0 ,
2021-09-28T00:47:03.546+0000 7fdcb37fe700 10 -- 172.21.15.91:0/3354973305 >> v1:172.21.15.91:6789/0 conn(0x7fdcb40a3e50 legacy=0x7fdcb40a4260 unknown :-1 s=STATE_CONNECTION_ESTABLISHED l=1)._try_send sent bytes 144 remaining bytes 0 Ignoring malparsed backtrace:
2021-09-28T00:47:03.546+0000 7fdcb3fff700 15 --2- 172.21.15.91:0/3354973305 >> [v2:172.21.15.91:3301/0,v1:172.21.15.91:6790/0] conn(0x7fdcb40a53a0 0x7fdcb41398e0 unknown :-1 s=AUTH_CONNECTING pgs=0 cs=0 l=0 rev1=1 crypto rx=0 tx=0 comp rx=0 tx=0).send_message inline write is denied, reschedule m=0x7fdcb413a620 ,
2021-09-28T00:47:03.546+0000 7fdcb3fff700 15 authenticated_encrypt_update plaintext.length()=80 buffer.length()=80 ,
2021-09-28T00:47:03.546+0000 7fdcb2ffd700 10 -- 172.21.15.91:0/3354973305 dispatch_throttle_release 33 to dispatch throttler 33/104857600 Ignoring malparsed backtrace:
2021-09-28T00:47:03.547+0000 7fdcb3fff700 5 --2- 172.21.15.91:0/3354973305 >> [v2:172.21.15.91:3301/0,v1:172.21.15.91:6790/0] conn(0x7fdcb40a53a0 0x7fdcb41398e0 secure :-1 s=READ_MESSAGE_COMPLETE pgs=442 cs=0 l=1 rev1=1 crypto rx=0x7fdca000b660 tx=0x7fdca0006e20 comp rx=0 tx=0).handle_message received message m=0x7fdca0003660 seq=2 from=mon.2 type=62 config(0 keys) v1 ,
2021-09-28T00:47:03.547+0000 7fdcb3fff700 20 -- 172.21.15.91:0/3354973305 queue 0x7fdca0003660 prio 196 ,
2021-09-28T00:47:03.547+0000 7fdcb3fff700 20 --2- 172.21.15.91:0/3354973305 >> [v2:172.21.15.91:3301/0,v1:172.21.15.91:6790/0] conn(0x7fdcb40a53a0 0x7fdcb41398e0 secure :-1 s=READY pgs=442 cs=0 l=1 rev1=1 crypto rx=0x7fdca000b660 tx=0x7fdca0006e20 comp rx=0 tx=0).read_frame Ignoring malparsed backtrace:
2021-09-28T00:47:03.550+0000 7fdcb9434700 10 -- connect_to [v2:172.21.15.91:3300/0,v1:172.21.15.91:6789/0] new 0x7fdcb40a6500 ,
2021-09-28T00:47:03.550+0000 7fdcb8c33700 20 -- >> [v2:172.21.15.91:3300/0,v1:172.21.15.91:6789/0] conn(0x7fdcb40a6500 msgr2=0x7fdcb406a810 unknown :-1 s=STATE_CONNECTING l=1).process ,
2021-09-28T00:47:03.550+0000 7fdcb9434700 1 -- --> [v2:172.21.15.91:3300/0,v1:172.21.15.91:6789/0] -- mon_getmap magic: 0 v1 -- 0x7fdcb40a7340 con 0x7fdcb40a6500 Ignoring malparsed backtrace:
2021-09-28T00:47:03.550+0000 7fdcb3fff700 20 --2- 172.21.15.91:0/1499208391 >> [v2:172.21.15.91:3301/0,v1:172.21.15.91:6790/0] conn(0x7fdcb40a3e50 0x7fdcb40aaad0 unknown :-1 s=AUTH_CONNECTING pgs=0 cs=0 l=1 rev1=1 crypto rx=0 tx=0 comp rx=0 tx=0).handle_auth_reply_more payload.length()=13 ,
2021-09-28T00:47:03.550+0000 7fdcb3fff700 5 --2- 172.21.15.91:0/1499208391 >> [v2:172.21.15.91:3301/0,v1:172.21.15.91:6790/0] conn(0x7fdcb40a3e50 0x7fdcb40aaad0 unknown :-1 s=AUTH_CONNECTING pgs=0 cs=0 l=1 rev1=1 crypto rx=0 tx=0 comp rx=0 tx=0).handle_auth_reply_more auth reply more len=9 ,
2021-09-28T00:47:03.550+0000 7fdcb3fff700 10 -- 172.21.15.91:0/1499208391 >> [v2:172.21.15.91:3301/0,v1:172.21.15.91:6790/0] conn(0x7fdcb40a3e50 msgr2=0x7fdcb40aaad0 unknown :-1 s=STATE_CONNECTION_ESTABLISHED l=1)._try_send sent bytes 76 remaining bytes 0 Ignoring malparsed backtrace:
2021-09-28T00:47:03.550+0000 7fdcb3fff700 20 --2- 172.21.15.91:0/1499208391 >> [v2:172.21.15.91:3301/0,v1:172.21.15.91:6790/0] conn(0x7fdcb40a3e50 0x7fdcb40aaad0 secure :-1 s=COMPRESSION_CONNECTING pgs=0 cs=0 l=1 rev1=1 crypto rx=0x7fdca0006e60 tx=0x7fdca0010000 comp rx=0 tx=0).handle_read_frame_preamble_main r=0 ,
2021-09-28T00:47:03.550+0000 7fdcb3fff700 20 --2- 172.21.15.91:0/1499208391 >> [v2:172.21.15.91:3301/0,v1:172.21.15.91:6790/0] conn(0x7fdcb40a3e50 0x7fdcb40aaad0 secure :-1 s=COMPRESSION_CONNECTING pgs=0 cs=0 l=1 rev1=1 crypto rx=0x7fdca0006e60 tx=0x7fdca0010000 comp rx=0 tx=0).read_frame_segment seg_idx=0 ,
2021-09-28T00:47:03.550+0000 7fdcb3fff700 10 --2- 172.21.15.91:0/1499208391 >> [v2:172.21.15.91:3301/0,v1:172.21.15.91:6790/0] conn(0x7fdcb40a3e50 0x7fdcb40aaad0 secure :-1 s=COMPRESSION_CONNECTING pgs=0 cs=0 l=1 rev1=1 crypto rx=0x7fdca0006e60 tx=0x7fdca0010000 comp rx=0 tx=0).handle_read_frame_dispatch tag=22 Ignoring malparsed backtrace:
2021-09-28T00:47:03.551+0000 7fdcb3fff700 10 --2- 172.21.15.91:0/1499208391 >> [v2:172.21.15.91:3301/0,v1:172.21.15.91:6790/0] conn(0x7fdcb40a3e50 0x7fdcb40aaad0 secure :-1 s=THROTTLE_DONE pgs=443 cs=0 l=1 rev1=1 crypto rx=0x7fdca0006e60 tx=0x7fdca0010000 comp rx=0 tx=0).handle_read_frame_dispatch tag=17 ,
2021-09-28T00:47:03.551+0000 7fdcb3fff700 20 --2- 172.21.15.91:0/1499208391 >> [v2:172.21.15.91:3301/0,v1:172.21.15.91:6790/0] conn(0x7fdcb40a3e50 0x7fdcb40aaad0 secure :-1 s=THROTTLE_DONE pgs=443 cs=0 l=1 rev1=1 crypto rx=0x7fdca0006e60 tx=0x7fdca0010000 comp rx=0 tx=0).handle_message ,
2021-09-28T00:47:03.551+0000 7fdcb3fff700 5 --2- 172.21.15.91:0/1499208391 >> [v2:172.21.15.91:3301/0,v1:172.21.15.91:6790/0] conn(0x7fdcb40a3e50 0x7fdcb40aaad0 secure :-1 s=THROTTLE_DONE pgs=443 cs=0 l=1 rev1=1 crypto rx=0x7fdca0006e60 tx=0x7fdca0010000 comp rx=0 tx=0).handle_message got 413 + 0 + 0 byte message. envelope type=4 src mon.2 off 0 Ignoring malparsed backtrace:
2021-09-28T00:47:03.553+0000 7fdcb37fe700 20 -- 172.21.15.91:0/1499208391 >> v2:172.21.15.91:6800/31751 conn(0x7fdc9c061280 msgr2=0x7fdc9c063790 unknown :-1 s=STATE_CONNECTING l=1).process ,
2021-09-28T00:47:03.553+0000 7fdcb37fe700 20 Event(0x7fdcb405fb70 nevent=5000 time_id=5).create_file_event create event started fd=17 mask=1 original mask is 0 ,
2021-09-28T00:47:03.553+0000 7fdcb37fe700 20 EpollDriver.add_event add event fd=17 cur_mask=0 add_mask=1 to 10 Ignoring malparsed backtrace:
2021-09-28T00:47:03.557+0000 7fdcb3fff700 20 -- 172.21.15.91:0/1499208391 >> [v2:172.21.15.91:3301/0,v1:172.21.15.91:6790/0] conn(0x7fdcb40a3e50 msgr2=0x7fdcb40aaad0 secure :-1 s=STATE_CONNECTION_ESTABLISHED l=1).read continue len=96 ,
2021-09-28T00:47:03.557+0000 7fdcb3fff700 20 --2- 172.21.15.91:0/1499208391 >> [v2:172.21.15.91:3301/0,v1:172.21.15.91:6790/0] conn(0x7fdcb40a3e50 0x7fdcb40aaad0 secure :-1 s=READY pgs=443 cs=0 l=1 rev1=1 crypto rx=0x7fdca0006e60 tx=0x7fdca0010000 comp rx=0 tx=0).handle_read_frame_preamble_main r=0 ,
2021-09-28T00:47:03.557+0000 7fdcb3fff700 20 --2- 172.21.15.91:0/1499208391 >> [v2:172.21.15.91:3301/0,v1:172.21.15.91:6790/0] conn(0x7fdcb40a3e50 0x7fdcb40aaad0 secure :-1 s=THROTTLE_MESSAGE pgs=443 cs=0 l=1 rev1=1 crypto rx=0x7fdca0006e60 tx=0x7fdca0010000 comp rx=0 tx=0).throttle_message Ignoring malparsed backtrace:
2021-09-28T00:47:03.716+0000 7fdcb9434700 5 -- 172.21.15.91:0/1499208391 shutdown_connections delete 0x7fdcb40a53a0 ,
2021-09-28T00:47:03.716+0000 7fdcb9434700 5 -- 172.21.15.91:0/1499208391 shutdown_connections delete 0x7fdcb40a6500 ,
2021-09-28T00:47:03.716+0000 7fdcb9434700 1 -- 172.21.15.91:0/1499208391 >> 172.21.15.91:0/1499208391 conn(0x7fdcb4063ba0 msgr2=0x7fdcb40a4260 unknown :-1 s=STATE_NONE l=0).mark_down Ignoring malparsed backtrace:
2021-09-28T00:47:04.099+0000 7f9a7533e700 20 Event(0x7f9a7006ab80 nevent=5000 time_id=2).create_file_event create event started fd=14 mask=2 original mask is 1 ,
2021-09-28T00:47:04.099+0000 7f9a7533e700 20 EpollDriver.add_event add event fd=14 cur_mask=1 add_mask=2 to 10 ,
2021-09-28T00:47:04.099+0000 7f9a7533e700 20 Event(0x7f9a7006ab80 nevent=5000 time_id=2).create_file_event create event end fd=14 mask=2 current mask is 3 Ignoring malparsed backtrace:
2021-09-28T00:47:04.100+0000 7f9a75b3f700 20 -- 172.21.15.91:0/1608699007 >> [v2:172.21.15.91:3301/0,v1:172.21.15.91:6790/0] conn(0x7f9a700a7630 msgr2=0x7f9a700a98e0 unknown :-1 s=STATE_CONNECTION_ESTABLISHED l=0).process ,
2021-09-28T00:47:04.100+0000 7f9a76340700 20 -- 172.21.15.91:0/1608699007 >> v1:172.21.15.117:6789/0 conn(0x7f9a700a4720 legacy=0x7f9a700a7c10 unknown :-1 s=STATE_CONNECTION_ESTABLISHED l=0).process ,
2021-09-28T00:47:04.100+0000 7f9a7533e700 20 --2- 172.21.15.91:0/1608699007 >> v2:172.21.15.117:3300/0 conn(0x7f9a700ac600 0x7f9a700a41e0 unknown :-1 s=AUTH_CONNECTING pgs=0 cs=0 l=0 rev1=1 crypto rx=0 tx=0 comp rx=0 tx=0).read_frame Ignoring malparsed backtrace:
2021-09-28T00:47:04.100+0000 7f9a75b3f700 10 -- 172.21.15.91:0/1608699007 >> [v2:172.21.15.91:3301/0,v1:172.21.15.91:6790/0] conn(0x7f9a700a7630 msgr2=0x7f9a700a98e0 secure :-1 s=STATE_CONNECTION_ESTABLISHED l=0)._try_send sent bytes 192 remaining bytes 0 ,
2021-09-28T00:47:04.100+0000 7f9a75b3f700 20 --2- 172.21.15.91:0/1608699007 >> [v2:172.21.15.91:3301/0,v1:172.21.15.91:6790/0] conn(0x7f9a700a7630 0x7f9a700a98e0 secure :-1 s=SESSION_CONNECTING pgs=0 cs=0 l=0 rev1=1 crypto rx=0x7f9a6c009a30 tx=0x7f9a6c0092d0 comp rx=0 tx=0).read_frame ,
2021-09-28T00:47:04.100+0000 7f9a75b3f700 20 -- 172.21.15.91:0/1608699007 >> [v2:172.21.15.91:3301/0,v1:172.21.15.91:6790/0] conn(0x7f9a700a7630 msgr2=0x7f9a700a98e0 secure :-1 s=STATE_CONNECTION_ESTABLISHED l=0).read start len=96 Ignoring malparsed backtrace:
2021-09-28T00:47:04.101+0000 7f9a77da3700 5 --2- 172.21.15.91:0/1608699007 >> [v2:172.21.15.91:3301/0,v1:172.21.15.91:6790/0] conn(0x7f9a700a7630 0x7f9a700a98e0 secure :-1 s=READY pgs=444 cs=0 l=1 rev1=1 crypto rx=0x7f9a6c009a30 tx=0x7f9a6c0092d0 comp rx=0 tx=0).reset_recv_state ,
2021-09-28T00:47:04.101+0000 7f9a77da3700 20 Event(0x7f9a700641e0 nevent=5000 time_id=3).wakeup ,
2021-09-28T00:47:04.101+0000 7f9a77da3700 10 --2- 172.21.15.91:0/1608699007 >> [v2:172.21.15.91:3301/0,v1:172.21.15.91:6790/0] conn(0x7f9a700a7630 0x7f9a700a98e0 secure :-1 s=READY pgs=444 cs=0 l=1 rev1=1 crypto rx=0x7f9a6c009a30 tx=0x7f9a6c0092d0 comp rx=0 tx=0).discard_out_queue started Ignoring malparsed backtrace:
2021-09-28T00:47:04.104+0000 7f9a75b3f700 20 -- >> [v2:172.21.15.91:3300/0,v1:172.21.15.91:6789/0] conn(0x7f9a700a4720 msgr2=0x7f9a70123fe0 unknown :-1 s=STATE_CONNECTION_ESTABLISHED l=1).read start len=10 ,
2021-09-28T00:47:04.104+0000 7f9a77da3700 15 --2- >> [v2:172.21.15.91:3301/0,v1:172.21.15.91:6790/0] conn(0x7f9a700a7630 0x7f9a701257f0 unknown :-1 s=BANNER_CONNECTING pgs=0 cs=0 l=1 rev1=0 crypto rx=0 tx=0 comp rx=0 tx=0).send_message inline write is denied, reschedule m=0x7f9a701263c0 ,
2021-09-28T00:47:04.104+0000 7f9a76340700 10 -- >> [v2:172.21.15.117:3300/0,v1:172.21.15.117:6789/0] conn(0x7f9a700ac600 msgr2=0x7f9a70126860 unknown :-1 s=STATE_CONNECTING_RE l=1).process nonblock connect inprogress Ignoring malparsed backtrace:
2021-09-28T00:47:04.104+0000 7f9a76340700 5 --2- 172.21.15.91:0/450601687 >> [v2:172.21.15.117:3300/0,v1:172.21.15.117:6789/0] conn(0x7f9a700ac600 0x7f9a70126860 unknown :-1 s=HELLO_CONNECTING pgs=0 cs=0 l=1 rev1=1 crypto rx=0 tx=0 comp rx=0 tx=0).handle_hello received hello: peer_type=1 peer_addr_for_me=v2:172.21.15.91:34456/0 ,
2021-09-28T00:47:04.104+0000 7f9a75b3f700 20 --2- 172.21.15.91:0/450601687 >> [v2:172.21.15.91:3300/0,v1:172.21.15.91:6789/0] conn(0x7f9a700a4720 0x7f9a70123fe0 unknown :-1 s=AUTH_CONNECTING pgs=0 cs=0 l=1 rev1=1 crypto rx=0 tx=0 comp rx=0 tx=0).read_frame ,
2021-09-28T00:47:04.104+0000 7f9a75b3f700 20 -- 172.21.15.91:0/450601687 >> [v2:172.21.15.91:3300/0,v1:172.21.15.91:6789/0] conn(0x7f9a700a4720 msgr2=0x7f9a70123fe0 unknown :-1 s=STATE_CONNECTION_ESTABLISHED l=1).read start len=32 Ignoring malparsed backtrace:
2021-09-28T00:47:04.104+0000 7f9a7533e700 10 --2- 172.21.15.91:0/450601687 >> [v2:172.21.15.91:3301/0,v1:172.21.15.91:6790/0] conn(0x7f9a700a7630 0x7f9a701257f0 secure :-1 s=SESSION_CONNECTING pgs=0 cs=0 l=1 rev1=1 crypto rx=0x7f9a5800b890 tx=0x7f9a58004d70 comp rx=0 tx=0).handle_read_frame_dispatch tag=9 ,
2021-09-28T00:47:04.104+0000 7f9a7533e700 20 --2- 172.21.15.91:0/450601687 >> [v2:172.21.15.91:3301/0,v1:172.21.15.91:6790/0] conn(0x7f9a700a7630 0x7f9a701257f0 secure :-1 s=SESSION_CONNECTING pgs=0 cs=0 l=1 rev1=1 crypto rx=0x7f9a5800b890 tx=0x7f9a58004d70 comp rx=0 tx=0).handle_server_ident payload.length()=123 ,
2021-09-28T00:47:04.104+0000 7f9a7533e700 5 --2- 172.21.15.91:0/450601687 >> [v2:172.21.15.91:3301/0,v1:172.21.15.91:6790/0] conn(0x7f9a700a7630 0x7f9a701257f0 secure :-1 s=SESSION_CONNECTING pgs=0 cs=0 l=1 rev1=1 crypto rx=0x7f9a5800b890 tx=0x7f9a58004d70 comp rx=0 tx=0).handle_server_ident received server identification: addrs=[v2:172.21.15.91:3301/0,v1:172.21.15.91:6790/0] gid=2 global_seq=445 features_supported=3f01cfbb7ffdffff features_required=c01021042040000 flags=1 cookie=0 Ignoring malparsed backtrace:
2021-09-28T00:47:04.105+0000 7f9a7533e700 5 --2- 172.21.15.91:0/450601687 >> [v2:172.21.15.91:3301/0,v1:172.21.15.91:6790/0] conn(0x7f9a700a7630 0x7f9a701257f0 secure :-1 s=READY pgs=445 cs=0 l=1 rev1=1 crypto rx=0x7f9a5800b890 tx=0x7f9a58004d70 comp rx=0 tx=0).write_message sending message m=0x7f9a70124580 seq=3 mon_subscribe({mgrmap=0+}) v3 ,
2021-09-28T00:47:04.105+0000 7f9a7533e700 20 --2- 172.21.15.91:0/450601687 >> [v2:172.21.15.91:3301/0,v1:172.21.15.91:6790/0] conn(0x7f9a700a7630 0x7f9a701257f0 secure :-1 s=READY pgs=445 cs=0 l=1 rev1=1 crypto rx=0x7f9a5800b890 tx=0x7f9a58004d70 comp rx=0 tx=0).write_message sending m=0x7f9a70124580 seq=3 src=client.5249 off=0 ,
2021-09-28T00:47:04.105+0000 7f9a7533e700 10 -- 172.21.15.91:0/450601687 >> [v2:172.21.15.91:3301/0,v1:172.21.15.91:6790/0] conn(0x7f9a700a7630 msgr2=0x7f9a701257f0 secure :-1 s=STATE_CONNECTION_ESTABLISHED l=1)._try_send sent bytes 176 remaining bytes 0 Ignoring malparsed backtrace:
2021-09-28T00:47:04.107+0000 7f9a75b3f700 20 --2- 172.21.15.91:0/450601687 >> v2:172.21.15.91:6800/31751 conn(0x7f9a50061280 0x7f9a50063790 unknown :-1 s=BANNER_CONNECTING pgs=0 cs=0 l=1 rev1=0 crypto rx=0 tx=0 comp rx=0 tx=0)._handle_peer_banner_payload r=0 ,
2021-09-28T00:47:04.107+0000 7f9a75b3f700 1 --2- 172.21.15.91:0/450601687 >> v2:172.21.15.91:6800/31751 conn(0x7f9a50061280 0x7f9a50063790 unknown :-1 s=BANNER_CONNECTING pgs=0 cs=0 l=1 rev1=0 crypto rx=0 tx=0 comp rx=0 tx=0)._handle_peer_banner_payload supported=3 required=0 ,
2021-09-28T00:47:04.107+0000 7f9a75b3f700 10 -- 172.21.15.91:0/450601687 >> v2:172.21.15.91:6800/31751 conn(0x7f9a50061280 msgr2=0x7f9a50063790 unknown :-1 s=STATE_CONNECTION_ESTABLISHED l=1)._try_send sent bytes 72 remaining bytes 0 Ignoring malparsed backtrace:
2021-09-28T00:47:04.308+0000 7f9a75b3f700 10 -- 172.21.15.91:0/450601687 >> v2:172.21.15.91:6800/31751 conn(0x7f9a50061280 msgr2=0x7f9a50063790 secure :-1 s=STATE_CONNECTION_ESTABLISHED l=1)._try_send sent bytes 96 remaining bytes 0 ,
2021-09-28T00:47:04.308+0000 7f9a75b3f700 20 --2- 172.21.15.91:0/450601687 >> v2:172.21.15.91:6800/31751 conn(0x7f9a50061280 0x7f9a50063790 secure :-1 s=AUTH_CONNECTING_SIGN pgs=0 cs=0 l=1 rev1=1 crypto rx=0x7f9a6c009130 tx=0x7f9a6c015000 comp rx=0 tx=0).read_frame ,
2021-09-28T00:47:04.308+0000 7f9a75b3f700 20 -- 172.21.15.91:0/450601687 >> v2:172.21.15.91:6800/31751 conn(0x7f9a50061280 msgr2=0x7f9a50063790 secure :-1 s=STATE_CONNECTION_ESTABLISHED l=1).read start len=96 Ignoring malparsed backtrace:
2021-09-28T00:47:04.311+0000 7f9a77da3700 5 -- 172.21.15.91:0/450601687 shutdown_connections mark down [v2:172.21.15.117:3300/0,v1:172.21.15.117:6789/0] 0x7f9a700ac600 ,
2021-09-28T00:47:04.311+0000 7f9a77da3700 1 --2- 172.21.15.91:0/450601687 >> [v2:172.21.15.117:3300/0,v1:172.21.15.117:6789/0] conn(0x7f9a700ac600 0x7f9a70126860 unknown :-1 s=CLOSED pgs=0 cs=0 l=1 rev1=1 crypto rx=0 tx=0 comp rx=0 tx=0).stop ,
2021-09-28T00:47:04.311+0000 7f9a77da3700 5 -- 172.21.15.91:0/450601687 shutdown_connections mark down [v2:172.21.15.91:3300/0,v1:172.21.15.91:6789/0] 0x7f9a700a4720 Ignoring malparsed backtrace:
2021-09-28T00:47:04.687+0000 7f5cb236f700 20 --2- >> v2:172.21.15.91:3300/0 conn(0x7f5cac0a4a60 0x7f5cac065f30 unknown :-1 s=BANNER_CONNECTING pgs=0 cs=0 l=0 rev1=0 crypto rx=0 tx=0 comp rx=0 tx=0)._banner_exchange ,
2021-09-28T00:47:04.687+0000 7f5cb1b6e700 20 --1- >> v1:172.21.15.91:6789/0 conn(0x7f5cac065700 0x7f5cac13a360 :-1 s=START_CONNECT pgs=0 cs=0 l=0).read_event ,
2021-09-28T00:47:04.687+0000 7f5cb1b6e700 20 --1- >> v1:172.21.15.91:6789/0 conn(0x7f5cac065700 0x7f5cac13a360 :-1 s=START_CONNECT pgs=0 cs=0 l=0).send_client_banner Ignoring malparsed backtrace:
2021-09-28T00:47:04.687+0000 7f5cb1b6e700 10 --1- 172.21.15.91:0/2836218815 >> v1:172.21.15.91:6789/0 conn(0x7f5cac065700 0x7f5cac13a360 :-1 s=CONNECTING_SEND_CONNECT_MSG pgs=706 cs=1 l=1).client_ready no authorizer, clearing session_security ,
2021-09-28T00:47:04.687+0000 7f5cb2b70700 20 --2- 172.21.15.91:0/2836218815 >> [v2:172.21.15.91:3301/0,v1:172.21.15.91:6790/0] conn(0x7f5cac136c20 0x7f5cac137030 unknown :-1 s=AUTH_CONNECTING pgs=0 cs=0 l=0 rev1=1 crypto rx=0 tx=0 comp rx=0 tx=0).handle_read_frame_preamble_main r=0 ,
2021-09-28T00:47:04.687+0000 7f5cb2b70700 20 --2- 172.21.15.91:0/2836218815 >> [v2:172.21.15.91:3301/0,v1:172.21.15.91:6790/0] conn(0x7f5cac136c20 0x7f5cac137030 unknown :-1 s=AUTH_CONNECTING pgs=0 cs=0 l=0 rev1=1 crypto rx=0 tx=0 comp rx=0 tx=0).read_frame_segment seg_idx=0 Ignoring malparsed backtrace:
2021-09-28T00:47:04.687+0000 7f5cb2b70700 10 --1- 172.21.15.91:0/2836218815 >> v1:172.21.15.91:6789/0 conn(0x7f5cac065700 0x7f5cac13a360 :-1 s=OPENED pgs=706 cs=1 l=1).discard_out_queue started ,
2021-09-28T00:47:04.687+0000 7f5cb2b70700 20 Event(0x7f5cac06b490 nevent=5000 time_id=3).wakeup ,
2021-09-28T00:47:04.687+0000 7f5cb1b6e700 5 --1- 172.21.15.91:0/2836218815 >> v1:172.21.15.91:6789/0 conn(0x7f5cac065700 0x7f5cac13a360 :-1 s=OPENED pgs=706 cs=1 l=1).reset_recv_state (warped) reseting security handlers Ignoring malparsed backtrace:
2021-09-28T00:47:04.688+0000 7f5cb2b70700 20 -- 172.21.15.91:0/2836218815 >> [v2:172.21.15.91:3301/0,v1:172.21.15.91:6790/0] conn(0x7f5cac136c20 msgr2=0x7f5cac137030 secure :-1 s=STATE_CONNECTION_ESTABLISHED l=1).read start len=96 ,
2021-09-28T00:47:04.688+0000 7f5cb2b70700 20 --2- 172.21.15.91:0/2836218815 >> [v2:172.21.15.91:3301/0,v1:172.21.15.91:6790/0] conn(0x7f5cac136c20 0x7f5cac137030 secure :-1 s=READY pgs=446 cs=0 l=1 rev1=1 crypto rx=0x7f5ca8009960 tx=0x7f5ca8009220 comp rx=0 tx=0).handle_read_frame_preamble_main r=0 ,
2021-09-28T00:47:04.688+0000 7f5cb2b70700 20 --2- 172.21.15.91:0/2836218815 >> [v2:172.21.15.91:3301/0,v1:172.21.15.91:6790/0] conn(0x7f5cac136c20 0x7f5cac137030 secure :-1 s=THROTTLE_MESSAGE pgs=446 cs=0 l=1 rev1=1 crypto rx=0x7f5ca8009960 tx=0x7f5ca8009220 comp rx=0 tx=0).throttle_message Ignoring malparsed backtrace:
2021-09-28T00:47:04.691+0000 7f5cb45d3700 10 -- create_connect [v2:172.21.15.91:3301/0,v1:172.21.15.91:6790/0], creating connection and registering ,
2021-09-28T00:47:04.691+0000 7f5cb236f700 20 -- >> [v2:172.21.15.91:3300/0,v1:172.21.15.91:6789/0] conn(0x7f5cac065700 msgr2=0x7f5cac071fa0 unknown :-1 s=STATE_CONNECTING l=1).process ,
2021-09-28T00:47:04.691+0000 7f5cb45d3700 10 -- >> [v2:172.21.15.91:3301/0,v1:172.21.15.91:6790/0] conn(0x7f5cac0a4a60 msgr2=0x7f5cac12fc20 unknown :-1 s=STATE_NONE l=1)._connect Ignoring malparsed backtrace:
2021-09-28T00:47:04.691+0000 7f5cb236f700 20 --2- 172.21.15.91:0/702082791 >> [v2:172.21.15.91:3300/0,v1:172.21.15.91:6789/0] conn(0x7f5cac065700 0x7f5cac071fa0 unknown :-1 s=AUTH_CONNECTING pgs=0 cs=0 l=1 rev1=1 crypto rx=0 tx=0 comp rx=0 tx=0).handle_read_frame_preamble_main r=0 ,
2021-09-28T00:47:04.691+0000 7f5cb236f700 20 --2- 172.21.15.91:0/702082791 >> [v2:172.21.15.91:3300/0,v1:172.21.15.91:6789/0] conn(0x7f5cac065700 0x7f5cac071fa0 unknown :-1 s=AUTH_CONNECTING pgs=0 cs=0 l=1 rev1=1 crypto rx=0 tx=0 comp rx=0 tx=0).read_frame_segment seg_idx=0 ,
