2021-11-17T17:28:44.269+0000 7f71a2ffd700 20 --2- 172.21.15.96:0/3667175876 >> [v2:172.21.15.96:3300/0,v1:172.21.15.96:6789/0] conn(0x7f71a4065880 0x7f71a40a4590 secure :-1 s=READY pgs=530 cs=0 l=1 rev1=1 crypto rx=0x7f719001f6e0 tx=0x7f7190006e20 comp rx=0 tx=0).write_message sending m=0x7f719400b1a0 seq=3 src=client.5505 off=0 ,
2021-11-17T17:28:44.269+0000 7f71a9f47700 1 -- 172.21.15.96:0/3667175876 --> [v2:172.21.15.96:3300/0,v1:172.21.15.96:6789/0] -- mon_subscribe({osdmap=0}) v3 -- 0x7f71a40a0e30 con 0x7f71a4065880
2021-11-18T04:26:13.768 WARNING:scrape:Ignoring malparsed backtrace:
2021-11-17T17:28:44.271+0000 7f71a37fe700 20 --2- 172.21.15.96:0/3667175876 >> v2:172.21.15.96:6800/33035 conn(0x7f718c061ba0 0x7f718c0640b0 unknown :-1 s=HELLO_CONNECTING pgs=0 cs=0 l=1 rev1=1 crypto rx=0 tx=0 comp rx=0 tx=0).read_frame ,
2021-11-17T17:28:44.271+0000 7f71a37fe700 20 -- 172.21.15.96:0/3667175876 >> v2:172.21.15.96:6800/33035 conn(0x7f718c061ba0 msgr2=0x7f718c0640b0 unknown :-1 s=STATE_CONNECTION_ESTABLISHED l=1).read start len=32 ,
2021-11-17T17:28:44.271+0000 7f71a37fe700 20 --2- 172.21.15.96:0/3667175876 >> v2:172.21.15.96:6800/33035 conn(0x7f718c061ba0 0x7f718c0640b0 unknown :-1 s=HELLO_CONNECTING pgs=0 cs=0 l=1 rev1=1 crypto rx=0 tx=0 comp rx=0 tx=0).handle_read_frame_preamble_main r=0
2021-11-18T04:26:13.769 WARNING:scrape:Ignoring malparsed backtrace:
2021-11-17T17:28:44.276+0000 7f71877fe700 10 -- 172.21.15.96:0/3667175876 dispatch_throttle_release 154956 to dispatch throttler 154956/104857600 ,
2021-11-17T17:28:44.276+0000 7f71877fe700 20 -- 172.21.15.96:0/3667175876 done calling dispatch on 0x7f719005ecc0 ,
2021-11-17T17:28:44.439+0000 7f71a9f47700 1 -- 172.21.15.96:0/3667175876 --> v2:172.21.15.96:6800/33035 -- mgr_command(tid 0: {"prefix": "osd deep-scrub", "who": "0", "target": ["mon-mgr", ""]}) v1 -- 0x7f71a4135a90 con 0x7f718c061ba0
2021-11-18T04:26:13.769 WARNING:scrape:Ignoring malparsed backtrace:
2021-11-17T17:28:44.683 DEBUG:teuthology.orchestra.run.smithi096:> sudo adjust-ulimits ceph-coverage /home/ubuntu/cephtest/archive/coverage timeout 120 ceph --cluster ceph tell osd.1 config set osd_debug_deep_scrub_sleep 0 ,
2021-11-17T17:28:44.813+0000 7f1908394700 20 CompressorRegistry(0x7f190006d630) adding algorithm method: snappy ,
2021-11-17T17:28:44.813+0000 7f1908394700 20 CompressorRegistry(0x7f190006d630) adding algorithm method: zlib
2021-11-18T04:26:13.770 WARNING:scrape:Ignoring malparsed backtrace:
2021-11-17T17:28:44.815+0000 7f1906931700 10 -- >> v1:172.21.15.96:6789/0 conn(0x7f190006ab90 legacy=0x7f1900137e60 unknown :-1 s=STATE_CONNECTION_ESTABLISHED l=0).handle_write ,
2021-11-17T17:28:44.815+0000 7f1906931700 10 --1- >> v1:172.21.15.96:6789/0 conn(0x7f190006ab90 0x7f1900137e60 :-1 s=CONNECTING_WAIT_BANNER_AND_IDENTIFY pgs=0 cs=0 l=0).write_event ,
2021-11-17T17:28:44.815+0000 7f1906931700 10 -- >> v1:172.21.15.96:6789/0 conn(0x7f190006ab90 legacy=0x7f1900137e60 unknown :-1 s=STATE_CONNECTION_ESTABLISHED l=0)._try_send sent bytes 0 remaining bytes 0
2021-11-18T04:26:13.771 WARNING:scrape:Ignoring malparsed backtrace:
2021-11-17T17:28:44.815+0000 7f190592f700 10 -- 172.21.15.96:0/1059222729 >> v2:172.21.15.96:3300/0 conn(0x7f1900064510 msgr2=0x7f190006a650 unknown :-1 s=STATE_CONNECTION_ESTABLISHED l=0)._try_send sent bytes 76 remaining bytes 0 ,
2021-11-17T17:28:44.815+0000 7f190592f700 20 --2- 172.21.15.96:0/1059222729 >> v2:172.21.15.96:3300/0 conn(0x7f1900064510 0x7f190006a650 unknown :-1 s=AUTH_CONNECTING pgs=0 cs=0 l=0 rev1=1 crypto rx=0 tx=0 comp rx=0 tx=0).read_frame ,
2021-11-17T17:28:44.815+0000 7f1906931700 20 --1- 172.21.15.96:0/1059222729 >> v1:172.21.15.96:6789/0 conn(0x7f190006ab90 0x7f1900137e60 :-1 s=OPENED pgs=531 cs=1 l=1).wait_message
2021-11-18T04:26:13.771 WARNING:scrape:Ignoring malparsed backtrace:
2021-11-17T17:28:44.816+0000 7f1906931700 5 --1- 172.21.15.96:0/1059222729 >> v1:172.21.15.96:6789/0 conn(0x7f190006ab90 0x7f1900137e60 :-1 s=CLOSED pgs=531 cs=1 l=1).reset_security ,
2021-11-17T17:28:44.816+0000 7f1906931700 20 EpollDriver.del_event del event fd=15 cur_mask=1 delmask=3 to 4 ,
2021-11-17T17:28:44.816+0000 7f190592f700 1 -- 172.21.15.96:0/1059222729 --> v2:172.21.15.96:3300/0 -- mon_subscribe({config=0+,monmap=0+}) v3 -- 0x7f1900138570 con 0x7f1900064510
2021-11-18T04:26:13.772 WARNING:scrape:Ignoring malparsed backtrace:
2021-11-17T17:28:44.816+0000 7f190592f700 20 --2- 172.21.15.96:0/1059222729 >> [v2:172.21.15.96:3300/0,v1:172.21.15.96:6789/0] conn(0x7f1900064510 0x7f190006a650 secure :-1 s=THROTTLE_DONE pgs=532 cs=0 l=1 rev1=1 crypto rx=0x7f18f400b6c0 tx=0x7f18f4006ee0 comp rx=0 tx=0).handle_read_frame_epilogue_main r=0 ,
2021-11-17T17:28:44.816+0000 7f190592f700 10 --2- 172.21.15.96:0/1059222729 >> [v2:172.21.15.96:3300/0,v1:172.21.15.96:6789/0] conn(0x7f1900064510 0x7f190006a650 secure :-1 s=THROTTLE_DONE pgs=532 cs=0 l=1 rev1=1 crypto rx=0x7f18f400b6c0 tx=0x7f18f4006ee0 comp rx=0 tx=0).handle_read_frame_dispatch tag=17 ,
2021-11-17T17:28:44.816+0000 7f190592f700 20 --2- 172.21.15.96:0/1059222729 >> [v2:172.21.15.96:3300/0,v1:172.21.15.96:6789/0] conn(0x7f1900064510 0x7f190006a650 secure :-1 s=THROTTLE_DONE pgs=532 cs=0 l=1 rev1=1 crypto rx=0x7f18f400b6c0 tx=0x7f18f4006ee0 comp rx=0 tx=0).handle_message
2021-11-18T04:26:13.773 WARNING:scrape:Ignoring malparsed backtrace:
2021-11-17T17:28:44.821+0000 7f1908394700 10 -- >> [v2:172.21.15.96:3300/0,v1:172.21.15.96:6789/0] conn(0x7f19000a7980 msgr2=0x7f19000a4280 unknown :-1 s=STATE_NONE l=1)._connect ,
2021-11-17T17:28:44.821+0000 7f1908394700 1 --2- >> [v2:172.21.15.96:3300/0,v1:172.21.15.96:6789/0] conn(0x7f19000a7980 0x7f19000a4280 unknown :-1 s=NONE pgs=0 cs=0 l=1 rev1=0 crypto rx=0 tx=0 comp rx=0 tx=0).connect ,
2021-11-17T17:28:44.821+0000 7f1908394700 20 Event(0x7f19000ae1c0 nevent=5000 time_id=3).wakeup
2021-11-18T04:26:13.774 WARNING:scrape:Ignoring malparsed backtrace:
2021-11-17T17:28:44.821+0000 7f190592f700 20 --2- 172.21.15.96:0/1956651211 >> [v2:172.21.15.100:3300/0,v1:172.21.15.100:6789/0] conn(0x7f190006ab90 0x7f19000a6670 unknown :-1 s=HELLO_CONNECTING pgs=0 cs=0 l=1 rev1=1 crypto rx=0 tx=0 comp rx=0 tx=0).post_client_banner_exchange ,
2021-11-17T17:28:44.821+0000 7f1906931700 20 --2- 172.21.15.96:0/1956651211 >> [v2:172.21.15.96:3300/0,v1:172.21.15.96:6789/0] conn(0x7f19000a7980 0x7f19000a4280 unknown :-1 s=HELLO_CONNECTING pgs=0 cs=0 l=1 rev1=1 crypto rx=0 tx=0 comp rx=0 tx=0).handle_read_frame_segment r=0 ,
2021-11-17T17:28:44.821+0000 7f1906130700 20 --2- 172.21.15.96:0/1956651211 >> [v2:172.21.15.96:3301/0,v1:172.21.15.96:6790/0] conn(0x7f1900064510 0x7f19000a0d00 unknown :-1 s=AUTH_CONNECTING pgs=0 cs=0 l=1 rev1=1 crypto rx=0 tx=0 comp rx=0 tx=0).send_auth_request peer_type 1 auth_client 0x7f190005d5e8
2021-11-18T04:26:13.774 WARNING:scrape:Ignoring malparsed backtrace:
2021-11-17T17:28:44.821+0000 7f190592f700 20 EpollDriver.del_event del event fd=17 cur_mask=1 delmask=3 to 10 ,
2021-11-17T17:28:44.821+0000 7f1906130700 5 --2- 172.21.15.96:0/1956651211 >> [v2:172.21.15.96:3301/0,v1:172.21.15.96:6790/0] conn(0x7f1900064510 0x7f19000a0d00 unknown :-1 s=CLOSED pgs=0 cs=0 l=1 rev1=1 crypto rx=0 tx=0 comp rx=0 tx=0).reset_recv_state (warped) reseting crypto and compression handlers ,
2021-11-17T17:28:44.821+0000 7f1906931700 15 authenticated_encrypt_update plaintext.length()=80 buffer.length()=80
2021-11-18T04:26:13.775 WARNING:scrape:Ignoring malparsed backtrace:
2021-11-17T17:28:44.822+0000 7f1906931700 20 --2- 172.21.15.96:0/1956651211 >> [v2:172.21.15.96:3300/0,v1:172.21.15.96:6789/0] conn(0x7f19000a7980 0x7f19000a4280 secure :-1 s=THROTTLE_DONE pgs=533 cs=0 l=1 rev1=1 crypto rx=0x7f18fc00b460 tx=0x7f18fc006ee0 comp rx=0 tx=0).handle_message ,
2021-11-17T17:28:44.822+0000 7f1906931700 5 --2- 172.21.15.96:0/1956651211 >> [v2:172.21.15.96:3300/0,v1:172.21.15.96:6789/0] conn(0x7f19000a7980 0x7f19000a4280 secure :-1 s=THROTTLE_DONE pgs=533 cs=0 l=1 rev1=1 crypto rx=0x7f18fc00b460 tx=0x7f18fc006ee0 comp rx=0 tx=0).handle_message got 4 + 0 + 0 byte message. envelope type=62 src mon.0 off 0 ,
2021-11-17T17:28:44.822+0000 7f1906931700 5 --2- 172.21.15.96:0/1956651211 >> [v2:172.21.15.96:3300/0,v1:172.21.15.96:6789/0] conn(0x7f19000a7980 0x7f19000a4280 secure :-1 s=READ_MESSAGE_COMPLETE pgs=533 cs=0 l=1 rev1=1 crypto rx=0x7f18fc00b460 tx=0x7f18fc006ee0 comp rx=0 tx=0).handle_message received message m=0x7f18fc0062b0 seq=2 from=mon.0 type=62 config(0 keys) v1
2021-11-18T04:26:13.776 WARNING:scrape:Ignoring malparsed backtrace:
2021-11-17T17:28:44.824+0000 7f1906931700 20 --2- 172.21.15.96:0/1956651211 >> [v2:172.21.15.96:3300/0,v1:172.21.15.96:6789/0] conn(0x7f19000a7980 0x7f19000a4280 secure :-1 s=THROTTLE_BYTES pgs=533 cs=0 l=1 rev1=1 crypto rx=0x7f18fc00b460 tx=0x7f18fc006ee0 comp rx=0 tx=0).throttle_bytes ,
2021-11-17T17:28:44.824+0000 7f1906931700 20 --2- 172.21.15.96:0/1956651211 >> [v2:172.21.15.96:3300/0,v1:172.21.15.96:6789/0] conn(0x7f19000a7980 0x7f19000a4280 secure :-1 s=THROTTLE_DISPATCH_QUEUE pgs=533 cs=0 l=1 rev1=1 crypto rx=0x7f18fc00b460 tx=0x7f18fc006ee0 comp rx=0 tx=0).throttle_dispatch_queue ,
2021-11-17T17:28:44.824+0000 7f1906931700 20 --2- 172.21.15.96:0/1956651211 >> [v2:172.21.15.96:3300/0,v1:172.21.15.96:6789/0] conn(0x7f19000a7980 0x7f19000a4280 secure :-1 s=THROTTLE_DONE pgs=533 cs=0 l=1 rev1=1 crypto rx=0x7f18fc00b460 tx=0x7f18fc006ee0 comp rx=0 tx=0).read_frame_segment seg_idx=0
2021-11-18T04:26:13.777 WARNING:scrape:Ignoring malparsed backtrace:
2021-11-17T17:28:44.825+0000 7f1906130700 20 --2- 172.21.15.96:0/1956651211 >> v2:172.21.15.96:6800/33035 conn(0x7f18e0061ba0 0x7f18e00640b0 unknown :-1 s=AUTH_CONNECTING pgs=0 cs=0 l=1 rev1=1 crypto rx=0 tx=0 comp rx=0 tx=0).handle_read_frame_preamble_main r=0 ,
2021-11-17T17:28:44.825+0000 7f1906130700 20 --2- 172.21.15.96:0/1956651211 >> v2:172.21.15.96:6800/33035 conn(0x7f18e0061ba0 0x7f18e00640b0 unknown :-1 s=AUTH_CONNECTING pgs=0 cs=0 l=1 rev1=1 crypto rx=0 tx=0 comp rx=0 tx=0).read_frame_segment seg_idx=0 ,
2021-11-17T17:28:44.825+0000 7f1906130700 20 -- 172.21.15.96:0/1956651211 >> v2:172.21.15.96:6800/33035 conn(0x7f18e0061ba0 msgr2=0x7f18e00640b0 unknown :-1 s=STATE_CONNECTION_ESTABLISHED l=1).read start len=40
2021-11-18T04:26:13.777 WARNING:scrape:Ignoring malparsed backtrace:
2021-11-17T17:28:45.030+0000 7f190592f700 20 -- 172.21.15.96:0/1956651211 >> v2:172.21.15.96:6804/33284 conn(0x7f18e0068300 msgr2=0x7f18e006a770 unknown :-1 s=STATE_CONNECTING l=1).process ,
2021-11-17T17:28:45.030+0000 7f190592f700 20 Event(0x7f1900066ff0 nevent=5000 time_id=7).create_file_event create event started fd=17 mask=1 original mask is 0 ,
2021-11-17T17:28:45.030+0000 7f190592f700 20 EpollDriver.add_event add event fd=17 cur_mask=0 add_mask=1 to 10
2021-11-18T04:26:13.778 WARNING:scrape:Ignoring malparsed backtrace:
2021-11-17T17:28:46.241+0000 7f190592f700 20 Event(0x7f1900066ff0 nevent=5000 time_id=11).create_file_event create event started fd=17 mask=1 original mask is 0 ,
2021-11-17T17:28:46.241+0000 7f190592f700 20 EpollDriver.add_event add event fd=17 cur_mask=0 add_mask=1 to 10 ,
2021-11-17T17:28:46.241+0000 7f190592f700 20 Event(0x7f1900066ff0 nevent=5000 time_id=11).create_file_event create event end fd=17 mask=1 current mask is 1
2021-11-18T04:26:13.779 WARNING:scrape:Ignoring malparsed backtrace:
2021-11-17T17:28:47.853+0000 7f190592f700 20 -- 172.21.15.96:0/1956651211 >> v2:172.21.15.96:6804/33284 conn(0x7f18e0068300 msgr2=0x7f18e006a770 unknown :-1 s=STATE_CONNECTION_ESTABLISHED l=1).process ,
2021-11-17T17:28:47.853+0000 7f190592f700 20 -- 172.21.15.96:0/1956651211 >> v2:172.21.15.96:6804/33284 conn(0x7f18e0068300 msgr2=0x7f18e006a770 unknown :-1 s=STATE_CONNECTION_ESTABLISHED l=1).read continue len=32 ,
2021-11-17T17:28:47.853+0000 7f190592f700 20 --2- 172.21.15.96:0/1956651211 >> v2:172.21.15.96:6804/33284 conn(0x7f18e0068300 0x7f18e006a770 unknown :-1 s=AUTH_CONNECTING pgs=0 cs=0 l=1 rev1=1 crypto rx=0 tx=0 comp rx=0 tx=0).handle_read_frame_preamble_main r=0
2021-11-18T04:26:13.780 WARNING:scrape:Ignoring malparsed backtrace:
2021-11-17T17:28:57.463+0000 7f190592f700 20 --2- 172.21.15.96:0/1956651211 >> v2:172.21.15.96:6804/33284 conn(0x7f18e0068300 0x7f18e006a770 unknown :-1 s=BANNER_CONNECTING pgs=0 cs=0 l=1 rev1=1 crypto rx=0 tx=0 comp rx=0 tx=0)._handle_peer_banner r=0 ,
2021-11-17T17:28:57.463+0000 7f190592f700 20 -- 172.21.15.96:0/1956651211 >> v2:172.21.15.96:6804/33284 conn(0x7f18e0068300 msgr2=0x7f18e006a770 unknown :-1 s=STATE_CONNECTION_ESTABLISHED l=1).read start len=16 ,
2021-11-17T17:28:57.463+0000 7f190592f700 20 --2- 172.21.15.96:0/1956651211 >> v2:172.21.15.96:6804/33284 conn(0x7f18e0068300 0x7f18e006a770 unknown :-1 s=BANNER_CONNECTING pgs=0 cs=0 l=1 rev1=1 crypto rx=0 tx=0 comp rx=0 tx=0)._handle_peer_banner_payload r=0
2021-11-18T04:26:13.781 WARNING:scrape:Ignoring malparsed backtrace:
2021-11-17T17:29:10.274+0000 7f190592f700 20 -- 172.21.15.96:0/1956651211 >> v2:172.21.15.96:6804/33284 conn(0x7f18e0068300 msgr2=0x7f18e006a770 unknown :-1 s=STATE_CONNECTION_ESTABLISHED l=1).read continue len=32 ,
2021-11-17T17:29:10.274+0000 7f190592f700 20 --2- 172.21.15.96:0/1956651211 >> v2:172.21.15.96:6804/33284 conn(0x7f18e0068300 0x7f18e006a770 unknown :-1 s=HELLO_CONNECTING pgs=0 cs=0 l=1 rev1=1 crypto rx=0 tx=0 comp rx=0 tx=0).handle_read_frame_preamble_main r=0 ,
2021-11-17T17:29:10.274+0000 7f190592f700 20 --2- 172.21.15.96:0/1956651211 >> v2:172.21.15.96:6804/33284 conn(0x7f18e0068300 0x7f18e006a770 unknown :-1 s=HELLO_CONNECTING pgs=0 cs=0 l=1 rev1=1 crypto rx=0 tx=0 comp rx=0 tx=0).read_frame_segment seg_idx=0
2021-11-18T04:26:13.781 WARNING:scrape:Ignoring malparsed backtrace:
2021-11-17T17:29:25.282+0000 7f190592f700 20 --2- 172.21.15.96:0/1956651211 >> v2:172.21.15.96:6804/33284 conn(0x7f18e0068300 0x7f18e006a770 unknown :-1 s=AUTH_CONNECTING pgs=0 cs=0 l=1 rev1=1 crypto rx=0 tx=0 comp rx=0 tx=0).handle_read_frame_segment r=0 ,
2021-11-17T17:29:25.282+0000 7f190592f700 10 --2- 172.21.15.96:0/1956651211 >> v2:172.21.15.96:6804/33284 conn(0x7f18e0068300 0x7f18e006a770 unknown :-1 s=AUTH_CONNECTING pgs=0 cs=0 l=1 rev1=1 crypto rx=0 tx=0 comp rx=0 tx=0).handle_read_frame_dispatch tag=3 ,
2021-11-17T17:29:25.282+0000 7f190592f700 20 --2- 172.21.15.96:0/1956651211 >> v2:172.21.15.96:6804/33284 conn(0x7f18e0068300 0x7f18e006a770 unknown :-1 s=AUTH_CONNECTING pgs=0 cs=0 l=1 rev1=1 crypto rx=0 tx=0 comp rx=0 tx=0).handle_auth_bad_method payload.length()=28
2021-11-18T04:26:13.782 WARNING:scrape:Ignoring malparsed backtrace:
2021-11-17T17:29:40.304+0000 7f190592f700 5 --2- 172.21.15.96:0/1956651211 >> v2:172.21.15.96:6804/33284 conn(0x7f18e0068300 0x7f18e006a770 unknown :-1 s=AUTH_CONNECTING pgs=0 cs=0 l=1 rev1=1 crypto rx=0 tx=0 comp rx=0 tx=0).reset_compression ,
2021-11-17T17:29:40.304+0000 7f190592f700 1 --2- 172.21.15.96:0/1956651211 >> v2:172.21.15.96:6804/33284 conn(0x7f18e0068300 0x7f18e006a770 unknown :-1 s=START_CONNECT pgs=0 cs=0 l=1 rev1=1 crypto rx=0 tx=0 comp rx=0 tx=0)._fault waiting 15.000000 ,
2021-11-17T17:29:44.833+0000 7f18eeffd700 1 -- 172.21.15.96:0/1956651211 --> v2:172.21.15.96:6804/33284 -- ping magic: 0 v1 -- 0x7f18dc004580 con 0x7f18e0068300
2021-11-18T04:26:13.783 WARNING:scrape:Ignoring malparsed backtrace:
2021-11-17T17:30:07.827+0000 7f18ed7fa700 10 --2- 172.21.15.96:0/1956651211 >> [v2:172.21.15.96:3300/0,v1:172.21.15.96:6789/0] conn(0x7f19000a7980 0x7f19000a4280 secure :-1 s=READY pgs=533 cs=0 l=1 rev1=1 crypto rx=0x7f18fc00b460 tx=0x7f18fc006ee0 comp rx=0 tx=0).send_keepalive ,
2021-11-17T17:30:07.827+0000 7f18ed7fa700 20 Event(0x7f19000ae1c0 nevent=5000 time_id=5).wakeup ,
2021-11-17T17:30:07.827+0000 7f1906931700 10 -- 172.21.15.96:0/1956651211 >> [v2:172.21.15.96:3300/0,v1:172.21.15.96:6789/0] conn(0x7f19000a7980 msgr2=0x7f19000a4280 secure :-1 s=STATE_CONNECTION_ESTABLISHED l=1).handle_write
2021-11-18T04:26:13.783 WARNING:scrape:Ignoring malparsed backtrace:
2021-11-17T17:30:25.358+0000 7f190592f700 10 -- 172.21.15.96:0/1956651211 >> v2:172.21.15.96:6804/33284 conn(0x7f18e0068300 msgr2=0x7f18e006a770 unknown :-1 s=STATE_CONNECTING_RE l=1).process connect successfully, ready to send banner ,
2021-11-17T17:30:25.358+0000 7f190592f700 20 --2- 172.21.15.96:0/1956651211 >> v2:172.21.15.96:6804/33284 conn(0x7f18e0068300 0x7f18e006a770 unknown :-1 s=START_CONNECT pgs=0 cs=0 l=1 rev1=1 crypto rx=0 tx=0 comp rx=0 tx=0).read_event ,
2021-11-17T17:30:25.358+0000 7f190592f700 20 --2- 172.21.15.96:0/1956651211 >> v2:172.21.15.96:6804/33284 conn(0x7f18e0068300 0x7f18e006a770 unknown :-1 s=START_CONNECT pgs=0 cs=0 l=1 rev1=1 crypto rx=0 tx=0 comp rx=0 tx=0).start_client_banner_exchange
2021-11-18T04:26:13.784 WARNING:scrape:Ignoring malparsed backtrace:
2021-11-17T17:30:40.380+0000 7f190592f700 20 --2- 172.21.15.96:0/1956651211 >> v2:172.21.15.96:6804/33284 conn(0x7f18e0068300 0x7f18e006a770 unknown :-1 s=BANNER_CONNECTING pgs=0 cs=0 l=1 rev1=1 crypto rx=0 tx=0 comp rx=0 tx=0)._handle_peer_banner r=0 ,
2021-11-17T17:30:40.380+0000 7f190592f700 20 -- 172.21.15.96:0/1956651211 >> v2:172.21.15.96:6804/33284 conn(0x7f18e0068300 msgr2=0x7f18e006a770 unknown :-1 s=STATE_CONNECTION_ESTABLISHED l=1).read start len=16 ,
2021-11-17T17:30:40.380+0000 7f190592f700 20 --2- 172.21.15.96:0/1956651211 >> v2:172.21.15.96:6804/33284 conn(0x7f18e0068300 0x7f18e006a770 unknown :-1 s=BANNER_CONNECTING pgs=0 cs=0 l=1 rev1=1 crypto rx=0 tx=0 comp rx=0 tx=0)._handle_peer_banner_payload r=0
2021-11-18T04:26:13.785 WARNING:scrape:Ignoring malparsed backtrace:
2021-11-17T17:30:44.847+0000 7fc7436c5700 5 --2- >> v2:172.21.15.100:3300/0 conn(0x7fc73c0a92a0 0x7fc73c13a7d0 unknown :-1 s=START_CONNECT pgs=0 cs=0 l=0 rev1=0 crypto rx=0 tx=0 comp rx=0 tx=0).send_message enqueueing message m=0x7fc73c0a97f0 type=5 mon_getmap magic: 0 v1 ,
2021-11-17T17:30:44.847+0000 7fc7436c5700 15 --2- >> v2:172.21.15.100:3300/0 conn(0x7fc73c0a92a0 0x7fc73c13a7d0 unknown :-1 s=START_CONNECT pgs=0 cs=0 l=0 rev1=0 crypto rx=0 tx=0 comp rx=0 tx=0).send_message inline write is denied, reschedule m=0x7fc73c0a97f0 ,
2021-11-17T17:30:44.847+0000 7fc740c60700 20 Event(0x7fc73c065740 nevent=5000 time_id=2).create_file_event create event started fd=14 mask=1 original mask is 0
2021-11-18T04:26:13.786 WARNING:scrape:Ignoring malparsed backtrace:
2021-11-17T17:30:44.847+0000 7fc740c60700 20 --2- 172.21.15.96:0/2156617052 >> v2:172.21.15.96:3300/0 conn(0x7fc73c0a7d00 0x7fc73c0aa050 unknown :-1 s=AUTH_CONNECTING pgs=0 cs=0 l=0 rev1=1 crypto rx=0 tx=0 comp rx=0 tx=0).read_frame_segment seg_idx=0 ,
2021-11-17T17:30:44.847+0000 7fc741461700 20 -- 172.21.15.96:0/2156617052 >> v2:172.21.15.100:3300/0 conn(0x7fc73c0a92a0 msgr2=0x7fc73c13a7d0 unknown :-1 s=STATE_CONNECTION_ESTABLISHED l=0).process ,
2021-11-17T17:30:44.847+0000 7fc740c60700 20 -- 172.21.15.96:0/2156617052 >> v2:172.21.15.96:3300/0 conn(0x7fc73c0a7d00 msgr2=0x7fc73c0aa050 unknown :-1 s=STATE_CONNECTION_ESTABLISHED l=0).read start len=17
2021-11-18T04:26:13.786 WARNING:scrape:Ignoring malparsed backtrace:
2021-11-17T17:30:44.848+0000 7fc741461700 20 CompressorRegistry(0x7fc73c06d630) get_mode peer_type 1 is_secure 1 ,
2021-11-17T17:30:44.848+0000 7fc741461700 15 authenticated_encrypt_update plaintext.length()=80 buffer.length()=80 ,
2021-11-17T17:30:44.848+0000 7fc741461700 15 authenticated_encrypt_final buffer.length()=96 final_len=0
2021-11-18T04:26:13.787 WARNING:scrape:Ignoring malparsed backtrace:
2021-11-17T17:30:44.848+0000 7fc72bfff700 20 -- 172.21.15.96:0/2156617052 done calling dispatch on 0x7fc72c003500 ,
2021-11-17T17:30:44.848+0000 7fc741461700 20 -- 172.21.15.96:0/2156617052 >> [v2:172.21.15.100:3300/0,v1:172.21.15.100:6789/0] conn(0x7fc73c0a92a0 msgr2=0x7fc73c13a7d0 secure :-1 s=STATE_CONNECTION_ESTABLISHED l=1).read start len=32 ,
2021-11-17T17:30:44.848+0000 7fc741461700 20 --2- 172.21.15.96:0/2156617052 >> [v2:172.21.15.100:3300/0,v1:172.21.15.100:6789/0] conn(0x7fc73c0a92a0 0x7fc73c13a7d0 secure :-1 s=THROTTLE_DONE pgs=338 cs=0 l=1 rev1=1 crypto rx=0x7fc73c0b1180 tx=0x7fc72c006e20 comp rx=0 tx=0).handle_read_frame_epilogue_main r=0
2021-11-18T04:26:13.788 WARNING:scrape:Ignoring malparsed backtrace:
2021-11-17T17:30:44.851+0000 7fc7436c5700 5 --2- >> [v2:172.21.15.100:3300/0,v1:172.21.15.100:6789/0] conn(0x7fc73c0a7d00 0x7fc73c0a2070 unknown :-1 s=START_CONNECT pgs=0 cs=0 l=1 rev1=0 crypto rx=0 tx=0 comp rx=0 tx=0).send_message enqueueing message m=0x7fc73c0a38f0 type=5 mon_getmap magic: 0 v1 ,
2021-11-17T17:30:44.851+0000 7fc7436c5700 15 --2- >> [v2:172.21.15.100:3300/0,v1:172.21.15.100:6789/0] conn(0x7fc73c0a7d00 0x7fc73c0a2070 unknown :-1 s=START_CONNECT pgs=0 cs=0 l=1 rev1=0 crypto rx=0 tx=0 comp rx=0 tx=0).send_message inline write is denied, reschedule m=0x7fc73c0a38f0 ,
2021-11-17T17:30:44.851+0000 7fc7436c5700 1 -- --> [v2:172.21.15.96:3301/0,v1:172.21.15.96:6790/0] -- mon_getmap magic: 0 v1 -- 0x7fc73c0a3a60 con 0x7fc73c0a92a0
2021-11-18T04:26:13.788 WARNING:scrape:Ignoring malparsed backtrace:
2021-11-17T17:30:44.852+0000 7fc741461700 20 -- 172.21.15.96:0/1968280621 >> [v2:172.21.15.100:3300/0,v1:172.21.15.100:6789/0] conn(0x7fc73c0a7d00 msgr2=0x7fc73c0a2070 unknown :-1 s=STATE_CONNECTION_ESTABLISHED l=1).process ,
2021-11-17T17:30:44.852+0000 7fc740c60700 20 -- 172.21.15.96:0/1968280621 >> [v2:172.21.15.96:3300/0,v1:172.21.15.96:6789/0] conn(0x7fc73c0a8670 msgr2=0x7fc73c0a1610 unknown :-1 s=STATE_CONNECTION_ESTABLISHED l=1).read continue len=32 ,
2021-11-17T17:30:44.852+0000 7fc741461700 20 -- 172.21.15.96:0/1968280621 >> [v2:172.21.15.100:3300/0,v1:172.21.15.100:6789/0] conn(0x7fc73c0a7d00 msgr2=0x7fc73c0a2070 unknown :-1 s=STATE_CONNECTION_ESTABLISHED l=1).read continue len=32
2021-11-18T04:26:13.789 WARNING:scrape:Ignoring malparsed backtrace:
2021-11-17T17:30:44.852+0000 7fc741461700 10 -- 172.21.15.96:0/1968280621 >> [v2:172.21.15.100:3300/0,v1:172.21.15.100:6789/0] conn(0x7fc73c0a7d00 msgr2=0x7fc73c0a2070 secure :-1 s=STATE_CONNECTION_ESTABLISHED l=1)._try_send sent bytes 96 remaining bytes 0 ,
2021-11-17T17:30:44.852+0000 7fc741461700 20 --2- 172.21.15.96:0/1968280621 >> [v2:172.21.15.100:3300/0,v1:172.21.15.100:6789/0] conn(0x7fc73c0a7d00 0x7fc73c0a2070 secure :-1 s=COMPRESSION_CONNECTING pgs=0 cs=0 l=1 rev1=1 crypto rx=0x7fc72c01d010 tx=0x7fc72c025000 comp rx=0 tx=0).read_frame ,
2021-11-17T17:30:44.852+0000 7fc741461700 20 -- 172.21.15.96:0/1968280621 >> [v2:172.21.15.100:3300/0,v1:172.21.15.100:6789/0] conn(0x7fc73c0a7d00 msgr2=0x7fc73c0a2070 secure :-1 s=STATE_CONNECTION_ESTABLISHED l=1).read start len=96
2021-11-18T04:26:13.790 WARNING:scrape:Ignoring malparsed backtrace:
2021-11-17T17:30:44.853+0000 7fc7436c5700 20 Event(0x7fc73c05f6f0 nevent=5000 time_id=5).wakeup ,
2021-11-17T17:30:44.853+0000 7fc741461700 20 -- 172.21.15.96:0/1968280621 >> [v2:172.21.15.100:3300/0,v1:172.21.15.100:6789/0] conn(0x7fc73c0a7d00 msgr2=0x7fc73c0a2070 secure :-1 s=STATE_CONNECTION_ESTABLISHED l=1).read start len=416 ,
2021-11-17T17:30:44.853+0000 7fc741461700 20 --2- 172.21.15.96:0/1968280621 >> [v2:172.21.15.100:3300/0,v1:172.21.15.100:6789/0] conn(0x7fc73c0a7d00 0x7fc73c0a2070 secure :-1 s=THROTTLE_DONE pgs=339 cs=0 l=1 rev1=1 crypto rx=0x7fc72c01d010 tx=0x7fc72c025000 comp rx=0 tx=0).handle_read_frame_segment r=0
2021-11-18T04:26:13.791 WARNING:scrape:Ignoring malparsed backtrace:
2021-11-17T17:30:44.854+0000 7fc741461700 20 --2- 172.21.15.96:0/1968280621 >> [v2:172.21.15.100:3300/0,v1:172.21.15.100:6789/0] conn(0x7fc73c0a7d00 0x7fc73c0a2070 secure :-1 s=THROTTLE_MESSAGE pgs=339 cs=0 l=1 rev1=1 crypto rx=0x7fc72c01d010 tx=0x7fc72c025000 comp rx=0 tx=0).throttle_message ,
2021-11-17T17:30:44.854+0000 7fc741461700 20 --2- 172.21.15.96:0/1968280621 >> [v2:172.21.15.100:3300/0,v1:172.21.15.100:6789/0] conn(0x7fc73c0a7d00 0x7fc73c0a2070 secure :-1 s=THROTTLE_BYTES pgs=339 cs=0 l=1 rev1=1 crypto rx=0x7fc72c01d010 tx=0x7fc72c025000 comp rx=0 tx=0).throttle_bytes ,
2021-11-17T17:30:44.854+0000 7fc741461700 20 --2- 172.21.15.96:0/1968280621 >> [v2:172.21.15.100:3300/0,v1:172.21.15.100:6789/0] conn(0x7fc73c0a7d00 0x7fc73c0a2070 secure :-1 s=THROTTLE_DISPATCH_QUEUE pgs=339 cs=0 l=1 rev1=1 crypto rx=0x7fc72c01d010 tx=0x7fc72c025000 comp rx=0 tx=0).throttle_dispatch_queue
2021-11-18T04:26:13.791 WARNING:scrape:Ignoring malparsed backtrace:
2021-11-17T17:30:44.855+0000 7fc740c60700 10 --2- 172.21.15.96:0/1968280621 >> v2:172.21.15.96:6800/33035 conn(0x7fc71c061ba0 0x7fc71c0640b0 unknown :-1 s=AUTH_CONNECTING pgs=0 cs=0 l=1 rev1=1 crypto rx=0 tx=0 comp rx=0 tx=0).handle_read_frame_dispatch tag=6 ,
2021-11-17T17:30:44.855+0000 7fc740c60700 20 --2- 172.21.15.96:0/1968280621 >> v2:172.21.15.96:6800/33035 conn(0x7fc71c061ba0 0x7fc71c0640b0 unknown :-1 s=AUTH_CONNECTING pgs=0 cs=0 l=1 rev1=1 crypto rx=0 tx=0 comp rx=0 tx=0).handle_auth_done payload.length()=116 ,
2021-11-17T17:30:44.855+0000 7fc740c60700 15 authenticated_encrypt_update plaintext.length()=80 buffer.length()=80
2021-11-18T04:26:13.792 WARNING:scrape:Ignoring malparsed backtrace:
2021-11-17T17:30:45.062+0000 7fc741c62700 1 --2- 172.21.15.96:0/1968280621 >> v2:172.21.15.96:6805/33324 conn(0x7fc71c068300 0x7fc71c06a770 unknown :-1 s=BANNER_CONNECTING pgs=0 cs=0 l=1 rev1=1 crypto rx=0 tx=0 comp rx=0 tx=0)._handle_peer_banner_payload supported=1 required=0 ,
2021-11-17T17:30:45.062+0000 7fc741c62700 10 -- 172.21.15.96:0/1968280621 >> v2:172.21.15.96:6805/33324 conn(0x7fc71c068300 msgr2=0x7fc71c06a770 unknown :-1 s=STATE_CONNECTION_ESTABLISHED l=1)._try_send sent bytes 72 remaining bytes 0 ,
2021-11-17T17:30:45.062+0000 7fc741c62700 20 --2- 172.21.15.96:0/1968280621 >> v2:172.21.15.96:6805/33324 conn(0x7fc71c068300 0x7fc71c06a770 unknown :-1 s=HELLO_CONNECTING pgs=0 cs=0 l=1 rev1=1 crypto rx=0 tx=0 comp rx=0 tx=0).read_frame
2021-11-18T04:26:13.793 WARNING:scrape:Ignoring malparsed backtrace:
2021-11-17T17:30:46.272+0000 7fc741c62700 10 -- 172.21.15.96:0/1968280621 >> v2:172.21.15.96:6805/33324 conn(0x7fc71c068300 msgr2=0x7fc71c06a770 unknown :-1 s=STATE_CONNECTION_ESTABLISHED l=1)._try_send sent bytes 72 remaining bytes 0 ,
2021-11-17T17:30:46.272+0000 7fc741c62700 20 --2- 172.21.15.96:0/1968280621 >> v2:172.21.15.96:6805/33324 conn(0x7fc71c068300 0x7fc71c06a770 unknown :-1 s=HELLO_CONNECTING pgs=0 cs=0 l=1 rev1=1 crypto rx=0 tx=0 comp rx=0 tx=0).read_frame ,
2021-11-17T17:30:46.272+0000 7fc741c62700 20 -- 172.21.15.96:0/1968280621 >> v2:172.21.15.96:6805/33324 conn(0x7fc71c068300 msgr2=0x7fc71c06a770 unknown :-1 s=STATE_CONNECTION_ESTABLISHED l=1).read start len=32
2021-11-18T04:26:13.793 WARNING:scrape:Ignoring malparsed backtrace:
2021-11-17T17:30:49.854+0000 7fc729ffb700 5 --2- 172.21.15.96:0/1968280621 >> [v2:172.21.15.100:3300/0,v1:172.21.15.100:6789/0] conn(0x7fc73c0a7d00 0x7fc73c0a2070 secure :-1 s=READY pgs=339 cs=0 l=1 rev1=1 crypto rx=0x7fc72c01d010 tx=0x7fc72c025000 comp rx=0 tx=0).send_message enqueueing message m=0x7fc714003220 type=15 mon_subscribe({osdmap=55}) v3 ,
2021-11-17T17:30:49.854+0000 7fc729ffb700 15 --2- 172.21.15.96:0/1968280621 >> [v2:172.21.15.100:3300/0,v1:172.21.15.100:6789/0] conn(0x7fc73c0a7d00 0x7fc73c0a2070 secure :-1 s=READY pgs=339 cs=0 l=1 rev1=1 crypto rx=0x7fc72c01d010 tx=0x7fc72c025000 comp rx=0 tx=0).send_message inline write is denied, reschedule m=0x7fc714003220 ,
2021-11-17T17:30:49.854+0000 7fc729ffb700 20 Event(0x7fc73c05f6f0 nevent=5000 time_id=5).wakeup
2021-11-18T04:26:13.794 WARNING:scrape:Ignoring malparsed backtrace:
2021-11-17T17:30:57.500+0000 7fc741c62700 5 --2- 172.21.15.96:0/1968280621 >> v2:172.21.15.96:6805/33324 conn(0x7fc71c068300 0x7fc71c06a770 unknown :-1 s=HELLO_CONNECTING pgs=0 cs=0 l=1 rev1=1 crypto rx=0 tx=0 comp rx=0 tx=0).handle_hello getsockname says I am 172.21.15.96:52628 when talking to v2:172.21.15.96:6805/33324 ,
2021-11-17T17:30:57.500+0000 7fc741c62700 20 --2- 172.21.15.96:0/1968280621 >> v2:172.21.15.96:6805/33324 conn(0x7fc71c068300 0x7fc71c06a770 unknown :-1 s=HELLO_CONNECTING pgs=0 cs=0 l=1 rev1=1 crypto rx=0 tx=0 comp rx=0 tx=0).post_client_banner_exchange ,
2021-11-17T17:30:57.500+0000 7fc741c62700 20 --2- 172.21.15.96:0/1968280621 >> v2:172.21.15.96:6805/33324 conn(0x7fc71c068300 0x7fc71c06a770 unknown :-1 s=AUTH_CONNECTING pgs=0 cs=0 l=1 rev1=1 crypto rx=0 tx=0 comp rx=0 tx=0).send_auth_request peer_type 4 auth_client 0x7fc73c05d5e8
2021-11-18T04:26:13.795 WARNING:scrape:Ignoring malparsed backtrace:
2021-11-17T17:31:10.319+0000 7fc741c62700 20 --2- 172.21.15.96:0/1968280621 >> v2:172.21.15.96:6805/33324 conn(0x7fc71c068300 0x7fc71c06a770 unknown :-1 s=AUTH_CONNECTING pgs=0 cs=0 l=1 rev1=1 crypto rx=0 tx=0 comp rx=0 tx=0).handle_read_frame_preamble_main r=0 ,
2021-11-17T17:31:10.319+0000 7fc741c62700 20 --2- 172.21.15.96:0/1968280621 >> v2:172.21.15.96:6805/33324 conn(0x7fc71c068300 0x7fc71c06a770 unknown :-1 s=AUTH_CONNECTING pgs=0 cs=0 l=1 rev1=1 crypto rx=0 tx=0 comp rx=0 tx=0).read_frame_segment seg_idx=0 ,
2021-11-17T17:31:10.319+0000 7fc741c62700 20 -- 172.21.15.96:0/1968280621 >> v2:172.21.15.96:6805/33324 conn(0x7fc71c068300 msgr2=0x7fc71c06a770 unknown :-1 s=STATE_CONNECTION_ESTABLISHED l=1).read start len=32
2021-11-18T04:26:13.795 WARNING:scrape:Ignoring malparsed backtrace:
2021-11-17T17:31:27.855+0000 7fc741461700 10 --2- 172.21.15.96:0/1968280621 >> [v2:172.21.15.100:3300/0,v1:172.21.15.100:6789/0] conn(0x7fc73c0a7d00 0x7fc73c0a2070 secure :-1 s=READY pgs=339 cs=0 l=1 rev1=1 crypto rx=0x7fc72c01d010 tx=0x7fc72c025000 comp rx=0 tx=0).handle_read_frame_dispatch tag=19 ,
2021-11-17T17:31:27.855+0000 7fc741461700 20 --2- 172.21.15.96:0/1968280621 >> [v2:172.21.15.100:3300/0,v1:172.21.15.100:6789/0] conn(0x7fc73c0a7d00 0x7fc73c0a2070 secure :-1 s=READY pgs=339 cs=0 l=1 rev1=1 crypto rx=0x7fc72c01d010 tx=0x7fc72c025000 comp rx=0 tx=0).handle_keepalive2_ack payload.length()=8 ,
2021-11-17T17:31:27.855+0000 7fc741461700 20 --2- 172.21.15.96:0/1968280621 >> [v2:172.21.15.100:3300/0,v1:172.21.15.100:6789/0] conn(0x7fc73c0a7d00 0x7fc73c0a2070 secure :-1 s=READY pgs=339 cs=0 l=1 rev1=1 crypto rx=0x7fc72c01d010 tx=0x7fc72c025000 comp rx=0 tx=0).handle_keepalive2_ack got KEEPALIVE_ACK
2021-11-18T04:26:13.796 WARNING:scrape:Ignoring malparsed backtrace:
2021-11-17T17:31:49.865+0000 7fc729ffb700 1 -- 172.21.15.96:0/1968280621 --> v2:172.21.15.96:6805/33324 -- ping magic: 0 v1 -- 0x7fc7140046f0 con 0x7fc71c068300 ,
2021-11-17T17:31:49.865+0000 7fc729ffb700 5 --2- 172.21.15.96:0/1968280621 >> v2:172.21.15.96:6805/33324 conn(0x7fc71c068300 0x7fc71c06a770 unknown :-1 s=START_CONNECT pgs=0 cs=0 l=1 rev1=1 crypto rx=0 tx=0 comp rx=0 tx=0).send_message enqueueing message m=0x7fc7140046f0 type=2 ping magic: 0 v1 ,
2021-11-17T17:31:49.865+0000 7fc729ffb700 15 --2- 172.21.15.96:0/1968280621 >> v2:172.21.15.96:6805/33324 conn(0x7fc71c068300 0x7fc71c06a770 unknown :-1 s=START_CONNECT pgs=0 cs=0 l=1 rev1=1 crypto rx=0 tx=0 comp rx=0 tx=0).send_message inline write is denied, reschedule m=0x7fc7140046f0
2021-11-18T04:26:13.797 WARNING:scrape:Ignoring malparsed backtrace:
2021-11-17T17:32:10.394+0000 7fc741c62700 20 EpollDriver.add_event add event fd=18 cur_mask=0 add_mask=1 to 4 ,
2021-11-17T17:32:10.394+0000 7fc741c62700 20 Event(0x7fc73c0b1500 nevent=5000 time_id=27).create_file_event create event end fd=18 mask=1 current mask is 1 ,
2021-11-17T17:32:10.394+0000 7fc741c62700 20 EpollDriver.del_event del event fd=18 cur_mask=1 delmask=2 to 4
2021-11-18T04:26:13.798 WARNING:scrape:Ignoring malparsed backtrace:
2021-11-17T17:32:25.414+0000 7fc741c62700 20 --2- 172.21.15.96:0/1968280621 >> v2:172.21.15.96:6805/33324 conn(0x7fc71c068300 0x7fc71c06a770 unknown :-1 s=HELLO_CONNECTING pgs=0 cs=0 l=1 rev1=1 crypto rx=0 tx=0 comp rx=0 tx=0).handle_hello payload.length()=36 ,
2021-11-17T17:32:25.414+0000 7fc741c62700 5 --2- 172.21.15.96:0/1968280621 >> v2:172.21.15.96:6805/33324 conn(0x7fc71c068300 0x7fc71c06a770 unknown :-1 s=HELLO_CONNECTING pgs=0 cs=0 l=1 rev1=1 crypto rx=0 tx=0 comp rx=0 tx=0).handle_hello received hello: peer_type=4 peer_addr_for_me=v2:172.21.15.96:52668/0 ,
2021-11-17T17:32:25.414+0000 7fc741c62700 5 --2- 172.21.15.96:0/1968280621 >> v2:172.21.15.96:6805/33324 conn(0x7fc71c068300 0x7fc71c06a770 unknown :-1 s=HELLO_CONNECTING pgs=0 cs=0 l=1 rev1=1 crypto rx=0 tx=0 comp rx=0 tx=0).handle_hello getsockname says I am 172.21.15.96:52668 when talking to v2:172.21.15.96:6805/33324
2021-11-18T04:26:13.798 WARNING:scrape:Ignoring malparsed backtrace:
2021-11-17T17:32:40.436+0000 7fc741c62700 20 -- 172.21.15.96:0/1968280621 >> v2:172.21.15.96:6805/33324 conn(0x7fc71c068300 msgr2=0x7fc71c06a770 unknown :-1 s=STATE_CONNECTION_ESTABLISHED l=1).process ,
2021-11-17T17:32:40.436+0000 7fc741c62700 20 -- 172.21.15.96:0/1968280621 >> v2:172.21.15.96:6805/33324 conn(0x7fc71c068300 msgr2=0x7fc71c06a770 unknown :-1 s=STATE_CONNECTION_ESTABLISHED l=1).read continue len=32 ,
2021-11-17T17:32:40.436+0000 7fc741c62700 20 --2- 172.21.15.96:0/1968280621 >> v2:172.21.15.96:6805/33324 conn(0x7fc71c068300 0x7fc71c06a770 unknown :-1 s=AUTH_CONNECTING pgs=0 cs=0 l=1 rev1=1 crypto rx=0 tx=0 comp rx=0 tx=0).handle_read_frame_preamble_main r=0
2021-11-18T04:26:13.799 WARNING:scrape:Ignoring malparsed backtrace:
2021-11-17T17:32:44.879+0000 7f3719988700 20 --1- >> v1:172.21.15.96:6789/0 conn(0x7f371413a000 0x7f371413a410 :-1 s=CONNECTING pgs=0 cs=0 l=0).handle_client_banner_write r=0 ,
2021-11-17T17:32:44.879+0000 7f3718986700 20 EpollDriver.del_event del event fd=14 cur_mask=3 delmask=2 to 10 ,
2021-11-17T17:32:44.879+0000 7f3719988700 10 --1- >> v1:172.21.15.96:6789/0 conn(0x7f371413a000 0x7f371413a410 :-1 s=CONNECTING pgs=0 cs=0 l=0).handle_client_banner_write connect write banner done: v1:172.21.15.96:6789/0
2021-11-18T04:26:13.800 WARNING:scrape:Ignoring malparsed backtrace:
2021-11-17T17:32:44.879+0000 7f3718986700 10 --2- 172.21.15.96:0/1981785790 >> v2:172.21.15.100:3300/0 conn(0x7f37140656f0 0x7f371406a750 unknown :-1 s=AUTH_CONNECTING pgs=0 cs=0 l=0 rev1=1 crypto rx=0 tx=0 comp rx=0 tx=0).handle_read_frame_dispatch tag=4 ,
2021-11-17T17:32:44.879+0000 7f3719988700 20 -- 172.21.15.96:0/1981785790 >> v1:172.21.15.96:6789/0 conn(0x7f371413a000 legacy=0x7f371413a410 unknown :-1 s=STATE_CONNECTION_ESTABLISHED l=0).read start len=8 ,
2021-11-17T17:32:44.879+0000 7f3718986700 20 --2- 172.21.15.96:0/1981785790 >> v2:172.21.15.100:3300/0 conn(0x7f37140656f0 0x7f371406a750 unknown :-1 s=AUTH_CONNECTING pgs=0 cs=0 l=0 rev1=1 crypto rx=0 tx=0 comp rx=0 tx=0).handle_auth_reply_more payload.length()=13
2021-11-18T04:26:13.800 WARNING:scrape:Ignoring malparsed backtrace:
2021-11-17T17:32:44.880+0000 7f3719187700 5 --2- 172.21.15.96:0/1981785790 >> [v2:172.21.15.96:3301/0,v1:172.21.15.96:6790/0] conn(0x7f3714064710 0x7f37140a77a0 secure :-1 s=SESSION_CONNECTING pgs=0 cs=0 l=0 rev1=1 crypto rx=0x7f36fc017fd0 tx=0x7f36fc017e30 comp rx=0 tx=0).send_client_ident sending identification: addrs=172.21.15.96:0/1981785790 target=v2:172.21.15.96:3301/0 gid=-1 global_seq=2 features_supported=3f01cfbb7ffdffff features_required=800000000000000 flags=0 cookie=17c651215ad7f239 ,
2021-11-17T17:32:44.880+0000 7f3719187700 15 authenticated_encrypt_update plaintext.length()=80 buffer.length()=80 ,
2021-11-17T17:32:44.880+0000 7f3719187700 15 authenticated_encrypt_final buffer.length()=96 final_len=0
2021-11-18T04:26:13.801 WARNING:scrape:Ignoring malparsed backtrace:
2021-11-17T17:32:44.880+0000 7f370bfff700 1 -- 172.21.15.96:0/1981785790 <== mon.2 v2:172.21.15.96:3301/0 3 ==== mon_map magic: 0 v1 ==== 413+0+0 (secure 0 0 0) 0x7f36fc005980 con 0x7f3714064710 ,
2021-11-17T17:32:44.880+0000 7f370bfff700 10 -- 172.21.15.96:0/1981785790 dispatch_throttle_release 413 to dispatch throttler 413/104857600 ,
2021-11-17T17:32:44.880+0000 7f370bfff700 20 -- 172.21.15.96:0/1981785790 done calling dispatch on 0x7f36fc005980
2021-11-18T04:26:13.802 WARNING:scrape:Ignoring malparsed backtrace:
2021-11-17T17:32:44.883+0000 7f3719988700 20 Event(0x7f37140adfe0 nevent=5000 time_id=4).create_file_event create event started fd=18 mask=1 original mask is 0 ,
2021-11-17T17:32:44.883+0000 7f3718986700 20 --2- >> [v2:172.21.15.96:3300/0,v1:172.21.15.96:6789/0] conn(0x7f37140656f0 0x7f37140a4330 unknown :-1 s=BANNER_CONNECTING pgs=0 cs=0 l=1 rev1=0 crypto rx=0 tx=0 comp rx=0 tx=0)._banner_exchange ,
2021-11-17T17:32:44.883+0000 7f3719988700 20 EpollDriver.add_event add event fd=18 cur_mask=0 add_mask=1 to 4
2021-11-18T04:26:13.803 WARNING:scrape:Ignoring malparsed backtrace:
2021-11-17T17:32:44.884+0000 7f3719187700 20 --2- 172.21.15.96:0/1853875002 >> [v2:172.21.15.100:3300/0,v1:172.21.15.100:6789/0] conn(0x7f3714064710 0x7f37140a5a20 unknown :-1 s=AUTH_CONNECTING pgs=0 cs=0 l=1 rev1=1 crypto rx=0 tx=0 comp rx=0 tx=0).read_frame_segment seg_idx=0 ,
2021-11-17T17:32:44.884+0000 7f3719187700 20 -- 172.21.15.96:0/1853875002 >> [v2:172.21.15.100:3300/0,v1:172.21.15.100:6789/0] conn(0x7f3714064710 msgr2=0x7f37140a5a20 unknown :-1 s=STATE_CONNECTION_ESTABLISHED l=1).read start len=17 ,
2021-11-17T17:32:44.884+0000 7f3719988700 20 -- 172.21.15.96:0/1853875002 >> [v2:172.21.15.96:3301/0,v1:172.21.15.96:6790/0] conn(0x7f371413a000 msgr2=0x7f37140a36b0 unknown :-1 s=STATE_CONNECTION_ESTABLISHED l=1).process
2021-11-18T04:26:13.803 WARNING:scrape:Ignoring malparsed backtrace:
2021-11-17T17:32:44.884+0000 7f3719187700 20 --2- 172.21.15.96:0/1853875002 >> [v2:172.21.15.100:3300/0,v1:172.21.15.100:6789/0] conn(0x7f3714064710 0x7f37140a5a20 secure :-1 s=SESSION_CONNECTING pgs=0 cs=0 l=1 rev1=1 crypto rx=0x7f36fc00c000 tx=0x7f36fc009000 comp rx=0 tx=0).send_client_ident ,
2021-11-17T17:32:44.884+0000 7f3719187700 5 --2- 172.21.15.96:0/1853875002 >> [v2:172.21.15.100:3300/0,v1:172.21.15.100:6789/0] conn(0x7f3714064710 0x7f37140a5a20 secure :-1 s=SESSION_CONNECTING pgs=0 cs=0 l=1 rev1=1 crypto rx=0x7f36fc00c000 tx=0x7f36fc009000 comp rx=0 tx=0).send_client_ident sending identification: addrs=172.21.15.96:0/1853875002 target=v2:172.21.15.100:3300/0 gid=-1 global_seq=3 features_supported=3f01cfbb7ffdffff features_required=800000000001000 flags=1 cookie=0 ,
2021-11-17T17:32:44.884+0000 7f3719187700 15 authenticated_encrypt_update plaintext.length()=80 buffer.length()=80
2021-11-18T04:26:13.804 WARNING:scrape:Ignoring malparsed backtrace:
2021-11-17T17:32:44.885+0000 7f3719187700 20 --2- 172.21.15.96:0/1853875002 >> [v2:172.21.15.100:3300/0,v1:172.21.15.100:6789/0] conn(0x7f3714064710 0x7f37140a5a20 secure :-1 s=THROTTLE_DONE pgs=346 cs=0 l=1 rev1=1 crypto rx=0x7f36fc00c000 tx=0x7f36fc009000 comp rx=0 tx=0).handle_read_frame_epilogue_main r=0 ,
2021-11-17T17:32:44.885+0000 7f3719187700 10 --2- 172.21.15.96:0/1853875002 >> [v2:172.21.15.100:3300/0,v1:172.21.15.100:6789/0] conn(0x7f3714064710 0x7f37140a5a20 secure :-1 s=THROTTLE_DONE pgs=346 cs=0 l=1 rev1=1 crypto rx=0x7f36fc00c000 tx=0x7f36fc009000 comp rx=0 tx=0).handle_read_frame_dispatch tag=17 ,
2021-11-17T17:32:44.885+0000 7f3719187700 20 --2- 172.21.15.96:0/1853875002 >> [v2:172.21.15.100:3300/0,v1:172.21.15.100:6789/0] conn(0x7f3714064710 0x7f37140a5a20 secure :-1 s=THROTTLE_DONE pgs=346 cs=0 l=1 rev1=1 crypto rx=0x7f36fc00c000 tx=0x7f36fc009000 comp rx=0 tx=0).handle_message
2021-11-18T04:26:13.805 WARNING:scrape:Ignoring malparsed backtrace:
2021-11-17T17:32:44.887+0000 7f3719187700 20 -- 172.21.15.96:0/1853875002 >> [v2:172.21.15.100:3300/0,v1:172.21.15.100:6789/0] conn(0x7f3714064710 msgr2=0x7f37140a5a20 secure :-1 s=STATE_CONNECTION_ESTABLISHED l=1).read start len=32 ,
2021-11-17T17:32:44.887+0000 7f3719187700 20 --2- 172.21.15.96:0/1853875002 >> [v2:172.21.15.100:3300/0,v1:172.21.15.100:6789/0] conn(0x7f3714064710 0x7f37140a5a20 secure :-1 s=THROTTLE_DONE pgs=346 cs=0 l=1 rev1=1 crypto rx=0x7f36fc00c000 tx=0x7f36fc009000 comp rx=0 tx=0).handle_read_frame_epilogue_main r=0 ,
2021-11-17T17:32:44.887+0000 7f3719187700 10 --2- 172.21.15.96:0/1853875002 >> [v2:172.21.15.100:3300/0,v1:172.21.15.100:6789/0] conn(0x7f3714064710 0x7f37140a5a20 secure :-1 s=THROTTLE_DONE pgs=346 cs=0 l=1 rev1=1 crypto rx=0x7f36fc00c000 tx=0x7f36fc009000 comp rx=0 tx=0).handle_read_frame_dispatch tag=17
2021-11-18T04:26:13.805 WARNING:scrape:Ignoring malparsed backtrace:
2021-11-17T17:32:45.359+0000 7f6aa9531700 10 -- >> [v2:172.21.15.96:3301/0,v1:172.21.15.96:6790/0] conn(0x7f6aa40a8670 msgr2=0x7f6aa40a8a80 unknown :-1 s=STATE_NONE l=0)._connect ,
2021-11-17T17:32:45.359+0000 7f6aa9531700 1 --2- >> [v2:172.21.15.96:3301/0,v1:172.21.15.96:6790/0] conn(0x7f6aa40a8670 0x7f6aa40a8a80 unknown :-1 s=NONE pgs=0 cs=0 l=0 rev1=0 crypto rx=0 tx=0 comp rx=0 tx=0).connect ,
2021-11-17T17:32:45.359+0000 7f6aa9531700 20 Event(0x7f6aa40b1500 nevent=5000 time_id=1).wakeup
2021-11-18T04:26:13.806 WARNING:scrape:Ignoring malparsed backtrace:
2021-11-17T17:32:45.359+0000 7f6aa2ffd700 2 --1- 172.21.15.96:0/2991588532 >> v1:172.21.15.96:6789/0 conn(0x7f6aa40a92a0 0x7f6aa413a7d0 :-1 s=CONNECTING_SEND_CONNECT_MSG pgs=0 cs=0 l=0).handle_ack_seq got newly_acked_seq 0 vs out_seq 0 ,
2021-11-17T17:32:45.359+0000 7f6aa2ffd700 10 --1- 172.21.15.96:0/2991588532 >> v1:172.21.15.96:6789/0 conn(0x7f6aa40a92a0 0x7f6aa413a7d0 :-1 s=CONNECTING_SEND_CONNECT_MSG pgs=0 cs=0 l=0).discard_requeued_up_to 0 ,
2021-11-17T17:32:45.359+0000 7f6aa37fe700 10 -- 172.21.15.96:0/2991588532 >> [v2:172.21.15.96:3301/0,v1:172.21.15.96:6790/0] conn(0x7f6aa40a8670 msgr2=0x7f6aa40a8a80 unknown :-1 s=STATE_CONNECTION_ESTABLISHED l=0)._try_send sent bytes 72 remaining bytes 0
2021-11-18T04:26:13.807 WARNING:scrape:Ignoring malparsed backtrace:
2021-11-17T17:32:45.360+0000 7f6aa27fc700 20 --1- 172.21.15.96:0/2991588532 >> v1:172.21.15.100:6789/0 conn(0x7f6aa40a7d00 0x7f6aa40aa050 :-1 s=OPENED pgs=347 cs=1 l=1).write_message no session security ,
2021-11-17T17:32:45.360+0000 7f6aa2ffd700 20 -- 172.21.15.96:0/2991588532 >> v1:172.21.15.96:6789/0 conn(0x7f6aa40a92a0 legacy=0x7f6aa413a7d0 unknown :-1 s=STATE_CONNECTION_ESTABLISHED l=1).read start len=33 ,
2021-11-17T17:32:45.360+0000 7f6aa37fe700 10 -- 172.21.15.96:0/2991588532 >> [v2:172.21.15.96:3301/0,v1:172.21.15.96:6790/0] conn(0x7f6aa40a8670 msgr2=0x7f6aa40a8a80 unknown :-1 s=STATE_CONNECTION_ESTABLISHED l=0)._try_send sent bytes 76 remaining bytes 0
2021-11-18T04:26:13.808 WARNING:scrape:Ignoring malparsed backtrace:
2021-11-17T17:32:45.360+0000 7f6aa2ffd700 20 -- 172.21.15.96:0/2991588532 >> v1:172.21.15.96:6789/0 conn(0x7f6aa40a92a0 legacy=0x7f6aa413a7d0 unknown :-1 s=STATE_CONNECTION_ESTABLISHED l=1).read start len=53 ,
2021-11-17T17:32:45.360+0000 7f6aa2ffd700 20 --1- 172.21.15.96:0/2991588532 >> v1:172.21.15.96:6789/0 conn(0x7f6aa40a92a0 0x7f6aa413a7d0 :-1 s=OPENED pgs=562 cs=1 l=1).handle_message_header r=0 ,
2021-11-17T17:32:45.360+0000 7f6aa2ffd700 20 --1- 172.21.15.96:0/2991588532 >> v1:172.21.15.96:6789/0 conn(0x7f6aa40a92a0 0x7f6aa413a7d0 :-1 s=OPENED pgs=562 cs=1 l=1).handle_message_header got MSG header
2021-11-18T04:26:13.808 WARNING:scrape:Ignoring malparsed backtrace:
2021-11-17T17:32:45.361+0000 7f6aa37fe700 20 --2- 172.21.15.96:0/2991588532 >> [v2:172.21.15.96:3301/0,v1:172.21.15.96:6790/0] conn(0x7f6aa40a8670 0x7f6aa40a8a80 secure :-1 s=SESSION_CONNECTING pgs=0 cs=0 l=0 rev1=1 crypto rx=0x7f6a940099c0 tx=0x7f6a94009220 comp rx=0 tx=0).read_frame_segment seg_idx=0 ,
2021-11-17T17:32:45.361+0000 7f6aa37fe700 20 -- 172.21.15.96:0/2991588532 >> [v2:172.21.15.96:3301/0,v1:172.21.15.96:6790/0] conn(0x7f6aa40a8670 msgr2=0x7f6aa40a8a80 secure :-1 s=STATE_CONNECTION_ESTABLISHED l=0).read start len=96 ,
2021-11-17T17:32:45.361+0000 7f6aa37fe700 20 --2- 172.21.15.96:0/2991588532 >> [v2:172.21.15.96:3301/0,v1:172.21.15.96:6790/0] conn(0x7f6aa40a8670 0x7f6aa40a8a80 secure :-1 s=SESSION_CONNECTING pgs=0 cs=0 l=0 rev1=1 crypto rx=0x7f6a940099c0 tx=0x7f6a94009220 comp rx=0 tx=0).handle_read_frame_segment r=0
2021-11-18T04:26:13.809 WARNING:scrape:Ignoring malparsed backtrace:
2021-11-17T17:32:45.361+0000 7f6aa37fe700 20 EpollDriver.del_event del event fd=15 cur_mask=1 delmask=3 to 4 ,
2021-11-17T17:32:45.361+0000 7f6aa9531700 10 -- 172.21.15.96:0/2991588532 shutdown 172.21.15.96:0/2991588532 ,
2021-11-17T17:32:45.362+0000 7f6aa9531700 10 Processor -- stop
2021-11-18T04:26:13.810 WARNING:scrape:Ignoring malparsed backtrace:
2021-11-17T17:32:45.364+0000 7f6aa2ffd700 20 -- >> [v2:172.21.15.96:3300/0,v1:172.21.15.96:6789/0] conn(0x7f6aa40a7d00 msgr2=0x7f6aa4138df0 unknown :-1 s=STATE_CONNECTION_ESTABLISHED l=1).process ,
2021-11-17T17:32:45.364+0000 7f6aa27fc700 20 -- >> [v2:172.21.15.100:3300/0,v1:172.21.15.100:6789/0] conn(0x7f6aa40a8670 msgr2=0x7f6aa4136a90 unknown :-1 s=STATE_CONNECTING_RE l=1).process ,
2021-11-17T17:32:45.364+0000 7f6aa2ffd700 20 -- >> [v2:172.21.15.96:3300/0,v1:172.21.15.96:6789/0] conn(0x7f6aa40a7d00 msgr2=0x7f6aa4138df0 unknown :-1 s=STATE_CONNECTION_ESTABLISHED l=1).read continue len=10
2021-11-18T04:26:13.810 WARNING:scrape:Ignoring malparsed backtrace:
2021-11-17T17:32:45.364+0000 7f6aa2ffd700 20 --2- 172.21.15.96:0/2235043540 >> [v2:172.21.15.96:3300/0,v1:172.21.15.96:6789/0] conn(0x7f6aa40a7d00 0x7f6aa4138df0 unknown :-1 s=AUTH_CONNECTING pgs=0 cs=0 l=1 rev1=1 crypto rx=0 tx=0 comp rx=0 tx=0).read_frame_segment seg_idx=0 ,
2021-11-17T17:32:45.364+0000 7f6aa2ffd700 20 -- 172.21.15.96:0/2235043540 >> [v2:172.21.15.96:3300/0,v1:172.21.15.96:6789/0] conn(0x7f6aa40a7d00 msgr2=0x7f6aa4138df0 unknown :-1 s=STATE_CONNECTION_ESTABLISHED l=1).read start len=17 ,
2021-11-17T17:32:45.364+0000 7f6aa37fe700 20 -- 172.21.15.96:0/2235043540 >> [v2:172.21.15.96:3301/0,v1:172.21.15.96:6790/0] conn(0x7f6aa40a92a0 msgr2=0x7f6aa412e330 unknown :-1 s=STATE_CONNECTION_ESTABLISHED l=1).process
2021-11-18T04:26:13.811 WARNING:scrape:Ignoring malparsed backtrace:
2021-11-17T17:32:45.365+0000 7f6aa37fe700 15 authenticated_encrypt_update plaintext.length()=80 buffer.length()=80 ,
2021-11-17T17:32:45.365+0000 7f6aa37fe700 15 authenticated_encrypt_final buffer.length()=96 final_len=0 ,
2021-11-17T17:32:45.365+0000 7f6aa37fe700 15 authenticated_encrypt_update plaintext.length()=64 buffer.length()=64
2021-11-18T04:26:13.812 WARNING:scrape:Ignoring malparsed backtrace:
2021-11-17T17:32:45.365+0000 7f6aa37fe700 10 --2- 172.21.15.96:0/2235043540 >> [v2:172.21.15.96:3301/0,v1:172.21.15.96:6790/0] conn(0x7f6aa40a92a0 0x7f6aa412e330 secure :-1 s=READY pgs=304 cs=0 l=1 rev1=1 crypto rx=0x7f6a94013000 tx=0x7f6a94016000 comp rx=0 tx=0).write_message sending 0x7f6aa412ea30 done. ,
2021-11-17T17:32:45.366+0000 7f6aa37fe700 20 -- 172.21.15.96:0/2235043540 >> [v2:172.21.15.96:3301/0,v1:172.21.15.96:6790/0] conn(0x7f6aa40a92a0 msgr2=0x7f6aa412e330 secure :-1 s=STATE_CONNECTION_ESTABLISHED l=1).process ,
2021-11-17T17:32:45.366+0000 7f6aa37fe700 20 -- 172.21.15.96:0/2235043540 >> [v2:172.21.15.96:3301/0,v1:172.21.15.96:6790/0] conn(0x7f6aa40a92a0 msgr2=0x7f6aa412e330 secure :-1 s=STATE_CONNECTION_ESTABLISHED l=1).read continue len=96
2021-11-18T04:26:13.813 WARNING:scrape:Ignoring malparsed backtrace:
2021-11-17T17:32:45.367+0000 7f6aa2ffd700 20 --2- 172.21.15.96:0/2235043540 >> v2:172.21.15.96:6800/33035 conn(0x7f6a84061ba0 0x7f6a840640b0 unknown :-1 s=HELLO_CONNECTING pgs=0 cs=0 l=1 rev1=1 crypto rx=0 tx=0 comp rx=0 tx=0).read_frame ,
2021-11-17T17:32:45.367+0000 7f6aa2ffd700 20 -- 172.21.15.96:0/2235043540 >> v2:172.21.15.96:6800/33035 conn(0x7f6a84061ba0 msgr2=0x7f6a840640b0 unknown :-1 s=STATE_CONNECTION_ESTABLISHED l=1).read start len=32 ,
2021-11-17T17:32:45.367+0000 7f6aa2ffd700 20 --2- 172.21.15.96:0/2235043540 >> v2:172.21.15.96:6800/33035 conn(0x7f6a84061ba0 0x7f6a840640b0 unknown :-1 s=HELLO_CONNECTING pgs=0 cs=0 l=1 rev1=1 crypto rx=0 tx=0 comp rx=0 tx=0).handle_read_frame_preamble_main r=0
2021-11-18T04:26:13.813 WARNING:scrape:Ignoring malparsed backtrace:
2021-11-17T17:32:45.893+0000 7fb062885700 20 Event(0x7fb05c0b1500 nevent=5000 time_id=2).create_file_event create event end fd=14 mask=1 current mask is 1 ,
2021-11-17T17:32:45.893+0000 7fb062885700 20 EpollDriver.del_event del event fd=14 cur_mask=1 delmask=2 to 4 ,
2021-11-17T17:32:45.893+0000 7fb0642e8700 15 --2- >> v2:172.21.15.100:3300/0 conn(0x7fb05c0a7d00 0x7fb05c0aa050 unknown :-1 s=START_CONNECT pgs=0 cs=0 l=0 rev1=0 crypto rx=0 tx=0 comp rx=0 tx=0).send_message inline write is denied, reschedule m=0x7fb05c0a97f0
2021-11-18T04:26:13.814 WARNING:scrape:Ignoring malparsed backtrace:
2021-11-17T17:32:45.893+0000 7fb062084700 20 --2- 172.21.15.96:0/2403765957 >> v2:172.21.15.96:3300/0 conn(0x7fb05c0a92a0 0x7fb05c13a7d0 unknown :-1 s=AUTH_CONNECTING pgs=0 cs=0 l=0 rev1=1 crypto rx=0 tx=0 comp rx=0 tx=0).read_frame ,
2021-11-17T17:32:45.893+0000 7fb062084700 20 -- 172.21.15.96:0/2403765957 >> v2:172.21.15.96:3300/0 conn(0x7fb05c0a92a0 msgr2=0x7fb05c13a7d0 unknown :-1 s=STATE_CONNECTION_ESTABLISHED l=0).read start len=32 ,
2021-11-17T17:32:45.893+0000 7fb062885700 10 -- 172.21.15.96:0/2403765957 >> v1:172.21.15.96:6789/0 conn(0x7fb05c0a8670 legacy=0x7fb05c13d3f0 unknown :-1 s=STATE_CONNECTION_ESTABLISHED l=0)._try_send sent bytes 8 remaining bytes 0
2021-11-18T04:26:13.815 WARNING:scrape:Ignoring malparsed backtrace:
2021-11-17T17:32:45.894+0000 7fb062885700 5 --1- 172.21.15.96:0/2403765957 >> v1:172.21.15.96:6789/0 conn(0x7fb05c0a8670 0x7fb05c13d3f0 :-1 s=CLOSED pgs=563 cs=1 l=1).reset_security ,
2021-11-17T17:32:45.894+0000 7fb062885700 20 EpollDriver.del_event del event fd=14 cur_mask=1 delmask=3 to 4 ,
2021-11-17T17:32:45.894+0000 7fb062084700 1 -- 172.21.15.96:0/2403765957 --> v2:172.21.15.96:3300/0 -- mon_subscribe({config=0+,monmap=0+}) v3 -- 0x7fb05c0aa590 con 0x7fb05c0a92a0
2021-11-18T04:26:13.815 WARNING:scrape:Ignoring malparsed backtrace:
2021-11-17T17:32:45.894+0000 7fb062084700 20 --2- 172.21.15.96:0/2403765957 >> [v2:172.21.15.96:3300/0,v1:172.21.15.96:6789/0] conn(0x7fb05c0a92a0 0x7fb05c13a7d0 secure :-1 s=THROTTLE_DONE pgs=564 cs=0 l=1 rev1=1 crypto rx=0x7fb05c066680 tx=0x7fb04c006e20 comp rx=0 tx=0).handle_read_frame_epilogue_main r=0 ,
