2021-11-17T17:38:55.765+0000 7f57d6420700 5 --1- 172.21.15.96:0/1440558820 >> v1:172.21.15.96:6789/0 conn(0x7f57d00647a0 0x7f57d0065340 :-1 s=OPENED pgs=624 cs=1 l=1).reset_recv_state ,
2021-11-17T17:38:55.765+0000 7f57d6420700 20 Event(0x7f57d0066360 nevent=5000 time_id=3).wakeup ,
2021-11-17T17:38:55.765+0000 7f57d541e700 1 -- 172.21.15.96:0/1440558820 <== mon.0 v1:172.21.15.96:6789/0 1 ==== auth_reply(proto 2 0 (0) Success) v1 ==== 33+0+0 (unknown 42762611 0 0) 0x7f57d00a77c0 con 0x7f57d00647a0
2021-11-18T04:26:13.351 WARNING:scrape:Ignoring malparsed backtrace:
2021-11-17T17:38:55.765+0000 7f57d6420700 20 --2- 172.21.15.96:0/1440558820 >> [v2:172.21.15.96:3300/0,v1:172.21.15.96:6789/0] conn(0x7f57d0069690 0x7f57d006a7a0 secure :-1 s=READY pgs=625 cs=0 l=1 rev1=1 crypto rx=0x7f57d0064c10 tx=0x7f57c0011720 comp rx=0 tx=0).read_frame ,
2021-11-17T17:38:55.765+0000 7f57d541e700 1 -- 172.21.15.96:0/1440558820 <== mon.0 v2:172.21.15.96:3300/0 1 ==== mon_map magic: 0 v1 ==== 413+0+0 (secure 0 0 0) 0x7f57c0003e00 con 0x7f57d0069690 ,
2021-11-17T17:38:55.765+0000 7f57d6420700 20 -- 172.21.15.96:0/1440558820 >> [v2:172.21.15.96:3300/0,v1:172.21.15.96:6789/0] conn(0x7f57d0069690 msgr2=0x7f57d006a7a0 secure :-1 s=STATE_CONNECTION_ESTABLISHED l=1).read start len=96
2021-11-18T04:26:13.352 WARNING:scrape:Ignoring malparsed backtrace:
2021-11-17T17:38:55.768+0000 7f57d7422700 10 -- create_connect 0x7f57d00647a0 [v2:172.21.15.96:3300/0,v1:172.21.15.96:6789/0] [v2:172.21.15.96:3300/0,v1:172.21.15.96:6789/0] ,
2021-11-17T17:38:55.768+0000 7f57d7422700 10 -- connect_to [v2:172.21.15.96:3300/0,v1:172.21.15.96:6789/0] new 0x7f57d00647a0 ,
2021-11-17T17:38:55.768+0000 7f57d6420700 20 -- >> [v2:172.21.15.96:3300/0,v1:172.21.15.96:6789/0] conn(0x7f57d00647a0 msgr2=0x7f57d00a2690 unknown :-1 s=STATE_CONNECTING l=1).process
2021-11-18T04:26:13.353 WARNING:scrape:Ignoring malparsed backtrace:
2021-11-17T17:38:55.768+0000 7f57d6420700 10 -- 172.21.15.96:0/1607439539 >> [v2:172.21.15.96:3300/0,v1:172.21.15.96:6789/0] conn(0x7f57d00647a0 msgr2=0x7f57d00a2690 unknown :-1 s=STATE_CONNECTION_ESTABLISHED l=1)._try_send sent bytes 78 remaining bytes 0 ,
2021-11-17T17:38:55.768+0000 7f57d5c1f700 5 --2- 172.21.15.96:0/1607439539 >> [v2:172.21.15.96:3301/0,v1:172.21.15.96:6790/0] conn(0x7f57d0065a50 0x7f57d0145280 unknown :-1 s=HELLO_CONNECTING pgs=0 cs=0 l=1 rev1=1 crypto rx=0 tx=0 comp rx=0 tx=0).handle_hello getsockname says I am 172.21.15.96:37478 when talking to v2:172.21.15.96:3301/0 ,
2021-11-17T17:38:55.768+0000 7f57d6c21700 20 -- 172.21.15.96:0/1607439539 >> [v2:172.21.15.100:3300/0,v1:172.21.15.100:6789/0] conn(0x7f57d0069690 msgr2=0x7f57d0114a70 unknown :-1 s=STATE_CONNECTION_ESTABLISHED l=1).read start len=16
2021-11-18T04:26:13.353 WARNING:scrape:Ignoring malparsed backtrace:
2021-11-17T17:38:55.769+0000 7f57d5c1f700 10 --2- 172.21.15.96:0/1607439539 >> [v2:172.21.15.96:3301/0,v1:172.21.15.96:6790/0] conn(0x7f57d0065a50 0x7f57d0145280 unknown :-1 s=CLOSED pgs=0 cs=0 l=1 rev1=1 crypto rx=0 tx=0 comp rx=0 tx=0)._fault ,
2021-11-17T17:38:55.769+0000 7f57d5c1f700 10 --2- 172.21.15.96:0/1607439539 >> [v2:172.21.15.96:3301/0,v1:172.21.15.96:6790/0] conn(0x7f57d0065a50 0x7f57d0145280 unknown :-1 s=CLOSED pgs=0 cs=0 l=1 rev1=1 crypto rx=0 tx=0 comp rx=0 tx=0)._fault connection is already closed ,
2021-11-17T17:38:55.769+0000 7f57d5c1f700 5 --2- 172.21.15.96:0/1607439539 >> [v2:172.21.15.96:3301/0,v1:172.21.15.96:6790/0] conn(0x7f57d0065a50 0x7f57d0145280 unknown :-1 s=CLOSED pgs=0 cs=0 l=1 rev1=1 crypto rx=0 tx=0 comp rx=0 tx=0).reset_recv_state (warped) reseting crypto and compression handlers
2021-11-18T04:26:13.354 WARNING:scrape:Ignoring malparsed backtrace:
2021-11-17T17:38:55.770+0000 7f57d6420700 10 --2- 172.21.15.96:0/1607439539 >> [v2:172.21.15.96:3300/0,v1:172.21.15.96:6789/0] conn(0x7f57d00647a0 0x7f57d00a2690 secure :-1 s=THROTTLE_DONE pgs=626 cs=0 l=1 rev1=1 crypto rx=0x7f57d0068320 tx=0x7f57c0015000 comp rx=0 tx=0).handle_read_frame_dispatch tag=17 ,
2021-11-17T17:38:55.770+0000 7f57d6420700 20 --2- 172.21.15.96:0/1607439539 >> [v2:172.21.15.96:3300/0,v1:172.21.15.96:6789/0] conn(0x7f57d00647a0 0x7f57d00a2690 secure :-1 s=THROTTLE_DONE pgs=626 cs=0 l=1 rev1=1 crypto rx=0x7f57d0068320 tx=0x7f57c0015000 comp rx=0 tx=0).handle_message ,
2021-11-17T17:38:55.770+0000 7f57d7422700 1 -- 172.21.15.96:0/1607439539 --> [v2:172.21.15.96:3300/0,v1:172.21.15.96:6789/0] -- mon_subscribe({mgrmap=0+}) v3 -- 0x7f57c00119c0 con 0x7f57d00647a0
2021-11-18T04:26:13.355 WARNING:scrape:Ignoring malparsed backtrace:
2021-11-17T17:38:55.772+0000 7f57d6420700 20 --2- 172.21.15.96:0/1607439539 >> [v2:172.21.15.96:3300/0,v1:172.21.15.96:6789/0] conn(0x7f57d00647a0 0x7f57d00a2690 secure :-1 s=THROTTLE_DISPATCH_QUEUE pgs=626 cs=0 l=1 rev1=1 crypto rx=0x7f57d0068320 tx=0x7f57c0015000 comp rx=0 tx=0).throttle_dispatch_queue ,
2021-11-17T17:38:55.772+0000 7f57d6420700 20 --2- 172.21.15.96:0/1607439539 >> [v2:172.21.15.96:3300/0,v1:172.21.15.96:6789/0] conn(0x7f57d00647a0 0x7f57d00a2690 secure :-1 s=THROTTLE_DONE pgs=626 cs=0 l=1 rev1=1 crypto rx=0x7f57d0068320 tx=0x7f57c0015000 comp rx=0 tx=0).read_frame_segment seg_idx=0 ,
2021-11-17T17:38:55.772+0000 7f57d6420700 20 --2- 172.21.15.96:0/1607439539 >> [v2:172.21.15.96:3300/0,v1:172.21.15.96:6789/0] conn(0x7f57d00647a0 0x7f57d00a2690 secure :-1 s=THROTTLE_DONE pgs=626 cs=0 l=1 rev1=1 crypto rx=0x7f57d0068320 tx=0x7f57c0015000 comp rx=0 tx=0).read_frame_segment seg_idx=1
2021-11-18T04:26:13.355 WARNING:scrape:Ignoring malparsed backtrace:
2021-11-17T17:38:55.773+0000 7f57d5c1f700 5 --2- 172.21.15.96:0/1607439539 >> v2:172.21.15.96:6800/33035 conn(0x7f57b0061ba0 0x7f57b00640b0 secure :-1 s=SESSION_CONNECTING pgs=0 cs=0 l=1 rev1=1 crypto rx=0x7f57c4007d70 tx=0x7f57c4018c60 comp rx=0 tx=0).send_client_ident sending identification: addrs=172.21.15.96:0/1607439539 target=v2:172.21.15.96:6800/33035 gid=5679 global_seq=4 features_supported=3f01cfbb7ffdffff features_required=800000000001000 flags=1 cookie=0 ,
2021-11-17T17:38:55.773+0000 7f57d5c1f700 15 authenticated_encrypt_update plaintext.length()=80 buffer.length()=80 ,
2021-11-17T17:38:55.773+0000 7f57d5c1f700 15 authenticated_encrypt_final buffer.length()=96 final_len=0
2021-11-18T04:26:13.356 WARNING:scrape:Ignoring malparsed backtrace:
2021-11-17T17:38:56.082+0000 7f57d6420700 5 --2- 172.21.15.96:0/1607439539 >> [v2:172.21.15.96:3300/0,v1:172.21.15.96:6789/0] conn(0x7f57d00647a0 0x7f57d00a2690 secure :-1 s=CLOSED pgs=626 cs=0 l=1 rev1=1 crypto rx=0x7f57d0068320 tx=0x7f57c0015000 comp rx=0 tx=0).reset_security ,
2021-11-17T17:38:56.082+0000 7f57d6420700 5 --2- 172.21.15.96:0/1607439539 >> [v2:172.21.15.96:3300/0,v1:172.21.15.96:6789/0] conn(0x7f57d00647a0 0x7f57d00a2690 unknown :-1 s=CLOSED pgs=626 cs=0 l=1 rev1=1 crypto rx=0 tx=0 comp rx=0 tx=0).reset_compression ,
2021-11-17T17:38:56.082+0000 7f57d6420700 20 EpollDriver.del_event del event fd=16 cur_mask=1 delmask=3 to 7
2021-11-18T04:26:13.357 WARNING:scrape:Ignoring malparsed backtrace:
2021-11-17T17:38:56.330+0000 7f9cb0ec2700 10 -- >> v2:172.21.15.100:3300/0 conn(0x7f9cac064350 msgr2=0x7f9cac0a8210 unknown :-1 s=STATE_CONNECTING_RE l=0).process nonblock connect inprogress ,
2021-11-17T17:38:56.330+0000 7f9cb0ec2700 20 Event(0x7f9cac060910 nevent=5000 time_id=2).create_file_event create event started fd=13 mask=2 original mask is 1 ,
2021-11-17T17:38:56.330+0000 7f9cb0ec2700 20 EpollDriver.add_event add event fd=13 cur_mask=1 add_mask=2 to 7
2021-11-18T04:26:13.358 WARNING:scrape:Ignoring malparsed backtrace:
2021-11-17T17:38:56.331+0000 7f9cb16c3700 20 --2- 172.21.15.96:0/3739032148 >> [v2:172.21.15.96:3301/0,v1:172.21.15.96:6790/0] conn(0x7f9cac134e10 0x7f9cac135220 unknown :-1 s=AUTH_CONNECTING pgs=0 cs=0 l=0 rev1=1 crypto rx=0 tx=0 comp rx=0 tx=0).read_frame ,
2021-11-17T17:38:56.331+0000 7f9cb16c3700 20 -- 172.21.15.96:0/3739032148 >> [v2:172.21.15.96:3301/0,v1:172.21.15.96:6790/0] conn(0x7f9cac134e10 msgr2=0x7f9cac135220 unknown :-1 s=STATE_CONNECTION_ESTABLISHED l=0).read start len=32 ,
2021-11-17T17:38:56.331+0000 7f9cb0ec2700 20 -- 172.21.15.96:0/3739032148 >> v2:172.21.15.100:3300/0 conn(0x7f9cac064350 msgr2=0x7f9cac0a8210 unknown :-1 s=STATE_CONNECTION_ESTABLISHED l=0).process
2021-11-18T04:26:13.358 WARNING:scrape:Ignoring malparsed backtrace:
2021-11-17T17:38:56.331+0000 7f9cb0ec2700 20 --2- 172.21.15.96:0/3739032148 >> v2:172.21.15.100:3300/0 conn(0x7f9cac064350 0x7f9cac0a8210 secure :-1 s=COMPRESSION_CONNECTING pgs=0 cs=0 l=0 rev1=1 crypto rx=0x7f9cac064000 tx=0x7f9c9c0058a0 comp rx=0 tx=0).read_frame_segment seg_idx=0 ,
2021-11-17T17:38:56.331+0000 7f9cb0ec2700 10 --2- 172.21.15.96:0/3739032148 >> v2:172.21.15.100:3300/0 conn(0x7f9cac064350 0x7f9cac0a8210 secure :-1 s=COMPRESSION_CONNECTING pgs=0 cs=0 l=0 rev1=1 crypto rx=0x7f9cac064000 tx=0x7f9c9c0058a0 comp rx=0 tx=0).handle_read_frame_dispatch tag=22 ,
2021-11-17T17:38:56.331+0000 7f9cb0ec2700 10 --2- 172.21.15.96:0/3739032148 >> v2:172.21.15.100:3300/0 conn(0x7f9cac064350 0x7f9cac0a8210 secure :-1 s=COMPRESSION_CONNECTING pgs=0 cs=0 l=0 rev1=1 crypto rx=0x7f9cac064000 tx=0x7f9c9c0058a0 comp rx=0 tx=0).handle_compression_done CompressionDoneFrame(is_compress=0, method=0)
2021-11-18T04:26:13.359 WARNING:scrape:Ignoring malparsed backtrace:
2021-11-17T17:38:56.332+0000 7f9cb0ec2700 5 --2- 172.21.15.96:0/3739032148 >> [v2:172.21.15.100:3300/0,v1:172.21.15.100:6789/0] conn(0x7f9cac064350 0x7f9cac0a8210 secure :-1 s=READ_MESSAGE_COMPLETE pgs=380 cs=0 l=1 rev1=1 crypto rx=0x7f9cac064000 tx=0x7f9c9c0058a0 comp rx=0 tx=0).handle_message received message m=0x7f9c9c009700 seq=3 from=mon.1 type=4 mon_map magic: 0 v1 ,
2021-11-17T17:38:56.332+0000 7f9cb0ec2700 20 -- 172.21.15.96:0/3739032148 queue 0x7f9c9c009700 prio 196 ,
2021-11-17T17:38:56.332+0000 7f9cb0ec2700 20 --2- 172.21.15.96:0/3739032148 >> [v2:172.21.15.100:3300/0,v1:172.21.15.100:6789/0] conn(0x7f9cac064350 0x7f9cac0a8210 secure :-1 s=READY pgs=380 cs=0 l=1 rev1=1 crypto rx=0x7f9cac064000 tx=0x7f9c9c0058a0 comp rx=0 tx=0).read_frame
2021-11-18T04:26:13.360 WARNING:scrape:Ignoring malparsed backtrace:
2021-11-17T17:38:56.335+0000 7f9ca3fff700 20 EpollDriver.add_event add event fd=17 cur_mask=1 add_mask=2 to 10 ,
2021-11-17T17:38:56.335+0000 7f9ca3fff700 20 Event(0x7f9cac066ff0 nevent=5000 time_id=3).create_file_event create event end fd=17 mask=2 current mask is 3 ,
2021-11-17T17:38:56.335+0000 7f9cb3126700 5 --2- >> [v2:172.21.15.96:3301/0,v1:172.21.15.96:6790/0] conn(0x7f9cac134e10 0x7f9cac145440 unknown :-1 s=START_CONNECT pgs=0 cs=0 l=1 rev1=0 crypto rx=0 tx=0 comp rx=0 tx=0).send_message enqueueing message m=0x7f9cac0a7180 type=5 mon_getmap magic: 0 v1
2021-11-18T04:26:13.360 WARNING:scrape:Ignoring malparsed backtrace:
2021-11-17T17:38:56.335+0000 7f9cb16c3700 20 --2- 172.21.15.96:0/3431442456 >> [v2:172.21.15.96:3301/0,v1:172.21.15.96:6790/0] conn(0x7f9cac134e10 0x7f9cac145440 unknown :-1 s=AUTH_CONNECTING pgs=0 cs=0 l=1 rev1=1 crypto rx=0 tx=0 comp rx=0 tx=0).read_frame ,
2021-11-17T17:38:56.335+0000 7f9cb16c3700 20 -- 172.21.15.96:0/3431442456 >> [v2:172.21.15.96:3301/0,v1:172.21.15.96:6790/0] conn(0x7f9cac134e10 msgr2=0x7f9cac145440 unknown :-1 s=STATE_CONNECTION_ESTABLISHED l=1).read start len=32 ,
2021-11-17T17:38:56.335+0000 7f9cb0ec2700 10 -- 172.21.15.96:0/3431442456 >> [v2:172.21.15.96:3300/0,v1:172.21.15.96:6789/0] conn(0x7f9cac064350 msgr2=0x7f9cac0a4eb0 unknown :-1 s=STATE_CONNECTION_ESTABLISHED l=1)._try_send sent bytes 76 remaining bytes 0
2021-11-18T04:26:13.361 WARNING:scrape:Ignoring malparsed backtrace:
2021-11-17T17:38:56.335+0000 7f9cb0ec2700 10 --2- 172.21.15.96:0/3431442456 >> [v2:172.21.15.96:3300/0,v1:172.21.15.96:6789/0] conn(0x7f9cac064350 0x7f9cac0a4eb0 secure :-1 s=SESSION_CONNECTING pgs=627 cs=0 l=1 rev1=1 crypto rx=0x7f9cac0a7c00 tx=0x7f9c9c01c000 comp rx=0 tx=0).handle_server_ident connect success 0, lossy = 1, features 4540138303579357183 ,
2021-11-17T17:38:56.335+0000 7f9cb0ec2700 1 --2- 172.21.15.96:0/3431442456 >> [v2:172.21.15.96:3300/0,v1:172.21.15.96:6789/0] conn(0x7f9cac064350 0x7f9cac0a4eb0 secure :-1 s=READY pgs=627 cs=0 l=1 rev1=1 crypto rx=0x7f9cac0a7c00 tx=0x7f9c9c01c000 comp rx=0 tx=0).ready entity=mon.0 client_cookie=0 server_cookie=0 in_seq=0 out_seq=0 ,
2021-11-17T17:38:56.335+0000 7f9cb0ec2700 20 --2- 172.21.15.96:0/3431442456 >> [v2:172.21.15.96:3300/0,v1:172.21.15.96:6789/0] conn(0x7f9cac064350 0x7f9cac0a4eb0 secure :-1 s=READY pgs=627 cs=0 l=1 rev1=1 crypto rx=0x7f9cac0a7c00 tx=0x7f9c9c01c000 comp rx=0 tx=0).read_frame
2021-11-18T04:26:13.362 WARNING:scrape:Ignoring malparsed backtrace:
2021-11-17T17:38:56.336+0000 7f9cb0ec2700 15 authenticated_encrypt_update plaintext.length()=16 buffer.length()=64 ,
2021-11-17T17:38:56.336+0000 7f9cb0ec2700 15 authenticated_encrypt_final buffer.length()=80 final_len=0 ,
2021-11-17T17:38:56.336+0000 7f9cb0ec2700 5 --2- 172.21.15.96:0/3431442456 >> [v2:172.21.15.96:3300/0,v1:172.21.15.96:6789/0] conn(0x7f9cac064350 0x7f9cac0a4eb0 secure :-1 s=READY pgs=627 cs=0 l=1 rev1=1 crypto rx=0x7f9cac0a7c00 tx=0x7f9c9c01c000 comp rx=0 tx=0).write_message sending message m=0x7f9c9c005b40 seq=3 mon_subscribe({mgrmap=0+}) v3
2021-11-18T04:26:13.363 WARNING:scrape:Ignoring malparsed backtrace:
2021-11-17T17:38:56.338+0000 7f9ca3fff700 20 --2- 172.21.15.96:0/3431442456 >> v2:172.21.15.96:6800/33035 conn(0x7f9c8c061ba0 0x7f9c8c0640b0 unknown :-1 s=HELLO_CONNECTING pgs=0 cs=0 l=1 rev1=1 crypto rx=0 tx=0 comp rx=0 tx=0).read_frame_segment seg_idx=0 ,
2021-11-17T17:38:56.338+0000 7f9ca3fff700 20 -- 172.21.15.96:0/3431442456 >> v2:172.21.15.96:6800/33035 conn(0x7f9c8c061ba0 msgr2=0x7f9c8c0640b0 unknown :-1 s=STATE_CONNECTION_ESTABLISHED l=1).read start len=40 ,
2021-11-17T17:38:56.338+0000 7f9ca3fff700 20 --2- 172.21.15.96:0/3431442456 >> v2:172.21.15.96:6800/33035 conn(0x7f9c8c061ba0 0x7f9c8c0640b0 unknown :-1 s=HELLO_CONNECTING pgs=0 cs=0 l=1 rev1=1 crypto rx=0 tx=0 comp rx=0 tx=0).handle_read_frame_segment r=0
2021-11-18T04:26:13.363 WARNING:scrape:Ignoring malparsed backtrace:
2021-11-17T17:38:56.342+0000 7f9ca0ff9700 1 -- 172.21.15.96:0/3431442456 <== mon.0 v2:172.21.15.96:3300/0 6 ==== mon_command_ack([{"prefix": "get_command_descriptions"}]=0 v0) v1 ==== 72+0+154884 (secure 0 0 0) 0x7f9c9c05f0c0 con 0x7f9cac064350 ,
2021-11-17T17:38:56.342+0000 7f9ca0ff9700 10 -- 172.21.15.96:0/3431442456 dispatch_throttle_release 154956 to dispatch throttler 154956/104857600 ,
2021-11-17T17:38:56.342+0000 7f9ca0ff9700 20 -- 172.21.15.96:0/3431442456 done calling dispatch on 0x7f9c9c05f0c0
2021-11-18T04:26:13.364 WARNING:scrape:Ignoring malparsed backtrace:
2021-11-17T17:38:56.881+0000 7fe6e2157700 20 CompressorRegistry(0x7fe6dc06d630) adding algorithm method: snappy ,
2021-11-17T17:38:56.881+0000 7fe6e2157700 20 CompressorRegistry(0x7fe6dc06d630) adding algorithm method: zlib ,
2021-11-17T17:38:56.881+0000 7fe6e2157700 20 CompressorRegistry(0x7fe6dc06d630) adding algorithm method: zstd
2021-11-18T04:26:13.365 WARNING:scrape:Ignoring malparsed backtrace:
2021-11-17T17:38:56.882+0000 7fe6db7fe700 20 --2- >> v2:172.21.15.96:3300/0 conn(0x7fe6dc0a9330 0x7fe6dc0aa240 unknown :-1 s=BANNER_CONNECTING pgs=0 cs=0 l=0 rev1=0 crypto rx=0 tx=0 comp rx=0 tx=0)._handle_peer_banner r=0 ,
2021-11-17T17:38:56.882+0000 7fe6daffd700 20 --2- >> [v2:172.21.15.96:3301/0,v1:172.21.15.96:6790/0] conn(0x7fe6dc0a7e80 0x7fe6dc139e20 unknown :-1 s=BANNER_CONNECTING pgs=0 cs=0 l=0 rev1=0 crypto rx=0 tx=0 comp rx=0 tx=0)._handle_peer_banner_payload r=0 ,
2021-11-17T17:38:56.882+0000 7fe6db7fe700 20 -- >> v2:172.21.15.96:3300/0 conn(0x7fe6dc0a9330 msgr2=0x7fe6dc0aa240 unknown :-1 s=STATE_CONNECTION_ESTABLISHED l=0).read start len=16
2021-11-18T04:26:13.365 WARNING:scrape:Ignoring malparsed backtrace:
2021-11-17T17:38:56.883+0000 7fe6db7fe700 20 -- 172.21.15.96:0/1700493614 >> v2:172.21.15.96:3300/0 conn(0x7fe6dc0a9330 msgr2=0x7fe6dc0aa240 unknown :-1 s=STATE_CONNECTION_ESTABLISHED l=0).read start len=32 ,
2021-11-17T17:38:56.883+0000 7fe6dbfff700 10 --1- 172.21.15.96:0/1700493614 >> v1:172.21.15.100:6789/0 conn(0x7fe6dc137150 0x7fe6dc13d380 :-1 s=OPENED pgs=381 cs=1 l=1).append_keepalive_or_ack ,
2021-11-17T17:38:56.883+0000 7fe6dbfff700 20 --1- 172.21.15.96:0/1700493614 >> v1:172.21.15.100:6789/0 conn(0x7fe6dc137150 0x7fe6dc13d380 :-1 s=OPENED pgs=381 cs=1 l=1).prepare_send_message m auth(proto 0 30 bytes epoch 0) v1
2021-11-18T04:26:13.366 WARNING:scrape:Ignoring malparsed backtrace:
2021-11-17T17:38:56.883+0000 7fe6db7fe700 5 --2- 172.21.15.96:0/1700493614 >> v2:172.21.15.96:3300/0 conn(0x7fe6dc0a9330 0x7fe6dc0aa240 secure :-1 s=SESSION_CONNECTING pgs=0 cs=0 l=0 rev1=1 crypto rx=0x7fe6cc01c6d0 tx=0x7fe6cc006ee0 comp rx=0 tx=0).handle_server_ident received server identification: addrs=[v2:172.21.15.96:3300/0,v1:172.21.15.96:6789/0] gid=0 global_seq=628 features_supported=3f01cfbb7ffdffff features_required=c01020042040000 flags=1 cookie=0 ,
2021-11-17T17:38:56.883+0000 7fe6db7fe700 10 --2- 172.21.15.96:0/1700493614 >> [v2:172.21.15.96:3300/0,v1:172.21.15.96:6789/0] conn(0x7fe6dc0a9330 0x7fe6dc0aa240 secure :-1 s=SESSION_CONNECTING pgs=628 cs=0 l=1 rev1=1 crypto rx=0x7fe6cc01c6d0 tx=0x7fe6cc006ee0 comp rx=0 tx=0).handle_server_ident connect success 0, lossy = 1, features 4540138303579357183 ,
2021-11-17T17:38:56.883+0000 7fe6db7fe700 1 --2- 172.21.15.96:0/1700493614 >> [v2:172.21.15.96:3300/0,v1:172.21.15.96:6789/0] conn(0x7fe6dc0a9330 0x7fe6dc0aa240 secure :-1 s=READY pgs=628 cs=0 l=1 rev1=1 crypto rx=0x7fe6cc01c6d0 tx=0x7fe6cc006ee0 comp rx=0 tx=0).ready entity=mon.0 client_cookie=ea8ecc31dfc85f30 server_cookie=0 in_seq=0 out_seq=0
2021-11-18T04:26:13.367 WARNING:scrape:Ignoring malparsed backtrace:
2021-11-17T17:38:56.884+0000 7fe6e2157700 1 -- 172.21.15.96:0/1700493614 shutdown_connections ,
2021-11-17T17:38:56.884+0000 7fe6e2157700 5 -- 172.21.15.96:0/1700493614 shutdown_connections mark down v1:172.21.15.100:6789/0 0x7fe6dc137150 ,
2021-11-17T17:38:56.884+0000 7fe6e2157700 20 --1- 172.21.15.96:0/1700493614 >> v1:172.21.15.100:6789/0 conn(0x7fe6dc137150 0x7fe6dc13d380 :-1 s=CLOSED pgs=381 cs=1 l=1).stop
2021-11-18T04:26:13.368 WARNING:scrape:Ignoring malparsed backtrace:
2021-11-17T17:38:56.887+0000 7fe6db7fe700 20 -- >> [v2:172.21.15.100:3300/0,v1:172.21.15.100:6789/0] conn(0x7fe6dc0a7e80 msgr2=0x7fe6dc0a6060 unknown :-1 s=STATE_CONNECTION_ESTABLISHED l=1).read start len=10 ,
2021-11-17T17:38:56.887+0000 7fe6dbfff700 10 -- >> [v2:172.21.15.96:3300/0,v1:172.21.15.96:6789/0] conn(0x7fe6dc137150 msgr2=0x7fe6dc069260 unknown :-1 s=STATE_CONNECTION_ESTABLISHED l=1)._try_send sent bytes 26 remaining bytes 0 ,
2021-11-17T17:38:56.887+0000 7fe6dbfff700 20 -- >> [v2:172.21.15.96:3300/0,v1:172.21.15.96:6789/0] conn(0x7fe6dc137150 msgr2=0x7fe6dc069260 unknown :-1 s=STATE_CONNECTION_ESTABLISHED l=1).read start len=10
2021-11-18T04:26:13.368 WARNING:scrape:Ignoring malparsed backtrace:
2021-11-17T17:38:56.887+0000 7fe6daffd700 20 --2- 172.21.15.96:0/3405599453 >> [v2:172.21.15.96:3301/0,v1:172.21.15.96:6790/0] conn(0x7fe6dc0a9330 0x7fe6dc068d20 unknown :-1 s=AUTH_CONNECTING pgs=0 cs=0 l=1 rev1=1 crypto rx=0 tx=0 comp rx=0 tx=0).read_frame_segment seg_idx=0 ,
2021-11-17T17:38:56.887+0000 7fe6daffd700 20 -- 172.21.15.96:0/3405599453 >> [v2:172.21.15.96:3301/0,v1:172.21.15.96:6790/0] conn(0x7fe6dc0a9330 msgr2=0x7fe6dc068d20 unknown :-1 s=STATE_CONNECTION_ESTABLISHED l=1).read start len=17 ,
2021-11-17T17:38:56.887+0000 7fe6daffd700 20 --2- 172.21.15.96:0/3405599453 >> [v2:172.21.15.96:3301/0,v1:172.21.15.96:6790/0] conn(0x7fe6dc0a9330 0x7fe6dc068d20 unknown :-1 s=AUTH_CONNECTING pgs=0 cs=0 l=1 rev1=1 crypto rx=0 tx=0 comp rx=0 tx=0).handle_read_frame_segment r=0
2021-11-18T04:26:13.369 WARNING:scrape:Ignoring malparsed backtrace:
2021-11-17T17:38:56.887+0000 7fe6db7fe700 15 authenticated_encrypt_final buffer.length()=96 final_len=0 ,
2021-11-17T17:38:56.887+0000 7fe6db7fe700 5 --2- 172.21.15.96:0/3405599453 >> [v2:172.21.15.100:3300/0,v1:172.21.15.100:6789/0] conn(0x7fe6dc0a7e80 0x7fe6dc0a6060 secure :-1 s=READY pgs=382 cs=0 l=1 rev1=1 crypto rx=0x7fe6cc00f000 tx=0x7fe6cc014000 comp rx=0 tx=0).write_message sending message m=0x7fe6dc069870 seq=1 mon_getmap magic: 0 v1 ,
2021-11-17T17:38:56.887+0000 7fe6db7fe700 20 --2- 172.21.15.96:0/3405599453 >> [v2:172.21.15.100:3300/0,v1:172.21.15.100:6789/0] conn(0x7fe6dc0a7e80 0x7fe6dc0a6060 secure :-1 s=READY pgs=382 cs=0 l=1 rev1=1 crypto rx=0x7fe6cc00f000 tx=0x7fe6cc014000 comp rx=0 tx=0).write_message sending m=0x7fe6dc069870 seq=1 src=client.? off=0
2021-11-18T04:26:13.370 WARNING:scrape:Ignoring malparsed backtrace:
2021-11-17T17:38:56.888+0000 7fe6db7fe700 15 authenticated_encrypt_final buffer.length()=96 final_len=0 ,
2021-11-17T17:38:56.888+0000 7fe6db7fe700 15 authenticated_encrypt_update plaintext.length()=48 buffer.length()=48 ,
2021-11-17T17:38:56.888+0000 7fe6db7fe700 15 authenticated_encrypt_update plaintext.length()=16 buffer.length()=64
2021-11-18T04:26:13.370 WARNING:scrape:Ignoring malparsed backtrace:
2021-11-17T17:38:56.890+0000 7fe6daffd700 20 -- 172.21.15.96:0/3405599453 >> v2:172.21.15.96:6800/33035 conn(0x7fe6c4061ba0 msgr2=0x7fe6c40640b0 unknown :-1 s=STATE_CONNECTION_ESTABLISHED l=1).read start len=40 ,
2021-11-17T17:38:56.890+0000 7fe6daffd700 20 --2- 172.21.15.96:0/3405599453 >> v2:172.21.15.96:6800/33035 conn(0x7fe6c4061ba0 0x7fe6c40640b0 unknown :-1 s=HELLO_CONNECTING pgs=0 cs=0 l=1 rev1=1 crypto rx=0 tx=0 comp rx=0 tx=0).handle_read_frame_segment r=0 ,
2021-11-17T17:38:56.890+0000 7fe6daffd700 10 --2- 172.21.15.96:0/3405599453 >> v2:172.21.15.96:6800/33035 conn(0x7fe6c4061ba0 0x7fe6c40640b0 unknown :-1 s=HELLO_CONNECTING pgs=0 cs=0 l=1 rev1=1 crypto rx=0 tx=0 comp rx=0 tx=0).handle_read_frame_dispatch tag=1
2021-11-18T04:26:13.371 WARNING:scrape:Ignoring malparsed backtrace:
2021-11-17T17:38:56.894+0000 7fe6bf7fe700 10 -- 172.21.15.96:0/3405599453 dispatch_throttle_release 154956 to dispatch throttler 154956/104857600 ,
2021-11-17T17:38:56.894+0000 7fe6bf7fe700 20 -- 172.21.15.96:0/3405599453 done calling dispatch on 0x7fe6cc0706b0 ,
2021-11-17T17:38:57.052+0000 7fe6e2157700 1 -- 172.21.15.96:0/3405599453 --> v2:172.21.15.96:6800/33035 -- mgr_command(tid 0: {"prefix": "pg deep-scrub", "pgid": "7.11", "target": ["mon-mgr", ""]}) v1 -- 0x7fe6dc069a40 con 0x7fe6c4061ba0
2021-11-18T04:26:13.372 WARNING:scrape:Ignoring malparsed backtrace:
2021-11-17T17:38:57.438+0000 7fcc775d1700 20 CompressorRegistry(0x7fcc7006d630) adding algorithm method: snappy ,
2021-11-17T17:38:57.438+0000 7fcc775d1700 20 CompressorRegistry(0x7fcc7006d630) adding algorithm method: zlib ,
2021-11-17T17:38:57.438+0000 7fcc775d1700 20 CompressorRegistry(0x7fcc7006d630) adding algorithm method: zstd
2021-11-18T04:26:13.373 WARNING:scrape:Ignoring malparsed backtrace:
2021-11-17T17:38:57.439+0000 7fcc7536d700 1 --1- >> v1:172.21.15.96:6789/0 conn(0x7fcc70068060 0x7fcc700ac230 :-1 s=CONNECTING_WAIT_BANNER_AND_IDENTIFY pgs=0 cs=0 l=0).handle_server_banner_and_identify peer v1:172.21.15.96:6789/0 says I am v1:172.21.15.96:56838/0 (socket says 172.21.15.96:56838) ,
2021-11-17T17:38:57.439+0000 7fcc75b6e700 20 -- >> v2:172.21.15.100:3300/0 conn(0x7fcc700a8b30 msgr2=0x7fcc70131d50 unknown :-1 s=STATE_CONNECTION_ESTABLISHED l=0).process ,
2021-11-17T17:38:57.439+0000 7fcc75b6e700 20 -- >> v2:172.21.15.100:3300/0 conn(0x7fcc700a8b30 msgr2=0x7fcc70131d50 unknown :-1 s=STATE_CONNECTION_ESTABLISHED l=0).read continue len=10
2021-11-18T04:26:13.373 WARNING:scrape:Ignoring malparsed backtrace:
2021-11-17T17:38:57.440+0000 7fcc7536d700 20 -- 172.21.15.96:0/1427378962 >> v1:172.21.15.96:6789/0 conn(0x7fcc70068060 legacy=0x7fcc700ac230 unknown :-1 s=STATE_CONNECTION_ESTABLISHED l=1).read start len=8 ,
2021-11-17T17:38:57.440+0000 7fcc75b6e700 10 -- 172.21.15.96:0/1427378962 >> v2:172.21.15.100:3300/0 conn(0x7fcc700a8b30 msgr2=0x7fcc70131d50 unknown :-1 s=STATE_CONNECTION_ESTABLISHED l=0)._try_send sent bytes 76 remaining bytes 0 ,
2021-11-17T17:38:57.440+0000 7fcc7536d700 20 --1- 172.21.15.96:0/1427378962 >> v1:172.21.15.96:6789/0 conn(0x7fcc70068060 0x7fcc700ac230 :-1 s=OPENED pgs=629 cs=1 l=1).handle_keepalive2_ack r=0
2021-11-18T04:26:13.374 WARNING:scrape:Ignoring malparsed backtrace:
2021-11-17T17:38:57.440+0000 7fcc74b6c700 5 --2- 172.21.15.96:0/1427378962 >> [v2:172.21.15.96:3301/0,v1:172.21.15.96:6790/0] conn(0x7fcc700ad3e0 0x7fcc700ac940 unknown :-1 s=CLOSED pgs=0 cs=0 l=0 rev1=1 crypto rx=0 tx=0 comp rx=0 tx=0).reset_compression ,
2021-11-17T17:38:57.440+0000 7fcc75b6e700 10 -- 172.21.15.96:0/1427378962 >> v2:172.21.15.100:3300/0 conn(0x7fcc700a8b30 msgr2=0x7fcc70131d50 secure :-1 s=STATE_CONNECTION_ESTABLISHED l=0)._try_send sent bytes 96 remaining bytes 0 ,
2021-11-17T17:38:57.440+0000 7fcc74b6c700 20 EpollDriver.del_event del event fd=13 cur_mask=1 delmask=3 to 10
2021-11-18T04:26:13.375 WARNING:scrape:Ignoring malparsed backtrace:
2021-11-17T17:38:57.440+0000 7fcc75b6e700 20 -- 172.21.15.96:0/1427378962 queue 0x7fcc6c00fe60 prio 196 ,
2021-11-17T17:38:57.440+0000 7fcc75b6e700 20 --2- 172.21.15.96:0/1427378962 >> [v2:172.21.15.100:3300/0,v1:172.21.15.100:6789/0] conn(0x7fcc700a8b30 0x7fcc70131d50 secure :-1 s=READY pgs=383 cs=0 l=1 rev1=1 crypto rx=0x7fcc6c00fa20 tx=0x7fcc6c005c00 comp rx=0 tx=0).read_frame ,
2021-11-17T17:38:57.440+0000 7fcc75b6e700 20 -- 172.21.15.96:0/1427378962 >> [v2:172.21.15.100:3300/0,v1:172.21.15.100:6789/0] conn(0x7fcc700a8b30 msgr2=0x7fcc70131d50 secure :-1 s=STATE_CONNECTION_ESTABLISHED l=1).read start len=96
2021-11-18T04:26:13.375 WARNING:scrape:Ignoring malparsed backtrace:
2021-11-17T17:38:57.443+0000 7fcc7536d700 20 Event(0x7fcc700608a0 nevent=5000 time_id=4).create_file_event create event started fd=16 mask=1 original mask is 0 ,
2021-11-17T17:38:57.443+0000 7fcc7536d700 20 EpollDriver.add_event add event fd=16 cur_mask=0 add_mask=1 to 7 ,
2021-11-17T17:38:57.443+0000 7fcc775d1700 15 --2- >> [v2:172.21.15.96:3300/0,v1:172.21.15.96:6789/0] conn(0x7fcc700a8b30 0x7fcc700906f0 unknown :-1 s=START_CONNECT pgs=0 cs=0 l=1 rev1=0 crypto rx=0 tx=0 comp rx=0 tx=0).send_message inline write is denied, reschedule m=0x7fcc700a5ee0
2021-11-18T04:26:13.376 WARNING:scrape:Ignoring malparsed backtrace:
2021-11-17T17:38:57.444+0000 7fcc75b6e700 20 --2- 172.21.15.96:0/4075811400 >> [v2:172.21.15.100:3300/0,v1:172.21.15.100:6789/0] conn(0x7fcc700ad3e0 0x7fcc700a6380 unknown :-1 s=AUTH_CONNECTING pgs=0 cs=0 l=1 rev1=1 crypto rx=0 tx=0 comp rx=0 tx=0).read_frame ,
2021-11-17T17:38:57.444+0000 7fcc7536d700 5 --2- 172.21.15.96:0/4075811400 >> [v2:172.21.15.96:3301/0,v1:172.21.15.96:6790/0] conn(0x7fcc70068060 0x7fcc7013b0f0 unknown :-1 s=HELLO_CONNECTING pgs=0 cs=0 l=1 rev1=1 crypto rx=0 tx=0 comp rx=0 tx=0).handle_hello getsockname says I am 172.21.15.96:37518 when talking to v2:172.21.15.96:3301/0 ,
2021-11-17T17:38:57.444+0000 7fcc75b6e700 20 -- 172.21.15.96:0/4075811400 >> [v2:172.21.15.100:3300/0,v1:172.21.15.100:6789/0] conn(0x7fcc700ad3e0 msgr2=0x7fcc700a6380 unknown :-1 s=STATE_CONNECTION_ESTABLISHED l=1).read start len=32
2021-11-18T04:26:13.377 WARNING:scrape:Ignoring malparsed backtrace:
2021-11-17T17:38:57.444+0000 7fcc75b6e700 20 --2- 172.21.15.96:0/4075811400 >> [v2:172.21.15.100:3300/0,v1:172.21.15.100:6789/0] conn(0x7fcc700ad3e0 0x7fcc700a6380 secure :-1 s=AUTH_CONNECTING_SIGN pgs=0 cs=0 l=1 rev1=1 crypto rx=0x7fcc7006a030 tx=0x7fcc6c017000 comp rx=0 tx=0).read_frame ,
2021-11-17T17:38:57.444+0000 7fcc75b6e700 20 -- 172.21.15.96:0/4075811400 >> [v2:172.21.15.100:3300/0,v1:172.21.15.100:6789/0] conn(0x7fcc700ad3e0 msgr2=0x7fcc700a6380 secure :-1 s=STATE_CONNECTION_ESTABLISHED l=1).read start len=96 ,
2021-11-17T17:38:57.444+0000 7fcc7536d700 5 --2- 172.21.15.96:0/4075811400 >> [v2:172.21.15.96:3301/0,v1:172.21.15.96:6790/0] conn(0x7fcc70068060 0x7fcc7013b0f0 unknown :-1 s=CLOSED pgs=0 cs=0 l=1 rev1=1 crypto rx=0 tx=0 comp rx=0 tx=0).reset_compression
2021-11-18T04:26:13.378 WARNING:scrape:Ignoring malparsed backtrace:
2021-11-17T17:38:57.445+0000 7fcc5d7fa700 10 -- 172.21.15.96:0/4075811400 dispatch_throttle_release 413 to dispatch throttler 417/104857600 ,
2021-11-17T17:38:57.445+0000 7fcc75b6e700 20 --2- 172.21.15.96:0/4075811400 >> [v2:172.21.15.100:3300/0,v1:172.21.15.100:6789/0] conn(0x7fcc700ad3e0 0x7fcc700a6380 secure :-1 s=READY pgs=384 cs=0 l=1 rev1=1 crypto rx=0x7fcc7006a030 tx=0x7fcc6c017000 comp rx=0 tx=0).handle_read_frame_preamble_main r=0 ,
2021-11-17T17:38:57.445+0000 7fcc5d7fa700 20 -- 172.21.15.96:0/4075811400 done calling dispatch on 0x7fcc6c021220
2021-11-18T04:26:13.378 WARNING:scrape:Ignoring malparsed backtrace:
2021-11-17T17:38:57.446+0000 7fcc75b6e700 15 authenticated_encrypt_update plaintext.length()=80 buffer.length()=80 ,
2021-11-17T17:38:57.446+0000 7fcc75b6e700 15 authenticated_encrypt_final buffer.length()=96 final_len=0 ,
2021-11-17T17:38:57.446+0000 7fcc75b6e700 15 authenticated_encrypt_update plaintext.length()=80 buffer.length()=80
2021-11-18T04:26:13.379 WARNING:scrape:Ignoring malparsed backtrace:
2021-11-17T17:38:57.447+0000 7fcc7536d700 10 -- 172.21.15.96:0/4075811400 >> v2:172.21.15.96:6800/33035 conn(0x7fcc50061ba0 msgr2=0x7fcc500640b0 secure :-1 s=STATE_CONNECTION_ESTABLISHED l=1)._try_send sent bytes 192 remaining bytes 0 ,
2021-11-17T17:38:57.447+0000 7fcc7536d700 20 --2- 172.21.15.96:0/4075811400 >> v2:172.21.15.96:6800/33035 conn(0x7fcc50061ba0 0x7fcc500640b0 secure :-1 s=SESSION_CONNECTING pgs=0 cs=0 l=1 rev1=1 crypto rx=0x7fcc7013afc0 tx=0x7fcc600031f0 comp rx=0 tx=0).read_frame ,
2021-11-17T17:38:57.447+0000 7fcc7536d700 20 -- 172.21.15.96:0/4075811400 >> v2:172.21.15.96:6800/33035 conn(0x7fcc50061ba0 msgr2=0x7fcc500640b0 secure :-1 s=STATE_CONNECTION_ESTABLISHED l=1).read start len=96
2021-11-18T04:26:13.380 WARNING:scrape:Ignoring malparsed backtrace:
2021-11-17T17:38:57.610+0000 7fcc775d1700 20 Event(0x7fcc700af300 nevent=5000 time_id=5).wakeup ,
2021-11-17T17:38:57.610+0000 7fcc775d1700 1 -- 172.21.15.96:0/4075811400 shutdown_connections ,
2021-11-17T17:38:57.610+0000 7fcc775d1700 5 -- 172.21.15.96:0/4075811400 shutdown_connections mark down v2:172.21.15.96:6800/33035 0x7fcc50061ba0
2021-11-18T04:26:13.381 WARNING:scrape:Ignoring malparsed backtrace:
2021-11-17T17:38:58.032+0000 7f94c6ffd700 20 Event(0x7f94c80608a0 nevent=5000 time_id=2).create_file_event create event end fd=13 mask=1 current mask is 1 ,
2021-11-17T17:38:58.032+0000 7f94c67fc700 20 Event(0x7f94c80657a0 nevent=5000 time_id=2).create_file_event create event started fd=14 mask=2 original mask is 1 ,
2021-11-17T17:38:58.032+0000 7f94c6ffd700 20 EpollDriver.del_event del event fd=13 cur_mask=1 delmask=2 to 7
2021-11-18T04:26:13.381 WARNING:scrape:Ignoring malparsed backtrace:
2021-11-17T17:38:58.033+0000 7f94c67fc700 20 -- 172.21.15.96:0/1723651928 >> v1:172.21.15.100:6789/0 conn(0x7f94c80a7e80 legacy=0x7f94c8139e20 unknown :-1 s=STATE_CONNECTION_ESTABLISHED l=0).read start len=8 ,
2021-11-17T17:38:58.033+0000 7f94c67fc700 20 --1- 172.21.15.96:0/1723651928 >> v1:172.21.15.100:6789/0 conn(0x7f94c80a7e80 0x7f94c8139e20 :-1 s=CONNECTING_SEND_CONNECT_MSG pgs=0 cs=0 l=0).handle_ack_seq r=0 ,
2021-11-17T17:38:58.033+0000 7f94c67fc700 2 --1- 172.21.15.96:0/1723651928 >> v1:172.21.15.100:6789/0 conn(0x7f94c80a7e80 0x7f94c8139e20 :-1 s=CONNECTING_SEND_CONNECT_MSG pgs=0 cs=0 l=0).handle_ack_seq got newly_acked_seq 0 vs out_seq 0
2021-11-18T04:26:13.382 WARNING:scrape:Ignoring malparsed backtrace:
2021-11-17T17:38:58.033+0000 7f94c67fc700 20 --1- 172.21.15.96:0/1723651928 >> v1:172.21.15.100:6789/0 conn(0x7f94c80a7e80 0x7f94c8139e20 :-1 s=READ_FOOTER_AND_DISPATCH pgs=385 cs=1 l=1).handle_message_footer r=0 ,
2021-11-17T17:38:58.033+0000 7f94c67fc700 10 --1- 172.21.15.96:0/1723651928 >> v1:172.21.15.100:6789/0 conn(0x7f94c80a7e80 0x7f94c8139e20 :-1 s=READ_FOOTER_AND_DISPATCH pgs=385 cs=1 l=1).handle_message_footer aborted = 0 ,
2021-11-17T17:38:58.033+0000 7f94c77fe700 20 --1- 172.21.15.96:0/1723651928 >> v1:172.21.15.96:6789/0 conn(0x7f94c8137150 0x7f94c8144720 :-1 s=OPENED pgs=630 cs=1 l=1).handle_message r=0
2021-11-18T04:26:13.383 WARNING:scrape:Ignoring malparsed backtrace:
2021-11-17T17:38:58.033+0000 7f94c6ffd700 20 --2- 172.21.15.96:0/1723651928 >> [v2:172.21.15.96:3301/0,v1:172.21.15.96:6790/0] conn(0x7f94c80a9330 0x7f94c80aa240 secure :-1 s=SESSION_CONNECTING pgs=0 cs=0 l=0 rev1=1 crypto rx=0x7f94bc00b690 tx=0x7f94bc006e20 comp rx=0 tx=0).handle_read_frame_preamble_main r=0 ,
2021-11-17T17:38:58.033+0000 7f94c6ffd700 20 --2- 172.21.15.96:0/1723651928 >> [v2:172.21.15.96:3301/0,v1:172.21.15.96:6790/0] conn(0x7f94c80a9330 0x7f94c80aa240 secure :-1 s=SESSION_CONNECTING pgs=0 cs=0 l=0 rev1=1 crypto rx=0x7f94bc00b690 tx=0x7f94bc006e20 comp rx=0 tx=0).read_frame_segment seg_idx=0 ,
2021-11-17T17:38:58.033+0000 7f94c6ffd700 20 -- 172.21.15.96:0/1723651928 >> [v2:172.21.15.96:3301/0,v1:172.21.15.96:6790/0] conn(0x7f94c80a9330 msgr2=0x7f94c80aa240 secure :-1 s=STATE_CONNECTION_ESTABLISHED l=0).read start len=96
2021-11-18T04:26:13.384 WARNING:scrape:Ignoring malparsed backtrace:
2021-11-17T17:38:58.035+0000 7f94c6ffd700 5 --2- 172.21.15.96:0/1723651928 >> [v2:172.21.15.96:3301/0,v1:172.21.15.96:6790/0] conn(0x7f94c80a9330 0x7f94c80aa240 unknown :-1 s=CLOSED pgs=335 cs=0 l=1 rev1=1 crypto rx=0 tx=0 comp rx=0 tx=0).reset_compression ,
2021-11-17T17:38:58.035+0000 7f94c6ffd700 20 EpollDriver.del_event del event fd=13 cur_mask=1 delmask=3 to 7 ,
2021-11-17T17:38:58.035+0000 7f94cd920700 10 -- 172.21.15.96:0/1723651928 shutdown 172.21.15.96:0/1723651928
2021-11-18T04:26:13.384 WARNING:scrape:Ignoring malparsed backtrace:
2021-11-17T17:38:58.037+0000 7f94c67fc700 20 -- >> [v2:172.21.15.100:3300/0,v1:172.21.15.100:6789/0] conn(0x7f94c80a9330 msgr2=0x7f94c812d350 unknown :-1 s=STATE_CONNECTING_RE l=1).process ,
2021-11-17T17:38:58.037+0000 7f94c67fc700 20 EpollDriver.del_event del event fd=17 cur_mask=3 delmask=2 to 10 ,
2021-11-17T17:38:58.037+0000 7f94c77fe700 10 -- >> [v2:172.21.15.96:3301/0,v1:172.21.15.96:6790/0] conn(0x7f94c8137150 msgr2=0x7f94c80a5d10 unknown :-1 s=STATE_CONNECTION_ESTABLISHED l=1)._try_send sent bytes 26 remaining bytes 0
2021-11-18T04:26:13.385 WARNING:scrape:Ignoring malparsed backtrace:
2021-11-17T17:38:58.037+0000 7f94c67fc700 20 -- 172.21.15.96:0/2307364630 >> [v2:172.21.15.100:3300/0,v1:172.21.15.100:6789/0] conn(0x7f94c80a9330 msgr2=0x7f94c812d350 unknown :-1 s=STATE_CONNECTION_ESTABLISHED l=1).process ,
2021-11-17T17:38:58.037+0000 7f94c67fc700 20 -- 172.21.15.96:0/2307364630 >> [v2:172.21.15.100:3300/0,v1:172.21.15.100:6789/0] conn(0x7f94c80a9330 msgr2=0x7f94c812d350 unknown :-1 s=STATE_CONNECTION_ESTABLISHED l=1).read continue len=32 ,
2021-11-17T17:38:58.037+0000 7f94c67fc700 20 --2- 172.21.15.96:0/2307364630 >> [v2:172.21.15.100:3300/0,v1:172.21.15.100:6789/0] conn(0x7f94c80a9330 0x7f94c812d350 unknown :-1 s=AUTH_CONNECTING pgs=0 cs=0 l=1 rev1=1 crypto rx=0 tx=0 comp rx=0 tx=0).handle_read_frame_preamble_main r=0
2021-11-18T04:26:13.386 WARNING:scrape:Ignoring malparsed backtrace:
2021-11-17T17:38:58.038+0000 7f94c77fe700 20 --2- 172.21.15.96:0/2307364630 >> [v2:172.21.15.96:3301/0,v1:172.21.15.96:6790/0] conn(0x7f94c8137150 0x7f94c80a5d10 secure :-1 s=READY pgs=336 cs=0 l=1 rev1=1 crypto rx=0x7f94b802e810 tx=0x7f94b8029ec0 comp rx=0 tx=0).prepare_send_message m=mon_getmap magic: 0 v1 ,
2021-11-17T17:38:58.038+0000 7f94c77fe700 20 --2- 172.21.15.96:0/2307364630 >> [v2:172.21.15.96:3301/0,v1:172.21.15.96:6790/0] conn(0x7f94c8137150 0x7f94c80a5d10 secure :-1 s=READY pgs=336 cs=0 l=1 rev1=1 crypto rx=0x7f94b802e810 tx=0x7f94b8029ec0 comp rx=0 tx=0).prepare_send_message encoding features 4540138303579357183 0x7f94c812e1e0 mon_getmap magic: 0 v1 ,
2021-11-17T17:38:58.038+0000 7f94c77fe700 15 authenticated_encrypt_update plaintext.length()=80 buffer.length()=80
2021-11-18T04:26:13.387 WARNING:scrape:Ignoring malparsed backtrace:
2021-11-17T17:38:58.038+0000 7f94c77fe700 20 --2- 172.21.15.96:0/2307364630 >> [v2:172.21.15.96:3301/0,v1:172.21.15.96:6790/0] conn(0x7f94c8137150 0x7f94c80a5d10 secure :-1 s=READY pgs=336 cs=0 l=1 rev1=1 crypto rx=0x7f94b802e810 tx=0x7f94b8029ec0 comp rx=0 tx=0).prepare_send_message m=mon_subscribe({osdmap=0}) v3 ,
2021-11-17T17:38:58.038+0000 7f94c77fe700 20 --2- 172.21.15.96:0/2307364630 >> [v2:172.21.15.96:3301/0,v1:172.21.15.96:6790/0] conn(0x7f94c8137150 0x7f94c80a5d10 secure :-1 s=READY pgs=336 cs=0 l=1 rev1=1 crypto rx=0x7f94b802e810 tx=0x7f94b8029ec0 comp rx=0 tx=0).prepare_send_message encoding features 4540138303579357183 0x7f94c80a3a60 mon_subscribe({osdmap=0}) v3 ,
2021-11-17T17:38:58.038+0000 7f94c77fe700 15 authenticated_encrypt_update plaintext.length()=80 buffer.length()=80
2021-11-18T04:26:13.387 WARNING:scrape:Ignoring malparsed backtrace:
2021-11-17T17:38:58.041+0000 7f94c6ffd700 20 --2- 172.21.15.96:0/2307364630 >> v2:172.21.15.96:6800/33035 conn(0x7f94a8061ba0 0x7f94a80640b0 unknown :-1 s=HELLO_CONNECTING pgs=0 cs=0 l=1 rev1=1 crypto rx=0 tx=0 comp rx=0 tx=0).handle_hello payload.length()=36 ,
2021-11-17T17:38:58.041+0000 7f94c6ffd700 5 --2- 172.21.15.96:0/2307364630 >> v2:172.21.15.96:6800/33035 conn(0x7f94a8061ba0 0x7f94a80640b0 unknown :-1 s=HELLO_CONNECTING pgs=0 cs=0 l=1 rev1=1 crypto rx=0 tx=0 comp rx=0 tx=0).handle_hello received hello: peer_type=16 peer_addr_for_me=v2:172.21.15.96:33958/0 ,
2021-11-17T17:38:58.041+0000 7f94c6ffd700 5 --2- 172.21.15.96:0/2307364630 >> v2:172.21.15.96:6800/33035 conn(0x7f94a8061ba0 0x7f94a80640b0 unknown :-1 s=HELLO_CONNECTING pgs=0 cs=0 l=1 rev1=1 crypto rx=0 tx=0 comp rx=0 tx=0).handle_hello getsockname says I am 172.21.15.96:33958 when talking to v2:172.21.15.96:6800/33035
2021-11-18T04:26:13.388 WARNING:scrape:Ignoring malparsed backtrace:
2021-11-17T17:38:58.203+0000 7f94cd920700 20 Event(0x7f94c80608a0 nevent=5000 time_id=6).wakeup ,
2021-11-17T17:38:58.203+0000 7f94c6ffd700 10 -- 172.21.15.96:0/2307364630 >> v2:172.21.15.96:6800/33035 conn(0x7f94a8061ba0 msgr2=0x7f94a80640b0 secure :-1 s=STATE_CONNECTION_ESTABLISHED l=1).handle_write ,
2021-11-17T17:38:58.203+0000 7f94c6ffd700 10 --2- 172.21.15.96:0/2307364630 >> v2:172.21.15.96:6800/33035 conn(0x7f94a8061ba0 0x7f94a80640b0 secure :-1 s=READY pgs=283 cs=0 l=1 rev1=1 crypto rx=0x7f94bc00b690 tx=0x7f94bc014000 comp rx=0 tx=0).write_event
2021-11-18T04:26:13.389 WARNING:scrape:Ignoring malparsed backtrace:
2021-11-17T17:38:58.610+0000 7f590e0f5700 20 Event(0x7f59080ae1a0 nevent=5000 time_id=1).create_file_event create event started fd=5 mask=1 original mask is 0 ,
2021-11-17T17:38:58.610+0000 7f590e0f5700 20 EpollDriver.add_event add event fd=5 cur_mask=0 add_mask=1 to 4 ,
2021-11-17T17:38:58.610+0000 7f590e0f5700 20 Event(0x7f59080ae1a0 nevent=5000 time_id=1).create_file_event create event end fd=5 mask=1 current mask is 1
2021-11-18T04:26:13.389 WARNING:scrape:Ignoring malparsed backtrace:
2021-11-17T17:38:58.611+0000 7f590d8f4700 10 -- 172.21.15.96:0/1063222637 learned_addr had no addrs ,
2021-11-17T17:38:58.611+0000 7f590d8f4700 1 -- 172.21.15.96:0/1063222637 learned_addr learned my addr 172.21.15.96:0/1063222637 (peer_addr_for_me v2:172.21.15.96:0/0) ,
2021-11-17T17:38:58.611+0000 7f590d8f4700 20 --2- 172.21.15.96:0/1063222637 >> [v2:172.21.15.96:3301/0,v1:172.21.15.96:6790/0] conn(0x7f59080a9e40 0x7f59080a85d0 unknown :-1 s=HELLO_CONNECTING pgs=0 cs=0 l=0 rev1=1 crypto rx=0 tx=0 comp rx=0 tx=0).post_client_banner_exchange
2021-11-18T04:26:13.390 WARNING:scrape:Ignoring malparsed backtrace:
2021-11-17T17:38:58.612+0000 7f590d8f4700 20 --2- 172.21.15.96:0/1063222637 >> [v2:172.21.15.96:3301/0,v1:172.21.15.96:6790/0] conn(0x7f59080a9e40 0x7f59080a85d0 secure :-1 s=COMPRESSION_CONNECTING pgs=0 cs=0 l=0 rev1=1 crypto rx=0x7f58f8011ec0 tx=0x7f58f80117e0 comp rx=0 tx=0).read_frame ,
2021-11-17T17:38:58.612+0000 7f590d8f4700 20 -- 172.21.15.96:0/1063222637 >> [v2:172.21.15.96:3301/0,v1:172.21.15.96:6790/0] conn(0x7f59080a9e40 msgr2=0x7f59080a85d0 secure :-1 s=STATE_CONNECTION_ESTABLISHED l=0).read start len=96 ,
2021-11-17T17:38:58.612+0000 7f590d8f4700 20 -- 172.21.15.96:0/1063222637 >> [v2:172.21.15.96:3301/0,v1:172.21.15.96:6790/0] conn(0x7f59080a9e40 msgr2=0x7f59080a85d0 secure :-1 s=STATE_CONNECTION_ESTABLISHED l=0).process
2021-11-18T04:26:13.391 WARNING:scrape:Ignoring malparsed backtrace:
2021-11-17T17:38:58.612+0000 7f590d8f4700 20 -- 172.21.15.96:0/1063222637 >> [v2:172.21.15.96:3301/0,v1:172.21.15.96:6790/0] conn(0x7f59080a9e40 msgr2=0x7f59080a85d0 secure :-1 s=STATE_CONNECTION_ESTABLISHED l=1).read start len=32 ,
2021-11-17T17:38:58.612+0000 7f590d8f4700 20 --2- 172.21.15.96:0/1063222637 >> [v2:172.21.15.96:3301/0,v1:172.21.15.96:6790/0] conn(0x7f59080a9e40 0x7f59080a85d0 secure :-1 s=THROTTLE_DONE pgs=337 cs=0 l=1 rev1=1 crypto rx=0x7f58f8011ec0 tx=0x7f58f80117e0 comp rx=0 tx=0).handle_read_frame_epilogue_main r=0 ,
2021-11-17T17:38:58.612+0000 7f590d8f4700 10 --2- 172.21.15.96:0/1063222637 >> [v2:172.21.15.96:3301/0,v1:172.21.15.96:6790/0] conn(0x7f59080a9e40 0x7f59080a85d0 secure :-1 s=THROTTLE_DONE pgs=337 cs=0 l=1 rev1=1 crypto rx=0x7f58f8011ec0 tx=0x7f58f80117e0 comp rx=0 tx=0).handle_read_frame_dispatch tag=17
2021-11-18T04:26:13.391 WARNING:scrape:Ignoring malparsed backtrace:
2021-11-17T17:38:58.615+0000 7f590fb58700 1 -- --> [v2:172.21.15.96:3301/0,v1:172.21.15.96:6790/0] -- mon_getmap magic: 0 v1 -- 0x7f59081462a0 con 0x7f590806a640 ,
2021-11-17T17:38:58.615+0000 7f590d0f3700 20 EpollDriver.del_event del event fd=17 cur_mask=1 delmask=2 to 10 ,
2021-11-17T17:38:58.615+0000 7f590fb58700 5 --2- >> [v2:172.21.15.96:3301/0,v1:172.21.15.96:6790/0] conn(0x7f590806a640 0x7f59081454f0 unknown :-1 s=START_CONNECT pgs=0 cs=0 l=1 rev1=0 crypto rx=0 tx=0 comp rx=0 tx=0).send_message enqueueing message m=0x7f59081462a0 type=5 mon_getmap magic: 0 v1
2021-11-18T04:26:13.392 WARNING:scrape:Ignoring malparsed backtrace:
2021-11-17T17:38:58.615+0000 7f590d0f3700 20 --2- 172.21.15.96:0/2995718126 >> [v2:172.21.15.96:3301/0,v1:172.21.15.96:6790/0] conn(0x7f590806a640 0x7f59081454f0 unknown :-1 s=AUTH_CONNECTING pgs=0 cs=0 l=1 rev1=1 crypto rx=0 tx=0 comp rx=0 tx=0).read_frame ,
2021-11-17T17:38:58.615+0000 7f590d8f4700 10 -- 172.21.15.96:0/2995718126 >> [v2:172.21.15.100:3300/0,v1:172.21.15.100:6789/0] conn(0x7f5908063d20 msgr2=0x7f59081381f0 unknown :-1 s=STATE_CONNECTION_ESTABLISHED l=1)._try_send sent bytes 78 remaining bytes 0 ,
2021-11-17T17:38:58.615+0000 7f590d0f3700 20 -- 172.21.15.96:0/2995718126 >> [v2:172.21.15.96:3301/0,v1:172.21.15.96:6790/0] conn(0x7f590806a640 msgr2=0x7f59081454f0 unknown :-1 s=STATE_CONNECTION_ESTABLISHED l=1).read start len=32
2021-11-18T04:26:13.393 WARNING:scrape:Ignoring malparsed backtrace:
2021-11-17T17:38:58.616+0000 7f590d0f3700 15 authenticated_encrypt_final buffer.length()=96 final_len=0 ,
2021-11-17T17:38:58.616+0000 7f590d0f3700 10 -- 172.21.15.96:0/2995718126 >> [v2:172.21.15.96:3301/0,v1:172.21.15.96:6790/0] conn(0x7f590806a640 msgr2=0x7f59081454f0 secure :-1 s=STATE_CONNECTION_ESTABLISHED l=1)._try_send sent bytes 192 remaining bytes 0 ,
2021-11-17T17:38:58.616+0000 7f590d0f3700 20 --2- 172.21.15.96:0/2995718126 >> [v2:172.21.15.96:3301/0,v1:172.21.15.96:6790/0] conn(0x7f590806a640 0x7f59081454f0 secure :-1 s=SESSION_CONNECTING pgs=0 cs=0 l=1 rev1=1 crypto rx=0x7f58fc00c500 tx=0x7f58fc008040 comp rx=0 tx=0).read_frame
2021-11-18T04:26:13.394 WARNING:scrape:Ignoring malparsed backtrace:
2021-11-17T17:38:58.616+0000 7f590fb58700 20 Event(0x7f5908066ff0 nevent=5000 time_id=4).wakeup ,
2021-11-17T17:38:58.616+0000 7f590d0f3700 10 -- 172.21.15.96:0/2995718126 >> [v2:172.21.15.96:3301/0,v1:172.21.15.96:6790/0] conn(0x7f590806a640 msgr2=0x7f59081454f0 secure :-1 s=STATE_CONNECTION_ESTABLISHED l=1).handle_write ,
2021-11-17T17:38:58.616+0000 7f590d0f3700 10 --2- 172.21.15.96:0/2995718126 >> [v2:172.21.15.96:3301/0,v1:172.21.15.96:6790/0] conn(0x7f590806a640 0x7f59081454f0 secure :-1 s=READY pgs=338 cs=0 l=1 rev1=1 crypto rx=0x7f58fc00c500 tx=0x7f58fc008040 comp rx=0 tx=0).write_event
2021-11-18T04:26:13.394 WARNING:scrape:Ignoring malparsed backtrace:
2021-11-17T17:38:58.619+0000 7f590d8f4700 10 -- 172.21.15.96:0/2995718126 >> v2:172.21.15.96:6800/33035 conn(0x7f58e8061ba0 msgr2=0x7f58e80640b0 unknown :-1 s=STATE_CONNECTION_ESTABLISHED l=1)._try_send sent bytes 26 remaining bytes 0 ,
2021-11-17T17:38:58.619+0000 7f590d8f4700 20 -- 172.21.15.96:0/2995718126 >> v2:172.21.15.96:6800/33035 conn(0x7f58e8061ba0 msgr2=0x7f58e80640b0 unknown :-1 s=STATE_CONNECTION_ESTABLISHED l=1).read start len=10 ,
2021-11-17T17:38:58.619+0000 7f58f5ffb700 1 -- 172.21.15.96:0/2995718126 <== mon.2 v2:172.21.15.96:3301/0 5 ==== osd_map(54..54 src has 1..54) v4 ==== 4126+0+0 (secure 0 0 0) 0x7f58fc09f4d0 con 0x7f590806a640
2021-11-18T04:26:13.395 WARNING:scrape:Ignoring malparsed backtrace:
2021-11-17T17:38:58.623+0000 7f590d0f3700 20 --2- 172.21.15.96:0/2995718126 >> [v2:172.21.15.96:3301/0,v1:172.21.15.96:6790/0] conn(0x7f590806a640 0x7f59081454f0 secure :-1 s=THROTTLE_DONE pgs=338 cs=0 l=1 rev1=1 crypto rx=0x7f58fc00c500 tx=0x7f58fc008040 comp rx=0 tx=0).read_frame_segment seg_idx=2 ,
2021-11-17T17:38:58.623+0000 7f590d0f3700 20 --2- 172.21.15.96:0/2995718126 >> [v2:172.21.15.96:3301/0,v1:172.21.15.96:6790/0] conn(0x7f590806a640 0x7f59081454f0 secure :-1 s=THROTTLE_DONE pgs=338 cs=0 l=1 rev1=1 crypto rx=0x7f58fc00c500 tx=0x7f58fc008040 comp rx=0 tx=0).read_frame_segment seg_idx=3 ,
2021-11-17T17:38:58.623+0000 7f590d0f3700 20 -- 172.21.15.96:0/2995718126 >> [v2:172.21.15.96:3301/0,v1:172.21.15.96:6790/0] conn(0x7f590806a640 msgr2=0x7f59081454f0 secure :-1 s=STATE_CONNECTION_ESTABLISHED l=1).read start len=154896
2021-11-18T04:26:13.396 WARNING:scrape:Ignoring malparsed backtrace:
2021-11-17T17:38:58.783+0000 7f590fb58700 10 -- 172.21.15.96:0/2995718126 wait: dispatch queue is stopped ,
2021-11-17T17:38:58.783+0000 7f590fb58700 1 -- 172.21.15.96:0/2995718126 shutdown_connections ,
2021-11-17T17:38:58.783+0000 7f590fb58700 5 -- 172.21.15.96:0/2995718126 shutdown_connections delete 0x7f5908064e30
2021-11-18T04:26:13.396 WARNING:scrape:Ignoring malparsed backtrace:
2021-11-17T17:38:59.137+0000 7f05cda4b700 1 --2- >> v2:172.21.15.96:3300/0 conn(0x7f05c806ad70 0x7f05c806b180 unknown :-1 s=BANNER_CONNECTING pgs=0 cs=0 l=0 rev1=0 crypto rx=0 tx=0 comp rx=0 tx=0)._handle_peer_banner_payload supported=3 required=0 ,
2021-11-17T17:38:59.137+0000 7f05cda4b700 10 -- >> v2:172.21.15.96:3300/0 conn(0x7f05c806ad70 msgr2=0x7f05c806b180 unknown :-1 s=STATE_CONNECTION_ESTABLISHED l=0)._try_send sent bytes 72 remaining bytes 0 ,
2021-11-17T17:38:59.137+0000 7f05cda4b700 20 --2- >> v2:172.21.15.96:3300/0 conn(0x7f05c806ad70 0x7f05c806b180 unknown :-1 s=HELLO_CONNECTING pgs=0 cs=0 l=0 rev1=1 crypto rx=0 tx=0 comp rx=0 tx=0).read_frame
2021-11-18T04:26:13.397 WARNING:scrape:Ignoring malparsed backtrace:
2021-11-17T17:38:59.137+0000 7f05ce24c700 20 --2- 172.21.15.96:0/2550406616 >> [v2:172.21.15.96:3301/0,v1:172.21.15.96:6790/0] conn(0x7f05c80ad030 0x7f05c80642a0 unknown :-1 s=AUTH_CONNECTING pgs=0 cs=0 l=0 rev1=1 crypto rx=0 tx=0 comp rx=0 tx=0).handle_read_frame_segment r=0 ,
2021-11-17T17:38:59.137+0000 7f05cea4d700 20 --1- 172.21.15.96:0/2550406616 >> v1:172.21.15.100:6789/0 conn(0x7f05c80aa660 0x7f05c80aaa70 :-1 s=OPENED pgs=386 cs=1 l=1).prepare_send_message m auth(proto 0 30 bytes epoch 0) v1 ,
2021-11-17T17:38:59.137+0000 7f05cea4d700 20 --1- 172.21.15.96:0/2550406616 >> v1:172.21.15.100:6789/0 conn(0x7f05c80aa660 0x7f05c80aaa70 :-1 s=OPENED pgs=386 cs=1 l=1).prepare_send_message encoding features 4540138303579357183 0x7f05c80647e0 auth(proto 0 30 bytes epoch 0) v1
2021-11-18T04:26:13.398 WARNING:scrape:Ignoring malparsed backtrace:
2021-11-17T17:38:59.137+0000 7f05cda4b700 10 -- 172.21.15.96:0/2550406616 >> v2:172.21.15.96:3300/0 conn(0x7f05c806ad70 msgr2=0x7f05c806b180 secure :-1 s=STATE_CONNECTION_ESTABLISHED l=0)._try_send sent bytes 96 remaining bytes 0 ,
2021-11-17T17:38:59.137+0000 7f05cda4b700 20 --2- 172.21.15.96:0/2550406616 >> v2:172.21.15.96:3300/0 conn(0x7f05c806ad70 0x7f05c806b180 secure :-1 s=AUTH_CONNECTING_SIGN pgs=0 cs=0 l=0 rev1=1 crypto rx=0x7f05bc011f40 tx=0x7f05bc0117e0 comp rx=0 tx=0).read_frame ,
2021-11-17T17:38:59.137+0000 7f05cda4b700 20 -- 172.21.15.96:0/2550406616 >> v2:172.21.15.96:3300/0 conn(0x7f05c806ad70 msgr2=0x7f05c806b180 secure :-1 s=STATE_CONNECTION_ESTABLISHED l=0).read start len=96
2021-11-18T04:26:13.399 WARNING:scrape:Ignoring malparsed backtrace:
2021-11-17T17:38:59.138+0000 7f05cd24a700 1 -- 172.21.15.96:0/2550406616 <== mon.0 v2:172.21.15.96:3300/0 2 ==== config(0 keys) v1 ==== 4+0+0 (secure 0 0 0) 0x7f05bc015020 con 0x7f05c806ad70 ,
2021-11-17T17:38:59.138+0000 7f05cd24a700 10 -- 172.21.15.96:0/2550406616 dispatch_throttle_release 4 to dispatch throttler 4/104857600 ,
2021-11-17T17:38:59.138+0000 7f05cda4b700 20 -- 172.21.15.96:0/2550406616 >> [v2:172.21.15.96:3300/0,v1:172.21.15.96:6789/0] conn(0x7f05c806ad70 msgr2=0x7f05c806b180 secure :-1 s=STATE_CONNECTION_ESTABLISHED l=1).read start len=96
2021-11-18T04:26:13.399 WARNING:scrape:Ignoring malparsed backtrace:
2021-11-17T17:38:59.141+0000 7f05d04b0700 10 -- create_connect 0x7f05c80ad030 [v2:172.21.15.96:3301/0,v1:172.21.15.96:6790/0] [v2:172.21.15.96:3301/0,v1:172.21.15.96:6790/0] ,
2021-11-17T17:38:59.141+0000 7f05ce24c700 20 Event(0x7f05c8060910 nevent=5000 time_id=3).create_file_event create event end fd=16 mask=2 current mask is 3 ,
2021-11-17T17:38:59.141+0000 7f05d04b0700 10 -- connect_to [v2:172.21.15.96:3301/0,v1:172.21.15.96:6790/0] new 0x7f05c80ad030
2021-11-18T04:26:13.400 WARNING:scrape:Ignoring malparsed backtrace:
2021-11-17T17:38:59.141+0000 7f05cda4b700 20 --2- 172.21.15.96:0/3696547857 >> [v2:172.21.15.96:3300/0,v1:172.21.15.96:6789/0] conn(0x7f05c80aa660 0x7f05c80a31c0 unknown :-1 s=HELLO_CONNECTING pgs=0 cs=0 l=1 rev1=1 crypto rx=0 tx=0 comp rx=0 tx=0).post_client_banner_exchange ,
