2021-12-01T20:53:22.651+0000 7f9a167fc700 20 Event(0x7f9a18066e40 nevent=5000 time_id=2).create_file_event create event end fd=14 mask=2 current mask is 3
2021-12-02T06:32:56.533 WARNING:scrape:Ignoring malparsed backtrace:
2021-12-01T20:53:22.651+0000 7f9a16ffd700 20 --1- 172.21.15.86:0/2532846451 >> v1:172.21.15.86:6789/0 conn(0x7f9a18064b10 0x7f9a18139400 :-1 s=CONNECTING_SEND_CONNECT_MSG pgs=0 cs=0 l=0).handle_ack_seq r=0 ,
2021-12-01T20:53:22.651+0000 7f9a177fe700 20 --1- 172.21.15.86:0/2532846451 >> v1:172.21.15.187:6789/0 conn(0x7f9a18136220 0x7f9a18140410 :-1 s=CONNECTING_SEND_CONNECT_MSG pgs=0 cs=0 l=0).handle_connect_message_write r=0 ,
2021-12-01T20:53:22.651+0000 7f9a16ffd700 2 --1- 172.21.15.86:0/2532846451 >> v1:172.21.15.86:6789/0 conn(0x7f9a18064b10 0x7f9a18139400 :-1 s=CONNECTING_SEND_CONNECT_MSG pgs=0 cs=0 l=0).handle_ack_seq got newly_acked_seq 0 vs out_seq 0
2021-12-02T06:32:56.534 WARNING:scrape:Ignoring malparsed backtrace:
2021-12-01T20:53:22.652+0000 7f9a16ffd700 20 --1- 172.21.15.86:0/2532846451 >> v1:172.21.15.86:6789/0 conn(0x7f9a18064b10 0x7f9a18139400 :-1 s=THROTTLE_DISPATCH_QUEUE pgs=857 cs=1 l=1).throttle_dispatch_queue ,
2021-12-01T20:53:22.652+0000 7f9a177fe700 20 --1- 172.21.15.86:0/2532846451 >> v1:172.21.15.187:6789/0 conn(0x7f9a18136220 0x7f9a18140410 :-1 s=OPENED pgs=569 cs=1 l=1).wait_message ,
2021-12-01T20:53:22.652+0000 7f9a16ffd700 20 --1- 172.21.15.86:0/2532846451 >> v1:172.21.15.86:6789/0 conn(0x7f9a18064b10 0x7f9a18139400 :-1 s=READ_MESSAGE_FRONT pgs=857 cs=1 l=1).read_message_front
2021-12-02T06:32:56.535 WARNING:scrape:Ignoring malparsed backtrace:
2021-12-01T20:53:22.652+0000 7f9a167fc700 15 authenticated_encrypt_update plaintext.length()=80 buffer.length()=80 ,
2021-12-01T20:53:22.652+0000 7f9a167fc700 15 authenticated_encrypt_final buffer.length()=96 final_len=0 ,
2021-12-01T20:53:22.652+0000 7f9a167fc700 10 -- 172.21.15.86:0/2532846451 >> v2:172.21.15.187:3300/0 conn(0x7f9a18069d80 msgr2=0x7f9a18135ce0 secure :-1 s=STATE_CONNECTION_ESTABLISHED l=0)._try_send sent bytes 192 remaining bytes 0
2021-12-02T06:32:56.536 WARNING:scrape:Ignoring malparsed backtrace:
2021-12-01T20:53:22.653+0000 7f9a1d6c7700 1 -- 172.21.15.86:0/2532846451 >> [v2:172.21.15.187:3300/0,v1:172.21.15.187:6789/0] conn(0x7f9a18069d80 msgr2=0x7f9a18135ce0 secure :-1 s=STATE_CONNECTION_ESTABLISHED l=1).mark_down ,
2021-12-01T20:53:22.653+0000 7f9a1d6c7700 1 --2- 172.21.15.86:0/2532846451 >> [v2:172.21.15.187:3300/0,v1:172.21.15.187:6789/0] conn(0x7f9a18069d80 0x7f9a18135ce0 secure :-1 s=READY pgs=570 cs=0 l=1 rev1=1 crypto rx=0x7f9a0000b640 tx=0x7f9a00006e20 comp rx=0 tx=0).stop ,
2021-12-01T20:53:22.653+0000 7f9a1d6c7700 5 --2- 172.21.15.86:0/2532846451 >> [v2:172.21.15.187:3300/0,v1:172.21.15.187:6789/0] conn(0x7f9a18069d80 0x7f9a18135ce0 secure :-1 s=READY pgs=570 cs=0 l=1 rev1=1 crypto rx=0x7f9a0000b640 tx=0x7f9a00006e20 comp rx=0 tx=0).reset_recv_state
2021-12-02T06:32:56.536 WARNING:scrape:Ignoring malparsed backtrace:
2021-12-01T20:53:22.655+0000 7f9a1d6c7700 15 --2- >> [v2:172.21.15.86:3301/0,v1:172.21.15.86:6790/0] conn(0x7f9a18136220 0x7f9a18072360 unknown :-1 s=START_CONNECT pgs=0 cs=0 l=1 rev1=0 crypto rx=0 tx=0 comp rx=0 tx=0).send_message inline write is denied, reschedule m=0x7f9a181307f0 ,
2021-12-01T20:53:22.655+0000 7f9a177fe700 10 -- >> [v2:172.21.15.86:3301/0,v1:172.21.15.86:6790/0] conn(0x7f9a18136220 msgr2=0x7f9a18072360 unknown :-1 s=STATE_CONNECTING_RE l=1).process connect successfully, ready to send banner ,
2021-12-01T20:53:22.655+0000 7f9a177fe700 20 --2- >> [v2:172.21.15.86:3301/0,v1:172.21.15.86:6790/0] conn(0x7f9a18136220 0x7f9a18072360 unknown :-1 s=START_CONNECT pgs=0 cs=0 l=1 rev1=0 crypto rx=0 tx=0 comp rx=0 tx=0).read_event
2021-12-02T06:32:56.537 WARNING:scrape:Ignoring malparsed backtrace:
2021-12-01T20:53:22.656+0000 7f9a16ffd700 5 --2- 172.21.15.86:0/3031356735 >> [v2:172.21.15.86:3300/0,v1:172.21.15.86:6789/0] conn(0x7f9a18064b10 0x7f9a18073b10 unknown :-1 s=AUTH_CONNECTING pgs=0 cs=0 l=1 rev1=1 crypto rx=0 tx=0 comp rx=0 tx=0).handle_auth_reply_more auth reply more len=9 ,
2021-12-01T20:53:22.656+0000 7f9a167fc700 10 -- 172.21.15.86:0/3031356735 >> [v2:172.21.15.187:3300/0,v1:172.21.15.187:6789/0] conn(0x7f9a18069d80 msgr2=0x7f9a181302b0 unknown :-1 s=STATE_CONNECTION_ESTABLISHED l=1)._try_send sent bytes 76 remaining bytes 0 ,
2021-12-01T20:53:22.656+0000 7f9a167fc700 20 --2- 172.21.15.86:0/3031356735 >> [v2:172.21.15.187:3300/0,v1:172.21.15.187:6789/0] conn(0x7f9a18069d80 0x7f9a181302b0 unknown :-1 s=AUTH_CONNECTING pgs=0 cs=0 l=1 rev1=1 crypto rx=0 tx=0 comp rx=0 tx=0).read_frame
2021-12-02T06:32:56.538 WARNING:scrape:Ignoring malparsed backtrace:
2021-12-01T20:53:22.656+0000 7f9a167fc700 5 --2- 172.21.15.86:0/3031356735 >> [v2:172.21.15.187:3300/0,v1:172.21.15.187:6789/0] conn(0x7f9a18069d80 0x7f9a181302b0 secure :-1 s=READY pgs=571 cs=0 l=1 rev1=1 crypto rx=0x7f9a00035000 tx=0x7f9a00036000 comp rx=0 tx=0).write_message sending message m=0x7f9a18131140 seq=1 mon_getmap magic: 0 v1 ,
2021-12-01T20:53:22.656+0000 7f9a167fc700 20 --2- 172.21.15.86:0/3031356735 >> [v2:172.21.15.187:3300/0,v1:172.21.15.187:6789/0] conn(0x7f9a18069d80 0x7f9a181302b0 secure :-1 s=READY pgs=571 cs=0 l=1 rev1=1 crypto rx=0x7f9a00035000 tx=0x7f9a00036000 comp rx=0 tx=0).write_message sending m=0x7f9a18131140 seq=1 src=client.? off=0 ,
2021-12-01T20:53:22.656+0000 7f9a167fc700 10 -- 172.21.15.86:0/3031356735 >> [v2:172.21.15.187:3300/0,v1:172.21.15.187:6789/0] conn(0x7f9a18069d80 msgr2=0x7f9a181302b0 secure :-1 s=STATE_CONNECTION_ESTABLISHED l=1)._try_send sent bytes 96 remaining bytes 0
2021-12-02T06:32:56.539 WARNING:scrape:Ignoring malparsed backtrace:
2021-12-01T20:53:22.657+0000 7f9a167fc700 15 authenticated_encrypt_update plaintext.length()=48 buffer.length()=48 ,
2021-12-01T20:53:22.657+0000 7f9a167fc700 15 authenticated_encrypt_update plaintext.length()=16 buffer.length()=64 ,
2021-12-01T20:53:22.657+0000 7f9a167fc700 15 authenticated_encrypt_final buffer.length()=80 final_len=0
2021-12-02T06:32:56.539 WARNING:scrape:Ignoring malparsed backtrace:
2021-12-01T20:53:22.659+0000 7f9a16ffd700 20 --2- 172.21.15.86:0/3031356735 >> v2:172.21.15.86:6800/33051 conn(0x7f99f8061ba0 0x7f99f80640b0 unknown :-1 s=HELLO_CONNECTING pgs=0 cs=0 l=1 rev1=1 crypto rx=0 tx=0 comp rx=0 tx=0).handle_hello payload.length()=36 ,
2021-12-01T20:53:22.659+0000 7f9a16ffd700 5 --2- 172.21.15.86:0/3031356735 >> v2:172.21.15.86:6800/33051 conn(0x7f99f8061ba0 0x7f99f80640b0 unknown :-1 s=HELLO_CONNECTING pgs=0 cs=0 l=1 rev1=1 crypto rx=0 tx=0 comp rx=0 tx=0).handle_hello received hello: peer_type=16 peer_addr_for_me=v2:172.21.15.86:42078/0 ,
2021-12-01T20:53:22.659+0000 7f9a16ffd700 5 --2- 172.21.15.86:0/3031356735 >> v2:172.21.15.86:6800/33051 conn(0x7f99f8061ba0 0x7f99f80640b0 unknown :-1 s=HELLO_CONNECTING pgs=0 cs=0 l=1 rev1=1 crypto rx=0 tx=0 comp rx=0 tx=0).handle_hello getsockname says I am 172.21.15.86:42078 when talking to v2:172.21.15.86:6800/33051
2021-12-02T06:32:56.540 WARNING:scrape:Ignoring malparsed backtrace:
2021-12-01T20:53:22.822+0000 7f9a1d6c7700 20 Event(0x7f9a18060860 nevent=5000 time_id=6).wakeup ,
2021-12-01T20:53:22.822+0000 7f9a16ffd700 10 -- 172.21.15.86:0/3031356735 >> v2:172.21.15.86:6800/33051 conn(0x7f99f8061ba0 msgr2=0x7f99f80640b0 secure :-1 s=STATE_CONNECTION_ESTABLISHED l=1).handle_write ,
2021-12-01T20:53:22.822+0000 7f9a16ffd700 10 --2- 172.21.15.86:0/3031356735 >> v2:172.21.15.86:6800/33051 conn(0x7f99f8061ba0 0x7f99f80640b0 secure :-1 s=READY pgs=379 cs=0 l=1 rev1=1 crypto rx=0x7f9a180a5ca0 tx=0x7f9a0c02b040 comp rx=0 tx=0).write_event
2021-12-02T06:32:56.541 WARNING:scrape:Ignoring malparsed backtrace:
2021-12-01T20:53:43.129 DEBUG:teuthology.orchestra.run.smithi086:> sudo adjust-ulimits ceph-coverage /home/ubuntu/cephtest/archive/coverage timeout 120 ceph --cluster ceph pg dump --format=json ,
2021-12-01T20:53:43.254+0000 7ffafa7a9700 20 CompressorRegistry(0x7ffaf406d630) adding algorithm method: snappy ,
2021-12-01T20:53:43.254+0000 7ffafa7a9700 20 CompressorRegistry(0x7ffaf406d630) adding algorithm method: zlib
2021-12-02T06:32:56.542 WARNING:scrape:Ignoring malparsed backtrace:
2021-12-01T20:53:43.255+0000 7ffaf3fff700 20 --2- >> [v2:172.21.15.86:3301/0,v1:172.21.15.86:6790/0] conn(0x7ffaf40a9330 0x7ffaf40aa240 unknown :-1 s=HELLO_CONNECTING pgs=0 cs=0 l=0 rev1=1 crypto rx=0 tx=0 comp rx=0 tx=0).read_frame_segment seg_idx=0 ,
2021-12-01T20:53:43.255+0000 7ffaf3fff700 20 -- >> [v2:172.21.15.86:3301/0,v1:172.21.15.86:6790/0] conn(0x7ffaf40a9330 msgr2=0x7ffaf40aa240 unknown :-1 s=STATE_CONNECTION_ESTABLISHED l=0).read start len=40 ,
2021-12-01T20:53:43.255+0000 7ffaf3fff700 20 --2- >> [v2:172.21.15.86:3301/0,v1:172.21.15.86:6790/0] conn(0x7ffaf40a9330 0x7ffaf40aa240 unknown :-1 s=HELLO_CONNECTING pgs=0 cs=0 l=0 rev1=1 crypto rx=0 tx=0 comp rx=0 tx=0).handle_read_frame_segment r=0
2021-12-02T06:32:56.543 WARNING:scrape:Ignoring malparsed backtrace:
2021-12-01T20:53:43.256+0000 7ffaf8d46700 20 --1- 172.21.15.86:0/1743866470 >> v1:172.21.15.86:6789/0 conn(0x7ffaf4137150 0x7ffaf413d380 :-1 s=OPENED pgs=860 cs=1 l=1).handle_message r=0 ,
2021-12-01T20:53:43.256+0000 7ffaf8d46700 20 --1- 172.21.15.86:0/1743866470 >> v1:172.21.15.86:6789/0 conn(0x7ffaf4137150 0x7ffaf413d380 :-1 s=OPENED pgs=860 cs=1 l=1).handle_message process tag 15 ,
2021-12-01T20:53:43.256+0000 7ffaf8d46700 20 -- 172.21.15.86:0/1743866470 >> v1:172.21.15.86:6789/0 conn(0x7ffaf4137150 legacy=0x7ffaf413d380 unknown :-1 s=STATE_CONNECTION_ESTABLISHED l=1).read start len=8
2021-12-02T06:32:56.543 WARNING:scrape:Ignoring malparsed backtrace:
2021-12-01T20:53:43.256+0000 7ffaf37fe700 20 -- 172.21.15.86:0/1743866470 >> v2:172.21.15.86:3300/0 conn(0x7ffaf40a7e80 msgr2=0x7ffaf4139e20 secure :-1 s=STATE_CONNECTION_ESTABLISHED l=0).read start len=96 ,
2021-12-01T20:53:43.256+0000 7ffaf37fe700 20 -- 172.21.15.86:0/1743866470 >> v2:172.21.15.86:3300/0 conn(0x7ffaf40a7e80 msgr2=0x7ffaf4139e20 secure :-1 s=STATE_CONNECTION_ESTABLISHED l=0).process ,
2021-12-01T20:53:43.256+0000 7ffaf37fe700 20 -- 172.21.15.86:0/1743866470 >> v2:172.21.15.86:3300/0 conn(0x7ffaf40a7e80 msgr2=0x7ffaf4139e20 secure :-1 s=STATE_CONNECTION_ESTABLISHED l=0).read continue len=96
2021-12-02T06:32:56.544 WARNING:scrape:Ignoring malparsed backtrace:
2021-12-01T20:53:43.257+0000 7ffaf2ffd700 20 -- 172.21.15.86:0/1743866470 done calling dispatch on 0x7ffae40057f0 ,
2021-12-01T20:53:43.257+0000 7ffaf37fe700 10 --2- 172.21.15.86:0/1743866470 >> [v2:172.21.15.86:3300/0,v1:172.21.15.86:6789/0] conn(0x7ffaf40a7e80 0x7ffaf4139e20 secure :-1 s=THROTTLE_DONE pgs=861 cs=0 l=1 rev1=1 crypto rx=0x7ffae4017fd0 tx=0x7ffae4017e30 comp rx=0 tx=0).handle_read_frame_dispatch tag=17 ,
2021-12-01T20:53:43.257+0000 7ffaf37fe700 20 --2- 172.21.15.86:0/1743866470 >> [v2:172.21.15.86:3300/0,v1:172.21.15.86:6789/0] conn(0x7ffaf40a7e80 0x7ffaf4139e20 secure :-1 s=THROTTLE_DONE pgs=861 cs=0 l=1 rev1=1 crypto rx=0x7ffae4017fd0 tx=0x7ffae4017e30 comp rx=0 tx=0).handle_message
2021-12-02T06:32:56.545 WARNING:scrape:Ignoring malparsed backtrace:
2021-12-01T20:53:43.260+0000 7ffafa7a9700 15 --2- >> [v2:172.21.15.187:3300/0,v1:172.21.15.187:6789/0] conn(0x7ffaf4137150 0x7ffaf40a09c0 unknown :-1 s=START_CONNECT pgs=0 cs=0 l=1 rev1=0 crypto rx=0 tx=0 comp rx=0 tx=0).send_message inline write is denied, reschedule m=0x7ffaf40a3950 ,
2021-12-01T20:53:43.260+0000 7ffaf37fe700 20 Event(0x7ffaf40657a0 nevent=5000 time_id=4).create_file_event create event end fd=17 mask=1 current mask is 1 ,
2021-12-01T20:53:43.260+0000 7ffaf3fff700 20 -- >> [v2:172.21.15.86:3301/0,v1:172.21.15.86:6790/0] conn(0x7ffaf40a7e80 msgr2=0x7ffaf40a2020 unknown :-1 s=STATE_CONNECTION_ESTABLISHED l=1).read start len=10
2021-12-02T06:32:56.545 WARNING:scrape:Ignoring malparsed backtrace:
2021-12-01T20:53:43.260+0000 7ffaf3fff700 10 -- 172.21.15.86:0/2531604371 >> [v2:172.21.15.86:3301/0,v1:172.21.15.86:6790/0] conn(0x7ffaf40a7e80 msgr2=0x7ffaf40a2020 unknown :-1 s=STATE_CONNECTION_ESTABLISHED l=1)._try_send sent bytes 76 remaining bytes 0 ,
2021-12-01T20:53:43.260+0000 7ffaf8d46700 20 --2- 172.21.15.86:0/2531604371 >> [v2:172.21.15.187:3300/0,v1:172.21.15.187:6789/0] conn(0x7ffaf4137150 0x7ffaf40a09c0 unknown :-1 s=HELLO_CONNECTING pgs=0 cs=0 l=1 rev1=1 crypto rx=0 tx=0 comp rx=0 tx=0).handle_read_frame_preamble_main r=0 ,
2021-12-01T20:53:43.260+0000 7ffaf3fff700 20 --2- 172.21.15.86:0/2531604371 >> [v2:172.21.15.86:3301/0,v1:172.21.15.86:6790/0] conn(0x7ffaf40a7e80 0x7ffaf40a2020 unknown :-1 s=AUTH_CONNECTING pgs=0 cs=0 l=1 rev1=1 crypto rx=0 tx=0 comp rx=0 tx=0).read_frame
2021-12-02T06:32:56.546 WARNING:scrape:Ignoring malparsed backtrace:
2021-12-01T20:53:43.261+0000 7ffaf37fe700 20 --2- 172.21.15.86:0/2531604371 >> [v2:172.21.15.86:3300/0,v1:172.21.15.86:6789/0] conn(0x7ffaf40a9330 0x7ffaf40a1730 secure :-1 s=READY pgs=862 cs=0 l=1 rev1=1 crypto rx=0x7ffae400d000 tx=0x7ffae400a000 comp rx=0 tx=0).prepare_send_message m=mon_getmap magic: 0 v1 ,
2021-12-01T20:53:43.261+0000 7ffaf37fe700 20 --2- 172.21.15.86:0/2531604371 >> [v2:172.21.15.86:3300/0,v1:172.21.15.86:6789/0] conn(0x7ffaf40a9330 0x7ffaf40a1730 secure :-1 s=READY pgs=862 cs=0 l=1 rev1=1 crypto rx=0x7ffae400d000 tx=0x7ffae400a000 comp rx=0 tx=0).prepare_send_message encoding features 4540138303579357183 0x7ffaf40a1290 mon_getmap magic: 0 v1 ,
2021-12-01T20:53:43.261+0000 7ffaf37fe700 15 authenticated_encrypt_update plaintext.length()=80 buffer.length()=80
2021-12-02T06:32:56.547 WARNING:scrape:Ignoring malparsed backtrace:
2021-12-01T20:53:43.262+0000 7ffaf37fe700 15 authenticated_encrypt_update plaintext.length()=16 buffer.length()=64 ,
2021-12-01T20:53:43.262+0000 7ffaf37fe700 15 authenticated_encrypt_final buffer.length()=80 final_len=0 ,
2021-12-01T20:53:43.262+0000 7ffaf37fe700 5 --2- 172.21.15.86:0/2531604371 >> [v2:172.21.15.86:3300/0,v1:172.21.15.86:6789/0] conn(0x7ffaf40a9330 0x7ffaf40a1730 secure :-1 s=READY pgs=862 cs=0 l=1 rev1=1 crypto rx=0x7ffae400d000 tx=0x7ffae400a000 comp rx=0 tx=0).write_message sending message m=0x7ffae401c1c0 seq=3 mon_subscribe({mgrmap=0+}) v3
2021-12-02T06:32:56.548 WARNING:scrape:Ignoring malparsed backtrace:
2021-12-01T20:53:43.264+0000 7ffaf3fff700 20 -- 172.21.15.86:0/2531604371 >> v2:172.21.15.86:6800/33051 conn(0x7ffadc061ba0 msgr2=0x7ffadc0640b0 unknown :-1 s=STATE_CONNECTION_ESTABLISHED l=1).read start len=32 ,
2021-12-01T20:53:43.264+0000 7ffaf3fff700 20 --2- 172.21.15.86:0/2531604371 >> v2:172.21.15.86:6800/33051 conn(0x7ffadc061ba0 0x7ffadc0640b0 unknown :-1 s=HELLO_CONNECTING pgs=0 cs=0 l=1 rev1=1 crypto rx=0 tx=0 comp rx=0 tx=0).handle_read_frame_preamble_main r=0 ,
2021-12-01T20:53:43.264+0000 7ffaf3fff700 20 --2- 172.21.15.86:0/2531604371 >> v2:172.21.15.86:6800/33051 conn(0x7ffadc061ba0 0x7ffadc0640b0 unknown :-1 s=HELLO_CONNECTING pgs=0 cs=0 l=1 rev1=1 crypto rx=0 tx=0 comp rx=0 tx=0).read_frame_segment seg_idx=0
2021-12-02T06:32:56.548 WARNING:scrape:Ignoring malparsed backtrace:
2021-12-01T20:53:43.269+0000 7ffad7fff700 1 -- 172.21.15.86:0/2531604371 <== mon.0 v2:172.21.15.86:3300/0 6 ==== mon_command_ack([{"prefix": "get_command_descriptions"}]=0 v0) v1 ==== 72+0+154884 (secure 0 0 0) 0x7ffae404e0b0 con 0x7ffaf40a9330 ,
2021-12-01T20:53:43.269+0000 7ffad7fff700 10 -- 172.21.15.86:0/2531604371 dispatch_throttle_release 154956 to dispatch throttler 154956/104857600 ,
2021-12-01T20:53:43.269+0000 7ffad7fff700 20 -- 172.21.15.86:0/2531604371 done calling dispatch on 0x7ffae404e0b0
2021-12-02T06:32:56.549 WARNING:scrape:Ignoring malparsed backtrace:
2021-12-01T20:53:43.431+0000 7ffafa7a9700 20 Event(0x7ffaf40b14f0 nevent=5000 time_id=4).wakeup ,
2021-12-01T20:53:43.431+0000 7ffafa7a9700 20 Event(0x7ffaf40608a0 nevent=5000 time_id=5).wakeup ,
2021-12-01T20:53:43.431+0000 7ffafa7a9700 20 Event(0x7ffaf40657a0 nevent=5000 time_id=5).wakeup
2021-12-02T06:32:56.550 WARNING:scrape:Ignoring malparsed backtrace:
2021-12-01T20:53:43.820+0000 7f4bbeffd700 20 --2- >> [v2:172.21.15.86:3301/0,v1:172.21.15.86:6790/0] conn(0x7f4bc006a9c0 0x7f4bc00a8250 unknown :-1 s=BANNER_CONNECTING pgs=0 cs=0 l=0 rev1=0 crypto rx=0 tx=0 comp rx=0 tx=0)._handle_peer_banner_payload r=0 ,
2021-12-01T20:53:43.820+0000 7f4bbeffd700 1 --2- >> [v2:172.21.15.86:3301/0,v1:172.21.15.86:6790/0] conn(0x7f4bc006a9c0 0x7f4bc00a8250 unknown :-1 s=BANNER_CONNECTING pgs=0 cs=0 l=0 rev1=0 crypto rx=0 tx=0 comp rx=0 tx=0)._handle_peer_banner_payload supported=3 required=0 ,
2021-12-01T20:53:43.820+0000 7f4bbf7fe700 20 -- >> v2:172.21.15.86:3300/0 conn(0x7f4bc0063fa0 msgr2=0x7f4bc006a480 unknown :-1 s=STATE_CONNECTION_ESTABLISHED l=0).process
2021-12-02T06:32:56.551 WARNING:scrape:Ignoring malparsed backtrace:
2021-12-01T20:53:43.820+0000 7f4bbffff700 10 -- 172.21.15.86:0/2108296914 >> v1:172.21.15.86:6789/0 conn(0x7f4bc00a8790 legacy=0x7f4bc00a99f0 unknown :-1 s=STATE_CONNECTION_ESTABLISHED l=1).handle_write ,
2021-12-01T20:53:43.820+0000 7f4bbffff700 10 --1- 172.21.15.86:0/2108296914 >> v1:172.21.15.86:6789/0 conn(0x7f4bc00a8790 0x7f4bc00a99f0 :-1 s=OPENED pgs=863 cs=1 l=1).write_event ,
2021-12-01T20:53:43.820+0000 7f4bbffff700 10 --1- 172.21.15.86:0/2108296914 >> v1:172.21.15.86:6789/0 conn(0x7f4bc00a8790 0x7f4bc00a99f0 :-1 s=OPENED pgs=863 cs=1 l=1).append_keepalive_or_ack
2021-12-02T06:32:56.551 WARNING:scrape:Ignoring malparsed backtrace:
2021-12-01T20:53:43.821+0000 7f4bbf7fe700 15 authenticated_encrypt_final buffer.length()=96 final_len=0 ,
2021-12-01T20:53:43.821+0000 7f4bbf7fe700 15 authenticated_encrypt_update plaintext.length()=64 buffer.length()=64 ,
2021-12-01T20:53:43.821+0000 7f4bbf7fe700 15 authenticated_encrypt_update plaintext.length()=16 buffer.length()=80
2021-12-02T06:32:56.552 WARNING:scrape:Ignoring malparsed backtrace:
2021-12-01T20:53:43.822+0000 7f4bbffff700 5 --1- 172.21.15.86:0/2108296914 >> 172.21.15.86:0/2108296914 conn(0x7f4bc0064e30 0x7f4bc0065240 :-1 s=CLOSED pgs=0 cs=0 l=0).reset_recv_state (warped) reseting security handlers ,
2021-12-01T20:53:43.822+0000 7f4bbffff700 5 --1- 172.21.15.86:0/2108296914 >> 172.21.15.86:0/2108296914 conn(0x7f4bc0064e30 0x7f4bc0065240 :-1 s=CLOSED pgs=0 cs=0 l=0).reset_security ,
2021-12-01T20:53:43.822+0000 7f4bc5da4700 20 Event(0x7f4bc0066f80 nevent=5000 time_id=2).wakeup
2021-12-02T06:32:56.553 WARNING:scrape:Ignoring malparsed backtrace:
2021-12-01T20:53:43.826+0000 7f4bbffff700 20 -- >> [v2:172.21.15.86:3301/0,v1:172.21.15.86:6790/0] conn(0x7f4bc00a8790 msgr2=0x7f4bc01159b0 unknown :-1 s=STATE_CONNECTION_ESTABLISHED l=1).read start len=40 ,
2021-12-01T20:53:43.826+0000 7f4bbffff700 20 --2- >> [v2:172.21.15.86:3301/0,v1:172.21.15.86:6790/0] conn(0x7f4bc00a8790 0x7f4bc01159b0 unknown :-1 s=HELLO_CONNECTING pgs=0 cs=0 l=1 rev1=1 crypto rx=0 tx=0 comp rx=0 tx=0).handle_read_frame_segment r=0 ,
2021-12-01T20:53:43.826+0000 7f4bbeffd700 20 --2- >> [v2:172.21.15.86:3300/0,v1:172.21.15.86:6789/0] conn(0x7f4bc006a9c0 0x7f4bc01164f0 unknown :-1 s=BANNER_CONNECTING pgs=0 cs=0 l=1 rev1=0 crypto rx=0 tx=0 comp rx=0 tx=0)._handle_peer_banner r=0
2021-12-02T06:32:56.553 WARNING:scrape:Ignoring malparsed backtrace:
2021-12-01T20:53:43.826+0000 7f4bbffff700 20 Event(0x7f4bc00608a0 nevent=5000 time_id=4).wakeup ,
2021-12-01T20:53:43.826+0000 7f4bbffff700 10 --2- 172.21.15.86:0/3691413364 >> [v2:172.21.15.187:3300/0,v1:172.21.15.187:6789/0] conn(0x7f4bc0063fa0 0x7f4bc0116cc0 unknown :-1 s=AUTH_CONNECTING pgs=0 cs=0 l=1 rev1=1 crypto rx=0 tx=0 comp rx=0 tx=0).discard_out_queue started ,
2021-12-01T20:53:43.827+0000 7f4bbffff700 20 --2- 172.21.15.86:0/3691413364 >> [v2:172.21.15.187:3300/0,v1:172.21.15.187:6789/0] conn(0x7f4bc0063fa0 0x7f4bc0116cc0 unknown :-1 s=AUTH_CONNECTING pgs=0 cs=0 l=1 rev1=1 crypto rx=0 tx=0 comp rx=0 tx=0).discard_out_queue discard mon_getmap magic: 0 v1
2021-12-02T06:32:56.554 WARNING:scrape:Ignoring malparsed backtrace:
2021-12-01T20:53:43.827+0000 7f4bbffff700 5 --2- 172.21.15.86:0/3691413364 >> [v2:172.21.15.86:3301/0,v1:172.21.15.86:6790/0] conn(0x7f4bc00a8790 0x7f4bc01159b0 secure :-1 s=READ_MESSAGE_COMPLETE pgs=549 cs=0 l=1 rev1=1 crypto rx=0x7f4bb000c440 tx=0x7f4bb0007bf0 comp rx=0 tx=0).handle_message received message m=0x7f4bb0007e60 seq=1 from=mon.2 type=4 mon_map magic: 0 v1 ,
2021-12-01T20:53:43.827+0000 7f4bbffff700 20 -- 172.21.15.86:0/3691413364 queue 0x7f4bb0007e60 prio 196 ,
2021-12-01T20:53:43.827+0000 7f4bbffff700 20 --2- 172.21.15.86:0/3691413364 >> [v2:172.21.15.86:3301/0,v1:172.21.15.86:6790/0] conn(0x7f4bc00a8790 0x7f4bc01159b0 secure :-1 s=READY pgs=549 cs=0 l=1 rev1=1 crypto rx=0x7f4bb000c440 tx=0x7f4bb0007bf0 comp rx=0 tx=0).read_frame
2021-12-02T06:32:56.555 WARNING:scrape:Ignoring malparsed backtrace:
2021-12-01T20:53:43.829+0000 7f4ba77fe700 1 -- 172.21.15.86:0/3691413364 <== mon.2 v2:172.21.15.86:3301/0 4 ==== mgrmap(e 5) v1 ==== 79817+0+0 (secure 0 0 0) 0x7f4bb0010070 con 0x7f4bc00a8790 ,
2021-12-01T20:53:43.829+0000 7f4bbffff700 20 --2- 172.21.15.86:0/3691413364 >> [v2:172.21.15.86:3301/0,v1:172.21.15.86:6790/0] conn(0x7f4bc00a8790 0x7f4bc01159b0 secure :-1 s=READY pgs=549 cs=0 l=1 rev1=1 crypto rx=0x7f4bb000c440 tx=0x7f4bb0007bf0 comp rx=0 tx=0).handle_read_frame_preamble_main r=0 ,
2021-12-01T20:53:43.829+0000 7f4bbffff700 20 --2- 172.21.15.86:0/3691413364 >> [v2:172.21.15.86:3301/0,v1:172.21.15.86:6790/0] conn(0x7f4bc00a8790 0x7f4bc01159b0 secure :-1 s=THROTTLE_MESSAGE pgs=549 cs=0 l=1 rev1=1 crypto rx=0x7f4bb000c440 tx=0x7f4bb0007bf0 comp rx=0 tx=0).throttle_message
2021-12-02T06:32:56.556 WARNING:scrape:Ignoring malparsed backtrace:
2021-12-01T20:53:43.830+0000 7f4bbf7fe700 20 --2- 172.21.15.86:0/3691413364 >> v2:172.21.15.86:6800/33051 conn(0x7f4ba0061ba0 0x7f4ba00640b0 secure :-1 s=AUTH_CONNECTING_SIGN pgs=0 cs=0 l=1 rev1=1 crypto rx=0x7f4ba800b660 tx=0x7f4ba8010000 comp rx=0 tx=0).read_frame_segment seg_idx=0 ,
2021-12-01T20:53:43.830+0000 7f4bbf7fe700 10 --2- 172.21.15.86:0/3691413364 >> v2:172.21.15.86:6800/33051 conn(0x7f4ba0061ba0 0x7f4ba00640b0 secure :-1 s=AUTH_CONNECTING_SIGN pgs=0 cs=0 l=1 rev1=1 crypto rx=0x7f4ba800b660 tx=0x7f4ba8010000 comp rx=0 tx=0).handle_read_frame_dispatch tag=7 ,
2021-12-01T20:53:43.830+0000 7f4bbf7fe700 20 --2- 172.21.15.86:0/3691413364 >> v2:172.21.15.86:6800/33051 conn(0x7f4ba0061ba0 0x7f4ba00640b0 secure :-1 s=AUTH_CONNECTING_SIGN pgs=0 cs=0 l=1 rev1=1 crypto rx=0x7f4ba800b660 tx=0x7f4ba8010000 comp rx=0 tx=0).handle_auth_signature payload.length()=32
2021-12-02T06:32:56.556 WARNING:scrape:Ignoring malparsed backtrace:
2021-12-01T20:53:43.993+0000 7f4ba77fe700 10 -- 172.21.15.86:0/3691413364 dispatch_throttle_release 49 to dispatch throttler 49/104857600 ,
2021-12-01T20:53:43.993+0000 7f4ba77fe700 20 -- 172.21.15.86:0/3691413364 done calling dispatch on 0x7f4bc0118ac0 ,
2021-12-01T20:53:43.994+0000 7f4bc5da4700 1 -- 172.21.15.86:0/3691413364 >> v2:172.21.15.86:6800/33051 conn(0x7f4ba0061ba0 msgr2=0x7f4ba00640b0 secure :-1 s=STATE_CONNECTION_ESTABLISHED l=1).mark_down
2021-12-02T06:32:56.557 WARNING:scrape:Ignoring malparsed backtrace:
2021-12-01T20:54:04.372+0000 7f706a29e700 10 -- >> [v2:172.21.15.86:3301/0,v1:172.21.15.86:6790/0] conn(0x7f7064139a20 msgr2=0x7f7064139e30 unknown :-1 s=STATE_NONE l=0)._connect ,
2021-12-01T20:54:04.372+0000 7f706a29e700 1 --2- >> [v2:172.21.15.86:3301/0,v1:172.21.15.86:6790/0] conn(0x7f7064139a20 0x7f7064139e30 unknown :-1 s=NONE pgs=0 cs=0 l=0 rev1=0 crypto rx=0 tx=0 comp rx=0 tx=0).connect ,
2021-12-01T20:54:04.372+0000 7f706a29e700 20 Event(0x7f70640ae1e0 nevent=5000 time_id=1).wakeup
2021-12-02T06:32:56.558 WARNING:scrape:Ignoring malparsed backtrace:
2021-12-01T20:54:04.373+0000 7f706883b700 20 --2- 172.21.15.86:0/288670625 >> [v2:172.21.15.86:3301/0,v1:172.21.15.86:6790/0] conn(0x7f7064139a20 0x7f7064139e30 unknown :-1 s=HELLO_CONNECTING pgs=0 cs=0 l=0 rev1=1 crypto rx=0 tx=0 comp rx=0 tx=0).read_frame_segment seg_idx=0 ,
2021-12-01T20:54:04.373+0000 7f706883b700 20 -- 172.21.15.86:0/288670625 >> [v2:172.21.15.86:3301/0,v1:172.21.15.86:6790/0] conn(0x7f7064139a20 msgr2=0x7f7064139e30 unknown :-1 s=STATE_CONNECTION_ESTABLISHED l=0).read start len=40 ,
2021-12-01T20:54:04.373+0000 7f706883b700 20 --2- 172.21.15.86:0/288670625 >> [v2:172.21.15.86:3301/0,v1:172.21.15.86:6790/0] conn(0x7f7064139a20 0x7f7064139e30 unknown :-1 s=HELLO_CONNECTING pgs=0 cs=0 l=0 rev1=1 crypto rx=0 tx=0 comp rx=0 tx=0).handle_read_frame_segment r=0
2021-12-02T06:32:56.559 WARNING:scrape:Ignoring malparsed backtrace:
2021-12-01T20:54:04.373+0000 7f70637fe700 1 --2- 172.21.15.86:0/288670625 >> [v2:172.21.15.86:3301/0,v1:172.21.15.86:6790/0] conn(0x7f7064139a20 0x7f7064139e30 unknown :-1 s=AUTH_CONNECTING pgs=0 cs=0 l=0 rev1=1 crypto rx=0 tx=0 comp rx=0 tx=0).stop ,
2021-12-01T20:54:04.373+0000 7f7063fff700 20 --1- 172.21.15.86:0/288670625 >> v1:172.21.15.86:6789/0 conn(0x7f70640ad710 0x7f7064136830 :-1 s=THROTTLE_BYTES pgs=865 cs=1 l=1).throttle_bytes ,
2021-12-01T20:54:04.373+0000 7f7063fff700 20 --1- 172.21.15.86:0/288670625 >> v1:172.21.15.86:6789/0 conn(0x7f70640ad710 0x7f7064136830 :-1 s=THROTTLE_DISPATCH_QUEUE pgs=865 cs=1 l=1).throttle_dispatch_queue
2021-12-02T06:32:56.559 WARNING:scrape:Ignoring malparsed backtrace:
2021-12-01T20:54:04.373+0000 7f70637fe700 20 --2- 172.21.15.86:0/288670625 >> [v2:172.21.15.86:3300/0,v1:172.21.15.86:6789/0] conn(0x7f706406a6e0 0x7f706406aaf0 secure :-1 s=READY pgs=866 cs=0 l=1 rev1=1 crypto rx=0x7f7050006fd0 tx=0x7f7050006eb0 comp rx=0 tx=0).prepare_send_message encoding features 4540138303579357183 0x7f70640adb20 mon_subscribe({config=0+,monmap=0+}) v3 ,
2021-12-01T20:54:04.373+0000 7f70637fe700 15 authenticated_encrypt_update plaintext.length()=80 buffer.length()=80 ,
2021-12-01T20:54:04.373+0000 7f70637fe700 15 authenticated_encrypt_final buffer.length()=96 final_len=0
2021-12-02T06:32:56.560 WARNING:scrape:Ignoring malparsed backtrace:
2021-12-01T20:54:04.374+0000 7f706a29e700 20 Event(0x7f7064060860 nevent=5000 time_id=3).wakeup ,
2021-12-01T20:54:04.374+0000 7f706883b700 5 --1- 172.21.15.86:0/288670625 >> 172.21.15.86:0/288670625 conn(0x7f70640670f0 0x7f70640ad000 :-1 s=CLOSED pgs=0 cs=0 l=0).reset_recv_state (warped) reseting security handlers ,
2021-12-01T20:54:04.374+0000 7f706883b700 5 --1- 172.21.15.86:0/288670625 >> 172.21.15.86:0/288670625 conn(0x7f70640670f0 0x7f70640ad000 :-1 s=CLOSED pgs=0 cs=0 l=0).reset_security
2021-12-02T06:32:56.561 WARNING:scrape:Ignoring malparsed backtrace:
2021-12-01T20:54:04.377+0000 7f70637fe700 20 -- >> [v2:172.21.15.86:3301/0,v1:172.21.15.86:6790/0] conn(0x7f70640ad710 msgr2=0x7f7064091f20 unknown :-1 s=STATE_CONNECTION_ESTABLISHED l=1).read continue len=10 ,
2021-12-01T20:54:04.377+0000 7f7063fff700 10 --2- >> [v2:172.21.15.86:3300/0,v1:172.21.15.86:6789/0] conn(0x7f706406a6e0 0x7f70640ac6f0 unknown :-1 s=HELLO_CONNECTING pgs=0 cs=0 l=1 rev1=1 crypto rx=0 tx=0 comp rx=0 tx=0).handle_read_frame_dispatch tag=1 ,
2021-12-01T20:54:04.377+0000 7f70637fe700 20 --2- >> [v2:172.21.15.86:3301/0,v1:172.21.15.86:6790/0] conn(0x7f70640ad710 0x7f7064091f20 unknown :-1 s=BANNER_CONNECTING pgs=0 cs=0 l=1 rev1=0 crypto rx=0 tx=0 comp rx=0 tx=0)._handle_peer_banner r=0
2021-12-02T06:32:56.561 WARNING:scrape:Ignoring malparsed backtrace:
2021-12-01T20:54:04.377+0000 7f7063fff700 5 --2- 172.21.15.86:0/166933969 >> [v2:172.21.15.86:3301/0,v1:172.21.15.86:6790/0] conn(0x7f70640ad710 0x7f7064091f20 unknown :-1 s=AUTH_CONNECTING pgs=0 cs=0 l=1 rev1=1 crypto rx=0 tx=0 comp rx=0 tx=0).reset_recv_state ,
2021-12-01T20:54:04.377+0000 7f7063fff700 20 Event(0x7f7064090100 nevent=5000 time_id=4).wakeup ,
2021-12-01T20:54:04.377+0000 7f7063fff700 10 --2- 172.21.15.86:0/166933969 >> [v2:172.21.15.86:3301/0,v1:172.21.15.86:6790/0] conn(0x7f70640ad710 0x7f7064091f20 unknown :-1 s=AUTH_CONNECTING pgs=0 cs=0 l=1 rev1=1 crypto rx=0 tx=0 comp rx=0 tx=0).discard_out_queue started
2021-12-02T06:32:56.562 WARNING:scrape:Ignoring malparsed backtrace:
2021-12-01T20:54:04.378+0000 7f7063fff700 20 --2- 172.21.15.86:0/166933969 >> [v2:172.21.15.86:3300/0,v1:172.21.15.86:6789/0] conn(0x7f706406a6e0 0x7f70640ac6f0 secure :-1 s=THROTTLE_DONE pgs=867 cs=0 l=1 rev1=1 crypto rx=0x7f705402c440 tx=0x7f7054029db0 comp rx=0 tx=0).handle_read_frame_epilogue_main r=0 ,
2021-12-01T20:54:04.378+0000 7f7063fff700 10 --2- 172.21.15.86:0/166933969 >> [v2:172.21.15.86:3300/0,v1:172.21.15.86:6789/0] conn(0x7f706406a6e0 0x7f70640ac6f0 secure :-1 s=THROTTLE_DONE pgs=867 cs=0 l=1 rev1=1 crypto rx=0x7f705402c440 tx=0x7f7054029db0 comp rx=0 tx=0).handle_read_frame_dispatch tag=17 ,
2021-12-01T20:54:04.378+0000 7f7063fff700 20 --2- 172.21.15.86:0/166933969 >> [v2:172.21.15.86:3300/0,v1:172.21.15.86:6789/0] conn(0x7f706406a6e0 0x7f70640ac6f0 secure :-1 s=THROTTLE_DONE pgs=867 cs=0 l=1 rev1=1 crypto rx=0x7f705402c440 tx=0x7f7054029db0 comp rx=0 tx=0).handle_message
2021-12-02T06:32:56.563 WARNING:scrape:Ignoring malparsed backtrace:
2021-12-01T20:54:04.380+0000 7f7063fff700 5 --2- 172.21.15.86:0/166933969 >> [v2:172.21.15.86:3300/0,v1:172.21.15.86:6789/0] conn(0x7f706406a6e0 0x7f70640ac6f0 secure :-1 s=READ_MESSAGE_COMPLETE pgs=867 cs=0 l=1 rev1=1 crypto rx=0x7f705402c440 tx=0x7f7054029db0 comp rx=0 tx=0).handle_message received message m=0x7f705403c030 seq=4 from=mon.0 type=1796 mgrmap(e 5) v1 ,
2021-12-01T20:54:04.380+0000 7f7063fff700 20 -- 172.21.15.86:0/166933969 queue 0x7f705403c030 prio 196 ,
2021-12-01T20:54:04.380+0000 7f7063fff700 20 --2- 172.21.15.86:0/166933969 >> [v2:172.21.15.86:3300/0,v1:172.21.15.86:6789/0] conn(0x7f706406a6e0 0x7f70640ac6f0 secure :-1 s=READY pgs=867 cs=0 l=1 rev1=1 crypto rx=0x7f705402c440 tx=0x7f7054029db0 comp rx=0 tx=0).read_frame
2021-12-02T06:32:56.563 WARNING:scrape:Ignoring malparsed backtrace:
2021-12-01T20:54:04.380+0000 7f70637fe700 10 -- 172.21.15.86:0/166933969 >> v2:172.21.15.86:6800/33051 conn(0x7f704c061ba0 msgr2=0x7f704c0640b0 secure :-1 s=STATE_CONNECTION_ESTABLISHED l=1)._try_send sent bytes 96 remaining bytes 0 ,
2021-12-01T20:54:04.380+0000 7f70637fe700 20 --2- 172.21.15.86:0/166933969 >> v2:172.21.15.86:6800/33051 conn(0x7f704c061ba0 0x7f704c0640b0 secure :-1 s=AUTH_CONNECTING_SIGN pgs=0 cs=0 l=1 rev1=1 crypto rx=0x7f7050006ef0 tx=0x7f7050011000 comp rx=0 tx=0).read_frame ,
2021-12-01T20:54:04.380+0000 7f70637fe700 20 -- 172.21.15.86:0/166933969 >> v2:172.21.15.86:6800/33051 conn(0x7f704c061ba0 msgr2=0x7f704c0640b0 secure :-1 s=STATE_CONNECTION_ESTABLISHED l=1).read start len=96
2021-12-02T06:32:56.564 WARNING:scrape:Ignoring malparsed backtrace:
2021-12-01T20:54:04.545+0000 7f70637fe700 10 --2- 172.21.15.86:0/166933969 >> v2:172.21.15.86:6800/33051 conn(0x7f704c061ba0 0x7f704c0640b0 secure :-1 s=THROTTLE_DONE pgs=382 cs=0 l=1 rev1=1 crypto rx=0x7f7050006ef0 tx=0x7f7050011000 comp rx=0 tx=0).handle_read_frame_dispatch tag=17 ,
2021-12-01T20:54:04.545+0000 7f70637fe700 20 --2- 172.21.15.86:0/166933969 >> v2:172.21.15.86:6800/33051 conn(0x7f704c061ba0 0x7f704c0640b0 secure :-1 s=THROTTLE_DONE pgs=382 cs=0 l=1 rev1=1 crypto rx=0x7f7050006ef0 tx=0x7f7050011000 comp rx=0 tx=0).handle_message ,
2021-12-01T20:54:04.545+0000 7f70637fe700 5 --2- 172.21.15.86:0/166933969 >> v2:172.21.15.86:6800/33051 conn(0x7f704c061ba0 0x7f704c0640b0 secure :-1 s=THROTTLE_DONE pgs=382 cs=0 l=1 rev1=1 crypto rx=0x7f7050006ef0 tx=0x7f7050011000 comp rx=0 tx=0).handle_message got 18 + 0 + 59904 byte message. envelope type=1802 src mgr.4104 off 0
2021-12-02T06:32:56.565 WARNING:scrape:Ignoring malparsed backtrace:
2021-12-01T20:54:24.933+0000 7f1d76690700 20 Event(0x7f1d700608a0 nevent=5000 time_id=1).wakeup ,
2021-12-01T20:54:24.933+0000 7f1d76690700 10 -- create_connect 0x7f1d700a9330 v2:172.21.15.187:3300/0 v2:172.21.15.187:3300/0 ,
2021-12-01T20:54:24.933+0000 7f1d76690700 10 -- connect_to v2:172.21.15.187:3300/0 new 0x7f1d700a9330
2021-12-02T06:32:56.566 WARNING:scrape:Ignoring malparsed backtrace:
2021-12-01T20:54:24.933+0000 7f1d6f7fe700 5 --2- 172.21.15.86:0/4111315 >> v2:172.21.15.86:3300/0 conn(0x7f1d700a7e80 0x7f1d70139e20 unknown :-1 s=HELLO_CONNECTING pgs=0 cs=0 l=0 rev1=1 crypto rx=0 tx=0 comp rx=0 tx=0).handle_hello getsockname says I am 172.21.15.86:52586 when talking to v2:172.21.15.86:3300/0 ,
2021-12-01T20:54:24.933+0000 7f1d6ffff700 20 --2- 172.21.15.86:0/4111315 >> v2:172.21.15.187:3300/0 conn(0x7f1d700a9330 0x7f1d700aa240 unknown :-1 s=BANNER_CONNECTING pgs=0 cs=0 l=0 rev1=0 crypto rx=0 tx=0 comp rx=0 tx=0)._handle_peer_banner r=0 ,
2021-12-01T20:54:24.933+0000 7f1d74c2d700 20 -- 172.21.15.86:0/4111315 >> v1:172.21.15.86:6789/0 conn(0x7f1d70137150 legacy=0x7f1d7013d380 unknown :-1 s=STATE_CONNECTION_ESTABLISHED l=0).read continue len=26
2021-12-02T06:32:56.567 WARNING:scrape:Ignoring malparsed backtrace:
2021-12-01T20:54:24.934+0000 7f1d74c2d700 20 --1- 172.21.15.86:0/4111315 >> v1:172.21.15.86:6789/0 conn(0x7f1d70137150 0x7f1d7013d380 :-1 s=READ_MESSAGE_FRONT pgs=868 cs=1 l=1).handle_message_front got front 33 ,
2021-12-01T20:54:24.934+0000 7f1d74c2d700 20 --1- 172.21.15.86:0/4111315 >> v1:172.21.15.86:6789/0 conn(0x7f1d70137150 0x7f1d7013d380 :-1 s=READ_MESSAGE_FRONT pgs=868 cs=1 l=1).read_message_middle ,
2021-12-01T20:54:24.934+0000 7f1d74c2d700 20 --1- 172.21.15.86:0/4111315 >> v1:172.21.15.86:6789/0 conn(0x7f1d70137150 0x7f1d7013d380 :-1 s=READ_MESSAGE_FRONT pgs=868 cs=1 l=1).read_message_data_prepare
2021-12-02T06:32:56.567 WARNING:scrape:Ignoring malparsed backtrace:
2021-12-01T20:54:24.934+0000 7f1d6ffff700 20 --2- 172.21.15.86:0/4111315 >> v2:172.21.15.187:3300/0 conn(0x7f1d700a9330 0x7f1d700aa240 secure :-1 s=SESSION_CONNECTING pgs=0 cs=0 l=0 rev1=1 crypto rx=0x7f1d700b1380 tx=0x7f1d54006eb0 comp rx=0 tx=0).handle_read_frame_segment r=0 ,
2021-12-01T20:54:24.934+0000 7f1d6ffff700 10 --2- 172.21.15.86:0/4111315 >> v2:172.21.15.187:3300/0 conn(0x7f1d700a9330 0x7f1d700aa240 secure :-1 s=SESSION_CONNECTING pgs=0 cs=0 l=0 rev1=1 crypto rx=0x7f1d700b1380 tx=0x7f1d54006eb0 comp rx=0 tx=0).handle_read_frame_dispatch tag=9 ,
2021-12-01T20:54:24.934+0000 7f1d6ffff700 20 --2- 172.21.15.86:0/4111315 >> v2:172.21.15.187:3300/0 conn(0x7f1d700a9330 0x7f1d700aa240 secure :-1 s=SESSION_CONNECTING pgs=0 cs=0 l=0 rev1=1 crypto rx=0x7f1d700b1380 tx=0x7f1d54006eb0 comp rx=0 tx=0).handle_server_ident payload.length()=123
2021-12-02T06:32:56.568 WARNING:scrape:Ignoring malparsed backtrace:
2021-12-01T20:54:24.935+0000 7f1d76690700 10 -- 172.21.15.86:0/4111315 shutdown 172.21.15.86:0/4111315 ,
2021-12-01T20:54:24.935+0000 7f1d76690700 10 Processor -- stop ,
2021-12-01T20:54:24.935+0000 7f1d76690700 20 Event(0x7f1d700b14f0 nevent=5000 time_id=3).wakeup
2021-12-02T06:32:56.569 WARNING:scrape:Ignoring malparsed backtrace:
2021-12-01T20:54:24.938+0000 7f1d6ffff700 20 -- >> [v2:172.21.15.86:3300/0,v1:172.21.15.86:6789/0] conn(0x7f1d700a7e80 msgr2=0x7f1d700a0de0 unknown :-1 s=STATE_CONNECTION_ESTABLISHED l=1).process ,
2021-12-01T20:54:24.938+0000 7f1d76690700 15 --2- >> [v2:172.21.15.86:3301/0,v1:172.21.15.86:6790/0] conn(0x7f1d70137150 0x7f1d700a3170 unknown :-1 s=BANNER_CONNECTING pgs=0 cs=0 l=1 rev1=0 crypto rx=0 tx=0 comp rx=0 tx=0).send_message inline write is denied, reschedule m=0x7f1d70068970 ,
2021-12-01T20:54:24.938+0000 7f1d6f7fe700 20 --2- >> [v2:172.21.15.187:3300/0,v1:172.21.15.187:6789/0] conn(0x7f1d700a9330 0x7f1d700a2c30 unknown :-1 s=START_CONNECT pgs=0 cs=0 l=1 rev1=0 crypto rx=0 tx=0 comp rx=0 tx=0).read_event
2021-12-02T06:32:56.569 WARNING:scrape:Ignoring malparsed backtrace:
2021-12-01T20:54:24.938+0000 7f1d74c2d700 20 -- 172.21.15.86:0/3735794675 >> [v2:172.21.15.86:3301/0,v1:172.21.15.86:6790/0] conn(0x7f1d70137150 msgr2=0x7f1d700a3170 unknown :-1 s=STATE_CLOSED l=1).process ,
2021-12-01T20:54:24.938+0000 7f1d6f7fe700 20 --2- 172.21.15.86:0/3735794675 >> [v2:172.21.15.187:3300/0,v1:172.21.15.187:6789/0] conn(0x7f1d700a9330 0x7f1d700a2c30 unknown :-1 s=AUTH_CONNECTING pgs=0 cs=0 l=1 rev1=1 crypto rx=0 tx=0 comp rx=0 tx=0).handle_auth_done payload.length()=840 ,
2021-12-01T20:54:24.938+0000 7f1d74c2d700 20 -- 172.21.15.86:0/3735794675 >> [v2:172.21.15.86:3301/0,v1:172.21.15.86:6790/0] conn(0x7f1d70137150 msgr2=0x7f1d700a3170 unknown :-1 s=STATE_CLOSED l=1).process socket closed
2021-12-02T06:32:56.570 WARNING:scrape:Ignoring malparsed backtrace:
2021-12-01T20:54:24.939+0000 7f1d6ffff700 5 --2- 172.21.15.86:0/3735794675 >> [v2:172.21.15.86:3300/0,v1:172.21.15.86:6789/0] conn(0x7f1d700a7e80 0x7f1d700a0de0 secure :-1 s=THROTTLE_DONE pgs=869 cs=0 l=1 rev1=1 crypto rx=0x7f1d5400c000 tx=0x7f1d54011000 comp rx=0 tx=0).handle_message got 413 + 0 + 0 byte message. envelope type=4 src mon.0 off 0 ,
2021-12-01T20:54:24.939+0000 7f1d6ffff700 5 --2- 172.21.15.86:0/3735794675 >> [v2:172.21.15.86:3300/0,v1:172.21.15.86:6789/0] conn(0x7f1d700a7e80 0x7f1d700a0de0 secure :-1 s=READ_MESSAGE_COMPLETE pgs=869 cs=0 l=1 rev1=1 crypto rx=0x7f1d5400c000 tx=0x7f1d54011000 comp rx=0 tx=0).handle_message received message m=0x7f1d54003880 seq=1 from=mon.0 type=4 mon_map magic: 0 v1 ,
2021-12-01T20:54:24.939+0000 7f1d6ffff700 20 -- 172.21.15.86:0/3735794675 queue 0x7f1d54003880 prio 196
2021-12-02T06:32:56.571 WARNING:scrape:Ignoring malparsed backtrace:
2021-12-01T20:54:24.940+0000 7f1d6ffff700 20 -- 172.21.15.86:0/3735794675 >> [v2:172.21.15.86:3300/0,v1:172.21.15.86:6789/0] conn(0x7f1d700a7e80 msgr2=0x7f1d700a0de0 secure :-1 s=STATE_CONNECTION_ESTABLISHED l=1).read start len=96 ,
2021-12-01T20:54:24.940+0000 7f1d63fff700 1 -- 172.21.15.86:0/3735794675 <== mon.0 v2:172.21.15.86:3300/0 4 ==== mgrmap(e 5) v1 ==== 79817+0+0 (secure 0 0 0) 0x7f1d54020070 con 0x7f1d700a7e80 ,
2021-12-01T20:54:24.940+0000 7f1d6ffff700 20 --2- 172.21.15.86:0/3735794675 >> [v2:172.21.15.86:3300/0,v1:172.21.15.86:6789/0] conn(0x7f1d700a7e80 0x7f1d700a0de0 secure :-1 s=READY pgs=869 cs=0 l=1 rev1=1 crypto rx=0x7f1d5400c000 tx=0x7f1d54011000 comp rx=0 tx=0).handle_read_frame_preamble_main r=0
2021-12-02T06:32:56.572 WARNING:scrape:Ignoring malparsed backtrace:
2021-12-01T20:54:24.941+0000 7f1d6f7fe700 20 --2- 172.21.15.86:0/3735794675 >> v2:172.21.15.86:6800/33051 conn(0x7f1d4c061ba0 0x7f1d4c0640b0 secure :-1 s=AUTH_CONNECTING_SIGN pgs=0 cs=0 l=1 rev1=1 crypto rx=0x7f1d70135de0 tx=0x7f1d5c006e20 comp rx=0 tx=0).handle_read_frame_preamble_main r=0 ,
2021-12-01T20:54:24.941+0000 7f1d6f7fe700 20 --2- 172.21.15.86:0/3735794675 >> v2:172.21.15.86:6800/33051 conn(0x7f1d4c061ba0 0x7f1d4c0640b0 secure :-1 s=AUTH_CONNECTING_SIGN pgs=0 cs=0 l=1 rev1=1 crypto rx=0x7f1d70135de0 tx=0x7f1d5c006e20 comp rx=0 tx=0).read_frame_segment seg_idx=0 ,
2021-12-01T20:54:24.941+0000 7f1d6f7fe700 10 --2- 172.21.15.86:0/3735794675 >> v2:172.21.15.86:6800/33051 conn(0x7f1d4c061ba0 0x7f1d4c0640b0 secure :-1 s=AUTH_CONNECTING_SIGN pgs=0 cs=0 l=1 rev1=1 crypto rx=0x7f1d70135de0 tx=0x7f1d5c006e20 comp rx=0 tx=0).handle_read_frame_dispatch tag=7
2021-12-02T06:32:56.572 WARNING:scrape:Ignoring malparsed backtrace:
2021-12-01T20:54:25.106+0000 7f1d6f7fe700 5 --2- 172.21.15.86:0/3735794675 >> v2:172.21.15.86:6800/33051 conn(0x7f1d4c061ba0 0x7f1d4c0640b0 secure :-1 s=READ_MESSAGE_COMPLETE pgs=384 cs=0 l=1 rev1=1 crypto rx=0x7f1d70135de0 tx=0x7f1d5c006e20 comp rx=0 tx=0).handle_message received message m=0x7f1d5c0048e0 seq=1 from=mgr.4104 type=1802 mgr_command_reply(tid 0: 0 dumped all) v1 ,
2021-12-01T20:54:25.106+0000 7f1d6f7fe700 20 -- 172.21.15.86:0/3735794675 queue 0x7f1d5c0048e0 prio 127 ,
2021-12-01T20:54:25.106+0000 7f1d6f7fe700 20 --2- 172.21.15.86:0/3735794675 >> v2:172.21.15.86:6800/33051 conn(0x7f1d4c061ba0 0x7f1d4c0640b0 secure :-1 s=READY pgs=384 cs=0 l=1 rev1=1 crypto rx=0x7f1d70135de0 tx=0x7f1d5c006e20 comp rx=0 tx=0).read_frame
2021-12-02T06:32:56.573 WARNING:scrape:Ignoring malparsed backtrace:
2021-12-01T20:54:45.465+0000 7fc7bb021700 10 -- create_connect v2:172.21.15.187:3300/0, creating connection and registering ,
2021-12-01T20:54:45.465+0000 7fc7bb021700 10 -- >> v2:172.21.15.187:3300/0 conn(0x7fc7b40a7e80 msgr2=0x7fc7b4139e20 unknown :-1 s=STATE_NONE l=0)._connect ,
2021-12-01T20:54:45.465+0000 7fc7bb021700 1 --2- >> v2:172.21.15.187:3300/0 conn(0x7fc7b40a7e80 0x7fc7b4139e20 unknown :-1 s=NONE pgs=0 cs=0 l=0 rev1=0 crypto rx=0 tx=0 comp rx=0 tx=0).connect
2021-12-02T06:32:56.574 WARNING:scrape:Ignoring malparsed backtrace:
2021-12-01T20:54:45.465+0000 7fc7abfff700 20 --2- >> v2:172.21.15.187:3300/0 conn(0x7fc7b40a7e80 0x7fc7b4139e20 unknown :-1 s=HELLO_CONNECTING pgs=0 cs=0 l=0 rev1=1 crypto rx=0 tx=0 comp rx=0 tx=0).read_frame_segment seg_idx=0 ,
2021-12-01T20:54:45.465+0000 7fc7b8dbd700 20 --2- >> v2:172.21.15.86:3300/0 conn(0x7fc7b40a9330 0x7fc7b40aa240 unknown :-1 s=HELLO_CONNECTING pgs=0 cs=0 l=0 rev1=1 crypto rx=0 tx=0 comp rx=0 tx=0).handle_hello payload.length()=36 ,
2021-12-01T20:54:45.465+0000 7fc7b95be700 1 --2- >> [v2:172.21.15.86:3301/0,v1:172.21.15.86:6790/0] conn(0x7fc7b4137150 0x7fc7b4137560 unknown :-1 s=HELLO_CONNECTING pgs=0 cs=0 l=0 rev1=1 crypto rx=0 tx=0 comp rx=0 tx=0).handle_hello peer v2:172.21.15.86:3301/0 says I am v2:172.21.15.86:50148/0 (socket says 172.21.15.86:50148)
2021-12-02T06:32:56.575 WARNING:scrape:Ignoring malparsed backtrace:
2021-12-01T20:54:45.466+0000 7fc7b8dbd700 5 --2- 172.21.15.86:0/2218254481 >> v2:172.21.15.86:3300/0 conn(0x7fc7b40a9330 0x7fc7b40aa240 unknown :-1 s=AUTH_CONNECTING pgs=0 cs=0 l=0 rev1=1 crypto rx=0 tx=0 comp rx=0 tx=0).send_message enqueueing message m=0x7fc7b40a8e90 type=15 mon_subscribe({config=0+,monmap=0+}) v3 ,
2021-12-01T20:54:45.466+0000 7fc7b8dbd700 15 --2- 172.21.15.86:0/2218254481 >> v2:172.21.15.86:3300/0 conn(0x7fc7b40a9330 0x7fc7b40aa240 unknown :-1 s=AUTH_CONNECTING pgs=0 cs=0 l=0 rev1=1 crypto rx=0 tx=0 comp rx=0 tx=0).send_message inline write is denied, reschedule m=0x7fc7b40a8e90 ,
2021-12-01T20:54:45.466+0000 7fc7b95be700 1 --2- 172.21.15.86:0/2218254481 >> [v2:172.21.15.86:3301/0,v1:172.21.15.86:6790/0] conn(0x7fc7b4137150 0x7fc7b4137560 unknown :-1 s=CLOSED pgs=0 cs=0 l=0 rev1=1 crypto rx=0 tx=0 comp rx=0 tx=0).handle_auth_done state changed!
2021-12-02T06:32:56.575 WARNING:scrape:Ignoring malparsed backtrace:
2021-12-01T20:54:45.466+0000 7fc7ab7fe700 1 -- 172.21.15.86:0/2218254481 <== mon.0 v2:172.21.15.86:3300/0 1 ==== mon_map magic: 0 v1 ==== 413+0+0 (secure 0 0 0) 0x7fc7a40053b0 con 0x7fc7b40a9330 ,
2021-12-01T20:54:45.466+0000 7fc7b8dbd700 20 --2- 172.21.15.86:0/2218254481 >> [v2:172.21.15.86:3300/0,v1:172.21.15.86:6789/0] conn(0x7fc7b40a9330 0x7fc7b40aa240 secure :-1 s=THROTTLE_MESSAGE pgs=870 cs=0 l=1 rev1=1 crypto rx=0x7fc7b4064410 tx=0x7fc7a4006eb0 comp rx=0 tx=0).throttle_message ,
2021-12-01T20:54:45.466+0000 7fc7b8dbd700 20 --2- 172.21.15.86:0/2218254481 >> [v2:172.21.15.86:3300/0,v1:172.21.15.86:6789/0] conn(0x7fc7b40a9330 0x7fc7b40aa240 secure :-1 s=THROTTLE_BYTES pgs=870 cs=0 l=1 rev1=1 crypto rx=0x7fc7b4064410 tx=0x7fc7a4006eb0 comp rx=0 tx=0).throttle_bytes
2021-12-02T06:32:56.576 WARNING:scrape:Ignoring malparsed backtrace:
2021-12-01T20:54:45.469+0000 7fc7bb021700 10 -- >> [v2:172.21.15.86:3300/0,v1:172.21.15.86:6789/0] conn(0x7fc7b40a9330 msgr2=0x7fc7b40a0990 unknown :-1 s=STATE_NONE l=1)._connect ,
2021-12-01T20:54:45.469+0000 7fc7bb021700 1 --2- >> [v2:172.21.15.86:3300/0,v1:172.21.15.86:6789/0] conn(0x7fc7b40a9330 0x7fc7b40a0990 unknown :-1 s=NONE pgs=0 cs=0 l=1 rev1=0 crypto rx=0 tx=0 comp rx=0 tx=0).connect ,
2021-12-01T20:54:45.469+0000 7fc7bb021700 20 Event(0x7fc7b40657a0 nevent=5000 time_id=2).wakeup
2021-12-02T06:32:56.577 WARNING:scrape:Ignoring malparsed backtrace:
2021-12-01T20:54:45.470+0000 7fc7b95be700 20 --2- >> [v2:172.21.15.187:3300/0,v1:172.21.15.187:6789/0] conn(0x7fc7b4137150 0x7fc7b40a1490 unknown :-1 s=HELLO_CONNECTING pgs=0 cs=0 l=1 rev1=1 crypto rx=0 tx=0 comp rx=0 tx=0).handle_read_frame_preamble_main r=0 ,
2021-12-01T20:54:45.470+0000 7fc7abfff700 10 -- 172.21.15.86:0/532805098 learned_addr had no addrs ,
2021-12-01T20:54:45.470+0000 7fc7b8dbd700 5 --2- >> [v2:172.21.15.86:3301/0,v1:172.21.15.86:6790/0] conn(0x7fc7b40a7e80 0x7fc7b40a1f40 unknown :-1 s=HELLO_CONNECTING pgs=0 cs=0 l=1 rev1=1 crypto rx=0 tx=0 comp rx=0 tx=0).handle_hello getsockname says I am 172.21.15.86:50150 when talking to v2:172.21.15.86:3301/0
2021-12-02T06:32:56.578 WARNING:scrape:Ignoring malparsed backtrace:
2021-12-01T20:54:45.470+0000 7fc7b8dbd700 15 authenticated_encrypt_update plaintext.length()=80 buffer.length()=80 ,
2021-12-01T20:54:45.470+0000 7fc7abfff700 10 --2- 172.21.15.86:0/532805098 >> [v2:172.21.15.86:3300/0,v1:172.21.15.86:6789/0] conn(0x7fc7b40a9330 0x7fc7b40a0990 unknown :-1 s=CLOSED pgs=0 cs=0 l=1 rev1=1 crypto rx=0 tx=0 comp rx=0 tx=0)._fault connection is already closed ,
2021-12-01T20:54:45.470+0000 7fc7b8dbd700 15 authenticated_encrypt_final buffer.length()=96 final_len=0
2021-12-02T06:32:56.578 WARNING:scrape:Ignoring malparsed backtrace:
2021-12-01T20:54:45.471+0000 7fc7a8ff9700 20 -- 172.21.15.86:0/532805098 done calling dispatch on 0x7fc7a4003880 ,
2021-12-01T20:54:45.471+0000 7fc7b8dbd700 10 --2- 172.21.15.86:0/532805098 >> [v2:172.21.15.86:3301/0,v1:172.21.15.86:6790/0] conn(0x7fc7b40a7e80 0x7fc7b40a1f40 secure :-1 s=THROTTLE_DONE pgs=550 cs=0 l=1 rev1=1 crypto rx=0x7fc7a4010000 tx=0x7fc7a4011000 comp rx=0 tx=0).handle_read_frame_dispatch tag=17 ,
2021-12-01T20:54:45.471+0000 7fc7b8dbd700 20 --2- 172.21.15.86:0/532805098 >> [v2:172.21.15.86:3301/0,v1:172.21.15.86:6790/0] conn(0x7fc7b40a7e80 0x7fc7b40a1f40 secure :-1 s=THROTTLE_DONE pgs=550 cs=0 l=1 rev1=1 crypto rx=0x7fc7a4010000 tx=0x7fc7a4011000 comp rx=0 tx=0).handle_message
2021-12-02T06:32:56.579 WARNING:scrape:Ignoring malparsed backtrace:
2021-12-01T20:54:45.473+0000 7fc7bb021700 15 --2- 172.21.15.86:0/532805098 >> [v2:172.21.15.86:3301/0,v1:172.21.15.86:6790/0] conn(0x7fc7b40a7e80 0x7fc7b40a1f40 secure :-1 s=READY pgs=550 cs=0 l=1 rev1=1 crypto rx=0x7fc7a4010000 tx=0x7fc7a4011000 comp rx=0 tx=0).send_message inline write is denied, reschedule m=0x7fc7b4137780 ,
2021-12-01T20:54:45.473+0000 7fc7bb021700 20 Event(0x7fc7b40608a0 nevent=5000 time_id=5).wakeup ,
2021-12-01T20:54:45.473+0000 7fc7b8dbd700 10 -- 172.21.15.86:0/532805098 >> [v2:172.21.15.86:3301/0,v1:172.21.15.86:6790/0] conn(0x7fc7b40a7e80 msgr2=0x7fc7b40a1f40 secure :-1 s=STATE_CONNECTION_ESTABLISHED l=1).handle_write
2021-12-02T06:32:56.580 WARNING:scrape:Ignoring malparsed backtrace:
2021-12-01T20:54:45.473+0000 7fc7abfff700 20 --2- 172.21.15.86:0/532805098 >> v2:172.21.15.86:6800/33051 conn(0x7fc794061ba0 0x7fc7940640b0 secure :-1 s=SESSION_CONNECTING pgs=0 cs=0 l=1 rev1=1 crypto rx=0x7fc79c011310 tx=0x7fc79c008040 comp rx=0 tx=0).send_client_ident ,
2021-12-01T20:54:45.473+0000 7fc7abfff700 5 --2- 172.21.15.86:0/532805098 >> v2:172.21.15.86:6800/33051 conn(0x7fc794061ba0 0x7fc7940640b0 secure :-1 s=SESSION_CONNECTING pgs=0 cs=0 l=1 rev1=1 crypto rx=0x7fc79c011310 tx=0x7fc79c008040 comp rx=0 tx=0).send_client_ident sending identification: addrs=172.21.15.86:0/532805098 target=v2:172.21.15.86:6800/33051 gid=5447 global_seq=4 features_supported=3f01cfbb7ffdffff features_required=800000000001000 flags=1 cookie=0 ,
2021-12-01T20:54:45.473+0000 7fc7abfff700 15 authenticated_encrypt_update plaintext.length()=80 buffer.length()=80
2021-12-02T06:32:56.581 WARNING:scrape:Ignoring malparsed backtrace:
2021-12-01T20:54:45.643+0000 7fc7bb021700 5 --2- 172.21.15.86:0/532805098 >> [v2:172.21.15.86:3301/0,v1:172.21.15.86:6790/0] conn(0x7fc7b40a7e80 0x7fc7b40a1f40 secure :-1 s=READY pgs=550 cs=0 l=1 rev1=1 crypto rx=0x7fc7a4010000 tx=0x7fc7a4011000 comp rx=0 tx=0).reset_recv_state ,
2021-12-01T20:54:45.643+0000 7fc7bb021700 20 Event(0x7fc7b40608a0 nevent=5000 time_id=5).wakeup ,
2021-12-01T20:54:45.643+0000 7fc7abfff700 5 --2- 172.21.15.86:0/532805098 >> v2:172.21.15.86:6800/33051 conn(0x7fc794061ba0 0x7fc7940640b0 unknown :-1 s=CLOSED pgs=385 cs=0 l=1 rev1=1 crypto rx=0 tx=0 comp rx=0 tx=0).reset_compression
2021-12-02T06:32:56.582 WARNING:scrape:Ignoring malparsed backtrace:
2021-12-01T20:55:06.024+0000 7fd6cca8a700 10 -- create_connect 0x7fd6c8137150 v2:172.21.15.86:3300/0 v2:172.21.15.86:3300/0 ,
2021-12-01T20:55:06.024+0000 7fd6c659c700 20 Event(0x7fd6c80608a0 nevent=5000 time_id=2).create_file_event create event end fd=13 mask=2 current mask is 3 ,
2021-12-01T20:55:06.024+0000 7fd6cca8a700 10 -- connect_to v2:172.21.15.86:3300/0 new 0x7fd6c8137150
2021-12-02T06:32:56.582 WARNING:scrape:Ignoring malparsed backtrace:
2021-12-01T20:55:06.024+0000 7fd6c6d9d700 10 -- 172.21.15.86:0/876168269 >> v2:172.21.15.86:3300/0 conn(0x7fd6c8137150 msgr2=0x7fd6c8137560 unknown :-1 s=STATE_CONNECTION_ESTABLISHED l=0)._try_send sent bytes 78 remaining bytes 0 ,
2021-12-01T20:55:06.024+0000 7fd6c6d9d700 20 --2- 172.21.15.86:0/876168269 >> v2:172.21.15.86:3300/0 conn(0x7fd6c8137150 0x7fd6c8137560 unknown :-1 s=AUTH_CONNECTING pgs=0 cs=0 l=0 rev1=1 crypto rx=0 tx=0 comp rx=0 tx=0).read_frame ,
2021-12-01T20:55:06.024+0000 7fd6c6d9d700 20 -- 172.21.15.86:0/876168269 >> v2:172.21.15.86:3300/0 conn(0x7fd6c8137150 msgr2=0x7fd6c8137560 unknown :-1 s=STATE_CONNECTION_ESTABLISHED l=0).read start len=32
2021-12-02T06:32:56.583 WARNING:scrape:Ignoring malparsed backtrace:
2021-12-01T20:55:06.025+0000 7fd6c6d9d700 1 -- 172.21.15.86:0/876168269 --> v2:172.21.15.86:3300/0 -- mon_subscribe({config=0+,monmap=0+}) v3 -- 0x7fd6c80a8bf0 con 0x7fd6c8137150 ,
2021-12-01T20:55:06.025+0000 7fd6c6d9d700 5 --2- 172.21.15.86:0/876168269 >> v2:172.21.15.86:3300/0 conn(0x7fd6c8137150 0x7fd6c8137560 unknown :-1 s=AUTH_CONNECTING pgs=0 cs=0 l=0 rev1=1 crypto rx=0 tx=0 comp rx=0 tx=0).send_message enqueueing message m=0x7fd6c80a8bf0 type=15 mon_subscribe({config=0+,monmap=0+}) v3 ,
2021-12-01T20:55:06.025+0000 7fd6c6d9d700 15 --2- 172.21.15.86:0/876168269 >> v2:172.21.15.86:3300/0 conn(0x7fd6c8137150 0x7fd6c8137560 unknown :-1 s=AUTH_CONNECTING pgs=0 cs=0 l=0 rev1=1 crypto rx=0 tx=0 comp rx=0 tx=0).send_message inline write is denied, reschedule m=0x7fd6c80a8bf0
2021-12-02T06:32:56.584 WARNING:scrape:Ignoring malparsed backtrace:
