2021-12-01T20:52:00.520+0000 7f789bfff700 20 --2- 172.21.15.86:0/1661836792 >> v2:172.21.15.86:6800/33051 conn(0x7f7884061ba0 0x7f78840640b0 secure :-1 s=AUTH_CONNECTING_SIGN pgs=0 cs=0 l=1 rev1=1 crypto rx=0x7f789c0a2020 tx=0x7f7888007bf0 comp rx=0 tx=0).read_frame_segment seg_idx=0
2021-12-02T06:32:55.695 WARNING:scrape:Ignoring malparsed backtrace:
2021-12-01T20:52:00.682+0000 7f789bfff700 5 --2- 172.21.15.86:0/1661836792 >> v2:172.21.15.86:6800/33051 conn(0x7f7884061ba0 0x7f78840640b0 secure :-1 s=THROTTLE_DONE pgs=370 cs=0 l=1 rev1=1 crypto rx=0x7f789c0a2020 tx=0x7f7888007bf0 comp rx=0 tx=0).handle_message got 18 + 0 + 59904 byte message. envelope type=1802 src mgr.4104 off 0 ,
2021-12-01T20:52:00.682+0000 7f789bfff700 5 --2- 172.21.15.86:0/1661836792 >> v2:172.21.15.86:6800/33051 conn(0x7f7884061ba0 0x7f78840640b0 secure :-1 s=READ_MESSAGE_COMPLETE pgs=370 cs=0 l=1 rev1=1 crypto rx=0x7f789c0a2020 tx=0x7f7888007bf0 comp rx=0 tx=0).handle_message received message m=0x7f789c148c20 seq=1 from=mgr.4104 type=1802 mgr_command_reply(tid 0: 0 dumped all) v1 ,
2021-12-01T20:52:00.682+0000 7f789bfff700 20 -- 172.21.15.86:0/1661836792 queue 0x7f789c148c20 prio 127
2021-12-02T06:32:55.696 WARNING:scrape:Ignoring malparsed backtrace:
2021-12-01T20:52:21.060+0000 7f309e290700 10 -- connect_to v2:172.21.15.187:3300/0 new 0x7f30980ad030 ,
2021-12-01T20:52:21.060+0000 7f309e290700 10 -- create_connect [v2:172.21.15.86:3301/0,v1:172.21.15.86:6790/0], creating connection and registering ,
2021-12-01T20:52:21.060+0000 7f309e290700 10 -- >> [v2:172.21.15.86:3301/0,v1:172.21.15.86:6790/0] conn(0x7f309806ad70 msgr2=0x7f309806b180 unknown :-1 s=STATE_NONE l=0)._connect
2021-12-02T06:32:55.697 WARNING:scrape:Ignoring malparsed backtrace:
2021-12-01T20:52:21.061+0000 7f3097fff700 20 --2- 172.21.15.86:0/223265558 >> v2:172.21.15.187:3300/0 conn(0x7f30980ad030 0x7f30980642a0 unknown :-1 s=HELLO_CONNECTING pgs=0 cs=0 l=0 rev1=1 crypto rx=0 tx=0 comp rx=0 tx=0).read_frame_segment seg_idx=0 ,
2021-12-01T20:52:21.061+0000 7f30977fe700 20 --2- 172.21.15.86:0/223265558 >> [v2:172.21.15.86:3301/0,v1:172.21.15.86:6790/0] conn(0x7f309806ad70 0x7f309806b180 unknown :-1 s=AUTH_CONNECTING pgs=0 cs=0 l=0 rev1=1 crypto rx=0 tx=0 comp rx=0 tx=0).read_frame ,
2021-12-01T20:52:21.061+0000 7f309c82d700 10 --1- 172.21.15.86:0/223265558 >> v1:172.21.15.86:6789/0 conn(0x7f30980aa660 0x7f30980aaa70 :-1 s=CONNECTING_SEND_CONNECT_MSG pgs=0 cs=0 l=0).send_connect_message connect sending gseq=1 cseq=0 proto=15
2021-12-02T06:32:55.698 WARNING:scrape:Ignoring malparsed backtrace:
2021-12-01T20:52:21.061+0000 7f30977fe700 20 --1- 172.21.15.86:0/223265558 >> v1:172.21.15.86:6789/0 conn(0x7f30980aa660 0x7f30980aaa70 :-1 s=OPENED pgs=850 cs=1 l=1).stop ,
2021-12-01T20:52:21.061+0000 7f30977fe700 2 --1- 172.21.15.86:0/223265558 >> v1:172.21.15.86:6789/0 conn(0x7f30980aa660 0x7f30980aaa70 :-1 s=OPENED pgs=850 cs=1 l=1).stop ,
2021-12-01T20:52:21.061+0000 7f30977fe700 5 --1- 172.21.15.86:0/223265558 >> v1:172.21.15.86:6789/0 conn(0x7f30980aa660 0x7f30980aaa70 :-1 s=OPENED pgs=850 cs=1 l=1).reset_recv_state
2021-12-02T06:32:55.698 WARNING:scrape:Ignoring malparsed backtrace:
2021-12-01T20:52:21.062+0000 7f30977fe700 20 --2- 172.21.15.86:0/223265558 >> [v2:172.21.15.86:3301/0,v1:172.21.15.86:6790/0] conn(0x7f309806ad70 0x7f309806b180 secure :-1 s=READY pgs=540 cs=0 l=1 rev1=1 crypto rx=0x7f308400b660 tx=0x7f3084006e20 comp rx=0 tx=0).handle_read_frame_preamble_main r=0 ,
2021-12-01T20:52:21.062+0000 7f30977fe700 20 --2- 172.21.15.86:0/223265558 >> [v2:172.21.15.86:3301/0,v1:172.21.15.86:6790/0] conn(0x7f309806ad70 0x7f309806b180 secure :-1 s=THROTTLE_MESSAGE pgs=540 cs=0 l=1 rev1=1 crypto rx=0x7f308400b660 tx=0x7f3084006e20 comp rx=0 tx=0).throttle_message ,
2021-12-01T20:52:21.062+0000 7f30977fe700 20 --2- 172.21.15.86:0/223265558 >> [v2:172.21.15.86:3301/0,v1:172.21.15.86:6790/0] conn(0x7f309806ad70 0x7f309806b180 secure :-1 s=THROTTLE_BYTES pgs=540 cs=0 l=1 rev1=1 crypto rx=0x7f308400b660 tx=0x7f3084006e20 comp rx=0 tx=0).throttle_bytes
2021-12-02T06:32:55.699 WARNING:scrape:Ignoring malparsed backtrace:
2021-12-01T20:52:21.065+0000 7f309e290700 10 -- connect_to [v2:172.21.15.86:3301/0,v1:172.21.15.86:6790/0] new 0x7f309806ad70 ,
2021-12-01T20:52:21.065+0000 7f309e290700 10 -- create_connect [v2:172.21.15.86:3300/0,v1:172.21.15.86:6789/0], creating connection and registering ,
2021-12-01T20:52:21.065+0000 7f309e290700 10 -- >> [v2:172.21.15.86:3300/0,v1:172.21.15.86:6789/0] conn(0x7f30980aa660 msgr2=0x7f30980a14a0 unknown :-1 s=STATE_NONE l=1)._connect
2021-12-02T06:32:55.700 WARNING:scrape:Ignoring malparsed backtrace:
2021-12-01T20:52:21.065+0000 7f3097fff700 20 -- 172.21.15.86:0/2382884938 >> [v2:172.21.15.86:3301/0,v1:172.21.15.86:6790/0] conn(0x7f309806ad70 msgr2=0x7f30980a2660 unknown :-1 s=STATE_CONNECTION_ESTABLISHED l=1).read start len=17 ,
2021-12-01T20:52:21.065+0000 7f309c82d700 20 -- 172.21.15.86:0/2382884938 >> [v2:172.21.15.187:3300/0,v1:172.21.15.187:6789/0] conn(0x7f30980ad030 msgr2=0x7f309807c6d0 unknown :-1 s=STATE_CONNECTION_ESTABLISHED l=1).read start len=40 ,
2021-12-01T20:52:21.065+0000 7f3097fff700 20 --2- 172.21.15.86:0/2382884938 >> [v2:172.21.15.86:3301/0,v1:172.21.15.86:6790/0] conn(0x7f309806ad70 0x7f30980a2660 unknown :-1 s=AUTH_CONNECTING pgs=0 cs=0 l=1 rev1=1 crypto rx=0 tx=0 comp rx=0 tx=0).handle_read_frame_segment r=0
2021-12-02T06:32:55.701 WARNING:scrape:Ignoring malparsed backtrace:
2021-12-01T20:52:21.065+0000 7f3097fff700 20 -- 172.21.15.86:0/2382884938 >> [v2:172.21.15.86:3301/0,v1:172.21.15.86:6790/0] conn(0x7f309806ad70 msgr2=0x7f30980a2660 secure :-1 s=STATE_CONNECTION_ESTABLISHED l=1).process ,
2021-12-01T20:52:21.065+0000 7f3097fff700 20 -- 172.21.15.86:0/2382884938 >> [v2:172.21.15.86:3301/0,v1:172.21.15.86:6790/0] conn(0x7f309806ad70 msgr2=0x7f30980a2660 secure :-1 s=STATE_CONNECTION_ESTABLISHED l=1).read continue len=96 ,
2021-12-01T20:52:21.065+0000 7f3097fff700 20 --2- 172.21.15.86:0/2382884938 >> [v2:172.21.15.86:3301/0,v1:172.21.15.86:6790/0] conn(0x7f309806ad70 0x7f30980a2660 secure :-1 s=COMPRESSION_CONNECTING pgs=0 cs=0 l=1 rev1=1 crypto rx=0x7f307c00e6f0 tx=0x7f307c006e20 comp rx=0 tx=0).handle_read_frame_preamble_main r=0
2021-12-02T06:32:55.702 WARNING:scrape:Ignoring malparsed backtrace:
2021-12-01T20:52:21.066+0000 7f3097fff700 20 -- 172.21.15.86:0/2382884938 >> [v2:172.21.15.86:3301/0,v1:172.21.15.86:6790/0] conn(0x7f309806ad70 msgr2=0x7f30980a2660 secure :-1 s=STATE_CONNECTION_ESTABLISHED l=1).read start len=416 ,
2021-12-01T20:52:21.066+0000 7f3097fff700 20 --2- 172.21.15.86:0/2382884938 >> [v2:172.21.15.86:3301/0,v1:172.21.15.86:6790/0] conn(0x7f309806ad70 0x7f30980a2660 secure :-1 s=THROTTLE_DONE pgs=541 cs=0 l=1 rev1=1 crypto rx=0x7f307c00e6f0 tx=0x7f307c006e20 comp rx=0 tx=0).handle_read_frame_segment r=0 ,
2021-12-01T20:52:21.066+0000 7f3097fff700 20 -- 172.21.15.86:0/2382884938 >> [v2:172.21.15.86:3301/0,v1:172.21.15.86:6790/0] conn(0x7f309806ad70 msgr2=0x7f30980a2660 secure :-1 s=STATE_CONNECTION_ESTABLISHED l=1).read start len=32
2021-12-02T06:32:55.703 WARNING:scrape:Ignoring malparsed backtrace:
2021-12-01T20:52:21.068+0000 7f308bfff700 10 -- 172.21.15.86:0/2382884938 dispatch_throttle_release 79817 to dispatch throttler 84295/104857600 ,
2021-12-01T20:52:21.068+0000 7f308bfff700 20 -- 172.21.15.86:0/2382884938 done calling dispatch on 0x7f307c013c60 ,
2021-12-01T20:52:21.068+0000 7f30977fe700 20 -- 172.21.15.86:0/2382884938 >> v2:172.21.15.86:6800/33051 conn(0x7f3074061ba0 msgr2=0x7f30740640b0 unknown :-1 s=STATE_CONNECTING l=1).process
2021-12-02T06:32:55.703 WARNING:scrape:Ignoring malparsed backtrace:
2021-12-01T20:52:21.068+0000 7f30977fe700 20 -- 172.21.15.86:0/2382884938 >> v2:172.21.15.86:6800/33051 conn(0x7f3074061ba0 msgr2=0x7f30740640b0 secure :-1 s=STATE_CONNECTION_ESTABLISHED l=1).read start len=96 ,
2021-12-01T20:52:21.072+0000 7f3097fff700 20 -- 172.21.15.86:0/2382884938 >> [v2:172.21.15.86:3301/0,v1:172.21.15.86:6790/0] conn(0x7f309806ad70 msgr2=0x7f30980a2660 secure :-1 s=STATE_CONNECTION_ESTABLISHED l=1).process ,
2021-12-01T20:52:21.072+0000 7f3097fff700 20 -- 172.21.15.86:0/2382884938 >> [v2:172.21.15.86:3301/0,v1:172.21.15.86:6790/0] conn(0x7f309806ad70 msgr2=0x7f30980a2660 secure :-1 s=STATE_CONNECTION_ESTABLISHED l=1).read continue len=96
2021-12-02T06:32:55.704 WARNING:scrape:Ignoring malparsed backtrace:
2021-12-01T20:52:21.235+0000 7f309e290700 5 -- 172.21.15.86:0/2382884938 shutdown_connections delete 0x7f3074061ba0 ,
2021-12-01T20:52:21.235+0000 7f309e290700 5 -- 172.21.15.86:0/2382884938 shutdown_connections delete 0x7f309806ad70 ,
2021-12-01T20:52:21.235+0000 7f309e290700 5 -- 172.21.15.86:0/2382884938 shutdown_connections delete 0x7f30980aa660
2021-12-02T06:32:55.705 WARNING:scrape:Ignoring malparsed backtrace:
2021-12-01T20:52:41.578+0000 7f4ef5366700 10 -- >> [v2:172.21.15.86:3301/0,v1:172.21.15.86:6790/0] conn(0x7f4ef0065cc0 msgr2=0x7f4ef00a9380 unknown :-1 s=STATE_CONNECTING_RE l=0).process connect successfully, ready to send banner ,
2021-12-01T20:52:41.578+0000 7f4ef5366700 20 --2- >> [v2:172.21.15.86:3301/0,v1:172.21.15.86:6790/0] conn(0x7f4ef0065cc0 0x7f4ef00a9380 unknown :-1 s=START_CONNECT pgs=0 cs=0 l=0 rev1=0 crypto rx=0 tx=0 comp rx=0 tx=0).read_event ,
2021-12-01T20:52:41.578+0000 7f4ef5366700 20 --2- >> [v2:172.21.15.86:3301/0,v1:172.21.15.86:6790/0] conn(0x7f4ef0065cc0 0x7f4ef00a9380 unknown :-1 s=START_CONNECT pgs=0 cs=0 l=0 rev1=0 crypto rx=0 tx=0 comp rx=0 tx=0).start_client_banner_exchange
2021-12-02T06:32:55.706 WARNING:scrape:Ignoring malparsed backtrace:
2021-12-01T20:52:41.579+0000 7f4ef5366700 20 --2- 172.21.15.86:0/1530319507 >> [v2:172.21.15.86:3301/0,v1:172.21.15.86:6790/0] conn(0x7f4ef0065cc0 0x7f4ef00a9380 unknown :-1 s=AUTH_CONNECTING pgs=0 cs=0 l=0 rev1=1 crypto rx=0 tx=0 comp rx=0 tx=0).read_frame_segment seg_idx=0 ,
2021-12-01T20:52:41.579+0000 7f4ef5366700 20 -- 172.21.15.86:0/1530319507 >> [v2:172.21.15.86:3301/0,v1:172.21.15.86:6790/0] conn(0x7f4ef0065cc0 msgr2=0x7f4ef00a9380 unknown :-1 s=STATE_CONNECTION_ESTABLISHED l=0).read start len=17 ,
2021-12-01T20:52:41.579+0000 7f4ef6368700 10 -- 172.21.15.86:0/1530319507 >> v1:172.21.15.86:6789/0 conn(0x7f4ef00660d0 legacy=0x7f4ef006a960 unknown :-1 s=STATE_CONNECTION_ESTABLISHED l=0)._try_send sent bytes 8 remaining bytes 0
2021-12-02T06:32:55.707 WARNING:scrape:Ignoring malparsed backtrace:
2021-12-01T20:52:41.579+0000 7f4ef6368700 20 -- 172.21.15.86:0/1530319507 >> v1:172.21.15.86:6789/0 conn(0x7f4ef00660d0 legacy=0x7f4ef006a960 unknown :-1 s=STATE_CONNECTION_ESTABLISHED l=1).read start len=1 ,
2021-12-01T20:52:41.579+0000 7f4ef5366700 20 --1- 172.21.15.86:0/1530319507 >> v1:172.21.15.86:6789/0 conn(0x7f4ef00660d0 0x7f4ef006a960 :-1 s=OPENED pgs=852 cs=1 l=1).stop ,
2021-12-01T20:52:41.579+0000 7f4ef5366700 2 --1- 172.21.15.86:0/1530319507 >> v1:172.21.15.86:6789/0 conn(0x7f4ef00660d0 0x7f4ef006a960 :-1 s=OPENED pgs=852 cs=1 l=1).stop
2021-12-02T06:32:55.707 WARNING:scrape:Ignoring malparsed backtrace:
2021-12-01T20:52:41.580+0000 7f4ef4b65700 1 -- 172.21.15.86:0/1530319507 <== mon.2 v2:172.21.15.86:3301/0 1 ==== mon_map magic: 0 v1 ==== 413+0+0 (secure 0 0 0) 0x7f4ee400e070 con 0x7f4ef0065cc0 ,
2021-12-01T20:52:41.580+0000 7f4ef5366700 20 --2- 172.21.15.86:0/1530319507 >> [v2:172.21.15.86:3301/0,v1:172.21.15.86:6790/0] conn(0x7f4ef0065cc0 0x7f4ef00a9380 secure :-1 s=THROTTLE_MESSAGE pgs=542 cs=0 l=1 rev1=1 crypto rx=0x7f4ee4006690 tx=0x7f4ee4009aa0 comp rx=0 tx=0).throttle_message ,
2021-12-01T20:52:41.580+0000 7f4ef5366700 20 --2- 172.21.15.86:0/1530319507 >> [v2:172.21.15.86:3301/0,v1:172.21.15.86:6790/0] conn(0x7f4ef0065cc0 0x7f4ef00a9380 secure :-1 s=THROTTLE_BYTES pgs=542 cs=0 l=1 rev1=1 crypto rx=0x7f4ee4006690 tx=0x7f4ee4009aa0 comp rx=0 tx=0).throttle_bytes
2021-12-02T06:32:55.708 WARNING:scrape:Ignoring malparsed backtrace:
2021-12-01T20:52:41.583+0000 7f4ef7dcb700 10 -- create_connect [v2:172.21.15.86:3301/0,v1:172.21.15.86:6790/0], creating connection and registering ,
2021-12-01T20:52:41.583+0000 7f4ef7dcb700 10 -- >> [v2:172.21.15.86:3301/0,v1:172.21.15.86:6790/0] conn(0x7f4ef0065cc0 msgr2=0x7f4ef00a4600 unknown :-1 s=STATE_NONE l=1)._connect ,
2021-12-01T20:52:41.583+0000 7f4ef7dcb700 1 --2- >> [v2:172.21.15.86:3301/0,v1:172.21.15.86:6790/0] conn(0x7f4ef0065cc0 0x7f4ef00a4600 unknown :-1 s=NONE pgs=0 cs=0 l=1 rev1=0 crypto rx=0 tx=0 comp rx=0 tx=0).connect
2021-12-02T06:32:55.709 WARNING:scrape:Ignoring malparsed backtrace:
2021-12-01T20:52:41.583+0000 7f4ef6368700 20 --2- 172.21.15.86:0/3895534422 >> [v2:172.21.15.187:3300/0,v1:172.21.15.187:6789/0] conn(0x7f4ef00660d0 0x7f4ef012ae40 unknown :-1 s=START_CONNECT pgs=0 cs=0 l=1 rev1=0 crypto rx=0 tx=0 comp rx=0 tx=0).read_event ,
2021-12-01T20:52:41.583+0000 7f4ef6368700 20 --2- 172.21.15.86:0/3895534422 >> [v2:172.21.15.187:3300/0,v1:172.21.15.187:6789/0] conn(0x7f4ef00660d0 0x7f4ef012ae40 unknown :-1 s=START_CONNECT pgs=0 cs=0 l=1 rev1=0 crypto rx=0 tx=0 comp rx=0 tx=0).start_client_banner_exchange ,
2021-12-01T20:52:41.583+0000 7f4ef6368700 20 --2- 172.21.15.86:0/3895534422 >> [v2:172.21.15.187:3300/0,v1:172.21.15.187:6789/0] conn(0x7f4ef00660d0 0x7f4ef012ae40 unknown :-1 s=BANNER_CONNECTING pgs=0 cs=0 l=1 rev1=0 crypto rx=0 tx=0 comp rx=0 tx=0)._banner_exchange
2021-12-02T06:32:55.710 WARNING:scrape:Ignoring malparsed backtrace:
2021-12-01T20:52:41.583+0000 7f4ef5b67700 5 --2- 172.21.15.86:0/3895534422 >> [v2:172.21.15.86:3300/0,v1:172.21.15.86:6789/0] conn(0x7f4ef00650b0 0x7f4ef0135960 unknown :-1 s=CLOSED pgs=0 cs=0 l=1 rev1=1 crypto rx=0 tx=0 comp rx=0 tx=0).reset_security ,
2021-12-01T20:52:41.583+0000 7f4ef5b67700 5 --2- 172.21.15.86:0/3895534422 >> [v2:172.21.15.86:3300/0,v1:172.21.15.86:6789/0] conn(0x7f4ef00650b0 0x7f4ef0135960 unknown :-1 s=CLOSED pgs=0 cs=0 l=1 rev1=1 crypto rx=0 tx=0 comp rx=0 tx=0).reset_compression ,
2021-12-01T20:52:41.583+0000 7f4ef5b67700 20 EpollDriver.del_event del event fd=16 cur_mask=1 delmask=3 to 7
2021-12-02T06:32:55.711 WARNING:scrape:Ignoring malparsed backtrace:
2021-12-01T20:52:41.584+0000 7f4ef5366700 5 --2- 172.21.15.86:0/3895534422 >> [v2:172.21.15.86:3301/0,v1:172.21.15.86:6790/0] conn(0x7f4ef0065cc0 0x7f4ef00a4600 secure :-1 s=READ_MESSAGE_COMPLETE pgs=543 cs=0 l=1 rev1=1 crypto rx=0x7f4ee4014000 tx=0x7f4ee4015000 comp rx=0 tx=0).handle_message received message m=0x7f4ee40147a0 seq=2 from=mon.2 type=62 config(0 keys) v1 ,
2021-12-01T20:52:41.584+0000 7f4ef5366700 20 -- 172.21.15.86:0/3895534422 queue 0x7f4ee40147a0 prio 196 ,
2021-12-01T20:52:41.584+0000 7f4ef5366700 20 --2- 172.21.15.86:0/3895534422 >> [v2:172.21.15.86:3301/0,v1:172.21.15.86:6790/0] conn(0x7f4ef0065cc0 0x7f4ef00a4600 secure :-1 s=READY pgs=543 cs=0 l=1 rev1=1 crypto rx=0x7f4ee4014000 tx=0x7f4ee4015000 comp rx=0 tx=0).read_frame
2021-12-02T06:32:55.712 WARNING:scrape:Ignoring malparsed backtrace:
2021-12-01T20:52:41.586+0000 7f4ef5366700 10 -- 172.21.15.86:0/3895534422 >> [v2:172.21.15.86:3301/0,v1:172.21.15.86:6790/0] conn(0x7f4ef0065cc0 msgr2=0x7f4ef00a4600 secure :-1 s=STATE_CONNECTION_ESTABLISHED l=1).handle_write ,
2021-12-01T20:52:41.586+0000 7f4ef5366700 10 --2- 172.21.15.86:0/3895534422 >> [v2:172.21.15.86:3301/0,v1:172.21.15.86:6790/0] conn(0x7f4ef0065cc0 0x7f4ef00a4600 secure :-1 s=READY pgs=543 cs=0 l=1 rev1=1 crypto rx=0x7f4ee4014000 tx=0x7f4ee4015000 comp rx=0 tx=0).write_event ,
2021-12-01T20:52:41.586+0000 7f4ef5366700 20 --2- 172.21.15.86:0/3895534422 >> [v2:172.21.15.86:3301/0,v1:172.21.15.86:6790/0] conn(0x7f4ef0065cc0 0x7f4ef00a4600 secure :-1 s=READY pgs=543 cs=0 l=1 rev1=1 crypto rx=0x7f4ee4014000 tx=0x7f4ee4015000 comp rx=0 tx=0).prepare_send_message m=mon_command({"prefix": "get_command_descriptions"} v 0) v1
2021-12-02T06:32:55.713 WARNING:scrape:Ignoring malparsed backtrace:
2021-12-01T20:52:41.587+0000 7f4ef5b67700 15 authenticated_encrypt_update plaintext.length()=80 buffer.length()=80 ,
2021-12-01T20:52:41.587+0000 7f4ef5b67700 15 authenticated_encrypt_final buffer.length()=96 final_len=0 ,
2021-12-01T20:52:41.587+0000 7f4ef5b67700 15 authenticated_encrypt_update plaintext.length()=80 buffer.length()=80
2021-12-02T06:32:55.714 WARNING:scrape:Ignoring malparsed backtrace:
2021-12-01T20:52:41.755+0000 7f4ef7dcb700 10 --2- 172.21.15.86:0/3895534422 >> [v2:172.21.15.86:3301/0,v1:172.21.15.86:6790/0] conn(0x7f4ef0065cc0 0x7f4ef00a4600 secure :-1 s=READY pgs=543 cs=0 l=1 rev1=1 crypto rx=0x7f4ee4014000 tx=0x7f4ee4015000 comp rx=0 tx=0).discard_out_queue started ,
2021-12-01T20:52:41.755+0000 7f4ef5b67700 5 --2- 172.21.15.86:0/3895534422 >> v2:172.21.15.86:6800/33051 conn(0x7f4ed0061ba0 0x7f4ed00640b0 unknown :-1 s=CLOSED pgs=377 cs=0 l=1 rev1=1 crypto rx=0 tx=0 comp rx=0 tx=0).reset_compression ,
2021-12-01T20:52:41.755+0000 7f4ef5366700 5 --2- 172.21.15.86:0/3895534422 >> [v2:172.21.15.86:3301/0,v1:172.21.15.86:6790/0] conn(0x7f4ef0065cc0 0x7f4ef00a4600 secure :-1 s=CLOSED pgs=543 cs=0 l=1 rev1=1 crypto rx=0x7f4ee4014000 tx=0x7f4ee4015000 comp rx=0 tx=0).reset_recv_state (warped) reseting crypto and compression handlers
2021-12-02T06:32:55.715 WARNING:scrape:Ignoring malparsed backtrace:
2021-12-01T20:53:02.122+0000 7f4b19090700 20 EpollDriver.del_event del event fd=13 cur_mask=1 delmask=2 to 7 ,
2021-12-01T20:53:02.122+0000 7f4b1b2f4700 15 --1- >> v1:172.21.15.187:6789/0 conn(0x7f4b14065880 0x7f4b14135f90 :-1 s=START_CONNECT pgs=0 cs=0 l=0).send_message inline write is denied, reschedule m=0x7f4b1406af90 ,
2021-12-01T20:53:02.122+0000 7f4b19090700 10 -- >> [v2:172.21.15.86:3301/0,v1:172.21.15.86:6790/0] conn(0x7f4b14064640 msgr2=0x7f4b1406a640 unknown :-1 s=STATE_CONNECTING_RE l=0).process connect successfully, ready to send banner
2021-12-02T06:32:55.716 WARNING:scrape:Ignoring malparsed backtrace:
2021-12-01T20:53:02.122+0000 7f4b19090700 20 --2- 172.21.15.86:0/1516210722 >> [v2:172.21.15.86:3301/0,v1:172.21.15.86:6790/0] conn(0x7f4b14064640 0x7f4b1406a640 unknown :-1 s=AUTH_CONNECTING pgs=0 cs=0 l=0 rev1=1 crypto rx=0 tx=0 comp rx=0 tx=0).handle_auth_reply_more payload.length()=13 ,
2021-12-01T20:53:02.122+0000 7f4b19891700 10 -- 172.21.15.86:0/1516210722 >> v1:172.21.15.187:6789/0 conn(0x7f4b14065880 legacy=0x7f4b14135f90 unknown :-1 s=STATE_CONNECTION_ESTABLISHED l=0)._try_send sent bytes 136 remaining bytes 0 ,
2021-12-01T20:53:02.122+0000 7f4b19891700 20 --1- 172.21.15.86:0/1516210722 >> v1:172.21.15.187:6789/0 conn(0x7f4b14065880 0x7f4b14135f90 :-1 s=CONNECTING_WAIT_BANNER_AND_IDENTIFY pgs=0 cs=0 l=0).handle_my_addr_write r=0
2021-12-02T06:32:55.716 WARNING:scrape:Ignoring malparsed backtrace:
2021-12-01T20:53:02.123+0000 7f4b19090700 15 --2- 172.21.15.86:0/1516210722 >> [v2:172.21.15.86:3301/0,v1:172.21.15.86:6790/0] conn(0x7f4b14064640 0x7f4b1406a640 unknown :-1 s=AUTH_CONNECTING pgs=0 cs=0 l=0 rev1=1 crypto rx=0 tx=0 comp rx=0 tx=0).send_message inline write is denied, reschedule m=0x7f4b14064a50 ,
2021-12-01T20:53:02.123+0000 7f4b19090700 15 authenticated_encrypt_update plaintext.length()=80 buffer.length()=80 ,
2021-12-01T20:53:02.123+0000 7f4b19090700 15 authenticated_encrypt_final buffer.length()=96 final_len=0
2021-12-02T06:32:55.717 WARNING:scrape:Ignoring malparsed backtrace:
2021-12-01T20:53:02.123+0000 7f4b19090700 20 --2- 172.21.15.86:0/1516210722 >> [v2:172.21.15.86:3301/0,v1:172.21.15.86:6790/0] conn(0x7f4b14064640 0x7f4b1406a640 secure :-1 s=READY pgs=544 cs=0 l=1 rev1=1 crypto rx=0x7f4b04006fd0 tx=0x7f4b04006f20 comp rx=0 tx=0).read_frame ,
2021-12-01T20:53:02.123+0000 7f4b03fff700 10 -- 172.21.15.86:0/1516210722 dispatch_throttle_release 413 to dispatch throttler 417/104857600 ,
2021-12-01T20:53:02.123+0000 7f4b03fff700 20 -- 172.21.15.86:0/1516210722 done calling dispatch on 0x7f4b04009e20
2021-12-02T06:32:55.718 WARNING:scrape:Ignoring malparsed backtrace:
2021-12-01T20:53:02.126+0000 7f4b19090700 20 Event(0x7f4b14060910 nevent=5000 time_id=4).create_file_event create event end fd=16 mask=1 current mask is 1 ,
2021-12-01T20:53:02.126+0000 7f4b1b2f4700 10 -- connect_to [v2:172.21.15.187:3300/0,v1:172.21.15.187:6789/0] new 0x7f4b1406ab80 ,
2021-12-01T20:53:02.126+0000 7f4b19090700 20 EpollDriver.del_event del event fd=16 cur_mask=1 delmask=2 to 7
2021-12-02T06:32:55.719 WARNING:scrape:Ignoring malparsed backtrace:
2021-12-01T20:53:02.127+0000 7f4b19090700 20 --2- 172.21.15.86:0/3498500042 >> [v2:172.21.15.86:3300/0,v1:172.21.15.86:6789/0] conn(0x7f4b14064640 0x7f4b1412e720 unknown :-1 s=AUTH_CONNECTING pgs=0 cs=0 l=1 rev1=1 crypto rx=0 tx=0 comp rx=0 tx=0).read_frame_segment seg_idx=0 ,
2021-12-01T20:53:02.127+0000 7f4b19090700 20 -- 172.21.15.86:0/3498500042 >> [v2:172.21.15.86:3300/0,v1:172.21.15.86:6789/0] conn(0x7f4b14064640 msgr2=0x7f4b1412e720 unknown :-1 s=STATE_CONNECTION_ESTABLISHED l=1).read start len=17 ,
2021-12-01T20:53:02.127+0000 7f4b19090700 20 --2- 172.21.15.86:0/3498500042 >> [v2:172.21.15.86:3300/0,v1:172.21.15.86:6789/0] conn(0x7f4b14064640 0x7f4b1412e720 unknown :-1 s=AUTH_CONNECTING pgs=0 cs=0 l=1 rev1=1 crypto rx=0 tx=0 comp rx=0 tx=0).handle_read_frame_segment r=0
2021-12-02T06:32:55.720 WARNING:scrape:Ignoring malparsed backtrace:
2021-12-01T20:53:02.127+0000 7f4b19090700 20 CompressorRegistry(0x7f4b140ac730) get_mode peer_type 1 is_secure 1 ,
2021-12-01T20:53:02.127+0000 7f4b19090700 15 authenticated_encrypt_update plaintext.length()=80 buffer.length()=80 ,
2021-12-01T20:53:02.127+0000 7f4b19090700 15 authenticated_encrypt_final buffer.length()=96 final_len=0
2021-12-02T06:32:55.720 WARNING:scrape:Ignoring malparsed backtrace:
2021-12-01T20:53:02.128+0000 7f4b19090700 20 --2- 172.21.15.86:0/3498500042 >> [v2:172.21.15.86:3300/0,v1:172.21.15.86:6789/0] conn(0x7f4b14064640 0x7f4b1412e720 secure :-1 s=THROTTLE_DONE pgs=856 cs=0 l=1 rev1=1 crypto rx=0x7f4b04026000 tx=0x7f4b04027000 comp rx=0 tx=0).read_frame_segment seg_idx=1 ,
2021-12-01T20:53:02.128+0000 7f4b1b2f4700 5 --2- 172.21.15.86:0/3498500042 >> [v2:172.21.15.86:3300/0,v1:172.21.15.86:6789/0] conn(0x7f4b14064640 0x7f4b1412e720 secure :-1 s=THROTTLE_DONE pgs=856 cs=0 l=1 rev1=1 crypto rx=0x7f4b04026000 tx=0x7f4b04027000 comp rx=0 tx=0).send_message enqueueing message m=0x7f4b14138780 type=15 mon_subscribe({mgrmap=0+}) v3 ,
2021-12-01T20:53:02.128+0000 7f4b19090700 20 -- 172.21.15.86:0/3498500042 >> [v2:172.21.15.86:3300/0,v1:172.21.15.86:6789/0] conn(0x7f4b14064640 msgr2=0x7f4b1412e720 secure :-1 s=STATE_CONNECTION_ESTABLISHED l=1).read start len=416
2021-12-02T06:32:55.721 WARNING:scrape:Ignoring malparsed backtrace:
2021-12-01T20:53:02.129+0000 7f4b017fa700 10 -- 172.21.15.86:0/3498500042 create_connect v2:172.21.15.86:6800/33051, creating connection and registering ,
2021-12-01T20:53:02.129+0000 7f4b017fa700 10 -- 172.21.15.86:0/3498500042 >> v2:172.21.15.86:6800/33051 conn(0x7f4af4061ba0 msgr2=0x7f4af40640b0 unknown :-1 s=STATE_NONE l=1)._connect ,
2021-12-01T20:53:02.129+0000 7f4b017fa700 1 --2- 172.21.15.86:0/3498500042 >> v2:172.21.15.86:6800/33051 conn(0x7f4af4061ba0 0x7f4af40640b0 unknown :-1 s=NONE pgs=0 cs=0 l=1 rev1=0 crypto rx=0 tx=0 comp rx=0 tx=0).connect
2021-12-02T06:32:55.722 WARNING:scrape:Ignoring malparsed backtrace:
2021-12-01T20:53:02.131+0000 7f4b1888f700 10 --2- 172.21.15.86:0/3498500042 >> v2:172.21.15.86:6800/33051 conn(0x7f4af4061ba0 0x7f4af40640b0 secure :-1 s=SESSION_CONNECTING pgs=0 cs=0 l=1 rev1=1 crypto rx=0x7f4b08005570 tx=0x7f4b08008040 comp rx=0 tx=0).handle_read_frame_dispatch tag=9 ,
2021-12-01T20:53:02.131+0000 7f4b1888f700 20 --2- 172.21.15.86:0/3498500042 >> v2:172.21.15.86:6800/33051 conn(0x7f4af4061ba0 0x7f4af40640b0 secure :-1 s=SESSION_CONNECTING pgs=0 cs=0 l=1 rev1=1 crypto rx=0x7f4b08005570 tx=0x7f4b08008040 comp rx=0 tx=0).handle_server_ident payload.length()=88 ,
2021-12-01T20:53:02.131+0000 7f4b1888f700 5 --2- 172.21.15.86:0/3498500042 >> v2:172.21.15.86:6800/33051 conn(0x7f4af4061ba0 0x7f4af40640b0 secure :-1 s=SESSION_CONNECTING pgs=0 cs=0 l=1 rev1=1 crypto rx=0x7f4b08005570 tx=0x7f4b08008040 comp rx=0 tx=0).handle_server_ident received server identification: addrs=v2:172.21.15.86:6800/33051 gid=4104 global_seq=378 features_supported=3f01cfbb7ffdffff features_required=800000000000000 flags=1 cookie=0
2021-12-02T06:32:55.723 WARNING:scrape:Ignoring malparsed backtrace:
2021-12-01T20:53:02.300+0000 7f4b1b2f4700 5 -- 172.21.15.86:0/3498500042 shutdown_connections mark down [v2:172.21.15.187:3300/0,v1:172.21.15.187:6789/0] 0x7f4b1406ab80 ,
2021-12-01T20:53:02.300+0000 7f4b1b2f4700 1 --2- 172.21.15.86:0/3498500042 >> [v2:172.21.15.187:3300/0,v1:172.21.15.187:6789/0] conn(0x7f4b1406ab80 0x7f4b141321d0 unknown :-1 s=CLOSED pgs=0 cs=0 l=1 rev1=1 crypto rx=0 tx=0 comp rx=0 tx=0).stop ,
2021-12-01T20:53:02.300+0000 7f4b1b2f4700 5 -- 172.21.15.86:0/3498500042 shutdown_connections mark down [v2:172.21.15.86:3300/0,v1:172.21.15.86:6789/0] 0x7f4b14064640
2021-12-02T06:32:55.724 WARNING:scrape:Ignoring malparsed backtrace:
2021-12-01T20:53:22.651+0000 7f9a167fc700 20 EpollDriver.add_event add event fd=14 cur_mask=1 add_mask=2 to 10 ,
2021-12-01T20:53:22.651+0000 7f9a1d6c7700 15 --1- >> v1:172.21.15.187:6789/0 conn(0x7f9a18136220 0x7f9a18140410 :-1 s=START_CONNECT pgs=0 cs=0 l=0).send_message inline write is denied, reschedule m=0x7f9a1806a190 ,
2021-12-01T20:53:22.651+0000 7f9a167fc700 20 Event(0x7f9a18066e40 nevent=5000 time_id=2).create_file_event create event end fd=14 mask=2 current mask is 3
2021-12-02T06:32:55.725 WARNING:scrape:Ignoring malparsed backtrace:
2021-12-01T20:53:22.651+0000 7f9a16ffd700 20 --1- 172.21.15.86:0/2532846451 >> v1:172.21.15.86:6789/0 conn(0x7f9a18064b10 0x7f9a18139400 :-1 s=CONNECTING_SEND_CONNECT_MSG pgs=0 cs=0 l=0).handle_ack_seq r=0 ,
2021-12-01T20:53:22.651+0000 7f9a177fe700 20 --1- 172.21.15.86:0/2532846451 >> v1:172.21.15.187:6789/0 conn(0x7f9a18136220 0x7f9a18140410 :-1 s=CONNECTING_SEND_CONNECT_MSG pgs=0 cs=0 l=0).handle_connect_message_write r=0 ,
2021-12-01T20:53:22.651+0000 7f9a16ffd700 2 --1- 172.21.15.86:0/2532846451 >> v1:172.21.15.86:6789/0 conn(0x7f9a18064b10 0x7f9a18139400 :-1 s=CONNECTING_SEND_CONNECT_MSG pgs=0 cs=0 l=0).handle_ack_seq got newly_acked_seq 0 vs out_seq 0
2021-12-02T06:32:55.725 WARNING:scrape:Ignoring malparsed backtrace:
2021-12-01T20:53:22.652+0000 7f9a16ffd700 20 --1- 172.21.15.86:0/2532846451 >> v1:172.21.15.86:6789/0 conn(0x7f9a18064b10 0x7f9a18139400 :-1 s=THROTTLE_DISPATCH_QUEUE pgs=857 cs=1 l=1).throttle_dispatch_queue ,
2021-12-01T20:53:22.652+0000 7f9a177fe700 20 --1- 172.21.15.86:0/2532846451 >> v1:172.21.15.187:6789/0 conn(0x7f9a18136220 0x7f9a18140410 :-1 s=OPENED pgs=569 cs=1 l=1).wait_message ,
2021-12-01T20:53:22.652+0000 7f9a16ffd700 20 --1- 172.21.15.86:0/2532846451 >> v1:172.21.15.86:6789/0 conn(0x7f9a18064b10 0x7f9a18139400 :-1 s=READ_MESSAGE_FRONT pgs=857 cs=1 l=1).read_message_front
2021-12-02T06:32:55.726 WARNING:scrape:Ignoring malparsed backtrace:
2021-12-01T20:53:22.652+0000 7f9a167fc700 15 authenticated_encrypt_update plaintext.length()=80 buffer.length()=80 ,
2021-12-01T20:53:22.652+0000 7f9a167fc700 15 authenticated_encrypt_final buffer.length()=96 final_len=0 ,
2021-12-01T20:53:22.652+0000 7f9a167fc700 10 -- 172.21.15.86:0/2532846451 >> v2:172.21.15.187:3300/0 conn(0x7f9a18069d80 msgr2=0x7f9a18135ce0 secure :-1 s=STATE_CONNECTION_ESTABLISHED l=0)._try_send sent bytes 192 remaining bytes 0
2021-12-02T06:32:55.727 WARNING:scrape:Ignoring malparsed backtrace:
2021-12-01T20:53:22.653+0000 7f9a1d6c7700 1 -- 172.21.15.86:0/2532846451 >> [v2:172.21.15.187:3300/0,v1:172.21.15.187:6789/0] conn(0x7f9a18069d80 msgr2=0x7f9a18135ce0 secure :-1 s=STATE_CONNECTION_ESTABLISHED l=1).mark_down ,
2021-12-01T20:53:22.653+0000 7f9a1d6c7700 1 --2- 172.21.15.86:0/2532846451 >> [v2:172.21.15.187:3300/0,v1:172.21.15.187:6789/0] conn(0x7f9a18069d80 0x7f9a18135ce0 secure :-1 s=READY pgs=570 cs=0 l=1 rev1=1 crypto rx=0x7f9a0000b640 tx=0x7f9a00006e20 comp rx=0 tx=0).stop ,
2021-12-01T20:53:22.653+0000 7f9a1d6c7700 5 --2- 172.21.15.86:0/2532846451 >> [v2:172.21.15.187:3300/0,v1:172.21.15.187:6789/0] conn(0x7f9a18069d80 0x7f9a18135ce0 secure :-1 s=READY pgs=570 cs=0 l=1 rev1=1 crypto rx=0x7f9a0000b640 tx=0x7f9a00006e20 comp rx=0 tx=0).reset_recv_state
2021-12-02T06:32:55.728 WARNING:scrape:Ignoring malparsed backtrace:
2021-12-01T20:53:22.655+0000 7f9a1d6c7700 15 --2- >> [v2:172.21.15.86:3301/0,v1:172.21.15.86:6790/0] conn(0x7f9a18136220 0x7f9a18072360 unknown :-1 s=START_CONNECT pgs=0 cs=0 l=1 rev1=0 crypto rx=0 tx=0 comp rx=0 tx=0).send_message inline write is denied, reschedule m=0x7f9a181307f0 ,
2021-12-01T20:53:22.655+0000 7f9a177fe700 10 -- >> [v2:172.21.15.86:3301/0,v1:172.21.15.86:6790/0] conn(0x7f9a18136220 msgr2=0x7f9a18072360 unknown :-1 s=STATE_CONNECTING_RE l=1).process connect successfully, ready to send banner ,
2021-12-01T20:53:22.655+0000 7f9a177fe700 20 --2- >> [v2:172.21.15.86:3301/0,v1:172.21.15.86:6790/0] conn(0x7f9a18136220 0x7f9a18072360 unknown :-1 s=START_CONNECT pgs=0 cs=0 l=1 rev1=0 crypto rx=0 tx=0 comp rx=0 tx=0).read_event
2021-12-02T06:32:55.729 WARNING:scrape:Ignoring malparsed backtrace:
2021-12-01T20:53:22.656+0000 7f9a16ffd700 5 --2- 172.21.15.86:0/3031356735 >> [v2:172.21.15.86:3300/0,v1:172.21.15.86:6789/0] conn(0x7f9a18064b10 0x7f9a18073b10 unknown :-1 s=AUTH_CONNECTING pgs=0 cs=0 l=1 rev1=1 crypto rx=0 tx=0 comp rx=0 tx=0).handle_auth_reply_more auth reply more len=9 ,
2021-12-01T20:53:22.656+0000 7f9a167fc700 10 -- 172.21.15.86:0/3031356735 >> [v2:172.21.15.187:3300/0,v1:172.21.15.187:6789/0] conn(0x7f9a18069d80 msgr2=0x7f9a181302b0 unknown :-1 s=STATE_CONNECTION_ESTABLISHED l=1)._try_send sent bytes 76 remaining bytes 0 ,
2021-12-01T20:53:22.656+0000 7f9a167fc700 20 --2- 172.21.15.86:0/3031356735 >> [v2:172.21.15.187:3300/0,v1:172.21.15.187:6789/0] conn(0x7f9a18069d80 0x7f9a181302b0 unknown :-1 s=AUTH_CONNECTING pgs=0 cs=0 l=1 rev1=1 crypto rx=0 tx=0 comp rx=0 tx=0).read_frame
2021-12-02T06:32:55.730 WARNING:scrape:Ignoring malparsed backtrace:
2021-12-01T20:53:22.656+0000 7f9a167fc700 5 --2- 172.21.15.86:0/3031356735 >> [v2:172.21.15.187:3300/0,v1:172.21.15.187:6789/0] conn(0x7f9a18069d80 0x7f9a181302b0 secure :-1 s=READY pgs=571 cs=0 l=1 rev1=1 crypto rx=0x7f9a00035000 tx=0x7f9a00036000 comp rx=0 tx=0).write_message sending message m=0x7f9a18131140 seq=1 mon_getmap magic: 0 v1 ,
2021-12-01T20:53:22.656+0000 7f9a167fc700 20 --2- 172.21.15.86:0/3031356735 >> [v2:172.21.15.187:3300/0,v1:172.21.15.187:6789/0] conn(0x7f9a18069d80 0x7f9a181302b0 secure :-1 s=READY pgs=571 cs=0 l=1 rev1=1 crypto rx=0x7f9a00035000 tx=0x7f9a00036000 comp rx=0 tx=0).write_message sending m=0x7f9a18131140 seq=1 src=client.? off=0 ,
2021-12-01T20:53:22.656+0000 7f9a167fc700 10 -- 172.21.15.86:0/3031356735 >> [v2:172.21.15.187:3300/0,v1:172.21.15.187:6789/0] conn(0x7f9a18069d80 msgr2=0x7f9a181302b0 secure :-1 s=STATE_CONNECTION_ESTABLISHED l=1)._try_send sent bytes 96 remaining bytes 0
2021-12-02T06:32:55.730 WARNING:scrape:Ignoring malparsed backtrace:
2021-12-01T20:53:22.657+0000 7f9a167fc700 15 authenticated_encrypt_update plaintext.length()=48 buffer.length()=48 ,
2021-12-01T20:53:22.657+0000 7f9a167fc700 15 authenticated_encrypt_update plaintext.length()=16 buffer.length()=64 ,
2021-12-01T20:53:22.657+0000 7f9a167fc700 15 authenticated_encrypt_final buffer.length()=80 final_len=0
2021-12-02T06:32:55.731 WARNING:scrape:Ignoring malparsed backtrace:
2021-12-01T20:53:22.659+0000 7f9a16ffd700 20 --2- 172.21.15.86:0/3031356735 >> v2:172.21.15.86:6800/33051 conn(0x7f99f8061ba0 0x7f99f80640b0 unknown :-1 s=HELLO_CONNECTING pgs=0 cs=0 l=1 rev1=1 crypto rx=0 tx=0 comp rx=0 tx=0).handle_hello payload.length()=36 ,
2021-12-01T20:53:22.659+0000 7f9a16ffd700 5 --2- 172.21.15.86:0/3031356735 >> v2:172.21.15.86:6800/33051 conn(0x7f99f8061ba0 0x7f99f80640b0 unknown :-1 s=HELLO_CONNECTING pgs=0 cs=0 l=1 rev1=1 crypto rx=0 tx=0 comp rx=0 tx=0).handle_hello received hello: peer_type=16 peer_addr_for_me=v2:172.21.15.86:42078/0 ,
2021-12-01T20:53:22.659+0000 7f9a16ffd700 5 --2- 172.21.15.86:0/3031356735 >> v2:172.21.15.86:6800/33051 conn(0x7f99f8061ba0 0x7f99f80640b0 unknown :-1 s=HELLO_CONNECTING pgs=0 cs=0 l=1 rev1=1 crypto rx=0 tx=0 comp rx=0 tx=0).handle_hello getsockname says I am 172.21.15.86:42078 when talking to v2:172.21.15.86:6800/33051
2021-12-02T06:32:55.732 WARNING:scrape:Ignoring malparsed backtrace:
2021-12-01T20:53:22.822+0000 7f9a1d6c7700 20 Event(0x7f9a18060860 nevent=5000 time_id=6).wakeup ,
2021-12-01T20:53:22.822+0000 7f9a16ffd700 10 -- 172.21.15.86:0/3031356735 >> v2:172.21.15.86:6800/33051 conn(0x7f99f8061ba0 msgr2=0x7f99f80640b0 secure :-1 s=STATE_CONNECTION_ESTABLISHED l=1).handle_write ,
2021-12-01T20:53:22.822+0000 7f9a16ffd700 10 --2- 172.21.15.86:0/3031356735 >> v2:172.21.15.86:6800/33051 conn(0x7f99f8061ba0 0x7f99f80640b0 secure :-1 s=READY pgs=379 cs=0 l=1 rev1=1 crypto rx=0x7f9a180a5ca0 tx=0x7f9a0c02b040 comp rx=0 tx=0).write_event
2021-12-02T06:32:55.733 WARNING:scrape:Ignoring malparsed backtrace:
2021-12-01T20:53:43.129 DEBUG:teuthology.orchestra.run.smithi086:> sudo adjust-ulimits ceph-coverage /home/ubuntu/cephtest/archive/coverage timeout 120 ceph --cluster ceph pg dump --format=json ,
2021-12-01T20:53:43.254+0000 7ffafa7a9700 20 CompressorRegistry(0x7ffaf406d630) adding algorithm method: snappy ,
2021-12-01T20:53:43.254+0000 7ffafa7a9700 20 CompressorRegistry(0x7ffaf406d630) adding algorithm method: zlib
2021-12-02T06:32:55.734 WARNING:scrape:Ignoring malparsed backtrace:
2021-12-01T20:53:43.255+0000 7ffaf3fff700 20 --2- >> [v2:172.21.15.86:3301/0,v1:172.21.15.86:6790/0] conn(0x7ffaf40a9330 0x7ffaf40aa240 unknown :-1 s=HELLO_CONNECTING pgs=0 cs=0 l=0 rev1=1 crypto rx=0 tx=0 comp rx=0 tx=0).read_frame_segment seg_idx=0 ,
2021-12-01T20:53:43.255+0000 7ffaf3fff700 20 -- >> [v2:172.21.15.86:3301/0,v1:172.21.15.86:6790/0] conn(0x7ffaf40a9330 msgr2=0x7ffaf40aa240 unknown :-1 s=STATE_CONNECTION_ESTABLISHED l=0).read start len=40 ,
2021-12-01T20:53:43.255+0000 7ffaf3fff700 20 --2- >> [v2:172.21.15.86:3301/0,v1:172.21.15.86:6790/0] conn(0x7ffaf40a9330 0x7ffaf40aa240 unknown :-1 s=HELLO_CONNECTING pgs=0 cs=0 l=0 rev1=1 crypto rx=0 tx=0 comp rx=0 tx=0).handle_read_frame_segment r=0
2021-12-02T06:32:55.735 WARNING:scrape:Ignoring malparsed backtrace:
2021-12-01T20:53:43.256+0000 7ffaf8d46700 20 --1- 172.21.15.86:0/1743866470 >> v1:172.21.15.86:6789/0 conn(0x7ffaf4137150 0x7ffaf413d380 :-1 s=OPENED pgs=860 cs=1 l=1).handle_message r=0 ,
2021-12-01T20:53:43.256+0000 7ffaf8d46700 20 --1- 172.21.15.86:0/1743866470 >> v1:172.21.15.86:6789/0 conn(0x7ffaf4137150 0x7ffaf413d380 :-1 s=OPENED pgs=860 cs=1 l=1).handle_message process tag 15 ,
2021-12-01T20:53:43.256+0000 7ffaf8d46700 20 -- 172.21.15.86:0/1743866470 >> v1:172.21.15.86:6789/0 conn(0x7ffaf4137150 legacy=0x7ffaf413d380 unknown :-1 s=STATE_CONNECTION_ESTABLISHED l=1).read start len=8
2021-12-02T06:32:55.736 WARNING:scrape:Ignoring malparsed backtrace:
2021-12-01T20:53:43.256+0000 7ffaf37fe700 20 -- 172.21.15.86:0/1743866470 >> v2:172.21.15.86:3300/0 conn(0x7ffaf40a7e80 msgr2=0x7ffaf4139e20 secure :-1 s=STATE_CONNECTION_ESTABLISHED l=0).read start len=96 ,
2021-12-01T20:53:43.256+0000 7ffaf37fe700 20 -- 172.21.15.86:0/1743866470 >> v2:172.21.15.86:3300/0 conn(0x7ffaf40a7e80 msgr2=0x7ffaf4139e20 secure :-1 s=STATE_CONNECTION_ESTABLISHED l=0).process ,
2021-12-01T20:53:43.256+0000 7ffaf37fe700 20 -- 172.21.15.86:0/1743866470 >> v2:172.21.15.86:3300/0 conn(0x7ffaf40a7e80 msgr2=0x7ffaf4139e20 secure :-1 s=STATE_CONNECTION_ESTABLISHED l=0).read continue len=96
2021-12-02T06:32:55.736 WARNING:scrape:Ignoring malparsed backtrace:
2021-12-01T20:53:43.257+0000 7ffaf2ffd700 20 -- 172.21.15.86:0/1743866470 done calling dispatch on 0x7ffae40057f0 ,
2021-12-01T20:53:43.257+0000 7ffaf37fe700 10 --2- 172.21.15.86:0/1743866470 >> [v2:172.21.15.86:3300/0,v1:172.21.15.86:6789/0] conn(0x7ffaf40a7e80 0x7ffaf4139e20 secure :-1 s=THROTTLE_DONE pgs=861 cs=0 l=1 rev1=1 crypto rx=0x7ffae4017fd0 tx=0x7ffae4017e30 comp rx=0 tx=0).handle_read_frame_dispatch tag=17 ,
2021-12-01T20:53:43.257+0000 7ffaf37fe700 20 --2- 172.21.15.86:0/1743866470 >> [v2:172.21.15.86:3300/0,v1:172.21.15.86:6789/0] conn(0x7ffaf40a7e80 0x7ffaf4139e20 secure :-1 s=THROTTLE_DONE pgs=861 cs=0 l=1 rev1=1 crypto rx=0x7ffae4017fd0 tx=0x7ffae4017e30 comp rx=0 tx=0).handle_message
2021-12-02T06:32:55.737 WARNING:scrape:Ignoring malparsed backtrace:
2021-12-01T20:53:43.260+0000 7ffafa7a9700 15 --2- >> [v2:172.21.15.187:3300/0,v1:172.21.15.187:6789/0] conn(0x7ffaf4137150 0x7ffaf40a09c0 unknown :-1 s=START_CONNECT pgs=0 cs=0 l=1 rev1=0 crypto rx=0 tx=0 comp rx=0 tx=0).send_message inline write is denied, reschedule m=0x7ffaf40a3950 ,
2021-12-01T20:53:43.260+0000 7ffaf37fe700 20 Event(0x7ffaf40657a0 nevent=5000 time_id=4).create_file_event create event end fd=17 mask=1 current mask is 1 ,
2021-12-01T20:53:43.260+0000 7ffaf3fff700 20 -- >> [v2:172.21.15.86:3301/0,v1:172.21.15.86:6790/0] conn(0x7ffaf40a7e80 msgr2=0x7ffaf40a2020 unknown :-1 s=STATE_CONNECTION_ESTABLISHED l=1).read start len=10
2021-12-02T06:32:55.738 WARNING:scrape:Ignoring malparsed backtrace:
2021-12-01T20:53:43.260+0000 7ffaf3fff700 10 -- 172.21.15.86:0/2531604371 >> [v2:172.21.15.86:3301/0,v1:172.21.15.86:6790/0] conn(0x7ffaf40a7e80 msgr2=0x7ffaf40a2020 unknown :-1 s=STATE_CONNECTION_ESTABLISHED l=1)._try_send sent bytes 76 remaining bytes 0 ,
2021-12-01T20:53:43.260+0000 7ffaf8d46700 20 --2- 172.21.15.86:0/2531604371 >> [v2:172.21.15.187:3300/0,v1:172.21.15.187:6789/0] conn(0x7ffaf4137150 0x7ffaf40a09c0 unknown :-1 s=HELLO_CONNECTING pgs=0 cs=0 l=1 rev1=1 crypto rx=0 tx=0 comp rx=0 tx=0).handle_read_frame_preamble_main r=0 ,
2021-12-01T20:53:43.260+0000 7ffaf3fff700 20 --2- 172.21.15.86:0/2531604371 >> [v2:172.21.15.86:3301/0,v1:172.21.15.86:6790/0] conn(0x7ffaf40a7e80 0x7ffaf40a2020 unknown :-1 s=AUTH_CONNECTING pgs=0 cs=0 l=1 rev1=1 crypto rx=0 tx=0 comp rx=0 tx=0).read_frame
2021-12-02T06:32:55.739 WARNING:scrape:Ignoring malparsed backtrace:
2021-12-01T20:53:43.261+0000 7ffaf37fe700 20 --2- 172.21.15.86:0/2531604371 >> [v2:172.21.15.86:3300/0,v1:172.21.15.86:6789/0] conn(0x7ffaf40a9330 0x7ffaf40a1730 secure :-1 s=READY pgs=862 cs=0 l=1 rev1=1 crypto rx=0x7ffae400d000 tx=0x7ffae400a000 comp rx=0 tx=0).prepare_send_message m=mon_getmap magic: 0 v1 ,
2021-12-01T20:53:43.261+0000 7ffaf37fe700 20 --2- 172.21.15.86:0/2531604371 >> [v2:172.21.15.86:3300/0,v1:172.21.15.86:6789/0] conn(0x7ffaf40a9330 0x7ffaf40a1730 secure :-1 s=READY pgs=862 cs=0 l=1 rev1=1 crypto rx=0x7ffae400d000 tx=0x7ffae400a000 comp rx=0 tx=0).prepare_send_message encoding features 4540138303579357183 0x7ffaf40a1290 mon_getmap magic: 0 v1 ,
2021-12-01T20:53:43.261+0000 7ffaf37fe700 15 authenticated_encrypt_update plaintext.length()=80 buffer.length()=80
2021-12-02T06:32:55.740 WARNING:scrape:Ignoring malparsed backtrace:
2021-12-01T20:53:43.262+0000 7ffaf37fe700 15 authenticated_encrypt_update plaintext.length()=16 buffer.length()=64 ,
2021-12-01T20:53:43.262+0000 7ffaf37fe700 15 authenticated_encrypt_final buffer.length()=80 final_len=0 ,
2021-12-01T20:53:43.262+0000 7ffaf37fe700 5 --2- 172.21.15.86:0/2531604371 >> [v2:172.21.15.86:3300/0,v1:172.21.15.86:6789/0] conn(0x7ffaf40a9330 0x7ffaf40a1730 secure :-1 s=READY pgs=862 cs=0 l=1 rev1=1 crypto rx=0x7ffae400d000 tx=0x7ffae400a000 comp rx=0 tx=0).write_message sending message m=0x7ffae401c1c0 seq=3 mon_subscribe({mgrmap=0+}) v3
2021-12-02T06:32:55.741 WARNING:scrape:Ignoring malparsed backtrace:
2021-12-01T20:53:43.264+0000 7ffaf3fff700 20 -- 172.21.15.86:0/2531604371 >> v2:172.21.15.86:6800/33051 conn(0x7ffadc061ba0 msgr2=0x7ffadc0640b0 unknown :-1 s=STATE_CONNECTION_ESTABLISHED l=1).read start len=32 ,
2021-12-01T20:53:43.264+0000 7ffaf3fff700 20 --2- 172.21.15.86:0/2531604371 >> v2:172.21.15.86:6800/33051 conn(0x7ffadc061ba0 0x7ffadc0640b0 unknown :-1 s=HELLO_CONNECTING pgs=0 cs=0 l=1 rev1=1 crypto rx=0 tx=0 comp rx=0 tx=0).handle_read_frame_preamble_main r=0 ,
2021-12-01T20:53:43.264+0000 7ffaf3fff700 20 --2- 172.21.15.86:0/2531604371 >> v2:172.21.15.86:6800/33051 conn(0x7ffadc061ba0 0x7ffadc0640b0 unknown :-1 s=HELLO_CONNECTING pgs=0 cs=0 l=1 rev1=1 crypto rx=0 tx=0 comp rx=0 tx=0).read_frame_segment seg_idx=0
2021-12-02T06:32:55.742 WARNING:scrape:Ignoring malparsed backtrace:
2021-12-01T20:53:43.269+0000 7ffad7fff700 1 -- 172.21.15.86:0/2531604371 <== mon.0 v2:172.21.15.86:3300/0 6 ==== mon_command_ack([{"prefix": "get_command_descriptions"}]=0 v0) v1 ==== 72+0+154884 (secure 0 0 0) 0x7ffae404e0b0 con 0x7ffaf40a9330 ,
2021-12-01T20:53:43.269+0000 7ffad7fff700 10 -- 172.21.15.86:0/2531604371 dispatch_throttle_release 154956 to dispatch throttler 154956/104857600 ,
2021-12-01T20:53:43.269+0000 7ffad7fff700 20 -- 172.21.15.86:0/2531604371 done calling dispatch on 0x7ffae404e0b0
2021-12-02T06:32:55.743 WARNING:scrape:Ignoring malparsed backtrace:
2021-12-01T20:53:43.431+0000 7ffafa7a9700 20 Event(0x7ffaf40b14f0 nevent=5000 time_id=4).wakeup ,
2021-12-01T20:53:43.431+0000 7ffafa7a9700 20 Event(0x7ffaf40608a0 nevent=5000 time_id=5).wakeup ,
2021-12-01T20:53:43.431+0000 7ffafa7a9700 20 Event(0x7ffaf40657a0 nevent=5000 time_id=5).wakeup
2021-12-02T06:32:55.743 WARNING:scrape:Ignoring malparsed backtrace:
2021-12-01T20:53:43.820+0000 7f4bbeffd700 20 --2- >> [v2:172.21.15.86:3301/0,v1:172.21.15.86:6790/0] conn(0x7f4bc006a9c0 0x7f4bc00a8250 unknown :-1 s=BANNER_CONNECTING pgs=0 cs=0 l=0 rev1=0 crypto rx=0 tx=0 comp rx=0 tx=0)._handle_peer_banner_payload r=0 ,
2021-12-01T20:53:43.820+0000 7f4bbeffd700 1 --2- >> [v2:172.21.15.86:3301/0,v1:172.21.15.86:6790/0] conn(0x7f4bc006a9c0 0x7f4bc00a8250 unknown :-1 s=BANNER_CONNECTING pgs=0 cs=0 l=0 rev1=0 crypto rx=0 tx=0 comp rx=0 tx=0)._handle_peer_banner_payload supported=3 required=0 ,
2021-12-01T20:53:43.820+0000 7f4bbf7fe700 20 -- >> v2:172.21.15.86:3300/0 conn(0x7f4bc0063fa0 msgr2=0x7f4bc006a480 unknown :-1 s=STATE_CONNECTION_ESTABLISHED l=0).process
2021-12-02T06:32:55.744 WARNING:scrape:Ignoring malparsed backtrace:
2021-12-01T20:53:43.820+0000 7f4bbffff700 10 -- 172.21.15.86:0/2108296914 >> v1:172.21.15.86:6789/0 conn(0x7f4bc00a8790 legacy=0x7f4bc00a99f0 unknown :-1 s=STATE_CONNECTION_ESTABLISHED l=1).handle_write ,
2021-12-01T20:53:43.820+0000 7f4bbffff700 10 --1- 172.21.15.86:0/2108296914 >> v1:172.21.15.86:6789/0 conn(0x7f4bc00a8790 0x7f4bc00a99f0 :-1 s=OPENED pgs=863 cs=1 l=1).write_event ,
2021-12-01T20:53:43.820+0000 7f4bbffff700 10 --1- 172.21.15.86:0/2108296914 >> v1:172.21.15.86:6789/0 conn(0x7f4bc00a8790 0x7f4bc00a99f0 :-1 s=OPENED pgs=863 cs=1 l=1).append_keepalive_or_ack
2021-12-02T06:32:55.745 WARNING:scrape:Ignoring malparsed backtrace:
2021-12-01T20:53:43.821+0000 7f4bbf7fe700 15 authenticated_encrypt_final buffer.length()=96 final_len=0 ,
2021-12-01T20:53:43.821+0000 7f4bbf7fe700 15 authenticated_encrypt_update plaintext.length()=64 buffer.length()=64 ,
2021-12-01T20:53:43.821+0000 7f4bbf7fe700 15 authenticated_encrypt_update plaintext.length()=16 buffer.length()=80
2021-12-02T06:32:55.746 WARNING:scrape:Ignoring malparsed backtrace:
2021-12-01T20:53:43.822+0000 7f4bbffff700 5 --1- 172.21.15.86:0/2108296914 >> 172.21.15.86:0/2108296914 conn(0x7f4bc0064e30 0x7f4bc0065240 :-1 s=CLOSED pgs=0 cs=0 l=0).reset_recv_state (warped) reseting security handlers ,
2021-12-01T20:53:43.822+0000 7f4bbffff700 5 --1- 172.21.15.86:0/2108296914 >> 172.21.15.86:0/2108296914 conn(0x7f4bc0064e30 0x7f4bc0065240 :-1 s=CLOSED pgs=0 cs=0 l=0).reset_security ,
2021-12-01T20:53:43.822+0000 7f4bc5da4700 20 Event(0x7f4bc0066f80 nevent=5000 time_id=2).wakeup
2021-12-02T06:32:55.748 WARNING:scrape:Ignoring malparsed backtrace:
2021-12-01T20:53:43.826+0000 7f4bbffff700 20 -- >> [v2:172.21.15.86:3301/0,v1:172.21.15.86:6790/0] conn(0x7f4bc00a8790 msgr2=0x7f4bc01159b0 unknown :-1 s=STATE_CONNECTION_ESTABLISHED l=1).read start len=40 ,
2021-12-01T20:53:43.826+0000 7f4bbffff700 20 --2- >> [v2:172.21.15.86:3301/0,v1:172.21.15.86:6790/0] conn(0x7f4bc00a8790 0x7f4bc01159b0 unknown :-1 s=HELLO_CONNECTING pgs=0 cs=0 l=1 rev1=1 crypto rx=0 tx=0 comp rx=0 tx=0).handle_read_frame_segment r=0 ,
2021-12-01T20:53:43.826+0000 7f4bbeffd700 20 --2- >> [v2:172.21.15.86:3300/0,v1:172.21.15.86:6789/0] conn(0x7f4bc006a9c0 0x7f4bc01164f0 unknown :-1 s=BANNER_CONNECTING pgs=0 cs=0 l=1 rev1=0 crypto rx=0 tx=0 comp rx=0 tx=0)._handle_peer_banner r=0
2021-12-02T06:32:55.749 WARNING:scrape:Ignoring malparsed backtrace:
2021-12-01T20:53:43.826+0000 7f4bbffff700 20 Event(0x7f4bc00608a0 nevent=5000 time_id=4).wakeup ,
2021-12-01T20:53:43.826+0000 7f4bbffff700 10 --2- 172.21.15.86:0/3691413364 >> [v2:172.21.15.187:3300/0,v1:172.21.15.187:6789/0] conn(0x7f4bc0063fa0 0x7f4bc0116cc0 unknown :-1 s=AUTH_CONNECTING pgs=0 cs=0 l=1 rev1=1 crypto rx=0 tx=0 comp rx=0 tx=0).discard_out_queue started ,
2021-12-01T20:53:43.827+0000 7f4bbffff700 20 --2- 172.21.15.86:0/3691413364 >> [v2:172.21.15.187:3300/0,v1:172.21.15.187:6789/0] conn(0x7f4bc0063fa0 0x7f4bc0116cc0 unknown :-1 s=AUTH_CONNECTING pgs=0 cs=0 l=1 rev1=1 crypto rx=0 tx=0 comp rx=0 tx=0).discard_out_queue discard mon_getmap magic: 0 v1
2021-12-02T06:32:55.750 WARNING:scrape:Ignoring malparsed backtrace:
2021-12-01T20:53:43.827+0000 7f4bbffff700 5 --2- 172.21.15.86:0/3691413364 >> [v2:172.21.15.86:3301/0,v1:172.21.15.86:6790/0] conn(0x7f4bc00a8790 0x7f4bc01159b0 secure :-1 s=READ_MESSAGE_COMPLETE pgs=549 cs=0 l=1 rev1=1 crypto rx=0x7f4bb000c440 tx=0x7f4bb0007bf0 comp rx=0 tx=0).handle_message received message m=0x7f4bb0007e60 seq=1 from=mon.2 type=4 mon_map magic: 0 v1 ,
2021-12-01T20:53:43.827+0000 7f4bbffff700 20 -- 172.21.15.86:0/3691413364 queue 0x7f4bb0007e60 prio 196 ,
2021-12-01T20:53:43.827+0000 7f4bbffff700 20 --2- 172.21.15.86:0/3691413364 >> [v2:172.21.15.86:3301/0,v1:172.21.15.86:6790/0] conn(0x7f4bc00a8790 0x7f4bc01159b0 secure :-1 s=READY pgs=549 cs=0 l=1 rev1=1 crypto rx=0x7f4bb000c440 tx=0x7f4bb0007bf0 comp rx=0 tx=0).read_frame
2021-12-02T06:32:55.752 WARNING:scrape:Ignoring malparsed backtrace:
2021-12-01T20:53:43.829+0000 7f4ba77fe700 1 -- 172.21.15.86:0/3691413364 <== mon.2 v2:172.21.15.86:3301/0 4 ==== mgrmap(e 5) v1 ==== 79817+0+0 (secure 0 0 0) 0x7f4bb0010070 con 0x7f4bc00a8790 ,
2021-12-01T20:53:43.829+0000 7f4bbffff700 20 --2- 172.21.15.86:0/3691413364 >> [v2:172.21.15.86:3301/0,v1:172.21.15.86:6790/0] conn(0x7f4bc00a8790 0x7f4bc01159b0 secure :-1 s=READY pgs=549 cs=0 l=1 rev1=1 crypto rx=0x7f4bb000c440 tx=0x7f4bb0007bf0 comp rx=0 tx=0).handle_read_frame_preamble_main r=0 ,
2021-12-01T20:53:43.829+0000 7f4bbffff700 20 --2- 172.21.15.86:0/3691413364 >> [v2:172.21.15.86:3301/0,v1:172.21.15.86:6790/0] conn(0x7f4bc00a8790 0x7f4bc01159b0 secure :-1 s=THROTTLE_MESSAGE pgs=549 cs=0 l=1 rev1=1 crypto rx=0x7f4bb000c440 tx=0x7f4bb0007bf0 comp rx=0 tx=0).throttle_message
2021-12-02T06:32:55.752 WARNING:scrape:Ignoring malparsed backtrace:
2021-12-01T20:53:43.830+0000 7f4bbf7fe700 20 --2- 172.21.15.86:0/3691413364 >> v2:172.21.15.86:6800/33051 conn(0x7f4ba0061ba0 0x7f4ba00640b0 secure :-1 s=AUTH_CONNECTING_SIGN pgs=0 cs=0 l=1 rev1=1 crypto rx=0x7f4ba800b660 tx=0x7f4ba8010000 comp rx=0 tx=0).read_frame_segment seg_idx=0 ,
2021-12-01T20:53:43.830+0000 7f4bbf7fe700 10 --2- 172.21.15.86:0/3691413364 >> v2:172.21.15.86:6800/33051 conn(0x7f4ba0061ba0 0x7f4ba00640b0 secure :-1 s=AUTH_CONNECTING_SIGN pgs=0 cs=0 l=1 rev1=1 crypto rx=0x7f4ba800b660 tx=0x7f4ba8010000 comp rx=0 tx=0).handle_read_frame_dispatch tag=7 ,
2021-12-01T20:53:43.830+0000 7f4bbf7fe700 20 --2- 172.21.15.86:0/3691413364 >> v2:172.21.15.86:6800/33051 conn(0x7f4ba0061ba0 0x7f4ba00640b0 secure :-1 s=AUTH_CONNECTING_SIGN pgs=0 cs=0 l=1 rev1=1 crypto rx=0x7f4ba800b660 tx=0x7f4ba8010000 comp rx=0 tx=0).handle_auth_signature payload.length()=32
2021-12-02T06:32:55.753 WARNING:scrape:Ignoring malparsed backtrace:
2021-12-01T20:53:43.993+0000 7f4ba77fe700 10 -- 172.21.15.86:0/3691413364 dispatch_throttle_release 49 to dispatch throttler 49/104857600 ,
2021-12-01T20:53:43.993+0000 7f4ba77fe700 20 -- 172.21.15.86:0/3691413364 done calling dispatch on 0x7f4bc0118ac0 ,
2021-12-01T20:53:43.994+0000 7f4bc5da4700 1 -- 172.21.15.86:0/3691413364 >> v2:172.21.15.86:6800/33051 conn(0x7f4ba0061ba0 msgr2=0x7f4ba00640b0 secure :-1 s=STATE_CONNECTION_ESTABLISHED l=1).mark_down
2021-12-02T06:32:55.754 WARNING:scrape:Ignoring malparsed backtrace:
2021-12-01T20:54:04.372+0000 7f706a29e700 10 -- >> [v2:172.21.15.86:3301/0,v1:172.21.15.86:6790/0] conn(0x7f7064139a20 msgr2=0x7f7064139e30 unknown :-1 s=STATE_NONE l=0)._connect ,
2021-12-01T20:54:04.372+0000 7f706a29e700 1 --2- >> [v2:172.21.15.86:3301/0,v1:172.21.15.86:6790/0] conn(0x7f7064139a20 0x7f7064139e30 unknown :-1 s=NONE pgs=0 cs=0 l=0 rev1=0 crypto rx=0 tx=0 comp rx=0 tx=0).connect ,
2021-12-01T20:54:04.372+0000 7f706a29e700 20 Event(0x7f70640ae1e0 nevent=5000 time_id=1).wakeup
2021-12-02T06:32:55.755 WARNING:scrape:Ignoring malparsed backtrace:
2021-12-01T20:54:04.373+0000 7f706883b700 20 --2- 172.21.15.86:0/288670625 >> [v2:172.21.15.86:3301/0,v1:172.21.15.86:6790/0] conn(0x7f7064139a20 0x7f7064139e30 unknown :-1 s=HELLO_CONNECTING pgs=0 cs=0 l=0 rev1=1 crypto rx=0 tx=0 comp rx=0 tx=0).read_frame_segment seg_idx=0 ,
2021-12-01T20:54:04.373+0000 7f706883b700 20 -- 172.21.15.86:0/288670625 >> [v2:172.21.15.86:3301/0,v1:172.21.15.86:6790/0] conn(0x7f7064139a20 msgr2=0x7f7064139e30 unknown :-1 s=STATE_CONNECTION_ESTABLISHED l=0).read start len=40 ,
2021-12-01T20:54:04.373+0000 7f706883b700 20 --2- 172.21.15.86:0/288670625 >> [v2:172.21.15.86:3301/0,v1:172.21.15.86:6790/0] conn(0x7f7064139a20 0x7f7064139e30 unknown :-1 s=HELLO_CONNECTING pgs=0 cs=0 l=0 rev1=1 crypto rx=0 tx=0 comp rx=0 tx=0).handle_read_frame_segment r=0
2021-12-02T06:32:55.756 WARNING:scrape:Ignoring malparsed backtrace:
2021-12-01T20:54:04.373+0000 7f70637fe700 1 --2- 172.21.15.86:0/288670625 >> [v2:172.21.15.86:3301/0,v1:172.21.15.86:6790/0] conn(0x7f7064139a20 0x7f7064139e30 unknown :-1 s=AUTH_CONNECTING pgs=0 cs=0 l=0 rev1=1 crypto rx=0 tx=0 comp rx=0 tx=0).stop ,
