2021-12-01T20:34:59.924+0000 7ff35a59c700 20 -- 172.21.15.86:0/549466820 >> v1:172.21.15.187:6789/0 conn(0x7ff35c064350 legacy=0x7ff35c0a8210 unknown :-1 s=STATE_CONNECTION_ESTABLISHED l=1).read start len=1
2021-12-02T06:32:56.758 WARNING:scrape:Ignoring malparsed backtrace:
2021-12-01T20:34:59.924+0000 7ff35ad9d700 20 --2- 172.21.15.86:0/549466820 >> [v2:172.21.15.86:3301/0,v1:172.21.15.86:6790/0] conn(0x7ff35c134e10 0x7ff35c135220 secure :-1 s=AUTH_CONNECTING_SIGN pgs=0 cs=0 l=0 rev1=1 crypto rx=0x7ff34c004ad0 tx=0x7ff34c00fa40 comp rx=0 tx=0).read_frame_segment seg_idx=0 ,
2021-12-01T20:34:59.924+0000 7ff35ad9d700 10 --2- 172.21.15.86:0/549466820 >> [v2:172.21.15.86:3301/0,v1:172.21.15.86:6790/0] conn(0x7ff35c134e10 0x7ff35c135220 secure :-1 s=AUTH_CONNECTING_SIGN pgs=0 cs=0 l=0 rev1=1 crypto rx=0x7ff34c004ad0 tx=0x7ff34c00fa40 comp rx=0 tx=0).handle_read_frame_dispatch tag=7 ,
2021-12-01T20:34:59.924+0000 7ff35ad9d700 20 --2- 172.21.15.86:0/549466820 >> [v2:172.21.15.86:3301/0,v1:172.21.15.86:6790/0] conn(0x7ff35c134e10 0x7ff35c135220 secure :-1 s=AUTH_CONNECTING_SIGN pgs=0 cs=0 l=0 rev1=1 crypto rx=0x7ff34c004ad0 tx=0x7ff34c00fa40 comp rx=0 tx=0).handle_auth_signature payload.length()=32
2021-12-02T06:32:56.758 WARNING:scrape:Ignoring malparsed backtrace:
2021-12-01T20:34:59.925+0000 7ff35ad9d700 20 --2- 172.21.15.86:0/549466820 >> [v2:172.21.15.86:3301/0,v1:172.21.15.86:6790/0] conn(0x7ff35c134e10 0x7ff35c135220 secure :-1 s=THROTTLE_MESSAGE pgs=457 cs=0 l=1 rev1=1 crypto rx=0x7ff34c004ad0 tx=0x7ff34c00fa40 comp rx=0 tx=0).throttle_message ,
2021-12-01T20:34:59.925+0000 7ff35959a700 20 -- 172.21.15.86:0/549466820 done calling dispatch on 0x7ff34c012d60 ,
2021-12-01T20:34:59.925+0000 7ff35ad9d700 20 --2- 172.21.15.86:0/549466820 >> [v2:172.21.15.86:3301/0,v1:172.21.15.86:6790/0] conn(0x7ff35c134e10 0x7ff35c135220 secure :-1 s=THROTTLE_BYTES pgs=457 cs=0 l=1 rev1=1 crypto rx=0x7ff34c004ad0 tx=0x7ff34c00fa40 comp rx=0 tx=0).throttle_bytes
2021-12-02T06:32:56.759 WARNING:scrape:Ignoring malparsed backtrace:
2021-12-01T20:34:59.928+0000 7ff35a59c700 20 --2- >> [v2:172.21.15.86:3300/0,v1:172.21.15.86:6789/0] conn(0x7ff35c064350 0x7ff35c0a6e60 unknown :-1 s=START_CONNECT pgs=0 cs=0 l=1 rev1=0 crypto rx=0 tx=0 comp rx=0 tx=0).read_event ,
2021-12-01T20:34:59.928+0000 7ff359d9b700 20 Event(0x7ff35c066ff0 nevent=5000 time_id=4).create_file_event create event end fd=17 mask=1 current mask is 1 ,
2021-12-01T20:34:59.928+0000 7ff360e43700 1 -- --> [v2:172.21.15.86:3300/0,v1:172.21.15.86:6789/0] -- mon_getmap magic: 0 v1 -- 0x7ff35c0a4fc0 con 0x7ff35c064350
2021-12-02T06:32:56.760 WARNING:scrape:Ignoring malparsed backtrace:
2021-12-01T20:34:59.928+0000 7ff35a59c700 20 --2- 172.21.15.86:0/2111203679 >> [v2:172.21.15.86:3300/0,v1:172.21.15.86:6789/0] conn(0x7ff35c064350 0x7ff35c0a6e60 unknown :-1 s=AUTH_CONNECTING pgs=0 cs=0 l=1 rev1=1 crypto rx=0 tx=0 comp rx=0 tx=0).handle_read_frame_preamble_main r=0 ,
2021-12-01T20:34:59.928+0000 7ff35a59c700 20 --2- 172.21.15.86:0/2111203679 >> [v2:172.21.15.86:3300/0,v1:172.21.15.86:6789/0] conn(0x7ff35c064350 0x7ff35c0a6e60 unknown :-1 s=AUTH_CONNECTING pgs=0 cs=0 l=1 rev1=1 crypto rx=0 tx=0 comp rx=0 tx=0).read_frame_segment seg_idx=0 ,
2021-12-01T20:34:59.928+0000 7ff359d9b700 5 --2- 172.21.15.86:0/2111203679 >> [v2:172.21.15.187:3300/0,v1:172.21.15.187:6789/0] conn(0x7ff35c06a870 0x7ff35c0a4540 unknown :-1 s=HELLO_CONNECTING pgs=0 cs=0 l=1 rev1=1 crypto rx=0 tx=0 comp rx=0 tx=0).handle_hello getsockname says I am 172.21.15.86:45750 when talking to v2:172.21.15.187:3300/0
2021-12-02T06:32:56.760 WARNING:scrape:Ignoring malparsed backtrace:
2021-12-01T20:34:59.928+0000 7ff35ad9d700 20 --2- 172.21.15.86:0/2111203679 >> [v2:172.21.15.86:3301/0,v1:172.21.15.86:6790/0] conn(0x7ff35c134e10 0x7ff35c0a4a80 secure :-1 s=COMPRESSION_CONNECTING pgs=0 cs=0 l=1 rev1=1 crypto rx=0x7ff34c014000 tx=0x7ff34c00d000 comp rx=0 tx=0).handle_read_frame_preamble_main r=0 ,
2021-12-01T20:34:59.928+0000 7ff35ad9d700 20 --2- 172.21.15.86:0/2111203679 >> [v2:172.21.15.86:3301/0,v1:172.21.15.86:6790/0] conn(0x7ff35c134e10 0x7ff35c0a4a80 secure :-1 s=COMPRESSION_CONNECTING pgs=0 cs=0 l=1 rev1=1 crypto rx=0x7ff34c014000 tx=0x7ff34c00d000 comp rx=0 tx=0).read_frame_segment seg_idx=0 ,
2021-12-01T20:34:59.928+0000 7ff35ad9d700 10 --2- 172.21.15.86:0/2111203679 >> [v2:172.21.15.86:3301/0,v1:172.21.15.86:6790/0] conn(0x7ff35c134e10 0x7ff35c0a4a80 secure :-1 s=COMPRESSION_CONNECTING pgs=0 cs=0 l=1 rev1=1 crypto rx=0x7ff34c014000 tx=0x7ff34c00d000 comp rx=0 tx=0).handle_read_frame_dispatch tag=22
2021-12-02T06:32:56.761 WARNING:scrape:Ignoring malparsed backtrace:
2021-12-01T20:34:59.929+0000 7ff360e43700 5 --2- 172.21.15.86:0/2111203679 >> [v2:172.21.15.86:3301/0,v1:172.21.15.86:6790/0] conn(0x7ff35c134e10 0x7ff35c0a4a80 secure :-1 s=READ_MESSAGE_COMPLETE pgs=458 cs=0 l=1 rev1=1 crypto rx=0x7ff34c014000 tx=0x7ff34c00d000 comp rx=0 tx=0).send_message enqueueing message m=0x7ff35c0a7620 type=15 mon_subscribe({mgrmap=0+}) v3 ,
2021-12-01T20:34:59.929+0000 7ff35ad9d700 5 --2- 172.21.15.86:0/2111203679 >> [v2:172.21.15.86:3301/0,v1:172.21.15.86:6790/0] conn(0x7ff35c134e10 0x7ff35c0a4a80 secure :-1 s=READ_MESSAGE_COMPLETE pgs=458 cs=0 l=1 rev1=1 crypto rx=0x7ff34c014000 tx=0x7ff34c00d000 comp rx=0 tx=0).handle_message received message m=0x7ff34c01f480 seq=3 from=mon.2 type=4 mon_map magic: 0 v1 ,
2021-12-01T20:34:59.929+0000 7ff35ad9d700 20 -- 172.21.15.86:0/2111203679 queue 0x7ff34c01f480 prio 196
2021-12-02T06:32:56.762 WARNING:scrape:Ignoring malparsed backtrace:
2021-12-01T20:34:59.931+0000 7ff35a59c700 20 -- 172.21.15.86:0/2111203679 >> v2:172.21.15.86:6800/33051 conn(0x7ff338061ba0 msgr2=0x7ff3380640b0 unknown :-1 s=STATE_CONNECTING l=1).process ,
2021-12-01T20:34:59.931+0000 7ff35a59c700 20 Event(0x7ff35c060910 nevent=5000 time_id=5).create_file_event create event started fd=16 mask=1 original mask is 0 ,
2021-12-01T20:34:59.931+0000 7ff35a59c700 20 EpollDriver.add_event add event fd=16 cur_mask=0 add_mask=1 to 7
2021-12-02T06:32:56.763 WARNING:scrape:Ignoring malparsed backtrace:
2021-12-01T20:34:59.935+0000 7ff35ad9d700 20 -- 172.21.15.86:0/2111203679 >> [v2:172.21.15.86:3301/0,v1:172.21.15.86:6790/0] conn(0x7ff35c134e10 msgr2=0x7ff35c0a4a80 secure :-1 s=STATE_CONNECTION_ESTABLISHED l=1).read continue len=96 ,
2021-12-01T20:34:59.935+0000 7ff35ad9d700 20 --2- 172.21.15.86:0/2111203679 >> [v2:172.21.15.86:3301/0,v1:172.21.15.86:6790/0] conn(0x7ff35c134e10 0x7ff35c0a4a80 secure :-1 s=READY pgs=458 cs=0 l=1 rev1=1 crypto rx=0x7ff34c014000 tx=0x7ff34c00d000 comp rx=0 tx=0).handle_read_frame_preamble_main r=0 ,
2021-12-01T20:34:59.935+0000 7ff35ad9d700 20 --2- 172.21.15.86:0/2111203679 >> [v2:172.21.15.86:3301/0,v1:172.21.15.86:6790/0] conn(0x7ff35c134e10 0x7ff35c0a4a80 secure :-1 s=THROTTLE_MESSAGE pgs=458 cs=0 l=1 rev1=1 crypto rx=0x7ff34c014000 tx=0x7ff34c00d000 comp rx=0 tx=0).throttle_message
2021-12-02T06:32:56.763 WARNING:scrape:Ignoring malparsed backtrace:
2021-12-01T20:35:00.102+0000 7ff360e43700 5 -- 172.21.15.86:0/2111203679 shutdown_connections delete 0x7ff35c064350 ,
2021-12-01T20:35:00.102+0000 7ff360e43700 5 -- 172.21.15.86:0/2111203679 shutdown_connections delete 0x7ff35c06a870 ,
2021-12-01T20:35:00.103+0000 7ff360e43700 5 -- 172.21.15.86:0/2111203679 shutdown_connections delete 0x7ff35c134e10
2021-12-02T06:32:56.764 WARNING:scrape:Ignoring malparsed backtrace:
2021-12-01T20:35:01.478+0000 7f84c759e700 20 EpollDriver.add_event add event fd=15 cur_mask=0 add_mask=1 to 4 ,
2021-12-01T20:35:01.478+0000 7f84c759e700 20 Event(0x7f84c80ae1c0 nevent=5000 time_id=2).create_file_event create event end fd=15 mask=1 current mask is 1 ,
2021-12-01T20:35:01.478+0000 7f84c759e700 20 EpollDriver.del_event del event fd=15 cur_mask=1 delmask=2 to 4
2021-12-02T06:32:56.765 WARNING:scrape:Ignoring malparsed backtrace:
2021-12-01T20:35:01.478+0000 7f84c759e700 20 --2- 172.21.15.86:0/3868455263 >> [v2:172.21.15.86:3301/0,v1:172.21.15.86:6790/0] conn(0x7f84c806ab90 0x7f84c8137e60 unknown :-1 s=AUTH_CONNECTING pgs=0 cs=0 l=0 rev1=1 crypto rx=0 tx=0 comp rx=0 tx=0).handle_auth_reply_more payload.length()=13 ,
2021-12-01T20:35:01.478+0000 7f84c759e700 5 --2- 172.21.15.86:0/3868455263 >> [v2:172.21.15.86:3301/0,v1:172.21.15.86:6790/0] conn(0x7f84c806ab90 0x7f84c8137e60 unknown :-1 s=AUTH_CONNECTING pgs=0 cs=0 l=0 rev1=1 crypto rx=0 tx=0 comp rx=0 tx=0).handle_auth_reply_more auth reply more len=9 ,
2021-12-01T20:35:01.478+0000 7f84c6d9d700 20 -- 172.21.15.86:0/3868455263 >> v1:172.21.15.187:6789/0 conn(0x7f84c80a7980 legacy=0x7f84c8064d30 unknown :-1 s=STATE_CONNECTION_ESTABLISHED l=0).process
2021-12-02T06:32:56.766 WARNING:scrape:Ignoring malparsed backtrace:
2021-12-01T20:35:01.478+0000 7f84c659c700 20 --2- 172.21.15.86:0/3868455263 >> v2:172.21.15.86:3300/0 conn(0x7f84c8064510 0x7f84c806a650 secure :-1 s=COMPRESSION_CONNECTING pgs=0 cs=0 l=0 rev1=1 crypto rx=0x7f84b00075d0 tx=0x7f84b0009b80 comp rx=0 tx=0).read_frame ,
2021-12-01T20:35:01.478+0000 7f84c659c700 20 -- 172.21.15.86:0/3868455263 >> v2:172.21.15.86:3300/0 conn(0x7f84c8064510 msgr2=0x7f84c806a650 secure :-1 s=STATE_CONNECTION_ESTABLISHED l=0).read start len=96 ,
2021-12-01T20:35:01.478+0000 7f84c659c700 20 -- 172.21.15.86:0/3868455263 >> v2:172.21.15.86:3300/0 conn(0x7f84c8064510 msgr2=0x7f84c806a650 secure :-1 s=STATE_CONNECTION_ESTABLISHED l=0).process
2021-12-02T06:32:56.767 WARNING:scrape:Ignoring malparsed backtrace:
2021-12-01T20:35:01.479+0000 7f84c659c700 20 -- 172.21.15.86:0/3868455263 >> [v2:172.21.15.86:3300/0,v1:172.21.15.86:6789/0] conn(0x7f84c8064510 msgr2=0x7f84c806a650 secure :-1 s=STATE_CONNECTION_ESTABLISHED l=1).read start len=32 ,
2021-12-01T20:35:01.479+0000 7f84c659c700 20 --2- 172.21.15.86:0/3868455263 >> [v2:172.21.15.86:3300/0,v1:172.21.15.86:6789/0] conn(0x7f84c8064510 0x7f84c806a650 secure :-1 s=THROTTLE_DONE pgs=721 cs=0 l=1 rev1=1 crypto rx=0x7f84b00075d0 tx=0x7f84b0009b80 comp rx=0 tx=0).handle_read_frame_epilogue_main r=0 ,
2021-12-01T20:35:01.479+0000 7f84c659c700 10 --2- 172.21.15.86:0/3868455263 >> [v2:172.21.15.86:3300/0,v1:172.21.15.86:6789/0] conn(0x7f84c8064510 0x7f84c806a650 secure :-1 s=THROTTLE_DONE pgs=721 cs=0 l=1 rev1=1 crypto rx=0x7f84b00075d0 tx=0x7f84b0009b80 comp rx=0 tx=0).handle_read_frame_dispatch tag=17
2021-12-02T06:32:56.770 WARNING:scrape:Ignoring malparsed backtrace:
2021-12-01T20:35:01.482+0000 7f84c759e700 20 EpollDriver.add_event add event fd=18 cur_mask=0 add_mask=1 to 4 ,
2021-12-01T20:35:01.482+0000 7f84c659c700 20 EpollDriver.del_event del event fd=17 cur_mask=1 delmask=2 to 10 ,
2021-12-01T20:35:01.482+0000 7f84c6d9d700 20 --2- >> [v2:172.21.15.86:3301/0,v1:172.21.15.86:6790/0] conn(0x7f84c8064510 0x7f84c80a24c0 unknown :-1 s=START_CONNECT pgs=0 cs=0 l=1 rev1=0 crypto rx=0 tx=0 comp rx=0 tx=0).read_event
2021-12-02T06:32:56.771 WARNING:scrape:Ignoring malparsed backtrace:
2021-12-01T20:35:01.482+0000 7f84c6d9d700 20 -- 172.21.15.86:0/2422081681 >> [v2:172.21.15.86:3301/0,v1:172.21.15.86:6790/0] conn(0x7f84c8064510 msgr2=0x7f84c80a24c0 unknown :-1 s=STATE_CONNECTION_ESTABLISHED l=1).read start len=17 ,
2021-12-01T20:35:01.482+0000 7f84c6d9d700 20 --2- 172.21.15.86:0/2422081681 >> [v2:172.21.15.86:3301/0,v1:172.21.15.86:6790/0] conn(0x7f84c8064510 0x7f84c80a24c0 unknown :-1 s=AUTH_CONNECTING pgs=0 cs=0 l=1 rev1=1 crypto rx=0 tx=0 comp rx=0 tx=0).handle_read_frame_segment r=0 ,
2021-12-01T20:35:01.482+0000 7f84c6d9d700 10 --2- 172.21.15.86:0/2422081681 >> [v2:172.21.15.86:3301/0,v1:172.21.15.86:6790/0] conn(0x7f84c8064510 0x7f84c80a24c0 unknown :-1 s=AUTH_CONNECTING pgs=0 cs=0 l=1 rev1=1 crypto rx=0 tx=0 comp rx=0 tx=0).handle_read_frame_dispatch tag=4
2021-12-02T06:32:56.772 WARNING:scrape:Ignoring malparsed backtrace:
2021-12-01T20:35:01.483+0000 7f84c6d9d700 15 authenticated_encrypt_update plaintext.length()=80 buffer.length()=80 ,
2021-12-01T20:35:01.483+0000 7f84c6d9d700 15 authenticated_encrypt_final buffer.length()=96 final_len=0 ,
2021-12-01T20:35:01.483+0000 7f84c6d9d700 10 -- 172.21.15.86:0/2422081681 >> [v2:172.21.15.86:3301/0,v1:172.21.15.86:6790/0] conn(0x7f84c8064510 msgr2=0x7f84c80a24c0 secure :-1 s=STATE_CONNECTION_ESTABLISHED l=1)._try_send sent bytes 192 remaining bytes 0
2021-12-02T06:32:56.773 WARNING:scrape:Ignoring malparsed backtrace:
2021-12-01T20:35:01.483+0000 7f84aeffd700 1 -- 172.21.15.86:0/2422081681 <== mon.2 v2:172.21.15.86:3301/0 3 ==== mon_map magic: 0 v1 ==== 413+0+0 (secure 0 0 0) 0x7f84bc016570 con 0x7f84c8064510 ,
2021-12-01T20:35:01.483+0000 7f84c6d9d700 20 -- 172.21.15.86:0/2422081681 >> [v2:172.21.15.86:3301/0,v1:172.21.15.86:6790/0] conn(0x7f84c8064510 msgr2=0x7f84c80a24c0 secure :-1 s=STATE_CONNECTION_ESTABLISHED l=1).read start len=96 ,
2021-12-01T20:35:01.483+0000 7f84c6d9d700 10 -- 172.21.15.86:0/2422081681 >> [v2:172.21.15.86:3301/0,v1:172.21.15.86:6790/0] conn(0x7f84c8064510 msgr2=0x7f84c80a24c0 secure :-1 s=STATE_CONNECTION_ESTABLISHED l=1).handle_write
2021-12-02T06:32:56.773 WARNING:scrape:Ignoring malparsed backtrace:
2021-12-01T20:35:01.485+0000 7f84c6d9d700 20 -- 172.21.15.86:0/2422081681 >> [v2:172.21.15.86:3301/0,v1:172.21.15.86:6790/0] conn(0x7f84c8064510 msgr2=0x7f84c80a24c0 secure :-1 s=STATE_CONNECTION_ESTABLISHED l=1).read start len=96 ,
2021-12-01T20:35:01.485+0000 7f84aeffd700 10 -- 172.21.15.86:0/2422081681 create_connect v2:172.21.15.86:6800/33051, creating connection and registering ,
2021-12-01T20:35:01.485+0000 7f84aeffd700 10 -- 172.21.15.86:0/2422081681 >> v2:172.21.15.86:6800/33051 conn(0x7f84a8061ba0 msgr2=0x7f84a80640b0 unknown :-1 s=STATE_NONE l=1)._connect
2021-12-02T06:32:56.774 WARNING:scrape:Ignoring malparsed backtrace:
2021-12-01T20:35:01.968+0000 7fcd18dfe700 15 --1- >> v1:172.21.15.187:6789/0 conn(0x7fcd14136180 0x7fcd14132780 :-1 s=START_CONNECT pgs=0 cs=0 l=0).send_message inline write is denied, reschedule m=0x7fcd140a87e0 ,
2021-12-01T20:35:01.968+0000 7fcd1259c700 20 Event(0x7fcd1405f6f0 nevent=5000 time_id=2).create_file_event create event end fd=13 mask=1 current mask is 1 ,
2021-12-01T20:35:01.968+0000 7fcd1259c700 20 EpollDriver.del_event del event fd=13 cur_mask=1 delmask=2 to 7
2021-12-02T06:32:56.775 WARNING:scrape:Ignoring malparsed backtrace:
2021-12-01T20:35:01.968+0000 7fcd11d9b700 20 --1- 172.21.15.86:0/2359322428 >> v1:172.21.15.86:6789/0 conn(0x7fcd140691a0 0x7fcd14135a70 :-1 s=CONNECTING_SEND_CONNECT_MSG pgs=0 cs=0 l=0).handle_connect_reply_2 ,
2021-12-01T20:35:01.968+0000 7fcd11d9b700 10 --1- 172.21.15.86:0/2359322428 >> v1:172.21.15.86:6789/0 conn(0x7fcd140691a0 0x7fcd14135a70 :-1 s=CONNECTING_SEND_CONNECT_MSG pgs=0 cs=0 l=0).handle_connect_reply_2 got CEPH_MSGR_TAG_SEQ, reading acked_seq and writing in_seq ,
2021-12-01T20:35:01.968+0000 7fcd11d9b700 20 --1- 172.21.15.86:0/2359322428 >> v1:172.21.15.86:6789/0 conn(0x7fcd140691a0 0x7fcd14135a70 :-1 s=CONNECTING_SEND_CONNECT_MSG pgs=0 cs=0 l=0).wait_ack_seq
2021-12-02T06:32:56.775 WARNING:scrape:Ignoring malparsed backtrace:
2021-12-01T20:35:01.968+0000 7fcd11d9b700 20 --1- 172.21.15.86:0/2359322428 >> v1:172.21.15.86:6789/0 conn(0x7fcd140691a0 0x7fcd14135a70 :-1 s=OPENED pgs=722 cs=1 l=1).handle_message process tag 7 ,
2021-12-01T20:35:01.968+0000 7fcd11d9b700 20 --1- 172.21.15.86:0/2359322428 >> v1:172.21.15.86:6789/0 conn(0x7fcd140691a0 0x7fcd14135a70 :-1 s=OPENED pgs=722 cs=1 l=1).handle_message begin MSG ,
2021-12-01T20:35:01.968+0000 7fcd12d9d700 20 -- 172.21.15.86:0/2359322428 >> v1:172.21.15.187:6789/0 conn(0x7fcd14136180 legacy=0x7fcd14132780 unknown :-1 s=STATE_CLOSED l=1).process
2021-12-02T06:32:56.776 WARNING:scrape:Ignoring malparsed backtrace:
2021-12-01T20:35:01.969+0000 7fcd1259c700 15 authenticated_encrypt_update plaintext.length()=64 buffer.length()=64 ,
2021-12-01T20:35:01.969+0000 7fcd1259c700 15 authenticated_encrypt_update plaintext.length()=16 buffer.length()=80 ,
2021-12-01T20:35:01.969+0000 7fcd1259c700 15 authenticated_encrypt_final buffer.length()=96 final_len=0
2021-12-02T06:32:56.777 WARNING:scrape:Ignoring malparsed backtrace:
2021-12-01T20:35:01.970+0000 7fcd12d9d700 5 --1- 172.21.15.86:0/2359322428 >> 172.21.15.86:0/2359322428 conn(0x7fcd1406d370 0x7fcd14063ea0 :-1 s=CLOSED pgs=0 cs=0 l=0).reset_security ,
2021-12-01T20:35:01.970+0000 7fcd18dfe700 20 Event(0x7fcd14066960 nevent=5000 time_id=3).wakeup ,
2021-12-01T20:35:01.970+0000 7fcd18dfe700 10 -- 172.21.15.86:0/2359322428 wait: waiting for dispatch queue
2021-12-02T06:32:56.778 WARNING:scrape:Ignoring malparsed backtrace:
2021-12-01T20:35:01.972+0000 7fcd1259c700 20 -- >> [v2:172.21.15.187:3300/0,v1:172.21.15.187:6789/0] conn(0x7fcd140691a0 msgr2=0x7fcd140aca60 unknown :-1 s=STATE_CONNECTION_ESTABLISHED l=1).read continue len=10 ,
2021-12-01T20:35:01.972+0000 7fcd12d9d700 20 -- >> [v2:172.21.15.86:3300/0,v1:172.21.15.86:6789/0] conn(0x7fcd14136180 msgr2=0x7fcd140a31c0 unknown :-1 s=STATE_CONNECTION_ESTABLISHED l=1).read start len=32 ,
2021-12-01T20:35:01.972+0000 7fcd11d9b700 20 --2- >> [v2:172.21.15.86:3301/0,v1:172.21.15.86:6790/0] conn(0x7fcd140a8310 0x7fcd1412f690 unknown :-1 s=HELLO_CONNECTING pgs=0 cs=0 l=1 rev1=1 crypto rx=0 tx=0 comp rx=0 tx=0).read_frame
2021-12-02T06:32:56.778 WARNING:scrape:Ignoring malparsed backtrace:
2021-12-01T20:35:01.973+0000 7fcd11d9b700 20 --2- 172.21.15.86:0/2274721070 >> [v2:172.21.15.86:3301/0,v1:172.21.15.86:6790/0] conn(0x7fcd140a8310 0x7fcd1412f690 unknown :-1 s=AUTH_CONNECTING pgs=0 cs=0 l=1 rev1=1 crypto rx=0 tx=0 comp rx=0 tx=0).handle_read_frame_preamble_main r=0 ,
2021-12-01T20:35:01.973+0000 7fcd11d9b700 20 --2- 172.21.15.86:0/2274721070 >> [v2:172.21.15.86:3301/0,v1:172.21.15.86:6790/0] conn(0x7fcd140a8310 0x7fcd1412f690 unknown :-1 s=AUTH_CONNECTING pgs=0 cs=0 l=1 rev1=1 crypto rx=0 tx=0 comp rx=0 tx=0).read_frame_segment seg_idx=0 ,
2021-12-01T20:35:01.973+0000 7fcd11d9b700 20 -- 172.21.15.86:0/2274721070 >> [v2:172.21.15.86:3301/0,v1:172.21.15.86:6790/0] conn(0x7fcd140a8310 msgr2=0x7fcd1412f690 unknown :-1 s=STATE_CONNECTION_ESTABLISHED l=1).read start len=844
2021-12-02T06:32:56.779 WARNING:scrape:Ignoring malparsed backtrace:
2021-12-01T20:35:01.973+0000 7fcd12d9d700 20 --2- 172.21.15.86:0/2274721070 >> [v2:172.21.15.86:3300/0,v1:172.21.15.86:6789/0] conn(0x7fcd14136180 0x7fcd140a31c0 secure :-1 s=THROTTLE_MESSAGE pgs=724 cs=0 l=1 rev1=1 crypto rx=0x7fcd0400c490 tx=0x7fcd04007ef0 comp rx=0 tx=0).throttle_message ,
2021-12-01T20:35:01.973+0000 7fcd12d9d700 20 --2- 172.21.15.86:0/2274721070 >> [v2:172.21.15.86:3300/0,v1:172.21.15.86:6789/0] conn(0x7fcd14136180 0x7fcd140a31c0 secure :-1 s=THROTTLE_BYTES pgs=724 cs=0 l=1 rev1=1 crypto rx=0x7fcd0400c490 tx=0x7fcd04007ef0 comp rx=0 tx=0).throttle_bytes ,
2021-12-01T20:35:01.973+0000 7fcd12d9d700 20 --2- 172.21.15.86:0/2274721070 >> [v2:172.21.15.86:3300/0,v1:172.21.15.86:6789/0] conn(0x7fcd14136180 0x7fcd140a31c0 secure :-1 s=THROTTLE_DISPATCH_QUEUE pgs=724 cs=0 l=1 rev1=1 crypto rx=0x7fcd0400c490 tx=0x7fcd04007ef0 comp rx=0 tx=0).throttle_dispatch_queue
2021-12-02T06:32:56.780 WARNING:scrape:Ignoring malparsed backtrace:
2021-12-01T20:35:01.974+0000 7fcd18dfe700 1 -- 172.21.15.86:0/2274721070 --> [v2:172.21.15.86:3300/0,v1:172.21.15.86:6789/0] -- mon_get_version(what=osdmap handle=1) v1 -- 0x7fcd140a9d80 con 0x7fcd14136180 ,
2021-12-01T20:35:01.974+0000 7fcd12d9d700 20 --2- 172.21.15.86:0/2274721070 >> [v2:172.21.15.86:3300/0,v1:172.21.15.86:6789/0] conn(0x7fcd14136180 0x7fcd140a31c0 secure :-1 s=THROTTLE_DONE pgs=724 cs=0 l=1 rev1=1 crypto rx=0x7fcd0400c490 tx=0x7fcd04007ef0 comp rx=0 tx=0).handle_read_frame_epilogue_main r=0 ,
2021-12-01T20:35:01.974+0000 7fcd18dfe700 5 --2- 172.21.15.86:0/2274721070 >> [v2:172.21.15.86:3300/0,v1:172.21.15.86:6789/0] conn(0x7fcd14136180 0x7fcd140a31c0 secure :-1 s=THROTTLE_DONE pgs=724 cs=0 l=1 rev1=1 crypto rx=0x7fcd0400c490 tx=0x7fcd04007ef0 comp rx=0 tx=0).send_message enqueueing message m=0x7fcd140a9d80 type=19 mon_get_version(what=osdmap handle=1) v1
2021-12-02T06:32:56.781 WARNING:scrape:Ignoring malparsed backtrace:
2021-12-01T20:35:01.976+0000 7fcd1259c700 20 --2- 172.21.15.86:0/2274721070 >> v2:172.21.15.86:6800/33051 conn(0x7fccf0061ba0 0x7fccf00640b0 unknown :-1 s=AUTH_CONNECTING pgs=0 cs=0 l=1 rev1=1 crypto rx=0 tx=0 comp rx=0 tx=0).send_auth_request peer_type 16 auth_client 0x7fcd1405d5e8 ,
2021-12-01T20:35:01.976+0000 7fcd027fc700 10 -- 172.21.15.86:0/2274721070 >> v2:172.21.15.86:6801/33300 conn(0x7fccf0068270 msgr2=0x7fccf006a740 unknown :-1 s=STATE_NONE l=1)._connect ,
2021-12-01T20:35:01.976+0000 7fcd027fc700 1 --2- 172.21.15.86:0/2274721070 >> v2:172.21.15.86:6801/33300 conn(0x7fccf0068270 0x7fccf006a740 unknown :-1 s=NONE pgs=0 cs=0 l=1 rev1=0 crypto rx=0 tx=0 comp rx=0 tx=0).connect
2021-12-02T06:32:56.782 WARNING:scrape:Ignoring malparsed backtrace:
2021-12-01T20:35:01.978+0000 7fcd11d9b700 20 -- 172.21.15.86:0/2274721070 >> v2:172.21.15.86:6801/33300 conn(0x7fccf0068270 msgr2=0x7fccf006a740 unknown :-1 s=STATE_CONNECTION_ESTABLISHED l=1).process ,
2021-12-01T20:35:01.978+0000 7fcd11d9b700 20 -- 172.21.15.86:0/2274721070 >> v2:172.21.15.86:6801/33300 conn(0x7fccf0068270 msgr2=0x7fccf006a740 unknown :-1 s=STATE_CONNECTION_ESTABLISHED l=1).read continue len=32 ,
2021-12-01T20:35:01.978+0000 7fcd11d9b700 20 --2- 172.21.15.86:0/2274721070 >> v2:172.21.15.86:6801/33300 conn(0x7fccf0068270 0x7fccf006a740 unknown :-1 s=HELLO_CONNECTING pgs=0 cs=0 l=1 rev1=1 crypto rx=0 tx=0 comp rx=0 tx=0).handle_read_frame_preamble_main r=0
2021-12-02T06:32:56.782 WARNING:scrape:Ignoring malparsed backtrace:
2021-12-01T20:35:02.589+0000 7fcd11d9b700 20 -- 172.21.15.86:0/2274721070 >> v2:172.21.15.86:6801/33300 conn(0x7fccf0068270 msgr2=0x7fccf006a740 unknown :-1 s=STATE_CONNECTION_ESTABLISHED l=1).read continue len=32 ,
2021-12-01T20:35:02.589+0000 7fcd11d9b700 20 --2- 172.21.15.86:0/2274721070 >> v2:172.21.15.86:6801/33300 conn(0x7fccf0068270 0x7fccf006a740 unknown :-1 s=HELLO_CONNECTING pgs=0 cs=0 l=1 rev1=1 crypto rx=0 tx=0 comp rx=0 tx=0).handle_read_frame_preamble_main r=0 ,
2021-12-01T20:35:02.589+0000 7fcd11d9b700 20 --2- 172.21.15.86:0/2274721070 >> v2:172.21.15.86:6801/33300 conn(0x7fccf0068270 0x7fccf006a740 unknown :-1 s=HELLO_CONNECTING pgs=0 cs=0 l=1 rev1=1 crypto rx=0 tx=0 comp rx=0 tx=0).read_frame_segment seg_idx=0
2021-12-02T06:32:56.784 WARNING:scrape:Ignoring malparsed backtrace:
2021-12-01T20:35:04.998+0000 7fcd11d9b700 10 -- 172.21.15.86:0/2274721070 >> v2:172.21.15.86:6801/33300 conn(0x7fccf0068270 msgr2=0x7fccf006a740 unknown :-1 s=STATE_CONNECTING_RE l=1).process connect successfully, ready to send banner ,
2021-12-01T20:35:04.998+0000 7fcd11d9b700 20 --2- 172.21.15.86:0/2274721070 >> v2:172.21.15.86:6801/33300 conn(0x7fccf0068270 0x7fccf006a740 unknown :-1 s=START_CONNECT pgs=0 cs=0 l=1 rev1=1 crypto rx=0 tx=0 comp rx=0 tx=0).read_event ,
2021-12-01T20:35:04.998+0000 7fcd11d9b700 20 --2- 172.21.15.86:0/2274721070 >> v2:172.21.15.86:6801/33300 conn(0x7fccf0068270 0x7fccf006a740 unknown :-1 s=START_CONNECT pgs=0 cs=0 l=1 rev1=1 crypto rx=0 tx=0 comp rx=0 tx=0).start_client_banner_exchange
2021-12-02T06:32:56.784 WARNING:scrape:Ignoring malparsed backtrace:
2021-12-01T20:35:08.212+0000 7fcd11d9b700 20 -- 172.21.15.86:0/2274721070 >> v2:172.21.15.86:6801/33300 conn(0x7fccf0068270 msgr2=0x7fccf006a740 unknown :-1 s=STATE_CONNECTION_ESTABLISHED l=1).read continue len=32 ,
2021-12-01T20:35:08.212+0000 7fcd11d9b700 20 --2- 172.21.15.86:0/2274721070 >> v2:172.21.15.86:6801/33300 conn(0x7fccf0068270 0x7fccf006a740 unknown :-1 s=AUTH_CONNECTING pgs=0 cs=0 l=1 rev1=1 crypto rx=0 tx=0 comp rx=0 tx=0).handle_read_frame_preamble_main r=0 ,
2021-12-01T20:35:08.212+0000 7fcd11d9b700 20 --2- 172.21.15.86:0/2274721070 >> v2:172.21.15.86:6801/33300 conn(0x7fccf0068270 0x7fccf006a740 unknown :-1 s=AUTH_CONNECTING pgs=0 cs=0 l=1 rev1=1 crypto rx=0 tx=0 comp rx=0 tx=0).read_frame_segment seg_idx=0
2021-12-02T06:32:56.785 WARNING:scrape:Ignoring malparsed backtrace:
2021-12-01T20:35:24.973+0000 7fcd12d9d700 20 --2- 172.21.15.86:0/2274721070 >> [v2:172.21.15.86:3300/0,v1:172.21.15.86:6789/0] conn(0x7fcd14136180 0x7fcd140a31c0 secure :-1 s=READY pgs=724 cs=0 l=1 rev1=1 crypto rx=0x7fcd0400c490 tx=0x7fcd04007ef0 comp rx=0 tx=0).read_frame_segment seg_idx=0 ,
2021-12-01T20:35:24.973+0000 7fcd12d9d700 10 --2- 172.21.15.86:0/2274721070 >> [v2:172.21.15.86:3300/0,v1:172.21.15.86:6789/0] conn(0x7fcd14136180 0x7fcd140a31c0 secure :-1 s=READY pgs=724 cs=0 l=1 rev1=1 crypto rx=0x7fcd0400c490 tx=0x7fcd04007ef0 comp rx=0 tx=0).handle_read_frame_dispatch tag=19 ,
2021-12-01T20:35:24.973+0000 7fcd12d9d700 20 --2- 172.21.15.86:0/2274721070 >> [v2:172.21.15.86:3300/0,v1:172.21.15.86:6789/0] conn(0x7fcd14136180 0x7fcd140a31c0 secure :-1 s=READY pgs=724 cs=0 l=1 rev1=1 crypto rx=0x7fcd0400c490 tx=0x7fcd04007ef0 comp rx=0 tx=0).handle_keepalive2_ack payload.length()=8
2021-12-02T06:32:56.786 WARNING:scrape:Ignoring malparsed backtrace:
2021-12-01T20:35:42.458+0000 7fcd11d9b700 1 --2- 172.21.15.86:0/2274721070 >> v2:172.21.15.86:6801/33300 conn(0x7fccf0068270 0x7fccf006a740 unknown :-1 s=BANNER_CONNECTING pgs=0 cs=0 l=1 rev1=1 crypto rx=0 tx=0 comp rx=0 tx=0)._handle_peer_banner_payload supported=1 required=0 ,
2021-12-01T20:35:42.458+0000 7fcd11d9b700 10 -- 172.21.15.86:0/2274721070 >> v2:172.21.15.86:6801/33300 conn(0x7fccf0068270 msgr2=0x7fccf006a740 unknown :-1 s=STATE_CONNECTION_ESTABLISHED l=1)._try_send sent bytes 72 remaining bytes 0 ,
2021-12-01T20:35:42.458+0000 7fcd11d9b700 20 --2- 172.21.15.86:0/2274721070 >> v2:172.21.15.86:6801/33300 conn(0x7fccf0068270 0x7fccf006a740 unknown :-1 s=HELLO_CONNECTING pgs=0 cs=0 l=1 rev1=1 crypto rx=0 tx=0 comp rx=0 tx=0).read_frame
2021-12-02T06:32:56.787 WARNING:scrape:Ignoring malparsed backtrace:
2021-12-01T20:35:57.473+0000 7fcd11d9b700 20 -- 172.21.15.86:0/2274721070 >> v2:172.21.15.86:6801/33300 conn(0x7fccf0068270 msgr2=0x7fccf006a740 unknown :-1 s=STATE_CONNECTION_ESTABLISHED l=1).read start len=40 ,
2021-12-01T20:35:57.473+0000 7fcd11d9b700 20 --2- 172.21.15.86:0/2274721070 >> v2:172.21.15.86:6801/33300 conn(0x7fccf0068270 0x7fccf006a740 unknown :-1 s=HELLO_CONNECTING pgs=0 cs=0 l=1 rev1=1 crypto rx=0 tx=0 comp rx=0 tx=0).handle_read_frame_segment r=0 ,
2021-12-01T20:35:57.473+0000 7fcd11d9b700 10 --2- 172.21.15.86:0/2274721070 >> v2:172.21.15.86:6801/33300 conn(0x7fccf0068270 0x7fccf006a740 unknown :-1 s=HELLO_CONNECTING pgs=0 cs=0 l=1 rev1=1 crypto rx=0 tx=0 comp rx=0 tx=0).handle_read_frame_dispatch tag=1
2021-12-02T06:32:56.788 WARNING:scrape:Ignoring malparsed backtrace:
2021-12-01T20:36:12.478+0000 7fcd11d9b700 1 --2- 172.21.15.86:0/2274721070 >> v2:172.21.15.86:6801/33300 conn(0x7fccf0068270 0x7fccf006a740 unknown :-1 s=START_CONNECT pgs=0 cs=0 l=1 rev1=1 crypto rx=0 tx=0 comp rx=0 tx=0)._fault waiting 15.000000 ,
2021-12-01T20:36:14.976+0000 7fcd017fa700 10 --2- 172.21.15.86:0/2274721070 >> [v2:172.21.15.86:3300/0,v1:172.21.15.86:6789/0] conn(0x7fcd14136180 0x7fcd140a31c0 secure :-1 s=READY pgs=724 cs=0 l=1 rev1=1 crypto rx=0x7fcd0400c490 tx=0x7fcd04007ef0 comp rx=0 tx=0).send_keepalive ,
2021-12-01T20:36:14.976+0000 7fcd017fa700 20 Event(0x7fcd140ad940 nevent=5000 time_id=5).wakeup
2021-12-02T06:32:56.789 WARNING:scrape:Ignoring malparsed backtrace:
2021-12-01T20:36:27.495+0000 7fcd11d9b700 20 -- 172.21.15.86:0/2274721070 >> v2:172.21.15.86:6801/33300 conn(0x7fccf0068270 msgr2=0x7fccf006a740 crc :-1 s=STATE_CONNECTION_ESTABLISHED l=1).read start len=32 ,
2021-12-01T20:36:27.495+0000 7fcd11d9b700 20 -- 172.21.15.86:0/2274721070 >> v2:172.21.15.86:6801/33300 conn(0x7fccf0068270 msgr2=0x7fccf006a740 crc :-1 s=STATE_CONNECTION_ESTABLISHED l=1).process ,
2021-12-01T20:36:27.495+0000 7fcd11d9b700 20 -- 172.21.15.86:0/2274721070 >> v2:172.21.15.86:6801/33300 conn(0x7fccf0068270 msgr2=0x7fccf006a740 crc :-1 s=STATE_CONNECTION_ESTABLISHED l=1).read continue len=32
2021-12-02T06:32:56.789 WARNING:scrape:Ignoring malparsed backtrace:
2021-12-01T20:36:27.497+0000 7fcd11d9b700 10 --2- 172.21.15.86:0/2274721070 >> v2:172.21.15.86:6801/33300 conn(0x7fccf0068270 0x7fccf006a740 crc :-1 s=READY pgs=13 cs=0 l=1 rev1=1 crypto rx=0 tx=0 comp rx=0 tx=0).write_message sending 0x7fccec004410 done. ,
2021-12-01T20:36:27.497+0000 7fcd11d9b700 20 --2- 172.21.15.86:0/2274721070 >> v2:172.21.15.86:6801/33300 conn(0x7fccf0068270 0x7fccf006a740 crc :-1 s=READY pgs=13 cs=0 l=1 rev1=1 crypto rx=0 tx=0 comp rx=0 tx=0).prepare_send_message m=ping magic: 0 v1 ,
2021-12-01T20:36:27.497+0000 7fcd11d9b700 20 --2- 172.21.15.86:0/2274721070 >> v2:172.21.15.86:6801/33300 conn(0x7fccf0068270 0x7fccf006a740 crc :-1 s=READY pgs=13 cs=0 l=1 rev1=1 crypto rx=0 tx=0 comp rx=0 tx=0).prepare_send_message encoding features 4540138303579357183 0x7fccec004580 ping magic: 0 v1
2021-12-02T06:32:56.790 WARNING:scrape:Ignoring malparsed backtrace:
2021-12-01T20:36:27.512+0000 7fcd11d9b700 20 -- 172.21.15.86:0/2274721070 >> v2:172.21.15.86:6801/33300 conn(0x7fccf0068270 msgr2=0x7fccf006a740 crc :-1 s=STATE_CONNECTION_ESTABLISHED l=1).read start len=32 ,
2021-12-01T20:36:27.512+0000 7fcd027fc700 1 -- 172.21.15.86:0/2274721070 <== osd.1 v2:172.21.15.86:6801/33300 2 ==== command_reply(tid 2: 0 ) v1 ==== 8+0+22 (crc 0 0 0) 0x7fcd14064f00 con 0x7fccf0068270 ,
2021-12-01T20:36:27.512+0000 7fcd027fc700 10 -- 172.21.15.86:0/2274721070 dispatch_throttle_release 30 to dispatch throttler 30/104857600
2021-12-02T06:32:56.791 WARNING:scrape:Ignoring malparsed backtrace:
2021-12-01T20:36:27.766+0000 7f8dbcc7a700 20 Event(0x7f8db8066980 nevent=5000 time_id=1).wakeup ,
2021-12-01T20:36:27.766+0000 7f8dbcc7a700 10 -- create_connect 0x7f8db806ad70 v2:172.21.15.187:3300/0 v2:172.21.15.187:3300/0 ,
2021-12-01T20:36:27.766+0000 7f8dbcc7a700 10 -- connect_to v2:172.21.15.187:3300/0 new 0x7f8db806ad70
2021-12-02T06:32:56.792 WARNING:scrape:Ignoring malparsed backtrace:
2021-12-01T20:36:27.766+0000 7f8db6d9d700 10 --1- 172.21.15.86:0/671338872 >> v1:172.21.15.86:6789/0 conn(0x7f8db80aa660 0x7f8db80aaa70 :-1 s=CONNECTING_SEND_CONNECT_MSG pgs=0 cs=0 l=0).send_connect_message connect sending gseq=1 cseq=0 proto=15 ,
2021-12-01T20:36:27.766+0000 7f8db659c700 20 --2- 172.21.15.86:0/671338872 >> [v2:172.21.15.86:3301/0,v1:172.21.15.86:6790/0] conn(0x7f8db80ad030 0x7f8db80642a0 unknown :-1 s=AUTH_CONNECTING pgs=0 cs=0 l=0 rev1=1 crypto rx=0 tx=0 comp rx=0 tx=0).read_frame ,
2021-12-01T20:36:27.766+0000 7f8db659c700 20 -- 172.21.15.86:0/671338872 >> [v2:172.21.15.86:3301/0,v1:172.21.15.86:6790/0] conn(0x7f8db80ad030 msgr2=0x7f8db80642a0 unknown :-1 s=STATE_CONNECTION_ESTABLISHED l=0).read start len=32
2021-12-02T06:32:56.792 WARNING:scrape:Ignoring malparsed backtrace:
2021-12-01T20:36:27.767+0000 7f8db5d9b700 20 --2- 172.21.15.86:0/671338872 >> v2:172.21.15.187:3300/0 conn(0x7f8db806ad70 0x7f8db806b180 unknown :-1 s=AUTH_CONNECTING pgs=0 cs=0 l=0 rev1=1 crypto rx=0 tx=0 comp rx=0 tx=0).handle_read_frame_preamble_main r=0 ,
2021-12-01T20:36:27.767+0000 7f8db659c700 20 -- 172.21.15.86:0/671338872 >> [v2:172.21.15.86:3301/0,v1:172.21.15.86:6790/0] conn(0x7f8db80ad030 msgr2=0x7f8db80642a0 unknown :-1 s=STATE_CONNECTION_ESTABLISHED l=0).process ,
2021-12-01T20:36:27.767+0000 7f8db6d9d700 20 -- 172.21.15.86:0/671338872 >> v1:172.21.15.86:6789/0 conn(0x7f8db80aa660 legacy=0x7f8db80aaa70 unknown :-1 s=STATE_CONNECTION_ESTABLISHED l=1).read start len=33
2021-12-02T06:32:56.793 WARNING:scrape:Ignoring malparsed backtrace:
2021-12-01T20:36:27.767+0000 7f8db5d9b700 20 -- 172.21.15.86:0/671338872 >> [v2:172.21.15.187:3300/0,v1:172.21.15.187:6789/0] conn(0x7f8db806ad70 msgr2=0x7f8db806b180 secure :-1 s=STATE_CONNECTION_ESTABLISHED l=1).read start len=96 ,
2021-12-01T20:36:27.767+0000 7f8db5d9b700 10 -- 172.21.15.86:0/671338872 >> [v2:172.21.15.187:3300/0,v1:172.21.15.187:6789/0] conn(0x7f8db806ad70 msgr2=0x7f8db806b180 secure :-1 s=STATE_CONNECTION_ESTABLISHED l=1).handle_write ,
2021-12-01T20:36:27.767+0000 7f8db5d9b700 10 --2- 172.21.15.86:0/671338872 >> [v2:172.21.15.187:3300/0,v1:172.21.15.187:6789/0] conn(0x7f8db806ad70 0x7f8db806b180 secure :-1 s=READY pgs=478 cs=0 l=1 rev1=1 crypto rx=0x7f8da0011ee0 tx=0x7f8da0011720 comp rx=0 tx=0).write_event
2021-12-02T06:32:56.794 WARNING:scrape:Ignoring malparsed backtrace:
2021-12-01T20:36:27.768+0000 7f8dbcc7a700 1 --2- 172.21.15.86:0/671338872 >> [v2:172.21.15.86:3301/0,v1:172.21.15.86:6790/0] conn(0x7f8db80ad030 0x7f8db80642a0 unknown :-1 s=CLOSED pgs=0 cs=0 l=0 rev1=1 crypto rx=0 tx=0 comp rx=0 tx=0).stop ,
2021-12-01T20:36:27.768+0000 7f8dbcc7a700 5 -- 172.21.15.86:0/671338872 shutdown_connections mark down v2:172.21.15.187:3300/0 0x7f8db806ad70 ,
2021-12-01T20:36:27.768+0000 7f8dbcc7a700 1 --2- 172.21.15.86:0/671338872 >> [v2:172.21.15.187:3300/0,v1:172.21.15.187:6789/0] conn(0x7f8db806ad70 0x7f8db806b180 unknown :-1 s=CLOSED pgs=478 cs=0 l=1 rev1=1 crypto rx=0 tx=0 comp rx=0 tx=0).stop
2021-12-02T06:32:56.795 WARNING:scrape:Ignoring malparsed backtrace:
2021-12-01T20:36:27.771+0000 7f8db6d9d700 20 -- >> [v2:172.21.15.86:3300/0,v1:172.21.15.86:6789/0] conn(0x7f8db80ad030 msgr2=0x7f8db80a3e70 unknown :-1 s=STATE_CONNECTION_ESTABLISHED l=1).read continue len=10 ,
2021-12-01T20:36:27.771+0000 7f8db6d9d700 20 --2- >> [v2:172.21.15.86:3300/0,v1:172.21.15.86:6789/0] conn(0x7f8db80ad030 0x7f8db80a3e70 unknown :-1 s=BANNER_CONNECTING pgs=0 cs=0 l=1 rev1=0 crypto rx=0 tx=0 comp rx=0 tx=0)._handle_peer_banner r=0 ,
2021-12-01T20:36:27.771+0000 7f8db5d9b700 10 -- >> [v2:172.21.15.86:3301/0,v1:172.21.15.86:6790/0] conn(0x7f8db80aa660 msgr2=0x7f8db8135580 unknown :-1 s=STATE_CONNECTION_ESTABLISHED l=1)._try_send sent bytes 72 remaining bytes 0
2021-12-02T06:32:56.796 WARNING:scrape:Ignoring malparsed backtrace:
2021-12-01T20:36:27.771+0000 7f8db5d9b700 20 -- 172.21.15.86:0/265336528 >> [v2:172.21.15.86:3301/0,v1:172.21.15.86:6790/0] conn(0x7f8db80aa660 msgr2=0x7f8db8135580 unknown :-1 s=STATE_CONNECTION_ESTABLISHED l=1).process ,
2021-12-01T20:36:27.771+0000 7f8db6d9d700 20 -- 172.21.15.86:0/265336528 >> [v2:172.21.15.86:3300/0,v1:172.21.15.86:6789/0] conn(0x7f8db80ad030 msgr2=0x7f8db80a3e70 unknown :-1 s=STATE_CONNECTION_ESTABLISHED l=1).process ,
2021-12-01T20:36:27.771+0000 7f8db5d9b700 20 -- 172.21.15.86:0/265336528 >> [v2:172.21.15.86:3301/0,v1:172.21.15.86:6790/0] conn(0x7f8db80aa660 msgr2=0x7f8db8135580 unknown :-1 s=STATE_CONNECTION_ESTABLISHED l=1).read continue len=32
2021-12-02T06:32:56.796 WARNING:scrape:Ignoring malparsed backtrace:
2021-12-01T20:36:27.771+0000 7f8db5d9b700 20 --2- 172.21.15.86:0/265336528 >> [v2:172.21.15.86:3301/0,v1:172.21.15.86:6790/0] conn(0x7f8db80aa660 0x7f8db8135580 secure :-1 s=READY pgs=463 cs=0 l=1 rev1=1 crypto rx=0x7f8da0011fd0 tx=0x7f8da0059000 comp rx=0 tx=0).prepare_send_message encoding features 4540138303579357183 0x7f8dac01c1b0 mon_subscribe({config=0+,monmap=0+}) v3 ,
2021-12-01T20:36:27.771+0000 7f8db5d9b700 15 authenticated_encrypt_update plaintext.length()=80 buffer.length()=80 ,
2021-12-01T20:36:27.771+0000 7f8db5d9b700 15 authenticated_encrypt_final buffer.length()=96 final_len=0
2021-12-02T06:32:56.797 WARNING:scrape:Ignoring malparsed backtrace:
2021-12-01T20:36:27.772+0000 7f8db5d9b700 10 -- 172.21.15.86:0/265336528 >> [v2:172.21.15.86:3301/0,v1:172.21.15.86:6790/0] conn(0x7f8db80aa660 msgr2=0x7f8db8135580 secure :-1 s=STATE_CONNECTION_ESTABLISHED l=1)._try_send sent bytes 176 remaining bytes 0 ,
2021-12-01T20:36:27.772+0000 7f8db5d9b700 10 --2- 172.21.15.86:0/265336528 >> [v2:172.21.15.86:3301/0,v1:172.21.15.86:6790/0] conn(0x7f8db80aa660 0x7f8db8135580 secure :-1 s=READY pgs=463 cs=0 l=1 rev1=1 crypto rx=0x7f8da0011fd0 tx=0x7f8da0059000 comp rx=0 tx=0).write_message sending 0x7f8db80a26b0 done. ,
2021-12-01T20:36:27.773+0000 7f8db5d9b700 20 -- 172.21.15.86:0/265336528 >> [v2:172.21.15.86:3301/0,v1:172.21.15.86:6790/0] conn(0x7f8db80aa660 msgr2=0x7f8db8135580 secure :-1 s=STATE_CONNECTION_ESTABLISHED l=1).process
2021-12-02T06:32:56.798 WARNING:scrape:Ignoring malparsed backtrace:
2021-12-01T20:36:27.774+0000 7f8db659c700 20 --2- 172.21.15.86:0/265336528 >> v2:172.21.15.86:6800/33051 conn(0x7f8d94061ba0 0x7f8d940640b0 unknown :-1 s=AUTH_CONNECTING pgs=0 cs=0 l=1 rev1=1 crypto rx=0 tx=0 comp rx=0 tx=0).read_frame_segment seg_idx=0 ,
2021-12-01T20:36:27.774+0000 7f8db659c700 20 -- 172.21.15.86:0/265336528 >> v2:172.21.15.86:6800/33051 conn(0x7f8d94061ba0 msgr2=0x7f8d940640b0 unknown :-1 s=STATE_CONNECTION_ESTABLISHED l=1).read start len=40 ,
2021-12-01T20:36:27.774+0000 7f8db659c700 20 --2- 172.21.15.86:0/265336528 >> v2:172.21.15.86:6800/33051 conn(0x7f8d94061ba0 0x7f8d940640b0 unknown :-1 s=AUTH_CONNECTING pgs=0 cs=0 l=1 rev1=1 crypto rx=0 tx=0 comp rx=0 tx=0).handle_read_frame_segment r=0
2021-12-02T06:32:56.799 WARNING:scrape:Ignoring malparsed backtrace:
2021-12-01T20:36:27.936+0000 7f8db659c700 15 authenticated_encrypt_final buffer.length()=128 final_len=0 ,
2021-12-01T20:36:27.936+0000 7f8db659c700 5 --2- 172.21.15.86:0/265336528 >> v2:172.21.15.86:6800/33051 conn(0x7f8d94061ba0 0x7f8d940640b0 secure :-1 s=READY pgs=303 cs=0 l=1 rev1=1 crypto rx=0x7f8db8136ba0 tx=0x7f8dac008040 comp rx=0 tx=0).write_message sending message m=0x7f8db806dd80 seq=1 mgr_command(tid 0: {"prefix": "osd deep-scrub", "who": "1", "target": ["mon-mgr", ""]}) v1 ,
2021-12-01T20:36:27.936+0000 7f8db659c700 20 --2- 172.21.15.86:0/265336528 >> v2:172.21.15.86:6800/33051 conn(0x7f8d94061ba0 0x7f8d940640b0 secure :-1 s=READY pgs=303 cs=0 l=1 rev1=1 crypto rx=0x7f8db8136ba0 tx=0x7f8dac008040 comp rx=0 tx=0).write_message sending m=0x7f8db806dd80 seq=1 src=client.5117 off=0
2021-12-02T06:32:56.799 WARNING:scrape:Ignoring malparsed backtrace:
2021-12-01T20:36:28.319+0000 7f824a59c700 20 Event(0x7f824c05f6f0 nevent=5000 time_id=1).create_file_event create event end fd=8 mask=1 current mask is 1 ,
2021-12-01T20:36:28.319+0000 7f824a59c700 10 stack operator() starting ,
2021-12-01T20:36:28.319+0000 7f8249d9b700 2 Event(0x7f824c066ff0 nevent=5000 time_id=1).set_owner center_id=2 owner=140197561480960
2021-12-02T06:32:56.800 WARNING:scrape:Ignoring malparsed backtrace:
2021-12-01T20:36:28.320+0000 7f824a59c700 20 --1- 172.21.15.86:0/1817141623 >> v1:172.21.15.86:6789/0 conn(0x7f824c0a7980 0x7f824c064d30 :-1 s=CONNECTING_WAIT_BANNER_AND_IDENTIFY pgs=0 cs=0 l=0).handle_my_addr_write r=0 ,
2021-12-01T20:36:28.320+0000 7f824a59c700 10 --1- 172.21.15.86:0/1817141623 >> v1:172.21.15.86:6789/0 conn(0x7f824c0a7980 0x7f824c064d30 :-1 s=CONNECTING_WAIT_BANNER_AND_IDENTIFY pgs=0 cs=0 l=0).handle_my_addr_write connect sent my addr v1:172.21.15.86:0/1817141623 ,
2021-12-01T20:36:28.320+0000 7f824a59c700 20 --1- 172.21.15.86:0/1817141623 >> v1:172.21.15.86:6789/0 conn(0x7f824c0a7980 0x7f824c064d30 :-1 s=CONNECTING_SEND_CONNECT_MSG pgs=0 cs=0 l=0).send_connect_message
2021-12-02T06:32:56.801 WARNING:scrape:Ignoring malparsed backtrace:
2021-12-01T20:36:28.320+0000 7f824ad9d700 10 --1- 172.21.15.86:0/1817141623 >> v1:172.21.15.187:6789/0 conn(0x7f824c06ab90 0x7f824c137e60 :-1 s=OPENED pgs=479 cs=1 l=1).write_event ,
2021-12-01T20:36:28.320+0000 7f824a59c700 20 --1- 172.21.15.86:0/1817141623 >> v1:172.21.15.86:6789/0 conn(0x7f824c0a7980 0x7f824c064d30 :-1 s=OPENED pgs=730 cs=1 l=1).handle_keepalive2_ack got KEEPALIVE_ACK ,
2021-12-01T20:36:28.320+0000 7f824ad9d700 10 --1- 172.21.15.86:0/1817141623 >> v1:172.21.15.187:6789/0 conn(0x7f824c06ab90 0x7f824c137e60 :-1 s=OPENED pgs=479 cs=1 l=1).append_keepalive_or_ack
2021-12-02T06:32:56.802 WARNING:scrape:Ignoring malparsed backtrace:
2021-12-01T20:36:28.320+0000 7f8249d9b700 20 -- 172.21.15.86:0/1817141623 >> v2:172.21.15.187:3300/0 conn(0x7f824c064510 msgr2=0x7f824c06a650 unknown :-1 s=STATE_CONNECTION_ESTABLISHED l=0).read continue len=32 ,
2021-12-01T20:36:28.320+0000 7f824959a700 15 --1- 172.21.15.86:0/1817141623 >> v1:172.21.15.187:6789/0 conn(0x7f824c06ab90 0x7f824c137e60 :-1 s=OPENED pgs=479 cs=1 l=1).send_message inline write is denied, reschedule m=0x7f824c0655d0 ,
2021-12-01T20:36:28.320+0000 7f824a59c700 20 --1- 172.21.15.86:0/1817141623 >> v1:172.21.15.86:6789/0 conn(0x7f824c0a7980 0x7f824c064d30 :-1 s=OPENED pgs=730 cs=1 l=1).prepare_send_message encoding features 4540138303579357183 0x7f8230003270 auth(proto 2 36 bytes epoch 0) v1
2021-12-02T06:32:56.803 WARNING:scrape:Ignoring malparsed backtrace:
2021-12-01T20:36:28.321+0000 7f8249d9b700 20 --2- 172.21.15.86:0/1817141623 >> [v2:172.21.15.187:3300/0,v1:172.21.15.187:6789/0] conn(0x7f824c064510 0x7f824c06a650 secure :-1 s=READY pgs=480 cs=0 l=1 rev1=1 crypto rx=0x7f82340053d0 tx=0x7f8234006eb0 comp rx=0 tx=0).prepare_send_message m=mon_subscribe({config=0+,monmap=0+}) v3 ,
2021-12-01T20:36:28.321+0000 7f8249d9b700 20 --2- 172.21.15.86:0/1817141623 >> [v2:172.21.15.187:3300/0,v1:172.21.15.187:6789/0] conn(0x7f824c064510 0x7f824c06a650 secure :-1 s=READY pgs=480 cs=0 l=1 rev1=1 crypto rx=0x7f82340053d0 tx=0x7f8234006eb0 comp rx=0 tx=0).prepare_send_message encoding features 4540138303579357183 0x7f824c138570 mon_subscribe({config=0+,monmap=0+}) v3 ,
2021-12-01T20:36:28.321+0000 7f8249d9b700 15 authenticated_encrypt_update plaintext.length()=80 buffer.length()=80
2021-12-02T06:32:56.803 WARNING:scrape:Ignoring malparsed backtrace:
2021-12-01T20:36:28.322+0000 7f82509e3700 10 --1- 172.21.15.86:0/1817141623 >> 172.21.15.86:0/1817141623 conn(0x7f824c069220 0x7f824c0acfe0 :-1 s=NONE pgs=0 cs=0 l=0).discard_out_queue started ,
2021-12-01T20:36:28.322+0000 7f82509e3700 20 Event(0x7f824c0ae1c0 nevent=5000 time_id=3).wakeup ,
2021-12-01T20:36:28.322+0000 7f82509e3700 20 Event(0x7f824c05f6f0 nevent=5000 time_id=3).wakeup
2021-12-02T06:32:56.804 WARNING:scrape:Ignoring malparsed backtrace:
2021-12-01T20:36:28.325+0000 7f824a59c700 20 --2- >> [v2:172.21.15.86:3300/0,v1:172.21.15.86:6789/0] conn(0x7f824c064510 0x7f824c0a0ec0 unknown :-1 s=HELLO_CONNECTING pgs=0 cs=0 l=1 rev1=1 crypto rx=0 tx=0 comp rx=0 tx=0).read_frame_segment seg_idx=0 ,
2021-12-01T20:36:28.325+0000 7f824ad9d700 20 --2- >> [v2:172.21.15.86:3301/0,v1:172.21.15.86:6790/0] conn(0x7f824c0a7980 0x7f824c0a67a0 unknown :-1 s=BANNER_CONNECTING pgs=0 cs=0 l=1 rev1=0 crypto rx=0 tx=0 comp rx=0 tx=0)._handle_peer_banner r=0 ,
2021-12-01T20:36:28.325+0000 7f824a59c700 20 -- >> [v2:172.21.15.86:3300/0,v1:172.21.15.86:6789/0] conn(0x7f824c064510 msgr2=0x7f824c0a0ec0 unknown :-1 s=STATE_CONNECTION_ESTABLISHED l=1).read start len=40
2021-12-02T06:32:56.805 WARNING:scrape:Ignoring malparsed backtrace:
2021-12-01T20:36:28.325+0000 7f824a59c700 1 -- 172.21.15.86:0/2168335634 >> [v2:172.21.15.86:3301/0,v1:172.21.15.86:6790/0] conn(0x7f824c0a7980 msgr2=0x7f824c0a67a0 unknown :-1 s=STATE_CONNECTION_ESTABLISHED l=1).mark_down ,
2021-12-01T20:36:28.325+0000 7f824a59c700 1 --2- 172.21.15.86:0/2168335634 >> [v2:172.21.15.86:3301/0,v1:172.21.15.86:6790/0] conn(0x7f824c0a7980 0x7f824c0a67a0 unknown :-1 s=AUTH_CONNECTING pgs=0 cs=0 l=1 rev1=1 crypto rx=0 tx=0 comp rx=0 tx=0).stop ,
2021-12-01T20:36:28.325+0000 7f824a59c700 5 --2- 172.21.15.86:0/2168335634 >> [v2:172.21.15.86:3301/0,v1:172.21.15.86:6790/0] conn(0x7f824c0a7980 0x7f824c0a67a0 unknown :-1 s=AUTH_CONNECTING pgs=0 cs=0 l=1 rev1=1 crypto rx=0 tx=0 comp rx=0 tx=0).reset_recv_state
2021-12-02T06:32:56.806 WARNING:scrape:Ignoring malparsed backtrace:
2021-12-01T20:36:28.325+0000 7f824a59c700 20 --2- 172.21.15.86:0/2168335634 >> [v2:172.21.15.86:3300/0,v1:172.21.15.86:6789/0] conn(0x7f824c064510 0x7f824c0a0ec0 secure :-1 s=THROTTLE_DONE pgs=731 cs=0 l=1 rev1=1 crypto rx=0x7f824000c410 tx=0x7f8240007bd0 comp rx=0 tx=0).handle_read_frame_segment r=0 ,
2021-12-01T20:36:28.325+0000 7f824a59c700 20 -- 172.21.15.86:0/2168335634 >> [v2:172.21.15.86:3300/0,v1:172.21.15.86:6789/0] conn(0x7f824c064510 msgr2=0x7f824c0a0ec0 secure :-1 s=STATE_CONNECTION_ESTABLISHED l=1).read start len=32 ,
2021-12-01T20:36:28.325+0000 7f824a59c700 20 --2- 172.21.15.86:0/2168335634 >> [v2:172.21.15.86:3300/0,v1:172.21.15.86:6789/0] conn(0x7f824c064510 0x7f824c0a0ec0 secure :-1 s=THROTTLE_DONE pgs=731 cs=0 l=1 rev1=1 crypto rx=0x7f824000c410 tx=0x7f8240007bd0 comp rx=0 tx=0).handle_read_frame_epilogue_main r=0
2021-12-02T06:32:56.807 WARNING:scrape:Ignoring malparsed backtrace:
2021-12-01T20:36:28.326+0000 7f824a59c700 20 -- 172.21.15.86:0/2168335634 >> [v2:172.21.15.86:3300/0,v1:172.21.15.86:6789/0] conn(0x7f824c064510 msgr2=0x7f824c0a0ec0 secure :-1 s=STATE_CONNECTION_ESTABLISHED l=1).process ,
2021-12-01T20:36:28.326+0000 7f824a59c700 20 -- 172.21.15.86:0/2168335634 >> [v2:172.21.15.86:3300/0,v1:172.21.15.86:6789/0] conn(0x7f824c064510 msgr2=0x7f824c0a0ec0 secure :-1 s=STATE_CONNECTION_ESTABLISHED l=1).read continue len=96 ,
2021-12-01T20:36:28.326+0000 7f824a59c700 20 --2- 172.21.15.86:0/2168335634 >> [v2:172.21.15.86:3300/0,v1:172.21.15.86:6789/0] conn(0x7f824c064510 0x7f824c0a0ec0 secure :-1 s=READY pgs=731 cs=0 l=1 rev1=1 crypto rx=0x7f824000c410 tx=0x7f8240007bd0 comp rx=0 tx=0).handle_read_frame_preamble_main r=0
2021-12-02T06:32:56.807 WARNING:scrape:Ignoring malparsed backtrace:
2021-12-01T20:36:28.328+0000 7f8249d9b700 20 --2- 172.21.15.86:0/2168335634 >> v2:172.21.15.86:6800/33051 conn(0x7f8228061ba0 0x7f82280640b0 unknown :-1 s=AUTH_CONNECTING pgs=0 cs=0 l=1 rev1=1 crypto rx=0 tx=0 comp rx=0 tx=0).send_auth_request peer_type 16 auth_client 0x7f824c05d5e8 ,
2021-12-01T20:36:28.328+0000 7f823a7fc700 15 --2- 172.21.15.86:0/2168335634 >> v2:172.21.15.86:6805/33339 conn(0x7f82280682f0 0x7f822806a7c0 unknown :-1 s=START_CONNECT pgs=0 cs=0 l=1 rev1=0 crypto rx=0 tx=0 comp rx=0 tx=0).send_message inline write is denied, reschedule m=0x7f822806ae50 ,
2021-12-01T20:36:28.328+0000 7f823a7fc700 10 -- 172.21.15.86:0/2168335634 dispatch_throttle_release 4478 to dispatch throttler 4502/104857600
2021-12-02T06:32:56.808 WARNING:scrape:Ignoring malparsed backtrace:
2021-12-01T20:36:28.331+0000 7f824ad9d700 5 --2- 172.21.15.86:0/2168335634 >> v2:172.21.15.86:6805/33339 conn(0x7f82280682f0 0x7f822806a7c0 unknown :-1 s=HELLO_CONNECTING pgs=0 cs=0 l=1 rev1=1 crypto rx=0 tx=0 comp rx=0 tx=0).handle_hello received hello: peer_type=4 peer_addr_for_me=v2:172.21.15.86:54008/0 ,
2021-12-01T20:36:28.331+0000 7f824ad9d700 5 --2- 172.21.15.86:0/2168335634 >> v2:172.21.15.86:6805/33339 conn(0x7f82280682f0 0x7f822806a7c0 unknown :-1 s=HELLO_CONNECTING pgs=0 cs=0 l=1 rev1=1 crypto rx=0 tx=0 comp rx=0 tx=0).handle_hello getsockname says I am 172.21.15.86:54008 when talking to v2:172.21.15.86:6805/33339 ,
2021-12-01T20:36:28.331+0000 7f824ad9d700 20 --2- 172.21.15.86:0/2168335634 >> v2:172.21.15.86:6805/33339 conn(0x7f82280682f0 0x7f822806a7c0 unknown :-1 s=HELLO_CONNECTING pgs=0 cs=0 l=1 rev1=1 crypto rx=0 tx=0 comp rx=0 tx=0).post_client_banner_exchange
2021-12-02T06:32:56.809 WARNING:scrape:Ignoring malparsed backtrace:
2021-12-01T20:36:28.341+0000 7f824ad9d700 5 --2- 172.21.15.86:0/2168335634 >> v2:172.21.15.86:6805/33339 conn(0x7f82280682f0 0x7f822806a7c0 crc :-1 s=READY pgs=45 cs=0 l=1 rev1=1 crypto rx=0 tx=0 comp rx=0 tx=0).write_message sending message m=0x7f822c003a90 seq=2 command(tid 2: {"prefix": "config set", "var": "osd_debug_deep_scrub_sleep", "val": ["0"]}) v1 ,
2021-12-01T20:36:28.341+0000 7f824ad9d700 20 --2- 172.21.15.86:0/2168335634 >> v2:172.21.15.86:6805/33339 conn(0x7f82280682f0 0x7f822806a7c0 crc :-1 s=READY pgs=45 cs=0 l=1 rev1=1 crypto rx=0 tx=0 comp rx=0 tx=0).write_message sending m=0x7f822c003a90 seq=2 src=client.5487 off=0 ,
2021-12-01T20:36:28.341+0000 7f824ad9d700 10 -- 172.21.15.86:0/2168335634 >> v2:172.21.15.86:6805/33339 conn(0x7f82280682f0 msgr2=0x7f822806a7c0 crc :-1 s=STATE_CONNECTION_ESTABLISHED l=1)._try_send sent bytes 189 remaining bytes 0
2021-12-02T06:32:56.810 WARNING:scrape:Ignoring malparsed backtrace:
2021-12-01T20:36:28.933+0000 7f93f5b89700 20 CompressorRegistry(0x7f93f006d630) _parse_method_list snappy zlib zstd lz4 -> [1,2,3,4] ,
2021-12-01T20:36:28.933+0000 7f93f5b89700 10 CompressorRegistry(0x7f93f006d630) _refresh_config ms_osd_compression_mode 0 ms_osd_compression_methods [1,2,3,4] ms_osd_compress_above_min_size 1024 ms_compress_secure 0 ,
2021-12-01T20:36:28.933+0000 7f93effff700 2 Event(0x7f93f00b14f0 nevent=5000 time_id=1).set_owner center_id=0 owner=140273363449600
2021-12-02T06:32:56.810 WARNING:scrape:Ignoring malparsed backtrace:
2021-12-01T20:36:28.934+0000 7f93eeffd700 20 --2- >> [v2:172.21.15.86:3301/0,v1:172.21.15.86:6790/0] conn(0x7f93f00a7e80 0x7f93f0139e20 unknown :-1 s=BANNER_CONNECTING pgs=0 cs=0 l=0 rev1=0 crypto rx=0 tx=0 comp rx=0 tx=0)._handle_peer_banner_payload r=0 ,
2021-12-01T20:36:28.934+0000 7f93eeffd700 1 --2- >> [v2:172.21.15.86:3301/0,v1:172.21.15.86:6790/0] conn(0x7f93f00a7e80 0x7f93f0139e20 unknown :-1 s=BANNER_CONNECTING pgs=0 cs=0 l=0 rev1=0 crypto rx=0 tx=0 comp rx=0 tx=0)._handle_peer_banner_payload supported=3 required=0 ,
2021-12-01T20:36:28.934+0000 7f93eeffd700 10 -- >> [v2:172.21.15.86:3301/0,v1:172.21.15.86:6790/0] conn(0x7f93f00a7e80 msgr2=0x7f93f0139e20 unknown :-1 s=STATE_CONNECTION_ESTABLISHED l=0)._try_send sent bytes 72 remaining bytes 0
2021-12-02T06:32:56.811 WARNING:scrape:Ignoring malparsed backtrace:
2021-12-01T20:36:28.935+0000 7f93effff700 10 --1- 172.21.15.86:0/4130648103 >> v1:172.21.15.187:6789/0 conn(0x7f93f0137150 0x7f93f013d380 :-1 s=OPENED pgs=481 cs=1 l=1).append_keepalive_or_ack ,
2021-12-01T20:36:28.935+0000 7f93ef7fe700 20 --2- 172.21.15.86:0/4130648103 >> v2:172.21.15.187:3300/0 conn(0x7f93f00a9330 0x7f93f00aa240 unknown :-1 s=AUTH_CONNECTING pgs=0 cs=0 l=0 rev1=1 crypto rx=0 tx=0 comp rx=0 tx=0).read_frame ,
2021-12-01T20:36:28.935+0000 7f93ef7fe700 20 -- 172.21.15.86:0/4130648103 >> v2:172.21.15.187:3300/0 conn(0x7f93f00a9330 msgr2=0x7f93f00aa240 unknown :-1 s=STATE_CONNECTION_ESTABLISHED l=0).read start len=32
2021-12-02T06:32:56.812 WARNING:scrape:Ignoring malparsed backtrace:
2021-12-01T20:36:28.935+0000 7f93eeffd700 15 authenticated_encrypt_update plaintext.length()=80 buffer.length()=80 ,
2021-12-01T20:36:28.935+0000 7f93eeffd700 15 authenticated_encrypt_final buffer.length()=96 final_len=0 ,
