2021-12-09T07:10:07.539 WARNING:scrape:Ignoring malparsed backtrace:
2021-12-08T22:09:07.212+0000 7f607e59c700 20 -- 172.21.15.22:0/1219727404 >> v2:172.21.15.22:6800/33232 conn(0x7f605c061ba0 msgr2=0x7f605c0640b0 unknown :-1 s=STATE_CONNECTION_ESTABLISHED l=1).read start len=32 ,
2021-12-08T22:09:07.212+0000 7f607e59c700 20 -- 172.21.15.22:0/1219727404 >> v2:172.21.15.22:6800/33232 conn(0x7f605c061ba0 msgr2=0x7f605c0640b0 unknown :-1 s=STATE_CONNECTION_ESTABLISHED l=1).process ,
2021-12-08T22:09:07.212+0000 7f607e59c700 20 -- 172.21.15.22:0/1219727404 >> v2:172.21.15.22:6800/33232 conn(0x7f605c061ba0 msgr2=0x7f605c0640b0 unknown :-1 s=STATE_CONNECTION_ESTABLISHED l=1).read continue len=32
2021-12-09T07:10:07.540 WARNING:scrape:Ignoring malparsed backtrace:
2021-12-08T22:09:07.380+0000 7f607e59c700 20 --2- 172.21.15.22:0/1219727404 >> v2:172.21.15.22:6800/33232 conn(0x7f605c061ba0 0x7f605c0640b0 secure :-1 s=THROTTLE_DISPATCH_QUEUE pgs=339 cs=0 l=1 rev1=1 crypto rx=0x7f6074004ce0 tx=0x7f6074022000 comp rx=0 tx=0).throttle_dispatch_queue ,
2021-12-08T22:09:07.380+0000 7f607e59c700 20 --2- 172.21.15.22:0/1219727404 >> v2:172.21.15.22:6800/33232 conn(0x7f605c061ba0 0x7f605c0640b0 secure :-1 s=THROTTLE_DONE pgs=339 cs=0 l=1 rev1=1 crypto rx=0x7f6074004ce0 tx=0x7f6074022000 comp rx=0 tx=0).read_frame_segment seg_idx=0 ,
2021-12-08T22:09:07.380+0000 7f607e59c700 20 --2- 172.21.15.22:0/1219727404 >> v2:172.21.15.22:6800/33232 conn(0x7f605c061ba0 0x7f605c0640b0 secure :-1 s=THROTTLE_DONE pgs=339 cs=0 l=1 rev1=1 crypto rx=0x7f6074004ce0 tx=0x7f6074022000 comp rx=0 tx=0).read_frame_segment seg_idx=1
2021-12-09T07:10:07.540 WARNING:scrape:Ignoring malparsed backtrace:
2021-12-08T22:09:07.757+0000 7faef8a43700 10 stack operator() starting ,
2021-12-08T22:09:07.757+0000 7faefaca7700 10 -- ready ,
2021-12-08T22:09:07.757+0000 7faefaca7700 1 Processor -- start
2021-12-09T07:10:07.541 WARNING:scrape:Ignoring malparsed backtrace:
2021-12-08T22:09:07.758+0000 7faef8a43700 20 --2- >> [v2:172.21.15.22:3301/0,v1:172.21.15.22:6790/0] conn(0x7faef40a9fa0 0x7faef40a8fa0 unknown :-1 s=HELLO_CONNECTING pgs=0 cs=0 l=0 rev1=1 crypto rx=0 tx=0 comp rx=0 tx=0).read_frame ,
2021-12-08T22:09:07.758+0000 7faef9244700 1 --2- >> v2:172.21.15.22:3300/0 conn(0x7faef413a8b0 0x7faef40ab160 unknown :-1 s=HELLO_CONNECTING pgs=0 cs=0 l=0 rev1=1 crypto rx=0 tx=0 comp rx=0 tx=0).handle_hello peer v2:172.21.15.22:3300/0 says I am v2:172.21.15.22:49226/0 (socket says 172.21.15.22:49226) ,
2021-12-08T22:09:07.758+0000 7faef8a43700 20 -- >> [v2:172.21.15.22:3301/0,v1:172.21.15.22:6790/0] conn(0x7faef40a9fa0 msgr2=0x7faef40a8fa0 unknown :-1 s=STATE_CONNECTION_ESTABLISHED l=0).read start len=32
2021-12-09T07:10:07.542 WARNING:scrape:Ignoring malparsed backtrace:
2021-12-08T22:09:07.759+0000 7faef9244700 5 --2- 172.21.15.22:0/322098153 >> [v2:172.21.15.22:3301/0,v1:172.21.15.22:6790/0] conn(0x7faef40a9fa0 0x7faef40a8fa0 unknown :-1 s=AUTH_CONNECTING pgs=0 cs=0 l=0 rev1=1 crypto rx=0 tx=0 comp rx=0 tx=0).reset_recv_state ,
2021-12-08T22:09:07.759+0000 7faef9244700 20 Event(0x7faef4060910 nevent=5000 time_id=2).wakeup ,
2021-12-08T22:09:07.759+0000 7faef9244700 10 --2- 172.21.15.22:0/322098153 >> [v2:172.21.15.22:3301/0,v1:172.21.15.22:6790/0] conn(0x7faef40a9fa0 0x7faef40a8fa0 unknown :-1 s=AUTH_CONNECTING pgs=0 cs=0 l=0 rev1=1 crypto rx=0 tx=0 comp rx=0 tx=0).discard_out_queue started
2021-12-09T07:10:07.542 WARNING:scrape:Ignoring malparsed backtrace:
2021-12-08T22:09:07.759+0000 7faef9244700 20 --2- 172.21.15.22:0/322098153 >> [v2:172.21.15.22:3300/0,v1:172.21.15.22:6789/0] conn(0x7faef413a8b0 0x7faef40ab160 secure :-1 s=THROTTLE_DONE pgs=858 cs=0 l=1 rev1=1 crypto rx=0x7faef4066ac0 tx=0x7faef00092d0 comp rx=0 tx=0).handle_read_frame_segment r=0 ,
2021-12-08T22:09:07.759+0000 7faef9244700 20 -- 172.21.15.22:0/322098153 >> [v2:172.21.15.22:3300/0,v1:172.21.15.22:6789/0] conn(0x7faef413a8b0 msgr2=0x7faef40ab160 secure :-1 s=STATE_CONNECTION_ESTABLISHED l=1).read start len=32 ,
2021-12-08T22:09:07.759+0000 7faef9244700 20 --2- 172.21.15.22:0/322098153 >> [v2:172.21.15.22:3300/0,v1:172.21.15.22:6789/0] conn(0x7faef413a8b0 0x7faef40ab160 secure :-1 s=THROTTLE_DONE pgs=858 cs=0 l=1 rev1=1 crypto rx=0x7faef4066ac0 tx=0x7faef00092d0 comp rx=0 tx=0).handle_read_frame_epilogue_main r=0
2021-12-09T07:10:07.543 WARNING:scrape:Ignoring malparsed backtrace:
2021-12-08T22:09:07.761+0000 7faefaca7700 10 -- ready ,
2021-12-08T22:09:07.761+0000 7faefaca7700 1 Processor -- start ,
2021-12-08T22:09:07.761+0000 7faefaca7700 20 Event(0x7faef40b14d0 nevent=5000 time_id=3).wakeup
2021-12-09T07:10:07.544 WARNING:scrape:Ignoring malparsed backtrace:
2021-12-08T22:09:07.763+0000 7faef8a43700 20 --2- >> [v2:172.21.15.55:3300/0,v1:172.21.15.55:6789/0] conn(0x7faef40a9fa0 0x7faef4138c00 unknown :-1 s=HELLO_CONNECTING pgs=0 cs=0 l=1 rev1=1 crypto rx=0 tx=0 comp rx=0 tx=0).handle_hello payload.length()=36 ,
2021-12-08T22:09:07.763+0000 7faeebfff700 20 --2- >> [v2:172.21.15.22:3301/0,v1:172.21.15.22:6790/0] conn(0x7faef40aa3b0 0x7faef413ce00 unknown :-1 s=BANNER_CONNECTING pgs=0 cs=0 l=1 rev1=0 crypto rx=0 tx=0 comp rx=0 tx=0)._handle_peer_banner_payload r=0 ,
2021-12-08T22:09:07.763+0000 7faef9244700 10 --2- >> [v2:172.21.15.22:3300/0,v1:172.21.15.22:6789/0] conn(0x7faef413a8b0 0x7faef4134ad0 unknown :-1 s=HELLO_CONNECTING pgs=0 cs=0 l=1 rev1=1 crypto rx=0 tx=0 comp rx=0 tx=0).handle_read_frame_dispatch tag=1
2021-12-09T07:10:07.544 WARNING:scrape:Ignoring malparsed backtrace:
2021-12-08T22:09:07.763+0000 7faef8a43700 5 --2- 172.21.15.22:0/4075845588 >> [v2:172.21.15.22:3300/0,v1:172.21.15.22:6789/0] conn(0x7faef413a8b0 0x7faef4134ad0 unknown :-1 s=AUTH_CONNECTING pgs=0 cs=0 l=1 rev1=1 crypto rx=0 tx=0 comp rx=0 tx=0).reset_recv_state ,
2021-12-08T22:09:07.763+0000 7faef8a43700 20 Event(0x7faef40b14d0 nevent=5000 time_id=4).wakeup ,
2021-12-08T22:09:07.763+0000 7faeebfff700 5 --2- 172.21.15.22:0/4075845588 >> [v2:172.21.15.22:3301/0,v1:172.21.15.22:6790/0] conn(0x7faef40aa3b0 0x7faef413ce00 unknown :-1 s=CLOSED pgs=0 cs=0 l=1 rev1=1 crypto rx=0 tx=0 comp rx=0 tx=0).reset_compression
2021-12-09T07:10:07.545 WARNING:scrape:Ignoring malparsed backtrace:
2021-12-08T22:09:07.764+0000 7faee8ff9700 1 -- 172.21.15.22:0/4075845588 <== mon.1 v2:172.21.15.55:3300/0 1 ==== mon_map magic: 0 v1 ==== 413+0+0 (secure 0 0 0) 0x7faee40052e0 con 0x7faef40a9fa0 ,
2021-12-08T22:09:07.764+0000 7faef8a43700 20 --2- 172.21.15.22:0/4075845588 >> [v2:172.21.15.55:3300/0,v1:172.21.15.55:6789/0] conn(0x7faef40a9fa0 0x7faef4138c00 secure :-1 s=THROTTLE_MESSAGE pgs=584 cs=0 l=1 rev1=1 crypto rx=0x7faee400e900 tx=0x7faee4008040 comp rx=0 tx=0).throttle_message ,
2021-12-08T22:09:07.764+0000 7faef8a43700 20 --2- 172.21.15.22:0/4075845588 >> [v2:172.21.15.55:3300/0,v1:172.21.15.55:6789/0] conn(0x7faef40a9fa0 0x7faef4138c00 secure :-1 s=THROTTLE_BYTES pgs=584 cs=0 l=1 rev1=1 crypto rx=0x7faee400e900 tx=0x7faee4008040 comp rx=0 tx=0).throttle_bytes
2021-12-09T07:10:07.546 WARNING:scrape:Ignoring malparsed backtrace:
2021-12-08T22:09:07.765+0000 7faef8a43700 20 -- 172.21.15.22:0/4075845588 >> [v2:172.21.15.55:3300/0,v1:172.21.15.55:6789/0] conn(0x7faef40a9fa0 msgr2=0x7faef4138c00 secure :-1 s=STATE_CONNECTION_ESTABLISHED l=1).process ,
2021-12-08T22:09:07.765+0000 7faef8a43700 20 -- 172.21.15.22:0/4075845588 >> [v2:172.21.15.55:3300/0,v1:172.21.15.55:6789/0] conn(0x7faef40a9fa0 msgr2=0x7faef4138c00 secure :-1 s=STATE_CONNECTION_ESTABLISHED l=1).read continue len=79824 ,
2021-12-08T22:09:07.765+0000 7faef8a43700 20 -- 172.21.15.22:0/4075845588 >> [v2:172.21.15.55:3300/0,v1:172.21.15.55:6789/0] conn(0x7faef40a9fa0 msgr2=0x7faef4138c00 secure :-1 s=STATE_CONNECTION_ESTABLISHED l=1).process
2021-12-09T07:10:07.547 WARNING:scrape:Ignoring malparsed backtrace:
2021-12-08T22:09:07.767+0000 7faeebfff700 20 --2- 172.21.15.22:0/4075845588 >> v2:172.21.15.22:6800/33232 conn(0x7faed4061ba0 0x7faed40640b0 secure :-1 s=AUTH_CONNECTING_SIGN pgs=0 cs=0 l=1 rev1=1 crypto rx=0x7faef40a6c50 tx=0x7faedc008040 comp rx=0 tx=0).handle_read_frame_preamble_main r=0 ,
2021-12-08T22:09:07.767+0000 7faeebfff700 20 --2- 172.21.15.22:0/4075845588 >> v2:172.21.15.22:6800/33232 conn(0x7faed4061ba0 0x7faed40640b0 secure :-1 s=AUTH_CONNECTING_SIGN pgs=0 cs=0 l=1 rev1=1 crypto rx=0x7faef40a6c50 tx=0x7faedc008040 comp rx=0 tx=0).read_frame_segment seg_idx=0 ,
2021-12-08T22:09:07.767+0000 7faeebfff700 10 --2- 172.21.15.22:0/4075845588 >> v2:172.21.15.22:6800/33232 conn(0x7faed4061ba0 0x7faed40640b0 secure :-1 s=AUTH_CONNECTING_SIGN pgs=0 cs=0 l=1 rev1=1 crypto rx=0x7faef40a6c50 tx=0x7faedc008040 comp rx=0 tx=0).handle_read_frame_dispatch tag=7
2021-12-09T07:10:07.547 WARNING:scrape:Ignoring malparsed backtrace:
2021-12-08T22:09:07.940+0000 7faef8a43700 20 --2- 172.21.15.22:0/4075845588 >> [v2:172.21.15.55:3300/0,v1:172.21.15.55:6789/0] conn(0x7faef40a9fa0 0x7faef4138c00 secure :-1 s=THROTTLE_DONE pgs=584 cs=0 l=1 rev1=1 crypto rx=0x7faee400e900 tx=0x7faee4008040 comp rx=0 tx=0).handle_message ,
2021-12-08T22:09:07.940+0000 7faef8a43700 5 --2- 172.21.15.22:0/4075845588 >> [v2:172.21.15.55:3300/0,v1:172.21.15.55:6789/0] conn(0x7faef40a9fa0 0x7faef4138c00 secure :-1 s=THROTTLE_DONE pgs=584 cs=0 l=1 rev1=1 crypto rx=0x7faee400e900 tx=0x7faee4008040 comp rx=0 tx=0).handle_message got 74 + 0 + 13545 byte message. envelope type=51 src mon.1 off 0 ,
2021-12-08T22:09:07.940+0000 7faef8a43700 5 --2- 172.21.15.22:0/4075845588 >> [v2:172.21.15.55:3300/0,v1:172.21.15.55:6789/0] conn(0x7faef40a9fa0 0x7faef4138c00 secure :-1 s=READ_MESSAGE_COMPLETE pgs=584 cs=0 l=1 rev1=1 crypto rx=0x7faee400e900 tx=0x7faee4008040 comp rx=0 tx=0).handle_message received message m=0x7faee4051740 seq=7 from=mon.1 type=51 mon_command_ack([{"prefix": "osd dump", "format": "json"}]=0 v72) v1
2021-12-09T07:10:07.548 WARNING:scrape:Ignoring malparsed backtrace:
2021-12-08T22:09:09.289+0000 7f2d54922700 10 -- create_connect v2:172.21.15.22:3300/0, creating connection and registering ,
2021-12-08T22:09:09.289+0000 7f2d54922700 10 -- >> v2:172.21.15.22:3300/0 conn(0x7f2d500695f0 msgr2=0x7f2d5006a550 unknown :-1 s=STATE_NONE l=0)._connect ,
2021-12-08T22:09:09.289+0000 7f2d54922700 1 --2- >> v2:172.21.15.22:3300/0 conn(0x7f2d500695f0 0x7f2d5006a550 unknown :-1 s=NONE pgs=0 cs=0 l=0 rev1=0 crypto rx=0 tx=0 comp rx=0 tx=0).connect
2021-12-09T07:10:07.549 WARNING:scrape:Ignoring malparsed backtrace:
2021-12-08T22:09:09.290+0000 7f2d4f59e700 10 --1- 172.21.15.22:0/1182539068 >> v1:172.21.15.55:6789/0 conn(0x7f2d5006aa90 0x7f2d50138d80 :-1 s=CONNECTING_WAIT_BANNER_AND_IDENTIFY pgs=0 cs=0 l=0).handle_my_addr_write connect sent my addr v1:172.21.15.22:0/1182539068 ,
2021-12-08T22:09:09.290+0000 7f2d4f59e700 20 --1- 172.21.15.22:0/1182539068 >> v1:172.21.15.55:6789/0 conn(0x7f2d5006aa90 0x7f2d50138d80 :-1 s=CONNECTING_SEND_CONNECT_MSG pgs=0 cs=0 l=0).send_connect_message ,
2021-12-08T22:09:09.290+0000 7f2d4f59e700 10 --1- 172.21.15.22:0/1182539068 >> v1:172.21.15.55:6789/0 conn(0x7f2d5006aa90 0x7f2d50138d80 :-1 s=CONNECTING_SEND_CONNECT_MSG pgs=0 cs=0 l=0).send_connect_message connect sending gseq=1 cseq=0 proto=15
2021-12-09T07:10:07.549 WARNING:scrape:Ignoring malparsed backtrace:
2021-12-08T22:09:09.290+0000 7f2d4ed9d700 20 --2- 172.21.15.22:0/1182539068 >> [v2:172.21.15.22:3301/0,v1:172.21.15.22:6790/0] conn(0x7f2d50065730 0x7f2d50064490 unknown :-1 s=AUTH_CONNECTING pgs=0 cs=0 l=0 rev1=1 crypto rx=0 tx=0 comp rx=0 tx=0).handle_read_frame_segment r=0 ,
2021-12-08T22:09:09.290+0000 7f2d4f59e700 20 --1- 172.21.15.22:0/1182539068 >> v1:172.21.15.55:6789/0 conn(0x7f2d5006aa90 0x7f2d50138d80 :-1 s=READ_MESSAGE_FRONT pgs=585 cs=1 l=1).read_message_front ,
2021-12-08T22:09:09.290+0000 7f2d4ed9d700 10 --2- 172.21.15.22:0/1182539068 >> [v2:172.21.15.22:3301/0,v1:172.21.15.22:6790/0] conn(0x7f2d50065730 0x7f2d50064490 unknown :-1 s=AUTH_CONNECTING pgs=0 cs=0 l=0 rev1=1 crypto rx=0 tx=0 comp rx=0 tx=0).handle_read_frame_dispatch tag=6
2021-12-09T07:10:07.550 WARNING:scrape:Ignoring malparsed backtrace:
2021-12-08T22:09:09.291+0000 7f2d4e59c700 10 -- 172.21.15.22:0/1182539068 >> [v2:172.21.15.22:3300/0,v1:172.21.15.22:6789/0] conn(0x7f2d500695f0 msgr2=0x7f2d5006a550 secure :-1 s=STATE_CONNECTION_ESTABLISHED l=1)._try_send sent bytes 96 remaining bytes 0 ,
2021-12-08T22:09:09.291+0000 7f2d4e59c700 10 --2- 172.21.15.22:0/1182539068 >> [v2:172.21.15.22:3300/0,v1:172.21.15.22:6789/0] conn(0x7f2d500695f0 0x7f2d5006a550 secure :-1 s=READY pgs=859 cs=0 l=1 rev1=1 crypto rx=0x7f2d440053d0 tx=0x7f2d44006e20 comp rx=0 tx=0).write_message sending 0x7f2d50064eb0 done. ,
2021-12-08T22:09:09.291+0000 7f2d4e59c700 20 --2- 172.21.15.22:0/1182539068 >> [v2:172.21.15.22:3300/0,v1:172.21.15.22:6789/0] conn(0x7f2d500695f0 0x7f2d5006a550 secure :-1 s=READY pgs=859 cs=0 l=1 rev1=1 crypto rx=0x7f2d440053d0 tx=0x7f2d44006e20 comp rx=0 tx=0).prepare_send_message m=mon_subscribe({config=0+,monmap=0+}) v3
2021-12-09T07:10:07.551 WARNING:scrape:Ignoring malparsed backtrace:
2021-12-08T22:09:09.292+0000 7f2d54922700 20 Event(0x7f2d500adfe0 nevent=5000 time_id=3).wakeup ,
2021-12-08T22:09:09.292+0000 7f2d54922700 10 --1- 172.21.15.22:0/1182539068 >> 172.21.15.22:0/1182539068 conn(0x7f2d500691c0 0x7f2d500ace30 :-1 s=NONE pgs=0 cs=0 l=0).discard_out_queue started ,
2021-12-08T22:09:09.292+0000 7f2d54922700 20 Event(0x7f2d500adfe0 nevent=5000 time_id=3).wakeup
2021-12-09T07:10:07.551 WARNING:scrape:Ignoring malparsed backtrace:
2021-12-08T22:09:09.294+0000 7f2d4f59e700 20 --2- >> [v2:172.21.15.22:3300/0,v1:172.21.15.22:6789/0] conn(0x7f2d5006aa90 0x7f2d50148d50 unknown :-1 s=HELLO_CONNECTING pgs=0 cs=0 l=1 rev1=1 crypto rx=0 tx=0 comp rx=0 tx=0).read_frame ,
2021-12-08T22:09:09.294+0000 7f2d4ed9d700 10 -- >> [v2:172.21.15.22:3301/0,v1:172.21.15.22:6790/0] conn(0x7f2d50065730 msgr2=0x7f2d50135f40 unknown :-1 s=STATE_CONNECTION_ESTABLISHED l=1)._try_send sent bytes 72 remaining bytes 0 ,
2021-12-08T22:09:09.294+0000 7f2d4e59c700 20 --2- >> [v2:172.21.15.55:3300/0,v1:172.21.15.55:6789/0] conn(0x7f2d500695f0 0x7f2d500a1a90 unknown :-1 s=START_CONNECT pgs=0 cs=0 l=1 rev1=0 crypto rx=0 tx=0 comp rx=0 tx=0).start_client_banner_exchange
2021-12-09T07:10:07.552 WARNING:scrape:Ignoring malparsed backtrace:
2021-12-08T22:09:09.295+0000 7f2d4e59c700 20 -- 172.21.15.22:0/322711990 >> [v2:172.21.15.55:3300/0,v1:172.21.15.55:6789/0] conn(0x7f2d500695f0 msgr2=0x7f2d500a1a90 unknown :-1 s=STATE_CONNECTION_ESTABLISHED l=1).read continue len=32 ,
2021-12-08T22:09:09.295+0000 7f2d4ed9d700 20 -- 172.21.15.22:0/322711990 >> [v2:172.21.15.22:3301/0,v1:172.21.15.22:6790/0] conn(0x7f2d50065730 msgr2=0x7f2d50135f40 unknown :-1 s=STATE_CONNECTION_ESTABLISHED l=1).read start len=844 ,
2021-12-08T22:09:09.295+0000 7f2d4f59e700 20 -- 172.21.15.22:0/322711990 >> [v2:172.21.15.22:3300/0,v1:172.21.15.22:6789/0] conn(0x7f2d5006aa90 msgr2=0x7f2d50148d50 unknown :-1 s=STATE_CONNECTION_ESTABLISHED l=1).process
2021-12-09T07:10:07.553 WARNING:scrape:Ignoring malparsed backtrace:
2021-12-08T22:09:09.295+0000 7f2d4ed9d700 10 --2- 172.21.15.22:0/322711990 >> [v2:172.21.15.22:3301/0,v1:172.21.15.22:6790/0] conn(0x7f2d50065730 0x7f2d50135f40 secure :-1 s=READY pgs=482 cs=0 l=1 rev1=1 crypto rx=0x7f2d3c00b410 tx=0x7f2d3c006ee0 comp rx=0 tx=0).write_message sending 0x7f2d50131e10 done. ,
2021-12-08T22:09:09.295+0000 7f2d4ed9d700 20 --2- 172.21.15.22:0/322711990 >> [v2:172.21.15.22:3301/0,v1:172.21.15.22:6790/0] conn(0x7f2d50065730 0x7f2d50135f40 secure :-1 s=READY pgs=482 cs=0 l=1 rev1=1 crypto rx=0x7f2d3c00b410 tx=0x7f2d3c006ee0 comp rx=0 tx=0).prepare_send_message m=mon_subscribe({config=0+,monmap=0+}) v3 ,
2021-12-08T22:09:09.295+0000 7f2d4ed9d700 20 --2- 172.21.15.22:0/322711990 >> [v2:172.21.15.22:3301/0,v1:172.21.15.22:6790/0] conn(0x7f2d50065730 0x7f2d50135f40 secure :-1 s=READY pgs=482 cs=0 l=1 rev1=1 crypto rx=0x7f2d3c00b410 tx=0x7f2d3c006ee0 comp rx=0 tx=0).prepare_send_message encoding features 4540138303579357183 0x7f2d3c00b200 mon_subscribe({config=0+,monmap=0+}) v3
2021-12-09T07:10:07.554 WARNING:scrape:Ignoring malparsed backtrace:
2021-12-08T22:09:09.296+0000 7f2d4ed9d700 5 --2- 172.21.15.22:0/322711990 >> [v2:172.21.15.22:3301/0,v1:172.21.15.22:6790/0] conn(0x7f2d50065730 0x7f2d50135f40 secure :-1 s=READY pgs=482 cs=0 l=1 rev1=1 crypto rx=0x7f2d3c00b410 tx=0x7f2d3c006ee0 comp rx=0 tx=0).write_message sending message m=0x7f2d500a2320 seq=4 mon_subscribe({osdmap=0}) v3 ,
2021-12-08T22:09:09.296+0000 7f2d4ed9d700 20 --2- 172.21.15.22:0/322711990 >> [v2:172.21.15.22:3301/0,v1:172.21.15.22:6790/0] conn(0x7f2d50065730 0x7f2d50135f40 secure :-1 s=READY pgs=482 cs=0 l=1 rev1=1 crypto rx=0x7f2d3c00b410 tx=0x7f2d3c006ee0 comp rx=0 tx=0).write_message sending m=0x7f2d500a2320 seq=4 src=client.5138 off=0 ,
2021-12-08T22:09:09.296+0000 7f2d4ed9d700 10 -- 172.21.15.22:0/322711990 >> [v2:172.21.15.22:3301/0,v1:172.21.15.22:6790/0] conn(0x7f2d50065730 msgr2=0x7f2d50135f40 secure :-1 s=STATE_CONNECTION_ESTABLISHED l=1)._try_send sent bytes 176 remaining bytes 0
2021-12-09T07:10:07.554 WARNING:scrape:Ignoring malparsed backtrace:
2021-12-08T22:09:09.298+0000 7f2d4e59c700 20 -- 172.21.15.22:0/322711990 >> v2:172.21.15.22:6800/33232 conn(0x7f2d38061ba0 msgr2=0x7f2d380640b0 unknown :-1 s=STATE_CONNECTION_ESTABLISHED l=1).read start len=32 ,
2021-12-08T22:09:09.298+0000 7f2d4e59c700 20 --2- 172.21.15.22:0/322711990 >> v2:172.21.15.22:6800/33232 conn(0x7f2d38061ba0 0x7f2d380640b0 unknown :-1 s=HELLO_CONNECTING pgs=0 cs=0 l=1 rev1=1 crypto rx=0 tx=0 comp rx=0 tx=0).handle_read_frame_preamble_main r=0 ,
2021-12-08T22:09:09.298+0000 7f2d4e59c700 20 --2- 172.21.15.22:0/322711990 >> v2:172.21.15.22:6800/33232 conn(0x7f2d38061ba0 0x7f2d380640b0 unknown :-1 s=HELLO_CONNECTING pgs=0 cs=0 l=1 rev1=1 crypto rx=0 tx=0 comp rx=0 tx=0).read_frame_segment seg_idx=0
2021-12-09T07:10:07.555 WARNING:scrape:Ignoring malparsed backtrace:
2021-12-08T22:09:09.298+0000 7f2d4e59c700 20 --2- 172.21.15.22:0/322711990 >> v2:172.21.15.22:6800/33232 conn(0x7f2d38061ba0 0x7f2d380640b0 secure :-1 s=READY pgs=341 cs=0 l=1 rev1=1 crypto rx=0x7f2d44006ea0 tx=0x7f2d44015000 comp rx=0 tx=0).read_frame ,
2021-12-08T22:09:09.298+0000 7f2d4e59c700 20 -- 172.21.15.22:0/322711990 >> v2:172.21.15.22:6800/33232 conn(0x7f2d38061ba0 msgr2=0x7f2d380640b0 secure :-1 s=STATE_CONNECTION_ESTABLISHED l=1).read start len=96 ,
2021-12-08T22:09:09.299+0000 7f2d4f59e700 20 -- 172.21.15.22:0/322711990 >> v2:172.21.15.22:6802/33431 conn(0x7f2d38068340 msgr2=0x7f2d3806a810 unknown :-1 s=STATE_CONNECTION_ESTABLISHED l=1).process
2021-12-09T07:10:07.556 WARNING:scrape:Ignoring malparsed backtrace:
2021-12-08T22:09:09.911+0000 7f2d4f59e700 20 -- 172.21.15.22:0/322711990 >> v2:172.21.15.22:6802/33431 conn(0x7f2d38068340 msgr2=0x7f2d3806a810 unknown :-1 s=STATE_CONNECTION_ESTABLISHED l=1).read start len=10 ,
2021-12-08T22:09:09.911+0000 7f2d4f59e700 20 -- 172.21.15.22:0/322711990 >> v2:172.21.15.22:6802/33431 conn(0x7f2d38068340 msgr2=0x7f2d3806a810 unknown :-1 s=STATE_CONNECTION_ESTABLISHED l=1).process ,
2021-12-08T22:09:09.911+0000 7f2d4f59e700 20 -- 172.21.15.22:0/322711990 >> v2:172.21.15.22:6802/33431 conn(0x7f2d38068340 msgr2=0x7f2d3806a810 unknown :-1 s=STATE_CONNECTION_ESTABLISHED l=1).read continue len=10
2021-12-09T07:10:07.556 WARNING:scrape:Ignoring malparsed backtrace:
2021-12-08T22:09:12.294+0000 7f2d4ed9d700 20 --2- 172.21.15.22:0/322711990 >> [v2:172.21.15.22:3301/0,v1:172.21.15.22:6790/0] conn(0x7f2d50065730 0x7f2d50135f40 secure :-1 s=READY pgs=482 cs=0 l=1 rev1=1 crypto rx=0x7f2d3c00b410 tx=0x7f2d3c006ee0 comp rx=0 tx=0).read_frame_segment seg_idx=0 ,
2021-12-08T22:09:12.294+0000 7f2d4ed9d700 10 --2- 172.21.15.22:0/322711990 >> [v2:172.21.15.22:3301/0,v1:172.21.15.22:6790/0] conn(0x7f2d50065730 0x7f2d50135f40 secure :-1 s=READY pgs=482 cs=0 l=1 rev1=1 crypto rx=0x7f2d3c00b410 tx=0x7f2d3c006ee0 comp rx=0 tx=0).handle_read_frame_dispatch tag=19 ,
2021-12-08T22:09:12.294+0000 7f2d4ed9d700 20 --2- 172.21.15.22:0/322711990 >> [v2:172.21.15.22:3301/0,v1:172.21.15.22:6790/0] conn(0x7f2d50065730 0x7f2d50135f40 secure :-1 s=READY pgs=482 cs=0 l=1 rev1=1 crypto rx=0x7f2d3c00b410 tx=0x7f2d3c006ee0 comp rx=0 tx=0).handle_keepalive2_ack payload.length()=8
2021-12-09T07:10:07.557 WARNING:scrape:Ignoring malparsed backtrace:
2021-12-08T22:09:15.528+0000 7f2d4f59e700 20 --2- 172.21.15.22:0/322711990 >> v2:172.21.15.22:6802/33431 conn(0x7f2d38068340 0x7f2d3806a810 unknown :-1 s=HELLO_CONNECTING pgs=0 cs=0 l=1 rev1=1 crypto rx=0 tx=0 comp rx=0 tx=0).handle_read_frame_segment r=0 ,
2021-12-08T22:09:15.528+0000 7f2d4f59e700 10 --2- 172.21.15.22:0/322711990 >> v2:172.21.15.22:6802/33431 conn(0x7f2d38068340 0x7f2d3806a810 unknown :-1 s=HELLO_CONNECTING pgs=0 cs=0 l=1 rev1=1 crypto rx=0 tx=0 comp rx=0 tx=0).handle_read_frame_dispatch tag=1 ,
2021-12-08T22:09:15.528+0000 7f2d4f59e700 20 --2- 172.21.15.22:0/322711990 >> v2:172.21.15.22:6802/33431 conn(0x7f2d38068340 0x7f2d3806a810 unknown :-1 s=HELLO_CONNECTING pgs=0 cs=0 l=1 rev1=1 crypto rx=0 tx=0 comp rx=0 tx=0).handle_hello payload.length()=36
2021-12-09T07:10:07.558 WARNING:scrape:Ignoring malparsed backtrace:
2021-12-08T22:09:32.295+0000 7f2d31ffb700 10 --2- 172.21.15.22:0/322711990 >> [v2:172.21.15.22:3301/0,v1:172.21.15.22:6790/0] conn(0x7f2d50065730 0x7f2d50135f40 secure :-1 s=READY pgs=482 cs=0 l=1 rev1=1 crypto rx=0x7f2d3c00b410 tx=0x7f2d3c006ee0 comp rx=0 tx=0).send_keepalive ,
2021-12-08T22:09:32.295+0000 7f2d31ffb700 20 Event(0x7f2d5005f6f0 nevent=5000 time_id=4).wakeup ,
2021-12-08T22:09:32.295+0000 7f2d4ed9d700 10 -- 172.21.15.22:0/322711990 >> [v2:172.21.15.22:3301/0,v1:172.21.15.22:6790/0] conn(0x7f2d50065730 msgr2=0x7f2d50135f40 secure :-1 s=STATE_CONNECTION_ESTABLISHED l=1).handle_write
2021-12-09T07:10:07.559 WARNING:scrape:Ignoring malparsed backtrace:
2021-12-08T22:09:49.769+0000 7f2d4f59e700 10 -- 172.21.15.22:0/322711990 >> v2:172.21.15.22:6802/33431 conn(0x7f2d38068340 msgr2=0x7f2d3806a810 unknown :-1 s=STATE_CONNECTING_RE l=1).process connect successfully, ready to send banner ,
2021-12-08T22:09:49.769+0000 7f2d4f59e700 20 --2- 172.21.15.22:0/322711990 >> v2:172.21.15.22:6802/33431 conn(0x7f2d38068340 0x7f2d3806a810 unknown :-1 s=START_CONNECT pgs=0 cs=0 l=1 rev1=1 crypto rx=0 tx=0 comp rx=0 tx=0).read_event ,
2021-12-08T22:09:49.769+0000 7f2d4f59e700 20 --2- 172.21.15.22:0/322711990 >> v2:172.21.15.22:6802/33431 conn(0x7f2d38068340 0x7f2d3806a810 unknown :-1 s=START_CONNECT pgs=0 cs=0 l=1 rev1=1 crypto rx=0 tx=0 comp rx=0 tx=0).start_client_banner_exchange
2021-12-09T07:10:07.559 WARNING:scrape:Ignoring malparsed backtrace:
2021-12-08T22:10:04.784+0000 7f2d4f59e700 20 --2- 172.21.15.22:0/322711990 >> v2:172.21.15.22:6802/33431 conn(0x7f2d38068340 0x7f2d3806a810 unknown :-1 s=BANNER_CONNECTING pgs=0 cs=0 l=1 rev1=1 crypto rx=0 tx=0 comp rx=0 tx=0)._handle_peer_banner r=0 ,
2021-12-08T22:10:04.784+0000 7f2d4f59e700 20 -- 172.21.15.22:0/322711990 >> v2:172.21.15.22:6802/33431 conn(0x7f2d38068340 msgr2=0x7f2d3806a810 unknown :-1 s=STATE_CONNECTION_ESTABLISHED l=1).read start len=16 ,
2021-12-08T22:10:04.784+0000 7f2d4f59e700 20 --2- 172.21.15.22:0/322711990 >> v2:172.21.15.22:6802/33431 conn(0x7f2d38068340 0x7f2d3806a810 unknown :-1 s=BANNER_CONNECTING pgs=0 cs=0 l=1 rev1=1 crypto rx=0 tx=0 comp rx=0 tx=0)._handle_peer_banner_payload r=0
2021-12-09T07:10:07.560 WARNING:scrape:Ignoring malparsed backtrace:
2021-12-08T22:10:19.799+0000 7f2d4f59e700 20 --2- 172.21.15.22:0/322711990 >> v2:172.21.15.22:6802/33431 conn(0x7f2d38068340 0x7f2d3806a810 unknown :-1 s=AUTH_CONNECTING pgs=0 cs=0 l=1 rev1=1 crypto rx=0 tx=0 comp rx=0 tx=0).read_frame_segment seg_idx=0 ,
2021-12-08T22:10:19.799+0000 7f2d4f59e700 20 -- 172.21.15.22:0/322711990 >> v2:172.21.15.22:6802/33431 conn(0x7f2d38068340 msgr2=0x7f2d3806a810 unknown :-1 s=STATE_CONNECTION_ESTABLISHED l=1).read start len=32 ,
2021-12-08T22:10:19.799+0000 7f2d4f59e700 20 --2- 172.21.15.22:0/322711990 >> v2:172.21.15.22:6802/33431 conn(0x7f2d38068340 0x7f2d3806a810 unknown :-1 s=AUTH_CONNECTING pgs=0 cs=0 l=1 rev1=1 crypto rx=0 tx=0 comp rx=0 tx=0).handle_read_frame_segment r=0
2021-12-09T07:10:07.561 WARNING:scrape:Ignoring malparsed backtrace:
2021-12-08T22:10:34.807+0000 7f2d4f59e700 5 --2- 172.21.15.22:0/322711990 >> v2:172.21.15.22:6802/33431 conn(0x7f2d38068340 0x7f2d3806a810 unknown :-1 s=AUTH_CONNECTING pgs=0 cs=0 l=1 rev1=1 crypto rx=0 tx=0 comp rx=0 tx=0).reset_recv_state ,
2021-12-08T22:10:34.807+0000 7f2d4f59e700 5 --2- 172.21.15.22:0/322711990 >> v2:172.21.15.22:6802/33431 conn(0x7f2d38068340 0x7f2d3806a810 unknown :-1 s=AUTH_CONNECTING pgs=0 cs=0 l=1 rev1=1 crypto rx=0 tx=0 comp rx=0 tx=0).reset_security ,
2021-12-08T22:10:34.807+0000 7f2d4f59e700 5 --2- 172.21.15.22:0/322711990 >> v2:172.21.15.22:6802/33431 conn(0x7f2d38068340 0x7f2d3806a810 unknown :-1 s=AUTH_CONNECTING pgs=0 cs=0 l=1 rev1=1 crypto rx=0 tx=0 comp rx=0 tx=0).reset_compression
2021-12-09T07:10:07.561 WARNING:scrape:Ignoring malparsed backtrace:
2021-12-08T22:10:59.315+0000 7f2d337fe700 5 --2- 172.21.15.22:0/322711990 >> v2:172.21.15.22:6802/33431 conn(0x7f2d38068340 0x7f2d3806a810 unknown :-1 s=START_CONNECT pgs=0 cs=0 l=1 rev1=1 crypto rx=0 tx=0 comp rx=0 tx=0).send_message enqueueing message m=0x7f2d280053e0 type=2 ping magic: 0 v1 ,
2021-12-08T22:10:59.315+0000 7f2d337fe700 15 --2- 172.21.15.22:0/322711990 >> v2:172.21.15.22:6802/33431 conn(0x7f2d38068340 0x7f2d3806a810 unknown :-1 s=START_CONNECT pgs=0 cs=0 l=1 rev1=1 crypto rx=0 tx=0 comp rx=0 tx=0).send_message inline write is denied, reschedule m=0x7f2d280053e0 ,
2021-12-08T22:11:02.303+0000 7f2d31ffb700 10 --2- 172.21.15.22:0/322711990 >> [v2:172.21.15.22:3301/0,v1:172.21.15.22:6790/0] conn(0x7f2d50065730 0x7f2d50135f40 secure :-1 s=READY pgs=482 cs=0 l=1 rev1=1 crypto rx=0x7f2d3c00b410 tx=0x7f2d3c006ee0 comp rx=0 tx=0).send_keepalive
2021-12-09T07:10:07.562 WARNING:scrape:Ignoring malparsed backtrace:
2021-12-08T22:11:09.359+0000 7fbfeb59e700 10 -- >> v1:172.21.15.55:6789/0 conn(0x7fbfec0a76c0 legacy=0x7fbfec0a8e60 unknown :-1 s=STATE_NONE l=0)._connect ,
2021-12-08T22:11:09.359+0000 7fbfeb59e700 20 Event(0x7fbfec05f6f0 nevent=5000 time_id=1).wakeup ,
2021-12-08T22:11:09.359+0000 7fbfeb59e700 10 -- create_connect 0x7fbfec0a76c0 v1:172.21.15.55:6789/0 v1:172.21.15.55:6789/0
2021-12-09T07:10:07.563 WARNING:scrape:Ignoring malparsed backtrace:
2021-12-08T22:11:09.360+0000 7fbfead9d700 10 -- 172.21.15.22:0/2041845566 >> v1:172.21.15.22:6789/0 conn(0x7fbfec13a8a0 legacy=0x7fbfec0a7f10 unknown :-1 s=STATE_CONNECTION_ESTABLISHED l=0)._try_send sent bytes 136 remaining bytes 0 ,
2021-12-08T22:11:09.360+0000 7fbfe9d9b700 20 -- 172.21.15.22:0/2041845566 >> v2:172.21.15.55:3300/0 conn(0x7fbfec13a490 msgr2=0x7fbfec0a9cd0 unknown :-1 s=STATE_CONNECTION_ESTABLISHED l=0).read start len=32 ,
2021-12-08T22:11:09.360+0000 7fbfea59c700 10 --1- 172.21.15.22:0/2041845566 >> v1:172.21.15.55:6789/0 conn(0x7fbfec0a76c0 0x7fbfec0a8e60 :-1 s=CONNECTING_WAIT_BANNER_AND_IDENTIFY pgs=0 cs=0 l=0).handle_my_addr_write connect sent my addr v1:172.21.15.22:0/2041845566
2021-12-09T07:10:07.563 WARNING:scrape:Ignoring malparsed backtrace:
2021-12-08T22:11:09.360+0000 7fbfea59c700 20 -- 172.21.15.22:0/2041845566 >> v1:172.21.15.55:6789/0 conn(0x7fbfec0a76c0 legacy=0x7fbfec0a8e60 unknown :-1 s=STATE_CONNECTION_ESTABLISHED l=1).read continue len=1 ,
2021-12-08T22:11:09.360+0000 7fbfea59c700 20 --1- 172.21.15.22:0/2041845566 >> v1:172.21.15.55:6789/0 conn(0x7fbfec0a76c0 0x7fbfec0a8e60 :-1 s=OPENED pgs=589 cs=1 l=1).handle_message r=0 ,
2021-12-08T22:11:09.360+0000 7fbfea59c700 20 --1- 172.21.15.22:0/2041845566 >> v1:172.21.15.55:6789/0 conn(0x7fbfec0a76c0 0x7fbfec0a8e60 :-1 s=OPENED pgs=589 cs=1 l=1).handle_message process tag 15
2021-12-09T07:10:07.564 WARNING:scrape:Ignoring malparsed backtrace:
2021-12-08T22:11:09.360+0000 7fbfe9d9b700 20 Event(0x7fbfec0b12e0 nevent=5000 time_id=3).wakeup ,
2021-12-08T22:11:09.360+0000 7fbfead9d700 5 --1- 172.21.15.22:0/2041845566 >> v1:172.21.15.22:6789/0 conn(0x7fbfec13a8a0 0x7fbfec0a7f10 :-1 s=OPENED pgs=864 cs=1 l=1).reset_recv_state (warped) reseting security handlers ,
2021-12-08T22:11:09.360+0000 7fbfead9d700 5 --1- 172.21.15.22:0/2041845566 >> v1:172.21.15.22:6789/0 conn(0x7fbfec13a8a0 0x7fbfec0a7f10 :-1 s=CLOSED pgs=864 cs=1 l=1).reset_security
2021-12-09T07:10:07.565 WARNING:scrape:Ignoring malparsed backtrace:
2021-12-08T22:11:09.361+0000 7fbfe9d9b700 20 --2- 172.21.15.22:0/2041845566 >> [v2:172.21.15.55:3300/0,v1:172.21.15.55:6789/0] conn(0x7fbfec13a490 0x7fbfec0a9cd0 secure :-1 s=THROTTLE_DONE pgs=590 cs=0 l=1 rev1=1 crypto rx=0x7fbfe0006fd0 tx=0x7fbfe0006eb0 comp rx=0 tx=0).read_frame_segment seg_idx=1 ,
2021-12-08T22:11:09.361+0000 7fbfe9d9b700 20 -- 172.21.15.22:0/2041845566 >> [v2:172.21.15.55:3300/0,v1:172.21.15.55:6789/0] conn(0x7fbfec13a490 msgr2=0x7fbfec0a9cd0 secure :-1 s=STATE_CONNECTION_ESTABLISHED l=1).read start len=16 ,
2021-12-08T22:11:09.361+0000 7fbfe9d9b700 20 --2- 172.21.15.22:0/2041845566 >> [v2:172.21.15.55:3300/0,v1:172.21.15.55:6789/0] conn(0x7fbfec13a490 0x7fbfec0a9cd0 secure :-1 s=THROTTLE_DONE pgs=590 cs=0 l=1 rev1=1 crypto rx=0x7fbfe0006fd0 tx=0x7fbfe0006eb0 comp rx=0 tx=0).handle_read_frame_segment r=0
2021-12-09T07:10:07.566 WARNING:scrape:Ignoring malparsed backtrace:
2021-12-08T22:11:09.364+0000 7fbfeb59e700 10 -- create_connect [v2:172.21.15.55:3300/0,v1:172.21.15.55:6789/0], creating connection and registering ,
2021-12-08T22:11:09.364+0000 7fbfeb59e700 10 -- >> [v2:172.21.15.55:3300/0,v1:172.21.15.55:6789/0] conn(0x7fbfec13a8a0 msgr2=0x7fbfec0a5b30 unknown :-1 s=STATE_NONE l=1)._connect ,
2021-12-08T22:11:09.364+0000 7fbfeb59e700 1 --2- >> [v2:172.21.15.55:3300/0,v1:172.21.15.55:6789/0] conn(0x7fbfec13a8a0 0x7fbfec0a5b30 unknown :-1 s=NONE pgs=0 cs=0 l=1 rev1=0 crypto rx=0 tx=0 comp rx=0 tx=0).connect
2021-12-09T07:10:07.566 WARNING:scrape:Ignoring malparsed backtrace:
2021-12-08T22:11:09.365+0000 7fbfe9d9b700 5 --2- >> [v2:172.21.15.22:3301/0,v1:172.21.15.22:6790/0] conn(0x7fbfec13a490 0x7fbfec12d140 unknown :-1 s=HELLO_CONNECTING pgs=0 cs=0 l=1 rev1=1 crypto rx=0 tx=0 comp rx=0 tx=0).handle_hello received hello: peer_type=1 peer_addr_for_me=v2:172.21.15.22:53014/0 ,
2021-12-08T22:11:09.365+0000 7fbfea59c700 1 --2- >> [v2:172.21.15.22:3300/0,v1:172.21.15.22:6789/0] conn(0x7fbfec0a76c0 0x7fbfec0a1d60 unknown :-1 s=HELLO_CONNECTING pgs=0 cs=0 l=1 rev1=1 crypto rx=0 tx=0 comp rx=0 tx=0).handle_hello peer v2:172.21.15.22:3300/0 says I am v2:172.21.15.22:49294/0 (socket says 172.21.15.22:49294) ,
2021-12-08T22:11:09.365+0000 7fbfead9d700 1 --2- >> [v2:172.21.15.55:3300/0,v1:172.21.15.55:6789/0] conn(0x7fbfec13a8a0 0x7fbfec0a5b30 unknown :-1 s=HELLO_CONNECTING pgs=0 cs=0 l=1 rev1=1 crypto rx=0 tx=0 comp rx=0 tx=0).handle_hello peer v2:172.21.15.55:3300/0 says I am v2:172.21.15.22:57486/0 (socket says 172.21.15.22:57486)
2021-12-09T07:10:07.567 WARNING:scrape:Ignoring malparsed backtrace:
2021-12-08T22:11:09.365+0000 7fbfea59c700 20 -- 172.21.15.22:0/459296851 >> [v2:172.21.15.22:3300/0,v1:172.21.15.22:6789/0] conn(0x7fbfec0a76c0 msgr2=0x7fbfec0a1d60 secure :-1 s=STATE_CONNECTION_ESTABLISHED l=1).read start len=96 ,
2021-12-08T22:11:09.365+0000 7fbfead9d700 5 --2- 172.21.15.22:0/459296851 >> [v2:172.21.15.55:3300/0,v1:172.21.15.55:6789/0] conn(0x7fbfec13a8a0 0x7fbfec0a5b30 unknown :-1 s=CLOSED pgs=0 cs=0 l=1 rev1=1 crypto rx=0 tx=0 comp rx=0 tx=0).reset_compression ,
2021-12-08T22:11:09.365+0000 7fbfea59c700 20 --2- 172.21.15.22:0/459296851 >> [v2:172.21.15.22:3300/0,v1:172.21.15.22:6789/0] conn(0x7fbfec0a76c0 0x7fbfec0a1d60 secure :-1 s=AUTH_CONNECTING_SIGN pgs=0 cs=0 l=1 rev1=1 crypto rx=0x7fbfd800c490 tx=0x7fbfd8007bc0 comp rx=0 tx=0).handle_read_frame_preamble_main r=0
2021-12-09T07:10:07.568 WARNING:scrape:Ignoring malparsed backtrace:
2021-12-08T22:11:09.366+0000 7fbfea59c700 20 --2- 172.21.15.22:0/459296851 >> [v2:172.21.15.22:3300/0,v1:172.21.15.22:6789/0] conn(0x7fbfec0a76c0 0x7fbfec0a1d60 secure :-1 s=THROTTLE_MESSAGE pgs=865 cs=0 l=1 rev1=1 crypto rx=0x7fbfd800c490 tx=0x7fbfd8007bc0 comp rx=0 tx=0).throttle_message ,
2021-12-08T22:11:09.366+0000 7fbfea59c700 20 --2- 172.21.15.22:0/459296851 >> [v2:172.21.15.22:3300/0,v1:172.21.15.22:6789/0] conn(0x7fbfec0a76c0 0x7fbfec0a1d60 secure :-1 s=THROTTLE_BYTES pgs=865 cs=0 l=1 rev1=1 crypto rx=0x7fbfd800c490 tx=0x7fbfd8007bc0 comp rx=0 tx=0).throttle_bytes ,
2021-12-08T22:11:09.366+0000 7fbfea59c700 20 --2- 172.21.15.22:0/459296851 >> [v2:172.21.15.22:3300/0,v1:172.21.15.22:6789/0] conn(0x7fbfec0a76c0 0x7fbfec0a1d60 secure :-1 s=THROTTLE_DISPATCH_QUEUE pgs=865 cs=0 l=1 rev1=1 crypto rx=0x7fbfd800c490 tx=0x7fbfd8007bc0 comp rx=0 tx=0).throttle_dispatch_queue
2021-12-09T07:10:07.568 WARNING:scrape:Ignoring malparsed backtrace:
2021-12-08T22:11:09.367+0000 7fbfea59c700 20 -- 172.21.15.22:0/459296851 >> [v2:172.21.15.22:3300/0,v1:172.21.15.22:6789/0] conn(0x7fbfec0a76c0 msgr2=0x7fbfec0a1d60 secure :-1 s=STATE_CONNECTION_ESTABLISHED l=1).read start len=4480 ,
2021-12-08T22:11:09.367+0000 7fbfea59c700 20 --2- 172.21.15.22:0/459296851 >> [v2:172.21.15.22:3300/0,v1:172.21.15.22:6789/0] conn(0x7fbfec0a76c0 0x7fbfec0a1d60 secure :-1 s=THROTTLE_DONE pgs=865 cs=0 l=1 rev1=1 crypto rx=0x7fbfd800c490 tx=0x7fbfd8007bc0 comp rx=0 tx=0).handle_read_frame_segment r=0 ,
2021-12-08T22:11:09.367+0000 7fbfea59c700 20 -- 172.21.15.22:0/459296851 >> [v2:172.21.15.22:3300/0,v1:172.21.15.22:6789/0] conn(0x7fbfec0a76c0 msgr2=0x7fbfec0a1d60 secure :-1 s=STATE_CONNECTION_ESTABLISHED l=1).read start len=32
2021-12-09T07:10:07.569 WARNING:scrape:Ignoring malparsed backtrace:
2021-12-08T22:11:09.368+0000 7fbfead9d700 10 -- 172.21.15.22:0/459296851 >> v2:172.21.15.22:6806/33469 conn(0x7fbfc80682f0 msgr2=0x7fbfc806a7c0 unknown :-1 s=STATE_CONNECTING_RE l=1).process connect successfully, ready to send banner ,
2021-12-08T22:11:09.368+0000 7fbfead9d700 20 --2- 172.21.15.22:0/459296851 >> v2:172.21.15.22:6806/33469 conn(0x7fbfc80682f0 0x7fbfc806a7c0 unknown :-1 s=START_CONNECT pgs=0 cs=0 l=1 rev1=0 crypto rx=0 tx=0 comp rx=0 tx=0).read_event ,
2021-12-08T22:11:09.368+0000 7fbfead9d700 20 --2- 172.21.15.22:0/459296851 >> v2:172.21.15.22:6806/33469 conn(0x7fbfc80682f0 0x7fbfc806a7c0 unknown :-1 s=START_CONNECT pgs=0 cs=0 l=1 rev1=0 crypto rx=0 tx=0 comp rx=0 tx=0).start_client_banner_exchange
2021-12-09T07:10:07.570 WARNING:scrape:Ignoring malparsed backtrace:
2021-12-08T22:11:09.378+0000 7fbfead9d700 20 --2- 172.21.15.22:0/459296851 >> v2:172.21.15.22:6806/33469 conn(0x7fbfc80682f0 0x7fbfc806a7c0 unknown :-1 s=AUTH_CONNECTING pgs=0 cs=0 l=1 rev1=1 crypto rx=0 tx=0 comp rx=0 tx=0).handle_auth_done payload.length()=52 ,
2021-12-08T22:11:09.378+0000 7fbfead9d700 10 -- 172.21.15.22:0/459296851 >> v2:172.21.15.22:6806/33469 conn(0x7fbfc80682f0 msgr2=0x7fbfc806a7c0 crc :-1 s=STATE_CONNECTION_ESTABLISHED l=1)._try_send sent bytes 68 remaining bytes 0 ,
2021-12-08T22:11:09.378+0000 7fbfead9d700 20 --2- 172.21.15.22:0/459296851 >> v2:172.21.15.22:6806/33469 conn(0x7fbfc80682f0 0x7fbfc806a7c0 crc :-1 s=AUTH_CONNECTING_SIGN pgs=0 cs=0 l=1 rev1=1 crypto rx=0 tx=0 comp rx=0 tx=0).read_frame
2021-12-09T07:10:07.571 WARNING:scrape:Ignoring malparsed backtrace:
2021-12-08T22:11:09.390+0000 7fbfead9d700 20 -- 172.21.15.22:0/459296851 >> v2:172.21.15.22:6806/33469 conn(0x7fbfc80682f0 msgr2=0x7fbfc806a7c0 crc :-1 s=STATE_CONNECTION_ESTABLISHED l=1).read start len=32 ,
2021-12-08T22:11:09.390+0000 7fbfd67fc700 1 -- 172.21.15.22:0/459296851 <== osd.1 v2:172.21.15.22:6806/33469 2 ==== command_reply(tid 2: 0 ) v1 ==== 8+0+22 (crc 0 0 0) 0x7fbfec0a62b0 con 0x7fbfc80682f0 ,
2021-12-08T22:11:09.390+0000 7fbfd67fc700 10 -- 172.21.15.22:0/459296851 dispatch_throttle_release 30 to dispatch throttler 30/104857600
2021-12-09T07:10:07.571 WARNING:scrape:Ignoring malparsed backtrace:
2021-12-08T22:11:09.964+0000 7f2b461d7700 20 Event(0x7f2b400657a0 nevent=5000 time_id=1).wakeup ,
2021-12-08T22:11:09.964+0000 7f2b461d7700 10 -- create_connect 0x7f2b400a7e80 v1:172.21.15.55:6789/0 v1:172.21.15.55:6789/0 ,
2021-12-08T22:11:09.964+0000 7f2b461d7700 10 -- connect_to v1:172.21.15.55:6789/0 new 0x7f2b400a7e80
2021-12-09T07:10:07.572 WARNING:scrape:Ignoring malparsed backtrace:
2021-12-08T22:11:09.965+0000 7f2b3ffff700 20 --2- 172.21.15.22:0/3688405223 >> v2:172.21.15.22:3300/0 conn(0x7f2b40137150 0x7f2b40137560 unknown :-1 s=HELLO_CONNECTING pgs=0 cs=0 l=0 rev1=1 crypto rx=0 tx=0 comp rx=0 tx=0).read_frame_segment seg_idx=0 ,
2021-12-08T22:11:09.965+0000 7f2b3effd700 20 --1- 172.21.15.22:0/3688405223 >> v1:172.21.15.55:6789/0 conn(0x7f2b400a7e80 0x7f2b40139e20 :-1 s=CONNECTING_SEND_CONNECT_MSG pgs=0 cs=0 l=0).handle_connect_reply_2 ,
2021-12-08T22:11:09.965+0000 7f2b3f7fe700 20 --2- 172.21.15.22:0/3688405223 >> [v2:172.21.15.22:3301/0,v1:172.21.15.22:6790/0] conn(0x7f2b400a9330 0x7f2b400aa240 unknown :-1 s=HELLO_CONNECTING pgs=0 cs=0 l=0 rev1=1 crypto rx=0 tx=0 comp rx=0 tx=0).read_frame
2021-12-09T07:10:07.573 WARNING:scrape:Ignoring malparsed backtrace:
2021-12-08T22:11:09.965+0000 7f2b3effd700 20 --1- 172.21.15.22:0/3688405223 >> v1:172.21.15.55:6789/0 conn(0x7f2b400a7e80 0x7f2b40139e20 :-1 s=READ_FOOTER_AND_DISPATCH pgs=591 cs=1 l=1).handle_message_footer r=0 ,
2021-12-08T22:11:09.965+0000 7f2b3f7fe700 10 -- 172.21.15.22:0/3688405223 >> [v2:172.21.15.22:3301/0,v1:172.21.15.22:6790/0] conn(0x7f2b400a9330 msgr2=0x7f2b400aa240 unknown :-1 s=STATE_CONNECTION_ESTABLISHED l=0)._try_send sent bytes 76 remaining bytes 0 ,
2021-12-08T22:11:09.965+0000 7f2b3effd700 10 --1- 172.21.15.22:0/3688405223 >> v1:172.21.15.55:6789/0 conn(0x7f2b400a7e80 0x7f2b40139e20 :-1 s=READ_FOOTER_AND_DISPATCH pgs=591 cs=1 l=1).handle_message_footer aborted = 0
2021-12-09T07:10:07.573 WARNING:scrape:Ignoring malparsed backtrace:
2021-12-08T22:11:09.966+0000 7f2b3f7fe700 20 --2- 172.21.15.22:0/3688405223 >> [v2:172.21.15.22:3301/0,v1:172.21.15.22:6790/0] conn(0x7f2b400a9330 0x7f2b400aa240 secure :-1 s=SESSION_CONNECTING pgs=0 cs=0 l=0 rev1=1 crypto rx=0x7f2b2402d670 tx=0x7f2b24006e20 comp rx=0 tx=0).read_frame_segment seg_idx=0 ,
2021-12-08T22:11:09.966+0000 7f2b3f7fe700 20 -- 172.21.15.22:0/3688405223 >> [v2:172.21.15.22:3301/0,v1:172.21.15.22:6790/0] conn(0x7f2b400a9330 msgr2=0x7f2b400aa240 secure :-1 s=STATE_CONNECTION_ESTABLISHED l=0).read start len=96 ,
2021-12-08T22:11:09.966+0000 7f2b3f7fe700 20 --2- 172.21.15.22:0/3688405223 >> [v2:172.21.15.22:3301/0,v1:172.21.15.22:6790/0] conn(0x7f2b400a9330 0x7f2b400aa240 secure :-1 s=SESSION_CONNECTING pgs=0 cs=0 l=0 rev1=1 crypto rx=0x7f2b2402d670 tx=0x7f2b24006e20 comp rx=0 tx=0).handle_read_frame_segment r=0
2021-12-09T07:10:07.574 WARNING:scrape:Ignoring malparsed backtrace:
2021-12-08T22:11:09.967+0000 7f2b3f7fe700 5 --2- 172.21.15.22:0/3688405223 >> [v2:172.21.15.22:3301/0,v1:172.21.15.22:6790/0] conn(0x7f2b400a9330 0x7f2b400aa240 unknown :-1 s=CLOSED pgs=485 cs=0 l=1 rev1=1 crypto rx=0 tx=0 comp rx=0 tx=0).reset_compression ,
2021-12-08T22:11:09.967+0000 7f2b3f7fe700 20 EpollDriver.del_event del event fd=13 cur_mask=1 delmask=3 to 7 ,
2021-12-08T22:11:09.967+0000 7f2b461d7700 10 -- 172.21.15.22:0/3688405223 shutdown 172.21.15.22:0/3688405223
2021-12-09T07:10:07.575 WARNING:scrape:Ignoring malparsed backtrace:
2021-12-08T22:11:09.969+0000 7f2b3effd700 10 -- >> [v2:172.21.15.55:3300/0,v1:172.21.15.55:6789/0] conn(0x7f2b400a9330 msgr2=0x7f2b400a2480 unknown :-1 s=STATE_CONNECTING_RE l=1).process connect successfully, ready to send banner ,
2021-12-08T22:11:09.969+0000 7f2b3ffff700 20 --2- >> [v2:172.21.15.22:3300/0,v1:172.21.15.22:6789/0] conn(0x7f2b40137150 0x7f2b40082490 unknown :-1 s=BANNER_CONNECTING pgs=0 cs=0 l=1 rev1=0 crypto rx=0 tx=0 comp rx=0 tx=0)._banner_exchange ,
2021-12-08T22:11:09.969+0000 7f2b3effd700 20 --2- >> [v2:172.21.15.55:3300/0,v1:172.21.15.55:6789/0] conn(0x7f2b400a9330 0x7f2b400a2480 unknown :-1 s=START_CONNECT pgs=0 cs=0 l=1 rev1=0 crypto rx=0 tx=0 comp rx=0 tx=0).read_event
2021-12-09T07:10:07.575 WARNING:scrape:Ignoring malparsed backtrace:
2021-12-08T22:11:09.970+0000 7f2b3effd700 20 --2- 172.21.15.22:0/4055173039 >> [v2:172.21.15.55:3300/0,v1:172.21.15.55:6789/0] conn(0x7f2b400a9330 0x7f2b400a2480 unknown :-1 s=AUTH_CONNECTING pgs=0 cs=0 l=1 rev1=1 crypto rx=0 tx=0 comp rx=0 tx=0).handle_read_frame_preamble_main r=0 ,
2021-12-08T22:11:09.970+0000 7f2b3effd700 20 --2- 172.21.15.22:0/4055173039 >> [v2:172.21.15.55:3300/0,v1:172.21.15.55:6789/0] conn(0x7f2b400a9330 0x7f2b400a2480 unknown :-1 s=AUTH_CONNECTING pgs=0 cs=0 l=1 rev1=1 crypto rx=0 tx=0 comp rx=0 tx=0).read_frame_segment seg_idx=0 ,
2021-12-08T22:11:09.970+0000 7f2b3effd700 20 -- 172.21.15.22:0/4055173039 >> [v2:172.21.15.55:3300/0,v1:172.21.15.55:6789/0] conn(0x7f2b400a9330 msgr2=0x7f2b400a2480 unknown :-1 s=STATE_CONNECTION_ESTABLISHED l=1).read start len=17
2021-12-09T07:10:07.576 WARNING:scrape:Ignoring malparsed backtrace:
2021-12-08T22:11:09.970+0000 7f2b3f7fe700 20 -- 172.21.15.22:0/4055173039 >> [v2:172.21.15.22:3301/0,v1:172.21.15.22:6790/0] conn(0x7f2b400a7e80 msgr2=0x7f2b400698d0 secure :-1 s=STATE_CONNECTION_ESTABLISHED l=1).read start len=96 ,
2021-12-08T22:11:09.970+0000 7f2b3f7fe700 20 --2- 172.21.15.22:0/4055173039 >> [v2:172.21.15.22:3301/0,v1:172.21.15.22:6790/0] conn(0x7f2b400a7e80 0x7f2b400698d0 secure :-1 s=SESSION_CONNECTING pgs=0 cs=0 l=1 rev1=1 crypto rx=0x7f2b24007fd0 tx=0x7f2b24036000 comp rx=0 tx=0).handle_read_frame_segment r=0 ,
2021-12-08T22:11:09.970+0000 7f2b3f7fe700 10 --2- 172.21.15.22:0/4055173039 >> [v2:172.21.15.22:3301/0,v1:172.21.15.22:6790/0] conn(0x7f2b400a7e80 0x7f2b400698d0 secure :-1 s=SESSION_CONNECTING pgs=0 cs=0 l=1 rev1=1 crypto rx=0x7f2b24007fd0 tx=0x7f2b24036000 comp rx=0 tx=0).handle_read_frame_dispatch tag=9
2021-12-09T07:10:07.577 WARNING:scrape:Ignoring malparsed backtrace:
2021-12-08T22:11:09.971+0000 7f2b337fe700 20 -- 172.21.15.22:0/4055173039 done calling dispatch on 0x7f2b240062a0 ,
2021-12-08T22:11:09.971+0000 7f2b3f7fe700 20 --2- 172.21.15.22:0/4055173039 >> [v2:172.21.15.22:3301/0,v1:172.21.15.22:6790/0] conn(0x7f2b400a7e80 0x7f2b400698d0 secure :-1 s=READY pgs=486 cs=0 l=1 rev1=1 crypto rx=0x7f2b24007fd0 tx=0x7f2b24036000 comp rx=0 tx=0).prepare_send_message encoding features 4540138303579357183 0x7f2b2402d1b0 mon_subscribe({mgrmap=0+}) v3 ,
2021-12-08T22:11:09.971+0000 7f2b3f7fe700 15 authenticated_encrypt_update plaintext.length()=80 buffer.length()=80
2021-12-09T07:10:07.578 WARNING:scrape:Ignoring malparsed backtrace:
2021-12-08T22:11:09.973+0000 7f2b3effd700 1 --2- 172.21.15.22:0/4055173039 >> v2:172.21.15.22:6800/33232 conn(0x7f2b1c061ba0 0x7f2b1c0640b0 unknown :-1 s=BANNER_CONNECTING pgs=0 cs=0 l=1 rev1=0 crypto rx=0 tx=0 comp rx=0 tx=0)._handle_peer_banner_payload supported=3 required=0 ,
2021-12-08T22:11:09.973+0000 7f2b3effd700 10 -- 172.21.15.22:0/4055173039 >> v2:172.21.15.22:6800/33232 conn(0x7f2b1c061ba0 msgr2=0x7f2b1c0640b0 unknown :-1 s=STATE_CONNECTION_ESTABLISHED l=1)._try_send sent bytes 72 remaining bytes 0 ,
2021-12-08T22:11:09.973+0000 7f2b3effd700 20 --2- 172.21.15.22:0/4055173039 >> v2:172.21.15.22:6800/33232 conn(0x7f2b1c061ba0 0x7f2b1c0640b0 unknown :-1 s=HELLO_CONNECTING pgs=0 cs=0 l=1 rev1=1 crypto rx=0 tx=0 comp rx=0 tx=0).read_frame
2021-12-09T07:10:07.578 WARNING:scrape:Ignoring malparsed backtrace:
2021-12-08T22:11:09.977+0000 7f2b3f7fe700 5 --2- 172.21.15.22:0/4055173039 >> [v2:172.21.15.22:3301/0,v1:172.21.15.22:6790/0] conn(0x7f2b400a7e80 0x7f2b400698d0 secure :-1 s=THROTTLE_DONE pgs=486 cs=0 l=1 rev1=1 crypto rx=0x7f2b24007fd0 tx=0x7f2b24036000 comp rx=0 tx=0).handle_message got 72 + 0 + 154884 byte message. envelope type=51 src mon.2 off 0 ,
2021-12-08T22:11:09.977+0000 7f2b3f7fe700 5 --2- 172.21.15.22:0/4055173039 >> [v2:172.21.15.22:3301/0,v1:172.21.15.22:6790/0] conn(0x7f2b400a7e80 0x7f2b400698d0 secure :-1 s=READ_MESSAGE_COMPLETE pgs=486 cs=0 l=1 rev1=1 crypto rx=0x7f2b24007fd0 tx=0x7f2b24036000 comp rx=0 tx=0).handle_message received message m=0x7f2b240724a0 seq=6 from=mon.2 type=51 mon_command_ack([{"prefix": "get_command_descriptions"}]=0 v0) v1 ,
2021-12-08T22:11:09.977+0000 7f2b3f7fe700 20 -- 172.21.15.22:0/4055173039 queue 0x7f2b240724a0 prio 196
2021-12-09T07:10:07.579 WARNING:scrape:Ignoring malparsed backtrace:
2021-12-08T22:11:10.171+0000 7f2b461d7700 20 Event(0x7f2b400608a0 nevent=5000 time_id=5).wakeup ,
2021-12-08T22:11:10.171+0000 7f2b461d7700 20 Event(0x7f2b400657a0 nevent=5000 time_id=6).wakeup , instructed osd(s) 1 to deep-scrub
2021-12-09T07:10:07.580 WARNING:scrape:Ignoring malparsed backtrace:
2021-12-08T22:11:10.563+0000 7f7421cba700 10 -- >> v1:172.21.15.22:6789/0 conn(0x7f741c064510 legacy=0x7f741c06a650 unknown :-1 s=STATE_CONNECTION_ESTABLISHED l=0).handle_write ,
2021-12-08T22:11:10.563+0000 7f7422cbc700 10 -- >> v2:172.21.15.22:3300/0 conn(0x7f741c13e530 msgr2=0x7f741c140950 unknown :-1 s=STATE_CONNECTION_ESTABLISHED l=0)._try_send sent bytes 26 remaining bytes 0 ,
2021-12-08T22:11:10.563+0000 7f7421cba700 10 --1- >> v1:172.21.15.22:6789/0 conn(0x7f741c064510 0x7f741c06a650 :-1 s=CONNECTING_WAIT_BANNER_AND_IDENTIFY pgs=0 cs=0 l=0).write_event
2021-12-09T07:10:07.581 WARNING:scrape:Ignoring malparsed backtrace:
2021-12-08T22:11:10.563+0000 7f74224bb700 10 --1- 172.21.15.22:0/365900069 >> v1:172.21.15.55:6789/0 conn(0x7f741c0a7980 0x7f741c064d30 :-1 s=OPENED pgs=592 cs=1 l=1).append_keepalive_or_ack ,
2021-12-08T22:11:10.563+0000 7f7422cbc700 20 --2- 172.21.15.22:0/365900069 >> v2:172.21.15.22:3300/0 conn(0x7f741c13e530 0x7f741c140950 unknown :-1 s=AUTH_CONNECTING pgs=0 cs=0 l=0 rev1=1 crypto rx=0 tx=0 comp rx=0 tx=0).read_frame_segment seg_idx=0 ,
2021-12-08T22:11:10.563+0000 7f74224bb700 20 --1- 172.21.15.22:0/365900069 >> v1:172.21.15.55:6789/0 conn(0x7f741c0a7980 0x7f741c064d30 :-1 s=OPENED pgs=592 cs=1 l=1).prepare_send_message m auth(proto 0 30 bytes epoch 0) v1
2021-12-09T07:10:07.581 WARNING:scrape:Ignoring malparsed backtrace:
2021-12-08T22:11:10.564+0000 7f7421cba700 20 --1- 172.21.15.22:0/365900069 >> v1:172.21.15.22:6789/0 conn(0x7f741c064510 0x7f741c06a650 :-1 s=THROTTLE_DISPATCH_QUEUE pgs=866 cs=1 l=1).throttle_dispatch_queue ,
2021-12-08T22:11:10.564+0000 7f7421cba700 20 --1- 172.21.15.22:0/365900069 >> v1:172.21.15.22:6789/0 conn(0x7f741c064510 0x7f741c06a650 :-1 s=READ_MESSAGE_FRONT pgs=866 cs=1 l=1).read_message_front ,
2021-12-08T22:11:10.564+0000 7f74224bb700 5 --1- 172.21.15.22:0/365900069 >> v1:172.21.15.55:6789/0 conn(0x7f741c0a7980 0x7f741c064d30 :-1 s=OPENED pgs=592 cs=1 l=1).reset_recv_state (warped) reseting security handlers
2021-12-09T07:10:07.582 WARNING:scrape:Ignoring malparsed backtrace:
2021-12-08T22:11:10.564+0000 7f7422cbc700 20 --2- 172.21.15.22:0/365900069 >> [v2:172.21.15.22:3300/0,v1:172.21.15.22:6789/0] conn(0x7f741c13e530 0x7f741c140950 secure :-1 s=READY pgs=867 cs=0 l=1 rev1=1 crypto rx=0x7f74180099c0 tx=0x7f7418009220 comp rx=0 tx=0).write_message sending m=0x7f741c06ad60 seq=2 src=client.? off=0 ,
2021-12-08T22:11:10.564+0000 7f7422cbc700 10 -- 172.21.15.22:0/365900069 >> [v2:172.21.15.22:3300/0,v1:172.21.15.22:6789/0] conn(0x7f741c13e530 msgr2=0x7f741c140950 secure :-1 s=STATE_CONNECTION_ESTABLISHED l=1)._try_send sent bytes 192 remaining bytes 0 ,
2021-12-08T22:11:10.565+0000 7f7422cbc700 10 --2- 172.21.15.22:0/365900069 >> [v2:172.21.15.22:3300/0,v1:172.21.15.22:6789/0] conn(0x7f741c13e530 0x7f741c140950 secure :-1 s=READY pgs=867 cs=0 l=1 rev1=1 crypto rx=0x7f74180099c0 tx=0x7f7418009220 comp rx=0 tx=0).write_message sending 0x7f741c06ad60 done.
2021-12-09T07:10:07.583 WARNING:scrape:Ignoring malparsed backtrace:
2021-12-08T22:11:10.566+0000 7f742471f700 20 Event(0x7f741c0ae1c0 nevent=5000 time_id=3).wakeup ,
2021-12-08T22:11:10.566+0000 7f742471f700 20 Event(0x7f741c05f6f0 nevent=5000 time_id=3).wakeup ,
2021-12-08T22:11:10.566+0000 7f742471f700 20 Event(0x7f741c066ff0 nevent=5000 time_id=3).wakeup
2021-12-09T07:10:07.583 WARNING:scrape:Ignoring malparsed backtrace:
2021-12-08T22:11:10.568+0000 7f74224bb700 10 -- 172.21.15.22:0/1658554384 learned_addr had no addrs ,
2021-12-08T22:11:10.568+0000 7f7422cbc700 20 -- >> [v2:172.21.15.22:3301/0,v1:172.21.15.22:6790/0] conn(0x7f741c13e530 msgr2=0x7f741c13d5d0 unknown :-1 s=STATE_CONNECTION_ESTABLISHED l=1).process ,
2021-12-08T22:11:10.568+0000 7f74224bb700 1 -- 172.21.15.22:0/1658554384 learned_addr learned my addr 172.21.15.22:0/1658554384 (peer_addr_for_me v2:172.21.15.22:0/0)
2021-12-09T07:10:07.584 WARNING:scrape:Ignoring malparsed backtrace:
2021-12-08T22:11:10.568+0000 7f7422cbc700 5 --2- 172.21.15.22:0/1658554384 >> [v2:172.21.15.22:3301/0,v1:172.21.15.22:6790/0] conn(0x7f741c13e530 0x7f741c13d5d0 unknown :-1 s=CLOSED pgs=0 cs=0 l=1 rev1=1 crypto rx=0 tx=0 comp rx=0 tx=0).reset_security ,
2021-12-08T22:11:10.568+0000 7f74224bb700 1 -- 172.21.15.22:0/1658554384 >> [v2:172.21.15.55:3300/0,v1:172.21.15.55:6789/0] conn(0x7f741c0a7980 msgr2=0x7f741c076320 unknown :-1 s=STATE_CONNECTION_ESTABLISHED l=1).mark_down ,
2021-12-08T22:11:10.568+0000 7f7421cba700 20 -- 172.21.15.22:0/1658554384 >> [v2:172.21.15.55:3300/0,v1:172.21.15.55:6789/0] conn(0x7f741c0a7980 msgr2=0x7f741c076320 unknown :-1 s=STATE_CONNECTION_ESTABLISHED l=1).process
2021-12-09T07:10:07.585 WARNING:scrape:Ignoring malparsed backtrace:
2021-12-08T22:11:10.569+0000 7f74224bb700 20 --2- 172.21.15.22:0/1658554384 >> [v2:172.21.15.22:3300/0,v1:172.21.15.22:6789/0] conn(0x7f741c064510 0x7f741c077090 secure :-1 s=THROTTLE_DONE pgs=868 cs=0 l=1 rev1=1 crypto rx=0x7f740c00c490 tx=0x7f740c007c10 comp rx=0 tx=0).handle_read_frame_segment r=0 ,
2021-12-08T22:11:10.569+0000 7f74224bb700 20 -- 172.21.15.22:0/1658554384 >> [v2:172.21.15.22:3300/0,v1:172.21.15.22:6789/0] conn(0x7f741c064510 msgr2=0x7f741c077090 secure :-1 s=STATE_CONNECTION_ESTABLISHED l=1).read start len=32 ,
