2021-12-08T22:11:10.569+0000 7f74224bb700 20 --2- 172.21.15.22:0/1658554384 >> [v2:172.21.15.22:3300/0,v1:172.21.15.22:6789/0] conn(0x7f741c064510 0x7f741c077090 secure :-1 s=THROTTLE_DONE pgs=868 cs=0 l=1 rev1=1 crypto rx=0x7f740c00c490 tx=0x7f740c007c10 comp rx=0 tx=0).handle_read_frame_epilogue_main r=0
2021-12-09T07:10:08.906 WARNING:scrape:Ignoring malparsed backtrace:
2021-12-08T22:11:10.570+0000 7f74224bb700 20 -- 172.21.15.22:0/1658554384 >> [v2:172.21.15.22:3300/0,v1:172.21.15.22:6789/0] conn(0x7f741c064510 msgr2=0x7f741c077090 secure :-1 s=STATE_CONNECTION_ESTABLISHED l=1).process ,
2021-12-08T22:11:10.570+0000 7f74224bb700 20 -- 172.21.15.22:0/1658554384 >> [v2:172.21.15.22:3300/0,v1:172.21.15.22:6789/0] conn(0x7f741c064510 msgr2=0x7f741c077090 secure :-1 s=STATE_CONNECTION_ESTABLISHED l=1).read continue len=96 ,
2021-12-08T22:11:10.570+0000 7f74224bb700 20 --2- 172.21.15.22:0/1658554384 >> [v2:172.21.15.22:3300/0,v1:172.21.15.22:6789/0] conn(0x7f741c064510 0x7f741c077090 secure :-1 s=READY pgs=868 cs=0 l=1 rev1=1 crypto rx=0x7f740c00c490 tx=0x7f740c007c10 comp rx=0 tx=0).handle_read_frame_preamble_main r=0
2021-12-09T07:10:08.907 WARNING:scrape:Ignoring malparsed backtrace:
2021-12-08T22:11:10.572+0000 7f740a7fc700 10 -- 172.21.15.22:0/1658554384 connect_to v2:172.21.15.22:6808/33527 new 0x7f73fc068180 ,
2021-12-08T22:11:10.572+0000 7f740a7fc700 1 -- 172.21.15.22:0/1658554384 --> v2:172.21.15.22:6808/33527 -- command(tid 1: {"prefix": "get_command_descriptions"}) v1 -- 0x7f73fc06ace0 con 0x7f73fc068180 ,
2021-12-08T22:11:10.572+0000 7f740a7fc700 5 --2- 172.21.15.22:0/1658554384 >> v2:172.21.15.22:6808/33527 conn(0x7f73fc068180 0x7f73fc06a650 unknown :-1 s=START_CONNECT pgs=0 cs=0 l=1 rev1=0 crypto rx=0 tx=0 comp rx=0 tx=0).send_message enqueueing message m=0x7f73fc06ace0 type=97 command(tid 1: {"prefix": "get_command_descriptions"}) v1
2021-12-09T07:10:08.907 WARNING:scrape:Ignoring malparsed backtrace:
2021-12-08T22:11:10.575+0000 7f7422cbc700 5 --2- 172.21.15.22:0/1658554384 >> v2:172.21.15.22:6808/33527 conn(0x7f73fc068180 0x7f73fc06a650 unknown :-1 s=HELLO_CONNECTING pgs=0 cs=0 l=1 rev1=1 crypto rx=0 tx=0 comp rx=0 tx=0).handle_hello received hello: peer_type=4 peer_addr_for_me=v2:172.21.15.22:60864/0 ,
2021-12-08T22:11:10.575+0000 7f7422cbc700 5 --2- 172.21.15.22:0/1658554384 >> v2:172.21.15.22:6808/33527 conn(0x7f73fc068180 0x7f73fc06a650 unknown :-1 s=HELLO_CONNECTING pgs=0 cs=0 l=1 rev1=1 crypto rx=0 tx=0 comp rx=0 tx=0).handle_hello getsockname says I am 172.21.15.22:60864 when talking to v2:172.21.15.22:6808/33527 ,
2021-12-08T22:11:10.575+0000 7f7422cbc700 20 --2- 172.21.15.22:0/1658554384 >> v2:172.21.15.22:6808/33527 conn(0x7f73fc068180 0x7f73fc06a650 unknown :-1 s=HELLO_CONNECTING pgs=0 cs=0 l=1 rev1=1 crypto rx=0 tx=0 comp rx=0 tx=0).post_client_banner_exchange
2021-12-09T07:10:08.908 WARNING:scrape:Ignoring malparsed backtrace:
2021-12-08T22:11:10.605+0000 7f7422cbc700 5 --2- 172.21.15.22:0/1658554384 >> v2:172.21.15.22:6808/33527 conn(0x7f73fc068180 0x7f73fc06a650 crc :-1 s=READY pgs=68 cs=0 l=1 rev1=1 crypto rx=0 tx=0 comp rx=0 tx=0).write_message sending message m=0x7f741c074ee0 seq=2 command(tid 2: {"prefix": "config set", "var": "osd_debug_deep_scrub_sleep", "val": ["0"]}) v1 ,
2021-12-08T22:11:10.605+0000 7f7422cbc700 20 --2- 172.21.15.22:0/1658554384 >> v2:172.21.15.22:6808/33527 conn(0x7f73fc068180 0x7f73fc06a650 crc :-1 s=READY pgs=68 cs=0 l=1 rev1=1 crypto rx=0 tx=0 comp rx=0 tx=0).write_message sending m=0x7f741c074ee0 seq=2 src=client.5523 off=0 ,
2021-12-08T22:11:10.605+0000 7f7422cbc700 10 -- 172.21.15.22:0/1658554384 >> v2:172.21.15.22:6808/33527 conn(0x7f73fc068180 msgr2=0x7f73fc06a650 crc :-1 s=STATE_CONNECTION_ESTABLISHED l=1)._try_send sent bytes 189 remaining bytes 0
2021-12-09T07:10:08.909 WARNING:scrape:Ignoring malparsed backtrace:
2021-12-08T22:11:11.167+0000 7f75362c1700 10 CompressorRegistry(0x7f753006d630) _refresh_config ms_osd_compression_mode 0 ms_osd_compression_methods [1,2,3,4] ms_osd_compress_above_min_size 1024 ms_compress_secure 0 ,
2021-12-08T22:11:11.167+0000 7f753485e700 2 Event(0x7f75300af2a0 nevent=5000 time_id=1).set_owner center_id=0 owner=140141369091840 ,
2021-12-08T22:11:11.167+0000 7f753485e700 20 Event(0x7f75300af2a0 nevent=5000 time_id=1).create_file_event create event started fd=5 mask=1 original mask is 0
2021-12-09T07:10:08.909 WARNING:scrape:Ignoring malparsed backtrace:
2021-12-08T22:11:11.168+0000 7f752ffff700 20 --1- >> v1:172.21.15.55:6789/0 conn(0x7f75300a0650 0x7f75300a19c0 :-1 s=CONNECTING_WAIT_BANNER_AND_IDENTIFY pgs=0 cs=0 l=0).handle_server_banner_and_identify connect read peer addr v1:172.21.15.55:6789/0 on socket 13 ,
2021-12-08T22:11:11.168+0000 7f752f7fe700 1 --2- >> v2:172.21.15.22:3300/0 conn(0x7f7530137c70 0x7f753013bb10 unknown :-1 s=BANNER_CONNECTING pgs=0 cs=0 l=0 rev1=0 crypto rx=0 tx=0 comp rx=0 tx=0)._handle_peer_banner_payload supported=3 required=0 ,
2021-12-08T22:11:11.168+0000 7f752ffff700 20 --1- >> v1:172.21.15.55:6789/0 conn(0x7f75300a0650 0x7f75300a19c0 :-1 s=CONNECTING_WAIT_BANNER_AND_IDENTIFY pgs=0 cs=0 l=0).handle_server_banner_and_identify connect peer addr for me is v1:172.21.15.22:37710/0
2021-12-09T07:10:08.910 WARNING:scrape:Ignoring malparsed backtrace:
2021-12-08T22:11:11.169+0000 7f752ffff700 20 -- 172.21.15.22:0/3785423071 >> v1:172.21.15.55:6789/0 conn(0x7f75300a0650 legacy=0x7f75300a19c0 unknown :-1 s=STATE_CONNECTION_ESTABLISHED l=1).read start len=8 ,
2021-12-08T22:11:11.169+0000 7f752ffff700 20 --1- 172.21.15.22:0/3785423071 >> v1:172.21.15.55:6789/0 conn(0x7f75300a0650 0x7f75300a19c0 :-1 s=OPENED pgs=593 cs=1 l=1).handle_keepalive2_ack r=0 ,
2021-12-08T22:11:11.169+0000 7f752f7fe700 20 --2- 172.21.15.22:0/3785423071 >> v2:172.21.15.22:3300/0 conn(0x7f7530137c70 0x7f753013bb10 unknown :-1 s=AUTH_CONNECTING pgs=0 cs=0 l=0 rev1=1 crypto rx=0 tx=0 comp rx=0 tx=0).handle_auth_reply_more payload.length()=13
2021-12-09T07:10:08.911 WARNING:scrape:Ignoring malparsed backtrace:
2021-12-08T22:11:11.169+0000 7f753485e700 20 --2- 172.21.15.22:0/3785423071 >> v2:172.21.15.55:3300/0 conn(0x7f7530134f00 0x7f7530135310 secure :-1 s=AUTH_CONNECTING_SIGN pgs=0 cs=0 l=0 rev1=1 crypto rx=0x7f75300a8c60 tx=0x7f7524004f90 comp rx=0 tx=0).read_frame ,
2021-12-08T22:11:11.169+0000 7f753485e700 20 -- 172.21.15.22:0/3785423071 >> v2:172.21.15.55:3300/0 conn(0x7f7530134f00 msgr2=0x7f7530135310 secure :-1 s=STATE_CONNECTION_ESTABLISHED l=0).read start len=96 ,
2021-12-08T22:11:11.169+0000 7f753485e700 20 --2- 172.21.15.22:0/3785423071 >> v2:172.21.15.55:3300/0 conn(0x7f7530134f00 0x7f7530135310 secure :-1 s=AUTH_CONNECTING_SIGN pgs=0 cs=0 l=0 rev1=1 crypto rx=0x7f75300a8c60 tx=0x7f7524004f90 comp rx=0 tx=0).handle_read_frame_preamble_main r=0
2021-12-09T07:10:08.912 WARNING:scrape:Ignoring malparsed backtrace:
2021-12-08T22:11:11.170+0000 7f753485e700 20 --2- 172.21.15.22:0/3785423071 >> [v2:172.21.15.55:3300/0,v1:172.21.15.55:6789/0] conn(0x7f7530134f00 0x7f7530135310 secure :-1 s=READY pgs=594 cs=0 l=1 rev1=1 crypto rx=0x7f75300a8c60 tx=0x7f7524004f90 comp rx=0 tx=0).handle_read_frame_preamble_main r=0 ,
2021-12-08T22:11:11.170+0000 7f752effd700 1 -- 172.21.15.22:0/3785423071 <== mon.1 v2:172.21.15.55:3300/0 2 ==== config(0 keys) v1 ==== 4+0+0 (secure 0 0 0) 0x7f7524030070 con 0x7f7530134f00 ,
2021-12-08T22:11:11.170+0000 7f753485e700 20 --2- 172.21.15.22:0/3785423071 >> [v2:172.21.15.55:3300/0,v1:172.21.15.55:6789/0] conn(0x7f7530134f00 0x7f7530135310 secure :-1 s=THROTTLE_MESSAGE pgs=594 cs=0 l=1 rev1=1 crypto rx=0x7f75300a8c60 tx=0x7f7524004f90 comp rx=0 tx=0).throttle_message
2021-12-09T07:10:08.912 WARNING:scrape:Ignoring malparsed backtrace:
2021-12-08T22:11:11.173+0000 7f752ffff700 20 Event(0x7f7530060910 nevent=5000 time_id=4).create_file_event create event end fd=16 mask=1 current mask is 1 ,
2021-12-08T22:11:11.173+0000 7f75362c1700 5 --2- >> [v2:172.21.15.55:3300/0,v1:172.21.15.55:6789/0] conn(0x7f7530137c70 0x7f75300a1400 unknown :-1 s=START_CONNECT pgs=0 cs=0 l=1 rev1=0 crypto rx=0 tx=0 comp rx=0 tx=0).send_message enqueueing message m=0x7f75300a4d10 type=5 mon_getmap magic: 0 v1 ,
2021-12-08T22:11:11.173+0000 7f752ffff700 20 EpollDriver.del_event del event fd=16 cur_mask=1 delmask=2 to 7
2021-12-09T07:10:08.913 WARNING:scrape:Ignoring malparsed backtrace:
2021-12-08T22:11:11.173+0000 7f753485e700 20 -- 172.21.15.22:0/1971883668 >> [v2:172.21.15.55:3300/0,v1:172.21.15.55:6789/0] conn(0x7f7530137c70 msgr2=0x7f75300a1400 unknown :-1 s=STATE_CONNECTION_ESTABLISHED l=1).read start len=10 ,
2021-12-08T22:11:11.173+0000 7f752f7fe700 10 --2- 172.21.15.22:0/1971883668 >> [v2:172.21.15.22:3300/0,v1:172.21.15.22:6789/0] conn(0x7f7530134f00 0x7f75300a46b0 unknown :-1 s=AUTH_CONNECTING pgs=0 cs=0 l=1 rev1=1 crypto rx=0 tx=0 comp rx=0 tx=0).handle_read_frame_dispatch tag=4 ,
2021-12-08T22:11:11.173+0000 7f752f7fe700 20 --2- 172.21.15.22:0/1971883668 >> [v2:172.21.15.22:3300/0,v1:172.21.15.22:6789/0] conn(0x7f7530134f00 0x7f75300a46b0 unknown :-1 s=AUTH_CONNECTING pgs=0 cs=0 l=1 rev1=1 crypto rx=0 tx=0 comp rx=0 tx=0).handle_auth_reply_more payload.length()=13
2021-12-09T07:10:08.914 WARNING:scrape:Ignoring malparsed backtrace:
2021-12-08T22:11:11.173+0000 7f752ffff700 20 -- 172.21.15.22:0/1971883668 >> [v2:172.21.15.22:3301/0,v1:172.21.15.22:6790/0] conn(0x7f75300a0650 msgr2=0x7f75300a6cc0 secure :-1 s=STATE_CONNECTION_ESTABLISHED l=1).read continue len=96 ,
2021-12-08T22:11:11.173+0000 7f752ffff700 20 --2- 172.21.15.22:0/1971883668 >> [v2:172.21.15.22:3301/0,v1:172.21.15.22:6790/0] conn(0x7f75300a0650 0x7f75300a6cc0 secure :-1 s=COMPRESSION_CONNECTING pgs=0 cs=0 l=1 rev1=1 crypto rx=0x7f7514009390 tx=0x7f7514006e10 comp rx=0 tx=0).handle_read_frame_preamble_main r=0 ,
2021-12-08T22:11:11.173+0000 7f752ffff700 20 --2- 172.21.15.22:0/1971883668 >> [v2:172.21.15.22:3301/0,v1:172.21.15.22:6790/0] conn(0x7f75300a0650 0x7f75300a6cc0 secure :-1 s=COMPRESSION_CONNECTING pgs=0 cs=0 l=1 rev1=1 crypto rx=0x7f7514009390 tx=0x7f7514006e10 comp rx=0 tx=0).read_frame_segment seg_idx=0
2021-12-09T07:10:08.915 WARNING:scrape:Ignoring malparsed backtrace:
2021-12-08T22:11:11.174+0000 7f752ffff700 5 --2- 172.21.15.22:0/1971883668 >> [v2:172.21.15.22:3301/0,v1:172.21.15.22:6790/0] conn(0x7f75300a0650 0x7f75300a6cc0 secure :-1 s=READ_MESSAGE_COMPLETE pgs=487 cs=0 l=1 rev1=1 crypto rx=0x7f7514009390 tx=0x7f7514006e10 comp rx=0 tx=0).handle_message received message m=0x7f7514003860 seq=3 from=mon.2 type=4 mon_map magic: 0 v1 ,
2021-12-08T22:11:11.174+0000 7f752ffff700 20 -- 172.21.15.22:0/1971883668 queue 0x7f7514003860 prio 196 ,
2021-12-08T22:11:11.174+0000 7f75362c1700 1 -- 172.21.15.22:0/1971883668 --> [v2:172.21.15.22:3301/0,v1:172.21.15.22:6790/0] -- mon_subscribe({mgrmap=0+}) v3 -- 0x7f75240073d0 con 0x7f75300a0650
2021-12-09T07:10:08.915 WARNING:scrape:Ignoring malparsed backtrace:
2021-12-08T22:11:11.177+0000 7f7523fff700 20 -- 172.21.15.22:0/1971883668 done calling dispatch on 0x7f7514013030 ,
2021-12-08T22:11:11.177+0000 7f752f7fe700 20 -- 172.21.15.22:0/1971883668 >> v2:172.21.15.22:6800/33232 conn(0x7f750c061ba0 msgr2=0x7f750c0640b0 unknown :-1 s=STATE_CONNECTING l=1).process ,
2021-12-08T22:11:11.177+0000 7f752f7fe700 20 Event(0x7f75300680d0 nevent=5000 time_id=4).create_file_event create event started fd=17 mask=1 original mask is 0
2021-12-09T07:10:08.916 WARNING:scrape:Ignoring malparsed backtrace:
2021-12-08T22:11:11.182+0000 7f752ffff700 20 -- 172.21.15.22:0/1971883668 >> [v2:172.21.15.22:3301/0,v1:172.21.15.22:6790/0] conn(0x7f75300a0650 msgr2=0x7f75300a6cc0 secure :-1 s=STATE_CONNECTION_ESTABLISHED l=1).process ,
2021-12-08T22:11:11.182+0000 7f752ffff700 20 -- 172.21.15.22:0/1971883668 >> [v2:172.21.15.22:3301/0,v1:172.21.15.22:6790/0] conn(0x7f75300a0650 msgr2=0x7f75300a6cc0 secure :-1 s=STATE_CONNECTION_ESTABLISHED l=1).read continue len=96 ,
2021-12-08T22:11:11.182+0000 7f752ffff700 20 --2- 172.21.15.22:0/1971883668 >> [v2:172.21.15.22:3301/0,v1:172.21.15.22:6790/0] conn(0x7f75300a0650 0x7f75300a6cc0 secure :-1 s=READY pgs=487 cs=0 l=1 rev1=1 crypto rx=0x7f7514009390 tx=0x7f7514006e10 comp rx=0 tx=0).handle_read_frame_preamble_main r=0
2021-12-09T07:10:08.917 WARNING:scrape:Ignoring malparsed backtrace:
2021-12-08T22:11:11.352+0000 7f75362c1700 2 --1- 172.21.15.22:0/1971883668 >> 172.21.15.22:0/1971883668 conn(0x7f7530063490 0x7f75300aa1b0 :-1 s=NONE pgs=0 cs=0 l=0).stop ,
2021-12-08T22:11:11.352+0000 7f75362c1700 5 --1- 172.21.15.22:0/1971883668 >> 172.21.15.22:0/1971883668 conn(0x7f7530063490 0x7f75300aa1b0 :-1 s=NONE pgs=0 cs=0 l=0).reset_recv_state ,
2021-12-08T22:11:11.352+0000 7f75362c1700 20 Event(0x7f75300af2a0 nevent=5000 time_id=5).wakeup
2021-12-09T07:10:08.917 WARNING:scrape:Ignoring malparsed backtrace:
2021-12-08T22:11:11.759+0000 7f96c1a61700 20 -- >> v2:172.21.15.22:3300/0 conn(0x7f96bc064510 msgr2=0x7f96bc06a650 unknown :-1 s=STATE_CONNECTION_ESTABLISHED l=0).read start len=10 ,
2021-12-08T22:11:11.760+0000 7f96c2a63700 10 -- >> v2:172.21.15.55:3300/0 conn(0x7f96bc06ab90 msgr2=0x7f96bc138f50 unknown :-1 s=STATE_CONNECTION_ESTABLISHED l=0)._try_send sent bytes 26 remaining bytes 0 ,
2021-12-08T22:11:11.760+0000 7f96c2a63700 20 -- >> v2:172.21.15.55:3300/0 conn(0x7f96bc06ab90 msgr2=0x7f96bc138f50 unknown :-1 s=STATE_CONNECTION_ESTABLISHED l=0).read start len=10
2021-12-09T07:10:08.918 WARNING:scrape:Ignoring malparsed backtrace:
2021-12-08T22:11:11.760+0000 7f96c2262700 5 --2- 172.21.15.22:0/3927892418 >> [v2:172.21.15.22:3301/0,v1:172.21.15.22:6790/0] conn(0x7f96bc0a7980 0x7f96bc064d30 unknown :-1 s=AUTH_CONNECTING pgs=0 cs=0 l=0 rev1=1 crypto rx=0 tx=0 comp rx=0 tx=0).handle_auth_reply_more auth reply more len=9 ,
2021-12-08T22:11:11.760+0000 7f96c2a63700 20 --2- 172.21.15.22:0/3927892418 >> v2:172.21.15.55:3300/0 conn(0x7f96bc06ab90 0x7f96bc138f50 unknown :-1 s=AUTH_CONNECTING pgs=0 cs=0 l=0 rev1=1 crypto rx=0 tx=0 comp rx=0 tx=0).read_frame_segment seg_idx=0 ,
2021-12-08T22:11:11.760+0000 7f96c1a61700 5 --2- 172.21.15.22:0/3927892418 >> v2:172.21.15.22:3300/0 conn(0x7f96bc064510 0x7f96bc06a650 unknown :-1 s=AUTH_CONNECTING pgs=0 cs=0 l=0 rev1=1 crypto rx=0 tx=0 comp rx=0 tx=0).handle_auth_reply_more auth reply more len=9
2021-12-09T07:10:08.919 WARNING:scrape:Ignoring malparsed backtrace:
2021-12-08T22:11:11.761+0000 7f96c1a61700 20 -- 172.21.15.22:0/3927892418 >> v2:172.21.15.22:3300/0 conn(0x7f96bc064510 msgr2=0x7f96bc06a650 secure :-1 s=STATE_CONNECTION_ESTABLISHED l=0).process ,
2021-12-08T22:11:11.761+0000 7f96c1a61700 20 -- 172.21.15.22:0/3927892418 >> v2:172.21.15.22:3300/0 conn(0x7f96bc064510 msgr2=0x7f96bc06a650 secure :-1 s=STATE_CONNECTION_ESTABLISHED l=0).read continue len=96 ,
2021-12-08T22:11:11.761+0000 7f96c1a61700 20 --2- 172.21.15.22:0/3927892418 >> v2:172.21.15.22:3300/0 conn(0x7f96bc064510 0x7f96bc06a650 secure :-1 s=SESSION_CONNECTING pgs=0 cs=0 l=0 rev1=1 crypto rx=0x7f96bc0688b0 tx=0x7f96b0006ee0 comp rx=0 tx=0).handle_read_frame_preamble_main r=0
2021-12-09T07:10:08.920 WARNING:scrape:Ignoring malparsed backtrace:
2021-12-08T22:11:11.762+0000 7f96c1a61700 5 --2- 172.21.15.22:0/3927892418 >> [v2:172.21.15.22:3300/0,v1:172.21.15.22:6789/0] conn(0x7f96bc064510 0x7f96bc06a650 secure :-1 s=CLOSED pgs=869 cs=0 l=1 rev1=1 crypto rx=0x7f96bc0688b0 tx=0x7f96b0006ee0 comp rx=0 tx=0).reset_recv_state (warped) reseting crypto and compression handlers ,
2021-12-08T22:11:11.762+0000 7f96c1a61700 5 --2- 172.21.15.22:0/3927892418 >> [v2:172.21.15.22:3300/0,v1:172.21.15.22:6789/0] conn(0x7f96bc064510 0x7f96bc06a650 secure :-1 s=CLOSED pgs=869 cs=0 l=1 rev1=1 crypto rx=0x7f96bc0688b0 tx=0x7f96b0006ee0 comp rx=0 tx=0).reset_security ,
2021-12-08T22:11:11.762+0000 7f96c1a61700 5 --2- 172.21.15.22:0/3927892418 >> [v2:172.21.15.22:3300/0,v1:172.21.15.22:6789/0] conn(0x7f96bc064510 0x7f96bc06a650 unknown :-1 s=CLOSED pgs=869 cs=0 l=1 rev1=1 crypto rx=0 tx=0 comp rx=0 tx=0).reset_compression
2021-12-09T07:10:08.920 WARNING:scrape:Ignoring malparsed backtrace:
2021-12-08T22:11:11.764+0000 7f96c1a61700 1 --2- >> [v2:172.21.15.22:3301/0,v1:172.21.15.22:6790/0] conn(0x7f96bc06ab90 0x7f96bc133860 unknown :-1 s=BANNER_CONNECTING pgs=0 cs=0 l=1 rev1=0 crypto rx=0 tx=0 comp rx=0 tx=0)._handle_peer_banner_payload supported=3 required=0 ,
2021-12-08T22:11:11.764+0000 7f96c1a61700 10 -- >> [v2:172.21.15.22:3301/0,v1:172.21.15.22:6790/0] conn(0x7f96bc06ab90 msgr2=0x7f96bc133860 unknown :-1 s=STATE_CONNECTION_ESTABLISHED l=1)._try_send sent bytes 72 remaining bytes 0 ,
2021-12-08T22:11:11.764+0000 7f96c1a61700 20 --2- >> [v2:172.21.15.22:3301/0,v1:172.21.15.22:6790/0] conn(0x7f96bc06ab90 0x7f96bc133860 unknown :-1 s=HELLO_CONNECTING pgs=0 cs=0 l=1 rev1=1 crypto rx=0 tx=0 comp rx=0 tx=0).read_frame
2021-12-09T07:10:08.921 WARNING:scrape:Ignoring malparsed backtrace:
2021-12-08T22:11:11.765+0000 7f96c2a63700 20 --2- 172.21.15.22:0/1354913317 >> [v2:172.21.15.55:3300/0,v1:172.21.15.55:6789/0] conn(0x7f96bc0a7980 0x7f96bc138130 unknown :-1 s=HELLO_CONNECTING pgs=0 cs=0 l=1 rev1=1 crypto rx=0 tx=0 comp rx=0 tx=0).handle_hello payload.length()=36 ,
2021-12-08T22:11:11.765+0000 7f96c1a61700 20 -- 172.21.15.22:0/1354913317 >> [v2:172.21.15.22:3301/0,v1:172.21.15.22:6790/0] conn(0x7f96bc06ab90 msgr2=0x7f96bc133860 unknown :-1 s=STATE_CONNECTION_ESTABLISHED l=1).read start len=844 ,
2021-12-08T22:11:11.765+0000 7f96c2a63700 5 --2- 172.21.15.22:0/1354913317 >> [v2:172.21.15.55:3300/0,v1:172.21.15.55:6789/0] conn(0x7f96bc0a7980 0x7f96bc138130 unknown :-1 s=HELLO_CONNECTING pgs=0 cs=0 l=1 rev1=1 crypto rx=0 tx=0 comp rx=0 tx=0).handle_hello received hello: peer_type=1 peer_addr_for_me=v2:172.21.15.22:57546/0
2021-12-09T07:10:08.922 WARNING:scrape:Ignoring malparsed backtrace:
2021-12-08T22:11:11.765+0000 7f96c1a61700 20 -- 172.21.15.22:0/1354913317 >> [v2:172.21.15.22:3301/0,v1:172.21.15.22:6790/0] conn(0x7f96bc06ab90 msgr2=0x7f96bc133860 secure :-1 s=STATE_CONNECTION_ESTABLISHED l=1).read start len=96 ,
2021-12-08T22:11:11.765+0000 7f96c1a61700 10 -- 172.21.15.22:0/1354913317 >> [v2:172.21.15.22:3301/0,v1:172.21.15.22:6790/0] conn(0x7f96bc06ab90 msgr2=0x7f96bc133860 secure :-1 s=STATE_CONNECTION_ESTABLISHED l=1).handle_write ,
2021-12-08T22:11:11.765+0000 7f96c1a61700 10 --2- 172.21.15.22:0/1354913317 >> [v2:172.21.15.22:3301/0,v1:172.21.15.22:6790/0] conn(0x7f96bc06ab90 0x7f96bc133860 secure :-1 s=READY pgs=488 cs=0 l=1 rev1=1 crypto rx=0x7f96bc0adf30 tx=0x7f96b0015000 comp rx=0 tx=0).write_event
2021-12-09T07:10:08.923 WARNING:scrape:Ignoring malparsed backtrace:
2021-12-08T22:11:11.766+0000 7f96c1a61700 20 --2- 172.21.15.22:0/1354913317 >> [v2:172.21.15.22:3301/0,v1:172.21.15.22:6790/0] conn(0x7f96bc06ab90 0x7f96bc133860 secure :-1 s=READY pgs=488 cs=0 l=1 rev1=1 crypto rx=0x7f96bc0adf30 tx=0x7f96b0015000 comp rx=0 tx=0).write_message sending m=0x7f96ac03e200 seq=3 src=client.5159 off=0 ,
2021-12-08T22:11:11.766+0000 7f96c1a61700 10 -- 172.21.15.22:0/1354913317 >> [v2:172.21.15.22:3301/0,v1:172.21.15.22:6790/0] conn(0x7f96bc06ab90 msgr2=0x7f96bc133860 secure :-1 s=STATE_CONNECTION_ESTABLISHED l=1)._try_send sent bytes 176 remaining bytes 0 ,
2021-12-08T22:11:11.766+0000 7f96c1a61700 10 --2- 172.21.15.22:0/1354913317 >> [v2:172.21.15.22:3301/0,v1:172.21.15.22:6790/0] conn(0x7f96bc06ab90 0x7f96bc133860 secure :-1 s=READY pgs=488 cs=0 l=1 rev1=1 crypto rx=0x7f96bc0adf30 tx=0x7f96b0015000 comp rx=0 tx=0).write_message sending 0x7f96ac03e200 done.
2021-12-09T07:10:08.923 WARNING:scrape:Ignoring malparsed backtrace:
2021-12-08T22:11:11.768+0000 7f96c2262700 20 --2- 172.21.15.22:0/1354913317 >> v2:172.21.15.22:6800/33232 conn(0x7f969c061ba0 0x7f969c0640b0 unknown :-1 s=BANNER_CONNECTING pgs=0 cs=0 l=1 rev1=0 crypto rx=0 tx=0 comp rx=0 tx=0)._banner_exchange ,
2021-12-08T22:11:11.768+0000 7f96c2262700 10 -- 172.21.15.22:0/1354913317 >> v2:172.21.15.22:6800/33232 conn(0x7f969c061ba0 msgr2=0x7f969c0640b0 unknown :-1 s=STATE_CONNECTION_ESTABLISHED l=1)._try_send sent bytes 26 remaining bytes 0 ,
2021-12-08T22:11:11.768+0000 7f96c2262700 20 -- 172.21.15.22:0/1354913317 >> v2:172.21.15.22:6800/33232 conn(0x7f969c061ba0 msgr2=0x7f969c0640b0 unknown :-1 s=STATE_CONNECTION_ESTABLISHED l=1).read start len=10
2021-12-09T07:10:08.924 WARNING:scrape:Ignoring malparsed backtrace:
2021-12-08T22:11:11.769+0000 7f96c2262700 20 -- 172.21.15.22:0/1354913317 >> v2:172.21.15.22:6800/33232 conn(0x7f969c061ba0 msgr2=0x7f969c0640b0 secure :-1 s=STATE_CONNECTION_ESTABLISHED l=1).read start len=96 ,
2021-12-08T22:11:11.769+0000 7f96c2262700 20 -- 172.21.15.22:0/1354913317 >> v2:172.21.15.22:6800/33232 conn(0x7f969c061ba0 msgr2=0x7f969c0640b0 secure :-1 s=STATE_CONNECTION_ESTABLISHED l=1).process ,
2021-12-08T22:11:11.769+0000 7f96c2262700 20 -- 172.21.15.22:0/1354913317 >> v2:172.21.15.22:6800/33232 conn(0x7f969c061ba0 msgr2=0x7f969c0640b0 secure :-1 s=STATE_CONNECTION_ESTABLISHED l=1).read continue len=96
2021-12-09T07:10:08.925 WARNING:scrape:Ignoring malparsed backtrace:
2021-12-08T22:11:11.779+0000 7f96c2a63700 20 --2- 172.21.15.22:0/1354913317 >> v2:172.21.15.22:6810/33534 conn(0x7f969c0682f0 0x7f969c06a7c0 crc :-1 s=THROTTLE_DISPATCH_QUEUE pgs=11 cs=0 l=1 rev1=1 crypto rx=0 tx=0 comp rx=0 tx=0).throttle_dispatch_queue ,
2021-12-08T22:11:11.779+0000 7f96c2a63700 20 --2- 172.21.15.22:0/1354913317 >> v2:172.21.15.22:6810/33534 conn(0x7f969c0682f0 0x7f969c06a7c0 crc :-1 s=THROTTLE_DONE pgs=11 cs=0 l=1 rev1=1 crypto rx=0 tx=0 comp rx=0 tx=0).read_frame_segment seg_idx=0 ,
2021-12-08T22:11:11.779+0000 7f96c2a63700 20 -- 172.21.15.22:0/1354913317 >> v2:172.21.15.22:6810/33534 conn(0x7f969c0682f0 msgr2=0x7f969c06a7c0 crc :-1 s=STATE_CONNECTION_ESTABLISHED l=1).read start len=45
2021-12-09T07:10:08.925 WARNING:scrape:Ignoring malparsed backtrace:
2021-12-08T22:11:11.786+0000 7f96c1a61700 5 --2- 172.21.15.22:0/1354913317 >> [v2:172.21.15.22:3301/0,v1:172.21.15.22:6790/0] conn(0x7f96bc06ab90 0x7f96bc133860 unknown :-1 s=CLOSED pgs=488 cs=0 l=1 rev1=1 crypto rx=0 tx=0 comp rx=0 tx=0).reset_compression ,
2021-12-08T22:11:11.786+0000 7f96c1a61700 20 EpollDriver.del_event del event fd=17 cur_mask=1 delmask=3 to 10 ,
2021-12-08T22:11:11.786+0000 7f96c44c6700 1 -- 172.21.15.22:0/1354913317 shutdown_connections
2021-12-09T07:10:08.926 WARNING:scrape:Ignoring malparsed backtrace:
2021-12-08T22:11:12.348+0000 7f6ed6d9d700 10 NetHandler reconnect reconnect: 114 Operation already in progress ,
2021-12-08T22:11:12.348+0000 7f6ed659c700 10 -- >> v2:172.21.15.22:3300/0 conn(0x7f6ed80650b0 msgr2=0x7f6ed80aa330 unknown :-1 s=STATE_CONNECTION_ESTABLISHED l=0)._try_send sent bytes 26 remaining bytes 0 ,
2021-12-08T22:11:12.348+0000 7f6ed659c700 20 -- >> v2:172.21.15.22:3300/0 conn(0x7f6ed80650b0 msgr2=0x7f6ed80aa330 unknown :-1 s=STATE_CONNECTION_ESTABLISHED l=0).read start len=10
2021-12-09T07:10:08.927 WARNING:scrape:Ignoring malparsed backtrace:
2021-12-08T22:11:12.348+0000 7f6ed6d9d700 20 --1- 172.21.15.22:0/2303004671 >> v1:172.21.15.55:6789/0 conn(0x7f6ed80660d0 0x7f6ed806a960 :-1 s=CONNECTING_SEND_CONNECT_MSG pgs=0 cs=0 l=0).wait_ack_seq ,
2021-12-08T22:11:12.348+0000 7f6ed5d9b700 20 --2- 172.21.15.22:0/2303004671 >> v2:172.21.15.55:3300/0 conn(0x7f6ed8065cc0 0x7f6ed80a9380 unknown :-1 s=AUTH_CONNECTING pgs=0 cs=0 l=0 rev1=1 crypto rx=0 tx=0 comp rx=0 tx=0).handle_read_frame_preamble_main r=0 ,
2021-12-08T22:11:12.348+0000 7f6ed659c700 20 --2- 172.21.15.22:0/2303004671 >> v2:172.21.15.22:3300/0 conn(0x7f6ed80650b0 0x7f6ed80aa330 unknown :-1 s=AUTH_CONNECTING pgs=0 cs=0 l=0 rev1=1 crypto rx=0 tx=0 comp rx=0 tx=0).read_frame_segment seg_idx=0
2021-12-09T07:10:08.928 WARNING:scrape:Ignoring malparsed backtrace:
2021-12-08T22:11:12.348+0000 7f6ed5d9b700 20 --2- 172.21.15.22:0/2303004671 >> v2:172.21.15.55:3300/0 conn(0x7f6ed8065cc0 0x7f6ed80a9380 secure :-1 s=AUTH_CONNECTING_SIGN pgs=0 cs=0 l=0 rev1=1 crypto rx=0x7f6ed80a8c60 tx=0x7f6ec0006eb0 comp rx=0 tx=0).handle_auth_signature pre-auth signature success sig_frame.signature()=17c565e658c6e68ba78cccbae47fd7ab9557c90f9a0df3490bd2edea03049ad5 ,
2021-12-08T22:11:12.348+0000 7f6ed5d9b700 20 CompressorRegistry(0x7f6ed806d630) get_mode peer_type 1 is_secure 1 ,
2021-12-08T22:11:12.348+0000 7f6ed5d9b700 15 authenticated_encrypt_update plaintext.length()=80 buffer.length()=80
2021-12-09T07:10:08.928 WARNING:scrape:Ignoring malparsed backtrace:
2021-12-08T22:11:12.349+0000 7f6ed5d9b700 20 -- 172.21.15.22:0/2303004671 >> [v2:172.21.15.55:3300/0,v1:172.21.15.55:6789/0] conn(0x7f6ed8065cc0 msgr2=0x7f6ed80a9380 secure :-1 s=STATE_CONNECTION_ESTABLISHED l=1).read start len=32 ,
2021-12-08T22:11:12.349+0000 7f6ed5d9b700 20 --2- 172.21.15.22:0/2303004671 >> [v2:172.21.15.55:3300/0,v1:172.21.15.55:6789/0] conn(0x7f6ed8065cc0 0x7f6ed80a9380 secure :-1 s=THROTTLE_DONE pgs=596 cs=0 l=1 rev1=1 crypto rx=0x7f6ed80a8c60 tx=0x7f6ec0006eb0 comp rx=0 tx=0).handle_read_frame_epilogue_main r=0 ,
2021-12-08T22:11:12.349+0000 7f6ed5d9b700 10 --2- 172.21.15.22:0/2303004671 >> [v2:172.21.15.55:3300/0,v1:172.21.15.55:6789/0] conn(0x7f6ed8065cc0 0x7f6ed80a9380 secure :-1 s=THROTTLE_DONE pgs=596 cs=0 l=1 rev1=1 crypto rx=0x7f6ed80a8c60 tx=0x7f6ec0006eb0 comp rx=0 tx=0).handle_read_frame_dispatch tag=17
2021-12-09T07:10:08.929 WARNING:scrape:Ignoring malparsed backtrace:
2021-12-08T22:11:12.352+0000 7f6edce6b700 5 --2- >> [v2:172.21.15.55:3300/0,v1:172.21.15.55:6789/0] conn(0x7f6ed80650b0 0x7f6ed80a8160 unknown :-1 s=START_CONNECT pgs=0 cs=0 l=1 rev1=0 crypto rx=0 tx=0 comp rx=0 tx=0).send_message enqueueing message m=0x7f6ed80a79c0 type=5 mon_getmap magic: 0 v1 ,
2021-12-08T22:11:12.352+0000 7f6edce6b700 15 --2- >> [v2:172.21.15.55:3300/0,v1:172.21.15.55:6789/0] conn(0x7f6ed80650b0 0x7f6ed80a8160 unknown :-1 s=START_CONNECT pgs=0 cs=0 l=1 rev1=0 crypto rx=0 tx=0 comp rx=0 tx=0).send_message inline write is denied, reschedule m=0x7f6ed80a79c0 ,
2021-12-08T22:11:12.352+0000 7f6edce6b700 1 -- --> [v2:172.21.15.22:3301/0,v1:172.21.15.22:6790/0] -- mon_getmap magic: 0 v1 -- 0x7f6ed80a6190 con 0x7f6ed80660d0
2021-12-09T07:10:08.930 WARNING:scrape:Ignoring malparsed backtrace:
2021-12-08T22:11:12.352+0000 7f6ed5d9b700 20 -- 172.21.15.22:0/2487611228 >> [v2:172.21.15.22:3300/0,v1:172.21.15.22:6789/0] conn(0x7f6ed8065cc0 msgr2=0x7f6ed80a6ec0 unknown :-1 s=STATE_CONNECTION_ESTABLISHED l=1).read start len=32 ,
2021-12-08T22:11:12.352+0000 7f6ed659c700 20 -- 172.21.15.22:0/2487611228 >> [v2:172.21.15.55:3300/0,v1:172.21.15.55:6789/0] conn(0x7f6ed80650b0 msgr2=0x7f6ed80a8160 unknown :-1 s=STATE_CONNECTION_ESTABLISHED l=1).process ,
2021-12-08T22:11:12.352+0000 7f6ed659c700 20 -- 172.21.15.22:0/2487611228 >> [v2:172.21.15.55:3300/0,v1:172.21.15.55:6789/0] conn(0x7f6ed80650b0 msgr2=0x7f6ed80a8160 unknown :-1 s=STATE_CONNECTION_ESTABLISHED l=1).read continue len=32
2021-12-09T07:10:08.931 WARNING:scrape:Ignoring malparsed backtrace:
2021-12-08T22:11:12.353+0000 7f6ed659c700 10 --2- 172.21.15.22:0/2487611228 >> [v2:172.21.15.55:3300/0,v1:172.21.15.55:6789/0] conn(0x7f6ed80650b0 0x7f6ed80a8160 secure :-1 s=COMPRESSION_CONNECTING pgs=0 cs=0 l=1 rev1=1 crypto rx=0x7f6ecc005b10 tx=0x7f6ecc009c40 comp rx=0 tx=0).handle_read_frame_dispatch tag=22 ,
2021-12-08T22:11:12.353+0000 7f6ed659c700 10 --2- 172.21.15.22:0/2487611228 >> [v2:172.21.15.55:3300/0,v1:172.21.15.55:6789/0] conn(0x7f6ed80650b0 0x7f6ed80a8160 secure :-1 s=COMPRESSION_CONNECTING pgs=0 cs=0 l=1 rev1=1 crypto rx=0x7f6ecc005b10 tx=0x7f6ecc009c40 comp rx=0 tx=0).handle_compression_done CompressionDoneFrame(is_compress=0, method=0) ,
2021-12-08T22:11:12.353+0000 7f6ed659c700 20 --2- 172.21.15.22:0/2487611228 >> [v2:172.21.15.55:3300/0,v1:172.21.15.55:6789/0] conn(0x7f6ed80650b0 0x7f6ed80a8160 secure :-1 s=SESSION_CONNECTING pgs=0 cs=0 l=1 rev1=1 crypto rx=0x7f6ecc005b10 tx=0x7f6ecc009c40 comp rx=0 tx=0).send_client_ident
2021-12-09T07:10:08.931 WARNING:scrape:Ignoring malparsed backtrace:
2021-12-08T22:11:12.353+0000 7f6ed659c700 10 --2- 172.21.15.22:0/2487611228 >> [v2:172.21.15.55:3300/0,v1:172.21.15.55:6789/0] conn(0x7f6ed80650b0 0x7f6ed80a8160 secure :-1 s=THROTTLE_DONE pgs=597 cs=0 l=1 rev1=1 crypto rx=0x7f6ecc005b10 tx=0x7f6ecc009c40 comp rx=0 tx=0).handle_read_frame_dispatch tag=17 ,
2021-12-08T22:11:12.353+0000 7f6edce6b700 1 -- 172.21.15.22:0/2487611228 --> [v2:172.21.15.55:3300/0,v1:172.21.15.55:6789/0] -- mon_subscribe({osdmap=0}) v3 -- 0x7f6ed812dba0 con 0x7f6ed80650b0 ,
2021-12-08T22:11:12.353+0000 7f6ed659c700 20 --2- 172.21.15.22:0/2487611228 >> [v2:172.21.15.55:3300/0,v1:172.21.15.55:6789/0] conn(0x7f6ed80650b0 0x7f6ed80a8160 secure :-1 s=THROTTLE_DONE pgs=597 cs=0 l=1 rev1=1 crypto rx=0x7f6ecc005b10 tx=0x7f6ecc009c40 comp rx=0 tx=0).handle_message
2021-12-09T07:10:08.932 WARNING:scrape:Ignoring malparsed backtrace:
2021-12-08T22:11:12.355+0000 7f6ec67fc700 1 --2- 172.21.15.22:0/2487611228 >> v2:172.21.15.22:6800/33232 conn(0x7f6eb4061ba0 0x7f6eb40640b0 unknown :-1 s=NONE pgs=0 cs=0 l=1 rev1=0 crypto rx=0 tx=0 comp rx=0 tx=0).connect ,
2021-12-08T22:11:12.355+0000 7f6ec67fc700 20 Event(0x7f6ed80680d0 nevent=5000 time_id=4).wakeup ,
2021-12-08T22:11:12.355+0000 7f6ec67fc700 10 -- 172.21.15.22:0/2487611228 create_connect 0x7f6eb4061ba0 v2:172.21.15.22:6800/33232 v2:172.21.15.22:6800/33232
2021-12-09T07:10:08.933 WARNING:scrape:Ignoring malparsed backtrace:
2021-12-08T22:11:12.356+0000 7f6ed5d9b700 5 --2- 172.21.15.22:0/2487611228 >> v2:172.21.15.22:6800/33232 conn(0x7f6eb4061ba0 0x7f6eb40640b0 secure :-1 s=SESSION_CONNECTING pgs=0 cs=0 l=1 rev1=1 crypto rx=0x7f6ed8069c30 tx=0x7f6ec000f000 comp rx=0 tx=0).handle_server_ident received server identification: addrs=v2:172.21.15.22:6800/33232 gid=4113 global_seq=348 features_supported=3f01cfbb7ffdffff features_required=800000000000000 flags=1 cookie=0 ,
2021-12-08T22:11:12.356+0000 7f6ed5d9b700 10 --2- 172.21.15.22:0/2487611228 >> v2:172.21.15.22:6800/33232 conn(0x7f6eb4061ba0 0x7f6eb40640b0 secure :-1 s=SESSION_CONNECTING pgs=348 cs=0 l=1 rev1=1 crypto rx=0x7f6ed8069c30 tx=0x7f6ec000f000 comp rx=0 tx=0).handle_server_ident connect success 0, lossy = 1, features 4540138303579357183 ,
2021-12-08T22:11:12.356+0000 7f6ed5d9b700 1 --2- 172.21.15.22:0/2487611228 >> v2:172.21.15.22:6800/33232 conn(0x7f6eb4061ba0 0x7f6eb40640b0 secure :-1 s=READY pgs=348 cs=0 l=1 rev1=1 crypto rx=0x7f6ed8069c30 tx=0x7f6ec000f000 comp rx=0 tx=0).ready entity=mgr.4113 client_cookie=0 server_cookie=0 in_seq=0 out_seq=0
2021-12-09T07:10:08.934 WARNING:scrape:Ignoring malparsed backtrace:
2021-12-08T22:11:12.530+0000 7f6ed659c700 5 --2- 172.21.15.22:0/2487611228 >> [v2:172.21.15.55:3300/0,v1:172.21.15.55:6789/0] conn(0x7f6ed80650b0 0x7f6ed80a8160 unknown :-1 s=CLOSED pgs=597 cs=0 l=1 rev1=1 crypto rx=0 tx=0 comp rx=0 tx=0).reset_compression ,
2021-12-08T22:11:12.530+0000 7f6ed659c700 20 EpollDriver.del_event del event fd=16 cur_mask=1 delmask=3 to 7 ,
2021-12-08T22:11:12.530+0000 7f6edce6b700 1 -- 172.21.15.22:0/2487611228 shutdown_connections
2021-12-09T07:10:08.935 WARNING:scrape:Ignoring malparsed backtrace:
2021-12-08T22:11:12.903+0000 7ff45ebde700 1 -- --> [v2:172.21.15.22:3301/0,v1:172.21.15.22:6790/0] -- mon_getmap magic: 0 v1 -- 0x7ff4580653b0 con 0x7ff4580697b0 ,
2021-12-08T22:11:12.903+0000 7ff45ebde700 5 --2- >> [v2:172.21.15.22:3301/0,v1:172.21.15.22:6790/0] conn(0x7ff4580697b0 0x7ff458069bc0 unknown :-1 s=START_CONNECT pgs=0 cs=0 l=0 rev1=0 crypto rx=0 tx=0 comp rx=0 tx=0).send_message enqueueing message m=0x7ff4580653b0 type=5 mon_getmap magic: 0 v1 ,
2021-12-08T22:11:12.903+0000 7ff45ebde700 15 --2- >> [v2:172.21.15.22:3301/0,v1:172.21.15.22:6790/0] conn(0x7ff4580697b0 0x7ff458069bc0 unknown :-1 s=START_CONNECT pgs=0 cs=0 l=0 rev1=0 crypto rx=0 tx=0 comp rx=0 tx=0).send_message inline write is denied, reschedule m=0x7ff4580653b0
2021-12-09T07:10:08.935 WARNING:scrape:Ignoring malparsed backtrace:
2021-12-08T22:11:12.903+0000 7ff45d3db700 10 -- 172.21.15.22:0/344627967 >> v2:172.21.15.22:3300/0 conn(0x7ff458136c70 msgr2=0x7ff458137080 unknown :-1 s=STATE_CONNECTION_ESTABLISHED l=0)._try_send sent bytes 78 remaining bytes 0 ,
2021-12-08T22:11:12.903+0000 7ff45dbdc700 20 -- 172.21.15.22:0/344627967 >> v2:172.21.15.55:3300/0 conn(0x7ff4580a6c70 msgr2=0x7ff458064b10 unknown :-1 s=STATE_CONNECTION_ESTABLISHED l=0).read continue len=32 ,
2021-12-08T22:11:12.903+0000 7ff45e3dd700 20 --2- 172.21.15.22:0/344627967 >> [v2:172.21.15.22:3301/0,v1:172.21.15.22:6790/0] conn(0x7ff4580697b0 0x7ff458069bc0 unknown :-1 s=AUTH_CONNECTING pgs=0 cs=0 l=0 rev1=1 crypto rx=0 tx=0 comp rx=0 tx=0).handle_read_frame_preamble_main r=0
2021-12-09T07:10:08.936 WARNING:scrape:Ignoring malparsed backtrace:
2021-12-08T22:11:12.903+0000 7ff45dbdc700 15 authenticated_encrypt_final buffer.length()=96 final_len=0 ,
2021-12-08T22:11:12.903+0000 7ff45dbdc700 10 -- 172.21.15.22:0/344627967 >> v2:172.21.15.55:3300/0 conn(0x7ff4580a6c70 msgr2=0x7ff458064b10 secure :-1 s=STATE_CONNECTION_ESTABLISHED l=0)._try_send sent bytes 96 remaining bytes 0 ,
2021-12-08T22:11:12.903+0000 7ff45dbdc700 20 --2- 172.21.15.22:0/344627967 >> v2:172.21.15.55:3300/0 conn(0x7ff4580a6c70 0x7ff458064b10 secure :-1 s=COMPRESSION_CONNECTING pgs=0 cs=0 l=0 rev1=1 crypto rx=0x7ff4580aa8f0 tx=0x7ff448006f70 comp rx=0 tx=0).read_frame
2021-12-09T07:10:08.937 WARNING:scrape:Ignoring malparsed backtrace:
2021-12-08T22:11:12.904+0000 7ff45dbdc700 20 -- 172.21.15.22:0/344627967 >> [v2:172.21.15.55:3300/0,v1:172.21.15.55:6789/0] conn(0x7ff4580a6c70 msgr2=0x7ff458064b10 secure :-1 s=STATE_CONNECTION_ESTABLISHED l=1).read start len=416 ,
2021-12-08T22:11:12.904+0000 7ff45dbdc700 20 --2- 172.21.15.22:0/344627967 >> [v2:172.21.15.55:3300/0,v1:172.21.15.55:6789/0] conn(0x7ff4580a6c70 0x7ff458064b10 secure :-1 s=THROTTLE_DONE pgs=598 cs=0 l=1 rev1=1 crypto rx=0x7ff4580aa8f0 tx=0x7ff448006f70 comp rx=0 tx=0).handle_read_frame_segment r=0 ,
2021-12-08T22:11:12.904+0000 7ff45dbdc700 20 -- 172.21.15.22:0/344627967 >> [v2:172.21.15.55:3300/0,v1:172.21.15.55:6789/0] conn(0x7ff4580a6c70 msgr2=0x7ff458064b10 secure :-1 s=STATE_CONNECTION_ESTABLISHED l=1).read start len=32
2021-12-09T07:10:08.938 WARNING:scrape:Ignoring malparsed backtrace:
2021-12-08T22:11:12.907+0000 7ff45dbdc700 20 --2- >> [v2:172.21.15.22:3300/0,v1:172.21.15.22:6789/0] conn(0x7ff4580697b0 0x7ff4580a35a0 unknown :-1 s=START_CONNECT pgs=0 cs=0 l=1 rev1=0 crypto rx=0 tx=0 comp rx=0 tx=0).start_client_banner_exchange ,
2021-12-08T22:11:12.907+0000 7ff45e3dd700 20 Event(0x7ff4580adfe0 nevent=5000 time_id=3).create_file_event create event started fd=18 mask=1 original mask is 0 ,
2021-12-08T22:11:12.907+0000 7ff45d3db700 20 Event(0x7ff45806bae0 nevent=5000 time_id=3).create_file_event create event started fd=17 mask=1 original mask is 0
2021-12-09T07:10:08.938 WARNING:scrape:Ignoring malparsed backtrace:
2021-12-08T22:11:12.908+0000 7ff45dbdc700 20 -- 172.21.15.22:0/471555395 >> [v2:172.21.15.22:3300/0,v1:172.21.15.22:6789/0] conn(0x7ff4580697b0 msgr2=0x7ff4580a35a0 unknown :-1 s=STATE_CONNECTION_ESTABLISHED l=1).read continue len=32 ,
2021-12-08T22:11:12.908+0000 7ff45e3dd700 10 -- 172.21.15.22:0/471555395 >> [v2:172.21.15.55:3300/0,v1:172.21.15.55:6789/0] conn(0x7ff458136c70 msgr2=0x7ff4580a6380 unknown :-1 s=STATE_CONNECTION_ESTABLISHED l=1)._try_send sent bytes 26 remaining bytes 0 ,
2021-12-08T22:11:12.908+0000 7ff45dbdc700 20 --2- 172.21.15.22:0/471555395 >> [v2:172.21.15.22:3300/0,v1:172.21.15.22:6789/0] conn(0x7ff4580697b0 0x7ff4580a35a0 unknown :-1 s=AUTH_CONNECTING pgs=0 cs=0 l=1 rev1=1 crypto rx=0 tx=0 comp rx=0 tx=0).handle_read_frame_preamble_main r=0
2021-12-09T07:10:08.939 WARNING:scrape:Ignoring malparsed backtrace:
2021-12-08T22:11:12.908+0000 7ff45dbdc700 20 --2- 172.21.15.22:0/471555395 >> [v2:172.21.15.22:3300/0,v1:172.21.15.22:6789/0] conn(0x7ff4580697b0 0x7ff4580a35a0 secure :-1 s=SESSION_CONNECTING pgs=0 cs=0 l=1 rev1=1 crypto rx=0x7ff44801abe0 tx=0x7ff448013000 comp rx=0 tx=0).handle_read_frame_segment r=0 ,
2021-12-08T22:11:12.908+0000 7ff45dbdc700 10 --2- 172.21.15.22:0/471555395 >> [v2:172.21.15.22:3300/0,v1:172.21.15.22:6789/0] conn(0x7ff4580697b0 0x7ff4580a35a0 secure :-1 s=SESSION_CONNECTING pgs=0 cs=0 l=1 rev1=1 crypto rx=0x7ff44801abe0 tx=0x7ff448013000 comp rx=0 tx=0).handle_read_frame_dispatch tag=9 ,
2021-12-08T22:11:12.908+0000 7ff45dbdc700 20 --2- 172.21.15.22:0/471555395 >> [v2:172.21.15.22:3300/0,v1:172.21.15.22:6789/0] conn(0x7ff4580697b0 0x7ff4580a35a0 secure :-1 s=SESSION_CONNECTING pgs=0 cs=0 l=1 rev1=1 crypto rx=0x7ff44801abe0 tx=0x7ff448013000 comp rx=0 tx=0).handle_server_ident payload.length()=123
2021-12-09T07:10:08.940 WARNING:scrape:Ignoring malparsed backtrace:
2021-12-08T22:11:12.909+0000 7ff45ebde700 1 -- 172.21.15.22:0/471555395 --> [v2:172.21.15.22:3300/0,v1:172.21.15.22:6789/0] -- mon_subscribe({osdmap=0}) v3 -- 0x7ff44801a280 con 0x7ff4580697b0 ,
2021-12-08T22:11:12.909+0000 7ff45ebde700 5 --2- 172.21.15.22:0/471555395 >> [v2:172.21.15.22:3300/0,v1:172.21.15.22:6789/0] conn(0x7ff4580697b0 0x7ff4580a35a0 secure :-1 s=READY pgs=870 cs=0 l=1 rev1=1 crypto rx=0x7ff44801abe0 tx=0x7ff448013000 comp rx=0 tx=0).send_message enqueueing message m=0x7ff44801a280 type=15 mon_subscribe({osdmap=0}) v3 ,
2021-12-08T22:11:12.909+0000 7ff45ebde700 15 --2- 172.21.15.22:0/471555395 >> [v2:172.21.15.22:3300/0,v1:172.21.15.22:6789/0] conn(0x7ff4580697b0 0x7ff4580a35a0 secure :-1 s=READY pgs=870 cs=0 l=1 rev1=1 crypto rx=0x7ff44801abe0 tx=0x7ff448013000 comp rx=0 tx=0).send_message inline write is denied, reschedule m=0x7ff44801a280
2021-12-09T07:10:08.941 WARNING:scrape:Ignoring malparsed backtrace:
2021-12-08T22:11:12.911+0000 7ff45d3db700 20 Event(0x7ff45806bae0 nevent=5000 time_id=4).create_file_event create event started fd=17 mask=1 original mask is 0 ,
2021-12-08T22:11:12.911+0000 7ff45d3db700 20 EpollDriver.add_event add event fd=17 cur_mask=0 add_mask=1 to 10 ,
2021-12-08T22:11:12.911+0000 7ff45d3db700 20 Event(0x7ff45806bae0 nevent=5000 time_id=4).create_file_event create event end fd=17 mask=1 current mask is 1
2021-12-09T07:10:08.941 WARNING:scrape:Ignoring malparsed backtrace:
2021-12-08T22:11:12.911+0000 7ff45d3db700 20 -- 172.21.15.22:0/471555395 >> v2:172.21.15.22:6800/33232 conn(0x7ff438061ba0 msgr2=0x7ff4380640b0 secure :-1 s=STATE_CONNECTION_ESTABLISHED l=1).read continue len=96 ,
2021-12-08T22:11:12.911+0000 7ff45d3db700 20 --2- 172.21.15.22:0/471555395 >> v2:172.21.15.22:6800/33232 conn(0x7ff438061ba0 0x7ff4380640b0 secure :-1 s=COMPRESSION_CONNECTING pgs=0 cs=0 l=1 rev1=1 crypto rx=0x7ff4580a4aa0 tx=0x7ff440008040 comp rx=0 tx=0).handle_read_frame_preamble_main r=0 ,
2021-12-08T22:11:12.911+0000 7ff45d3db700 20 --2- 172.21.15.22:0/471555395 >> v2:172.21.15.22:6800/33232 conn(0x7ff438061ba0 0x7ff4380640b0 secure :-1 s=COMPRESSION_CONNECTING pgs=0 cs=0 l=1 rev1=1 crypto rx=0x7ff4580a4aa0 tx=0x7ff440008040 comp rx=0 tx=0).read_frame_segment seg_idx=0
2021-12-09T07:10:08.942 WARNING:scrape:Ignoring malparsed backtrace:
2021-12-08T22:11:13.118+0000 7ff45e3dd700 5 --2- 172.21.15.22:0/471555395 >> v2:172.21.15.55:6807/33323 conn(0x7ff4380682f0 0x7ff43806a7c0 unknown :-1 s=HELLO_CONNECTING pgs=0 cs=0 l=1 rev1=1 crypto rx=0 tx=0 comp rx=0 tx=0).handle_hello getsockname says I am 172.21.15.22:41338 when talking to v2:172.21.15.55:6807/33323 ,
2021-12-08T22:11:13.118+0000 7ff45e3dd700 20 --2- 172.21.15.22:0/471555395 >> v2:172.21.15.55:6807/33323 conn(0x7ff4380682f0 0x7ff43806a7c0 unknown :-1 s=HELLO_CONNECTING pgs=0 cs=0 l=1 rev1=1 crypto rx=0 tx=0 comp rx=0 tx=0).post_client_banner_exchange ,
2021-12-08T22:11:13.118+0000 7ff45e3dd700 20 --2- 172.21.15.22:0/471555395 >> v2:172.21.15.55:6807/33323 conn(0x7ff4380682f0 0x7ff43806a7c0 unknown :-1 s=AUTH_CONNECTING pgs=0 cs=0 l=1 rev1=1 crypto rx=0 tx=0 comp rx=0 tx=0).send_auth_request peer_type 4 auth_client 0x7ff45805d5e8
2021-12-09T07:10:08.943 WARNING:scrape:Ignoring malparsed backtrace:
2021-12-08T22:11:14.326+0000 7ff45e3dd700 20 --2- 172.21.15.22:0/471555395 >> v2:172.21.15.55:6807/33323 conn(0x7ff4380682f0 0x7ff43806a7c0 unknown :-1 s=HELLO_CONNECTING pgs=0 cs=0 l=1 rev1=1 crypto rx=0 tx=0 comp rx=0 tx=0).read_frame ,
2021-12-08T22:11:14.326+0000 7ff45e3dd700 20 -- 172.21.15.22:0/471555395 >> v2:172.21.15.55:6807/33323 conn(0x7ff4380682f0 msgr2=0x7ff43806a7c0 unknown :-1 s=STATE_CONNECTION_ESTABLISHED l=1).read start len=32 ,
2021-12-08T22:11:14.327+0000 7ff45e3dd700 20 -- 172.21.15.22:0/471555395 >> v2:172.21.15.55:6807/33323 conn(0x7ff4380682f0 msgr2=0x7ff43806a7c0 unknown :-1 s=STATE_CONNECTION_ESTABLISHED l=1).process
2021-12-09T07:10:08.944 WARNING:scrape:Ignoring malparsed backtrace:
2021-12-08T22:11:15.937+0000 7ff45e3dd700 5 --2- 172.21.15.22:0/471555395 >> v2:172.21.15.55:6807/33323 conn(0x7ff4380682f0 0x7ff43806a7c0 unknown :-1 s=AUTH_CONNECTING pgs=0 cs=0 l=1 rev1=1 crypto rx=0 tx=0 comp rx=0 tx=0).reset_recv_state ,
2021-12-08T22:11:15.937+0000 7ff45e3dd700 5 --2- 172.21.15.22:0/471555395 >> v2:172.21.15.55:6807/33323 conn(0x7ff4380682f0 0x7ff43806a7c0 unknown :-1 s=AUTH_CONNECTING pgs=0 cs=0 l=1 rev1=1 crypto rx=0 tx=0 comp rx=0 tx=0).reset_security ,
2021-12-08T22:11:15.937+0000 7ff45e3dd700 5 --2- 172.21.15.22:0/471555395 >> v2:172.21.15.55:6807/33323 conn(0x7ff4380682f0 0x7ff43806a7c0 unknown :-1 s=AUTH_CONNECTING pgs=0 cs=0 l=1 rev1=1 crypto rx=0 tx=0 comp rx=0 tx=0).reset_compression
2021-12-09T07:10:08.944 WARNING:scrape:Ignoring malparsed backtrace:
2021-12-08T22:11:25.553+0000 7ff45e3dd700 20 -- 172.21.15.22:0/471555395 >> v2:172.21.15.55:6807/33323 conn(0x7ff4380682f0 msgr2=0x7ff43806a7c0 unknown :-1 s=STATE_CONNECTION_ESTABLISHED l=1).read continue len=10 ,
2021-12-08T22:11:25.553+0000 7ff45e3dd700 20 --2- 172.21.15.22:0/471555395 >> v2:172.21.15.55:6807/33323 conn(0x7ff4380682f0 0x7ff43806a7c0 unknown :-1 s=BANNER_CONNECTING pgs=0 cs=0 l=1 rev1=1 crypto rx=0 tx=0 comp rx=0 tx=0)._handle_peer_banner r=0 ,
2021-12-08T22:11:25.553+0000 7ff45e3dd700 20 -- 172.21.15.22:0/471555395 >> v2:172.21.15.55:6807/33323 conn(0x7ff4380682f0 msgr2=0x7ff43806a7c0 unknown :-1 s=STATE_CONNECTION_ESTABLISHED l=1).read start len=16
2021-12-09T07:10:08.945 WARNING:scrape:Ignoring malparsed backtrace:
2021-12-08T22:11:38.371+0000 7ff45e3dd700 20 -- 172.21.15.22:0/471555395 >> v2:172.21.15.55:6807/33323 conn(0x7ff4380682f0 msgr2=0x7ff43806a7c0 unknown :-1 s=STATE_CONNECTION_ESTABLISHED l=1).read start len=16 ,
2021-12-08T22:11:38.371+0000 7ff45e3dd700 20 --2- 172.21.15.22:0/471555395 >> v2:172.21.15.55:6807/33323 conn(0x7ff4380682f0 0x7ff43806a7c0 unknown :-1 s=BANNER_CONNECTING pgs=0 cs=0 l=1 rev1=1 crypto rx=0 tx=0 comp rx=0 tx=0)._handle_peer_banner_payload r=0 ,
2021-12-08T22:11:38.371+0000 7ff45e3dd700 1 --2- 172.21.15.22:0/471555395 >> v2:172.21.15.55:6807/33323 conn(0x7ff4380682f0 0x7ff43806a7c0 unknown :-1 s=BANNER_CONNECTING pgs=0 cs=0 l=1 rev1=1 crypto rx=0 tx=0 comp rx=0 tx=0)._handle_peer_banner_payload supported=1 required=0
2021-12-09T07:10:08.946 WARNING:scrape:Ignoring malparsed backtrace:
2021-12-08T22:11:53.390+0000 7ff45e3dd700 20 --2- 172.21.15.22:0/471555395 >> v2:172.21.15.55:6807/33323 conn(0x7ff4380682f0 0x7ff43806a7c0 unknown :-1 s=AUTH_CONNECTING pgs=0 cs=0 l=1 rev1=1 crypto rx=0 tx=0 comp rx=0 tx=0).read_frame ,
2021-12-08T22:11:53.390+0000 7ff45e3dd700 20 -- 172.21.15.22:0/471555395 >> v2:172.21.15.55:6807/33323 conn(0x7ff4380682f0 msgr2=0x7ff43806a7c0 unknown :-1 s=STATE_CONNECTION_ESTABLISHED l=1).read start len=32 ,
2021-12-08T22:11:53.393+0000 7ff45e3dd700 20 -- 172.21.15.22:0/471555395 >> v2:172.21.15.55:6807/33323 conn(0x7ff4380682f0 msgr2=0x7ff43806a7c0 unknown :-1 s=STATE_CONNECTION_ESTABLISHED l=1).process
2021-12-09T07:10:08.946 WARNING:scrape:Ignoring malparsed backtrace:
2021-12-08T22:12:08.411+0000 7ff45e3dd700 20 -- 172.21.15.22:0/471555395 >> v2:172.21.15.55:6807/33323 conn(0x7ff4380682f0 msgr2=0x7ff43806a7c0 unknown :-1 s=STATE_CONNECTION_ESTABLISHED l=1).process ,
2021-12-08T22:12:08.411+0000 7ff45e3dd700 20 -- 172.21.15.22:0/471555395 >> v2:172.21.15.55:6807/33323 conn(0x7ff4380682f0 msgr2=0x7ff43806a7c0 unknown :-1 s=STATE_CONNECTION_ESTABLISHED l=1).read continue len=32 ,
2021-12-08T22:12:08.411+0000 7ff45e3dd700 20 --2- 172.21.15.22:0/471555395 >> v2:172.21.15.55:6807/33323 conn(0x7ff4380682f0 0x7ff43806a7c0 unknown :-1 s=AUTH_CONNECTING pgs=0 cs=0 l=1 rev1=1 crypto rx=0 tx=0 comp rx=0 tx=0).handle_read_frame_preamble_main r=0
2021-12-09T07:10:08.947 WARNING:scrape:Ignoring malparsed backtrace:
2021-12-08T22:12:25.914+0000 7ff45dbdc700 10 --2- 172.21.15.22:0/471555395 >> [v2:172.21.15.22:3300/0,v1:172.21.15.22:6789/0] conn(0x7ff4580697b0 0x7ff4580a35a0 secure :-1 s=READY pgs=870 cs=0 l=1 rev1=1 crypto rx=0x7ff44801abe0 tx=0x7ff448013000 comp rx=0 tx=0).write_event appending keepalive ,
2021-12-08T22:12:25.914+0000 7ff45dbdc700 15 authenticated_encrypt_update plaintext.length()=80 buffer.length()=80 ,
2021-12-08T22:12:25.914+0000 7ff45dbdc700 15 authenticated_encrypt_final buffer.length()=96 final_len=0
2021-12-09T07:10:08.948 WARNING:scrape:Ignoring malparsed backtrace:
2021-12-08T22:12:45.916+0000 7ff45dbdc700 10 --2- 172.21.15.22:0/471555395 >> [v2:172.21.15.22:3300/0,v1:172.21.15.22:6789/0] conn(0x7ff4580697b0 0x7ff4580a35a0 secure :-1 s=READY pgs=870 cs=0 l=1 rev1=1 crypto rx=0x7ff44801abe0 tx=0x7ff448013000 comp rx=0 tx=0).write_event ,
2021-12-08T22:12:45.916+0000 7ff45dbdc700 10 --2- 172.21.15.22:0/471555395 >> [v2:172.21.15.22:3300/0,v1:172.21.15.22:6789/0] conn(0x7ff4580697b0 0x7ff4580a35a0 secure :-1 s=READY pgs=870 cs=0 l=1 rev1=1 crypto rx=0x7ff44801abe0 tx=0x7ff448013000 comp rx=0 tx=0).write_event appending keepalive ,
2021-12-08T22:12:45.916+0000 7ff45dbdc700 15 authenticated_encrypt_update plaintext.length()=80 buffer.length()=80
2021-12-09T07:10:08.949 WARNING:scrape:Ignoring malparsed backtrace:
2021-12-08T22:13:05.918+0000 7ff45dbdc700 10 -- 172.21.15.22:0/471555395 >> [v2:172.21.15.22:3300/0,v1:172.21.15.22:6789/0] conn(0x7ff4580697b0 msgr2=0x7ff4580a35a0 secure :-1 s=STATE_CONNECTION_ESTABLISHED l=1).handle_write ,
2021-12-08T22:13:05.918+0000 7ff45dbdc700 10 --2- 172.21.15.22:0/471555395 >> [v2:172.21.15.22:3300/0,v1:172.21.15.22:6789/0] conn(0x7ff4580697b0 0x7ff4580a35a0 secure :-1 s=READY pgs=870 cs=0 l=1 rev1=1 crypto rx=0x7ff44801abe0 tx=0x7ff448013000 comp rx=0 tx=0).write_event ,
2021-12-08T22:13:05.918+0000 7ff45dbdc700 10 --2- 172.21.15.22:0/471555395 >> [v2:172.21.15.22:3300/0,v1:172.21.15.22:6789/0] conn(0x7ff4580697b0 0x7ff4580a35a0 secure :-1 s=READY pgs=870 cs=0 l=1 rev1=1 crypto rx=0x7ff44801abe0 tx=0x7ff448013000 comp rx=0 tx=0).write_event appending keepalive
2021-12-09T07:10:08.949 WARNING:scrape:Ignoring malparsed backtrace:
2021-12-08T22:13:08.482+0000 7ff45e3dd700 20 --2- 172.21.15.22:0/471555395 >> v2:172.21.15.55:6807/33323 conn(0x7ff4380682f0 0x7ff43806a7c0 crc :-1 s=SESSION_CONNECTING pgs=0 cs=0 l=1 rev1=1 crypto rx=0 tx=0 comp rx=0 tx=0).handle_read_frame_segment r=0 ,
2021-12-08T22:13:08.482+0000 7ff45e3dd700 10 --2- 172.21.15.22:0/471555395 >> v2:172.21.15.55:6807/33323 conn(0x7ff4380682f0 0x7ff43806a7c0 crc :-1 s=SESSION_CONNECTING pgs=0 cs=0 l=1 rev1=1 crypto rx=0 tx=0 comp rx=0 tx=0).handle_read_frame_dispatch tag=9 ,
2021-12-08T22:13:08.482+0000 7ff45e3dd700 20 --2- 172.21.15.22:0/471555395 >> v2:172.21.15.55:6807/33323 conn(0x7ff4380682f0 0x7ff43806a7c0 crc :-1 s=SESSION_CONNECTING pgs=0 cs=0 l=1 rev1=1 crypto rx=0 tx=0 comp rx=0 tx=0).handle_server_ident payload.length()=88
2021-12-09T07:10:08.950 WARNING:scrape:Ignoring malparsed backtrace:
2021-12-08T22:13:08.482+0000 7ff45e3dd700 20 --2- 172.21.15.22:0/471555395 >> v2:172.21.15.55:6807/33323 conn(0x7ff4380682f0 0x7ff43806a7c0 crc :-1 s=READY pgs=11 cs=0 l=1 rev1=1 crypto rx=0 tx=0 comp rx=0 tx=0).prepare_send_message encoding features 4540138303579357183 0x7ff4300049d0 ping magic: 0 v1 ,
2021-12-08T22:13:08.482+0000 7ff45e3dd700 5 --2- 172.21.15.22:0/471555395 >> v2:172.21.15.55:6807/33323 conn(0x7ff4380682f0 0x7ff43806a7c0 crc :-1 s=READY pgs=11 cs=0 l=1 rev1=1 crypto rx=0 tx=0 comp rx=0 tx=0).write_message sending message m=0x7ff4300049d0 seq=16 ping magic: 0 v1 ,
2021-12-08T22:13:08.482+0000 7ff45e3dd700 20 --2- 172.21.15.22:0/471555395 >> v2:172.21.15.55:6807/33323 conn(0x7ff4380682f0 0x7ff43806a7c0 crc :-1 s=READY pgs=11 cs=0 l=1 rev1=1 crypto rx=0 tx=0 comp rx=0 tx=0).write_message sending m=0x7ff4300049d0 seq=16 src=client.5547 off=0
2021-12-09T07:10:08.951 WARNING:scrape:Ignoring malparsed backtrace:
2021-12-08T22:13:08.510+0000 7ff45e3dd700 20 --2- 172.21.15.22:0/471555395 >> v2:172.21.15.55:6807/33323 conn(0x7ff4380682f0 0x7ff43806a7c0 crc :-1 s=THROTTLE_DONE pgs=11 cs=0 l=1 rev1=1 crypto rx=0 tx=0 comp rx=0 tx=0).handle_read_frame_segment r=0 ,
2021-12-08T22:13:08.510+0000 7ff45e3dd700 20 --2- 172.21.15.22:0/471555395 >> v2:172.21.15.55:6807/33323 conn(0x7ff4380682f0 0x7ff43806a7c0 crc :-1 s=THROTTLE_DONE pgs=11 cs=0 l=1 rev1=1 crypto rx=0 tx=0 comp rx=0 tx=0).read_frame_segment seg_idx=1 ,
2021-12-08T22:13:08.510+0000 7ff45e3dd700 20 -- 172.21.15.22:0/471555395 >> v2:172.21.15.55:6807/33323 conn(0x7ff4380682f0 msgr2=0x7ff43806a7c0 crc :-1 s=STATE_CONNECTION_ESTABLISHED l=1).read start len=8
2021-12-09T07:10:08.951 WARNING:scrape:Ignoring malparsed backtrace:
2021-12-08T22:13:08.732+0000 7f310e7fc700 20 Event(0x7f3110066ff0 nevent=5000 time_id=1).create_file_event create event started fd=11 mask=1 original mask is 0 ,
2021-12-08T22:13:08.732+0000 7f310e7fc700 20 EpollDriver.add_event add event fd=11 cur_mask=0 add_mask=1 to 10 ,
2021-12-08T22:13:08.732+0000 7f310e7fc700 20 Event(0x7f3110066ff0 nevent=5000 time_id=1).create_file_event create event end fd=11 mask=1 current mask is 1
2021-12-09T07:10:08.952 WARNING:scrape:Ignoring malparsed backtrace:
2021-12-08T22:13:08.733+0000 7f310e7fc700 20 --1- 172.21.15.22:0/841589819 >> v1:172.21.15.55:6789/0 conn(0x7f311006ab80 0x7f3110065340 :-1 s=CONNECTING_SEND_CONNECT_MSG pgs=0 cs=0 l=0).send_connect_message ,
