2021-12-16T15:25:38.186 DEBUG:teuthology.orchestra.run.smithi132:> egrep --binary-files=text '\bBUG\b|\bINFO\b|\bDEADLOCK\b' /home/ubuntu/cephtest/archive/syslog/kern.log | grep -v 'task .* blocked for more than .* seconds' | grep -v 'lockdep is turned off' | grep -v 'trying to register non-static key' | grep -v 'DEBUG: fsize' | grep -v CRON | grep -v 'BUG: bad unlock balance detected' | grep -v 'inconsistent lock state' | grep -v '*** DEADLOCK ***' | grep -v 'INFO: possible irq lock inversion dependency detected' | grep -v 'INFO: NMI handler (perf_event_nmi_handler) took too long to run' | grep -v 'INFO: recovery required on readonly' | grep -v 'ceph-create-keys: INFO' | grep -v INFO:ceph-create-keys | grep -v 'Loaded datasource DataSourceOpenStack' | grep -v 'container-storage-setup: INFO: Volume group backing root filesystem could not be determined' | egrep -v '\bsalt-master\b|\bsalt-minion\b|\bsalt-api\b' | grep -v ceph-crash | egrep -v '\btcmu-runner\b.*\bINFO\b' | head -n 1
2021-12-17T01:25:25.789 WARNING:scrape:Ignoring malparsed backtrace: ceph version 17.0.0-8909-g99c7c1be (99c7c1be05421a1d1adbec32effbf855f12ce8bc) quincy (dev) , 1: (ceph::__ceph_assert_fail(char const*, char const*, int, char const*)+0x128) [0x7f5ef3dcd4d7] , 2: (ceph::register_assert_context(ceph::common::CephContext*)+0) [0x7f5ef3dcd72b]
2021-12-17T01:25:25.790 WARNING:scrape:Ignoring malparsed backtrace:
2021-12-16T15:15:32.471+0000 7fe606ffd700 20 -- >> [v2:172.21.15.93:3301/0,v1:172.21.15.93:6790/0] conn(0x7fe6080a88d0 msgr2=0x7fe608136170 unknown :-1 s=STATE_CONNECTING l=0).process ,
2021-12-16T15:15:32.471+0000 7fe60d3f1700 10 -- >> v1:172.21.15.93:6789/0 conn(0x7fe60806a5c0 legacy=0x7fe608139290 unknown :-1 s=STATE_NONE l=0)._connect ,
2021-12-16T15:15:32.471+0000 7fe60d3f1700 20 Event(0x7fe60806bb50 nevent=5000 time_id=1).wakeup
2021-12-17T01:25:25.791 WARNING:scrape:Ignoring malparsed backtrace:
2021-12-16T15:15:32.471+0000 7fe606ffd700 20 --2- 172.21.15.93:0/1764940193 >> [v2:172.21.15.93:3301/0,v1:172.21.15.93:6790/0] conn(0x7fe6080a88d0 0x7fe608136170 unknown :-1 s=HELLO_CONNECTING pgs=0 cs=0 l=0 rev1=1 crypto rx=0 tx=0 comp rx=0 tx=0).handle_hello payload.length()=36 ,
2021-12-16T15:15:32.471+0000 7fe6077fe700 1 --2- 172.21.15.93:0/1764940193 >> v2:172.21.15.93:3300/0 conn(0x7fe6081399a0 0x7fe60806a9d0 unknown :-1 s=BANNER_CONNECTING pgs=0 cs=0 l=0 rev1=0 crypto rx=0 tx=0 comp rx=0 tx=0)._handle_peer_banner_payload supported=3 required=0 ,
2021-12-16T15:15:32.471+0000 7fe6067fc700 20 --1- 172.21.15.93:0/1764940193 >> v1:172.21.15.93:6789/0 conn(0x7fe60806a5c0 0x7fe608139290 :-1 s=CONNECTING_SEND_CONNECT_MSG pgs=0 cs=0 l=0).wait_ack_seq
2021-12-17T01:25:25.791 WARNING:scrape:Ignoring malparsed backtrace:
2021-12-16T15:15:32.472+0000 7fe6067fc700 20 -- 172.21.15.93:0/1764940193 >> v1:172.21.15.93:6789/0 conn(0x7fe60806a5c0 legacy=0x7fe608139290 unknown :-1 s=STATE_CONNECTION_ESTABLISHED l=1).read start len=21 ,
2021-12-16T15:15:32.472+0000 7fe6067fc700 20 --1- 172.21.15.93:0/1764940193 >> v1:172.21.15.93:6789/0 conn(0x7fe60806a5c0 0x7fe608139290 :-1 s=READ_FOOTER_AND_DISPATCH pgs=695 cs=1 l=1).handle_message_footer r=0 ,
2021-12-16T15:15:32.472+0000 7fe6067fc700 10 --1- 172.21.15.93:0/1764940193 >> v1:172.21.15.93:6789/0 conn(0x7fe60806a5c0 0x7fe608139290 :-1 s=READ_FOOTER_AND_DISPATCH pgs=695 cs=1 l=1).handle_message_footer aborted = 0
2021-12-17T01:25:25.792 WARNING:scrape:Ignoring malparsed backtrace:
2021-12-16T15:15:32.472+0000 7fe6077fe700 15 authenticated_encrypt_update plaintext.length()=80 buffer.length()=80 ,
2021-12-16T15:15:32.472+0000 7fe6077fe700 15 authenticated_encrypt_final buffer.length()=96 final_len=0 ,
2021-12-16T15:15:32.472+0000 7fe6077fe700 5 --2- 172.21.15.93:0/1764940193 >> [v2:172.21.15.93:3300/0,v1:172.21.15.93:6789/0] conn(0x7fe6081399a0 0x7fe60806a9d0 secure :-1 s=READY pgs=696 cs=0 l=1 rev1=1 crypto rx=0x7fe5f8008260 tx=0x7fe5f8011ac0 comp rx=0 tx=0).write_message sending message m=0x7fe6081359b0 seq=1 mon_getmap magic: 0 v1
2021-12-17T01:25:25.793 WARNING:scrape:Ignoring malparsed backtrace:
2021-12-16T15:15:32.473+0000 7fe60d3f1700 5 -- 172.21.15.93:0/1764940193 shutdown_connections delete 0x7fe6081399a0 ,
2021-12-16T15:15:32.473+0000 7fe60d3f1700 1 -- 172.21.15.93:0/1764940193 >> 172.21.15.93:0/1764940193 conn(0x7fe608063490 msgr2=0x7fe6080638a0 unknown :-1 s=STATE_NONE l=0).mark_down ,
2021-12-16T15:15:32.473+0000 7fe60d3f1700 20 --1- 172.21.15.93:0/1764940193 >> 172.21.15.93:0/1764940193 conn(0x7fe608063490 0x7fe6080638a0 :-1 s=NONE pgs=0 cs=0 l=0).stop
2021-12-17T01:25:25.794 WARNING:scrape:Ignoring malparsed backtrace:
2021-12-16T15:15:32.476+0000 7fe6067fc700 20 --2- >> [v2:172.21.15.93:3300/0,v1:172.21.15.93:6789/0] conn(0x7fe6080a88d0 0x7fe6080ac770 unknown :-1 s=BANNER_CONNECTING pgs=0 cs=0 l=1 rev1=0 crypto rx=0 tx=0 comp rx=0 tx=0)._handle_peer_banner_payload r=0 ,
2021-12-16T15:15:32.476+0000 7fe6067fc700 1 --2- >> [v2:172.21.15.93:3300/0,v1:172.21.15.93:6789/0] conn(0x7fe6080a88d0 0x7fe6080ac770 unknown :-1 s=BANNER_CONNECTING pgs=0 cs=0 l=1 rev1=0 crypto rx=0 tx=0 comp rx=0 tx=0)._handle_peer_banner_payload supported=3 required=0 ,
2021-12-16T15:15:32.476+0000 7fe606ffd700 10 -- >> [v2:172.21.15.93:3301/0,v1:172.21.15.93:6790/0] conn(0x7fe60806a5c0 msgr2=0x7fe6080ac230 unknown :-1 s=STATE_CONNECTION_ESTABLISHED l=1)._try_send sent bytes 72 remaining bytes 0
2021-12-17T01:25:25.794 WARNING:scrape:Ignoring malparsed backtrace:
2021-12-16T15:15:32.477+0000 7fe6077fe700 20 --2- 172.21.15.93:0/1831050424 >> [v2:172.21.15.132:3300/0,v1:172.21.15.132:6789/0] conn(0x7fe6081399a0 0x7fe608148900 unknown :-1 s=AUTH_CONNECTING pgs=0 cs=0 l=1 rev1=1 crypto rx=0 tx=0 comp rx=0 tx=0).read_frame ,
2021-12-16T15:15:32.477+0000 7fe6077fe700 20 -- 172.21.15.93:0/1831050424 >> [v2:172.21.15.132:3300/0,v1:172.21.15.132:6789/0] conn(0x7fe6081399a0 msgr2=0x7fe608148900 unknown :-1 s=STATE_CONNECTION_ESTABLISHED l=1).read start len=32 ,
2021-12-16T15:15:32.477+0000 7fe6067fc700 5 --2- 172.21.15.93:0/1831050424 >> [v2:172.21.15.93:3300/0,v1:172.21.15.93:6789/0] conn(0x7fe6080a88d0 0x7fe6080ac770 unknown :-1 s=AUTH_CONNECTING pgs=0 cs=0 l=1 rev1=1 crypto rx=0 tx=0 comp rx=0 tx=0).reset_recv_state
2021-12-17T01:25:25.795 WARNING:scrape:Ignoring malparsed backtrace:
2021-12-16T15:15:32.477+0000 7fe606ffd700 20 -- 172.21.15.93:0/1831050424 >> [v2:172.21.15.93:3301/0,v1:172.21.15.93:6790/0] conn(0x7fe60806a5c0 msgr2=0x7fe6080ac230 secure :-1 s=STATE_CONNECTION_ESTABLISHED l=1).process ,
2021-12-16T15:15:32.477+0000 7fe606ffd700 20 -- 172.21.15.93:0/1831050424 >> [v2:172.21.15.93:3301/0,v1:172.21.15.93:6790/0] conn(0x7fe60806a5c0 msgr2=0x7fe6080ac230 secure :-1 s=STATE_CONNECTION_ESTABLISHED l=1).read continue len=96 ,
2021-12-16T15:15:32.477+0000 7fe606ffd700 20 --2- 172.21.15.93:0/1831050424 >> [v2:172.21.15.93:3301/0,v1:172.21.15.93:6790/0] conn(0x7fe60806a5c0 0x7fe6080ac230 secure :-1 s=READY pgs=395 cs=0 l=1 rev1=1 crypto rx=0x7fe5fc00e900 tx=0x7fe5fc006e20 comp rx=0 tx=0).handle_read_frame_preamble_main r=0
2021-12-17T01:25:25.796 WARNING:scrape:Ignoring malparsed backtrace:
2021-12-16T15:15:32.478+0000 7fe606ffd700 20 --2- 172.21.15.93:0/1831050424 >> [v2:172.21.15.93:3301/0,v1:172.21.15.93:6790/0] conn(0x7fe60806a5c0 0x7fe6080ac230 secure :-1 s=THROTTLE_BYTES pgs=395 cs=0 l=1 rev1=1 crypto rx=0x7fe5fc00e900 tx=0x7fe5fc006e20 comp rx=0 tx=0).throttle_bytes ,
2021-12-16T15:15:32.478+0000 7fe606ffd700 20 --2- 172.21.15.93:0/1831050424 >> [v2:172.21.15.93:3301/0,v1:172.21.15.93:6790/0] conn(0x7fe60806a5c0 0x7fe6080ac230 secure :-1 s=THROTTLE_DISPATCH_QUEUE pgs=395 cs=0 l=1 rev1=1 crypto rx=0x7fe5fc00e900 tx=0x7fe5fc006e20 comp rx=0 tx=0).throttle_dispatch_queue ,
2021-12-16T15:15:32.478+0000 7fe606ffd700 20 --2- 172.21.15.93:0/1831050424 >> [v2:172.21.15.93:3301/0,v1:172.21.15.93:6790/0] conn(0x7fe60806a5c0 0x7fe6080ac230 secure :-1 s=THROTTLE_DONE pgs=395 cs=0 l=1 rev1=1 crypto rx=0x7fe5fc00e900 tx=0x7fe5fc006e20 comp rx=0 tx=0).read_frame_segment seg_idx=0
2021-12-17T01:25:25.796 WARNING:scrape:Ignoring malparsed backtrace:
2021-12-16T15:15:32.480+0000 7fe6067fc700 20 --2- 172.21.15.93:0/1831050424 >> v2:172.21.15.132:6800/32819 conn(0x7fe5e8061ba0 0x7fe5e80640b0 unknown :-1 s=AUTH_CONNECTING pgs=0 cs=0 l=1 rev1=1 crypto rx=0 tx=0 comp rx=0 tx=0).handle_read_frame_segment r=0 ,
2021-12-16T15:15:32.480+0000 7fe6067fc700 10 --2- 172.21.15.93:0/1831050424 >> v2:172.21.15.132:6800/32819 conn(0x7fe5e8061ba0 0x7fe5e80640b0 unknown :-1 s=AUTH_CONNECTING pgs=0 cs=0 l=1 rev1=1 crypto rx=0 tx=0 comp rx=0 tx=0).handle_read_frame_dispatch tag=4 ,
2021-12-16T15:15:32.480+0000 7fe6067fc700 20 --2- 172.21.15.93:0/1831050424 >> v2:172.21.15.132:6800/32819 conn(0x7fe5e8061ba0 0x7fe5e80640b0 unknown :-1 s=AUTH_CONNECTING pgs=0 cs=0 l=1 rev1=1 crypto rx=0 tx=0 comp rx=0 tx=0).handle_auth_reply_more payload.length()=36
2021-12-17T01:25:25.797 WARNING:scrape:Ignoring malparsed backtrace:
2021-12-16T15:15:32.646+0000 7fe606ffd700 10 --2- 172.21.15.93:0/1831050424 >> [v2:172.21.15.93:3301/0,v1:172.21.15.93:6790/0] conn(0x7fe60806a5c0 0x7fe6080ac230 secure :-1 s=READY pgs=395 cs=0 l=1 rev1=1 crypto rx=0x7fe5fc00e900 tx=0x7fe5fc006e20 comp rx=0 tx=0).write_message sending 0x7fe608148660 done. ,
2021-12-16T15:15:32.647+0000 7fe606ffd700 20 -- 172.21.15.93:0/1831050424 >> [v2:172.21.15.93:3301/0,v1:172.21.15.93:6790/0] conn(0x7fe60806a5c0 msgr2=0x7fe6080ac230 secure :-1 s=STATE_CONNECTION_ESTABLISHED l=1).process ,
2021-12-16T15:15:32.647+0000 7fe606ffd700 20 -- 172.21.15.93:0/1831050424 >> [v2:172.21.15.93:3301/0,v1:172.21.15.93:6790/0] conn(0x7fe60806a5c0 msgr2=0x7fe6080ac230 secure :-1 s=STATE_CONNECTION_ESTABLISHED l=1).read continue len=96
2021-12-17T01:25:25.798 WARNING:scrape:Ignoring malparsed backtrace:
2021-12-16T15:15:33.030+0000 7f2285e85700 20 EpollDriver.add_event add event fd=8 cur_mask=0 add_mask=1 to 7 ,
2021-12-16T15:15:33.030+0000 7f2285e85700 20 Event(0x7f22800608a0 nevent=5000 time_id=1).create_file_event create event end fd=8 mask=1 current mask is 1 ,
2021-12-16T15:15:33.030+0000 7f2285e85700 10 stack operator() starting
2021-12-17T01:25:25.798 WARNING:scrape:Ignoring malparsed backtrace:
2021-12-16T15:15:33.031+0000 7f2285684700 20 -- 172.21.15.93:0/345196109 >> [v2:172.21.15.93:3301/0,v1:172.21.15.93:6790/0] conn(0x7f22800aa240 msgr2=0x7f22800a7e80 unknown :-1 s=STATE_CONNECTION_ESTABLISHED l=0).read continue len=10 ,
2021-12-16T15:15:33.031+0000 7f2286686700 20 -- 172.21.15.93:0/345196109 >> v2:172.21.15.132:3300/0 conn(0x7f2280137150 msgr2=0x7f2280137560 unknown :-1 s=STATE_CONNECTION_ESTABLISHED l=0).process ,
2021-12-16T15:15:33.031+0000 7f2285e85700 20 -- 172.21.15.93:0/345196109 >> v1:172.21.15.93:6789/0 conn(0x7f22800a9330 legacy=0x7f2280139e20 unknown :-1 s=STATE_CONNECTION_ESTABLISHED l=0).read start len=26
2021-12-17T01:25:25.799 WARNING:scrape:Ignoring malparsed backtrace:
2021-12-16T15:15:33.031+0000 7f2285684700 20 -- 172.21.15.93:0/345196109 >> [v2:172.21.15.93:3301/0,v1:172.21.15.93:6790/0] conn(0x7f22800aa240 msgr2=0x7f22800a7e80 unknown :-1 s=STATE_CONNECTION_ESTABLISHED l=0).read start len=294 ,
2021-12-16T15:15:33.031+0000 7f2285684700 20 --2- 172.21.15.93:0/345196109 >> [v2:172.21.15.93:3301/0,v1:172.21.15.93:6790/0] conn(0x7f22800aa240 0x7f22800a7e80 unknown :-1 s=AUTH_CONNECTING pgs=0 cs=0 l=0 rev1=1 crypto rx=0 tx=0 comp rx=0 tx=0).handle_read_frame_segment r=0 ,
2021-12-16T15:15:33.031+0000 7f2285684700 10 --2- 172.21.15.93:0/345196109 >> [v2:172.21.15.93:3301/0,v1:172.21.15.93:6790/0] conn(0x7f22800aa240 0x7f22800a7e80 unknown :-1 s=AUTH_CONNECTING pgs=0 cs=0 l=0 rev1=1 crypto rx=0 tx=0 comp rx=0 tx=0).handle_read_frame_dispatch tag=6
2021-12-17T01:25:25.800 WARNING:scrape:Ignoring malparsed backtrace:
2021-12-16T15:15:33.032+0000 7f2285684700 20 --2- 172.21.15.93:0/345196109 >> [v2:172.21.15.93:3301/0,v1:172.21.15.93:6790/0] conn(0x7f22800aa240 0x7f22800a7e80 secure :-1 s=SESSION_CONNECTING pgs=0 cs=0 l=0 rev1=1 crypto rx=0x7f227400b660 tx=0x7f2274006e20 comp rx=0 tx=0).handle_read_frame_preamble_main r=0 ,
2021-12-16T15:15:33.032+0000 7f2285684700 20 --2- 172.21.15.93:0/345196109 >> [v2:172.21.15.93:3301/0,v1:172.21.15.93:6790/0] conn(0x7f22800aa240 0x7f22800a7e80 secure :-1 s=SESSION_CONNECTING pgs=0 cs=0 l=0 rev1=1 crypto rx=0x7f227400b660 tx=0x7f2274006e20 comp rx=0 tx=0).read_frame_segment seg_idx=0 ,
2021-12-16T15:15:33.032+0000 7f2285684700 20 -- 172.21.15.93:0/345196109 >> [v2:172.21.15.93:3301/0,v1:172.21.15.93:6790/0] conn(0x7f22800aa240 msgr2=0x7f22800a7e80 secure :-1 s=STATE_CONNECTION_ESTABLISHED l=0).read start len=96
2021-12-17T01:25:25.800 WARNING:scrape:Ignoring malparsed backtrace:
2021-12-16T15:15:33.033+0000 7f2285684700 5 --2- 172.21.15.93:0/345196109 >> [v2:172.21.15.93:3301/0,v1:172.21.15.93:6790/0] conn(0x7f22800aa240 0x7f22800a7e80 secure :-1 s=CLOSED pgs=396 cs=0 l=1 rev1=1 crypto rx=0x7f227400b660 tx=0x7f2274006e20 comp rx=0 tx=0).reset_security ,
2021-12-16T15:15:33.033+0000 7f2285684700 5 --2- 172.21.15.93:0/345196109 >> [v2:172.21.15.93:3301/0,v1:172.21.15.93:6790/0] conn(0x7f22800aa240 0x7f22800a7e80 unknown :-1 s=CLOSED pgs=396 cs=0 l=1 rev1=1 crypto rx=0 tx=0 comp rx=0 tx=0).reset_compression ,
2021-12-16T15:15:33.033+0000 7f2285684700 20 EpollDriver.del_event del event fd=14 cur_mask=1 delmask=3 to 10
2021-12-17T01:25:25.801 WARNING:scrape:Ignoring malparsed backtrace:
2021-12-16T15:15:33.035+0000 7f2285684700 10 -- >> [v2:172.21.15.93:3301/0,v1:172.21.15.93:6790/0] conn(0x7f22800aa240 msgr2=0x7f22800a1960 unknown :-1 s=STATE_CONNECTION_ESTABLISHED l=1)._try_send sent bytes 26 remaining bytes 0 ,
2021-12-16T15:15:33.035+0000 7f2285684700 20 -- >> [v2:172.21.15.93:3301/0,v1:172.21.15.93:6790/0] conn(0x7f22800aa240 msgr2=0x7f22800a1960 unknown :-1 s=STATE_CONNECTION_ESTABLISHED l=1).read start len=10 ,
2021-12-16T15:15:33.035+0000 7f2285e85700 20 -- >> [v2:172.21.15.93:3300/0,v1:172.21.15.93:6789/0] conn(0x7f22800a9330 msgr2=0x7f22800a3010 unknown :-1 s=STATE_CONNECTION_ESTABLISHED l=1).process
2021-12-17T01:25:25.802 WARNING:scrape:Ignoring malparsed backtrace:
2021-12-16T15:15:33.036+0000 7f2285684700 20 --2- 172.21.15.93:0/3018957190 >> [v2:172.21.15.93:3301/0,v1:172.21.15.93:6790/0] conn(0x7f22800aa240 0x7f22800a1960 unknown :-1 s=AUTH_CONNECTING pgs=0 cs=0 l=1 rev1=1 crypto rx=0 tx=0 comp rx=0 tx=0).read_frame ,
2021-12-16T15:15:33.036+0000 7f2285684700 20 -- 172.21.15.93:0/3018957190 >> [v2:172.21.15.93:3301/0,v1:172.21.15.93:6790/0] conn(0x7f22800aa240 msgr2=0x7f22800a1960 unknown :-1 s=STATE_CONNECTION_ESTABLISHED l=1).read start len=32 ,
2021-12-16T15:15:33.036+0000 7f2285e85700 20 -- 172.21.15.93:0/3018957190 >> [v2:172.21.15.93:3300/0,v1:172.21.15.93:6789/0] conn(0x7f22800a9330 msgr2=0x7f22800a3010 unknown :-1 s=STATE_CONNECTION_ESTABLISHED l=1).process
2021-12-17T01:25:25.802 WARNING:scrape:Ignoring malparsed backtrace:
2021-12-16T15:15:33.036+0000 7f2285e85700 20 --2- 172.21.15.93:0/3018957190 >> [v2:172.21.15.93:3300/0,v1:172.21.15.93:6789/0] conn(0x7f22800a9330 0x7f22800a3010 secure :-1 s=READY pgs=698 cs=0 l=1 rev1=1 crypto rx=0x7f227001d490 tx=0x7f2270018cc0 comp rx=0 tx=0).prepare_send_message encoding features 4540138303579357183 0x7f227400b1a0 mon_subscribe({config=0+,monmap=0+}) v3 ,
2021-12-16T15:15:33.036+0000 7f2285e85700 15 authenticated_encrypt_update plaintext.length()=80 buffer.length()=80 ,
2021-12-16T15:15:33.036+0000 7f2285e85700 15 authenticated_encrypt_final buffer.length()=96 final_len=0
2021-12-17T01:25:25.803 WARNING:scrape:Ignoring malparsed backtrace:
2021-12-16T15:15:33.037+0000 7f2285e85700 10 -- 172.21.15.93:0/3018957190 >> [v2:172.21.15.93:3300/0,v1:172.21.15.93:6789/0] conn(0x7f22800a9330 msgr2=0x7f22800a3010 secure :-1 s=STATE_CONNECTION_ESTABLISHED l=1)._try_send sent bytes 176 remaining bytes 0 ,
2021-12-16T15:15:33.037+0000 7f2285e85700 10 --2- 172.21.15.93:0/3018957190 >> [v2:172.21.15.93:3300/0,v1:172.21.15.93:6789/0] conn(0x7f22800a9330 0x7f22800a3010 secure :-1 s=READY pgs=698 cs=0 l=1 rev1=1 crypto rx=0x7f227001d490 tx=0x7f2270018cc0 comp rx=0 tx=0).write_message sending 0x7f22800a1260 done. ,
2021-12-16T15:15:33.038+0000 7f2285e85700 20 -- 172.21.15.93:0/3018957190 >> [v2:172.21.15.93:3300/0,v1:172.21.15.93:6789/0] conn(0x7f22800a9330 msgr2=0x7f22800a3010 secure :-1 s=STATE_CONNECTION_ESTABLISHED l=1).process
2021-12-17T01:25:25.804 WARNING:scrape:Ignoring malparsed backtrace:
2021-12-16T15:15:33.039+0000 7f2285684700 20 --2- 172.21.15.93:0/3018957190 >> v2:172.21.15.132:6800/32819 conn(0x7f2260061ba0 0x7f22600640b0 unknown :-1 s=HELLO_CONNECTING pgs=0 cs=0 l=1 rev1=1 crypto rx=0 tx=0 comp rx=0 tx=0).post_client_banner_exchange ,
2021-12-16T15:15:33.039+0000 7f2285684700 20 --2- 172.21.15.93:0/3018957190 >> v2:172.21.15.132:6800/32819 conn(0x7f2260061ba0 0x7f22600640b0 unknown :-1 s=AUTH_CONNECTING pgs=0 cs=0 l=1 rev1=1 crypto rx=0 tx=0 comp rx=0 tx=0).send_auth_request peer_type 16 auth_client 0x7f228005d5e8 ,
2021-12-16T15:15:33.039+0000 7f2285684700 10 -- 172.21.15.93:0/3018957190 >> v2:172.21.15.132:6800/32819 conn(0x7f2260061ba0 msgr2=0x7f22600640b0 unknown :-1 s=STATE_CONNECTION_ESTABLISHED l=1)._try_send sent bytes 230 remaining bytes 0
2021-12-17T01:25:25.805 WARNING:scrape:Ignoring malparsed backtrace:
2021-12-16T15:15:33.204+0000 7f2285684700 20 --2- 172.21.15.93:0/3018957190 >> v2:172.21.15.132:6800/32819 conn(0x7f2260061ba0 0x7f22600640b0 secure :-1 s=READY pgs=282 cs=0 l=1 rev1=1 crypto rx=0x7f2280064410 tx=0x7f2274010000 comp rx=0 tx=0).prepare_send_message m=mgr_command(tid 0: {"prefix": "pg dump", "target": ["mon-mgr", ""], "format": "json"}) v1 ,
2021-12-16T15:15:33.204+0000 7f2285684700 20 --2- 172.21.15.93:0/3018957190 >> v2:172.21.15.132:6800/32819 conn(0x7f2260061ba0 0x7f22600640b0 secure :-1 s=READY pgs=282 cs=0 l=1 rev1=1 crypto rx=0x7f2280064410 tx=0x7f2274010000 comp rx=0 tx=0).prepare_send_message encoding features 4540138303579357183 0x7f22800644a0 mgr_command(tid 0: {"prefix": "pg dump", "target": ["mon-mgr", ""], "format": "json"}) v1 ,
2021-12-16T15:15:33.204+0000 7f2285684700 15 authenticated_encrypt_update plaintext.length()=80 buffer.length()=80
2021-12-17T01:25:25.805 WARNING:scrape:Ignoring malparsed backtrace:
2021-12-16T15:15:33.655+0000 7fc46a980700 20 CompressorRegistry(0x7fc46406d630) adding algorithm method: snappy ,
2021-12-16T15:15:33.655+0000 7fc46a980700 20 CompressorRegistry(0x7fc46406d630) adding algorithm method: zlib ,
2021-12-16T15:15:33.655+0000 7fc46a980700 20 CompressorRegistry(0x7fc46406d630) adding algorithm method: zstd
2021-12-17T01:25:25.806 WARNING:scrape:Ignoring malparsed backtrace:
2021-12-16T15:15:33.657+0000 7fc463fff700 20 -- >> v2:172.21.15.93:3300/0 conn(0x7fc4640a9330 msgr2=0x7fc4640aa240 unknown :-1 s=STATE_CONNECTION_ESTABLISHED l=0).process ,
2021-12-16T15:15:33.657+0000 7fc463fff700 20 -- >> v2:172.21.15.93:3300/0 conn(0x7fc4640a9330 msgr2=0x7fc4640aa240 unknown :-1 s=STATE_CONNECTION_ESTABLISHED l=0).read continue len=10 ,
2021-12-16T15:15:33.657+0000 7fc463fff700 20 --2- >> v2:172.21.15.93:3300/0 conn(0x7fc4640a9330 0x7fc4640aa240 unknown :-1 s=BANNER_CONNECTING pgs=0 cs=0 l=0 rev1=0 crypto rx=0 tx=0 comp rx=0 tx=0)._handle_peer_banner r=0
2021-12-17T01:25:25.807 WARNING:scrape:Ignoring malparsed backtrace:
2021-12-16T15:15:33.657+0000 7fc468f1d700 20 --2- 172.21.15.93:0/2382496394 >> v2:172.21.15.132:3300/0 conn(0x7fc464137150 0x7fc464137560 unknown :-1 s=AUTH_CONNECTING pgs=0 cs=0 l=0 rev1=1 crypto rx=0 tx=0 comp rx=0 tx=0).read_frame_segment seg_idx=0 ,
2021-12-16T15:15:33.657+0000 7fc4637fe700 20 --1- 172.21.15.93:0/2382496394 >> v1:172.21.15.132:6789/0 conn(0x7fc4640a7e80 0x7fc464139e20 :-1 s=OPENED pgs=457 cs=1 l=1).prepare_send_message encoding features 4540138303579357183 0x7fc464137aa0 auth(proto 0 30 bytes epoch 0) v1 ,
2021-12-16T15:15:33.657+0000 7fc468f1d700 20 -- 172.21.15.93:0/2382496394 >> v2:172.21.15.132:3300/0 conn(0x7fc464137150 msgr2=0x7fc464137560 unknown :-1 s=STATE_CONNECTION_ESTABLISHED l=0).read start len=17
2021-12-17T01:25:25.807 WARNING:scrape:Ignoring malparsed backtrace:
2021-12-16T15:15:33.658+0000 7fc463fff700 20 --2- 172.21.15.93:0/2382496394 >> v2:172.21.15.93:3300/0 conn(0x7fc4640a9330 0x7fc4640aa240 secure :-1 s=AUTH_CONNECTING_SIGN pgs=0 cs=0 l=0 rev1=1 crypto rx=0x7fc4640a6cb0 tx=0x7fc454006f70 comp rx=0 tx=0).read_frame ,
2021-12-16T15:15:33.658+0000 7fc463fff700 20 -- 172.21.15.93:0/2382496394 >> v2:172.21.15.93:3300/0 conn(0x7fc4640a9330 msgr2=0x7fc4640aa240 secure :-1 s=STATE_CONNECTION_ESTABLISHED l=0).read start len=96 ,
2021-12-16T15:15:33.658+0000 7fc463fff700 20 --2- 172.21.15.93:0/2382496394 >> v2:172.21.15.93:3300/0 conn(0x7fc4640a9330 0x7fc4640aa240 secure :-1 s=AUTH_CONNECTING_SIGN pgs=0 cs=0 l=0 rev1=1 crypto rx=0x7fc4640a6cb0 tx=0x7fc454006f70 comp rx=0 tx=0).handle_read_frame_preamble_main r=0
2021-12-17T01:25:25.808 WARNING:scrape:Ignoring malparsed backtrace:
2021-12-16T15:15:33.658+0000 7fc462ffd700 1 -- 172.21.15.93:0/2382496394 <== mon.0 v2:172.21.15.93:3300/0 2 ==== config(0 keys) v1 ==== 4+0+0 (secure 0 0 0) 0x7fc454003500 con 0x7fc4640a9330 ,
2021-12-16T15:15:33.658+0000 7fc463fff700 20 --2- 172.21.15.93:0/2382496394 >> [v2:172.21.15.93:3300/0,v1:172.21.15.93:6789/0] conn(0x7fc4640a9330 0x7fc4640aa240 secure :-1 s=READY pgs=699 cs=0 l=1 rev1=1 crypto rx=0x7fc4640a6cb0 tx=0x7fc454006f70 comp rx=0 tx=0).handle_read_frame_preamble_main r=0 ,
2021-12-16T15:15:33.658+0000 7fc462ffd700 10 -- 172.21.15.93:0/2382496394 dispatch_throttle_release 4 to dispatch throttler 4/104857600
2021-12-17T01:25:25.809 WARNING:scrape:Ignoring malparsed backtrace:
2021-12-16T15:15:33.661+0000 7fc468f1d700 20 -- >> [v2:172.21.15.93:3300/0,v1:172.21.15.93:6789/0] conn(0x7fc464137150 msgr2=0x7fc4640a0890 unknown :-1 s=STATE_CONNECTING l=1).process ,
2021-12-16T15:15:33.661+0000 7fc46a980700 10 -- connect_to [v2:172.21.15.93:3300/0,v1:172.21.15.93:6789/0] new 0x7fc464137150 ,
2021-12-16T15:15:33.661+0000 7fc46a980700 1 -- --> [v2:172.21.15.93:3300/0,v1:172.21.15.93:6789/0] -- mon_getmap magic: 0 v1 -- 0x7fc4640a3a90 con 0x7fc464137150
2021-12-17T01:25:25.809 WARNING:scrape:Ignoring malparsed backtrace:
2021-12-16T15:15:33.662+0000 7fc463fff700 20 --2- 172.21.15.93:0/177800900 >> [v2:172.21.15.132:3300/0,v1:172.21.15.132:6789/0] conn(0x7fc4640a7e80 0x7fc4640a1720 unknown :-1 s=AUTH_CONNECTING pgs=0 cs=0 l=1 rev1=1 crypto rx=0 tx=0 comp rx=0 tx=0).handle_auth_reply_more payload.length()=13 ,
2021-12-16T15:15:33.662+0000 7fc468f1d700 20 --2- 172.21.15.93:0/177800900 >> [v2:172.21.15.93:3300/0,v1:172.21.15.93:6789/0] conn(0x7fc464137150 0x7fc4640a0890 unknown :-1 s=AUTH_CONNECTING pgs=0 cs=0 l=1 rev1=1 crypto rx=0 tx=0 comp rx=0 tx=0).send_auth_request peer_type 1 auth_client 0x7fc46405d5e8 ,
2021-12-16T15:15:33.662+0000 7fc4637fe700 20 --2- 172.21.15.93:0/177800900 >> [v2:172.21.15.93:3301/0,v1:172.21.15.93:6790/0] conn(0x7fc4640a9330 0x7fc4640a1e80 unknown :-1 s=HELLO_CONNECTING pgs=0 cs=0 l=1 rev1=1 crypto rx=0 tx=0 comp rx=0 tx=0).handle_read_frame_segment r=0
2021-12-17T01:25:25.810 WARNING:scrape:Ignoring malparsed backtrace:
2021-12-16T15:15:33.662+0000 7fc463fff700 15 authenticated_encrypt_update plaintext.length()=80 buffer.length()=80 ,
2021-12-16T15:15:33.662+0000 7fc463fff700 15 authenticated_encrypt_final buffer.length()=96 final_len=0 ,
2021-12-16T15:15:33.662+0000 7fc463fff700 15 authenticated_encrypt_update plaintext.length()=80 buffer.length()=80
2021-12-17T01:25:25.811 WARNING:scrape:Ignoring malparsed backtrace:
2021-12-16T15:15:33.663+0000 7fc463fff700 20 -- 172.21.15.93:0/177800900 queue 0x7fc45400eb20 prio 196 ,
2021-12-16T15:15:33.663+0000 7fc463fff700 20 --2- 172.21.15.93:0/177800900 >> [v2:172.21.15.132:3300/0,v1:172.21.15.132:6789/0] conn(0x7fc4640a7e80 0x7fc4640a1720 secure :-1 s=READY pgs=458 cs=0 l=1 rev1=1 crypto rx=0x7fc45401ad10 tx=0x7fc454011000 comp rx=0 tx=0).read_frame ,
2021-12-16T15:15:33.663+0000 7fc447fff700 1 -- 172.21.15.93:0/177800900 <== mon.1 v2:172.21.15.132:3300/0 3 ==== mon_map magic: 0 v1 ==== 413+0+0 (secure 0 0 0) 0x7fc45400eb20 con 0x7fc4640a7e80
2021-12-17T01:25:25.811 WARNING:scrape:Ignoring malparsed backtrace:
2021-12-16T15:15:33.665+0000 7fc4637fe700 10 NetHandler reconnect reconnect: 114 Operation already in progress ,
2021-12-16T15:15:33.665+0000 7fc4637fe700 10 -- 172.21.15.93:0/177800900 >> v2:172.21.15.132:6800/32819 conn(0x7fc44c061ba0 msgr2=0x7fc44c0640b0 unknown :-1 s=STATE_CONNECTING_RE l=1).process nonblock connect inprogress ,
2021-12-16T15:15:33.665+0000 7fc4637fe700 20 Event(0x7fc4640657a0 nevent=5000 time_id=5).create_file_event create event started fd=17 mask=2 original mask is 1
2021-12-17T01:25:25.812 WARNING:scrape:Ignoring malparsed backtrace:
2021-12-16T15:15:33.666+0000 7fc4637fe700 20 -- 172.21.15.93:0/177800900 >> v2:172.21.15.132:6800/32819 conn(0x7fc44c061ba0 msgr2=0x7fc44c0640b0 secure :-1 s=STATE_CONNECTION_ESTABLISHED l=1).read start len=96 ,
2021-12-16T15:15:33.669+0000 7fc463fff700 20 -- 172.21.15.93:0/177800900 >> [v2:172.21.15.132:3300/0,v1:172.21.15.132:6789/0] conn(0x7fc4640a7e80 msgr2=0x7fc4640a1720 secure :-1 s=STATE_CONNECTION_ESTABLISHED l=1).process ,
2021-12-16T15:15:33.669+0000 7fc463fff700 20 -- 172.21.15.93:0/177800900 >> [v2:172.21.15.132:3300/0,v1:172.21.15.132:6789/0] conn(0x7fc4640a7e80 msgr2=0x7fc4640a1720 secure :-1 s=STATE_CONNECTION_ESTABLISHED l=1).read continue len=96
2021-12-17T01:25:25.813 WARNING:scrape:Ignoring malparsed backtrace:
2021-12-16T15:15:33.832+0000 7fc46a980700 5 -- 172.21.15.93:0/177800900 shutdown_connections mark down [v2:172.21.15.132:3300/0,v1:172.21.15.132:6789/0] 0x7fc4640a7e80 ,
2021-12-16T15:15:33.832+0000 7fc46a980700 1 --2- 172.21.15.93:0/177800900 >> [v2:172.21.15.132:3300/0,v1:172.21.15.132:6789/0] conn(0x7fc4640a7e80 0x7fc4640a1720 unknown :-1 s=CLOSED pgs=458 cs=0 l=1 rev1=1 crypto rx=0 tx=0 comp rx=0 tx=0).stop ,
2021-12-16T15:15:33.832+0000 7fc46a980700 5 -- 172.21.15.93:0/177800900 shutdown_connections mark down [v2:172.21.15.93:3301/0,v1:172.21.15.93:6790/0] 0x7fc4640a9330
2021-12-17T01:25:25.814 WARNING:scrape:Ignoring malparsed backtrace:
2021-12-16T15:15:34.248+0000 7f3c70b6b700 10 -- >> v2:172.21.15.93:3300/0 conn(0x7f3c6c0aa3b0 msgr2=0x7f3c6c13a370 unknown :-1 s=STATE_CONNECTING_RE l=0).process connect successfully, ready to send banner ,
2021-12-16T15:15:34.248+0000 7f3c71b6d700 10 NetHandler reconnect reconnect: 114 Operation already in progress ,
2021-12-16T15:15:34.248+0000 7f3c7136c700 10 -- >> v1:172.21.15.93:6789/0 conn(0x7f3c6c0a9fa0 legacy=0x7f3c6c0a8fa0 unknown :-1 s=STATE_CONNECTING_RE l=0).process connect successfully, ready to send banner
2021-12-17T01:25:25.814 WARNING:scrape:Ignoring malparsed backtrace:
2021-12-16T15:15:34.249+0000 7f3c71b6d700 20 -- 172.21.15.93:0/1090692546 >> v1:172.21.15.132:6789/0 conn(0x7f3c6c13a8b0 legacy=0x7f3c6c0ab160 unknown :-1 s=STATE_CONNECTION_ESTABLISHED l=0).read continue len=26 ,
2021-12-16T15:15:34.249+0000 7f3c7136c700 20 --1- 172.21.15.93:0/1090692546 >> v1:172.21.15.93:6789/0 conn(0x7f3c6c0a9fa0 0x7f3c6c0a8fa0 :-1 s=CONNECTING_SEND_CONNECT_MSG pgs=0 cs=0 l=0).handle_connect_reply_1 r=0 ,
2021-12-16T15:15:34.249+0000 7f3c71b6d700 20 --1- 172.21.15.93:0/1090692546 >> v1:172.21.15.132:6789/0 conn(0x7f3c6c13a8b0 0x7f3c6c0ab160 :-1 s=CONNECTING_SEND_CONNECT_MSG pgs=0 cs=0 l=0).handle_connect_reply_1 r=0
2021-12-17T01:25:25.815 WARNING:scrape:Ignoring malparsed backtrace:
2021-12-16T15:15:34.249+0000 7f3c70b6b700 15 authenticated_encrypt_final buffer.length()=96 final_len=0 ,
2021-12-16T15:15:34.249+0000 7f3c70b6b700 10 -- 172.21.15.93:0/1090692546 >> v2:172.21.15.93:3300/0 conn(0x7f3c6c0aa3b0 msgr2=0x7f3c6c13a370 secure :-1 s=STATE_CONNECTION_ESTABLISHED l=0)._try_send sent bytes 96 remaining bytes 0 ,
2021-12-16T15:15:34.249+0000 7f3c70b6b700 20 --2- 172.21.15.93:0/1090692546 >> v2:172.21.15.93:3300/0 conn(0x7f3c6c0aa3b0 0x7f3c6c13a370 secure :-1 s=COMPRESSION_CONNECTING pgs=0 cs=0 l=0 rev1=1 crypto rx=0x7f3c60006fd0 tx=0x7f3c60006eb0 comp rx=0 tx=0).read_frame
2021-12-17T01:25:25.816 WARNING:scrape:Ignoring malparsed backtrace:
2021-12-16T15:15:34.250+0000 7f3c70b6b700 20 -- 172.21.15.93:0/1090692546 >> [v2:172.21.15.93:3300/0,v1:172.21.15.93:6789/0] conn(0x7f3c6c0aa3b0 msgr2=0x7f3c6c13a370 secure :-1 s=STATE_CONNECTION_ESTABLISHED l=1).read start len=416 ,
2021-12-16T15:15:34.250+0000 7f3c70b6b700 20 --2- 172.21.15.93:0/1090692546 >> [v2:172.21.15.93:3300/0,v1:172.21.15.93:6789/0] conn(0x7f3c6c0aa3b0 0x7f3c6c13a370 secure :-1 s=THROTTLE_DONE pgs=701 cs=0 l=1 rev1=1 crypto rx=0x7f3c60006fd0 tx=0x7f3c60006eb0 comp rx=0 tx=0).handle_read_frame_segment r=0 ,
2021-12-16T15:15:34.250+0000 7f3c70b6b700 20 -- 172.21.15.93:0/1090692546 >> [v2:172.21.15.93:3300/0,v1:172.21.15.93:6789/0] conn(0x7f3c6c0aa3b0 msgr2=0x7f3c6c13a370 secure :-1 s=STATE_CONNECTION_ESTABLISHED l=1).read start len=32
2021-12-17T01:25:25.816 WARNING:scrape:Ignoring malparsed backtrace:
2021-12-16T15:15:34.253+0000 7f3c7136c700 20 Event(0x7f3c6c060910 nevent=5000 time_id=4).create_file_event create event end fd=16 mask=1 current mask is 1 ,
2021-12-16T15:15:34.253+0000 7f3c735d0700 15 --2- >> [v2:172.21.15.93:3301/0,v1:172.21.15.93:6790/0] conn(0x7f3c6c0aa3b0 0x7f3c6c068c60 unknown :-1 s=START_CONNECT pgs=0 cs=0 l=1 rev1=0 crypto rx=0 tx=0 comp rx=0 tx=0).send_message inline write is denied, reschedule m=0x7f3c6c0698a0 ,
2021-12-16T15:15:34.253+0000 7f3c70b6b700 20 EpollDriver.del_event del event fd=17 cur_mask=1 delmask=2 to 10
2021-12-17T01:25:25.817 WARNING:scrape:Ignoring malparsed backtrace:
2021-12-16T15:15:34.253+0000 7f3c7136c700 20 --2- 172.21.15.93:0/2367427133 >> [v2:172.21.15.93:3300/0,v1:172.21.15.93:6789/0] conn(0x7f3c6c0a9fa0 0x7f3c6c130800 unknown :-1 s=HELLO_CONNECTING pgs=0 cs=0 l=1 rev1=1 crypto rx=0 tx=0 comp rx=0 tx=0).read_frame_segment seg_idx=0 ,
2021-12-16T15:15:34.253+0000 7f3c7136c700 20 -- 172.21.15.93:0/2367427133 >> [v2:172.21.15.93:3300/0,v1:172.21.15.93:6789/0] conn(0x7f3c6c0a9fa0 msgr2=0x7f3c6c130800 unknown :-1 s=STATE_CONNECTION_ESTABLISHED l=1).read start len=40 ,
2021-12-16T15:15:34.253+0000 7f3c7136c700 20 --2- 172.21.15.93:0/2367427133 >> [v2:172.21.15.93:3300/0,v1:172.21.15.93:6789/0] conn(0x7f3c6c0a9fa0 0x7f3c6c130800 unknown :-1 s=HELLO_CONNECTING pgs=0 cs=0 l=1 rev1=1 crypto rx=0 tx=0 comp rx=0 tx=0).handle_read_frame_segment r=0
2021-12-17T01:25:25.818 WARNING:scrape:Ignoring malparsed backtrace:
2021-12-16T15:15:34.253+0000 7f3c70b6b700 20 --2- 172.21.15.93:0/2367427133 >> [v2:172.21.15.93:3301/0,v1:172.21.15.93:6790/0] conn(0x7f3c6c0aa3b0 0x7f3c6c068c60 secure :-1 s=SESSION_CONNECTING pgs=0 cs=0 l=1 rev1=1 crypto rx=0x7f3c6c066b20 tx=0x7f3c6000f000 comp rx=0 tx=0).handle_read_frame_preamble_main r=0 ,
2021-12-16T15:15:34.253+0000 7f3c70b6b700 20 --2- 172.21.15.93:0/2367427133 >> [v2:172.21.15.93:3301/0,v1:172.21.15.93:6790/0] conn(0x7f3c6c0aa3b0 0x7f3c6c068c60 secure :-1 s=SESSION_CONNECTING pgs=0 cs=0 l=1 rev1=1 crypto rx=0x7f3c6c066b20 tx=0x7f3c6000f000 comp rx=0 tx=0).read_frame_segment seg_idx=0 ,
2021-12-16T15:15:34.253+0000 7f3c70b6b700 20 -- 172.21.15.93:0/2367427133 >> [v2:172.21.15.93:3301/0,v1:172.21.15.93:6790/0] conn(0x7f3c6c0aa3b0 msgr2=0x7f3c6c068c60 secure :-1 s=STATE_CONNECTION_ESTABLISHED l=1).read start len=96
2021-12-17T01:25:25.818 WARNING:scrape:Ignoring malparsed backtrace:
2021-12-16T15:15:34.254+0000 7f3c70b6b700 20 --2- 172.21.15.93:0/2367427133 >> [v2:172.21.15.93:3301/0,v1:172.21.15.93:6790/0] conn(0x7f3c6c0aa3b0 0x7f3c6c068c60 secure :-1 s=READY pgs=397 cs=0 l=1 rev1=1 crypto rx=0x7f3c6c066b20 tx=0x7f3c6000f000 comp rx=0 tx=0).prepare_send_message encoding features 4540138303579357183 0x7f3c6c13d910 mon_subscribe({mgrmap=0+}) v3 ,
2021-12-16T15:15:34.254+0000 7f3c735d0700 1 -- 172.21.15.93:0/2367427133 --> [v2:172.21.15.93:3301/0,v1:172.21.15.93:6790/0] -- mon_subscribe({osdmap=0}) v3 -- 0x7f3c6c130d40 con 0x7f3c6c0aa3b0 ,
2021-12-16T15:15:34.254+0000 7f3c70b6b700 15 authenticated_encrypt_update plaintext.length()=80 buffer.length()=80
2021-12-17T01:25:25.819 WARNING:scrape:Ignoring malparsed backtrace:
2021-12-16T15:15:34.256+0000 7f3c7136c700 20 --2- 172.21.15.93:0/2367427133 >> v2:172.21.15.132:6800/32819 conn(0x7f3c4c061ba0 0x7f3c4c0640b0 unknown :-1 s=BANNER_CONNECTING pgs=0 cs=0 l=1 rev1=0 crypto rx=0 tx=0 comp rx=0 tx=0)._banner_exchange ,
2021-12-16T15:15:34.256+0000 7f3c7136c700 10 -- 172.21.15.93:0/2367427133 >> v2:172.21.15.132:6800/32819 conn(0x7f3c4c061ba0 msgr2=0x7f3c4c0640b0 unknown :-1 s=STATE_CONNECTION_ESTABLISHED l=1)._try_send sent bytes 26 remaining bytes 0 ,
2021-12-16T15:15:34.256+0000 7f3c7136c700 20 -- 172.21.15.93:0/2367427133 >> v2:172.21.15.132:6800/32819 conn(0x7f3c4c061ba0 msgr2=0x7f3c4c0640b0 unknown :-1 s=STATE_CONNECTION_ESTABLISHED l=1).read start len=10
2021-12-17T01:25:25.820 WARNING:scrape:Ignoring malparsed backtrace:
2021-12-16T15:15:34.260+0000 7f3c70b6b700 20 --2- 172.21.15.93:0/2367427133 >> [v2:172.21.15.93:3301/0,v1:172.21.15.93:6790/0] conn(0x7f3c6c0aa3b0 0x7f3c6c068c60 secure :-1 s=THROTTLE_DONE pgs=397 cs=0 l=1 rev1=1 crypto rx=0x7f3c6c066b20 tx=0x7f3c6000f000 comp rx=0 tx=0).read_frame_segment seg_idx=2 ,
2021-12-16T15:15:34.260+0000 7f3c70b6b700 20 --2- 172.21.15.93:0/2367427133 >> [v2:172.21.15.93:3301/0,v1:172.21.15.93:6790/0] conn(0x7f3c6c0aa3b0 0x7f3c6c068c60 secure :-1 s=THROTTLE_DONE pgs=397 cs=0 l=1 rev1=1 crypto rx=0x7f3c6c066b20 tx=0x7f3c6000f000 comp rx=0 tx=0).read_frame_segment seg_idx=3 ,
2021-12-16T15:15:34.260+0000 7f3c70b6b700 20 -- 172.21.15.93:0/2367427133 >> [v2:172.21.15.93:3301/0,v1:172.21.15.93:6790/0] conn(0x7f3c6c0aa3b0 msgr2=0x7f3c6c068c60 secure :-1 s=STATE_CONNECTION_ESTABLISHED l=1).read start len=154896
2021-12-17T01:25:25.820 WARNING:scrape:Ignoring malparsed backtrace:
2021-12-16T15:15:34.423+0000 7f3c71b6d700 5 --1- 172.21.15.93:0/2367427133 >> 172.21.15.93:0/2367427133 conn(0x7f3c6c0b02f0 0x7f3c6c06d370 :-1 s=CLOSED pgs=0 cs=0 l=0).reset_recv_state (warped) reseting security handlers ,
2021-12-16T15:15:34.423+0000 7f3c735d0700 20 Event(0x7f3c6c060910 nevent=5000 time_id=6).wakeup ,
2021-12-16T15:15:34.423+0000 7f3c735d0700 20 Event(0x7f3c6c065810 nevent=5000 time_id=5).wakeup
2021-12-17T01:25:25.821 WARNING:scrape:Ignoring malparsed backtrace:
2021-12-16T15:15:34.809+0000 7fd25e1e5700 20 -- >> v1:172.21.15.132:6789/0 conn(0x7fd258135f90 legacy=0x7fd2581402e0 unknown :-1 s=STATE_CONNECTING_RE l=0).process ,
2021-12-16T15:15:34.809+0000 7fd25d9e4700 10 --1- >> v1:172.21.15.93:6789/0 conn(0x7fd258064640 0x7fd25806a640 :-1 s=CONNECTING pgs=0 cs=0 l=0).handle_client_banner_write connect write banner done: v1:172.21.15.93:6789/0 ,
2021-12-16T15:15:34.809+0000 7fd25e1e5700 20 EpollDriver.del_event del event fd=15 cur_mask=3 delmask=2 to 4
2021-12-17T01:25:25.822 WARNING:scrape:Ignoring malparsed backtrace:
2021-12-16T15:15:34.809+0000 7fd25d9e4700 20 --1- 172.21.15.93:0/1582380716 >> v1:172.21.15.93:6789/0 conn(0x7fd258064640 0x7fd25806a640 :-1 s=OPENED pgs=702 cs=1 l=1).prepare_send_message m auth(proto 0 30 bytes epoch 0) v1 ,
2021-12-16T15:15:34.809+0000 7fd25d9e4700 20 --1- 172.21.15.93:0/1582380716 >> v1:172.21.15.93:6789/0 conn(0x7fd258064640 0x7fd25806a640 :-1 s=OPENED pgs=702 cs=1 l=1).prepare_send_message encoding features 4540138303579357183 0x7fd25806b1c0 auth(proto 0 30 bytes epoch 0) v1 ,
2021-12-16T15:15:34.809+0000 7fd25e1e5700 20 -- 172.21.15.93:0/1582380716 >> v1:172.21.15.132:6789/0 conn(0x7fd258135f90 legacy=0x7fd2581402e0 unknown :-1 s=STATE_CONNECTION_ESTABLISHED l=0).process
2021-12-17T01:25:25.822 WARNING:scrape:Ignoring malparsed backtrace:
2021-12-16T15:15:34.809+0000 7fd25d1e3700 20 -- 172.21.15.93:0/1582380716 >> v2:172.21.15.132:3300/0 conn(0x7fd258065340 msgr2=0x7fd258065750 unknown :-1 s=STATE_CONNECTION_ESTABLISHED l=0).read continue len=32 ,
2021-12-16T15:15:34.809+0000 7fd25c9e2700 20 -- 172.21.15.93:0/1582380716 done calling dispatch on 0x7fd25806b1c0 ,
2021-12-16T15:15:34.809+0000 7fd25d9e4700 10 -- 172.21.15.93:0/1582380716 >> v1:172.21.15.93:6789/0 conn(0x7fd258064640 legacy=0x7fd25806a640 unknown :-1 s=STATE_CONNECTION_ESTABLISHED l=1).handle_write
2021-12-17T01:25:25.823 WARNING:scrape:Ignoring malparsed backtrace:
2021-12-16T15:15:34.810+0000 7fd25d1e3700 20 -- 172.21.15.93:0/1582380716 >> v2:172.21.15.132:3300/0 conn(0x7fd258065340 msgr2=0x7fd258065750 secure :-1 s=STATE_CONNECTION_ESTABLISHED l=0).read start len=96 ,
2021-12-16T15:15:34.810+0000 7fd25d1e3700 20 -- 172.21.15.93:0/1582380716 >> v2:172.21.15.132:3300/0 conn(0x7fd258065340 msgr2=0x7fd258065750 secure :-1 s=STATE_CONNECTION_ESTABLISHED l=0).process ,
2021-12-16T15:15:34.810+0000 7fd25d1e3700 20 -- 172.21.15.93:0/1582380716 >> v2:172.21.15.132:3300/0 conn(0x7fd258065340 msgr2=0x7fd258065750 secure :-1 s=STATE_CONNECTION_ESTABLISHED l=0).read continue len=96
2021-12-17T01:25:25.824 WARNING:scrape:Ignoring malparsed backtrace:
2021-12-16T15:15:34.811+0000 7fd25fc48700 10 --2- 172.21.15.93:0/1582380716 >> [v2:172.21.15.132:3300/0,v1:172.21.15.132:6789/0] conn(0x7fd258065340 0x7fd258065750 secure :-1 s=READY pgs=461 cs=0 l=1 rev1=1 crypto rx=0x7fd24c0053d0 tx=0x7fd24c006e20 comp rx=0 tx=0).discard_out_queue started ,
2021-12-16T15:15:34.811+0000 7fd25d1e3700 5 --2- 172.21.15.93:0/1582380716 >> [v2:172.21.15.132:3300/0,v1:172.21.15.132:6789/0] conn(0x7fd258065340 0x7fd258065750 secure :-1 s=CLOSED pgs=461 cs=0 l=1 rev1=1 crypto rx=0x7fd24c0053d0 tx=0x7fd24c006e20 comp rx=0 tx=0).reset_recv_state (warped) reseting crypto and compression handlers ,
2021-12-16T15:15:34.811+0000 7fd25d1e3700 5 --2- 172.21.15.93:0/1582380716 >> [v2:172.21.15.132:3300/0,v1:172.21.15.132:6789/0] conn(0x7fd258065340 0x7fd258065750 secure :-1 s=CLOSED pgs=461 cs=0 l=1 rev1=1 crypto rx=0x7fd24c0053d0 tx=0x7fd24c006e20 comp rx=0 tx=0).reset_security
2021-12-17T01:25:25.824 WARNING:scrape:Ignoring malparsed backtrace:
2021-12-16T15:15:34.813+0000 7fd25d1e3700 10 -- >> [v2:172.21.15.132:3300/0,v1:172.21.15.132:6789/0] conn(0x7fd258065340 msgr2=0x7fd258134b30 unknown :-1 s=STATE_CONNECTING_RE l=1).process connect successfully, ready to send banner ,
2021-12-16T15:15:34.813+0000 7fd25e1e5700 20 --2- >> [v2:172.21.15.93:3300/0,v1:172.21.15.93:6789/0] conn(0x7fd258135f90 0x7fd258135070 unknown :-1 s=START_CONNECT pgs=0 cs=0 l=1 rev1=0 crypto rx=0 tx=0 comp rx=0 tx=0).start_client_banner_exchange ,
2021-12-16T15:15:34.813+0000 7fd25e1e5700 20 --2- >> [v2:172.21.15.93:3300/0,v1:172.21.15.93:6789/0] conn(0x7fd258135f90 0x7fd258135070 unknown :-1 s=BANNER_CONNECTING pgs=0 cs=0 l=1 rev1=0 crypto rx=0 tx=0 comp rx=0 tx=0)._banner_exchange
2021-12-17T01:25:25.825 WARNING:scrape:Ignoring malparsed backtrace:
2021-12-16T15:15:34.813+0000 7fd25d1e3700 20 --2- 172.21.15.93:0/3871279900 >> [v2:172.21.15.132:3300/0,v1:172.21.15.132:6789/0] conn(0x7fd258065340 0x7fd258134b30 unknown :-1 s=AUTH_CONNECTING pgs=0 cs=0 l=1 rev1=1 crypto rx=0 tx=0 comp rx=0 tx=0).handle_read_frame_segment r=0 ,
2021-12-16T15:15:34.813+0000 7fd25d9e4700 20 --2- 172.21.15.93:0/3871279900 >> [v2:172.21.15.93:3301/0,v1:172.21.15.93:6790/0] conn(0x7fd258064640 0x7fd25812fb50 unknown :-1 s=AUTH_CONNECTING pgs=0 cs=0 l=1 rev1=1 crypto rx=0 tx=0 comp rx=0 tx=0).read_frame_segment seg_idx=0 ,
2021-12-16T15:15:34.813+0000 7fd25d1e3700 10 --2- 172.21.15.93:0/3871279900 >> [v2:172.21.15.132:3300/0,v1:172.21.15.132:6789/0] conn(0x7fd258065340 0x7fd258134b30 unknown :-1 s=AUTH_CONNECTING pgs=0 cs=0 l=1 rev1=1 crypto rx=0 tx=0 comp rx=0 tx=0).handle_read_frame_dispatch tag=4
2021-12-17T01:25:25.826 WARNING:scrape:Ignoring malparsed backtrace:
2021-12-16T15:15:34.814+0000 7fd25e1e5700 10 -- 172.21.15.93:0/3871279900 >> [v2:172.21.15.93:3300/0,v1:172.21.15.93:6789/0] conn(0x7fd258135f90 msgr2=0x7fd258135070 secure :-1 s=STATE_CONNECTION_ESTABLISHED l=1)._try_send sent bytes 96 remaining bytes 0 ,
2021-12-16T15:15:34.814+0000 7fd25e1e5700 10 --2- 172.21.15.93:0/3871279900 >> [v2:172.21.15.93:3300/0,v1:172.21.15.93:6789/0] conn(0x7fd258135f90 0x7fd258135070 secure :-1 s=READY pgs=703 cs=0 l=1 rev1=1 crypto rx=0x7fd25400c560 tx=0x7fd254003990 comp rx=0 tx=0).write_message sending 0x7fd25812efd0 done. ,
2021-12-16T15:15:34.814+0000 7fd25e1e5700 20 --2- 172.21.15.93:0/3871279900 >> [v2:172.21.15.93:3300/0,v1:172.21.15.93:6789/0] conn(0x7fd258135f90 0x7fd258135070 secure :-1 s=READY pgs=703 cs=0 l=1 rev1=1 crypto rx=0x7fd25400c560 tx=0x7fd254003990 comp rx=0 tx=0).prepare_send_message m=mon_subscribe({config=0+,monmap=0+}) v3
2021-12-17T01:25:25.826 WARNING:scrape:Ignoring malparsed backtrace:
2021-12-16T15:15:34.814+0000 7fd25e1e5700 15 authenticated_encrypt_final buffer.length()=80 final_len=0 ,
2021-12-16T15:15:34.814+0000 7fd25e1e5700 5 --2- 172.21.15.93:0/3871279900 >> [v2:172.21.15.93:3300/0,v1:172.21.15.93:6789/0] conn(0x7fd258135f90 0x7fd258135070 secure :-1 s=READY pgs=703 cs=0 l=1 rev1=1 crypto rx=0x7fd25400c560 tx=0x7fd254003990 comp rx=0 tx=0).write_message sending message m=0x7fd2580a8760 seq=4 mon_subscribe({osdmap=0}) v3 ,
2021-12-16T15:15:34.814+0000 7fd25e1e5700 20 --2- 172.21.15.93:0/3871279900 >> [v2:172.21.15.93:3300/0,v1:172.21.15.93:6789/0] conn(0x7fd258135f90 0x7fd258135070 secure :-1 s=READY pgs=703 cs=0 l=1 rev1=1 crypto rx=0x7fd25400c560 tx=0x7fd254003990 comp rx=0 tx=0).write_message sending m=0x7fd2580a8760 seq=4 src=client.5493 off=0
2021-12-17T01:25:25.827 WARNING:scrape:Ignoring malparsed backtrace:
2021-12-16T15:15:34.817+0000 7fd25d9e4700 20 --2- 172.21.15.93:0/3871279900 >> v2:172.21.15.132:6800/32819 conn(0x7fd238061ba0 0x7fd2380640b0 unknown :-1 s=HELLO_CONNECTING pgs=0 cs=0 l=1 rev1=1 crypto rx=0 tx=0 comp rx=0 tx=0).handle_hello payload.length()=36 ,
2021-12-16T15:15:34.817+0000 7fd25d9e4700 5 --2- 172.21.15.93:0/3871279900 >> v2:172.21.15.132:6800/32819 conn(0x7fd238061ba0 0x7fd2380640b0 unknown :-1 s=HELLO_CONNECTING pgs=0 cs=0 l=1 rev1=1 crypto rx=0 tx=0 comp rx=0 tx=0).handle_hello received hello: peer_type=16 peer_addr_for_me=v2:172.21.15.93:33132/0 ,
2021-12-16T15:15:34.817+0000 7fd25d9e4700 5 --2- 172.21.15.93:0/3871279900 >> v2:172.21.15.132:6800/32819 conn(0x7fd238061ba0 0x7fd2380640b0 unknown :-1 s=HELLO_CONNECTING pgs=0 cs=0 l=1 rev1=1 crypto rx=0 tx=0 comp rx=0 tx=0).handle_hello getsockname says I am 172.21.15.93:33132 when talking to v2:172.21.15.132:6800/32819
2021-12-17T01:25:25.828 WARNING:scrape:Ignoring malparsed backtrace:
2021-12-16T15:15:34.986+0000 7fd25fc48700 20 Event(0x7fd2580ae1a0 nevent=5000 time_id=5).wakeup ,
2021-12-16T15:15:34.986+0000 7fd25e1e5700 10 -- 172.21.15.93:0/3871279900 >> [v2:172.21.15.93:3300/0,v1:172.21.15.93:6789/0] conn(0x7fd258135f90 msgr2=0x7fd258135070 secure :-1 s=STATE_CONNECTION_ESTABLISHED l=1).handle_write ,
2021-12-16T15:15:34.986+0000 7fd25e1e5700 10 --2- 172.21.15.93:0/3871279900 >> [v2:172.21.15.93:3300/0,v1:172.21.15.93:6789/0] conn(0x7fd258135f90 0x7fd258135070 secure :-1 s=READY pgs=703 cs=0 l=1 rev1=1 crypto rx=0x7fd25400c560 tx=0x7fd254003990 comp rx=0 tx=0).write_event
2021-12-17T01:25:25.828 WARNING:scrape:Ignoring malparsed backtrace:
2021-12-16T15:15:36.384+0000 7f6754c95700 20 CompressorRegistry(0x7f675006d630) adding algorithm method: snappy ,
2021-12-16T15:15:36.384+0000 7f6754c95700 20 CompressorRegistry(0x7f675006d630) adding algorithm method: zlib ,
2021-12-16T15:15:36.384+0000 7f6754c95700 20 CompressorRegistry(0x7f675006d630) adding algorithm method: zstd
2021-12-17T01:25:25.829 WARNING:scrape:Ignoring malparsed backtrace:
2021-12-16T15:15:36.385+0000 7f674e59c700 20 --1- >> v1:172.21.15.93:6789/0 conn(0x7f67500a92a0 0x7f675013a7d0 :-1 s=CONNECTING_WAIT_BANNER_AND_IDENTIFY pgs=0 cs=0 l=0).handle_server_banner_and_identify r=0 ,
2021-12-16T15:15:36.385+0000 7f674e59c700 20 --1- >> v1:172.21.15.93:6789/0 conn(0x7f67500a92a0 0x7f675013a7d0 :-1 s=CONNECTING_WAIT_BANNER_AND_IDENTIFY pgs=0 cs=0 l=0).handle_server_banner_and_identify connect read peer addr v1:172.21.15.93:6789/0 on socket 13 ,
2021-12-16T15:15:36.385+0000 7f674e59c700 20 --1- >> v1:172.21.15.93:6789/0 conn(0x7f67500a92a0 0x7f675013a7d0 :-1 s=CONNECTING_WAIT_BANNER_AND_IDENTIFY pgs=0 cs=0 l=0).handle_server_banner_and_identify connect peer addr for me is v1:172.21.15.93:46770/0
2021-12-17T01:25:25.830 WARNING:scrape:Ignoring malparsed backtrace:
2021-12-16T15:15:36.386+0000 7f674ed9d700 20 --1- 172.21.15.93:0/1071668013 >> v1:172.21.15.132:6789/0 conn(0x7f67500a8670 0x7f6750144790 :-1 s=CONNECTING_SEND_CONNECT_MSG pgs=0 cs=0 l=0).handle_connect_reply_1 connect got reply tag 13 connect_seq 1 global_seq 462 proto 15 flags 1 features 4540138303579357183 ,
2021-12-16T15:15:36.386+0000 7f674ed9d700 20 --1- 172.21.15.93:0/1071668013 >> v1:172.21.15.132:6789/0 conn(0x7f67500a8670 0x7f6750144790 :-1 s=CONNECTING_SEND_CONNECT_MSG pgs=0 cs=0 l=0).handle_connect_reply_2 ,
2021-12-16T15:15:36.386+0000 7f674ed9d700 10 --1- 172.21.15.93:0/1071668013 >> v1:172.21.15.132:6789/0 conn(0x7f67500a8670 0x7f6750144790 :-1 s=CONNECTING_SEND_CONNECT_MSG pgs=0 cs=0 l=0).handle_connect_reply_2 got CEPH_MSGR_TAG_SEQ, reading acked_seq and writing in_seq
2021-12-17T01:25:25.830 WARNING:scrape:Ignoring malparsed backtrace:
2021-12-16T15:15:36.386+0000 7f674dd9b700 20 --2- 172.21.15.93:0/1071668013 >> v2:172.21.15.132:3300/0 conn(0x7f67500a7d00 0x7f67500aa050 unknown :-1 s=AUTH_CONNECTING pgs=0 cs=0 l=0 rev1=1 crypto rx=0 tx=0 comp rx=0 tx=0).handle_auth_done payload.length()=290 ,
2021-12-16T15:15:36.386+0000 7f674e59c700 10 --1- 172.21.15.93:0/1071668013 >> v1:172.21.15.93:6789/0 conn(0x7f67500a92a0 0x7f675013a7d0 :-1 s=OPENED pgs=704 cs=1 l=1).write_message sending 0x7f6734003270 done. ,
2021-12-16T15:15:36.386+0000 7f674ed9d700 20 --1- 172.21.15.93:0/1071668013 >> v1:172.21.15.132:6789/0 conn(0x7f67500a8670 0x7f6750144790 :-1 s=OPENED pgs=462 cs=1 l=1).handle_message begin MSG
2021-12-17T01:25:25.831 WARNING:scrape:Ignoring malparsed backtrace:
2021-12-16T15:15:36.386+0000 7f674dd9b700 15 authenticated_encrypt_final buffer.length()=96 final_len=0 ,
2021-12-16T15:15:36.386+0000 7f674dd9b700 5 --2- 172.21.15.93:0/1071668013 >> [v2:172.21.15.132:3300/0,v1:172.21.15.132:6789/0] conn(0x7f67500a7d00 0x7f67500aa050 secure :-1 s=READY pgs=463 cs=0 l=1 rev1=1 crypto rx=0x7f6744007c50 tx=0x7f6744017ec0 comp rx=0 tx=0).write_message sending message m=0x7f67500aa590 seq=1 mon_getmap magic: 0 v1 ,
2021-12-16T15:15:36.386+0000 7f674dd9b700 20 --2- 172.21.15.93:0/1071668013 >> [v2:172.21.15.132:3300/0,v1:172.21.15.132:6789/0] conn(0x7f67500a7d00 0x7f67500aa050 secure :-1 s=READY pgs=463 cs=0 l=1 rev1=1 crypto rx=0x7f6744007c50 tx=0x7f6744017ec0 comp rx=0 tx=0).write_message sending m=0x7f67500aa590 seq=1 src=client.? off=0
2021-12-17T01:25:25.832 WARNING:scrape:Ignoring malparsed backtrace:
2021-12-16T15:15:36.387+0000 7f6754c95700 20 --1- 172.21.15.93:0/1071668013 >> 172.21.15.93:0/1071668013 conn(0x7f6750063f30 0x7f67500b0320 :-1 s=NONE pgs=0 cs=0 l=0).stop ,
2021-12-16T15:15:36.387+0000 7f6754c95700 2 --1- 172.21.15.93:0/1071668013 >> 172.21.15.93:0/1071668013 conn(0x7f6750063f30 0x7f67500b0320 :-1 s=NONE pgs=0 cs=0 l=0).stop ,
2021-12-16T15:15:36.387+0000 7f6754c95700 5 --1- 172.21.15.93:0/1071668013 >> 172.21.15.93:0/1071668013 conn(0x7f6750063f30 0x7f67500b0320 :-1 s=NONE pgs=0 cs=0 l=0).reset_recv_state
2021-12-17T01:25:25.832 WARNING:scrape:Ignoring malparsed backtrace:
2021-12-16T15:15:36.390+0000 7f674dd9b700 10 --2- >> [v2:172.21.15.93:3300/0,v1:172.21.15.93:6789/0] conn(0x7f67500a8670 0x7f675012d130 unknown :-1 s=HELLO_CONNECTING pgs=0 cs=0 l=1 rev1=1 crypto rx=0 tx=0 comp rx=0 tx=0).handle_read_frame_dispatch tag=1 ,
2021-12-16T15:15:36.390+0000 7f674e59c700 20 --2- >> [v2:172.21.15.93:3301/0,v1:172.21.15.93:6790/0] conn(0x7f67500a7d00 0x7f67500a3270 unknown :-1 s=BANNER_CONNECTING pgs=0 cs=0 l=1 rev1=0 crypto rx=0 tx=0 comp rx=0 tx=0)._handle_peer_banner_payload r=0 ,
2021-12-16T15:15:36.390+0000 7f674dd9b700 20 --2- >> [v2:172.21.15.93:3300/0,v1:172.21.15.93:6789/0] conn(0x7f67500a8670 0x7f675012d130 unknown :-1 s=HELLO_CONNECTING pgs=0 cs=0 l=1 rev1=1 crypto rx=0 tx=0 comp rx=0 tx=0).handle_hello payload.length()=36
2021-12-17T01:25:25.833 WARNING:scrape:Ignoring malparsed backtrace:
2021-12-16T15:15:36.390+0000 7f674dd9b700 20 --2- 172.21.15.93:0/2460378136 >> [v2:172.21.15.93:3300/0,v1:172.21.15.93:6789/0] conn(0x7f67500a8670 0x7f675012d130 unknown :-1 s=AUTH_CONNECTING pgs=0 cs=0 l=1 rev1=1 crypto rx=0 tx=0 comp rx=0 tx=0).handle_auth_done payload.length()=840 ,
2021-12-16T15:15:36.390+0000 7f674dd9b700 1 -- 172.21.15.93:0/2460378136 >> [v2:172.21.15.93:3301/0,v1:172.21.15.93:6790/0] conn(0x7f67500a7d00 msgr2=0x7f67500a3270 unknown :-1 s=STATE_CONNECTION_ESTABLISHED l=1).mark_down ,
2021-12-16T15:15:36.390+0000 7f674dd9b700 1 --2- 172.21.15.93:0/2460378136 >> [v2:172.21.15.93:3301/0,v1:172.21.15.93:6790/0] conn(0x7f67500a7d00 0x7f67500a3270 unknown :-1 s=AUTH_CONNECTING pgs=0 cs=0 l=1 rev1=1 crypto rx=0 tx=0 comp rx=0 tx=0).stop
2021-12-17T01:25:25.834 WARNING:scrape:Ignoring malparsed backtrace:
2021-12-16T15:15:36.391+0000 7f674dd9b700 20 --2- 172.21.15.93:0/2460378136 >> [v2:172.21.15.93:3300/0,v1:172.21.15.93:6789/0] conn(0x7f67500a8670 0x7f675012d130 secure :-1 s=THROTTLE_DONE pgs=705 cs=0 l=1 rev1=1 crypto rx=0x7f6744007ba0 tx=0x7f6744014000 comp rx=0 tx=0).read_frame_segment seg_idx=1 ,
2021-12-16T15:15:36.391+0000 7f674dd9b700 20 -- 172.21.15.93:0/2460378136 >> [v2:172.21.15.93:3300/0,v1:172.21.15.93:6789/0] conn(0x7f67500a8670 msgr2=0x7f675012d130 secure :-1 s=STATE_CONNECTION_ESTABLISHED l=1).read start len=416 ,
2021-12-16T15:15:36.391+0000 7f674dd9b700 20 --2- 172.21.15.93:0/2460378136 >> [v2:172.21.15.93:3300/0,v1:172.21.15.93:6789/0] conn(0x7f67500a8670 0x7f675012d130 secure :-1 s=THROTTLE_DONE pgs=705 cs=0 l=1 rev1=1 crypto rx=0x7f6744007ba0 tx=0x7f6744014000 comp rx=0 tx=0).handle_read_frame_segment r=0
2021-12-17T01:25:25.834 WARNING:scrape:Ignoring malparsed backtrace:
