2021-12-16T15:24:07.025+0000 7fb6ead9d700 20 --2- >> [v2:172.21.15.93:3301/0,v1:172.21.15.93:6790/0] conn(0x7fb6ec0a9330 0x7fb6ec0aa240 unknown :-1 s=BANNER_CONNECTING pgs=0 cs=0 l=0 rev1=0 crypto rx=0 tx=0 comp rx=0 tx=0)._handle_peer_banner_payload r=0 ,
2021-12-16T15:24:07.025+0000 7fb6ea59c700 20 -- >> v2:172.21.15.93:3300/0 conn(0x7fb6ec0a7e80 msgr2=0x7fb6ec139e20 unknown :-1 s=STATE_CONNECTION_ESTABLISHED l=0).process ,
2021-12-16T15:24:07.025+0000 7fb6ea59c700 20 -- >> v2:172.21.15.93:3300/0 conn(0x7fb6ec0a7e80 msgr2=0x7fb6ec139e20 unknown :-1 s=STATE_CONNECTION_ESTABLISHED l=0).read continue len=10
2021-12-17T01:25:25.193 WARNING:scrape:Ignoring malparsed backtrace:
2021-12-16T15:24:07.025+0000 7fb6ead9d700 5 --2- 172.21.15.93:0/1604772512 >> [v2:172.21.15.93:3301/0,v1:172.21.15.93:6790/0] conn(0x7fb6ec0a9330 0x7fb6ec0aa240 unknown :-1 s=AUTH_CONNECTING pgs=0 cs=0 l=0 rev1=1 crypto rx=0 tx=0 comp rx=0 tx=0).handle_auth_reply_more auth reply more len=9 ,
2021-12-16T15:24:07.025+0000 7fb6eb59e700 10 --1- 172.21.15.93:0/1604772512 >> v1:172.21.15.132:6789/0 conn(0x7fb6ec137150 0x7fb6ec13d380 :-1 s=OPENED pgs=507 cs=1 l=1).append_keepalive_or_ack ,
2021-12-16T15:24:07.025+0000 7fb6eb59e700 20 --1- 172.21.15.93:0/1604772512 >> v1:172.21.15.132:6789/0 conn(0x7fb6ec137150 0x7fb6ec13d380 :-1 s=OPENED pgs=507 cs=1 l=1).prepare_send_message m auth(proto 0 30 bytes epoch 0) v1
2021-12-17T01:25:25.193 WARNING:scrape:Ignoring malparsed backtrace:
2021-12-16T15:24:07.025+0000 7fb6ea59c700 20 --2- 172.21.15.93:0/1604772512 >> v2:172.21.15.93:3300/0 conn(0x7fb6ec0a7e80 0x7fb6ec139e20 secure :-1 s=AUTH_CONNECTING_SIGN pgs=0 cs=0 l=0 rev1=1 crypto rx=0x7fb6d400b6c0 tx=0x7fb6d4006ee0 comp rx=0 tx=0).handle_auth_signature pre-auth signature success sig_frame.signature()=a21fa3d06a922a034a68f2684ce35e8cb73ad65ffd89d5b1416d54b2883c2170 ,
2021-12-16T15:24:07.025+0000 7fb6ea59c700 20 CompressorRegistry(0x7fb6ec06d630) get_mode peer_type 1 is_secure 1 ,
2021-12-16T15:24:07.025+0000 7fb6ea59c700 15 authenticated_encrypt_update plaintext.length()=80 buffer.length()=80
2021-12-17T01:25:25.194 WARNING:scrape:Ignoring malparsed backtrace:
2021-12-16T15:24:07.026+0000 7fb6ea59c700 20 --2- 172.21.15.93:0/1604772512 >> [v2:172.21.15.93:3300/0,v1:172.21.15.93:6789/0] conn(0x7fb6ec0a7e80 0x7fb6ec139e20 secure :-1 s=THROTTLE_DISPATCH_QUEUE pgs=769 cs=0 l=1 rev1=1 crypto rx=0x7fb6d400b6c0 tx=0x7fb6d4006ee0 comp rx=0 tx=0).throttle_dispatch_queue ,
2021-12-16T15:24:07.026+0000 7fb6ea59c700 20 --2- 172.21.15.93:0/1604772512 >> [v2:172.21.15.93:3300/0,v1:172.21.15.93:6789/0] conn(0x7fb6ec0a7e80 0x7fb6ec139e20 secure :-1 s=THROTTLE_DONE pgs=769 cs=0 l=1 rev1=1 crypto rx=0x7fb6d400b6c0 tx=0x7fb6d4006ee0 comp rx=0 tx=0).read_frame_segment seg_idx=0 ,
2021-12-16T15:24:07.026+0000 7fb6ea59c700 20 --2- 172.21.15.93:0/1604772512 >> [v2:172.21.15.93:3300/0,v1:172.21.15.93:6789/0] conn(0x7fb6ec0a7e80 0x7fb6ec139e20 secure :-1 s=THROTTLE_DONE pgs=769 cs=0 l=1 rev1=1 crypto rx=0x7fb6d400b6c0 tx=0x7fb6d4006ee0 comp rx=0 tx=0).read_frame_segment seg_idx=1
2021-12-17T01:25:25.194 WARNING:scrape:Ignoring malparsed backtrace:
2021-12-16T15:24:07.029+0000 7fb6f1100700 1 -- --> [v2:172.21.15.132:3300/0,v1:172.21.15.132:6789/0] -- mon_getmap magic: 0 v1 -- 0x7fb6ec0a6770 con 0x7fb6ec0a7e80 ,
2021-12-16T15:24:07.029+0000 7fb6ead9d700 20 Event(0x7fb6ec0608a0 nevent=5000 time_id=3).create_file_event create event end fd=16 mask=2 current mask is 3 ,
2021-12-16T15:24:07.029+0000 7fb6f1100700 5 --2- >> [v2:172.21.15.132:3300/0,v1:172.21.15.132:6789/0] conn(0x7fb6ec0a7e80 0x7fb6ec0a09c0 unknown :-1 s=START_CONNECT pgs=0 cs=0 l=1 rev1=0 crypto rx=0 tx=0 comp rx=0 tx=0).send_message enqueueing message m=0x7fb6ec0a6770 type=5 mon_getmap magic: 0 v1
2021-12-17T01:25:25.195 WARNING:scrape:Ignoring malparsed backtrace:
2021-12-16T15:24:07.029+0000 7fb6eb59e700 20 --2- 172.21.15.93:0/957478989 >> [v2:172.21.15.93:3301/0,v1:172.21.15.93:6790/0] conn(0x7fb6ec137150 0x7fb6ec0a6230 unknown :-1 s=HELLO_CONNECTING pgs=0 cs=0 l=1 rev1=1 crypto rx=0 tx=0 comp rx=0 tx=0).handle_read_frame_segment r=0 ,
2021-12-16T15:24:07.029+0000 7fb6eb59e700 10 --2- 172.21.15.93:0/957478989 >> [v2:172.21.15.93:3301/0,v1:172.21.15.93:6790/0] conn(0x7fb6ec137150 0x7fb6ec0a6230 unknown :-1 s=HELLO_CONNECTING pgs=0 cs=0 l=1 rev1=1 crypto rx=0 tx=0 comp rx=0 tx=0).handle_read_frame_dispatch tag=1 ,
2021-12-16T15:24:07.029+0000 7fb6eb59e700 20 --2- 172.21.15.93:0/957478989 >> [v2:172.21.15.93:3301/0,v1:172.21.15.93:6790/0] conn(0x7fb6ec137150 0x7fb6ec0a6230 unknown :-1 s=HELLO_CONNECTING pgs=0 cs=0 l=1 rev1=1 crypto rx=0 tx=0 comp rx=0 tx=0).handle_hello payload.length()=36
2021-12-17T01:25:25.196 WARNING:scrape:Ignoring malparsed backtrace:
2021-12-16T15:24:07.030+0000 7fb6ea59c700 10 --2- 172.21.15.93:0/957478989 >> [v2:172.21.15.93:3300/0,v1:172.21.15.93:6789/0] conn(0x7fb6ec0a9330 0x7fb6ec0a1530 secure :-1 s=COMPRESSION_CONNECTING pgs=0 cs=0 l=1 rev1=1 crypto rx=0x7fb6d4010000 tx=0x7fb6d4011000 comp rx=0 tx=0).handle_compression_done CompressionDoneFrame(is_compress=0, method=0) ,
2021-12-16T15:24:07.030+0000 7fb6ea59c700 20 --2- 172.21.15.93:0/957478989 >> [v2:172.21.15.93:3300/0,v1:172.21.15.93:6789/0] conn(0x7fb6ec0a9330 0x7fb6ec0a1530 secure :-1 s=SESSION_CONNECTING pgs=0 cs=0 l=1 rev1=1 crypto rx=0x7fb6d4010000 tx=0x7fb6d4011000 comp rx=0 tx=0).send_client_ident ,
2021-12-16T15:24:07.030+0000 7fb6ea59c700 5 --2- 172.21.15.93:0/957478989 >> [v2:172.21.15.93:3300/0,v1:172.21.15.93:6789/0] conn(0x7fb6ec0a9330 0x7fb6ec0a1530 secure :-1 s=SESSION_CONNECTING pgs=0 cs=0 l=1 rev1=1 crypto rx=0x7fb6d4010000 tx=0x7fb6d4011000 comp rx=0 tx=0).send_client_ident sending identification: addrs=172.21.15.93:0/957478989 target=v2:172.21.15.93:3300/0 gid=-1 global_seq=1 features_supported=3f01cfbb7ffdffff features_required=800000000001000 flags=1 cookie=0
2021-12-17T01:25:25.196 WARNING:scrape:Ignoring malparsed backtrace:
2021-12-16T15:24:07.030+0000 7fb6ea59c700 20 --2- 172.21.15.93:0/957478989 >> [v2:172.21.15.93:3300/0,v1:172.21.15.93:6789/0] conn(0x7fb6ec0a9330 0x7fb6ec0a1530 secure :-1 s=THROTTLE_DONE pgs=770 cs=0 l=1 rev1=1 crypto rx=0x7fb6d4010000 tx=0x7fb6d4011000 comp rx=0 tx=0).handle_message ,
2021-12-16T15:24:07.030+0000 7fb6ea59c700 5 --2- 172.21.15.93:0/957478989 >> [v2:172.21.15.93:3300/0,v1:172.21.15.93:6789/0] conn(0x7fb6ec0a9330 0x7fb6ec0a1530 secure :-1 s=THROTTLE_DONE pgs=770 cs=0 l=1 rev1=1 crypto rx=0x7fb6d4010000 tx=0x7fb6d4011000 comp rx=0 tx=0).handle_message got 413 + 0 + 0 byte message. envelope type=4 src mon.0 off 0 ,
2021-12-16T15:24:07.030+0000 7fb6f1100700 1 -- 172.21.15.93:0/957478989 --> [v2:172.21.15.93:3300/0,v1:172.21.15.93:6789/0] -- mon_subscribe({osdmap=0}) v3 -- 0x7fb6ec0a2230 con 0x7fb6ec0a9330
2021-12-17T01:25:25.197 WARNING:scrape:Ignoring malparsed backtrace:
2021-12-16T15:24:07.032+0000 7fb6ead9d700 20 Event(0x7fb6ec0608a0 nevent=5000 time_id=4).create_file_event create event end fd=16 mask=1 current mask is 1 ,
2021-12-16T15:24:07.032+0000 7fb6ead9d700 10 NetHandler reconnect reconnect: 114 Operation already in progress ,
2021-12-16T15:24:07.032+0000 7fb6ead9d700 10 -- 172.21.15.93:0/957478989 >> v2:172.21.15.132:6800/32819 conn(0x7fb6cc061ba0 msgr2=0x7fb6cc0640b0 unknown :-1 s=STATE_CONNECTING_RE l=1).process nonblock connect inprogress
2021-12-17T01:25:25.198 WARNING:scrape:Ignoring malparsed backtrace:
2021-12-16T15:24:07.033+0000 7fb6ead9d700 20 --2- 172.21.15.93:0/957478989 >> v2:172.21.15.132:6800/32819 conn(0x7fb6cc061ba0 0x7fb6cc0640b0 secure :-1 s=READY pgs=319 cs=0 l=1 rev1=1 crypto rx=0x7fb6ec06a300 tx=0x7fb6e0007040 comp rx=0 tx=0).read_frame ,
2021-12-16T15:24:07.033+0000 7fb6ead9d700 20 -- 172.21.15.93:0/957478989 >> v2:172.21.15.132:6800/32819 conn(0x7fb6cc061ba0 msgr2=0x7fb6cc0640b0 secure :-1 s=STATE_CONNECTION_ESTABLISHED l=1).read start len=96 ,
2021-12-16T15:24:07.041+0000 7fb6ea59c700 20 -- 172.21.15.93:0/957478989 >> [v2:172.21.15.93:3300/0,v1:172.21.15.93:6789/0] conn(0x7fb6ec0a9330 msgr2=0x7fb6ec0a1530 secure :-1 s=STATE_CONNECTION_ESTABLISHED l=1).process
2021-12-17T01:25:25.198 WARNING:scrape:Ignoring malparsed backtrace:
2021-12-16T15:24:07.201+0000 7fb6f1100700 1 -- 172.21.15.93:0/957478989 >> 172.21.15.93:0/957478989 conn(0x7fb6ec0b0310 msgr2=0x7fb6ec139a40 unknown :-1 s=STATE_NONE l=0).mark_down ,
2021-12-16T15:24:07.201+0000 7fb6f1100700 20 --1- 172.21.15.93:0/957478989 >> 172.21.15.93:0/957478989 conn(0x7fb6ec0b0310 0x7fb6ec139a40 :-1 s=NONE pgs=0 cs=0 l=0).stop ,
2021-12-16T15:24:07.201+0000 7fb6f1100700 2 --1- 172.21.15.93:0/957478989 >> 172.21.15.93:0/957478989 conn(0x7fb6ec0b0310 0x7fb6ec139a40 :-1 s=NONE pgs=0 cs=0 l=0).stop
2021-12-17T01:25:25.199 WARNING:scrape:Ignoring malparsed backtrace:
2021-12-16T15:24:07.593+0000 7f70af7fe700 20 --1- >> v1:172.21.15.93:6789/0 conn(0x7f70b01370c0 0x7f70b00a85c0 :-1 s=START_CONNECT pgs=0 cs=0 l=0).send_client_banner ,
2021-12-16T15:24:07.593+0000 7f70aeffd700 10 -- >> [v2:172.21.15.93:3301/0,v1:172.21.15.93:6790/0] conn(0x7f70b00a9fc0 msgr2=0x7f70b0139f30 unknown :-1 s=STATE_CONNECTION_ESTABLISHED l=0)._try_send sent bytes 26 remaining bytes 0 ,
2021-12-16T15:24:07.593+0000 7f70aeffd700 20 -- >> [v2:172.21.15.93:3301/0,v1:172.21.15.93:6790/0] conn(0x7f70b00a9fc0 msgr2=0x7f70b0139f30 unknown :-1 s=STATE_CONNECTION_ESTABLISHED l=0).read start len=10
2021-12-17T01:25:25.200 WARNING:scrape:Ignoring malparsed backtrace:
2021-12-16T15:24:07.593+0000 7f70af7fe700 20 --1- 172.21.15.93:0/3331719710 >> v1:172.21.15.93:6789/0 conn(0x7f70b01370c0 0x7f70b00a85c0 :-1 s=CONNECTING_SEND_CONNECT_MSG pgs=0 cs=0 l=0).handle_in_seq_write r=0 ,
2021-12-16T15:24:07.593+0000 7f70ae7fc700 20 --2- 172.21.15.93:0/3331719710 >> v2:172.21.15.132:3300/0 conn(0x7f70b00aa3d0 0x7f70b013a470 unknown :-1 s=AUTH_CONNECTING pgs=0 cs=0 l=0 rev1=1 crypto rx=0 tx=0 comp rx=0 tx=0).read_frame ,
2021-12-16T15:24:07.593+0000 7f70af7fe700 10 --1- 172.21.15.93:0/3331719710 >> v1:172.21.15.93:6789/0 conn(0x7f70b01370c0 0x7f70b00a85c0 :-1 s=CONNECTING_SEND_CONNECT_MSG pgs=0 cs=0 l=0).handle_in_seq_write send in_seq done
2021-12-17T01:25:25.200 WARNING:scrape:Ignoring malparsed backtrace:
2021-12-16T15:24:07.594+0000 7f70aeffd700 15 --2- 172.21.15.93:0/3331719710 >> [v2:172.21.15.93:3301/0,v1:172.21.15.93:6790/0] conn(0x7f70b00a9fc0 0x7f70b0139f30 unknown :-1 s=AUTH_CONNECTING pgs=0 cs=0 l=0 rev1=1 crypto rx=0 tx=0 comp rx=0 tx=0).send_message inline write is denied, reschedule m=0x7f70b0137910 ,
2021-12-16T15:24:07.594+0000 7f70adffb700 10 -- 172.21.15.93:0/3331719710 dispatch_throttle_release 33 to dispatch throttler 33/104857600 ,
2021-12-16T15:24:07.594+0000 7f70adffb700 20 -- 172.21.15.93:0/3331719710 done calling dispatch on 0x7f70b01374d0
2021-12-17T01:25:25.201 WARNING:scrape:Ignoring malparsed backtrace:
2021-12-16T15:24:07.594+0000 7f70adffb700 10 -- 172.21.15.93:0/3331719710 dispatch_throttle_release 413 to dispatch throttler 417/104857600 ,
2021-12-16T15:24:07.594+0000 7f70adffb700 20 -- 172.21.15.93:0/3331719710 done calling dispatch on 0x7f70a4003500 ,
2021-12-16T15:24:07.594+0000 7f70aeffd700 5 --2- 172.21.15.93:0/3331719710 >> [v2:172.21.15.93:3301/0,v1:172.21.15.93:6790/0] conn(0x7f70b00a9fc0 0x7f70b0139f30 secure :-1 s=READ_MESSAGE_COMPLETE pgs=437 cs=0 l=1 rev1=1 crypto rx=0x7f70a400b660 tx=0x7f70a4006e20 comp rx=0 tx=0).handle_message received message m=0x7f70a4003660 seq=2 from=mon.2 type=62 config(0 keys) v1
2021-12-17T01:25:25.202 WARNING:scrape:Ignoring malparsed backtrace:
2021-12-16T15:24:07.597+0000 7f70aeffd700 20 Event(0x7f70b0060860 nevent=5000 time_id=4).create_file_event create event started fd=16 mask=2 original mask is 1 ,
2021-12-16T15:24:07.597+0000 7f70aeffd700 20 EpollDriver.add_event add event fd=16 cur_mask=1 add_mask=2 to 7 ,
2021-12-16T15:24:07.597+0000 7f70aeffd700 20 Event(0x7f70b0060860 nevent=5000 time_id=4).create_file_event create event end fd=16 mask=2 current mask is 3
2021-12-17T01:25:25.202 WARNING:scrape:Ignoring malparsed backtrace:
2021-12-16T15:24:07.598+0000 7f70aeffd700 10 --2- 172.21.15.93:0/868572827 >> [v2:172.21.15.132:3300/0,v1:172.21.15.132:6789/0] conn(0x7f70b00a9fc0 0x7f70b00a2ba0 unknown :-1 s=HELLO_CONNECTING pgs=0 cs=0 l=1 rev1=1 crypto rx=0 tx=0 comp rx=0 tx=0).handle_read_frame_dispatch tag=1 ,
2021-12-16T15:24:07.598+0000 7f70ae7fc700 20 -- 172.21.15.93:0/868572827 >> [v2:172.21.15.93:3301/0,v1:172.21.15.93:6790/0] conn(0x7f70b00aa3d0 msgr2=0x7f70b00a2160 unknown :-1 s=STATE_CONNECTION_ESTABLISHED l=1).read start len=32 ,
2021-12-16T15:24:07.598+0000 7f70aeffd700 20 --2- 172.21.15.93:0/868572827 >> [v2:172.21.15.132:3300/0,v1:172.21.15.132:6789/0] conn(0x7f70b00a9fc0 0x7f70b00a2ba0 unknown :-1 s=HELLO_CONNECTING pgs=0 cs=0 l=1 rev1=1 crypto rx=0 tx=0 comp rx=0 tx=0).handle_hello payload.length()=36
2021-12-17T01:25:25.203 WARNING:scrape:Ignoring malparsed backtrace:
2021-12-16T15:24:07.598+0000 7f70af7fe700 20 --2- 172.21.15.93:0/868572827 >> [v2:172.21.15.93:3300/0,v1:172.21.15.93:6789/0] conn(0x7f70b01370c0 0x7f70b00a13f0 secure :-1 s=AUTH_CONNECTING_SIGN pgs=0 cs=0 l=1 rev1=1 crypto rx=0x7f70b013aac0 tx=0x7f70a0018f50 comp rx=0 tx=0).read_frame ,
2021-12-16T15:24:07.598+0000 7f70af7fe700 20 -- 172.21.15.93:0/868572827 >> [v2:172.21.15.93:3300/0,v1:172.21.15.93:6789/0] conn(0x7f70b01370c0 msgr2=0x7f70b00a13f0 secure :-1 s=STATE_CONNECTION_ESTABLISHED l=1).read start len=96 ,
2021-12-16T15:24:07.598+0000 7f70ae7fc700 5 --2- 172.21.15.93:0/868572827 >> [v2:172.21.15.93:3301/0,v1:172.21.15.93:6790/0] conn(0x7f70b00aa3d0 0x7f70b00a2160 unknown :-1 s=CLOSED pgs=0 cs=0 l=1 rev1=1 crypto rx=0 tx=0 comp rx=0 tx=0).reset_compression
2021-12-17T01:25:25.204 WARNING:scrape:Ignoring malparsed backtrace:
2021-12-16T15:24:07.599+0000 7f70af7fe700 20 -- 172.21.15.93:0/868572827 queue 0x7f70a0005d10 prio 196 ,
2021-12-16T15:24:07.599+0000 7f70b52da700 5 --2- 172.21.15.93:0/868572827 >> [v2:172.21.15.93:3300/0,v1:172.21.15.93:6789/0] conn(0x7f70b01370c0 0x7f70b00a13f0 secure :-1 s=READY pgs=772 cs=0 l=1 rev1=1 crypto rx=0x7f70b013aac0 tx=0x7f70a0018f50 comp rx=0 tx=0).send_message enqueueing message m=0x7f70b00a1930 type=15 mon_subscribe({mgrmap=0+}) v3 ,
2021-12-16T15:24:07.599+0000 7f70af7fe700 20 --2- 172.21.15.93:0/868572827 >> [v2:172.21.15.93:3300/0,v1:172.21.15.93:6789/0] conn(0x7f70b01370c0 0x7f70b00a13f0 secure :-1 s=READY pgs=772 cs=0 l=1 rev1=1 crypto rx=0x7f70b013aac0 tx=0x7f70a0018f50 comp rx=0 tx=0).read_frame
2021-12-17T01:25:25.204 WARNING:scrape:Ignoring malparsed backtrace:
2021-12-16T15:24:07.601+0000 7f70af7fe700 15 authenticated_encrypt_update plaintext.length()=80 buffer.length()=80 ,
2021-12-16T15:24:07.601+0000 7f70af7fe700 15 authenticated_encrypt_final buffer.length()=96 final_len=0 ,
2021-12-16T15:24:07.601+0000 7f70af7fe700 15 authenticated_encrypt_update plaintext.length()=80 buffer.length()=80
2021-12-17T01:25:25.205 WARNING:scrape:Ignoring malparsed backtrace:
2021-12-16T15:24:07.602+0000 7f70aeffd700 20 --2- 172.21.15.93:0/868572827 >> v2:172.21.15.132:6800/32819 conn(0x7f7090061ba0 0x7f70900640b0 secure :-1 s=SESSION_CONNECTING pgs=0 cs=0 l=1 rev1=1 crypto rx=0x7f70a400b660 tx=0x7f70a4010000 comp rx=0 tx=0).send_client_ident ,
2021-12-16T15:24:07.602+0000 7f70aeffd700 5 --2- 172.21.15.93:0/868572827 >> v2:172.21.15.132:6800/32819 conn(0x7f7090061ba0 0x7f70900640b0 secure :-1 s=SESSION_CONNECTING pgs=0 cs=0 l=1 rev1=1 crypto rx=0x7f70a400b660 tx=0x7f70a4010000 comp rx=0 tx=0).send_client_ident sending identification: addrs=172.21.15.93:0/868572827 target=v2:172.21.15.132:6800/32819 gid=5673 global_seq=4 features_supported=3f01cfbb7ffdffff features_required=800000000001000 flags=1 cookie=0 ,
2021-12-16T15:24:07.602+0000 7f70aeffd700 15 authenticated_encrypt_update plaintext.length()=80 buffer.length()=80
2021-12-17T01:25:25.205 WARNING:scrape:Ignoring malparsed backtrace:
2021-12-16T15:24:07.916+0000 7f70b52da700 10 -- 172.21.15.93:0/868572827 shutdown 172.21.15.93:0/868572827 ,
2021-12-16T15:24:07.916+0000 7f70b52da700 10 Processor -- stop ,
2021-12-16T15:24:07.916+0000 7f70af7fe700 5 --2- 172.21.15.93:0/868572827 >> [v2:172.21.15.93:3300/0,v1:172.21.15.93:6789/0] conn(0x7f70b01370c0 0x7f70b00a13f0 unknown :-1 s=CLOSED pgs=772 cs=0 l=1 rev1=1 crypto rx=0 tx=0 comp rx=0 tx=0).reset_compression
2021-12-17T01:25:25.206 WARNING:scrape:Ignoring malparsed backtrace:
2021-12-16T15:24:08.192+0000 7f7985d9b700 20 Event(0x7f7988065660 nevent=5000 time_id=2).create_file_event create event started fd=14 mask=1 original mask is 0 ,
2021-12-16T15:24:08.192+0000 7f7985d9b700 20 EpollDriver.add_event add event fd=14 cur_mask=0 add_mask=1 to 10 ,
2021-12-16T15:24:08.192+0000 7f7985d9b700 20 Event(0x7f7988065660 nevent=5000 time_id=2).create_file_event create event end fd=14 mask=1 current mask is 1
2021-12-17T01:25:25.207 WARNING:scrape:Ignoring malparsed backtrace:
2021-12-16T15:24:08.192+0000 7f7986d9d700 20 --1- 172.21.15.93:0/775289843 >> v1:172.21.15.132:6789/0 conn(0x7f79881374c0 0x7f79880a78c0 :-1 s=CONNECTING_WAIT_BANNER_AND_IDENTIFY pgs=0 cs=0 l=0).handle_server_banner_and_identify connect peer addr for me is v1:172.21.15.93:38794/0 ,
2021-12-16T15:24:08.192+0000 7f798659c700 20 --1- 172.21.15.93:0/775289843 >> v1:172.21.15.93:6789/0 conn(0x7f7988139d40 0x7f79880a9ed0 :-1 s=OPENED pgs=773 cs=1 l=1).wait_message ,
2021-12-16T15:24:08.192+0000 7f798659c700 20 -- 172.21.15.93:0/775289843 >> v1:172.21.15.93:6789/0 conn(0x7f7988139d40 legacy=0x7f79880a9ed0 unknown :-1 s=STATE_CONNECTION_ESTABLISHED l=1).read start len=1
2021-12-17T01:25:25.207 WARNING:scrape:Ignoring malparsed backtrace:
2021-12-16T15:24:08.192+0000 7f7985d9b700 20 Event(0x7f79880b1320 nevent=5000 time_id=3).wakeup ,
2021-12-16T15:24:08.192+0000 7f798659c700 20 --1- 172.21.15.93:0/775289843 >> v1:172.21.15.93:6789/0 conn(0x7f7988139d40 0x7f79880a9ed0 :-1 s=OPENED pgs=773 cs=1 l=1).handle_message begin MSG ,
2021-12-16T15:24:08.192+0000 7f798659c700 20 -- 172.21.15.93:0/775289843 >> v1:172.21.15.93:6789/0 conn(0x7f7988139d40 legacy=0x7f79880a9ed0 unknown :-1 s=STATE_CONNECTION_ESTABLISHED l=1).read start len=53
2021-12-17T01:25:25.208 WARNING:scrape:Ignoring malparsed backtrace:
2021-12-16T15:24:08.193+0000 7f7985d9b700 15 authenticated_encrypt_update plaintext.length()=80 buffer.length()=80 ,
2021-12-16T15:24:08.193+0000 7f7985d9b700 15 authenticated_encrypt_final buffer.length()=96 final_len=0 ,
2021-12-16T15:24:08.193+0000 7f7985d9b700 15 authenticated_encrypt_update plaintext.length()=64 buffer.length()=64
2021-12-17T01:25:25.209 WARNING:scrape:Ignoring malparsed backtrace:
2021-12-16T15:24:08.194+0000 7f798759e700 20 Event(0x7f7988065660 nevent=5000 time_id=3).wakeup ,
2021-12-16T15:24:08.194+0000 7f7986d9d700 5 --1- 172.21.15.93:0/775289843 >> 172.21.15.93:0/775289843 conn(0x7f79880b0140 0x7f79880b0550 :-1 s=CLOSED pgs=0 cs=0 l=0).reset_recv_state (warped) reseting security handlers ,
2021-12-16T15:24:08.194+0000 7f7986d9d700 5 --1- 172.21.15.93:0/775289843 >> 172.21.15.93:0/775289843 conn(0x7f79880b0140 0x7f79880b0550 :-1 s=CLOSED pgs=0 cs=0 l=0).reset_security
2021-12-17T01:25:25.209 WARNING:scrape:Ignoring malparsed backtrace:
2021-12-16T15:24:08.196+0000 7f7986d9d700 20 -- >> [v2:172.21.15.93:3301/0,v1:172.21.15.93:6790/0] conn(0x7f7988139d40 msgr2=0x7f79880a18e0 unknown :-1 s=STATE_CONNECTION_ESTABLISHED l=1).process ,
2021-12-16T15:24:08.196+0000 7f798659c700 10 --2- >> [v2:172.21.15.93:3300/0,v1:172.21.15.93:6789/0] conn(0x7f79880a8f10 0x7f79880a37a0 unknown :-1 s=HELLO_CONNECTING pgs=0 cs=0 l=1 rev1=1 crypto rx=0 tx=0 comp rx=0 tx=0).handle_read_frame_dispatch tag=1 ,
2021-12-16T15:24:08.196+0000 7f798659c700 20 --2- >> [v2:172.21.15.93:3300/0,v1:172.21.15.93:6789/0] conn(0x7f79880a8f10 0x7f79880a37a0 unknown :-1 s=HELLO_CONNECTING pgs=0 cs=0 l=1 rev1=1 crypto rx=0 tx=0 comp rx=0 tx=0).handle_hello payload.length()=36
2021-12-17T01:25:25.210 WARNING:scrape:Ignoring malparsed backtrace:
2021-12-16T15:24:08.196+0000 7f798659c700 20 -- 172.21.15.93:0/77475236 >> [v2:172.21.15.93:3300/0,v1:172.21.15.93:6789/0] conn(0x7f79880a8f10 msgr2=0x7f79880a37a0 unknown :-1 s=STATE_CONNECTION_ESTABLISHED l=1).read continue len=32 ,
2021-12-16T15:24:08.196+0000 7f798659c700 20 --2- 172.21.15.93:0/77475236 >> [v2:172.21.15.93:3300/0,v1:172.21.15.93:6789/0] conn(0x7f79880a8f10 0x7f79880a37a0 unknown :-1 s=AUTH_CONNECTING pgs=0 cs=0 l=1 rev1=1 crypto rx=0 tx=0 comp rx=0 tx=0).handle_read_frame_preamble_main r=0 ,
2021-12-16T15:24:08.196+0000 7f798659c700 20 --2- 172.21.15.93:0/77475236 >> [v2:172.21.15.93:3300/0,v1:172.21.15.93:6789/0] conn(0x7f79880a8f10 0x7f79880a37a0 unknown :-1 s=AUTH_CONNECTING pgs=0 cs=0 l=1 rev1=1 crypto rx=0 tx=0 comp rx=0 tx=0).read_frame_segment seg_idx=0
2021-12-17T01:25:25.210 WARNING:scrape:Ignoring malparsed backtrace:
2021-12-16T15:24:08.197+0000 7f7986d9d700 20 -- 172.21.15.93:0/77475236 >> [v2:172.21.15.93:3301/0,v1:172.21.15.93:6790/0] conn(0x7f7988139d40 msgr2=0x7f79880a18e0 secure :-1 s=STATE_CONNECTION_ESTABLISHED l=1).process ,
2021-12-16T15:24:08.197+0000 7f7986d9d700 20 -- 172.21.15.93:0/77475236 >> [v2:172.21.15.93:3301/0,v1:172.21.15.93:6790/0] conn(0x7f7988139d40 msgr2=0x7f79880a18e0 secure :-1 s=STATE_CONNECTION_ESTABLISHED l=1).read continue len=96 ,
2021-12-16T15:24:08.197+0000 7f7986d9d700 20 --2- 172.21.15.93:0/77475236 >> [v2:172.21.15.93:3301/0,v1:172.21.15.93:6790/0] conn(0x7f7988139d40 0x7f79880a18e0 secure :-1 s=READY pgs=438 cs=0 l=1 rev1=1 crypto rx=0x7f797800c470 tx=0x7f7978007f10 comp rx=0 tx=0).handle_read_frame_preamble_main r=0
2021-12-17T01:25:25.211 WARNING:scrape:Ignoring malparsed backtrace:
2021-12-16T15:24:08.198+0000 7f7986d9d700 20 -- 172.21.15.93:0/77475236 >> [v2:172.21.15.93:3301/0,v1:172.21.15.93:6790/0] conn(0x7f7988139d40 msgr2=0x7f79880a18e0 secure :-1 s=STATE_CONNECTION_ESTABLISHED l=1).read start len=79824 ,
2021-12-16T15:24:08.198+0000 7f7986d9d700 20 --2- 172.21.15.93:0/77475236 >> [v2:172.21.15.93:3301/0,v1:172.21.15.93:6790/0] conn(0x7f7988139d40 0x7f79880a18e0 secure :-1 s=THROTTLE_DONE pgs=438 cs=0 l=1 rev1=1 crypto rx=0x7f797800c470 tx=0x7f7978007f10 comp rx=0 tx=0).handle_read_frame_segment r=0 ,
2021-12-16T15:24:08.198+0000 7f7986d9d700 20 -- 172.21.15.93:0/77475236 >> [v2:172.21.15.93:3301/0,v1:172.21.15.93:6790/0] conn(0x7f7988139d40 msgr2=0x7f79880a18e0 secure :-1 s=STATE_CONNECTION_ESTABLISHED l=1).read start len=32
2021-12-17T01:25:25.212 WARNING:scrape:Ignoring malparsed backtrace:
2021-12-16T15:24:08.200+0000 7f798659c700 20 --2- 172.21.15.93:0/77475236 >> v2:172.21.15.132:6800/32819 conn(0x7f7964061ba0 0x7f79640640b0 unknown :-1 s=AUTH_CONNECTING pgs=0 cs=0 l=1 rev1=1 crypto rx=0 tx=0 comp rx=0 tx=0).handle_read_frame_segment r=0 ,
2021-12-16T15:24:08.200+0000 7f798659c700 10 --2- 172.21.15.93:0/77475236 >> v2:172.21.15.132:6800/32819 conn(0x7f7964061ba0 0x7f79640640b0 unknown :-1 s=AUTH_CONNECTING pgs=0 cs=0 l=1 rev1=1 crypto rx=0 tx=0 comp rx=0 tx=0).handle_read_frame_dispatch tag=4 ,
2021-12-16T15:24:08.200+0000 7f798659c700 20 --2- 172.21.15.93:0/77475236 >> v2:172.21.15.132:6800/32819 conn(0x7f7964061ba0 0x7f79640640b0 unknown :-1 s=AUTH_CONNECTING pgs=0 cs=0 l=1 rev1=1 crypto rx=0 tx=0 comp rx=0 tx=0).handle_auth_reply_more payload.length()=36
2021-12-17T01:25:25.212 WARNING:scrape:Ignoring malparsed backtrace:
2021-12-16T15:24:08.363+0000 7f798659c700 10 --2- 172.21.15.93:0/77475236 >> v2:172.21.15.132:6800/32819 conn(0x7f7964061ba0 0x7f79640640b0 secure :-1 s=READY pgs=321 cs=0 l=1 rev1=1 crypto rx=0x7f798806a650 tx=0x7f797c007c40 comp rx=0 tx=0).write_message sending 0x7f79880a1f90 done. ,
2021-12-16T15:24:08.364+0000 7f798659c700 20 -- 172.21.15.93:0/77475236 >> v2:172.21.15.132:6800/32819 conn(0x7f7964061ba0 msgr2=0x7f79640640b0 secure :-1 s=STATE_CONNECTION_ESTABLISHED l=1).process ,
2021-12-16T15:24:08.364+0000 7f798659c700 20 -- 172.21.15.93:0/77475236 >> v2:172.21.15.132:6800/32819 conn(0x7f7964061ba0 msgr2=0x7f79640640b0 secure :-1 s=STATE_CONNECTION_ESTABLISHED l=1).read continue len=96
2021-12-17T01:25:25.213 WARNING:scrape:Ignoring malparsed backtrace:
2021-12-16T15:24:08.743+0000 7fc5db7fe700 20 Event(0x7fc5dc066ff0 nevent=5000 time_id=1).create_file_event create event end fd=11 mask=1 current mask is 1 ,
2021-12-16T15:24:08.743+0000 7fc5db7fe700 10 stack operator() starting ,
2021-12-16T15:24:08.743+0000 7fc5e2a52700 10 -- ready
2021-12-17T01:25:25.214 WARNING:scrape:Ignoring malparsed backtrace:
2021-12-16T15:24:08.744+0000 7fc5db7fe700 20 --2- >> v2:172.21.15.93:3300/0 conn(0x7fc5dc065340 0x7fc5dc065750 unknown :-1 s=HELLO_CONNECTING pgs=0 cs=0 l=0 rev1=1 crypto rx=0 tx=0 comp rx=0 tx=0).handle_read_frame_preamble_main r=0 ,
2021-12-16T15:24:08.744+0000 7fc5e0fef700 10 -- 172.21.15.93:0/3628035534 learned_addr had no addrs ,
2021-12-16T15:24:08.744+0000 7fc5dbfff700 20 --1- 172.21.15.93:0/3628035534 >> v1:172.21.15.132:6789/0 conn(0x7fc5dc064640 0x7fc5dc06a640 :-1 s=CONNECTING_WAIT_BANNER_AND_IDENTIFY pgs=0 cs=0 l=0).handle_server_banner_and_identify connect peer addr for me is v1:172.21.15.93:38804/0
2021-12-17T01:25:25.214 WARNING:scrape:Ignoring malparsed backtrace:
2021-12-16T15:24:08.744+0000 7fc5dbfff700 20 -- 172.21.15.93:0/3628035534 >> v1:172.21.15.132:6789/0 conn(0x7fc5dc064640 legacy=0x7fc5dc06a640 unknown :-1 s=STATE_CONNECTION_ESTABLISHED l=1).process ,
2021-12-16T15:24:08.744+0000 7fc5dbfff700 20 -- 172.21.15.93:0/3628035534 >> v1:172.21.15.132:6789/0 conn(0x7fc5dc064640 legacy=0x7fc5dc06a640 unknown :-1 s=STATE_CONNECTION_ESTABLISHED l=1).read continue len=1 ,
2021-12-16T15:24:08.744+0000 7fc5e0fef700 10 -- 172.21.15.93:0/3628035534 >> v1:172.21.15.93:6789/0 conn(0x7fc5dc135f90 legacy=0x7fc5dc1402e0 unknown :-1 s=STATE_CONNECTION_ESTABLISHED l=1)._try_send sent bytes 144 remaining bytes 0
2021-12-17T01:25:25.215 WARNING:scrape:Ignoring malparsed backtrace:
2021-12-16T15:24:08.745+0000 7fc5db7fe700 20 --1- 172.21.15.93:0/3628035534 >> v1:172.21.15.93:6789/0 conn(0x7fc5dc135f90 0x7fc5dc1402e0 :-1 s=OPENED pgs=775 cs=1 l=1).stop ,
2021-12-16T15:24:08.745+0000 7fc5db7fe700 2 --1- 172.21.15.93:0/3628035534 >> v1:172.21.15.93:6789/0 conn(0x7fc5dc135f90 0x7fc5dc1402e0 :-1 s=OPENED pgs=775 cs=1 l=1).stop ,
2021-12-16T15:24:08.745+0000 7fc5db7fe700 5 --1- 172.21.15.93:0/3628035534 >> v1:172.21.15.93:6789/0 conn(0x7fc5dc135f90 0x7fc5dc1402e0 :-1 s=OPENED pgs=775 cs=1 l=1).reset_recv_state
2021-12-17T01:25:25.216 WARNING:scrape:Ignoring malparsed backtrace:
2021-12-16T15:24:08.745+0000 7fc5db7fe700 20 --2- 172.21.15.93:0/3628035534 >> [v2:172.21.15.93:3300/0,v1:172.21.15.93:6789/0] conn(0x7fc5dc065340 0x7fc5dc065750 secure :-1 s=THROTTLE_MESSAGE pgs=776 cs=0 l=1 rev1=1 crypto rx=0x7fc5cc02d670 tx=0x7fc5cc006e20 comp rx=0 tx=0).throttle_message ,
2021-12-16T15:24:08.745+0000 7fc5db7fe700 20 --2- 172.21.15.93:0/3628035534 >> [v2:172.21.15.93:3300/0,v1:172.21.15.93:6789/0] conn(0x7fc5dc065340 0x7fc5dc065750 secure :-1 s=THROTTLE_BYTES pgs=776 cs=0 l=1 rev1=1 crypto rx=0x7fc5cc02d670 tx=0x7fc5cc006e20 comp rx=0 tx=0).throttle_bytes ,
2021-12-16T15:24:08.745+0000 7fc5db7fe700 20 --2- 172.21.15.93:0/3628035534 >> [v2:172.21.15.93:3300/0,v1:172.21.15.93:6789/0] conn(0x7fc5dc065340 0x7fc5dc065750 secure :-1 s=THROTTLE_DISPATCH_QUEUE pgs=776 cs=0 l=1 rev1=1 crypto rx=0x7fc5cc02d670 tx=0x7fc5cc006e20 comp rx=0 tx=0).throttle_dispatch_queue
2021-12-17T01:25:25.216 WARNING:scrape:Ignoring malparsed backtrace:
2021-12-16T15:24:08.748+0000 7fc5e2a52700 1 --2- >> [v2:172.21.15.93:3300/0,v1:172.21.15.93:6789/0] conn(0x7fc5dc065340 0x7fc5dc07cb80 unknown :-1 s=NONE pgs=0 cs=0 l=1 rev1=0 crypto rx=0 tx=0 comp rx=0 tx=0).connect ,
2021-12-16T15:24:08.748+0000 7fc5e2a52700 20 Event(0x7fc5dc066ff0 nevent=5000 time_id=3).wakeup ,
2021-12-16T15:24:08.748+0000 7fc5e2a52700 10 -- create_connect 0x7fc5dc065340 [v2:172.21.15.93:3300/0,v1:172.21.15.93:6789/0] [v2:172.21.15.93:3300/0,v1:172.21.15.93:6789/0]
2021-12-17T01:25:25.217 WARNING:scrape:Ignoring malparsed backtrace:
2021-12-16T15:24:08.748+0000 7fc5dbfff700 20 -- 172.21.15.93:0/1246996819 >> [v2:172.21.15.93:3301/0,v1:172.21.15.93:6790/0] conn(0x7fc5dc064640 msgr2=0x7fc5dc07d7a0 unknown :-1 s=STATE_CONNECTION_ESTABLISHED l=1).read start len=32 ,
2021-12-16T15:24:08.748+0000 7fc5e0fef700 10 --2- 172.21.15.93:0/1246996819 >> [v2:172.21.15.132:3300/0,v1:172.21.15.132:6789/0] conn(0x7fc5dc135f90 0x7fc5dc0a55e0 unknown :-1 s=HELLO_CONNECTING pgs=0 cs=0 l=1 rev1=1 crypto rx=0 tx=0 comp rx=0 tx=0).handle_read_frame_dispatch tag=1 ,
2021-12-16T15:24:08.748+0000 7fc5dbfff700 20 --2- 172.21.15.93:0/1246996819 >> [v2:172.21.15.93:3301/0,v1:172.21.15.93:6790/0] conn(0x7fc5dc064640 0x7fc5dc07d7a0 unknown :-1 s=HELLO_CONNECTING pgs=0 cs=0 l=1 rev1=1 crypto rx=0 tx=0 comp rx=0 tx=0).handle_read_frame_preamble_main r=0
2021-12-17T01:25:25.217 WARNING:scrape:Ignoring malparsed backtrace:
2021-12-16T15:24:08.749+0000 7fc5db7fe700 20 --2- 172.21.15.93:0/1246996819 >> [v2:172.21.15.93:3300/0,v1:172.21.15.93:6789/0] conn(0x7fc5dc065340 0x7fc5dc07cb80 secure :-1 s=AUTH_CONNECTING_SIGN pgs=0 cs=0 l=1 rev1=1 crypto rx=0x7fc5cc02d180 tx=0x7fc5cc037000 comp rx=0 tx=0).read_frame ,
2021-12-16T15:24:08.749+0000 7fc5db7fe700 20 -- 172.21.15.93:0/1246996819 >> [v2:172.21.15.93:3300/0,v1:172.21.15.93:6789/0] conn(0x7fc5dc065340 msgr2=0x7fc5dc07cb80 secure :-1 s=STATE_CONNECTION_ESTABLISHED l=1).read start len=96 ,
2021-12-16T15:24:08.749+0000 7fc5db7fe700 20 --2- 172.21.15.93:0/1246996819 >> [v2:172.21.15.93:3300/0,v1:172.21.15.93:6789/0] conn(0x7fc5dc065340 0x7fc5dc07cb80 secure :-1 s=AUTH_CONNECTING_SIGN pgs=0 cs=0 l=1 rev1=1 crypto rx=0x7fc5cc02d180 tx=0x7fc5cc037000 comp rx=0 tx=0).handle_read_frame_preamble_main r=0
2021-12-17T01:25:25.218 WARNING:scrape:Ignoring malparsed backtrace:
2021-12-16T15:24:08.749+0000 7fc5bffff700 1 -- 172.21.15.93:0/1246996819 <== mon.0 v2:172.21.15.93:3300/0 2 ==== config(0 keys) v1 ==== 4+0+0 (secure 0 0 0) 0x7fc5cc02f850 con 0x7fc5dc065340 ,
2021-12-16T15:24:08.749+0000 7fc5db7fe700 20 --2- 172.21.15.93:0/1246996819 >> [v2:172.21.15.93:3300/0,v1:172.21.15.93:6789/0] conn(0x7fc5dc065340 0x7fc5dc07cb80 secure :-1 s=READY pgs=777 cs=0 l=1 rev1=1 crypto rx=0x7fc5cc02d180 tx=0x7fc5cc037000 comp rx=0 tx=0).handle_read_frame_preamble_main r=0 ,
2021-12-16T15:24:08.749+0000 7fc5db7fe700 20 --2- 172.21.15.93:0/1246996819 >> [v2:172.21.15.93:3300/0,v1:172.21.15.93:6789/0] conn(0x7fc5dc065340 0x7fc5dc07cb80 secure :-1 s=THROTTLE_MESSAGE pgs=777 cs=0 l=1 rev1=1 crypto rx=0x7fc5cc02d180 tx=0x7fc5cc037000 comp rx=0 tx=0).throttle_message
2021-12-17T01:25:25.219 WARNING:scrape:Ignoring malparsed backtrace:
2021-12-16T15:24:08.751+0000 7fc5db7fe700 15 authenticated_encrypt_update plaintext.length()=80 buffer.length()=80 ,
2021-12-16T15:24:08.751+0000 7fc5db7fe700 15 authenticated_encrypt_update plaintext.length()=16 buffer.length()=96 ,
2021-12-16T15:24:08.751+0000 7fc5db7fe700 15 authenticated_encrypt_final buffer.length()=112 final_len=0
2021-12-17T01:25:25.219 WARNING:scrape:Ignoring malparsed backtrace:
2021-12-16T15:24:08.752+0000 7fc5dbfff700 15 authenticated_encrypt_update plaintext.length()=80 buffer.length()=80 ,
2021-12-16T15:24:08.752+0000 7fc5dbfff700 15 authenticated_encrypt_final buffer.length()=96 final_len=0 ,
2021-12-16T15:24:08.752+0000 7fc5dbfff700 15 authenticated_encrypt_update plaintext.length()=80 buffer.length()=80
2021-12-17T01:25:25.220 WARNING:scrape:Ignoring malparsed backtrace:
2021-12-16T15:24:08.940+0000 7fc5db7fe700 5 --2- 172.21.15.93:0/1246996819 >> [v2:172.21.15.93:3300/0,v1:172.21.15.93:6789/0] conn(0x7fc5dc065340 0x7fc5dc07cb80 unknown :-1 s=CLOSED pgs=777 cs=0 l=1 rev1=1 crypto rx=0 tx=0 comp rx=0 tx=0).reset_compression ,
2021-12-16T15:24:08.940+0000 7fc5db7fe700 20 EpollDriver.del_event del event fd=17 cur_mask=1 delmask=3 to 10 ,
2021-12-16T15:24:08.940+0000 7fc5e2a52700 10 -- 172.21.15.93:0/1246996819 shutdown 172.21.15.93:0/1246996819
2021-12-17T01:25:25.221 WARNING:scrape:Ignoring malparsed backtrace:
2021-12-16T15:24:09.315+0000 7fb492ffd700 20 EpollDriver.add_event add event fd=13 cur_mask=1 add_mask=2 to 7 ,
2021-12-16T15:24:09.315+0000 7fb4999e4700 15 --1- >> v1:172.21.15.132:6789/0 conn(0x7fb49406a870 0x7fb49406ac80 :-1 s=START_CONNECT pgs=0 cs=0 l=0).send_message inline write is denied, reschedule m=0x7fb4940a8a40 ,
2021-12-16T15:24:09.315+0000 7fb4927fc700 10 -- >> v1:172.21.15.132:6789/0 conn(0x7fb49406a870 legacy=0x7fb49406ac80 unknown :-1 s=STATE_CONNECTING_RE l=0).process nonblock connect inprogress
2021-12-17T01:25:25.221 WARNING:scrape:Ignoring malparsed backtrace:
2021-12-16T15:24:09.316+0000 7fb4937fe700 20 -- 172.21.15.93:0/1005165599 >> [v2:172.21.15.93:3301/0,v1:172.21.15.93:6790/0] conn(0x7fb494134e10 msgr2=0x7fb494135220 unknown :-1 s=STATE_CONNECTION_ESTABLISHED l=0).read start len=32 ,
2021-12-16T15:24:09.316+0000 7fb492ffd700 10 -- 172.21.15.93:0/1005165599 >> v2:172.21.15.132:3300/0 conn(0x7fb494064350 msgr2=0x7fb4940a8210 unknown :-1 s=STATE_CONNECTION_ESTABLISHED l=0)._try_send sent bytes 78 remaining bytes 0 ,
2021-12-16T15:24:09.316+0000 7fb492ffd700 20 --2- 172.21.15.93:0/1005165599 >> v2:172.21.15.132:3300/0 conn(0x7fb494064350 0x7fb4940a8210 unknown :-1 s=AUTH_CONNECTING pgs=0 cs=0 l=0 rev1=1 crypto rx=0 tx=0 comp rx=0 tx=0).read_frame
2021-12-17T01:25:25.222 WARNING:scrape:Ignoring malparsed backtrace:
2021-12-16T15:24:09.316+0000 7fb4927fc700 20 --1- 172.21.15.93:0/1005165599 >> v1:172.21.15.132:6789/0 conn(0x7fb49406a870 0x7fb49406ac80 :-1 s=READ_MESSAGE_FRONT pgs=510 cs=1 l=1).handle_message_front got front 33 ,
2021-12-16T15:24:09.316+0000 7fb4927fc700 20 --1- 172.21.15.93:0/1005165599 >> v1:172.21.15.132:6789/0 conn(0x7fb49406a870 0x7fb49406ac80 :-1 s=READ_MESSAGE_FRONT pgs=510 cs=1 l=1).read_message_middle ,
2021-12-16T15:24:09.316+0000 7fb4927fc700 20 --1- 172.21.15.93:0/1005165599 >> v1:172.21.15.132:6789/0 conn(0x7fb49406a870 0x7fb49406ac80 :-1 s=READ_MESSAGE_FRONT pgs=510 cs=1 l=1).read_message_data_prepare
2021-12-17T01:25:25.223 WARNING:scrape:Ignoring malparsed backtrace:
2021-12-16T15:24:09.317+0000 7fb492ffd700 20 --2- 172.21.15.93:0/1005165599 >> [v2:172.21.15.132:3300/0,v1:172.21.15.132:6789/0] conn(0x7fb494064350 0x7fb4940a8210 secure :-1 s=READY pgs=511 cs=0 l=1 rev1=1 crypto rx=0x7fb488009500 tx=0x7fb488004cc0 comp rx=0 tx=0).write_message sending m=0x7fb4941358d0 seq=2 src=client.? off=0 ,
2021-12-16T15:24:09.317+0000 7fb492ffd700 10 -- 172.21.15.93:0/1005165599 >> [v2:172.21.15.132:3300/0,v1:172.21.15.132:6789/0] conn(0x7fb494064350 msgr2=0x7fb4940a8210 secure :-1 s=STATE_CONNECTION_ESTABLISHED l=1)._try_send sent bytes 192 remaining bytes 0 ,
2021-12-16T15:24:09.317+0000 7fb492ffd700 10 --2- 172.21.15.93:0/1005165599 >> [v2:172.21.15.132:3300/0,v1:172.21.15.132:6789/0] conn(0x7fb494064350 0x7fb4940a8210 secure :-1 s=READY pgs=511 cs=0 l=1 rev1=1 crypto rx=0x7fb488009500 tx=0x7fb488004cc0 comp rx=0 tx=0).write_message sending 0x7fb4941358d0 done.
2021-12-17T01:25:25.223 WARNING:scrape:Ignoring malparsed backtrace:
2021-12-16T15:24:09.318+0000 7fb4999e4700 5 -- 172.21.15.93:0/1005165599 shutdown_connections delete 0x7fb494064e30 ,
2021-12-16T15:24:09.318+0000 7fb4999e4700 20 Event(0x7fb4940ae1a0 nevent=5000 time_id=2).wakeup ,
2021-12-16T15:24:09.318+0000 7fb4999e4700 20 Event(0x7fb494060910 nevent=5000 time_id=3).wakeup
2021-12-17T01:25:25.224 WARNING:scrape:Ignoring malparsed backtrace:
2021-12-16T15:24:09.320+0000 7fb4937fe700 20 --2- >> [v2:172.21.15.93:3301/0,v1:172.21.15.93:6790/0] conn(0x7fb494134e10 0x7fb49412d7c0 unknown :-1 s=HELLO_CONNECTING pgs=0 cs=0 l=1 rev1=1 crypto rx=0 tx=0 comp rx=0 tx=0).handle_read_frame_preamble_main r=0 ,
2021-12-16T15:24:09.320+0000 7fb492ffd700 10 -- >> [v2:172.21.15.132:3300/0,v1:172.21.15.132:6789/0] conn(0x7fb494064350 msgr2=0x7fb4940a5fb0 unknown :-1 s=STATE_CONNECTION_ESTABLISHED l=1)._try_send sent bytes 72 remaining bytes 0 ,
2021-12-16T15:24:09.320+0000 7fb4927fc700 10 -- >> [v2:172.21.15.93:3300/0,v1:172.21.15.93:6789/0] conn(0x7fb49406a870 msgr2=0x7fb49412d280 unknown :-1 s=STATE_CONNECTION_ESTABLISHED l=1)._try_send sent bytes 72 remaining bytes 0
2021-12-17T01:25:25.225 WARNING:scrape:Ignoring malparsed backtrace:
2021-12-16T15:24:09.321+0000 7fb492ffd700 1 --2- 172.21.15.93:0/1676213918 >> [v2:172.21.15.93:3300/0,v1:172.21.15.93:6789/0] conn(0x7fb49406a870 0x7fb49412d280 unknown :-1 s=AUTH_CONNECTING pgs=0 cs=0 l=1 rev1=1 crypto rx=0 tx=0 comp rx=0 tx=0).stop ,
2021-12-16T15:24:09.321+0000 7fb492ffd700 5 --2- 172.21.15.93:0/1676213918 >> [v2:172.21.15.93:3300/0,v1:172.21.15.93:6789/0] conn(0x7fb49406a870 0x7fb49412d280 unknown :-1 s=AUTH_CONNECTING pgs=0 cs=0 l=1 rev1=1 crypto rx=0 tx=0 comp rx=0 tx=0).reset_recv_state ,
2021-12-16T15:24:09.321+0000 7fb492ffd700 20 Event(0x7fb494066ff0 nevent=5000 time_id=4).wakeup
2021-12-17T01:25:25.225 WARNING:scrape:Ignoring malparsed backtrace:
2021-12-16T15:24:09.321+0000 7fb492ffd700 20 -- 172.21.15.93:0/1676213918 >> [v2:172.21.15.132:3300/0,v1:172.21.15.132:6789/0] conn(0x7fb494064350 msgr2=0x7fb4940a5fb0 secure :-1 s=STATE_CONNECTION_ESTABLISHED l=1).read start len=96 ,
2021-12-16T15:24:09.321+0000 7fb492ffd700 20 --2- 172.21.15.93:0/1676213918 >> [v2:172.21.15.132:3300/0,v1:172.21.15.132:6789/0] conn(0x7fb494064350 0x7fb4940a5fb0 secure :-1 s=READY pgs=512 cs=0 l=1 rev1=1 crypto rx=0x7fb488024000 tx=0x7fb488025000 comp rx=0 tx=0).handle_read_frame_preamble_main r=0 ,
2021-12-16T15:24:09.321+0000 7fb492ffd700 20 --2- 172.21.15.93:0/1676213918 >> [v2:172.21.15.132:3300/0,v1:172.21.15.132:6789/0] conn(0x7fb494064350 0x7fb4940a5fb0 secure :-1 s=THROTTLE_MESSAGE pgs=512 cs=0 l=1 rev1=1 crypto rx=0x7fb488024000 tx=0x7fb488025000 comp rx=0 tx=0).throttle_message
2021-12-17T01:25:25.226 WARNING:scrape:Ignoring malparsed backtrace:
2021-12-16T15:24:09.323+0000 7fb492ffd700 20 --2- 172.21.15.93:0/1676213918 >> [v2:172.21.15.132:3300/0,v1:172.21.15.132:6789/0] conn(0x7fb494064350 0x7fb4940a5fb0 secure :-1 s=THROTTLE_BYTES pgs=512 cs=0 l=1 rev1=1 crypto rx=0x7fb488024000 tx=0x7fb488025000 comp rx=0 tx=0).throttle_bytes ,
2021-12-16T15:24:09.323+0000 7fb492ffd700 20 --2- 172.21.15.93:0/1676213918 >> [v2:172.21.15.132:3300/0,v1:172.21.15.132:6789/0] conn(0x7fb494064350 0x7fb4940a5fb0 secure :-1 s=THROTTLE_DISPATCH_QUEUE pgs=512 cs=0 l=1 rev1=1 crypto rx=0x7fb488024000 tx=0x7fb488025000 comp rx=0 tx=0).throttle_dispatch_queue ,
2021-12-16T15:24:09.323+0000 7fb492ffd700 20 --2- 172.21.15.93:0/1676213918 >> [v2:172.21.15.132:3300/0,v1:172.21.15.132:6789/0] conn(0x7fb494064350 0x7fb4940a5fb0 secure :-1 s=THROTTLE_DONE pgs=512 cs=0 l=1 rev1=1 crypto rx=0x7fb488024000 tx=0x7fb488025000 comp rx=0 tx=0).read_frame_segment seg_idx=0
2021-12-17T01:25:25.226 WARNING:scrape:Ignoring malparsed backtrace:
2021-12-16T15:24:09.324+0000 7fb4927fc700 20 --2- 172.21.15.93:0/1676213918 >> v2:172.21.15.132:6800/32819 conn(0x7fb474061b90 0x7fb4740640a0 secure :-1 s=AUTH_CONNECTING_SIGN pgs=0 cs=0 l=1 rev1=1 crypto rx=0x7fb49406b4d0 tx=0x7fb47c02b040 comp rx=0 tx=0).read_frame ,
2021-12-16T15:24:09.324+0000 7fb4927fc700 20 -- 172.21.15.93:0/1676213918 >> v2:172.21.15.132:6800/32819 conn(0x7fb474061b90 msgr2=0x7fb4740640a0 secure :-1 s=STATE_CONNECTION_ESTABLISHED l=1).read start len=96 ,
2021-12-16T15:24:09.324+0000 7fb4927fc700 20 --2- 172.21.15.93:0/1676213918 >> v2:172.21.15.132:6800/32819 conn(0x7fb474061b90 0x7fb4740640a0 secure :-1 s=AUTH_CONNECTING_SIGN pgs=0 cs=0 l=1 rev1=1 crypto rx=0x7fb49406b4d0 tx=0x7fb47c02b040 comp rx=0 tx=0).handle_read_frame_preamble_main r=0
2021-12-17T01:25:25.227 WARNING:scrape:Ignoring malparsed backtrace:
2021-12-16T15:24:09.487+0000 7fb4927fc700 20 --2- 172.21.15.93:0/1676213918 >> v2:172.21.15.132:6800/32819 conn(0x7fb474061b90 0x7fb4740640a0 secure :-1 s=THROTTLE_DONE pgs=323 cs=0 l=1 rev1=1 crypto rx=0x7fb49406b4d0 tx=0x7fb47c02b040 comp rx=0 tx=0).handle_message ,
2021-12-16T15:24:09.487+0000 7fb4927fc700 5 --2- 172.21.15.93:0/1676213918 >> v2:172.21.15.132:6800/32819 conn(0x7fb474061b90 0x7fb4740640a0 secure :-1 s=THROTTLE_DONE pgs=323 cs=0 l=1 rev1=1 crypto rx=0x7fb49406b4d0 tx=0x7fb47c02b040 comp rx=0 tx=0).handle_message got 49 + 0 + 0 byte message. envelope type=1802 src mgr.4102 off 0 ,
2021-12-16T15:24:09.487+0000 7fb4927fc700 5 --2- 172.21.15.93:0/1676213918 >> v2:172.21.15.132:6800/32819 conn(0x7fb474061b90 0x7fb4740640a0 secure :-1 s=READ_MESSAGE_COMPLETE pgs=323 cs=0 l=1 rev1=1 crypto rx=0x7fb49406b4d0 tx=0x7fb47c02b040 comp rx=0 tx=0).handle_message received message m=0x7fb4941352f0 seq=1 from=mgr.4102 type=1802 mgr_command_reply(tid 0: 0 instructing pg 2.5 on osd.4 to deep-scrub) v1
2021-12-17T01:25:25.228 WARNING:scrape:Ignoring malparsed backtrace:
2021-12-16T15:24:09.872+0000 7f8e7b5a1700 1 --2- >> [v2:172.21.15.93:3301/0,v1:172.21.15.93:6790/0] conn(0x7f8e7413d8f0 0x7f8e7413dd00 unknown :-1 s=NONE pgs=0 cs=0 l=0 rev1=0 crypto rx=0 tx=0 comp rx=0 tx=0).connect ,
2021-12-16T15:24:09.872+0000 7f8e7b5a1700 20 Event(0x7f8e74066ff0 nevent=5000 time_id=1).wakeup ,
2021-12-16T15:24:09.872+0000 7f8e7b5a1700 10 -- create_connect 0x7f8e7413d8f0 [v2:172.21.15.93:3301/0,v1:172.21.15.93:6790/0] [v2:172.21.15.93:3301/0,v1:172.21.15.93:6790/0]
2021-12-17T01:25:25.228 WARNING:scrape:Ignoring malparsed backtrace:
2021-12-16T15:24:09.872+0000 7f8e79b3e700 20 -- 172.21.15.93:0/683736451 >> v1:172.21.15.132:6789/0 conn(0x7f8e74136e30 legacy=0x7f8e74137240 unknown :-1 s=STATE_CONNECTION_ESTABLISHED l=0).read continue len=281 ,
2021-12-16T15:24:09.872+0000 7f8e78b3c700 10 -- 172.21.15.93:0/683736451 >> [v2:172.21.15.93:3301/0,v1:172.21.15.93:6790/0] conn(0x7f8e7413d8f0 msgr2=0x7f8e7413dd00 unknown :-1 s=STATE_CONNECTION_ESTABLISHED l=0)._try_send sent bytes 72 remaining bytes 0 ,
2021-12-16T15:24:09.872+0000 7f8e79b3e700 20 --1- 172.21.15.93:0/683736451 >> v1:172.21.15.132:6789/0 conn(0x7f8e74136e30 0x7f8e74137240 :-1 s=CONNECTING_WAIT_BANNER_AND_IDENTIFY pgs=0 cs=0 l=0).handle_server_banner_and_identify r=0
2021-12-17T01:25:25.229 WARNING:scrape:Ignoring malparsed backtrace:
2021-12-16T15:24:09.873+0000 7f8e78b3c700 5 --2- 172.21.15.93:0/683736451 >> [v2:172.21.15.93:3301/0,v1:172.21.15.93:6790/0] conn(0x7f8e7413d8f0 0x7f8e7413dd00 unknown :-1 s=AUTH_CONNECTING pgs=0 cs=0 l=0 rev1=1 crypto rx=0 tx=0 comp rx=0 tx=0).handle_auth_reply_more auth reply more len=9 ,
2021-12-16T15:24:09.873+0000 7f8e79b3e700 20 --1- 172.21.15.93:0/683736451 >> v1:172.21.15.132:6789/0 conn(0x7f8e74136e30 0x7f8e74137240 :-1 s=OPENED pgs=513 cs=1 l=1).handle_message r=0 ,
2021-12-16T15:24:09.873+0000 7f8e79b3e700 20 --1- 172.21.15.93:0/683736451 >> v1:172.21.15.132:6789/0 conn(0x7f8e74136e30 0x7f8e74137240 :-1 s=OPENED pgs=513 cs=1 l=1).handle_message process tag 15
2021-12-17T01:25:25.230 WARNING:scrape:Ignoring malparsed backtrace:
2021-12-16T15:24:09.873+0000 7f8e79b3e700 20 EpollDriver.del_event del event fd=15 cur_mask=1 delmask=3 to 4 ,
2021-12-16T15:24:09.873+0000 7f8e78b3c700 10 --1- 172.21.15.93:0/683736451 >> v1:172.21.15.93:6789/0 conn(0x7f8e740a6c70 0x7f8e740a7da0 :-1 s=OPENED pgs=778 cs=1 l=1).discard_out_queue started ,
2021-12-16T15:24:09.873+0000 7f8e78b3c700 20 Event(0x7f8e74060910 nevent=5000 time_id=3).wakeup
2021-12-17T01:25:25.230 WARNING:scrape:Ignoring malparsed backtrace:
2021-12-16T15:24:09.874+0000 7f8e63fff700 10 -- 172.21.15.93:0/683736451 dispatch_throttle_release 413 to dispatch throttler 417/104857600 ,
2021-12-16T15:24:09.874+0000 7f8e63fff700 20 -- 172.21.15.93:0/683736451 done calling dispatch on 0x7f8e68003500 ,
2021-12-16T15:24:09.874+0000 7f8e78b3c700 20 --2- 172.21.15.93:0/683736451 >> [v2:172.21.15.93:3301/0,v1:172.21.15.93:6790/0] conn(0x7f8e7413d8f0 0x7f8e7413dd00 secure :-1 s=THROTTLE_DONE pgs=439 cs=0 l=1 rev1=1 crypto rx=0x7f8e6800b690 tx=0x7f8e68006e20 comp rx=0 tx=0).read_frame_segment seg_idx=1
2021-12-17T01:25:25.231 WARNING:scrape:Ignoring malparsed backtrace:
2021-12-16T15:24:09.877+0000 7f8e7b5a1700 10 -- connect_to [v2:172.21.15.93:3300/0,v1:172.21.15.93:6789/0] new 0x7f8e74136e30 ,
2021-12-16T15:24:09.877+0000 7f8e7933d700 20 Event(0x7f8e74060910 nevent=5000 time_id=4).create_file_event create event started fd=16 mask=1 original mask is 0 ,
2021-12-16T15:24:09.877+0000 7f8e78b3c700 20 -- >> [v2:172.21.15.93:3300/0,v1:172.21.15.93:6789/0] conn(0x7f8e74136e30 msgr2=0x7f8e7412d100 unknown :-1 s=STATE_CONNECTING l=1).process
2021-12-17T01:25:25.232 WARNING:scrape:Ignoring malparsed backtrace:
2021-12-16T15:24:09.877+0000 7f8e78b3c700 20 -- 172.21.15.93:0/3433264205 >> [v2:172.21.15.93:3300/0,v1:172.21.15.93:6789/0] conn(0x7f8e74136e30 msgr2=0x7f8e7412d100 unknown :-1 s=STATE_CONNECTION_ESTABLISHED l=1).process ,
2021-12-16T15:24:09.877+0000 7f8e79b3e700 5 --2- 172.21.15.93:0/3433264205 >> [v2:172.21.15.93:3301/0,v1:172.21.15.93:6790/0] conn(0x7f8e7413d8f0 0x7f8e740a37c0 unknown :-1 s=HELLO_CONNECTING pgs=0 cs=0 l=1 rev1=1 crypto rx=0 tx=0 comp rx=0 tx=0).handle_hello received hello: peer_type=1 peer_addr_for_me=v2:172.21.15.93:41108/0 ,
2021-12-16T15:24:09.877+0000 7f8e78b3c700 20 -- 172.21.15.93:0/3433264205 >> [v2:172.21.15.93:3300/0,v1:172.21.15.93:6789/0] conn(0x7f8e74136e30 msgr2=0x7f8e7412d100 unknown :-1 s=STATE_CONNECTION_ESTABLISHED l=1).read continue len=32
2021-12-17T01:25:25.232 WARNING:scrape:Ignoring malparsed backtrace:
2021-12-16T15:24:09.878+0000 7f8e79b3e700 10 --2- 172.21.15.93:0/3433264205 >> [v2:172.21.15.93:3301/0,v1:172.21.15.93:6790/0] conn(0x7f8e7413d8f0 0x7f8e740a37c0 unknown :-1 s=CLOSED pgs=0 cs=0 l=1 rev1=1 crypto rx=0 tx=0 comp rx=0 tx=0)._fault connection is already closed ,
2021-12-16T15:24:09.878+0000 7f8e78b3c700 15 authenticated_encrypt_update plaintext.length()=80 buffer.length()=80 ,
2021-12-16T15:24:09.878+0000 7f8e7933d700 10 --2- 172.21.15.93:0/3433264205 >> [v2:172.21.15.132:3300/0,v1:172.21.15.132:6789/0] conn(0x7f8e740a6c70 0x7f8e740a4db0 unknown :-1 s=CLOSED pgs=0 cs=0 l=1 rev1=1 crypto rx=0 tx=0 comp rx=0 tx=0)._fault connection is already closed
2021-12-17T01:25:25.233 WARNING:scrape:Ignoring malparsed backtrace:
2021-12-16T15:24:09.878+0000 7f8e78b3c700 20 -- 172.21.15.93:0/3433264205 >> [v2:172.21.15.93:3300/0,v1:172.21.15.93:6789/0] conn(0x7f8e74136e30 msgr2=0x7f8e7412d100 secure :-1 s=STATE_CONNECTION_ESTABLISHED l=1).read start len=16 ,
2021-12-16T15:24:09.878+0000 7f8e78b3c700 20 --2- 172.21.15.93:0/3433264205 >> [v2:172.21.15.93:3300/0,v1:172.21.15.93:6789/0] conn(0x7f8e74136e30 0x7f8e7412d100 secure :-1 s=THROTTLE_DONE pgs=779 cs=0 l=1 rev1=1 crypto rx=0x7f8e6800b170 tx=0x7f8e68014000 comp rx=0 tx=0).handle_read_frame_segment r=0 ,
2021-12-16T15:24:09.878+0000 7f8e617fa700 10 -- 172.21.15.93:0/3433264205 dispatch_throttle_release 413 to dispatch throttler 417/104857600
2021-12-17T01:25:25.233 WARNING:scrape:Ignoring malparsed backtrace:
2021-12-16T15:24:09.881+0000 7f8e78b3c700 10 --2- 172.21.15.93:0/3433264205 >> [v2:172.21.15.93:3300/0,v1:172.21.15.93:6789/0] conn(0x7f8e74136e30 0x7f8e7412d100 secure :-1 s=THROTTLE_DONE pgs=779 cs=0 l=1 rev1=1 crypto rx=0x7f8e6800b170 tx=0x7f8e68014000 comp rx=0 tx=0).handle_read_frame_dispatch tag=17 ,
2021-12-16T15:24:09.881+0000 7f8e78b3c700 20 --2- 172.21.15.93:0/3433264205 >> [v2:172.21.15.93:3300/0,v1:172.21.15.93:6789/0] conn(0x7f8e74136e30 0x7f8e7412d100 secure :-1 s=THROTTLE_DONE pgs=779 cs=0 l=1 rev1=1 crypto rx=0x7f8e6800b170 tx=0x7f8e68014000 comp rx=0 tx=0).handle_message ,
2021-12-16T15:24:09.881+0000 7f8e78b3c700 5 --2- 172.21.15.93:0/3433264205 >> [v2:172.21.15.93:3300/0,v1:172.21.15.93:6789/0] conn(0x7f8e74136e30 0x7f8e7412d100 secure :-1 s=THROTTLE_DONE pgs=779 cs=0 l=1 rev1=1 crypto rx=0x7f8e6800b170 tx=0x7f8e68014000 comp rx=0 tx=0).handle_message got 4126 + 0 + 0 byte message. envelope type=41 src mon.0 off 0
2021-12-17T01:25:25.234 WARNING:scrape:Ignoring malparsed backtrace:
2021-12-16T15:24:09.882+0000 7f8e7933d700 15 authenticated_encrypt_update plaintext.length()=80 buffer.length()=80 ,
2021-12-16T15:24:09.882+0000 7f8e7933d700 15 authenticated_encrypt_final buffer.length()=96 final_len=0 ,
2021-12-16T15:24:09.882+0000 7f8e7933d700 10 -- 172.21.15.93:0/3433264205 >> v2:172.21.15.132:6800/32819 conn(0x7f8e54061ba0 msgr2=0x7f8e540640b0 secure :-1 s=STATE_CONNECTION_ESTABLISHED l=1)._try_send sent bytes 96 remaining bytes 0
2021-12-17T01:25:25.235 WARNING:scrape:Ignoring malparsed backtrace:
2021-12-16T15:24:10.053+0000 7f8e7b5a1700 20 Event(0x7f8e74060910 nevent=5000 time_id=6).wakeup ,
2021-12-16T15:24:10.053+0000 7f8e7b5a1700 10 --2- 172.21.15.93:0/3433264205 >> v2:172.21.15.132:6800/32819 conn(0x7f8e54061ba0 0x7f8e540640b0 secure :-1 s=READY pgs=324 cs=0 l=1 rev1=1 crypto rx=0x7f8e7413d6c0 tx=0x7f8e6402b040 comp rx=0 tx=0).discard_out_queue started ,
2021-12-16T15:24:10.053+0000 7f8e7b5a1700 1 -- 172.21.15.93:0/3433264205 >> [v2:172.21.15.93:3300/0,v1:172.21.15.93:6789/0] conn(0x7f8e74136e30 msgr2=0x7f8e7412d100 secure :-1 s=STATE_CONNECTION_ESTABLISHED l=1).mark_down
2021-12-17T01:25:25.235 WARNING:scrape:Ignoring malparsed backtrace:
2021-12-16T15:24:10.507+0000 7f8b8ffff700 20 -- >> v1:172.21.15.93:6789/0 conn(0x7f8b90137150 legacy=0x7f8b9013d380 unknown :-1 s=STATE_CONNECTING l=0).process ,
2021-12-16T15:24:10.507+0000 7f8b95b0f700 1 -- --> v1:172.21.15.93:6789/0 -- auth(proto 0 30 bytes epoch 0) v1 -- 0x7f8b900a8bf0 con 0x7f8b90137150 ,
2021-12-16T15:24:10.507+0000 7f8b95b0f700 15 --1- >> v1:172.21.15.93:6789/0 conn(0x7f8b90137150 0x7f8b9013d380 :-1 s=START_CONNECT pgs=0 cs=0 l=0).send_message inline write is denied, reschedule m=0x7f8b900a8bf0
2021-12-17T01:25:25.236 WARNING:scrape:Ignoring malparsed backtrace:
2021-12-16T15:24:10.507+0000 7f8b8ffff700 10 -- 172.21.15.93:0/41370352 >> v1:172.21.15.93:6789/0 conn(0x7f8b90137150 legacy=0x7f8b9013d380 unknown :-1 s=STATE_CONNECTING l=0).handle_write ,
2021-12-16T15:24:10.507+0000 7f8b8f7fe700 20 --2- 172.21.15.93:0/41370352 >> [v2:172.21.15.93:3301/0,v1:172.21.15.93:6790/0] conn(0x7f8b900a9330 0x7f8b900aa240 unknown :-1 s=HELLO_CONNECTING pgs=0 cs=0 l=0 rev1=1 crypto rx=0 tx=0 comp rx=0 tx=0).post_client_banner_exchange ,
