2021-12-16T15:24:08.744+0000 7fc5dbfff700 20 -- 172.21.15.93:0/3628035534 >> v1:172.21.15.132:6789/0 conn(0x7fc5dc064640 legacy=0x7fc5dc06a640 unknown :-1 s=STATE_CONNECTION_ESTABLISHED l=1).read continue len=1 ,
2021-12-16T15:24:08.744+0000 7fc5e0fef700 10 -- 172.21.15.93:0/3628035534 >> v1:172.21.15.93:6789/0 conn(0x7fc5dc135f90 legacy=0x7fc5dc1402e0 unknown :-1 s=STATE_CONNECTION_ESTABLISHED l=1)._try_send sent bytes 144 remaining bytes 0
2021-12-17T01:25:25.651 WARNING:scrape:Ignoring malparsed backtrace:
2021-12-16T15:24:08.745+0000 7fc5db7fe700 20 --1- 172.21.15.93:0/3628035534 >> v1:172.21.15.93:6789/0 conn(0x7fc5dc135f90 0x7fc5dc1402e0 :-1 s=OPENED pgs=775 cs=1 l=1).stop ,
2021-12-16T15:24:08.745+0000 7fc5db7fe700 2 --1- 172.21.15.93:0/3628035534 >> v1:172.21.15.93:6789/0 conn(0x7fc5dc135f90 0x7fc5dc1402e0 :-1 s=OPENED pgs=775 cs=1 l=1).stop ,
2021-12-16T15:24:08.745+0000 7fc5db7fe700 5 --1- 172.21.15.93:0/3628035534 >> v1:172.21.15.93:6789/0 conn(0x7fc5dc135f90 0x7fc5dc1402e0 :-1 s=OPENED pgs=775 cs=1 l=1).reset_recv_state
2021-12-17T01:25:25.652 WARNING:scrape:Ignoring malparsed backtrace:
2021-12-16T15:24:08.745+0000 7fc5db7fe700 20 --2- 172.21.15.93:0/3628035534 >> [v2:172.21.15.93:3300/0,v1:172.21.15.93:6789/0] conn(0x7fc5dc065340 0x7fc5dc065750 secure :-1 s=THROTTLE_MESSAGE pgs=776 cs=0 l=1 rev1=1 crypto rx=0x7fc5cc02d670 tx=0x7fc5cc006e20 comp rx=0 tx=0).throttle_message ,
2021-12-16T15:24:08.745+0000 7fc5db7fe700 20 --2- 172.21.15.93:0/3628035534 >> [v2:172.21.15.93:3300/0,v1:172.21.15.93:6789/0] conn(0x7fc5dc065340 0x7fc5dc065750 secure :-1 s=THROTTLE_BYTES pgs=776 cs=0 l=1 rev1=1 crypto rx=0x7fc5cc02d670 tx=0x7fc5cc006e20 comp rx=0 tx=0).throttle_bytes ,
2021-12-16T15:24:08.745+0000 7fc5db7fe700 20 --2- 172.21.15.93:0/3628035534 >> [v2:172.21.15.93:3300/0,v1:172.21.15.93:6789/0] conn(0x7fc5dc065340 0x7fc5dc065750 secure :-1 s=THROTTLE_DISPATCH_QUEUE pgs=776 cs=0 l=1 rev1=1 crypto rx=0x7fc5cc02d670 tx=0x7fc5cc006e20 comp rx=0 tx=0).throttle_dispatch_queue
2021-12-17T01:25:25.653 WARNING:scrape:Ignoring malparsed backtrace:
2021-12-16T15:24:08.748+0000 7fc5e2a52700 1 --2- >> [v2:172.21.15.93:3300/0,v1:172.21.15.93:6789/0] conn(0x7fc5dc065340 0x7fc5dc07cb80 unknown :-1 s=NONE pgs=0 cs=0 l=1 rev1=0 crypto rx=0 tx=0 comp rx=0 tx=0).connect ,
2021-12-16T15:24:08.748+0000 7fc5e2a52700 20 Event(0x7fc5dc066ff0 nevent=5000 time_id=3).wakeup ,
2021-12-16T15:24:08.748+0000 7fc5e2a52700 10 -- create_connect 0x7fc5dc065340 [v2:172.21.15.93:3300/0,v1:172.21.15.93:6789/0] [v2:172.21.15.93:3300/0,v1:172.21.15.93:6789/0]
2021-12-17T01:25:25.653 WARNING:scrape:Ignoring malparsed backtrace:
2021-12-16T15:24:08.748+0000 7fc5dbfff700 20 -- 172.21.15.93:0/1246996819 >> [v2:172.21.15.93:3301/0,v1:172.21.15.93:6790/0] conn(0x7fc5dc064640 msgr2=0x7fc5dc07d7a0 unknown :-1 s=STATE_CONNECTION_ESTABLISHED l=1).read start len=32 ,
2021-12-16T15:24:08.748+0000 7fc5e0fef700 10 --2- 172.21.15.93:0/1246996819 >> [v2:172.21.15.132:3300/0,v1:172.21.15.132:6789/0] conn(0x7fc5dc135f90 0x7fc5dc0a55e0 unknown :-1 s=HELLO_CONNECTING pgs=0 cs=0 l=1 rev1=1 crypto rx=0 tx=0 comp rx=0 tx=0).handle_read_frame_dispatch tag=1 ,
2021-12-16T15:24:08.748+0000 7fc5dbfff700 20 --2- 172.21.15.93:0/1246996819 >> [v2:172.21.15.93:3301/0,v1:172.21.15.93:6790/0] conn(0x7fc5dc064640 0x7fc5dc07d7a0 unknown :-1 s=HELLO_CONNECTING pgs=0 cs=0 l=1 rev1=1 crypto rx=0 tx=0 comp rx=0 tx=0).handle_read_frame_preamble_main r=0
2021-12-17T01:25:25.654 WARNING:scrape:Ignoring malparsed backtrace:
2021-12-16T15:24:08.749+0000 7fc5db7fe700 20 --2- 172.21.15.93:0/1246996819 >> [v2:172.21.15.93:3300/0,v1:172.21.15.93:6789/0] conn(0x7fc5dc065340 0x7fc5dc07cb80 secure :-1 s=AUTH_CONNECTING_SIGN pgs=0 cs=0 l=1 rev1=1 crypto rx=0x7fc5cc02d180 tx=0x7fc5cc037000 comp rx=0 tx=0).read_frame ,
2021-12-16T15:24:08.749+0000 7fc5db7fe700 20 -- 172.21.15.93:0/1246996819 >> [v2:172.21.15.93:3300/0,v1:172.21.15.93:6789/0] conn(0x7fc5dc065340 msgr2=0x7fc5dc07cb80 secure :-1 s=STATE_CONNECTION_ESTABLISHED l=1).read start len=96 ,
2021-12-16T15:24:08.749+0000 7fc5db7fe700 20 --2- 172.21.15.93:0/1246996819 >> [v2:172.21.15.93:3300/0,v1:172.21.15.93:6789/0] conn(0x7fc5dc065340 0x7fc5dc07cb80 secure :-1 s=AUTH_CONNECTING_SIGN pgs=0 cs=0 l=1 rev1=1 crypto rx=0x7fc5cc02d180 tx=0x7fc5cc037000 comp rx=0 tx=0).handle_read_frame_preamble_main r=0
2021-12-17T01:25:25.655 WARNING:scrape:Ignoring malparsed backtrace:
2021-12-16T15:24:08.749+0000 7fc5bffff700 1 -- 172.21.15.93:0/1246996819 <== mon.0 v2:172.21.15.93:3300/0 2 ==== config(0 keys) v1 ==== 4+0+0 (secure 0 0 0) 0x7fc5cc02f850 con 0x7fc5dc065340 ,
2021-12-16T15:24:08.749+0000 7fc5db7fe700 20 --2- 172.21.15.93:0/1246996819 >> [v2:172.21.15.93:3300/0,v1:172.21.15.93:6789/0] conn(0x7fc5dc065340 0x7fc5dc07cb80 secure :-1 s=READY pgs=777 cs=0 l=1 rev1=1 crypto rx=0x7fc5cc02d180 tx=0x7fc5cc037000 comp rx=0 tx=0).handle_read_frame_preamble_main r=0 ,
2021-12-16T15:24:08.749+0000 7fc5db7fe700 20 --2- 172.21.15.93:0/1246996819 >> [v2:172.21.15.93:3300/0,v1:172.21.15.93:6789/0] conn(0x7fc5dc065340 0x7fc5dc07cb80 secure :-1 s=THROTTLE_MESSAGE pgs=777 cs=0 l=1 rev1=1 crypto rx=0x7fc5cc02d180 tx=0x7fc5cc037000 comp rx=0 tx=0).throttle_message
2021-12-17T01:25:25.656 WARNING:scrape:Ignoring malparsed backtrace:
2021-12-16T15:24:08.751+0000 7fc5db7fe700 15 authenticated_encrypt_update plaintext.length()=80 buffer.length()=80 ,
2021-12-16T15:24:08.751+0000 7fc5db7fe700 15 authenticated_encrypt_update plaintext.length()=16 buffer.length()=96 ,
2021-12-16T15:24:08.751+0000 7fc5db7fe700 15 authenticated_encrypt_final buffer.length()=112 final_len=0
2021-12-17T01:25:25.656 WARNING:scrape:Ignoring malparsed backtrace:
2021-12-16T15:24:08.752+0000 7fc5dbfff700 15 authenticated_encrypt_update plaintext.length()=80 buffer.length()=80 ,
2021-12-16T15:24:08.752+0000 7fc5dbfff700 15 authenticated_encrypt_final buffer.length()=96 final_len=0 ,
2021-12-16T15:24:08.752+0000 7fc5dbfff700 15 authenticated_encrypt_update plaintext.length()=80 buffer.length()=80
2021-12-17T01:25:25.657 WARNING:scrape:Ignoring malparsed backtrace:
2021-12-16T15:24:08.940+0000 7fc5db7fe700 5 --2- 172.21.15.93:0/1246996819 >> [v2:172.21.15.93:3300/0,v1:172.21.15.93:6789/0] conn(0x7fc5dc065340 0x7fc5dc07cb80 unknown :-1 s=CLOSED pgs=777 cs=0 l=1 rev1=1 crypto rx=0 tx=0 comp rx=0 tx=0).reset_compression ,
2021-12-16T15:24:08.940+0000 7fc5db7fe700 20 EpollDriver.del_event del event fd=17 cur_mask=1 delmask=3 to 10 ,
2021-12-16T15:24:08.940+0000 7fc5e2a52700 10 -- 172.21.15.93:0/1246996819 shutdown 172.21.15.93:0/1246996819
2021-12-17T01:25:25.657 WARNING:scrape:Ignoring malparsed backtrace:
2021-12-16T15:24:09.315+0000 7fb492ffd700 20 EpollDriver.add_event add event fd=13 cur_mask=1 add_mask=2 to 7 ,
2021-12-16T15:24:09.315+0000 7fb4999e4700 15 --1- >> v1:172.21.15.132:6789/0 conn(0x7fb49406a870 0x7fb49406ac80 :-1 s=START_CONNECT pgs=0 cs=0 l=0).send_message inline write is denied, reschedule m=0x7fb4940a8a40 ,
2021-12-16T15:24:09.315+0000 7fb4927fc700 10 -- >> v1:172.21.15.132:6789/0 conn(0x7fb49406a870 legacy=0x7fb49406ac80 unknown :-1 s=STATE_CONNECTING_RE l=0).process nonblock connect inprogress
2021-12-17T01:25:25.658 WARNING:scrape:Ignoring malparsed backtrace:
2021-12-16T15:24:09.316+0000 7fb4937fe700 20 -- 172.21.15.93:0/1005165599 >> [v2:172.21.15.93:3301/0,v1:172.21.15.93:6790/0] conn(0x7fb494134e10 msgr2=0x7fb494135220 unknown :-1 s=STATE_CONNECTION_ESTABLISHED l=0).read start len=32 ,
2021-12-16T15:24:09.316+0000 7fb492ffd700 10 -- 172.21.15.93:0/1005165599 >> v2:172.21.15.132:3300/0 conn(0x7fb494064350 msgr2=0x7fb4940a8210 unknown :-1 s=STATE_CONNECTION_ESTABLISHED l=0)._try_send sent bytes 78 remaining bytes 0 ,
2021-12-16T15:24:09.316+0000 7fb492ffd700 20 --2- 172.21.15.93:0/1005165599 >> v2:172.21.15.132:3300/0 conn(0x7fb494064350 0x7fb4940a8210 unknown :-1 s=AUTH_CONNECTING pgs=0 cs=0 l=0 rev1=1 crypto rx=0 tx=0 comp rx=0 tx=0).read_frame
2021-12-17T01:25:25.659 WARNING:scrape:Ignoring malparsed backtrace:
2021-12-16T15:24:09.316+0000 7fb4927fc700 20 --1- 172.21.15.93:0/1005165599 >> v1:172.21.15.132:6789/0 conn(0x7fb49406a870 0x7fb49406ac80 :-1 s=READ_MESSAGE_FRONT pgs=510 cs=1 l=1).handle_message_front got front 33 ,
2021-12-16T15:24:09.316+0000 7fb4927fc700 20 --1- 172.21.15.93:0/1005165599 >> v1:172.21.15.132:6789/0 conn(0x7fb49406a870 0x7fb49406ac80 :-1 s=READ_MESSAGE_FRONT pgs=510 cs=1 l=1).read_message_middle ,
2021-12-16T15:24:09.316+0000 7fb4927fc700 20 --1- 172.21.15.93:0/1005165599 >> v1:172.21.15.132:6789/0 conn(0x7fb49406a870 0x7fb49406ac80 :-1 s=READ_MESSAGE_FRONT pgs=510 cs=1 l=1).read_message_data_prepare
2021-12-17T01:25:25.660 WARNING:scrape:Ignoring malparsed backtrace:
2021-12-16T15:24:09.317+0000 7fb492ffd700 20 --2- 172.21.15.93:0/1005165599 >> [v2:172.21.15.132:3300/0,v1:172.21.15.132:6789/0] conn(0x7fb494064350 0x7fb4940a8210 secure :-1 s=READY pgs=511 cs=0 l=1 rev1=1 crypto rx=0x7fb488009500 tx=0x7fb488004cc0 comp rx=0 tx=0).write_message sending m=0x7fb4941358d0 seq=2 src=client.? off=0 ,
2021-12-16T15:24:09.317+0000 7fb492ffd700 10 -- 172.21.15.93:0/1005165599 >> [v2:172.21.15.132:3300/0,v1:172.21.15.132:6789/0] conn(0x7fb494064350 msgr2=0x7fb4940a8210 secure :-1 s=STATE_CONNECTION_ESTABLISHED l=1)._try_send sent bytes 192 remaining bytes 0 ,
2021-12-16T15:24:09.317+0000 7fb492ffd700 10 --2- 172.21.15.93:0/1005165599 >> [v2:172.21.15.132:3300/0,v1:172.21.15.132:6789/0] conn(0x7fb494064350 0x7fb4940a8210 secure :-1 s=READY pgs=511 cs=0 l=1 rev1=1 crypto rx=0x7fb488009500 tx=0x7fb488004cc0 comp rx=0 tx=0).write_message sending 0x7fb4941358d0 done.
2021-12-17T01:25:25.660 WARNING:scrape:Ignoring malparsed backtrace:
2021-12-16T15:24:09.318+0000 7fb4999e4700 5 -- 172.21.15.93:0/1005165599 shutdown_connections delete 0x7fb494064e30 ,
2021-12-16T15:24:09.318+0000 7fb4999e4700 20 Event(0x7fb4940ae1a0 nevent=5000 time_id=2).wakeup ,
2021-12-16T15:24:09.318+0000 7fb4999e4700 20 Event(0x7fb494060910 nevent=5000 time_id=3).wakeup
2021-12-17T01:25:25.661 WARNING:scrape:Ignoring malparsed backtrace:
2021-12-16T15:24:09.320+0000 7fb4937fe700 20 --2- >> [v2:172.21.15.93:3301/0,v1:172.21.15.93:6790/0] conn(0x7fb494134e10 0x7fb49412d7c0 unknown :-1 s=HELLO_CONNECTING pgs=0 cs=0 l=1 rev1=1 crypto rx=0 tx=0 comp rx=0 tx=0).handle_read_frame_preamble_main r=0 ,
2021-12-16T15:24:09.320+0000 7fb492ffd700 10 -- >> [v2:172.21.15.132:3300/0,v1:172.21.15.132:6789/0] conn(0x7fb494064350 msgr2=0x7fb4940a5fb0 unknown :-1 s=STATE_CONNECTION_ESTABLISHED l=1)._try_send sent bytes 72 remaining bytes 0 ,
2021-12-16T15:24:09.320+0000 7fb4927fc700 10 -- >> [v2:172.21.15.93:3300/0,v1:172.21.15.93:6789/0] conn(0x7fb49406a870 msgr2=0x7fb49412d280 unknown :-1 s=STATE_CONNECTION_ESTABLISHED l=1)._try_send sent bytes 72 remaining bytes 0
2021-12-17T01:25:25.662 WARNING:scrape:Ignoring malparsed backtrace:
2021-12-16T15:24:09.321+0000 7fb492ffd700 1 --2- 172.21.15.93:0/1676213918 >> [v2:172.21.15.93:3300/0,v1:172.21.15.93:6789/0] conn(0x7fb49406a870 0x7fb49412d280 unknown :-1 s=AUTH_CONNECTING pgs=0 cs=0 l=1 rev1=1 crypto rx=0 tx=0 comp rx=0 tx=0).stop ,
2021-12-16T15:24:09.321+0000 7fb492ffd700 5 --2- 172.21.15.93:0/1676213918 >> [v2:172.21.15.93:3300/0,v1:172.21.15.93:6789/0] conn(0x7fb49406a870 0x7fb49412d280 unknown :-1 s=AUTH_CONNECTING pgs=0 cs=0 l=1 rev1=1 crypto rx=0 tx=0 comp rx=0 tx=0).reset_recv_state ,
2021-12-16T15:24:09.321+0000 7fb492ffd700 20 Event(0x7fb494066ff0 nevent=5000 time_id=4).wakeup
2021-12-17T01:25:25.663 WARNING:scrape:Ignoring malparsed backtrace:
2021-12-16T15:24:09.321+0000 7fb492ffd700 20 -- 172.21.15.93:0/1676213918 >> [v2:172.21.15.132:3300/0,v1:172.21.15.132:6789/0] conn(0x7fb494064350 msgr2=0x7fb4940a5fb0 secure :-1 s=STATE_CONNECTION_ESTABLISHED l=1).read start len=96 ,
2021-12-16T15:24:09.321+0000 7fb492ffd700 20 --2- 172.21.15.93:0/1676213918 >> [v2:172.21.15.132:3300/0,v1:172.21.15.132:6789/0] conn(0x7fb494064350 0x7fb4940a5fb0 secure :-1 s=READY pgs=512 cs=0 l=1 rev1=1 crypto rx=0x7fb488024000 tx=0x7fb488025000 comp rx=0 tx=0).handle_read_frame_preamble_main r=0 ,
2021-12-16T15:24:09.321+0000 7fb492ffd700 20 --2- 172.21.15.93:0/1676213918 >> [v2:172.21.15.132:3300/0,v1:172.21.15.132:6789/0] conn(0x7fb494064350 0x7fb4940a5fb0 secure :-1 s=THROTTLE_MESSAGE pgs=512 cs=0 l=1 rev1=1 crypto rx=0x7fb488024000 tx=0x7fb488025000 comp rx=0 tx=0).throttle_message
2021-12-17T01:25:25.663 WARNING:scrape:Ignoring malparsed backtrace:
2021-12-16T15:24:09.323+0000 7fb492ffd700 20 --2- 172.21.15.93:0/1676213918 >> [v2:172.21.15.132:3300/0,v1:172.21.15.132:6789/0] conn(0x7fb494064350 0x7fb4940a5fb0 secure :-1 s=THROTTLE_BYTES pgs=512 cs=0 l=1 rev1=1 crypto rx=0x7fb488024000 tx=0x7fb488025000 comp rx=0 tx=0).throttle_bytes ,
2021-12-16T15:24:09.323+0000 7fb492ffd700 20 --2- 172.21.15.93:0/1676213918 >> [v2:172.21.15.132:3300/0,v1:172.21.15.132:6789/0] conn(0x7fb494064350 0x7fb4940a5fb0 secure :-1 s=THROTTLE_DISPATCH_QUEUE pgs=512 cs=0 l=1 rev1=1 crypto rx=0x7fb488024000 tx=0x7fb488025000 comp rx=0 tx=0).throttle_dispatch_queue ,
2021-12-16T15:24:09.323+0000 7fb492ffd700 20 --2- 172.21.15.93:0/1676213918 >> [v2:172.21.15.132:3300/0,v1:172.21.15.132:6789/0] conn(0x7fb494064350 0x7fb4940a5fb0 secure :-1 s=THROTTLE_DONE pgs=512 cs=0 l=1 rev1=1 crypto rx=0x7fb488024000 tx=0x7fb488025000 comp rx=0 tx=0).read_frame_segment seg_idx=0
2021-12-17T01:25:25.664 WARNING:scrape:Ignoring malparsed backtrace:
2021-12-16T15:24:09.324+0000 7fb4927fc700 20 --2- 172.21.15.93:0/1676213918 >> v2:172.21.15.132:6800/32819 conn(0x7fb474061b90 0x7fb4740640a0 secure :-1 s=AUTH_CONNECTING_SIGN pgs=0 cs=0 l=1 rev1=1 crypto rx=0x7fb49406b4d0 tx=0x7fb47c02b040 comp rx=0 tx=0).read_frame ,
2021-12-16T15:24:09.324+0000 7fb4927fc700 20 -- 172.21.15.93:0/1676213918 >> v2:172.21.15.132:6800/32819 conn(0x7fb474061b90 msgr2=0x7fb4740640a0 secure :-1 s=STATE_CONNECTION_ESTABLISHED l=1).read start len=96 ,
2021-12-16T15:24:09.324+0000 7fb4927fc700 20 --2- 172.21.15.93:0/1676213918 >> v2:172.21.15.132:6800/32819 conn(0x7fb474061b90 0x7fb4740640a0 secure :-1 s=AUTH_CONNECTING_SIGN pgs=0 cs=0 l=1 rev1=1 crypto rx=0x7fb49406b4d0 tx=0x7fb47c02b040 comp rx=0 tx=0).handle_read_frame_preamble_main r=0
2021-12-17T01:25:25.664 WARNING:scrape:Ignoring malparsed backtrace:
2021-12-16T15:24:09.487+0000 7fb4927fc700 20 --2- 172.21.15.93:0/1676213918 >> v2:172.21.15.132:6800/32819 conn(0x7fb474061b90 0x7fb4740640a0 secure :-1 s=THROTTLE_DONE pgs=323 cs=0 l=1 rev1=1 crypto rx=0x7fb49406b4d0 tx=0x7fb47c02b040 comp rx=0 tx=0).handle_message ,
2021-12-16T15:24:09.487+0000 7fb4927fc700 5 --2- 172.21.15.93:0/1676213918 >> v2:172.21.15.132:6800/32819 conn(0x7fb474061b90 0x7fb4740640a0 secure :-1 s=THROTTLE_DONE pgs=323 cs=0 l=1 rev1=1 crypto rx=0x7fb49406b4d0 tx=0x7fb47c02b040 comp rx=0 tx=0).handle_message got 49 + 0 + 0 byte message. envelope type=1802 src mgr.4102 off 0 ,
2021-12-16T15:24:09.487+0000 7fb4927fc700 5 --2- 172.21.15.93:0/1676213918 >> v2:172.21.15.132:6800/32819 conn(0x7fb474061b90 0x7fb4740640a0 secure :-1 s=READ_MESSAGE_COMPLETE pgs=323 cs=0 l=1 rev1=1 crypto rx=0x7fb49406b4d0 tx=0x7fb47c02b040 comp rx=0 tx=0).handle_message received message m=0x7fb4941352f0 seq=1 from=mgr.4102 type=1802 mgr_command_reply(tid 0: 0 instructing pg 2.5 on osd.4 to deep-scrub) v1
2021-12-17T01:25:25.665 WARNING:scrape:Ignoring malparsed backtrace:
2021-12-16T15:24:09.872+0000 7f8e7b5a1700 1 --2- >> [v2:172.21.15.93:3301/0,v1:172.21.15.93:6790/0] conn(0x7f8e7413d8f0 0x7f8e7413dd00 unknown :-1 s=NONE pgs=0 cs=0 l=0 rev1=0 crypto rx=0 tx=0 comp rx=0 tx=0).connect ,
2021-12-16T15:24:09.872+0000 7f8e7b5a1700 20 Event(0x7f8e74066ff0 nevent=5000 time_id=1).wakeup ,
2021-12-16T15:24:09.872+0000 7f8e7b5a1700 10 -- create_connect 0x7f8e7413d8f0 [v2:172.21.15.93:3301/0,v1:172.21.15.93:6790/0] [v2:172.21.15.93:3301/0,v1:172.21.15.93:6790/0]
2021-12-17T01:25:25.666 WARNING:scrape:Ignoring malparsed backtrace:
2021-12-16T15:24:09.872+0000 7f8e79b3e700 20 -- 172.21.15.93:0/683736451 >> v1:172.21.15.132:6789/0 conn(0x7f8e74136e30 legacy=0x7f8e74137240 unknown :-1 s=STATE_CONNECTION_ESTABLISHED l=0).read continue len=281 ,
2021-12-16T15:24:09.872+0000 7f8e78b3c700 10 -- 172.21.15.93:0/683736451 >> [v2:172.21.15.93:3301/0,v1:172.21.15.93:6790/0] conn(0x7f8e7413d8f0 msgr2=0x7f8e7413dd00 unknown :-1 s=STATE_CONNECTION_ESTABLISHED l=0)._try_send sent bytes 72 remaining bytes 0 ,
2021-12-16T15:24:09.872+0000 7f8e79b3e700 20 --1- 172.21.15.93:0/683736451 >> v1:172.21.15.132:6789/0 conn(0x7f8e74136e30 0x7f8e74137240 :-1 s=CONNECTING_WAIT_BANNER_AND_IDENTIFY pgs=0 cs=0 l=0).handle_server_banner_and_identify r=0
2021-12-17T01:25:25.666 WARNING:scrape:Ignoring malparsed backtrace:
2021-12-16T15:24:09.873+0000 7f8e78b3c700 5 --2- 172.21.15.93:0/683736451 >> [v2:172.21.15.93:3301/0,v1:172.21.15.93:6790/0] conn(0x7f8e7413d8f0 0x7f8e7413dd00 unknown :-1 s=AUTH_CONNECTING pgs=0 cs=0 l=0 rev1=1 crypto rx=0 tx=0 comp rx=0 tx=0).handle_auth_reply_more auth reply more len=9 ,
2021-12-16T15:24:09.873+0000 7f8e79b3e700 20 --1- 172.21.15.93:0/683736451 >> v1:172.21.15.132:6789/0 conn(0x7f8e74136e30 0x7f8e74137240 :-1 s=OPENED pgs=513 cs=1 l=1).handle_message r=0 ,
2021-12-16T15:24:09.873+0000 7f8e79b3e700 20 --1- 172.21.15.93:0/683736451 >> v1:172.21.15.132:6789/0 conn(0x7f8e74136e30 0x7f8e74137240 :-1 s=OPENED pgs=513 cs=1 l=1).handle_message process tag 15
2021-12-17T01:25:25.667 WARNING:scrape:Ignoring malparsed backtrace:
2021-12-16T15:24:09.873+0000 7f8e79b3e700 20 EpollDriver.del_event del event fd=15 cur_mask=1 delmask=3 to 4 ,
2021-12-16T15:24:09.873+0000 7f8e78b3c700 10 --1- 172.21.15.93:0/683736451 >> v1:172.21.15.93:6789/0 conn(0x7f8e740a6c70 0x7f8e740a7da0 :-1 s=OPENED pgs=778 cs=1 l=1).discard_out_queue started ,
2021-12-16T15:24:09.873+0000 7f8e78b3c700 20 Event(0x7f8e74060910 nevent=5000 time_id=3).wakeup
2021-12-17T01:25:25.668 WARNING:scrape:Ignoring malparsed backtrace:
2021-12-16T15:24:09.874+0000 7f8e63fff700 10 -- 172.21.15.93:0/683736451 dispatch_throttle_release 413 to dispatch throttler 417/104857600 ,
2021-12-16T15:24:09.874+0000 7f8e63fff700 20 -- 172.21.15.93:0/683736451 done calling dispatch on 0x7f8e68003500 ,
2021-12-16T15:24:09.874+0000 7f8e78b3c700 20 --2- 172.21.15.93:0/683736451 >> [v2:172.21.15.93:3301/0,v1:172.21.15.93:6790/0] conn(0x7f8e7413d8f0 0x7f8e7413dd00 secure :-1 s=THROTTLE_DONE pgs=439 cs=0 l=1 rev1=1 crypto rx=0x7f8e6800b690 tx=0x7f8e68006e20 comp rx=0 tx=0).read_frame_segment seg_idx=1
2021-12-17T01:25:25.668 WARNING:scrape:Ignoring malparsed backtrace:
2021-12-16T15:24:09.877+0000 7f8e7b5a1700 10 -- connect_to [v2:172.21.15.93:3300/0,v1:172.21.15.93:6789/0] new 0x7f8e74136e30 ,
2021-12-16T15:24:09.877+0000 7f8e7933d700 20 Event(0x7f8e74060910 nevent=5000 time_id=4).create_file_event create event started fd=16 mask=1 original mask is 0 ,
2021-12-16T15:24:09.877+0000 7f8e78b3c700 20 -- >> [v2:172.21.15.93:3300/0,v1:172.21.15.93:6789/0] conn(0x7f8e74136e30 msgr2=0x7f8e7412d100 unknown :-1 s=STATE_CONNECTING l=1).process
2021-12-17T01:25:25.669 WARNING:scrape:Ignoring malparsed backtrace:
2021-12-16T15:24:09.877+0000 7f8e78b3c700 20 -- 172.21.15.93:0/3433264205 >> [v2:172.21.15.93:3300/0,v1:172.21.15.93:6789/0] conn(0x7f8e74136e30 msgr2=0x7f8e7412d100 unknown :-1 s=STATE_CONNECTION_ESTABLISHED l=1).process ,
2021-12-16T15:24:09.877+0000 7f8e79b3e700 5 --2- 172.21.15.93:0/3433264205 >> [v2:172.21.15.93:3301/0,v1:172.21.15.93:6790/0] conn(0x7f8e7413d8f0 0x7f8e740a37c0 unknown :-1 s=HELLO_CONNECTING pgs=0 cs=0 l=1 rev1=1 crypto rx=0 tx=0 comp rx=0 tx=0).handle_hello received hello: peer_type=1 peer_addr_for_me=v2:172.21.15.93:41108/0 ,
2021-12-16T15:24:09.877+0000 7f8e78b3c700 20 -- 172.21.15.93:0/3433264205 >> [v2:172.21.15.93:3300/0,v1:172.21.15.93:6789/0] conn(0x7f8e74136e30 msgr2=0x7f8e7412d100 unknown :-1 s=STATE_CONNECTION_ESTABLISHED l=1).read continue len=32
2021-12-17T01:25:25.670 WARNING:scrape:Ignoring malparsed backtrace:
2021-12-16T15:24:09.878+0000 7f8e79b3e700 10 --2- 172.21.15.93:0/3433264205 >> [v2:172.21.15.93:3301/0,v1:172.21.15.93:6790/0] conn(0x7f8e7413d8f0 0x7f8e740a37c0 unknown :-1 s=CLOSED pgs=0 cs=0 l=1 rev1=1 crypto rx=0 tx=0 comp rx=0 tx=0)._fault connection is already closed ,
2021-12-16T15:24:09.878+0000 7f8e78b3c700 15 authenticated_encrypt_update plaintext.length()=80 buffer.length()=80 ,
2021-12-16T15:24:09.878+0000 7f8e7933d700 10 --2- 172.21.15.93:0/3433264205 >> [v2:172.21.15.132:3300/0,v1:172.21.15.132:6789/0] conn(0x7f8e740a6c70 0x7f8e740a4db0 unknown :-1 s=CLOSED pgs=0 cs=0 l=1 rev1=1 crypto rx=0 tx=0 comp rx=0 tx=0)._fault connection is already closed
2021-12-17T01:25:25.671 WARNING:scrape:Ignoring malparsed backtrace:
2021-12-16T15:24:09.878+0000 7f8e78b3c700 20 -- 172.21.15.93:0/3433264205 >> [v2:172.21.15.93:3300/0,v1:172.21.15.93:6789/0] conn(0x7f8e74136e30 msgr2=0x7f8e7412d100 secure :-1 s=STATE_CONNECTION_ESTABLISHED l=1).read start len=16 ,
2021-12-16T15:24:09.878+0000 7f8e78b3c700 20 --2- 172.21.15.93:0/3433264205 >> [v2:172.21.15.93:3300/0,v1:172.21.15.93:6789/0] conn(0x7f8e74136e30 0x7f8e7412d100 secure :-1 s=THROTTLE_DONE pgs=779 cs=0 l=1 rev1=1 crypto rx=0x7f8e6800b170 tx=0x7f8e68014000 comp rx=0 tx=0).handle_read_frame_segment r=0 ,
2021-12-16T15:24:09.878+0000 7f8e617fa700 10 -- 172.21.15.93:0/3433264205 dispatch_throttle_release 413 to dispatch throttler 417/104857600
2021-12-17T01:25:25.671 WARNING:scrape:Ignoring malparsed backtrace:
2021-12-16T15:24:09.881+0000 7f8e78b3c700 10 --2- 172.21.15.93:0/3433264205 >> [v2:172.21.15.93:3300/0,v1:172.21.15.93:6789/0] conn(0x7f8e74136e30 0x7f8e7412d100 secure :-1 s=THROTTLE_DONE pgs=779 cs=0 l=1 rev1=1 crypto rx=0x7f8e6800b170 tx=0x7f8e68014000 comp rx=0 tx=0).handle_read_frame_dispatch tag=17 ,
2021-12-16T15:24:09.881+0000 7f8e78b3c700 20 --2- 172.21.15.93:0/3433264205 >> [v2:172.21.15.93:3300/0,v1:172.21.15.93:6789/0] conn(0x7f8e74136e30 0x7f8e7412d100 secure :-1 s=THROTTLE_DONE pgs=779 cs=0 l=1 rev1=1 crypto rx=0x7f8e6800b170 tx=0x7f8e68014000 comp rx=0 tx=0).handle_message ,
2021-12-16T15:24:09.881+0000 7f8e78b3c700 5 --2- 172.21.15.93:0/3433264205 >> [v2:172.21.15.93:3300/0,v1:172.21.15.93:6789/0] conn(0x7f8e74136e30 0x7f8e7412d100 secure :-1 s=THROTTLE_DONE pgs=779 cs=0 l=1 rev1=1 crypto rx=0x7f8e6800b170 tx=0x7f8e68014000 comp rx=0 tx=0).handle_message got 4126 + 0 + 0 byte message. envelope type=41 src mon.0 off 0
2021-12-17T01:25:25.672 WARNING:scrape:Ignoring malparsed backtrace:
2021-12-16T15:24:09.882+0000 7f8e7933d700 15 authenticated_encrypt_update plaintext.length()=80 buffer.length()=80 ,
2021-12-16T15:24:09.882+0000 7f8e7933d700 15 authenticated_encrypt_final buffer.length()=96 final_len=0 ,
2021-12-16T15:24:09.882+0000 7f8e7933d700 10 -- 172.21.15.93:0/3433264205 >> v2:172.21.15.132:6800/32819 conn(0x7f8e54061ba0 msgr2=0x7f8e540640b0 secure :-1 s=STATE_CONNECTION_ESTABLISHED l=1)._try_send sent bytes 96 remaining bytes 0
2021-12-17T01:25:25.673 WARNING:scrape:Ignoring malparsed backtrace:
2021-12-16T15:24:10.053+0000 7f8e7b5a1700 20 Event(0x7f8e74060910 nevent=5000 time_id=6).wakeup ,
2021-12-16T15:24:10.053+0000 7f8e7b5a1700 10 --2- 172.21.15.93:0/3433264205 >> v2:172.21.15.132:6800/32819 conn(0x7f8e54061ba0 0x7f8e540640b0 secure :-1 s=READY pgs=324 cs=0 l=1 rev1=1 crypto rx=0x7f8e7413d6c0 tx=0x7f8e6402b040 comp rx=0 tx=0).discard_out_queue started ,
2021-12-16T15:24:10.053+0000 7f8e7b5a1700 1 -- 172.21.15.93:0/3433264205 >> [v2:172.21.15.93:3300/0,v1:172.21.15.93:6789/0] conn(0x7f8e74136e30 msgr2=0x7f8e7412d100 secure :-1 s=STATE_CONNECTION_ESTABLISHED l=1).mark_down
2021-12-17T01:25:25.673 WARNING:scrape:Ignoring malparsed backtrace:
2021-12-16T15:24:10.507+0000 7f8b8ffff700 20 -- >> v1:172.21.15.93:6789/0 conn(0x7f8b90137150 legacy=0x7f8b9013d380 unknown :-1 s=STATE_CONNECTING l=0).process ,
2021-12-16T15:24:10.507+0000 7f8b95b0f700 1 -- --> v1:172.21.15.93:6789/0 -- auth(proto 0 30 bytes epoch 0) v1 -- 0x7f8b900a8bf0 con 0x7f8b90137150 ,
2021-12-16T15:24:10.507+0000 7f8b95b0f700 15 --1- >> v1:172.21.15.93:6789/0 conn(0x7f8b90137150 0x7f8b9013d380 :-1 s=START_CONNECT pgs=0 cs=0 l=0).send_message inline write is denied, reschedule m=0x7f8b900a8bf0
2021-12-17T01:25:25.674 WARNING:scrape:Ignoring malparsed backtrace:
2021-12-16T15:24:10.507+0000 7f8b8ffff700 10 -- 172.21.15.93:0/41370352 >> v1:172.21.15.93:6789/0 conn(0x7f8b90137150 legacy=0x7f8b9013d380 unknown :-1 s=STATE_CONNECTING l=0).handle_write ,
2021-12-16T15:24:10.507+0000 7f8b8f7fe700 20 --2- 172.21.15.93:0/41370352 >> [v2:172.21.15.93:3301/0,v1:172.21.15.93:6790/0] conn(0x7f8b900a9330 0x7f8b900aa240 unknown :-1 s=HELLO_CONNECTING pgs=0 cs=0 l=0 rev1=1 crypto rx=0 tx=0 comp rx=0 tx=0).post_client_banner_exchange ,
2021-12-16T15:24:10.507+0000 7f8b8effd700 20 --2- 172.21.15.93:0/41370352 >> v2:172.21.15.132:3300/0 conn(0x7f8b900a7e80 0x7f8b90139e20 unknown :-1 s=HELLO_CONNECTING pgs=0 cs=0 l=0 rev1=1 crypto rx=0 tx=0 comp rx=0 tx=0).handle_read_frame_segment r=0
2021-12-17T01:25:25.675 WARNING:scrape:Ignoring malparsed backtrace:
2021-12-16T15:24:10.508+0000 7f8b8f7fe700 20 --2- 172.21.15.93:0/41370352 >> [v2:172.21.15.93:3301/0,v1:172.21.15.93:6790/0] conn(0x7f8b900a9330 0x7f8b900aa240 secure :-1 s=COMPRESSION_CONNECTING pgs=0 cs=0 l=0 rev1=1 crypto rx=0x7f8b8000b660 tx=0x7f8b80006e20 comp rx=0 tx=0).read_frame_segment seg_idx=0 ,
2021-12-16T15:24:10.508+0000 7f8b8f7fe700 10 --2- 172.21.15.93:0/41370352 >> [v2:172.21.15.93:3301/0,v1:172.21.15.93:6790/0] conn(0x7f8b900a9330 0x7f8b900aa240 secure :-1 s=COMPRESSION_CONNECTING pgs=0 cs=0 l=0 rev1=1 crypto rx=0x7f8b8000b660 tx=0x7f8b80006e20 comp rx=0 tx=0).handle_read_frame_dispatch tag=22 ,
2021-12-16T15:24:10.508+0000 7f8b8f7fe700 10 --2- 172.21.15.93:0/41370352 >> [v2:172.21.15.93:3301/0,v1:172.21.15.93:6790/0] conn(0x7f8b900a9330 0x7f8b900aa240 secure :-1 s=COMPRESSION_CONNECTING pgs=0 cs=0 l=0 rev1=1 crypto rx=0x7f8b8000b660 tx=0x7f8b80006e20 comp rx=0 tx=0).handle_compression_done CompressionDoneFrame(is_compress=0, method=0)
2021-12-17T01:25:25.676 WARNING:scrape:Ignoring malparsed backtrace:
2021-12-16T15:24:10.508+0000 7f8b8f7fe700 5 --2- 172.21.15.93:0/41370352 >> [v2:172.21.15.93:3301/0,v1:172.21.15.93:6790/0] conn(0x7f8b900a9330 0x7f8b900aa240 secure :-1 s=READ_MESSAGE_COMPLETE pgs=440 cs=0 l=1 rev1=1 crypto rx=0x7f8b8000b660 tx=0x7f8b80006e20 comp rx=0 tx=0).handle_message received message m=0x7f8b800038a0 seq=3 from=mon.2 type=4 mon_map magic: 0 v1 ,
2021-12-16T15:24:10.508+0000 7f8b8f7fe700 20 -- 172.21.15.93:0/41370352 queue 0x7f8b800038a0 prio 196 ,
2021-12-16T15:24:10.508+0000 7f8b8f7fe700 20 --2- 172.21.15.93:0/41370352 >> [v2:172.21.15.93:3301/0,v1:172.21.15.93:6790/0] conn(0x7f8b900a9330 0x7f8b900aa240 secure :-1 s=READY pgs=440 cs=0 l=1 rev1=1 crypto rx=0x7f8b8000b660 tx=0x7f8b80006e20 comp rx=0 tx=0).read_frame
2021-12-17T01:25:25.676 WARNING:scrape:Ignoring malparsed backtrace:
2021-12-16T15:24:10.511+0000 7f8b95b0f700 15 --2- >> [v2:172.21.15.132:3300/0,v1:172.21.15.132:6789/0] conn(0x7f8b900a9330 0x7f8b900a14e0 unknown :-1 s=START_CONNECT pgs=0 cs=0 l=1 rev1=0 crypto rx=0 tx=0 comp rx=0 tx=0).send_message inline write is denied, reschedule m=0x7f8b900a4630 ,
2021-12-16T15:24:10.511+0000 7f8b95b0f700 1 -- --> [v2:172.21.15.93:3301/0,v1:172.21.15.93:6790/0] -- mon_getmap magic: 0 v1 -- 0x7f8b900a1a20 con 0x7f8b900a7e80 ,
2021-12-16T15:24:10.511+0000 7f8b8ffff700 20 Event(0x7f8b900b14f0 nevent=5000 time_id=4).create_file_event create event started fd=18 mask=1 original mask is 0
2021-12-17T01:25:25.677 WARNING:scrape:Ignoring malparsed backtrace:
2021-12-16T15:24:10.512+0000 7f8b8f7fe700 20 --2- 172.21.15.93:0/3476024429 >> [v2:172.21.15.93:3301/0,v1:172.21.15.93:6790/0] conn(0x7f8b900a7e80 0x7f8b900a22c0 unknown :-1 s=AUTH_CONNECTING pgs=0 cs=0 l=1 rev1=1 crypto rx=0 tx=0 comp rx=0 tx=0).read_frame_segment seg_idx=0 ,
2021-12-16T15:24:10.512+0000 7f8b8f7fe700 20 -- 172.21.15.93:0/3476024429 >> [v2:172.21.15.93:3301/0,v1:172.21.15.93:6790/0] conn(0x7f8b900a7e80 msgr2=0x7f8b900a22c0 unknown :-1 s=STATE_CONNECTION_ESTABLISHED l=1).read start len=17 ,
2021-12-16T15:24:10.512+0000 7f8b8effd700 20 -- 172.21.15.93:0/3476024429 >> [v2:172.21.15.132:3300/0,v1:172.21.15.132:6789/0] conn(0x7f8b900a9330 msgr2=0x7f8b900a14e0 unknown :-1 s=STATE_CONNECTION_ESTABLISHED l=1).process
2021-12-17T01:25:25.678 WARNING:scrape:Ignoring malparsed backtrace:
2021-12-16T15:24:10.512+0000 7f8b8effd700 15 authenticated_encrypt_update plaintext.length()=80 buffer.length()=80 ,
2021-12-16T15:24:10.512+0000 7f8b8effd700 15 authenticated_encrypt_final buffer.length()=96 final_len=0 ,
2021-12-16T15:24:10.512+0000 7f8b8effd700 15 authenticated_encrypt_update plaintext.length()=80 buffer.length()=80
2021-12-17T01:25:25.678 WARNING:scrape:Ignoring malparsed backtrace:
2021-12-16T15:24:10.513+0000 7f8b8effd700 20 -- 172.21.15.93:0/3476024429 queue 0x7f8b7c00d5a0 prio 196 ,
2021-12-16T15:24:10.513+0000 7f8b737fe700 1 -- 172.21.15.93:0/3476024429 <== mon.1 v2:172.21.15.132:3300/0 3 ==== mon_map magic: 0 v1 ==== 413+0+0 (secure 0 0 0) 0x7f8b7c00d5a0 con 0x7f8b900a9330 ,
2021-12-16T15:24:10.513+0000 7f8b8effd700 20 --2- 172.21.15.93:0/3476024429 >> [v2:172.21.15.132:3300/0,v1:172.21.15.132:6789/0] conn(0x7f8b900a9330 0x7f8b900a14e0 secure :-1 s=READY pgs=514 cs=0 l=1 rev1=1 crypto rx=0x7f8b7c0137a0 tx=0x7f8b7c011720 comp rx=0 tx=0).read_frame
2021-12-17T01:25:25.679 WARNING:scrape:Ignoring malparsed backtrace:
2021-12-16T15:24:10.515+0000 7f8b8f7fe700 10 NetHandler reconnect reconnect: 114 Operation already in progress ,
2021-12-16T15:24:10.515+0000 7f8b8f7fe700 10 -- 172.21.15.93:0/3476024429 >> v2:172.21.15.132:6800/32819 conn(0x7f8b78061ba0 msgr2=0x7f8b780640b0 unknown :-1 s=STATE_CONNECTING_RE l=1).process nonblock connect inprogress ,
2021-12-16T15:24:10.515+0000 7f8b8f7fe700 20 Event(0x7f8b900608a0 nevent=5000 time_id=5).create_file_event create event started fd=16 mask=2 original mask is 1
2021-12-17T01:25:25.680 WARNING:scrape:Ignoring malparsed backtrace:
2021-12-16T15:24:10.515+0000 7f8b8f7fe700 20 -- 172.21.15.93:0/3476024429 >> v2:172.21.15.132:6800/32819 conn(0x7f8b78061ba0 msgr2=0x7f8b780640b0 secure :-1 s=STATE_CONNECTION_ESTABLISHED l=1).read start len=96 ,
2021-12-16T15:24:10.518+0000 7f8b8effd700 20 -- 172.21.15.93:0/3476024429 >> [v2:172.21.15.132:3300/0,v1:172.21.15.132:6789/0] conn(0x7f8b900a9330 msgr2=0x7f8b900a14e0 secure :-1 s=STATE_CONNECTION_ESTABLISHED l=1).process ,
2021-12-16T15:24:10.518+0000 7f8b8effd700 20 -- 172.21.15.93:0/3476024429 >> [v2:172.21.15.132:3300/0,v1:172.21.15.132:6789/0] conn(0x7f8b900a9330 msgr2=0x7f8b900a14e0 secure :-1 s=STATE_CONNECTION_ESTABLISHED l=1).read continue len=96
2021-12-17T01:25:25.680 WARNING:scrape:Ignoring malparsed backtrace:
2021-12-16T15:24:10.682+0000 7f8b95b0f700 20 --1- 172.21.15.93:0/3476024429 >> 172.21.15.93:0/3476024429 conn(0x7f8b900b0310 0x7f8b900ad4d0 :-1 s=NONE pgs=0 cs=0 l=0).stop ,
2021-12-16T15:24:10.682+0000 7f8b95b0f700 2 --1- 172.21.15.93:0/3476024429 >> 172.21.15.93:0/3476024429 conn(0x7f8b900b0310 0x7f8b900ad4d0 :-1 s=NONE pgs=0 cs=0 l=0).stop ,
2021-12-16T15:24:10.682+0000 7f8b95b0f700 5 --1- 172.21.15.93:0/3476024429 >> 172.21.15.93:0/3476024429 conn(0x7f8b900b0310 0x7f8b900ad4d0 :-1 s=NONE pgs=0 cs=0 l=0).reset_recv_state
2021-12-17T01:25:25.681 WARNING:scrape:Ignoring malparsed backtrace:
2021-12-16T15:24:31.087+0000 7f97e1985700 20 --1- >> v1:172.21.15.93:6789/0 conn(0x7f97dc0a9e40 0x7f97dc06a640 :-1 s=START_CONNECT pgs=0 cs=0 l=0).read_event ,
2021-12-16T15:24:31.087+0000 7f97e2186700 20 EpollDriver.add_event add event fd=15 cur_mask=1 add_mask=2 to 4 ,
2021-12-16T15:24:31.087+0000 7f97e1184700 10 --1- >> v1:172.21.15.132:6789/0 conn(0x7f97dc06ad50 0x7f97dc134660 :-1 s=START_CONNECT pgs=0 cs=0 l=0).write_event
2021-12-17T01:25:25.682 WARNING:scrape:Ignoring malparsed backtrace:
2021-12-16T15:24:31.088+0000 7f97e1985700 10 -- 172.21.15.93:0/3516203649 >> v1:172.21.15.93:6789/0 conn(0x7f97dc0a9e40 legacy=0x7f97dc06a640 unknown :-1 s=STATE_CONNECTION_ESTABLISHED l=0)._try_send sent bytes 8 remaining bytes 0 ,
2021-12-16T15:24:31.088+0000 7f97e1184700 10 --1- 172.21.15.93:0/3516203649 >> v1:172.21.15.132:6789/0 conn(0x7f97dc06ad50 0x7f97dc134660 :-1 s=CONNECTING_SEND_CONNECT_MSG pgs=0 cs=0 l=0).handle_connect_reply_2 got CEPH_MSGR_TAG_SEQ, reading acked_seq and writing in_seq ,
2021-12-16T15:24:31.088+0000 7f97e1985700 20 --1- 172.21.15.93:0/3516203649 >> v1:172.21.15.93:6789/0 conn(0x7f97dc0a9e40 0x7f97dc06a640 :-1 s=CONNECTING_SEND_CONNECT_MSG pgs=0 cs=0 l=0).handle_in_seq_write r=0
2021-12-17T01:25:25.682 WARNING:scrape:Ignoring malparsed backtrace:
2021-12-16T15:24:31.088+0000 7f97e1184700 20 --1- 172.21.15.93:0/3516203649 >> v1:172.21.15.132:6789/0 conn(0x7f97dc06ad50 0x7f97dc134660 :-1 s=OPENED pgs=515 cs=1 l=1).handle_message process tag 7 ,
2021-12-16T15:24:31.088+0000 7f97e1985700 20 --1- 172.21.15.93:0/3516203649 >> v1:172.21.15.93:6789/0 conn(0x7f97dc0a9e40 0x7f97dc06a640 :-1 s=READ_MESSAGE_FRONT pgs=780 cs=1 l=1).handle_message_front r=0 ,
2021-12-16T15:24:31.088+0000 7f97e1184700 20 --1- 172.21.15.93:0/3516203649 >> v1:172.21.15.132:6789/0 conn(0x7f97dc06ad50 0x7f97dc134660 :-1 s=OPENED pgs=515 cs=1 l=1).handle_message begin MSG
2021-12-17T01:25:25.683 WARNING:scrape:Ignoring malparsed backtrace:
2021-12-16T15:24:31.088+0000 7f97e2186700 20 --2- 172.21.15.93:0/3516203649 >> v2:172.21.15.132:3300/0 conn(0x7f97dc0a85d0 0x7f97dc134d70 secure :-1 s=SESSION_CONNECTING pgs=0 cs=0 l=0 rev1=1 crypto rx=0x7f97d80077e0 tx=0x7f97d8007120 comp rx=0 tx=0).handle_read_frame_segment r=0 ,
2021-12-16T15:24:31.088+0000 7f97e2186700 10 --2- 172.21.15.93:0/3516203649 >> v2:172.21.15.132:3300/0 conn(0x7f97dc0a85d0 0x7f97dc134d70 secure :-1 s=SESSION_CONNECTING pgs=0 cs=0 l=0 rev1=1 crypto rx=0x7f97d80077e0 tx=0x7f97d8007120 comp rx=0 tx=0).handle_read_frame_dispatch tag=9 ,
2021-12-16T15:24:31.088+0000 7f97e2186700 20 --2- 172.21.15.93:0/3516203649 >> v2:172.21.15.132:3300/0 conn(0x7f97dc0a85d0 0x7f97dc134d70 secure :-1 s=SESSION_CONNECTING pgs=0 cs=0 l=0 rev1=1 crypto rx=0x7f97d80077e0 tx=0x7f97d8007120 comp rx=0 tx=0).handle_server_ident payload.length()=123
2021-12-17T01:25:25.684 WARNING:scrape:Ignoring malparsed backtrace:
2021-12-16T15:24:31.090+0000 7f97e3be9700 10 -- 172.21.15.93:0/3516203649 shutdown 172.21.15.93:0/3516203649 ,
2021-12-16T15:24:31.090+0000 7f97e3be9700 10 Processor -- stop ,
2021-12-16T15:24:31.090+0000 7f97e3be9700 20 Event(0x7f97dc0ae1a0 nevent=5000 time_id=3).wakeup
2021-12-17T01:25:25.684 WARNING:scrape:Ignoring malparsed backtrace:
2021-12-16T15:24:31.093+0000 7f97e2186700 10 -- >> [v2:172.21.15.132:3300/0,v1:172.21.15.132:6789/0] conn(0x7f97dc0a9e40 msgr2=0x7f97dc0a18b0 unknown :-1 s=STATE_CONNECTING_RE l=1).process connect successfully, ready to send banner ,
2021-12-16T15:24:31.093+0000 7f97e2186700 20 --2- >> [v2:172.21.15.132:3300/0,v1:172.21.15.132:6789/0] conn(0x7f97dc0a9e40 0x7f97dc0a18b0 unknown :-1 s=START_CONNECT pgs=0 cs=0 l=1 rev1=0 crypto rx=0 tx=0 comp rx=0 tx=0).read_event ,
2021-12-16T15:24:31.093+0000 7f97e2186700 20 --2- >> [v2:172.21.15.132:3300/0,v1:172.21.15.132:6789/0] conn(0x7f97dc0a9e40 0x7f97dc0a18b0 unknown :-1 s=START_CONNECT pgs=0 cs=0 l=1 rev1=0 crypto rx=0 tx=0 comp rx=0 tx=0).start_client_banner_exchange
2021-12-17T01:25:25.685 WARNING:scrape:Ignoring malparsed backtrace:
2021-12-16T15:24:31.094+0000 7f97e2186700 5 --2- 172.21.15.93:0/2230661409 >> [v2:172.21.15.132:3300/0,v1:172.21.15.132:6789/0] conn(0x7f97dc0a9e40 0x7f97dc0a18b0 unknown :-1 s=AUTH_CONNECTING pgs=0 cs=0 l=1 rev1=1 crypto rx=0 tx=0 comp rx=0 tx=0).handle_auth_reply_more auth reply more len=9 ,
2021-12-16T15:24:31.094+0000 7f97e1184700 10 --2- 172.21.15.93:0/2230661409 >> [v2:172.21.15.93:3301/0,v1:172.21.15.93:6790/0] conn(0x7f97dc0a85d0 0x7f97dc0a1370 unknown :-1 s=AUTH_CONNECTING pgs=0 cs=0 l=1 rev1=1 crypto rx=0 tx=0 comp rx=0 tx=0).handle_read_frame_dispatch tag=4 ,
2021-12-16T15:24:31.094+0000 7f97e1184700 20 --2- 172.21.15.93:0/2230661409 >> [v2:172.21.15.93:3301/0,v1:172.21.15.93:6790/0] conn(0x7f97dc0a85d0 0x7f97dc0a1370 unknown :-1 s=AUTH_CONNECTING pgs=0 cs=0 l=1 rev1=1 crypto rx=0 tx=0 comp rx=0 tx=0).handle_auth_reply_more payload.length()=13
2021-12-17T01:25:25.686 WARNING:scrape:Ignoring malparsed backtrace:
2021-12-16T15:24:31.094+0000 7f97e2186700 20 --2- 172.21.15.93:0/2230661409 >> [v2:172.21.15.132:3300/0,v1:172.21.15.132:6789/0] conn(0x7f97dc0a9e40 0x7f97dc0a18b0 secure :-1 s=SESSION_CONNECTING pgs=0 cs=0 l=1 rev1=1 crypto rx=0x7f97d8011000 tx=0x7f97d800f000 comp rx=0 tx=0).handle_server_ident payload.length()=123 ,
2021-12-16T15:24:31.094+0000 7f97e2186700 5 --2- 172.21.15.93:0/2230661409 >> [v2:172.21.15.132:3300/0,v1:172.21.15.132:6789/0] conn(0x7f97dc0a9e40 0x7f97dc0a18b0 secure :-1 s=SESSION_CONNECTING pgs=0 cs=0 l=1 rev1=1 crypto rx=0x7f97d8011000 tx=0x7f97d800f000 comp rx=0 tx=0).handle_server_ident received server identification: addrs=[v2:172.21.15.132:3300/0,v1:172.21.15.132:6789/0] gid=1 global_seq=517 features_supported=3f01cfbb7ffdffff features_required=c01020042040000 flags=1 cookie=0 ,
2021-12-16T15:24:31.094+0000 7f97e2186700 10 --2- 172.21.15.93:0/2230661409 >> [v2:172.21.15.132:3300/0,v1:172.21.15.132:6789/0] conn(0x7f97dc0a9e40 0x7f97dc0a18b0 secure :-1 s=SESSION_CONNECTING pgs=517 cs=0 l=1 rev1=1 crypto rx=0x7f97d8011000 tx=0x7f97d800f000 comp rx=0 tx=0).handle_server_ident connect success 0, lossy = 1, features 4540138303579357183
2021-12-17T01:25:25.686 WARNING:scrape:Ignoring malparsed backtrace:
2021-12-16T15:24:31.095+0000 7f97e2186700 15 authenticated_encrypt_final buffer.length()=80 final_len=0 ,
2021-12-16T15:24:31.095+0000 7f97e3be9700 1 -- 172.21.15.93:0/2230661409 --> [v2:172.21.15.132:3300/0,v1:172.21.15.132:6789/0] -- mon_subscribe({osdmap=0}) v3 -- 0x7f97dc0a2e00 con 0x7f97dc0a9e40 ,
2021-12-16T15:24:31.095+0000 7f97e3be9700 5 --2- 172.21.15.93:0/2230661409 >> [v2:172.21.15.132:3300/0,v1:172.21.15.132:6789/0] conn(0x7f97dc0a9e40 0x7f97dc0a18b0 secure :-1 s=READY pgs=517 cs=0 l=1 rev1=1 crypto rx=0x7f97d8011000 tx=0x7f97d800f000 comp rx=0 tx=0).send_message enqueueing message m=0x7f97dc0a2e00 type=15 mon_subscribe({osdmap=0}) v3
2021-12-17T01:25:25.687 WARNING:scrape:Ignoring malparsed backtrace:
2021-12-16T15:24:31.097+0000 7f97e1985700 20 --2- 172.21.15.93:0/2230661409 >> v2:172.21.15.132:6800/32819 conn(0x7f97bc061ba0 0x7f97bc0640b0 unknown :-1 s=START_CONNECT pgs=0 cs=0 l=1 rev1=0 crypto rx=0 tx=0 comp rx=0 tx=0).start_client_banner_exchange ,
2021-12-16T15:24:31.097+0000 7f97e1985700 20 --2- 172.21.15.93:0/2230661409 >> v2:172.21.15.132:6800/32819 conn(0x7f97bc061ba0 0x7f97bc0640b0 unknown :-1 s=BANNER_CONNECTING pgs=0 cs=0 l=1 rev1=0 crypto rx=0 tx=0 comp rx=0 tx=0)._banner_exchange ,
2021-12-16T15:24:31.097+0000 7f97e1985700 10 -- 172.21.15.93:0/2230661409 >> v2:172.21.15.132:6800/32819 conn(0x7f97bc061ba0 msgr2=0x7f97bc0640b0 unknown :-1 s=STATE_CONNECTION_ESTABLISHED l=1)._try_send sent bytes 26 remaining bytes 0
2021-12-17T01:25:25.688 WARNING:scrape:Ignoring malparsed backtrace:
2021-12-16T15:24:31.101+0000 7f97e2186700 20 --2- 172.21.15.93:0/2230661409 >> [v2:172.21.15.132:3300/0,v1:172.21.15.132:6789/0] conn(0x7f97dc0a9e40 0x7f97dc0a18b0 secure :-1 s=THROTTLE_DONE pgs=517 cs=0 l=1 rev1=1 crypto rx=0x7f97d8011000 tx=0x7f97d800f000 comp rx=0 tx=0).handle_read_frame_segment r=0 ,
2021-12-16T15:24:31.101+0000 7f97e2186700 20 --2- 172.21.15.93:0/2230661409 >> [v2:172.21.15.132:3300/0,v1:172.21.15.132:6789/0] conn(0x7f97dc0a9e40 0x7f97dc0a18b0 secure :-1 s=THROTTLE_DONE pgs=517 cs=0 l=1 rev1=1 crypto rx=0x7f97d8011000 tx=0x7f97d800f000 comp rx=0 tx=0).read_frame_segment seg_idx=2 ,
2021-12-16T15:24:31.101+0000 7f97e2186700 20 --2- 172.21.15.93:0/2230661409 >> [v2:172.21.15.132:3300/0,v1:172.21.15.132:6789/0] conn(0x7f97dc0a9e40 0x7f97dc0a18b0 secure :-1 s=THROTTLE_DONE pgs=517 cs=0 l=1 rev1=1 crypto rx=0x7f97d8011000 tx=0x7f97d800f000 comp rx=0 tx=0).read_frame_segment seg_idx=3
2021-12-17T01:25:25.689 WARNING:scrape:Ignoring malparsed backtrace:
2021-12-16T15:24:31.264+0000 7f97e3be9700 20 Event(0x7f97dc0ae1a0 nevent=5000 time_id=5).wakeup ,
2021-12-16T15:24:31.264+0000 7f97e3be9700 10 --1- 172.21.15.93:0/2230661409 >> 172.21.15.93:0/2230661409 conn(0x7f97dc064e30 0x7f97dc1345d0 :-1 s=NONE pgs=0 cs=0 l=0).discard_out_queue started ,
2021-12-16T15:24:31.264+0000 7f97e3be9700 20 Event(0x7f97dc0ae1a0 nevent=5000 time_id=5).wakeup
2021-12-17T01:25:25.689 WARNING:scrape:Ignoring malparsed backtrace:
2021-12-16T15:24:31.672+0000 7f00c77fe700 20 -- >> v2:172.21.15.132:3300/0 conn(0x7f00c8065340 msgr2=0x7f00c8065750 unknown :-1 s=STATE_CONNECTING_RE l=0).process ,
2021-12-16T15:24:31.672+0000 7f00cce4e700 20 Event(0x7f00c80ae1a0 nevent=5000 time_id=2).create_file_event create event end fd=15 mask=1 current mask is 1 ,
2021-12-16T15:24:31.672+0000 7f00c77fe700 20 EpollDriver.del_event del event fd=14 cur_mask=3 delmask=2 to 10
2021-12-17T01:25:25.690 WARNING:scrape:Ignoring malparsed backtrace:
2021-12-16T15:24:31.673+0000 7f00cce4e700 20 --2- 172.21.15.93:0/2445173395 >> v2:172.21.15.93:3300/0 conn(0x7f00c8135f90 0x7f00c81363a0 unknown :-1 s=AUTH_CONNECTING pgs=0 cs=0 l=0 rev1=1 crypto rx=0 tx=0 comp rx=0 tx=0).read_frame_segment seg_idx=0 ,
2021-12-16T15:24:31.673+0000 7f00c7fff700 10 -- 172.21.15.93:0/2445173395 >> v1:172.21.15.132:6789/0 conn(0x7f00c8064640 legacy=0x7f00c806a640 unknown :-1 s=STATE_CONNECTION_ESTABLISHED l=0)._try_send sent bytes 8 remaining bytes 0 ,
2021-12-16T15:24:31.673+0000 7f00c77fe700 20 --2- 172.21.15.93:0/2445173395 >> v2:172.21.15.132:3300/0 conn(0x7f00c8065340 0x7f00c8065750 unknown :-1 s=AUTH_CONNECTING pgs=0 cs=0 l=0 rev1=1 crypto rx=0 tx=0 comp rx=0 tx=0).handle_read_frame_preamble_main r=0
2021-12-17T01:25:25.691 WARNING:scrape:Ignoring malparsed backtrace:
2021-12-16T15:24:31.673+0000 7f00c77fe700 5 --1- 172.21.15.93:0/2445173395 >> v1:172.21.15.132:6789/0 conn(0x7f00c8064640 0x7f00c806a640 :-1 s=OPENED pgs=518 cs=1 l=1).reset_recv_state ,
2021-12-16T15:24:31.673+0000 7f00c77fe700 20 Event(0x7f00c8060910 nevent=5000 time_id=3).wakeup ,
2021-12-16T15:24:31.673+0000 7f00c77fe700 10 --1- 172.21.15.93:0/2445173395 >> v1:172.21.15.132:6789/0 conn(0x7f00c8064640 0x7f00c806a640 :-1 s=OPENED pgs=518 cs=1 l=1).discard_out_queue started
2021-12-17T01:25:25.691 WARNING:scrape:Ignoring malparsed backtrace:
2021-12-16T15:24:31.674+0000 7f00c6ffd700 1 -- 172.21.15.93:0/2445173395 <== mon.1 v2:172.21.15.132:3300/0 1 ==== mon_map magic: 0 v1 ==== 413+0+0 (secure 0 0 0) 0x7f00b802f580 con 0x7f00c8065340 ,
2021-12-16T15:24:31.674+0000 7f00c77fe700 20 -- 172.21.15.93:0/2445173395 >> [v2:172.21.15.132:3300/0,v1:172.21.15.132:6789/0] conn(0x7f00c8065340 msgr2=0x7f00c8065750 secure :-1 s=STATE_CONNECTION_ESTABLISHED l=1).read start len=96 ,
2021-12-16T15:24:31.674+0000 7f00c77fe700 20 --2- 172.21.15.93:0/2445173395 >> [v2:172.21.15.132:3300/0,v1:172.21.15.132:6789/0] conn(0x7f00c8065340 0x7f00c8065750 secure :-1 s=READY pgs=519 cs=0 l=1 rev1=1 crypto rx=0x7f00c8063ef0 tx=0x7f00b8006e20 comp rx=0 tx=0).handle_read_frame_preamble_main r=0
2021-12-17T01:25:25.692 WARNING:scrape:Ignoring malparsed backtrace:
2021-12-16T15:24:31.677+0000 7f00ce8b1700 10 -- create_connect 0x7f00c8064640 [v2:172.21.15.93:3301/0,v1:172.21.15.93:6790/0] [v2:172.21.15.93:3301/0,v1:172.21.15.93:6790/0] ,
2021-12-16T15:24:31.677+0000 7f00ce8b1700 10 -- connect_to [v2:172.21.15.93:3301/0,v1:172.21.15.93:6790/0] new 0x7f00c8064640 ,
2021-12-16T15:24:31.677+0000 7f00ce8b1700 10 -- create_connect [v2:172.21.15.132:3300/0,v1:172.21.15.132:6789/0], creating connection and registering
2021-12-17T01:25:25.693 WARNING:scrape:Ignoring malparsed backtrace:
2021-12-16T15:24:31.677+0000 7f00c7fff700 20 --2- 172.21.15.93:0/1470773503 >> [v2:172.21.15.93:3301/0,v1:172.21.15.93:6790/0] conn(0x7f00c8064640 0x7f00c80a3c50 unknown :-1 s=HELLO_CONNECTING pgs=0 cs=0 l=1 rev1=1 crypto rx=0 tx=0 comp rx=0 tx=0).post_client_banner_exchange ,
2021-12-16T15:24:31.677+0000 7f00c7fff700 20 --2- 172.21.15.93:0/1470773503 >> [v2:172.21.15.93:3301/0,v1:172.21.15.93:6790/0] conn(0x7f00c8064640 0x7f00c80a3c50 unknown :-1 s=AUTH_CONNECTING pgs=0 cs=0 l=1 rev1=1 crypto rx=0 tx=0 comp rx=0 tx=0).send_auth_request peer_type 1 auth_client 0x7f00c805d5e8 ,
2021-12-16T15:24:31.677+0000 7f00cce4e700 10 -- 172.21.15.93:0/1470773503 >> [v2:172.21.15.93:3300/0,v1:172.21.15.93:6789/0] conn(0x7f00c8135f90 msgr2=0x7f00c8077200 unknown :-1 s=STATE_CONNECTION_ESTABLISHED l=1)._try_send sent bytes 78 remaining bytes 0
2021-12-17T01:25:25.693 WARNING:scrape:Ignoring malparsed backtrace:
2021-12-16T15:24:31.678+0000 7f00c77fe700 20 -- 172.21.15.93:0/1470773503 >> [v2:172.21.15.132:3300/0,v1:172.21.15.132:6789/0] conn(0x7f00c8065340 msgr2=0x7f00c8076cc0 unknown :-1 s=STATE_CLOSED l=1).process ,
2021-12-16T15:24:31.678+0000 7f00c77fe700 20 -- 172.21.15.93:0/1470773503 >> [v2:172.21.15.132:3300/0,v1:172.21.15.132:6789/0] conn(0x7f00c8065340 msgr2=0x7f00c8076cc0 unknown :-1 s=STATE_CLOSED l=1).process socket closed ,
2021-12-16T15:24:31.678+0000 7f00cce4e700 20 -- 172.21.15.93:0/1470773503 >> [v2:172.21.15.93:3300/0,v1:172.21.15.93:6789/0] conn(0x7f00c8135f90 msgr2=0x7f00c8077200 secure :-1 s=STATE_CONNECTION_ESTABLISHED l=1).process
2021-12-17T01:25:25.694 WARNING:scrape:Ignoring malparsed backtrace:
2021-12-16T15:24:31.678+0000 7f00abfff700 20 -- 172.21.15.93:0/1470773503 done calling dispatch on 0x7f00bc00ca50 ,
2021-12-16T15:24:31.678+0000 7f00cce4e700 20 -- 172.21.15.93:0/1470773503 >> [v2:172.21.15.93:3300/0,v1:172.21.15.93:6789/0] conn(0x7f00c8135f90 msgr2=0x7f00c8077200 secure :-1 s=STATE_CONNECTION_ESTABLISHED l=1).read start len=96 ,
2021-12-16T15:24:31.678+0000 7f00abfff700 1 -- 172.21.15.93:0/1470773503 <== mon.0 v2:172.21.15.93:3300/0 3 ==== mon_map magic: 0 v1 ==== 413+0+0 (secure 0 0 0) 0x7f00bc00ce10 con 0x7f00c8135f90
2021-12-17T01:25:25.695 WARNING:scrape:Ignoring malparsed backtrace:
2021-12-16T15:24:31.680+0000 7f00c7fff700 20 EpollDriver.add_event add event fd=16 cur_mask=1 add_mask=2 to 7 ,
2021-12-16T15:24:31.680+0000 7f00c7fff700 20 Event(0x7f00c8060910 nevent=5000 time_id=5).create_file_event create event end fd=16 mask=2 current mask is 3 ,
2021-12-16T15:24:31.680+0000 7f00c7fff700 20 -- 172.21.15.93:0/1470773503 >> v2:172.21.15.132:6800/32819 conn(0x7f00b0061ba0 msgr2=0x7f00b00640b0 unknown :-1 s=STATE_CONNECTING_RE l=1).process
2021-12-17T01:25:25.695 WARNING:scrape:Ignoring malparsed backtrace:
2021-12-16T15:24:31.685+0000 7f00cce4e700 20 --2- 172.21.15.93:0/1470773503 >> [v2:172.21.15.93:3300/0,v1:172.21.15.93:6789/0] conn(0x7f00c8135f90 0x7f00c8077200 secure :-1 s=READY pgs=781 cs=0 l=1 rev1=1 crypto rx=0x7f00bc00fa70 tx=0x7f00bc0070f0 comp rx=0 tx=0).handle_read_frame_preamble_main r=0 ,
2021-12-16T15:24:31.685+0000 7f00cce4e700 20 --2- 172.21.15.93:0/1470773503 >> [v2:172.21.15.93:3300/0,v1:172.21.15.93:6789/0] conn(0x7f00c8135f90 0x7f00c8077200 secure :-1 s=THROTTLE_MESSAGE pgs=781 cs=0 l=1 rev1=1 crypto rx=0x7f00bc00fa70 tx=0x7f00bc0070f0 comp rx=0 tx=0).throttle_message ,
2021-12-16T15:24:31.685+0000 7f00cce4e700 20 --2- 172.21.15.93:0/1470773503 >> [v2:172.21.15.93:3300/0,v1:172.21.15.93:6789/0] conn(0x7f00c8135f90 0x7f00c8077200 secure :-1 s=THROTTLE_BYTES pgs=781 cs=0 l=1 rev1=1 crypto rx=0x7f00bc00fa70 tx=0x7f00bc0070f0 comp rx=0 tx=0).throttle_bytes
2021-12-17T01:25:25.696 WARNING:scrape:Ignoring malparsed backtrace:
2021-12-16T15:24:31.858+0000 7f00ce8b1700 10 -- 172.21.15.93:0/1470773503 shutdown 172.21.15.93:0/1470773503 ,
2021-12-16T15:24:31.858+0000 7f00ce8b1700 10 Processor -- stop ,
2021-12-16T15:24:31.858+0000 7f00ce8b1700 20 Event(0x7f00c80ae1a0 nevent=5000 time_id=4).wakeup
2021-12-17T01:25:25.697 WARNING:scrape:Ignoring malparsed backtrace:
2021-12-16T15:25:09.435 DEBUG:teuthology.orchestra.run.smithi093:> sync && sudo umount -f /var/lib/ceph/osd/ceph-1 ,
2021-12-16T15:25:09.529 INFO:tasks.ceph:Unmounting /var/lib/ceph/osd/ceph-2 on ubuntu@smithi093.front.sepia.ceph.com ,
2021-12-16T15:25:09.529 DEBUG:teuthology.orchestra.run.smithi093:> sync && sudo umount -f /var/lib/ceph/osd/ceph-2
2021-12-17T01:25:25.697 WARNING:scrape:Ignoring malparsed backtrace:
2021-12-16T15:25:38.128 DEBUG:teuthology.orchestra.run.smithi093:> egrep --binary-files=text '\bBUG\b|\bINFO\b|\bDEADLOCK\b' /home/ubuntu/cephtest/archive/syslog/kern.log | grep -v 'task .* blocked for more than .* seconds' | grep -v 'lockdep is turned off' | grep -v 'trying to register non-static key' | grep -v 'DEBUG: fsize' | grep -v CRON | grep -v 'BUG: bad unlock balance detected' | grep -v 'inconsistent lock state' | grep -v '*** DEADLOCK ***' | grep -v 'INFO: possible irq lock inversion dependency detected' | grep -v 'INFO: NMI handler (perf_event_nmi_handler) took too long to run' | grep -v 'INFO: recovery required on readonly' | grep -v 'ceph-create-keys: INFO' | grep -v INFO:ceph-create-keys | grep -v 'Loaded datasource DataSourceOpenStack' | grep -v 'container-storage-setup: INFO: Volume group backing root filesystem could not be determined' | egrep -v '\bsalt-master\b|\bsalt-minion\b|\bsalt-api\b' | grep -v ceph-crash | egrep -v '\btcmu-runner\b.*\bINFO\b' | head -n 1 ,
2021-12-16T15:25:38.185 DEBUG:teuthology.task.internal.syslog:Checking ubuntu@smithi132.front.sepia.ceph.com ,
